2026-05-15 22:37:26.185 8 INFO placement.requestlog [None req-1fcac7cd-c6a7-402e-88e9-3bc002eaa703 f3a4c6ccc7394995b91fac79a89f198a 985a462dc8c4450ea27e1a9da11c3521 - - fa85cdf13ec541959a66cb2b389dee11 fa85cdf13ec541959a66cb2b389dee11] 10.0.0.164 "GET /resource_providers/56fe6d0e-f55d-4f88-8155-61e3aeb1f72e/aggregates" status: 404 len: 235 microversion: 1.1 [pid: 8|app: 0|req: 435/866] 10.0.0.164 () {32 vars in 816 bytes} [Fri May 15 22:37:26 2026] GET /resource_providers/56fe6d0e-f55d-4f88-8155-61e3aeb1f72e/aggregates => generated 235 bytes in 9 msecs (HTTP/1.1 404) 5 headers in 202 bytes (1 switches on core 0)
2026-05-15 22:37:26.188 9 INFO placement.requestlog [None req-c5642a39-33c9-42f2-a5e2-afa914846c6b f3a4c6ccc7394995b91fac79a89f198a 985a462dc8c4450ea27e1a9da11c3521 - - fa85cdf13ec541959a66cb2b389dee11 fa85cdf13ec541959a66cb2b389dee11] 10.0.0.164 "GET /resource_providers/56fe6d0e-f55d-4f88-8155-61e3aeb1f72e/aggregates" status: 404 len: 235 microversion: 1.1 [pid: 9|app: 0|req: 432/867] 10.0.0.164 () {32 vars in 816 bytes} [Fri May 15 22:37:26 2026] GET /resource_providers/56fe6d0e-f55d-4f88-8155-61e3aeb1f72e/aggregates => generated 235 bytes in 11 msecs (HTTP/1.1 404) 5 headers in 202 bytes (1 switches on core 0)
2026-05-15 22:37:26.204 8 INFO placement.requestlog [None req-b6c43f94-4fdb-4ee5-8211-7b2391aae0f7 f3a4c6ccc7394995b91fac79a89f198a 985a462dc8c4450ea27e1a9da11c3521 - - fa85cdf13ec541959a66cb2b389dee11 fa85cdf13ec541959a66cb2b389dee11] 10.0.0.164 "DELETE /resource_providers/56fe6d0e-f55d-4f88-8155-61e3aeb1f72e" status: 404 len: 246 microversion: 1.1 [pid: 8|app: 0|req: 436/868] 10.0.0.164 () {34 vars in 816 bytes} [Fri May 15 22:37:26 2026] DELETE /resource_providers/56fe6d0e-f55d-4f88-8155-61e3aeb1f72e => generated 246 bytes in 7 msecs (HTTP/1.1 404) 6 headers in 231 bytes (1 switches on core 0)
2026-05-15 22:37:26.222 9 INFO placement.requestlog [None req-f80cc095-05af-482f-88c5-317ee64f7a9d f3a4c6ccc7394995b91fac79a89f198a 985a462dc8c4450ea27e1a9da11c3521 - - fa85cdf13ec541959a66cb2b389dee11 fa85cdf13ec541959a66cb2b389dee11] 10.0.0.164 "DELETE /resource_providers/56fe6d0e-f55d-4f88-8155-61e3aeb1f72e" status: 404 len: 246 microversion: 1.1 [pid: 9|app: 0|req: 433/869] 10.0.0.164 () {34 vars in 816 bytes} [Fri May 15 22:37:26 2026] DELETE /resource_providers/56fe6d0e-f55d-4f88-8155-61e3aeb1f72e => generated 246 bytes in 19 msecs (HTTP/1.1 404) 6 headers in 231 bytes (1 switches on core 0)
2026-05-15 22:37:28.221 8 INFO placement.requestlog [None req-e0e568a3-6436-48b5-9ece-cdc9c2268e05 f3a4c6ccc7394995b91fac79a89f198a 985a462dc8c4450ea27e1a9da11c3521 - - fa85cdf13ec541959a66cb2b389dee11 fa85cdf13ec541959a66cb2b389dee11] 10.0.0.164 "GET /resource_providers/ba5b7f75-2843-44ac-bd00-0f88e47e213f/aggregates" status: 404 len: 235 microversion: 1.1 [pid: 8|app: 0|req: 437/870] 10.0.0.164 () {32 vars in 816 bytes} [Fri May 15 22:37:28 2026] GET /resource_providers/ba5b7f75-2843-44ac-bd00-0f88e47e213f/aggregates => generated 235 bytes in 8 msecs (HTTP/1.1 404) 5 headers in 202 bytes (1 switches on core 0)
2026-05-15 22:37:28.244 9 INFO placement.requestlog [None req-c94cf7a8-64ac-4270-a1ec-111562008dbd f3a4c6ccc7394995b91fac79a89f198a 985a462dc8c4450ea27e1a9da11c3521 - - fa85cdf13ec541959a66cb2b389dee11 fa85cdf13ec541959a66cb2b389dee11] 10.0.0.164 "DELETE /resource_providers/ba5b7f75-2843-44ac-bd00-0f88e47e213f" status: 404 len: 246 microversion: 1.1 [pid: 9|app: 0|req: 434/871] 10.0.0.164 () {34 vars in 816 bytes} [Fri May 15 22:37:28 2026] DELETE /resource_providers/ba5b7f75-2843-44ac-bd00-0f88e47e213f => generated 246 bytes in 11 msecs (HTTP/1.1 404) 6 headers in 231 bytes (1 switches on core 0)
2026-05-15 22:37:28.248 8 INFO placement.requestlog [None req-a26cd3be-87e7-45d1-8a3e-ef8a72df2c18 f3a4c6ccc7394995b91fac79a89f198a 985a462dc8c4450ea27e1a9da11c3521 - - fa85cdf13ec541959a66cb2b389dee11 fa85cdf13ec541959a66cb2b389dee11] 10.0.0.164 "GET /resource_providers/ba5b7f75-2843-44ac-bd00-0f88e47e213f/aggregates" status: 404 len: 235 microversion: 1.1 [pid: 8|app: 0|req: 438/872] 10.0.0.164 () {32 vars in 816 bytes} [Fri May 15 22:37:28 2026] GET /resource_providers/ba5b7f75-2843-44ac-bd00-0f88e47e213f/aggregates => generated 235 bytes in 9 msecs (HTTP/1.1 404) 5 headers in 202 bytes (1 switches on core 0)
2026-05-15 22:37:28.272 8 INFO placement.requestlog [None req-c118ca78-7954-43c2-b476-2f6a18e6d57d f3a4c6ccc7394995b91fac79a89f198a 985a462dc8c4450ea27e1a9da11c3521 - - fa85cdf13ec541959a66cb2b389dee11 fa85cdf13ec541959a66cb2b389dee11] 10.0.0.164 "DELETE /resource_providers/ba5b7f75-2843-44ac-bd00-0f88e47e213f" status: 404 len: 246 microversion: 1.1 [pid: 8|app: 0|req: 439/873] 10.0.0.164 () {34 vars in 816 bytes} [Fri May 15 22:37:28 2026] DELETE /resource_providers/ba5b7f75-2843-44ac-bd00-0f88e47e213f => generated 246 bytes in 9 msecs (HTTP/1.1 404) 6 headers in 231 bytes (1 switches on core 0)
2026-05-15 22:37:28.274 9 INFO placement.requestlog [None req-182a96e8-2557-44b9-acfe-a827de6585ae f3a4c6ccc7394995b91fac79a89f198a 985a462dc8c4450ea27e1a9da11c3521 - - fa85cdf13ec541959a66cb2b389dee11 fa85cdf13ec541959a66cb2b389dee11] 10.0.0.164 "GET /resource_providers/52bf6f62-9d5f-4eb2-ac47-1a70918af011/aggregates" status: 404 len: 235 microversion: 1.1 [pid: 9|app: 0|req: 435/874] 10.0.0.164 () {32 vars in 816 bytes} [Fri May 15 22:37:28 2026] GET /resource_providers/52bf6f62-9d5f-4eb2-ac47-1a70918af011/aggregates => generated 235 bytes in 12 msecs (HTTP/1.1 404) 5 headers in 202 bytes (1 switches on core 0)
2026-05-15 22:37:28.299 8 INFO placement.requestlog [None req-8a868472-67e9-47c1-a089-5e9a4fe36e57 f3a4c6ccc7394995b91fac79a89f198a 985a462dc8c4450ea27e1a9da11c3521 - - fa85cdf13ec541959a66cb2b389dee11 fa85cdf13ec541959a66cb2b389dee11] 10.0.0.164 "GET /resource_providers/52bf6f62-9d5f-4eb2-ac47-1a70918af011/aggregates" status: 404 len: 235 microversion: 1.1 [pid: 8|app: 0|req: 440/875] 10.0.0.164 () {32 vars in 816 bytes} [Fri May 15 22:37:28 2026] GET /resource_providers/52bf6f62-9d5f-4eb2-ac47-1a70918af011/aggregates => generated 235 bytes in 14 msecs (HTTP/1.1 404) 5 headers in 202 bytes (1 switches on core 0)
2026-05-15 22:37:28.305 9 INFO placement.requestlog [None req-a11d359a-b298-4c30-a3c6-f4746d24a073 f3a4c6ccc7394995b91fac79a89f198a 985a462dc8c4450ea27e1a9da11c3521 - - fa85cdf13ec541959a66cb2b389dee11 fa85cdf13ec541959a66cb2b389dee11] 10.0.0.164 "DELETE /resource_providers/52bf6f62-9d5f-4eb2-ac47-1a70918af011" status: 404 len: 246 microversion: 1.1 [pid: 9|app: 0|req: 436/876] 10.0.0.164 () {34 vars in 816 bytes} [Fri May 15 22:37:28 2026] DELETE /resource_providers/52bf6f62-9d5f-4eb2-ac47-1a70918af011 => generated 246 bytes in 12 msecs (HTTP/1.1 404) 6 headers in 231 bytes (1 switches on core 0)
2026-05-15 22:37:28.320 8 INFO placement.requestlog [None req-dad35635-7baa-49b4-a3c9-e558957e5276 f3a4c6ccc7394995b91fac79a89f198a 985a462dc8c4450ea27e1a9da11c3521 - - fa85cdf13ec541959a66cb2b389dee11 fa85cdf13ec541959a66cb2b389dee11] 10.0.0.164 "DELETE /resource_providers/52bf6f62-9d5f-4eb2-ac47-1a70918af011" status: 404 len: 246 microversion: 1.1 [pid: 8|app: 0|req: 441/877] 10.0.0.164 () {34 vars in 816 bytes} [Fri May 15 22:37:28 2026] DELETE /resource_providers/52bf6f62-9d5f-4eb2-ac47-1a70918af011 => generated 246 bytes in 11 msecs (HTTP/1.1 404) 6 headers in 231 bytes (1 switches on core 0)
2026-05-15 22:37:28.767 8 INFO placement.requestlog [None req-292d67ca-4ae8-4506-a637-5aca0ecf47c4 f3a4c6ccc7394995b91fac79a89f198a 985a462dc8c4450ea27e1a9da11c3521 - - fa85cdf13ec541959a66cb2b389dee11 fa85cdf13ec541959a66cb2b389dee11] 10.0.0.164 "GET /resource_providers/16fe4039-cc95-46b4-9dad-4adb01973c24/aggregates" status: 404 len: 235 microversion: 1.1 [pid: 8|app: 0|req: 442/878] 10.0.0.164 () {32 vars in 816 bytes} [Fri May 15 22:37:28 2026] GET /resource_providers/16fe4039-cc95-46b4-9dad-4adb01973c24/aggregates => generated 235 bytes in 10 msecs (HTTP/1.1 404) 5 headers in 202 bytes (1 switches on core 0)
2026-05-15 22:37:28.769 9 INFO placement.requestlog [None req-271f2d83-c5be-44e4-a847-fa631c19d155 f3a4c6ccc7394995b91fac79a89f198a 985a462dc8c4450ea27e1a9da11c3521 - - fa85cdf13ec541959a66cb2b389dee11 fa85cdf13ec541959a66cb2b389dee11] 10.0.0.164 "GET /resource_providers/16fe4039-cc95-46b4-9dad-4adb01973c24/aggregates" status: 404 len: 235 microversion: 1.1 [pid: 9|app: 0|req: 437/879] 10.0.0.164 () {32 vars in 816 bytes} [Fri May 15 22:37:28 2026] GET /resource_providers/16fe4039-cc95-46b4-9dad-4adb01973c24/aggregates => generated 235 bytes in 13 msecs (HTTP/1.1 404) 5 headers in 202 bytes (1 switches on core 0)
2026-05-15 22:37:28.797 9 INFO placement.requestlog [None req-f172118c-40ed-4b43-a30c-774646e66ee7 f3a4c6ccc7394995b91fac79a89f198a 985a462dc8c4450ea27e1a9da11c3521 - - fa85cdf13ec541959a66cb2b389dee11 fa85cdf13ec541959a66cb2b389dee11] 10.0.0.164 "DELETE /resource_providers/16fe4039-cc95-46b4-9dad-4adb01973c24" status: 404 len: 246 microversion: 1.1 [pid: 9|app: 0|req: 438/880] 10.0.0.164 () {34 vars in 816 bytes} [Fri May 15 22:37:28 2026] DELETE /resource_providers/16fe4039-cc95-46b4-9dad-4adb01973c24 => generated 246 bytes in 10 msecs (HTTP/1.1 404) 6 headers in 231 bytes (1 switches on core 0)
2026-05-15 22:37:28.798 8 INFO placement.requestlog [None req-a9e3a4b1-c3c8-4ec2-aaf7-2217fa491781 f3a4c6ccc7394995b91fac79a89f198a 985a462dc8c4450ea27e1a9da11c3521 - - fa85cdf13ec541959a66cb2b389dee11 fa85cdf13ec541959a66cb2b389dee11] 10.0.0.164 "DELETE /resource_providers/16fe4039-cc95-46b4-9dad-4adb01973c24" status: 404 len: 246 microversion: 1.1 [pid: 8|app: 0|req: 443/881] 10.0.0.164 () {34 vars in 816 bytes} [Fri May 15 22:37:28 2026] DELETE /resource_providers/16fe4039-cc95-46b4-9dad-4adb01973c24 => generated 246 bytes in 11 msecs (HTTP/1.1 404) 6 headers in 231 bytes (1 switches on core 0)
2026-05-15 22:37:30.331 9 INFO placement.requestlog [None req-d3e82c09-605f-4e28-9d26-f4f572a84933 f3a4c6ccc7394995b91fac79a89f198a 985a462dc8c4450ea27e1a9da11c3521 - - fa85cdf13ec541959a66cb2b389dee11 fa85cdf13ec541959a66cb2b389dee11] 10.0.0.164 "GET /resource_providers/d530a1fb-466a-4dd6-a5cf-ffac2799485f/aggregates" status: 404 len: 235 microversion: 1.1 [pid: 9|app: 0|req: 439/882] 10.0.0.164 () {32 vars in 816 bytes} [Fri May 15 22:37:30 2026] GET /resource_providers/d530a1fb-466a-4dd6-a5cf-ffac2799485f/aggregates => generated 235 bytes in 10 msecs (HTTP/1.1 404) 5 headers in 202 bytes (1 switches on core 0)
2026-05-15 22:37:30.361 8 INFO placement.requestlog [None req-45c2ced3-fab7-488e-8ac1-62340d8f55ec f3a4c6ccc7394995b91fac79a89f198a 985a462dc8c4450ea27e1a9da11c3521 - - fa85cdf13ec541959a66cb2b389dee11 fa85cdf13ec541959a66cb2b389dee11] 10.0.0.164 "GET /resource_providers/d530a1fb-466a-4dd6-a5cf-ffac2799485f/aggregates" status: 404 len: 235 microversion: 1.1 [pid: 8|app: 0|req: 444/883] 10.0.0.164 () {32 vars in 816 bytes} [Fri May 15 22:37:30 2026] GET /resource_providers/d530a1fb-466a-4dd6-a5cf-ffac2799485f/aggregates => generated 235 bytes in 29 msecs (HTTP/1.1 404) 5 headers in 202 bytes (1 switches on core 0)
2026-05-15 22:37:30.375 9 INFO placement.requestlog [None req-79ec6a1d-bade-457b-8b18-babbcc43ea9d f3a4c6ccc7394995b91fac79a89f198a 985a462dc8c4450ea27e1a9da11c3521 - - fa85cdf13ec541959a66cb2b389dee11 fa85cdf13ec541959a66cb2b389dee11] 10.0.0.164 "DELETE /resource_providers/d530a1fb-466a-4dd6-a5cf-ffac2799485f" status: 404 len: 246 microversion: 1.1 [pid: 9|app: 0|req: 440/884] 10.0.0.164 () {34 vars in 816 bytes} [Fri May 15 22:37:30 2026] DELETE /resource_providers/d530a1fb-466a-4dd6-a5cf-ffac2799485f => generated 246 bytes in 20 msecs (HTTP/1.1 404) 6 headers in 231 bytes (1 switches on core 0)
2026-05-15 22:37:30.410 8 INFO placement.requestlog [None req-66e6ac91-b0a2-4e56-b2f9-5fd49b64fbc0 f3a4c6ccc7394995b91fac79a89f198a 985a462dc8c4450ea27e1a9da11c3521 - - fa85cdf13ec541959a66cb2b389dee11 fa85cdf13ec541959a66cb2b389dee11] 10.0.0.164 "DELETE /resource_providers/d530a1fb-466a-4dd6-a5cf-ffac2799485f" status: 404 len: 246 microversion: 1.1 [pid: 8|app: 0|req: 445/885] 10.0.0.164 () {34 vars in 816 bytes} [Fri May 15 22:37:30 2026] DELETE /resource_providers/d530a1fb-466a-4dd6-a5cf-ffac2799485f => generated 246 bytes in 32 msecs (HTTP/1.1 404) 6 headers in 231 bytes (1 switches on core 0)
2026-05-15 22:37:32.126 9 INFO placement.requestlog [None req-0b340107-6b2f-4d77-aebb-e348d44386ec f3a4c6ccc7394995b91fac79a89f198a 985a462dc8c4450ea27e1a9da11c3521 - - fa85cdf13ec541959a66cb2b389dee11 fa85cdf13ec541959a66cb2b389dee11] 10.0.0.164 "GET /resource_providers/04a881de-18c8-492b-91a5-d4e8cbb088e0/aggregates" status: 404 len: 235 microversion: 1.1 [pid: 9|app: 0|req: 441/886] 10.0.0.164 () {32 vars in 816 bytes} [Fri May 15 22:37:32 2026] GET /resource_providers/04a881de-18c8-492b-91a5-d4e8cbb088e0/aggregates => generated 235 bytes in 9 msecs (HTTP/1.1 404) 5 headers in 202 bytes (1 switches on core 0)
2026-05-15 22:37:32.130 8 INFO placement.requestlog [None req-ae1995d9-fad7-4b49-95ef-84fca4e0b308 f3a4c6ccc7394995b91fac79a89f198a 985a462dc8c4450ea27e1a9da11c3521 - - fa85cdf13ec541959a66cb2b389dee11 fa85cdf13ec541959a66cb2b389dee11] 10.0.0.164 "GET /resource_providers/04a881de-18c8-492b-91a5-d4e8cbb088e0/aggregates" status: 404 len: 235 microversion: 1.1 [pid: 8|app: 0|req: 446/887] 10.0.0.164 () {32 vars in 816 bytes} [Fri May 15 22:37:32 2026] GET /resource_providers/04a881de-18c8-492b-91a5-d4e8cbb088e0/aggregates => generated 235 bytes in 9 msecs (HTTP/1.1 404) 5 headers in 202 bytes (1 switches on core 0)
2026-05-15 22:37:32.157 8 INFO placement.requestlog [None req-92a92077-19a2-476a-981f-3779c80b4c3f f3a4c6ccc7394995b91fac79a89f198a 985a462dc8c4450ea27e1a9da11c3521 - - fa85cdf13ec541959a66cb2b389dee11 fa85cdf13ec541959a66cb2b389dee11] 10.0.0.164 "DELETE /resource_providers/04a881de-18c8-492b-91a5-d4e8cbb088e0" status: 404 len: 246 microversion: 1.1 [pid: 8|app: 0|req: 447/888] 10.0.0.164 () {34 vars in 816 bytes} [Fri May 15 22:37:32 2026] DELETE /resource_providers/04a881de-18c8-492b-91a5-d4e8cbb088e0 => generated 246 bytes in 13 msecs (HTTP/1.1 404) 6 headers in 231 bytes (1 switches on core 0)
2026-05-15 22:37:32.160 9 INFO placement.requestlog [None req-2a430187-0f25-490b-925e-51af24411a1a f3a4c6ccc7394995b91fac79a89f198a 985a462dc8c4450ea27e1a9da11c3521 - - fa85cdf13ec541959a66cb2b389dee11 fa85cdf13ec541959a66cb2b389dee11] 10.0.0.164 "DELETE /resource_providers/04a881de-18c8-492b-91a5-d4e8cbb088e0" status: 404 len: 246 microversion: 1.1 [pid: 9|app: 0|req: 442/889] 10.0.0.164 () {34 vars in 816 bytes} [Fri May 15 22:37:32 2026] DELETE /resource_providers/04a881de-18c8-492b-91a5-d4e8cbb088e0 => generated 246 bytes in 18 msecs (HTTP/1.1 404) 6 headers in 231 bytes (1 switches on core 0)
2026-05-15 22:37:34.191 8 INFO placement.requestlog [None req-cbcd40ad-c3f8-4a1b-8227-a926186275c3 f3a4c6ccc7394995b91fac79a89f198a 985a462dc8c4450ea27e1a9da11c3521 - - fa85cdf13ec541959a66cb2b389dee11 fa85cdf13ec541959a66cb2b389dee11] 10.0.0.164 "GET /resource_providers/018d1e86-b62c-448f-958f-f29f2019960a/aggregates" status: 404 len: 235 microversion: 1.1 [pid: 8|app: 0|req: 448/890] 10.0.0.164 () {32 vars in 816 bytes} [Fri May 15 22:37:34 2026] GET /resource_providers/018d1e86-b62c-448f-958f-f29f2019960a/aggregates => generated 235 bytes in 9 msecs (HTTP/1.1 404) 5 headers in 202 bytes (1 switches on core 0)
2026-05-15 22:37:34.200 9 INFO placement.requestlog [None req-889298b0-4821-46a5-8e0a-b3d48099f03c f3a4c6ccc7394995b91fac79a89f198a 985a462dc8c4450ea27e1a9da11c3521 - - fa85cdf13ec541959a66cb2b389dee11 fa85cdf13ec541959a66cb2b389dee11] 10.0.0.164 "GET /resource_providers/018d1e86-b62c-448f-958f-f29f2019960a/aggregates" status: 404 len: 235 microversion: 1.1 [pid: 9|app: 0|req: 443/891] 10.0.0.164 () {32 vars in 816 bytes} [Fri May 15 22:37:34 2026] GET /resource_providers/018d1e86-b62c-448f-958f-f29f2019960a/aggregates => generated 235 bytes in 11 msecs (HTTP/1.1 404) 5 headers in 202 bytes (1 switches on core 0)
2026-05-15 22:37:34.215 8 INFO placement.requestlog [None req-a7edbc26-64b9-440c-b4f9-45107363f1bd f3a4c6ccc7394995b91fac79a89f198a 985a462dc8c4450ea27e1a9da11c3521 - - fa85cdf13ec541959a66cb2b389dee11 fa85cdf13ec541959a66cb2b389dee11] 10.0.0.164 "DELETE /resource_providers/018d1e86-b62c-448f-958f-f29f2019960a" status: 404 len: 246 microversion: 1.1 [pid: 8|app: 0|req: 449/892] 10.0.0.164 () {34 vars in 816 bytes} [Fri May 15 22:37:34 2026] DELETE /resource_providers/018d1e86-b62c-448f-958f-f29f2019960a => generated 246 bytes in 16 msecs (HTTP/1.1 404) 6 headers in 231 bytes (1 switches on core 0)
2026-05-15 22:37:34.238 9 INFO placement.requestlog [None req-b05af391-63fa-4a32-9c60-f7ea5edeba83 f3a4c6ccc7394995b91fac79a89f198a 985a462dc8c4450ea27e1a9da11c3521 - - fa85cdf13ec541959a66cb2b389dee11 fa85cdf13ec541959a66cb2b389dee11] 10.0.0.164 "DELETE /resource_providers/018d1e86-b62c-448f-958f-f29f2019960a" status: 404 len: 246 microversion: 1.1 [pid: 9|app: 0|req: 444/893] 10.0.0.164 () {34 vars in 816 bytes} [Fri May 15 22:37:34 2026] DELETE /resource_providers/018d1e86-b62c-448f-958f-f29f2019960a => generated 246 bytes in 10 msecs (HTTP/1.1 404) 6 headers in 231 bytes (1 switches on core 0)
2026-05-15 22:37:34.241 8 INFO placement.requestlog [None req-f441335c-870e-4169-8443-8ba8754e46bc f3a4c6ccc7394995b91fac79a89f198a 985a462dc8c4450ea27e1a9da11c3521 - - fa85cdf13ec541959a66cb2b389dee11 fa85cdf13ec541959a66cb2b389dee11] 10.0.0.164 "GET /resource_providers/7dd961d6-def0-498a-917c-a40ae3ecd818/aggregates" status: 404 len: 235 microversion: 1.1 [pid: 8|app: 0|req: 450/894] 10.0.0.164 () {32 vars in 816 bytes} [Fri May 15 22:37:34 2026] GET /resource_providers/7dd961d6-def0-498a-917c-a40ae3ecd818/aggregates => generated 235 bytes in 12 msecs (HTTP/1.1 404) 5 headers in 202 bytes (1 switches on core 0)
2026-05-15 22:37:34.264 8 INFO placement.requestlog [None req-b1d4106e-7412-492d-b5eb-5b6b9d222701 f3a4c6ccc7394995b91fac79a89f198a 985a462dc8c4450ea27e1a9da11c3521 - - fa85cdf13ec541959a66cb2b389dee11 fa85cdf13ec541959a66cb2b389dee11] 10.0.0.164 "GET /resource_providers/7dd961d6-def0-498a-917c-a40ae3ecd818/aggregates" status: 404 len: 235 microversion: 1.1 [pid: 8|app: 0|req: 451/895] 10.0.0.164 () {32 vars in 816 bytes} [Fri May 15 22:37:34 2026] GET /resource_providers/7dd961d6-def0-498a-917c-a40ae3ecd818/aggregates => generated 235 bytes in 9 msecs (HTTP/1.1 404) 5 headers in 202 bytes (1 switches on core 0)
2026-05-15 22:37:34.266 9 INFO placement.requestlog [None req-32880b39-a7c9-42e1-9426-55ad1e4ccd1b f3a4c6ccc7394995b91fac79a89f198a 985a462dc8c4450ea27e1a9da11c3521 - - fa85cdf13ec541959a66cb2b389dee11 fa85cdf13ec541959a66cb2b389dee11] 10.0.0.164 "DELETE /resource_providers/7dd961d6-def0-498a-917c-a40ae3ecd818" status: 404 len: 246 microversion: 1.1 [pid: 9|app: 0|req: 445/896] 10.0.0.164 () {34 vars in 816 bytes} [Fri May 15 22:37:34 2026] DELETE /resource_providers/7dd961d6-def0-498a-917c-a40ae3ecd818 => generated 246 bytes in 11 msecs (HTTP/1.1 404) 6 headers in 231 bytes (1 switches on core 0)
2026-05-15 22:37:34.288 8 INFO placement.requestlog [None req-1f2b42b3-8f86-42e4-b07d-afed02631c41 f3a4c6ccc7394995b91fac79a89f198a 985a462dc8c4450ea27e1a9da11c3521 - - fa85cdf13ec541959a66cb2b389dee11 fa85cdf13ec541959a66cb2b389dee11] 10.0.0.164 "GET /resource_providers/eb3128c9-4596-4631-87b0-bf26518542c0/aggregates" status: 404 len: 235 microversion: 1.1 [pid: 8|app: 0|req: 452/897] 10.0.0.164 () {32 vars in 816 bytes} [Fri May 15 22:37:34 2026] GET /resource_providers/eb3128c9-4596-4631-87b0-bf26518542c0/aggregates => generated 235 bytes in 9 msecs (HTTP/1.1 404) 5 headers in 202 bytes (1 switches on core 0)
2026-05-15 22:37:34.295 9 INFO placement.requestlog [None req-105b8846-644b-4511-a498-da47e5e3b01f f3a4c6ccc7394995b91fac79a89f198a 985a462dc8c4450ea27e1a9da11c3521 - - fa85cdf13ec541959a66cb2b389dee11 fa85cdf13ec541959a66cb2b389dee11] 10.0.0.164 "DELETE /resource_providers/7dd961d6-def0-498a-917c-a40ae3ecd818" status: 404 len: 246 microversion: 1.1 [pid: 9|app: 0|req: 446/898] 10.0.0.164 () {34 vars in 816 bytes} [Fri May 15 22:37:34 2026] DELETE /resource_providers/7dd961d6-def0-498a-917c-a40ae3ecd818 => generated 246 bytes in 12 msecs (HTTP/1.1 404) 6 headers in 231 bytes (1 switches on core 0)
2026-05-15 22:37:34.313 8 INFO placement.requestlog [None req-4035c847-7363-4447-bc82-d713f6eca9ce f3a4c6ccc7394995b91fac79a89f198a 985a462dc8c4450ea27e1a9da11c3521 - - fa85cdf13ec541959a66cb2b389dee11 fa85cdf13ec541959a66cb2b389dee11] 10.0.0.164 "DELETE /resource_providers/eb3128c9-4596-4631-87b0-bf26518542c0" status: 404 len: 246 microversion: 1.1 [pid: 8|app: 0|req: 453/899] 10.0.0.164 () {34 vars in 816 bytes} [Fri May 15 22:37:34 2026] DELETE /resource_providers/eb3128c9-4596-4631-87b0-bf26518542c0 => generated 246 bytes in 11 msecs (HTTP/1.1 404) 6 headers in 231 bytes (1 switches on core 0)
2026-05-15 22:37:34.314 8 INFO placement.requestlog [None req-f13a6604-1b9b-4677-b42e-93ca53c1af00 - - - - - -] 10.0.0.183 "GET /" status: 200 len: 136 microversion: 1.0
2026-05-15 22:37:34.315 8 INFO placement.requestlog [None req-ba951ed6-f31d-4724-a692-0ae1436bb4df - - - - - -] 10.0.0.183 "GET /" status: 200 len: 136 microversion: 1.0
2026-05-15 22:37:34.323 9 INFO placement.requestlog [None req-bdd153d6-6744-47a5-855b-6dc38b6b8d32 f3a4c6ccc7394995b91fac79a89f198a 985a462dc8c4450ea27e1a9da11c3521 - - fa85cdf13ec541959a66cb2b389dee11 fa85cdf13ec541959a66cb2b389dee11] 10.0.0.164 "GET /resource_providers/eb3128c9-4596-4631-87b0-bf26518542c0/aggregates" status: 404 len: 235 microversion: 1.1 [pid: 9|app: 0|req: 447/902] 10.0.0.164 () {32 vars in 816 bytes} [Fri May 15 22:37:34 2026] GET /resource_providers/eb3128c9-4596-4631-87b0-bf26518542c0/aggregates => generated 235 bytes in 12 msecs (HTTP/1.1 404) 5 headers in 202 bytes (1 switches on core 0)
2026-05-15 22:37:34.341 8 INFO placement.requestlog [None req-deade22e-c399-4b7a-bf3c-002b58308ab9 f3a4c6ccc7394995b91fac79a89f198a 985a462dc8c4450ea27e1a9da11c3521 - - fa85cdf13ec541959a66cb2b389dee11 fa85cdf13ec541959a66cb2b389dee11] 10.0.0.164 "GET /resource_providers/36da913e-b431-44d9-9177-64627396c9fe/aggregates" status: 404 len: 235 microversion: 1.1 [pid: 8|app: 0|req: 456/903] 10.0.0.164 () {32 vars in 816 bytes} [Fri May 15 22:37:34 2026] GET /resource_providers/36da913e-b431-44d9-9177-64627396c9fe/aggregates => generated 235 bytes in 10 msecs (HTTP/1.1 404) 5 headers in 202 bytes (1 switches on core 0)
2026-05-15 22:37:34.350 9 INFO placement.requestlog [None req-7adc64d1-a59e-4b6d-a1a5-5b8086360e37 f3a4c6ccc7394995b91fac79a89f198a 985a462dc8c4450ea27e1a9da11c3521 - - fa85cdf13ec541959a66cb2b389dee11 fa85cdf13ec541959a66cb2b389dee11] 10.0.0.164 "DELETE /resource_providers/eb3128c9-4596-4631-87b0-bf26518542c0" status: 404 len: 246 microversion: 1.1 [pid: 9|app: 0|req: 448/904] 10.0.0.164 () {34 vars in 816 bytes} [Fri May 15 22:37:34 2026] DELETE /resource_providers/eb3128c9-4596-4631-87b0-bf26518542c0 => generated 246 bytes in 9 msecs (HTTP/1.1 404) 6 headers in 231 bytes (1 switches on core 0)
2026-05-15 22:37:34.375 8 INFO placement.requestlog [None req-83297252-1ca6-4a12-96c1-8a924bf78866 f3a4c6ccc7394995b91fac79a89f198a 985a462dc8c4450ea27e1a9da11c3521 - - fa85cdf13ec541959a66cb2b389dee11 fa85cdf13ec541959a66cb2b389dee11] 10.0.0.164 "DELETE /resource_providers/36da913e-b431-44d9-9177-64627396c9fe" status: 404 len: 246 microversion: 1.1
2026-05-15 22:37:34.376 9 INFO placement.requestlog [None req-d44c81b5-0270-4a07-b75f-a384d20045f8 f3a4c6ccc7394995b91fac79a89f198a 985a462dc8c4450ea27e1a9da11c3521 - - fa85cdf13ec541959a66cb2b389dee11 fa85cdf13ec541959a66cb2b389dee11] 10.0.0.164 "GET /resource_providers/36da913e-b431-44d9-9177-64627396c9fe/aggregates" status: 404 len: 235 microversion: 1.1 [pid: 8|app: 0|req: 457/905] 10.0.0.164 () {34 vars in 816 bytes} [Fri May 15 22:37:34 2026] DELETE /resource_providers/36da913e-b431-44d9-9177-64627396c9fe => generated 246 bytes in 15 msecs (HTTP/1.1 404) 6 headers in 231 bytes (1 switches on core 0) [pid: 9|app: 0|req: 449/906] 10.0.0.164 () {32 vars in 816 bytes} [Fri May 15 22:37:34 2026] GET /resource_providers/36da913e-b431-44d9-9177-64627396c9fe/aggregates => generated 235 bytes in 14 msecs (HTTP/1.1 404) 5 headers in 202 bytes (1 switches on core 0)
2026-05-15 22:37:34.405 8 INFO placement.requestlog [None req-a7337761-9878-4253-a208-1297373522fd f3a4c6ccc7394995b91fac79a89f198a 985a462dc8c4450ea27e1a9da11c3521 - - fa85cdf13ec541959a66cb2b389dee11 fa85cdf13ec541959a66cb2b389dee11] 10.0.0.164 "DELETE /resource_providers/36da913e-b431-44d9-9177-64627396c9fe" status: 404 len: 246 microversion: 1.1 [pid: 8|app: 0|req: 458/907] 10.0.0.164 () {34 vars in 816 bytes} [Fri May 15 22:37:34 2026] DELETE /resource_providers/36da913e-b431-44d9-9177-64627396c9fe => generated 246 bytes in 16 msecs (HTTP/1.1 404) 6 headers in 231 bytes (1 switches on core 0)
2026-05-15 22:37:41.484 9 INFO placement.requestlog [req-8ccc4faa-5dbc-45ea-90ec-bfd8c2417ba5 req-ed1b1b80-b1e6-4d67-a343-c4ab1fce0ca6 285a26950fe749b0a4fbfecb38972c68 985a462dc8c4450ea27e1a9da11c3521 - - fa85cdf13ec541959a66cb2b389dee11 fa85cdf13ec541959a66cb2b389dee11] 199.204.45.72 "GET /resource_providers/82540430-8992-4a23-b83a-9c4158a7bd75/allocations" status: 200 len: 253 microversion: 1.0 [pid: 9|app: 0|req: 450/908] 199.204.45.72 () {32 vars in 856 bytes} [Fri May 15 22:37:41 2026] GET /resource_providers/82540430-8992-4a23-b83a-9c4158a7bd75/allocations => generated 253 bytes in 15 msecs (HTTP/1.1 200) 6 headers in 224 bytes (1 switches on core 0)
2026-05-15 22:37:41.511 8 INFO placement.requestlog [req-8ccc4faa-5dbc-45ea-90ec-bfd8c2417ba5 req-d473a781-f2b1-41c2-83f9-f25a322a17ae 285a26950fe749b0a4fbfecb38972c68 985a462dc8c4450ea27e1a9da11c3521 - - fa85cdf13ec541959a66cb2b389dee11 fa85cdf13ec541959a66cb2b389dee11] 199.204.45.72 "GET /allocations/4adff4ed-112e-4029-a33e-fc08a7e335ce" status: 200 len: 258 microversion: 1.28 [pid: 8|app: 0|req: 459/909] 199.204.45.72 () {34 vars in 862 bytes} [Fri May 15 22:37:41 2026] GET /allocations/4adff4ed-112e-4029-a33e-fc08a7e335ce => generated 258 bytes in 16 msecs (HTTP/1.1 200) 8 headers in 296 bytes (1 switches on core 0)
2026-05-15 22:37:41.530 9 INFO placement.requestlog [req-8ccc4faa-5dbc-45ea-90ec-bfd8c2417ba5 req-1a3f00e2-8e4b-4fdb-abd2-05bcb6170f21 285a26950fe749b0a4fbfecb38972c68 985a462dc8c4450ea27e1a9da11c3521 - - fa85cdf13ec541959a66cb2b389dee11 fa85cdf13ec541959a66cb2b389dee11] 199.204.45.72 "GET /allocations/7e2a690d-89ce-4b5f-a0ba-02e2ff11ce3a" status: 200 len: 258 microversion: 1.28 [pid: 9|app: 0|req: 451/910] 199.204.45.72 () {34 vars in 862 bytes} [Fri May 15 22:37:41 2026] GET /allocations/7e2a690d-89ce-4b5f-a0ba-02e2ff11ce3a => generated 258 bytes in 14 msecs (HTTP/1.1 200) 8 headers in 296 bytes (1 switches on core 0)
2026-05-15 22:37:42.601 8 INFO placement.requestlog [req-8ccc4faa-5dbc-45ea-90ec-bfd8c2417ba5 req-c4341062-e939-457b-a02f-d445a8ecbd8e 285a26950fe749b0a4fbfecb38972c68 985a462dc8c4450ea27e1a9da11c3521 - - fa85cdf13ec541959a66cb2b389dee11 fa85cdf13ec541959a66cb2b389dee11] 199.204.45.72 "DELETE /allocations/7e2a690d-89ce-4b5f-a0ba-02e2ff11ce3a" status: 204 len: 0 microversion: 1.0 [pid: 8|app: 0|req: 460/911] 199.204.45.72 () {34 vars in 840 bytes} [Fri May 15 22:37:42 2026] DELETE /allocations/7e2a690d-89ce-4b5f-a0ba-02e2ff11ce3a => generated 0 bytes in 43 msecs (HTTP/1.1 204) 5 headers in 198 bytes (1 switches on core 0)
2026-05-15 22:37:44.312 9 INFO placement.requestlog [None req-6228f581-44f6-4e69-8e7b-e4fb341608e6 - - - - - -] 10.0.0.183 "GET /" status: 200 len: 136 microversion: 1.0
2026-05-15 22:37:44.314 8 INFO placement.requestlog [None req-5736b111-c390-4a99-ab0f-09fe5fbad665 - - - - - -] 10.0.0.183 "GET /" status: 200 len: 136 microversion: 1.0
2026-05-15 22:37:44.840 9 INFO placement.requestlog [None req-d5ae91c0-8dab-433e-8d97-d8c6cc7768e9 f3a4c6ccc7394995b91fac79a89f198a 985a462dc8c4450ea27e1a9da11c3521 - - fa85cdf13ec541959a66cb2b389dee11 fa85cdf13ec541959a66cb2b389dee11] 10.0.0.164 "GET /resource_providers/55720712-1704-444e-8f55-1a804d9a7784/aggregates" status: 404 len: 235 microversion: 1.1 [pid: 9|app: 0|req: 453/914] 10.0.0.164 () {32 vars in 816 bytes} [Fri May 15 22:37:44 2026] GET /resource_providers/55720712-1704-444e-8f55-1a804d9a7784/aggregates => generated 235 bytes in 11 msecs (HTTP/1.1 404) 5 headers in 202 bytes (1 switches on core 0)
2026-05-15 22:37:44.861 9 INFO placement.requestlog [None req-c5e9489d-86a9-4796-90fe-19270da67566 f3a4c6ccc7394995b91fac79a89f198a 985a462dc8c4450ea27e1a9da11c3521 - - fa85cdf13ec541959a66cb2b389dee11 fa85cdf13ec541959a66cb2b389dee11] 10.0.0.164 "DELETE /resource_providers/55720712-1704-444e-8f55-1a804d9a7784" status: 404 len: 246 microversion: 1.1 [pid: 9|app: 0|req: 454/915] 10.0.0.164 () {34 vars in 816 bytes} [Fri May 15 22:37:44 2026] DELETE /resource_providers/55720712-1704-444e-8f55-1a804d9a7784 => generated 246 bytes in 12 msecs (HTTP/1.1 404) 6 headers in 231 bytes (1 switches on core 0)
2026-05-15 22:37:44.869 8 INFO placement.requestlog [None req-65fc2686-a153-47c0-b4f4-be211cdfbc67 f3a4c6ccc7394995b91fac79a89f198a 985a462dc8c4450ea27e1a9da11c3521 - - fa85cdf13ec541959a66cb2b389dee11 fa85cdf13ec541959a66cb2b389dee11] 10.0.0.164 "GET /resource_providers/55720712-1704-444e-8f55-1a804d9a7784/aggregates" status: 404 len: 235 microversion: 1.1 [pid: 8|app: 0|req: 462/916] 10.0.0.164 () {32 vars in 816 bytes} [Fri May 15 22:37:44 2026] GET /resource_providers/55720712-1704-444e-8f55-1a804d9a7784/aggregates => generated 235 bytes in 33 msecs (HTTP/1.1 404) 5 headers in 202 bytes (1 switches on core 0)
2026-05-15 22:37:44.886 9 INFO placement.requestlog [None req-90eea7b7-405c-40cd-9171-d0bcab708be3 f3a4c6ccc7394995b91fac79a89f198a 985a462dc8c4450ea27e1a9da11c3521 - - fa85cdf13ec541959a66cb2b389dee11 fa85cdf13ec541959a66cb2b389dee11] 10.0.0.164 "DELETE /resource_providers/55720712-1704-444e-8f55-1a804d9a7784" status: 404 len: 246 microversion: 1.1 [pid: 9|app: 0|req: 455/917] 10.0.0.164 () {34 vars in 816 bytes} [Fri May 15 22:37:44 2026] DELETE /resource_providers/55720712-1704-444e-8f55-1a804d9a7784 => generated 246 bytes in 9 msecs (HTTP/1.1 404) 6 headers in 231 bytes (1 switches on core 0)
2026-05-15 22:37:46.889 8 INFO placement.requestlog [None req-c549435a-d75e-458d-9d79-6c76dc8278c4 f3a4c6ccc7394995b91fac79a89f198a 985a462dc8c4450ea27e1a9da11c3521 - - fa85cdf13ec541959a66cb2b389dee11 fa85cdf13ec541959a66cb2b389dee11] 10.0.0.164 "GET /resource_providers/fcdbe857-5a92-4ed7-8ca4-719b9b40e4ad/aggregates" status: 404 len: 235 microversion: 1.1 [pid: 8|app: 0|req: 463/918] 10.0.0.164 () {32 vars in 816 bytes} [Fri May 15 22:37:46 2026] GET /resource_providers/fcdbe857-5a92-4ed7-8ca4-719b9b40e4ad/aggregates => generated 235 bytes in 16 msecs (HTTP/1.1 404) 5 headers in 202 bytes (1 switches on core 0)
2026-05-15 22:37:46.921 9 INFO placement.requestlog [None req-960c99b3-f4f9-475a-b123-ac06352eae61 f3a4c6ccc7394995b91fac79a89f198a 985a462dc8c4450ea27e1a9da11c3521 - - fa85cdf13ec541959a66cb2b389dee11 fa85cdf13ec541959a66cb2b389dee11] 10.0.0.164 "GET /resource_providers/fcdbe857-5a92-4ed7-8ca4-719b9b40e4ad/aggregates" status: 404 len: 235 microversion: 1.1 [pid: 9|app: 0|req: 456/919] 10.0.0.164 () {32 vars in 816 bytes} [Fri May 15 22:37:46 2026] GET /resource_providers/fcdbe857-5a92-4ed7-8ca4-719b9b40e4ad/aggregates => generated 235 bytes in 10 msecs (HTTP/1.1 404) 5 headers in 202 bytes (1 switches on core 0)
2026-05-15 22:37:46.922 8 INFO placement.requestlog [None req-c32870c2-4db3-4754-9ffb-9576541ce1b0 f3a4c6ccc7394995b91fac79a89f198a 985a462dc8c4450ea27e1a9da11c3521 - - fa85cdf13ec541959a66cb2b389dee11 fa85cdf13ec541959a66cb2b389dee11] 10.0.0.164 "DELETE /resource_providers/fcdbe857-5a92-4ed7-8ca4-719b9b40e4ad" status: 404 len: 246 microversion: 1.1 [pid: 8|app: 0|req: 464/920] 10.0.0.164 () {34 vars in 816 bytes} [Fri May 15 22:37:46 2026] DELETE /resource_providers/fcdbe857-5a92-4ed7-8ca4-719b9b40e4ad => generated 246 bytes in 11 msecs (HTTP/1.1 404) 6 headers in 231 bytes (1 switches on core 0)
2026-05-15 22:37:46.940 9 INFO placement.requestlog [None req-20653deb-fa5a-41ef-b653-b5e7999012b3 f3a4c6ccc7394995b91fac79a89f198a 985a462dc8c4450ea27e1a9da11c3521 - - fa85cdf13ec541959a66cb2b389dee11 fa85cdf13ec541959a66cb2b389dee11] 10.0.0.164 "DELETE /resource_providers/fcdbe857-5a92-4ed7-8ca4-719b9b40e4ad" status: 404 len: 246 microversion: 1.1 [pid: 9|app: 0|req: 457/921] 10.0.0.164 () {34 vars in 816 bytes} [Fri May 15 22:37:46 2026] DELETE /resource_providers/fcdbe857-5a92-4ed7-8ca4-719b9b40e4ad => generated 246 bytes in 9 msecs (HTTP/1.1 404) 6 headers in 231 bytes (1 switches on core 0)
2026-05-15 22:37:48.651 8 INFO placement.requestlog [req-d2d68634-a45f-4e5a-8137-df8cf1f1791f req-66c3c536-e3c9-4c94-88b6-71b76180d1ee 285a26950fe749b0a4fbfecb38972c68 985a462dc8c4450ea27e1a9da11c3521 - - fa85cdf13ec541959a66cb2b389dee11 fa85cdf13ec541959a66cb2b389dee11] 199.204.45.72 "GET /resource_providers/82540430-8992-4a23-b83a-9c4158a7bd75/allocations" status: 200 len: 153 microversion: 1.0 [pid: 8|app: 0|req: 465/922] 199.204.45.72 () {32 vars in 856 bytes} [Fri May 15 22:37:48 2026] GET /resource_providers/82540430-8992-4a23-b83a-9c4158a7bd75/allocations => generated 153 bytes in 19 msecs (HTTP/1.1 200) 6 headers in 224 bytes (1 switches on core 0)
2026-05-15 22:37:48.683 9 INFO placement.requestlog [req-d2d68634-a45f-4e5a-8137-df8cf1f1791f req-af5af601-5d26-4ae6-bcfd-e14ac9f85fb0 285a26950fe749b0a4fbfecb38972c68 985a462dc8c4450ea27e1a9da11c3521 - - fa85cdf13ec541959a66cb2b389dee11 fa85cdf13ec541959a66cb2b389dee11] 199.204.45.72 "GET /allocations/4adff4ed-112e-4029-a33e-fc08a7e335ce" status: 200 len: 258 microversion: 1.28 [pid: 9|app: 0|req: 458/923] 199.204.45.72 () {34 vars in 862 bytes} [Fri May 15 22:37:48 2026] GET /allocations/4adff4ed-112e-4029-a33e-fc08a7e335ce => generated 258 bytes in 25 msecs (HTTP/1.1 200) 8 headers in 296 bytes (1 switches on core 0)
2026-05-15 22:37:49.743 8 INFO placement.requestlog [req-d2d68634-a45f-4e5a-8137-df8cf1f1791f req-3ce5f9a2-c93a-4c8e-9a43-d396f7287147 285a26950fe749b0a4fbfecb38972c68 985a462dc8c4450ea27e1a9da11c3521 - - fa85cdf13ec541959a66cb2b389dee11 fa85cdf13ec541959a66cb2b389dee11] 199.204.45.72 "DELETE /allocations/4adff4ed-112e-4029-a33e-fc08a7e335ce" status: 204 len: 0 microversion: 1.0 [pid: 8|app: 0|req: 466/924] 199.204.45.72 () {34 vars in 840 bytes} [Fri May 15 22:37:49 2026] DELETE /allocations/4adff4ed-112e-4029-a33e-fc08a7e335ce => generated 0 bytes in 37 msecs (HTTP/1.1 204) 5 headers in 198 bytes (1 switches on core 0)
2026-05-15 22:37:51.907 9 INFO placement.requestlog [None req-60f64428-d85c-4842-875b-e5d1d8105969 f3a4c6ccc7394995b91fac79a89f198a 985a462dc8c4450ea27e1a9da11c3521 - - fa85cdf13ec541959a66cb2b389dee11 fa85cdf13ec541959a66cb2b389dee11] 10.0.0.164 "GET /resource_providers/4f27328e-f49d-482a-9100-e0b8726957c8/aggregates" status: 404 len: 235 microversion: 1.1 [pid: 9|app: 0|req: 459/925] 10.0.0.164 () {32 vars in 816 bytes} [Fri May 15 22:37:51 2026] GET /resource_providers/4f27328e-f49d-482a-9100-e0b8726957c8/aggregates => generated 235 bytes in 18 msecs (HTTP/1.1 404) 5 headers in 202 bytes (1 switches on core 0)
2026-05-15 22:37:51.908 8 INFO placement.requestlog [None req-643a7e11-03aa-4576-a269-5cf813676a7b f3a4c6ccc7394995b91fac79a89f198a 985a462dc8c4450ea27e1a9da11c3521 - - fa85cdf13ec541959a66cb2b389dee11 fa85cdf13ec541959a66cb2b389dee11] 10.0.0.164 "GET /resource_providers/4f27328e-f49d-482a-9100-e0b8726957c8/aggregates" status: 404 len: 235 microversion: 1.1 [pid: 8|app: 0|req: 467/926] 10.0.0.164 () {32 vars in 816 bytes} [Fri May 15 22:37:51 2026] GET /resource_providers/4f27328e-f49d-482a-9100-e0b8726957c8/aggregates => generated 235 bytes in 20 msecs (HTTP/1.1 404) 5 headers in 202 bytes (1 switches on core 0)
2026-05-15 22:37:51.936 9 INFO placement.requestlog [None req-bf0404e5-dd3f-4a95-bd12-5561a096600f f3a4c6ccc7394995b91fac79a89f198a 985a462dc8c4450ea27e1a9da11c3521 - - fa85cdf13ec541959a66cb2b389dee11 fa85cdf13ec541959a66cb2b389dee11] 10.0.0.164 "DELETE /resource_providers/4f27328e-f49d-482a-9100-e0b8726957c8" status: 404 len: 246 microversion: 1.1 [pid: 9|app: 0|req: 460/927] 10.0.0.164 () {34 vars in 816 bytes} [Fri May 15 22:37:51 2026] DELETE /resource_providers/4f27328e-f49d-482a-9100-e0b8726957c8 => generated 246 bytes in 16 msecs (HTTP/1.1 404) 6 headers in 231 bytes (1 switches on core 0)
2026-05-15 22:37:51.943 8 INFO placement.requestlog [None req-5332206d-f295-4563-a1c4-078dd1e6caa5 f3a4c6ccc7394995b91fac79a89f198a 985a462dc8c4450ea27e1a9da11c3521 - - fa85cdf13ec541959a66cb2b389dee11 fa85cdf13ec541959a66cb2b389dee11] 10.0.0.164 "DELETE /resource_providers/4f27328e-f49d-482a-9100-e0b8726957c8" status: 404 len: 246 microversion: 1.1 [pid: 8|app: 0|req: 468/928] 10.0.0.164 () {34 vars in 816 bytes} [Fri May 15 22:37:51 2026] DELETE /resource_providers/4f27328e-f49d-482a-9100-e0b8726957c8 => generated 246 bytes in 21 msecs (HTTP/1.1 404) 6 headers in 231 bytes (1 switches on core 0)
2026-05-15 22:37:53.387 9 INFO placement.requestlog [None req-13021b6c-90ba-43b0-b34a-dac217ad7006 f3a4c6ccc7394995b91fac79a89f198a 985a462dc8c4450ea27e1a9da11c3521 - - fa85cdf13ec541959a66cb2b389dee11 fa85cdf13ec541959a66cb2b389dee11] 10.0.0.164 "GET /resource_providers/d0e9572e-bf4d-4322-a8fb-679c192d1fcc/aggregates" status: 404 len: 235 microversion: 1.1 [pid: 9|app: 0|req: 461/929] 10.0.0.164 () {32 vars in 816 bytes} [Fri May 15 22:37:53 2026] GET /resource_providers/d0e9572e-bf4d-4322-a8fb-679c192d1fcc/aggregates => generated 235 bytes in 9 msecs (HTTP/1.1 404) 5 headers in 202 bytes (1 switches on core 0)
2026-05-15 22:37:53.393 8 INFO placement.requestlog [None req-c6ed5da8-e399-4a4a-bc26-952044f1f012 f3a4c6ccc7394995b91fac79a89f198a 985a462dc8c4450ea27e1a9da11c3521 - - fa85cdf13ec541959a66cb2b389dee11 fa85cdf13ec541959a66cb2b389dee11] 10.0.0.164 "GET /resource_providers/d0e9572e-bf4d-4322-a8fb-679c192d1fcc/aggregates" status: 404 len: 235 microversion: 1.1 [pid: 8|app: 0|req: 469/930] 10.0.0.164 () {32 vars in 816 bytes} [Fri May 15 22:37:53 2026] GET /resource_providers/d0e9572e-bf4d-4322-a8fb-679c192d1fcc/aggregates => generated 235 bytes in 15 msecs (HTTP/1.1 404) 5 headers in 202 bytes (1 switches on core 0)
2026-05-15 22:37:53.413 9 INFO placement.requestlog [None req-6af4f8be-7afc-4bd2-adcd-5185bfbe29aa f3a4c6ccc7394995b91fac79a89f198a 985a462dc8c4450ea27e1a9da11c3521 - - fa85cdf13ec541959a66cb2b389dee11 fa85cdf13ec541959a66cb2b389dee11] 10.0.0.164 "DELETE /resource_providers/d0e9572e-bf4d-4322-a8fb-679c192d1fcc" status: 404 len: 246 microversion: 1.1 [pid: 9|app: 0|req: 462/931] 10.0.0.164 () {34 vars in 816 bytes} [Fri May 15 22:37:53 2026] DELETE /resource_providers/d0e9572e-bf4d-4322-a8fb-679c192d1fcc => generated 246 bytes in 10 msecs (HTTP/1.1 404) 6 headers in 231 bytes (1 switches on core 0)
2026-05-15 22:37:53.419 8 INFO placement.requestlog [None req-37d1ec8d-a374-4d5a-aeff-535c8399b56d f3a4c6ccc7394995b91fac79a89f198a 985a462dc8c4450ea27e1a9da11c3521 - - fa85cdf13ec541959a66cb2b389dee11 fa85cdf13ec541959a66cb2b389dee11] 10.0.0.164 "DELETE /resource_providers/d0e9572e-bf4d-4322-a8fb-679c192d1fcc" status: 404 len: 246 microversion: 1.1 [pid: 8|app: 0|req: 470/932] 10.0.0.164 () {34 vars in 816 bytes} [Fri May 15 22:37:53 2026] DELETE /resource_providers/d0e9572e-bf4d-4322-a8fb-679c192d1fcc => generated 246 bytes in 12 msecs (HTTP/1.1 404) 6 headers in 231 bytes (1 switches on core 0)
2026-05-15 22:37:53.963 9 INFO placement.requestlog [None req-de3a1cb3-e321-4235-81c2-467e00cc4ca8 f3a4c6ccc7394995b91fac79a89f198a 985a462dc8c4450ea27e1a9da11c3521 - - fa85cdf13ec541959a66cb2b389dee11 fa85cdf13ec541959a66cb2b389dee11] 10.0.0.164 "GET /resource_providers/6a449b06-08e8-4813-917a-e7221a631a22/aggregates" status: 404 len: 235 microversion: 1.1 [pid: 9|app: 0|req: 463/933] 10.0.0.164 () {32 vars in 816 bytes} [Fri May 15 22:37:53 2026] GET /resource_providers/6a449b06-08e8-4813-917a-e7221a631a22/aggregates => generated 235 bytes in 14 msecs (HTTP/1.1 404) 5 headers in 202 bytes (1 switches on core 0)
2026-05-15 22:37:53.968 8 INFO placement.requestlog [None req-c29df9b2-fad5-430c-99dc-5716aefcc26b f3a4c6ccc7394995b91fac79a89f198a 985a462dc8c4450ea27e1a9da11c3521 - - fa85cdf13ec541959a66cb2b389dee11 fa85cdf13ec541959a66cb2b389dee11] 10.0.0.164 "GET /resource_providers/6a449b06-08e8-4813-917a-e7221a631a22/aggregates" status: 404 len: 235 microversion: 1.1 [pid: 8|app: 0|req: 471/934] 10.0.0.164 () {32 vars in 816 bytes} [Fri May 15 22:37:53 2026] GET /resource_providers/6a449b06-08e8-4813-917a-e7221a631a22/aggregates => generated 235 bytes in 18 msecs (HTTP/1.1 404) 5 headers in 202 bytes (1 switches on core 0)
2026-05-15 22:37:53.988 9 INFO placement.requestlog [None req-28d2ae09-5c99-48ed-a334-3bb9906a2fdd f3a4c6ccc7394995b91fac79a89f198a 985a462dc8c4450ea27e1a9da11c3521 - - fa85cdf13ec541959a66cb2b389dee11 fa85cdf13ec541959a66cb2b389dee11] 10.0.0.164 "DELETE /resource_providers/6a449b06-08e8-4813-917a-e7221a631a22" status: 404 len: 246 microversion: 1.1 [pid: 9|app: 0|req: 464/935] 10.0.0.164 () {34 vars in 816 bytes} [Fri May 15 22:37:53 2026] DELETE /resource_providers/6a449b06-08e8-4813-917a-e7221a631a22 => generated 246 bytes in 13 msecs (HTTP/1.1 404) 6 headers in 231 bytes (1 switches on core 0)
2026-05-15 22:37:53.989 8 INFO placement.requestlog [None req-404bc302-c1aa-4fba-806c-aaa16d71f371 f3a4c6ccc7394995b91fac79a89f198a 985a462dc8c4450ea27e1a9da11c3521 - - fa85cdf13ec541959a66cb2b389dee11 fa85cdf13ec541959a66cb2b389dee11] 10.0.0.164 "DELETE /resource_providers/6a449b06-08e8-4813-917a-e7221a631a22" status: 404 len: 246 microversion: 1.1 [pid: 8|app: 0|req: 472/936] 10.0.0.164 () {34 vars in 816 bytes} [Fri May 15 22:37:53 2026] DELETE /resource_providers/6a449b06-08e8-4813-917a-e7221a631a22 => generated 246 bytes in 9 msecs (HTTP/1.1 404) 6 headers in 231 bytes (1 switches on core 0)
2026-05-15 22:37:54.312 8 INFO placement.requestlog [None req-103e1823-01b2-4c04-9b08-160d7c88f681 - - - - - -] 10.0.0.183 "GET /" status: 200 len: 136 microversion: 1.0
2026-05-15 22:37:54.312 9 INFO placement.requestlog [None req-5e7e91db-449e-451a-9247-fa82fca1a13d - - - - - -] 10.0.0.183 "GET /" status: 200 len: 136 microversion: 1.0
2026-05-15 22:38:02.916 8 INFO placement.requestlog [None req-3c2b0af4-f787-430f-ba24-41a90c0ccabb f3a4c6ccc7394995b91fac79a89f198a 985a462dc8c4450ea27e1a9da11c3521 - - fa85cdf13ec541959a66cb2b389dee11 fa85cdf13ec541959a66cb2b389dee11] 10.0.0.164 "GET /resource_providers/b642a26e-8870-4d10-a5c2-2a8d55e2b60b/aggregates" status: 404 len: 235 microversion: 1.1 [pid: 8|app: 0|req: 474/939] 10.0.0.164 () {32 vars in 816 bytes} [Fri May 15 22:38:02 2026] GET /resource_providers/b642a26e-8870-4d10-a5c2-2a8d55e2b60b/aggregates => generated 235 bytes in 19 msecs (HTTP/1.1 404) 5 headers in 202 bytes (1 switches on core 0)
2026-05-15 22:38:02.916 9 INFO placement.requestlog [None req-c52482ea-f887-4413-9318-60e91e4986a9 f3a4c6ccc7394995b91fac79a89f198a 985a462dc8c4450ea27e1a9da11c3521 - - fa85cdf13ec541959a66cb2b389dee11 fa85cdf13ec541959a66cb2b389dee11] 10.0.0.164 "GET /resource_providers/b642a26e-8870-4d10-a5c2-2a8d55e2b60b/aggregates" status: 404 len: 235 microversion: 1.1 [pid: 9|app: 0|req: 466/940] 10.0.0.164 () {32 vars in 816 bytes} [Fri May 15 22:38:02 2026] GET /resource_providers/b642a26e-8870-4d10-a5c2-2a8d55e2b60b/aggregates => generated 235 bytes in 19 msecs (HTTP/1.1 404) 5 headers in 202 bytes (1 switches on core 0)
2026-05-15 22:38:02.953 8 INFO placement.requestlog [None req-e8b855e3-6d35-48e6-a1e4-cd8d2ce0131a f3a4c6ccc7394995b91fac79a89f198a 985a462dc8c4450ea27e1a9da11c3521 - - fa85cdf13ec541959a66cb2b389dee11 fa85cdf13ec541959a66cb2b389dee11] 10.0.0.164 "DELETE /resource_providers/b642a26e-8870-4d10-a5c2-2a8d55e2b60b" status: 404 len: 246 microversion: 1.1 [pid: 8|app: 0|req: 475/941] 10.0.0.164 () {34 vars in 816 bytes} [Fri May 15 22:38:02 2026] DELETE /resource_providers/b642a26e-8870-4d10-a5c2-2a8d55e2b60b => generated 246 bytes in 18 msecs (HTTP/1.1 404) 6 headers in 231 bytes (1 switches on core 0)
2026-05-15 22:38:02.967 9 INFO placement.requestlog [None req-4818a5f4-71f2-4090-8761-8aa5d7d2f00e f3a4c6ccc7394995b91fac79a89f198a 985a462dc8c4450ea27e1a9da11c3521 - - fa85cdf13ec541959a66cb2b389dee11 fa85cdf13ec541959a66cb2b389dee11] 10.0.0.164 "DELETE /resource_providers/b642a26e-8870-4d10-a5c2-2a8d55e2b60b" status: 404 len: 246 microversion: 1.1 [pid: 9|app: 0|req: 467/942] 10.0.0.164 () {34 vars in 816 bytes} [Fri May 15 22:38:02 2026] DELETE /resource_providers/b642a26e-8870-4d10-a5c2-2a8d55e2b60b => generated 246 bytes in 22 msecs (HTTP/1.1 404) 6 headers in 231 bytes (1 switches on core 0)
2026-05-15 22:38:04.312 8 INFO placement.requestlog [None req-5a5ff6fc-0ae3-4e68-ad6f-7714c63c22b1 - - - - - -] 10.0.0.183 "GET /" status: 200 len: 136 microversion: 1.0
2026-05-15 22:38:04.313 9 INFO placement.requestlog [None req-c36e7ef6-1f19-4425-b1d2-45ad0c872dac - - - - - -] 10.0.0.183 "GET /" status: 200 len: 136 microversion: 1.0
2026-05-15 22:38:07.826 9 INFO placement.requestlog [None req-84a8cb0c-b0f7-4349-bcee-3aafb786330b f3a4c6ccc7394995b91fac79a89f198a 985a462dc8c4450ea27e1a9da11c3521 - - fa85cdf13ec541959a66cb2b389dee11 fa85cdf13ec541959a66cb2b389dee11] 10.0.0.164 "GET /resource_providers/ed2c514a-e9c1-4ccd-928e-1b01e5c5581a/aggregates" status: 404 len: 235 microversion: 1.1 [pid: 9|app: 0|req: 469/945] 10.0.0.164 () {32 vars in 816 bytes} [Fri May 15 22:38:07 2026] GET /resource_providers/ed2c514a-e9c1-4ccd-928e-1b01e5c5581a/aggregates => generated 235 bytes in 11 msecs (HTTP/1.1 404) 5 headers in 202 bytes (1 switches on core 0)
2026-05-15 22:38:07.827 8 INFO placement.requestlog [None req-478d5787-6d9c-40f6-80ef-a211c7c35855 f3a4c6ccc7394995b91fac79a89f198a 985a462dc8c4450ea27e1a9da11c3521 - - fa85cdf13ec541959a66cb2b389dee11 fa85cdf13ec541959a66cb2b389dee11] 10.0.0.164 "GET /resource_providers/ed2c514a-e9c1-4ccd-928e-1b01e5c5581a/aggregates" status: 404 len: 235 microversion: 1.1 [pid: 8|app: 0|req: 477/946] 10.0.0.164 () {32 vars in 816 bytes} [Fri May 15 22:38:07 2026] GET /resource_providers/ed2c514a-e9c1-4ccd-928e-1b01e5c5581a/aggregates => generated 235 bytes in 18 msecs (HTTP/1.1 404) 5 headers in 202 bytes (1 switches on core 0)
2026-05-15 22:38:07.859 9 INFO placement.requestlog [None req-529971ad-a43b-4035-a9a1-bcca5e138da8 f3a4c6ccc7394995b91fac79a89f198a 985a462dc8c4450ea27e1a9da11c3521 - - fa85cdf13ec541959a66cb2b389dee11 fa85cdf13ec541959a66cb2b389dee11] 10.0.0.164 "DELETE /resource_providers/ed2c514a-e9c1-4ccd-928e-1b01e5c5581a" status: 404 len: 246 microversion: 1.1 [pid: 9|app: 0|req: 470/947] 10.0.0.164 () {34 vars in 816 bytes} [Fri May 15 22:38:07 2026] DELETE /resource_providers/ed2c514a-e9c1-4ccd-928e-1b01e5c5581a => generated 246 bytes in 14 msecs (HTTP/1.1 404) 6 headers in 231 bytes (1 switches on core 0)
2026-05-15 22:38:07.871 8 INFO placement.requestlog [None req-ecc4c866-458d-4533-a5e2-fb64a60f1268 f3a4c6ccc7394995b91fac79a89f198a 985a462dc8c4450ea27e1a9da11c3521 - - fa85cdf13ec541959a66cb2b389dee11 fa85cdf13ec541959a66cb2b389dee11] 10.0.0.164 "DELETE /resource_providers/ed2c514a-e9c1-4ccd-928e-1b01e5c5581a" status: 404 len: 246 microversion: 1.1 [pid: 8|app: 0|req: 478/948] 10.0.0.164 () {34 vars in 816 bytes} [Fri May 15 22:38:07 2026] DELETE /resource_providers/ed2c514a-e9c1-4ccd-928e-1b01e5c5581a => generated 246 bytes in 18 msecs (HTTP/1.1 404) 6 headers in 231 bytes (1 switches on core 0)
2026-05-15 22:38:08.501 8 INFO placement.requestlog [None req-89dcf2c3-6110-4205-b599-c7487167e506 f3a4c6ccc7394995b91fac79a89f198a 985a462dc8c4450ea27e1a9da11c3521 - - fa85cdf13ec541959a66cb2b389dee11 fa85cdf13ec541959a66cb2b389dee11] 10.0.0.164 "GET /resource_providers/1f49e6b7-2fc6-4f45-9f21-6250869f58c5/aggregates" status: 404 len: 235 microversion: 1.1 [pid: 8|app: 0|req: 479/949] 10.0.0.164 () {32 vars in 816 bytes} [Fri May 15 22:38:08 2026] GET /resource_providers/1f49e6b7-2fc6-4f45-9f21-6250869f58c5/aggregates => generated 235 bytes in 15 msecs (HTTP/1.1 404) 5 headers in 202 bytes (1 switches on core 0)
2026-05-15 22:38:08.502 9 INFO placement.requestlog [None req-ab89d2da-b1c4-44db-979e-cff8990acb58 f3a4c6ccc7394995b91fac79a89f198a 985a462dc8c4450ea27e1a9da11c3521 - - fa85cdf13ec541959a66cb2b389dee11 fa85cdf13ec541959a66cb2b389dee11] 10.0.0.164 "GET /resource_providers/1f49e6b7-2fc6-4f45-9f21-6250869f58c5/aggregates" status: 404 len: 235 microversion: 1.1 [pid: 9|app: 0|req: 471/950] 10.0.0.164 () {32 vars in 816 bytes} [Fri May 15 22:38:08 2026] GET /resource_providers/1f49e6b7-2fc6-4f45-9f21-6250869f58c5/aggregates => generated 235 bytes in 20 msecs (HTTP/1.1 404) 5 headers in 202 bytes (1 switches on core 0)
2026-05-15 22:38:08.526 8 INFO placement.requestlog [None req-f2533732-7a5d-4cde-9264-ef5bf90a0203 f3a4c6ccc7394995b91fac79a89f198a 985a462dc8c4450ea27e1a9da11c3521 - - fa85cdf13ec541959a66cb2b389dee11 fa85cdf13ec541959a66cb2b389dee11] 10.0.0.164 "DELETE /resource_providers/1f49e6b7-2fc6-4f45-9f21-6250869f58c5" status: 404 len: 246 microversion: 1.1 [pid: 8|app: 0|req: 480/951] 10.0.0.164 () {34 vars in 816 bytes} [Fri May 15 22:38:08 2026] DELETE /resource_providers/1f49e6b7-2fc6-4f45-9f21-6250869f58c5 => generated 246 bytes in 8 msecs (HTTP/1.1 404) 6 headers in 231 bytes (1 switches on core 0)
2026-05-15 22:38:08.529 9 INFO placement.requestlog [None req-f79de752-bc87-4035-ab7f-2c7ac57b1f25 f3a4c6ccc7394995b91fac79a89f198a 985a462dc8c4450ea27e1a9da11c3521 - - fa85cdf13ec541959a66cb2b389dee11 fa85cdf13ec541959a66cb2b389dee11] 10.0.0.164 "DELETE /resource_providers/1f49e6b7-2fc6-4f45-9f21-6250869f58c5" status: 404 len: 246 microversion: 1.1 [pid: 9|app: 0|req: 472/952] 10.0.0.164 () {34 vars in 816 bytes} [Fri May 15 22:38:08 2026] DELETE /resource_providers/1f49e6b7-2fc6-4f45-9f21-6250869f58c5 => generated 246 bytes in 10 msecs (HTTP/1.1 404) 6 headers in 231 bytes (1 switches on core 0)
