2026-08-19 22:03:53.766 7 INFO cinder.api.openstack.wsgi [None req-38aa6e72-7d91-4f9c-a9fb-73910adcaf31 36d747c6bbda44cbaaf250431dcb38ac b786339bbf064bd99f4dbd84c6a15c47 - - default default] GET http://cinder-api.openstack.svc.cluster.local:8776/v3/b786339bbf064bd99f4dbd84c6a15c47/os-quota-sets/8a22146aee7f440282a7df94eee50370?usage=true
2026-08-19 22:03:53.786 7 INFO cinder.api.openstack.wsgi [None req-38aa6e72-7d91-4f9c-a9fb-73910adcaf31 36d747c6bbda44cbaaf250431dcb38ac b786339bbf064bd99f4dbd84c6a15c47 - - default default] http://cinder-api.openstack.svc.cluster.local:8776/v3/b786339bbf064bd99f4dbd84c6a15c47/os-quota-sets/8a22146aee7f440282a7df94eee50370?usage=true returned with HTTP 200 [pid: 7|app: 0|req: 501/1003] 10.0.0.204 () {28 vars in 736 bytes} [Wed Aug 19 22:03:53 2026] GET /v3/b786339bbf064bd99f4dbd84c6a15c47/os-quota-sets/8a22146aee7f440282a7df94eee50370?usage=true => generated 847 bytes in 26 msecs (HTTP/1.1 200) 7 headers in 285 bytes (1 switches on core 0)
2026-08-19 22:03:53.798 8 INFO cinder.api.openstack.wsgi [None req-9e454272-7f97-4894-8118-6483af787c17 36d747c6bbda44cbaaf250431dcb38ac b786339bbf064bd99f4dbd84c6a15c47 - - default default] GET http://cinder-api.openstack.svc.cluster.local:8776/v3/b786339bbf064bd99f4dbd84c6a15c47/os-quota-sets/b786339bbf064bd99f4dbd84c6a15c47?usage=true
2026-08-19 22:03:53.819 8 INFO cinder.api.openstack.wsgi [None req-9e454272-7f97-4894-8118-6483af787c17 36d747c6bbda44cbaaf250431dcb38ac b786339bbf064bd99f4dbd84c6a15c47 - - default default] http://cinder-api.openstack.svc.cluster.local:8776/v3/b786339bbf064bd99f4dbd84c6a15c47/os-quota-sets/b786339bbf064bd99f4dbd84c6a15c47?usage=true returned with HTTP 200 [pid: 8|app: 0|req: 503/1004] 10.0.0.204 () {28 vars in 736 bytes} [Wed Aug 19 22:03:53 2026] GET /v3/b786339bbf064bd99f4dbd84c6a15c47/os-quota-sets/b786339bbf064bd99f4dbd84c6a15c47?usage=true => generated 845 bytes in 30 msecs (HTTP/1.1 200) 7 headers in 285 bytes (1 switches on core 0)
2026-08-19 22:03:53.831 7 INFO cinder.api.openstack.wsgi [None req-a7228dca-4bfb-4a07-85b9-93d1d527c2d3 36d747c6bbda44cbaaf250431dcb38ac b786339bbf064bd99f4dbd84c6a15c47 - - default default] GET http://cinder-api.openstack.svc.cluster.local:8776/v3/b786339bbf064bd99f4dbd84c6a15c47/os-quota-sets/b92e9f81ecc94a2db628730b7ffe19da?usage=true
2026-08-19 22:03:53.848 7 INFO cinder.api.openstack.wsgi [None req-a7228dca-4bfb-4a07-85b9-93d1d527c2d3 36d747c6bbda44cbaaf250431dcb38ac b786339bbf064bd99f4dbd84c6a15c47 - - default default] http://cinder-api.openstack.svc.cluster.local:8776/v3/b786339bbf064bd99f4dbd84c6a15c47/os-quota-sets/b92e9f81ecc94a2db628730b7ffe19da?usage=true returned with HTTP 200 [pid: 7|app: 0|req: 502/1005] 10.0.0.204 () {28 vars in 736 bytes} [Wed Aug 19 22:03:53 2026] GET /v3/b786339bbf064bd99f4dbd84c6a15c47/os-quota-sets/b92e9f81ecc94a2db628730b7ffe19da?usage=true => generated 847 bytes in 24 msecs (HTTP/1.1 200) 7 headers in 285 bytes (1 switches on core 0)
2026-08-19 22:03:53.860 8 INFO cinder.api.openstack.wsgi [None req-0bdfc621-4a7a-4c73-a6b5-af3f2e06ae9d 36d747c6bbda44cbaaf250431dcb38ac b786339bbf064bd99f4dbd84c6a15c47 - - default default] GET http://cinder-api.openstack.svc.cluster.local:8776/v3/b786339bbf064bd99f4dbd84c6a15c47/os-quota-sets/c261a18d3a2e4f1e93085124f0202884?usage=true
2026-08-19 22:03:53.886 8 INFO cinder.api.openstack.wsgi [None req-0bdfc621-4a7a-4c73-a6b5-af3f2e06ae9d 36d747c6bbda44cbaaf250431dcb38ac b786339bbf064bd99f4dbd84c6a15c47 - - default default] http://cinder-api.openstack.svc.cluster.local:8776/v3/b786339bbf064bd99f4dbd84c6a15c47/os-quota-sets/c261a18d3a2e4f1e93085124f0202884?usage=true returned with HTTP 200 [pid: 8|app: 0|req: 504/1006] 10.0.0.204 () {28 vars in 736 bytes} [Wed Aug 19 22:03:53 2026] GET /v3/b786339bbf064bd99f4dbd84c6a15c47/os-quota-sets/c261a18d3a2e4f1e93085124f0202884?usage=true => generated 847 bytes in 35 msecs (HTTP/1.1 200) 7 headers in 285 bytes (1 switches on core 0)
2026-08-19 22:03:53.903 7 INFO cinder.api.openstack.wsgi [None req-cb1eb801-4711-4743-8165-7a647dce11ed 36d747c6bbda44cbaaf250431dcb38ac b786339bbf064bd99f4dbd84c6a15c47 - - default default] GET http://cinder-api.openstack.svc.cluster.local:8776/v3/b786339bbf064bd99f4dbd84c6a15c47/os-quota-sets/c6383244e9cc4d2e9fc119832288063a?usage=true
2026-08-19 22:03:53.926 7 INFO cinder.api.openstack.wsgi [None req-cb1eb801-4711-4743-8165-7a647dce11ed 36d747c6bbda44cbaaf250431dcb38ac b786339bbf064bd99f4dbd84c6a15c47 - - default default] http://cinder-api.openstack.svc.cluster.local:8776/v3/b786339bbf064bd99f4dbd84c6a15c47/os-quota-sets/c6383244e9cc4d2e9fc119832288063a?usage=true returned with HTTP 200 [pid: 7|app: 0|req: 503/1007] 10.0.0.204 () {28 vars in 736 bytes} [Wed Aug 19 22:03:53 2026] GET /v3/b786339bbf064bd99f4dbd84c6a15c47/os-quota-sets/c6383244e9cc4d2e9fc119832288063a?usage=true => generated 847 bytes in 31 msecs (HTTP/1.1 200) 7 headers in 285 bytes (1 switches on core 0)
2026-08-19 22:03:53.944 8 INFO cinder.api.openstack.wsgi [None req-8ec3f81e-bbbd-4265-96f7-21298174a9aa 36d747c6bbda44cbaaf250431dcb38ac b786339bbf064bd99f4dbd84c6a15c47 - - default default] GET http://cinder-api.openstack.svc.cluster.local:8776/v3/b786339bbf064bd99f4dbd84c6a15c47/os-quota-sets/d472dba8079d48abbb5b3b5fc0a1159c?usage=true
2026-08-19 22:03:53.965 8 INFO cinder.api.openstack.wsgi [None req-8ec3f81e-bbbd-4265-96f7-21298174a9aa 36d747c6bbda44cbaaf250431dcb38ac b786339bbf064bd99f4dbd84c6a15c47 - - default default] http://cinder-api.openstack.svc.cluster.local:8776/v3/b786339bbf064bd99f4dbd84c6a15c47/os-quota-sets/d472dba8079d48abbb5b3b5fc0a1159c?usage=true returned with HTTP 200 [pid: 8|app: 0|req: 505/1008] 10.0.0.204 () {28 vars in 736 bytes} [Wed Aug 19 22:03:53 2026] GET /v3/b786339bbf064bd99f4dbd84c6a15c47/os-quota-sets/d472dba8079d48abbb5b3b5fc0a1159c?usage=true => generated 847 bytes in 33 msecs (HTTP/1.1 200) 7 headers in 285 bytes (1 switches on core 0)
2026-08-19 22:03:53.977 7 INFO cinder.api.openstack.wsgi [None req-e3bfa980-82f1-40bd-aaba-817360f20ca3 36d747c6bbda44cbaaf250431dcb38ac b786339bbf064bd99f4dbd84c6a15c47 - - default default] GET http://cinder-api.openstack.svc.cluster.local:8776/v3/b786339bbf064bd99f4dbd84c6a15c47/volumes/detail?all_tenants=true
2026-08-19 22:03:53.989 7 INFO cinder.volume.api [None req-e3bfa980-82f1-40bd-aaba-817360f20ca3 36d747c6bbda44cbaaf250431dcb38ac b786339bbf064bd99f4dbd84c6a15c47 - - default default] Get all volumes completed successfully.
2026-08-19 22:03:53.991 7 INFO cinder.api.openstack.wsgi [None req-e3bfa980-82f1-40bd-aaba-817360f20ca3 36d747c6bbda44cbaaf250431dcb38ac b786339bbf064bd99f4dbd84c6a15c47 - - default default] http://cinder-api.openstack.svc.cluster.local:8776/v3/b786339bbf064bd99f4dbd84c6a15c47/volumes/detail?all_tenants=true returned with HTTP 200 [pid: 7|app: 0|req: 504/1009] 10.0.0.204 () {28 vars in 684 bytes} [Wed Aug 19 22:03:53 2026] GET /v3/b786339bbf064bd99f4dbd84c6a15c47/volumes/detail?all_tenants=true => generated 15 bytes in 21 msecs (HTTP/1.1 200) 7 headers in 284 bytes (1 switches on core 0)
2026-08-19 22:03:54.004 8 INFO cinder.api.openstack.wsgi [None req-efe61598-92c4-4451-a357-d6f4b84a2398 36d747c6bbda44cbaaf250431dcb38ac b786339bbf064bd99f4dbd84c6a15c47 - - default default] GET http://cinder-api.openstack.svc.cluster.local:8776/v3/b786339bbf064bd99f4dbd84c6a15c47/os-services
2026-08-19 22:03:54.009 8 INFO cinder.api.openstack.wsgi [None req-efe61598-92c4-4451-a357-d6f4b84a2398 36d747c6bbda44cbaaf250431dcb38ac b786339bbf064bd99f4dbd84c6a15c47 - - default default] http://cinder-api.openstack.svc.cluster.local:8776/v3/b786339bbf064bd99f4dbd84c6a15c47/os-services returned with HTTP 200 [pid: 8|app: 0|req: 506/1010] 10.0.0.204 () {28 vars in 645 bytes} [Wed Aug 19 22:03:53 2026] GET /v3/b786339bbf064bd99f4dbd84c6a15c47/os-services => generated 646 bytes in 13 msecs (HTTP/1.1 200) 7 headers in 285 bytes (1 switches on core 0)
2026-08-19 22:03:54.021 7 INFO cinder.api.openstack.wsgi [None req-f1d818de-4de2-42df-86b0-325c56a43695 36d747c6bbda44cbaaf250431dcb38ac b786339bbf064bd99f4dbd84c6a15c47 - - default default] GET http://cinder-api.openstack.svc.cluster.local:8776/v3/b786339bbf064bd99f4dbd84c6a15c47/snapshots?all_tenants=true
2026-08-19 22:03:54.026 7 INFO cinder.volume.api [None req-f1d818de-4de2-42df-86b0-325c56a43695 36d747c6bbda44cbaaf250431dcb38ac b786339bbf064bd99f4dbd84c6a15c47 - - default default] Get all snapshots completed successfully.
2026-08-19 22:03:54.027 7 INFO cinder.api.openstack.wsgi [None req-f1d818de-4de2-42df-86b0-325c56a43695 36d747c6bbda44cbaaf250431dcb38ac b786339bbf064bd99f4dbd84c6a15c47 - - default default] http://cinder-api.openstack.svc.cluster.local:8776/v3/b786339bbf064bd99f4dbd84c6a15c47/snapshots?all_tenants=true returned with HTTP 200 [pid: 7|app: 0|req: 505/1011] 10.0.0.204 () {28 vars in 674 bytes} [Wed Aug 19 22:03:54 2026] GET /v3/b786339bbf064bd99f4dbd84c6a15c47/snapshots?all_tenants=true => generated 17 bytes in 11 msecs (HTTP/1.1 200) 7 headers in 284 bytes (1 switches on core 0)
2026-08-19 22:03:54.037 8 INFO cinder.api.openstack.wsgi [None req-c8fafe2f-9bd0-49fa-921a-0b732cb92c1e 36d747c6bbda44cbaaf250431dcb38ac b786339bbf064bd99f4dbd84c6a15c47 - - default default] GET http://cinder-api.openstack.svc.cluster.local:8776/v3/b786339bbf064bd99f4dbd84c6a15c47/scheduler-stats/get_pools?detail=true
2026-08-19 22:03:54.540 8 INFO cinder.api.openstack.wsgi [None req-c8fafe2f-9bd0-49fa-921a-0b732cb92c1e 36d747c6bbda44cbaaf250431dcb38ac b786339bbf064bd99f4dbd84c6a15c47 - - default default] http://cinder-api.openstack.svc.cluster.local:8776/v3/b786339bbf064bd99f4dbd84c6a15c47/scheduler-stats/get_pools?detail=true returned with HTTP 200 [pid: 8|app: 0|req: 507/1012] 10.0.0.204 () {28 vars in 696 bytes} [Wed Aug 19 22:03:54 2026] GET /v3/b786339bbf064bd99f4dbd84c6a15c47/scheduler-stats/get_pools?detail=true => generated 668 bytes in 510 msecs (HTTP/1.1 200) 7 headers in 285 bytes (1 switches on core 0)
2026-08-19 22:04:00.061 7 INFO cinder.api.openstack.wsgi [None req-f1d818de-4de2-42df-86b0-325c56a43695 36d747c6bbda44cbaaf250431dcb38ac b786339bbf064bd99f4dbd84c6a15c47 - - default default] GET http://10.0.0.190:8776/
2026-08-19 22:04:00.062 8 INFO cinder.api.openstack.wsgi [None req-c8fafe2f-9bd0-49fa-921a-0b732cb92c1e 36d747c6bbda44cbaaf250431dcb38ac b786339bbf064bd99f4dbd84c6a15c47 - - default default] GET http://10.0.0.190:8776/
2026-08-19 22:04:00.062 7 INFO cinder.api.openstack.wsgi [None req-f1d818de-4de2-42df-86b0-325c56a43695 36d747c6bbda44cbaaf250431dcb38ac b786339bbf064bd99f4dbd84c6a15c47 - - default default] http://10.0.0.190:8776/ returned with HTTP 300
2026-08-19 22:04:00.063 8 INFO cinder.api.openstack.wsgi [None req-c8fafe2f-9bd0-49fa-921a-0b732cb92c1e 36d747c6bbda44cbaaf250431dcb38ac b786339bbf064bd99f4dbd84c6a15c47 - - default default] http://10.0.0.190:8776/ returned with HTTP 300
2026-08-19 22:04:10.061 8 INFO cinder.api.openstack.wsgi [None req-c8fafe2f-9bd0-49fa-921a-0b732cb92c1e 36d747c6bbda44cbaaf250431dcb38ac b786339bbf064bd99f4dbd84c6a15c47 - - default default] GET http://10.0.0.190:8776/
2026-08-19 22:04:10.061 7 INFO cinder.api.openstack.wsgi [None req-f1d818de-4de2-42df-86b0-325c56a43695 36d747c6bbda44cbaaf250431dcb38ac b786339bbf064bd99f4dbd84c6a15c47 - - default default] GET http://10.0.0.190:8776/
2026-08-19 22:04:10.062 8 INFO cinder.api.openstack.wsgi [None req-c8fafe2f-9bd0-49fa-921a-0b732cb92c1e 36d747c6bbda44cbaaf250431dcb38ac b786339bbf064bd99f4dbd84c6a15c47 - - default default] http://10.0.0.190:8776/ returned with HTTP 300
2026-08-19 22:04:10.063 7 INFO cinder.api.openstack.wsgi [None req-f1d818de-4de2-42df-86b0-325c56a43695 36d747c6bbda44cbaaf250431dcb38ac b786339bbf064bd99f4dbd84c6a15c47 - - default default] http://10.0.0.190:8776/ returned with HTTP 300
2026-08-19 22:04:20.061 7 INFO cinder.api.openstack.wsgi [None req-f1d818de-4de2-42df-86b0-325c56a43695 36d747c6bbda44cbaaf250431dcb38ac b786339bbf064bd99f4dbd84c6a15c47 - - default default] GET http://10.0.0.190:8776/
2026-08-19 22:04:20.062 7 INFO cinder.api.openstack.wsgi [None req-f1d818de-4de2-42df-86b0-325c56a43695 36d747c6bbda44cbaaf250431dcb38ac b786339bbf064bd99f4dbd84c6a15c47 - - default default] http://10.0.0.190:8776/ returned with HTTP 300
2026-08-19 22:04:20.061 8 INFO cinder.api.openstack.wsgi [None req-c8fafe2f-9bd0-49fa-921a-0b732cb92c1e 36d747c6bbda44cbaaf250431dcb38ac b786339bbf064bd99f4dbd84c6a15c47 - - default default] GET http://10.0.0.190:8776/
2026-08-19 22:04:20.063 8 INFO cinder.api.openstack.wsgi [None req-c8fafe2f-9bd0-49fa-921a-0b732cb92c1e 36d747c6bbda44cbaaf250431dcb38ac b786339bbf064bd99f4dbd84c6a15c47 - - default default] http://10.0.0.190:8776/ returned with HTTP 300
2026-08-19 22:04:30.061 7 INFO cinder.api.openstack.wsgi [None req-f1d818de-4de2-42df-86b0-325c56a43695 36d747c6bbda44cbaaf250431dcb38ac b786339bbf064bd99f4dbd84c6a15c47 - - default default] GET http://10.0.0.190:8776/
2026-08-19 22:04:30.061 8 INFO cinder.api.openstack.wsgi [None req-c8fafe2f-9bd0-49fa-921a-0b732cb92c1e 36d747c6bbda44cbaaf250431dcb38ac b786339bbf064bd99f4dbd84c6a15c47 - - default default] GET http://10.0.0.190:8776/
2026-08-19 22:04:30.062 7 INFO cinder.api.openstack.wsgi [None req-f1d818de-4de2-42df-86b0-325c56a43695 36d747c6bbda44cbaaf250431dcb38ac b786339bbf064bd99f4dbd84c6a15c47 - - default default] http://10.0.0.190:8776/ returned with HTTP 300
2026-08-19 22:04:30.064 8 INFO cinder.api.openstack.wsgi [None req-c8fafe2f-9bd0-49fa-921a-0b732cb92c1e 36d747c6bbda44cbaaf250431dcb38ac b786339bbf064bd99f4dbd84c6a15c47 - - default default] http://10.0.0.190:8776/ returned with HTTP 300
2026-08-19 22:04:30.572 7 INFO cinder.api.openstack.wsgi [None req-d8490d85-9444-436a-8023-2b2cab202d0d 36d747c6bbda44cbaaf250431dcb38ac b786339bbf064bd99f4dbd84c6a15c47 - - default default] POST http://cinder-api.openstack.svc.cluster.local:8776/v3/b786339bbf064bd99f4dbd84c6a15c47/volumes
2026-08-19 22:04:30.879 7 INFO cinder.api.v3.volumes [None req-d8490d85-9444-436a-8023-2b2cab202d0d 36d747c6bbda44cbaaf250431dcb38ac b786339bbf064bd99f4dbd84c6a15c47 - - default default] Create volume of 16 GB
2026-08-19 22:04:30.887 7 INFO cinder.volume.api [None req-d8490d85-9444-436a-8023-2b2cab202d0d 36d747c6bbda44cbaaf250431dcb38ac b786339bbf064bd99f4dbd84c6a15c47 - - default default] Availability Zones retrieved successfully.
2026-08-19 22:04:31.243 7 INFO cinder.volume.api [None req-d8490d85-9444-436a-8023-2b2cab202d0d 36d747c6bbda44cbaaf250431dcb38ac b786339bbf064bd99f4dbd84c6a15c47 - - default default] Create volume request issued successfully.
2026-08-19 22:04:31.244 7 INFO cinder.api.openstack.wsgi [None req-d8490d85-9444-436a-8023-2b2cab202d0d 36d747c6bbda44cbaaf250431dcb38ac b786339bbf064bd99f4dbd84c6a15c47 - - default default] http://cinder-api.openstack.svc.cluster.local:8776/v3/b786339bbf064bd99f4dbd84c6a15c47/volumes returned with HTTP 202 [pid: 7|app: 0|req: 510/1021] 199.19.213.226 () {34 vars in 734 bytes} [Wed Aug 19 22:04:30 2026] POST /v3/b786339bbf064bd99f4dbd84c6a15c47/volumes => generated 846 bytes in 838 msecs (HTTP/1.1 202) 7 headers in 291 bytes (1 switches on core 0)
2026-08-19 22:04:31.263 8 INFO cinder.api.openstack.wsgi [req-d8490d85-9444-436a-8023-2b2cab202d0d req-ff1f9461-033b-488a-9f39-c68e08832e7e 36d747c6bbda44cbaaf250431dcb38ac b786339bbf064bd99f4dbd84c6a15c47 - - default default] GET http://cinder-api.openstack.svc.cluster.local:8776/v3/b786339bbf064bd99f4dbd84c6a15c47/volumes/f9fd0ce2-49a2-4a15-8b28-4c3cbd5ab33b /var/lib/openstack/lib/python3.12/site-packages/oslo_context/context.py:101: DeprecationWarning: Policy enforcement is depending on the value of is_admin. This key is deprecated. Please update your policy file to use the standard policy values. warnings.warn(
2026-08-19 22:04:31.307 8 INFO cinder.volume.api [req-d8490d85-9444-436a-8023-2b2cab202d0d req-ff1f9461-033b-488a-9f39-c68e08832e7e 36d747c6bbda44cbaaf250431dcb38ac b786339bbf064bd99f4dbd84c6a15c47 - - default default] Volume info retrieved successfully.
2026-08-19 22:04:31.315 8 INFO cinder.api.openstack.wsgi [req-d8490d85-9444-436a-8023-2b2cab202d0d req-ff1f9461-033b-488a-9f39-c68e08832e7e 36d747c6bbda44cbaaf250431dcb38ac b786339bbf064bd99f4dbd84c6a15c47 - - default default] http://cinder-api.openstack.svc.cluster.local:8776/v3/b786339bbf064bd99f4dbd84c6a15c47/volumes/f9fd0ce2-49a2-4a15-8b28-4c3cbd5ab33b returned with HTTP 200 [pid: 8|app: 0|req: 512/1022] 199.19.213.226 () {32 vars in 825 bytes} [Wed Aug 19 22:04:31 2026] GET /v3/b786339bbf064bd99f4dbd84c6a15c47/volumes/f9fd0ce2-49a2-4a15-8b28-4c3cbd5ab33b => generated 1025 bytes in 65 msecs (HTTP/1.1 200) 7 headers in 286 bytes (1 switches on core 0) /var/lib/openstack/lib/python3.12/site-packages/pycadf/identifier.py:70: UserWarning: Invalid uuid: cinderv3. To ensure interoperability, identifiers should be a valid uuid. warnings.warn(('Invalid uuid: %s. To ensure interoperability, '
2026-08-19 22:04:36.334 7 INFO cinder.api.openstack.wsgi [req-d8490d85-9444-436a-8023-2b2cab202d0d req-68084a92-f359-46e4-bd17-c5759c856c7e 36d747c6bbda44cbaaf250431dcb38ac b786339bbf064bd99f4dbd84c6a15c47 - - default default] GET http://cinder-api.openstack.svc.cluster.local:8776/v3/b786339bbf064bd99f4dbd84c6a15c47/volumes/f9fd0ce2-49a2-4a15-8b28-4c3cbd5ab33b /var/lib/openstack/lib/python3.12/site-packages/oslo_context/context.py:101: DeprecationWarning: Policy enforcement is depending on the value of is_admin. This key is deprecated. Please update your policy file to use the standard policy values. warnings.warn(
2026-08-19 22:04:36.344 7 INFO cinder.volume.api [req-d8490d85-9444-436a-8023-2b2cab202d0d req-68084a92-f359-46e4-bd17-c5759c856c7e 36d747c6bbda44cbaaf250431dcb38ac b786339bbf064bd99f4dbd84c6a15c47 - - default default] Volume info retrieved successfully.
2026-08-19 22:04:36.348 7 INFO cinder.api.openstack.wsgi [req-d8490d85-9444-436a-8023-2b2cab202d0d req-68084a92-f359-46e4-bd17-c5759c856c7e 36d747c6bbda44cbaaf250431dcb38ac b786339bbf064bd99f4dbd84c6a15c47 - - default default] http://cinder-api.openstack.svc.cluster.local:8776/v3/b786339bbf064bd99f4dbd84c6a15c47/volumes/f9fd0ce2-49a2-4a15-8b28-4c3cbd5ab33b returned with HTTP 200 [pid: 7|app: 0|req: 511/1023] 199.19.213.226 () {32 vars in 825 bytes} [Wed Aug 19 22:04:36 2026] GET /v3/b786339bbf064bd99f4dbd84c6a15c47/volumes/f9fd0ce2-49a2-4a15-8b28-4c3cbd5ab33b => generated 1675 bytes in 21 msecs (HTTP/1.1 200) 7 headers in 286 bytes (1 switches on core 0) /var/lib/openstack/lib/python3.12/site-packages/pycadf/identifier.py:70: UserWarning: Invalid uuid: cinderv3. To ensure interoperability, identifiers should be a valid uuid. warnings.warn(('Invalid uuid: %s. To ensure interoperability, '
2026-08-19 22:04:36.989 8 INFO cinder.api.openstack.wsgi [req-d6744715-30c0-4be7-a15c-5db803478c4a req-867c9742-5749-45c3-b49e-6960e54faa15 36d747c6bbda44cbaaf250431dcb38ac b786339bbf064bd99f4dbd84c6a15c47 - - default default] GET http://cinder-api.openstack.svc.cluster.local:8776/v3/b786339bbf064bd99f4dbd84c6a15c47/volumes/f9fd0ce2-49a2-4a15-8b28-4c3cbd5ab33b /var/lib/openstack/lib/python3.12/site-packages/oslo_context/context.py:101: DeprecationWarning: Policy enforcement is depending on the value of is_admin. This key is deprecated. Please update your policy file to use the standard policy values. warnings.warn(
2026-08-19 22:04:37.007 8 INFO cinder.volume.api [req-d6744715-30c0-4be7-a15c-5db803478c4a req-867c9742-5749-45c3-b49e-6960e54faa15 36d747c6bbda44cbaaf250431dcb38ac b786339bbf064bd99f4dbd84c6a15c47 - - default default] Volume info retrieved successfully.
2026-08-19 22:04:37.013 8 INFO cinder.api.openstack.wsgi [req-d6744715-30c0-4be7-a15c-5db803478c4a req-867c9742-5749-45c3-b49e-6960e54faa15 36d747c6bbda44cbaaf250431dcb38ac b786339bbf064bd99f4dbd84c6a15c47 - - default default] http://cinder-api.openstack.svc.cluster.local:8776/v3/b786339bbf064bd99f4dbd84c6a15c47/volumes/f9fd0ce2-49a2-4a15-8b28-4c3cbd5ab33b returned with HTTP 200 [pid: 8|app: 0|req: 513/1024] 10.0.0.242 () {34 vars in 1028 bytes} [Wed Aug 19 22:04:36 2026] GET /v3/b786339bbf064bd99f4dbd84c6a15c47/volumes/f9fd0ce2-49a2-4a15-8b28-4c3cbd5ab33b => generated 1675 bytes in 34 msecs (HTTP/1.1 200) 7 headers in 286 bytes (1 switches on core 0) /var/lib/openstack/lib/python3.12/site-packages/pycadf/identifier.py:70: UserWarning: Invalid uuid: cinderv3. To ensure interoperability, identifiers should be a valid uuid. warnings.warn(('Invalid uuid: %s. To ensure interoperability, '
2026-08-19 22:04:37.474 7 INFO cinder.api.openstack.wsgi [req-d6744715-30c0-4be7-a15c-5db803478c4a req-f5970066-d450-46ce-bb4d-81112834eaa7 36d747c6bbda44cbaaf250431dcb38ac b786339bbf064bd99f4dbd84c6a15c47 - - default default] GET http://cinder-api.openstack.svc.cluster.local:8776/v3/b786339bbf064bd99f4dbd84c6a15c47/volumes/f9fd0ce2-49a2-4a15-8b28-4c3cbd5ab33b /var/lib/openstack/lib/python3.12/site-packages/oslo_context/context.py:101: DeprecationWarning: Policy enforcement is depending on the value of is_admin. This key is deprecated. Please update your policy file to use the standard policy values. warnings.warn(
2026-08-19 22:04:37.489 7 INFO cinder.volume.api [req-d6744715-30c0-4be7-a15c-5db803478c4a req-f5970066-d450-46ce-bb4d-81112834eaa7 36d747c6bbda44cbaaf250431dcb38ac b786339bbf064bd99f4dbd84c6a15c47 - - default default] Volume info retrieved successfully.
2026-08-19 22:04:37.494 7 INFO cinder.api.openstack.wsgi [req-d6744715-30c0-4be7-a15c-5db803478c4a req-f5970066-d450-46ce-bb4d-81112834eaa7 36d747c6bbda44cbaaf250431dcb38ac b786339bbf064bd99f4dbd84c6a15c47 - - default default] http://cinder-api.openstack.svc.cluster.local:8776/v3/b786339bbf064bd99f4dbd84c6a15c47/volumes/f9fd0ce2-49a2-4a15-8b28-4c3cbd5ab33b returned with HTTP 200 [pid: 7|app: 0|req: 512/1025] 10.0.0.242 () {34 vars in 1028 bytes} [Wed Aug 19 22:04:37 2026] GET /v3/b786339bbf064bd99f4dbd84c6a15c47/volumes/f9fd0ce2-49a2-4a15-8b28-4c3cbd5ab33b => generated 1675 bytes in 29 msecs (HTTP/1.1 200) 7 headers in 286 bytes (1 switches on core 0)
2026-08-19 22:04:37.505 8 INFO cinder.api.openstack.wsgi [req-d6744715-30c0-4be7-a15c-5db803478c4a req-867c9742-5749-45c3-b49e-6960e54faa15 36d747c6bbda44cbaaf250431dcb38ac b786339bbf064bd99f4dbd84c6a15c47 - - default default] GET http://cinder-api.openstack.svc.cluster.local:8776/
2026-08-19 22:04:37.506 8 INFO cinder.api.openstack.wsgi [req-d6744715-30c0-4be7-a15c-5db803478c4a req-867c9742-5749-45c3-b49e-6960e54faa15 36d747c6bbda44cbaaf250431dcb38ac b786339bbf064bd99f4dbd84c6a15c47 - - default default] http://cinder-api.openstack.svc.cluster.local:8776/ returned with HTTP 300 [pid: 8|app: 0|req: 514/1026] 10.0.0.242 () {32 vars in 829 bytes} [Wed Aug 19 22:04:37 2026] GET / => generated 411 bytes in 3 msecs (HTTP/1.1 300) 5 headers in 169 bytes (1 switches on core 0) /var/lib/openstack/lib/python3.12/site-packages/pycadf/identifier.py:70: UserWarning: Invalid uuid: cinderv3. To ensure interoperability, identifiers should be a valid uuid. warnings.warn(('Invalid uuid: %s. To ensure interoperability, '
2026-08-19 22:04:37.518 7 INFO cinder.api.openstack.wsgi [req-d6744715-30c0-4be7-a15c-5db803478c4a req-0c69f7d2-e35e-45be-bb9b-40546e11074e 36d747c6bbda44cbaaf250431dcb38ac b786339bbf064bd99f4dbd84c6a15c47 - - default default] POST http://cinder-api.openstack.svc.cluster.local:8776/v3/b786339bbf064bd99f4dbd84c6a15c47/attachments /var/lib/openstack/lib/python3.12/site-packages/oslo_context/context.py:101: DeprecationWarning: Policy enforcement is depending on the value of is_admin. This key is deprecated. Please update your policy file to use the standard policy values. warnings.warn(
2026-08-19 22:04:37.567 7 INFO cinder.api.openstack.wsgi [req-d6744715-30c0-4be7-a15c-5db803478c4a req-0c69f7d2-e35e-45be-bb9b-40546e11074e 36d747c6bbda44cbaaf250431dcb38ac b786339bbf064bd99f4dbd84c6a15c47 - - default default] http://cinder-api.openstack.svc.cluster.local:8776/v3/b786339bbf064bd99f4dbd84c6a15c47/attachments returned with HTTP 200 [pid: 7|app: 0|req: 513/1027] 10.0.0.242 () {40 vars in 1057 bytes} [Wed Aug 19 22:04:37 2026] POST /v3/b786339bbf064bd99f4dbd84c6a15c47/attachments => generated 273 bytes in 56 msecs (HTTP/1.1 200) 7 headers in 286 bytes (1 switches on core 0)
2026-08-19 22:04:40.062 8 INFO cinder.api.openstack.wsgi [req-d6744715-30c0-4be7-a15c-5db803478c4a req-867c9742-5749-45c3-b49e-6960e54faa15 36d747c6bbda44cbaaf250431dcb38ac b786339bbf064bd99f4dbd84c6a15c47 - - default default] GET http://10.0.0.190:8776/
2026-08-19 22:04:40.062 8 INFO cinder.api.openstack.wsgi [req-d6744715-30c0-4be7-a15c-5db803478c4a req-867c9742-5749-45c3-b49e-6960e54faa15 36d747c6bbda44cbaaf250431dcb38ac b786339bbf064bd99f4dbd84c6a15c47 - - default default] http://10.0.0.190:8776/ returned with HTTP 300
2026-08-19 22:04:40.062 7 INFO cinder.api.openstack.wsgi [req-d6744715-30c0-4be7-a15c-5db803478c4a req-0c69f7d2-e35e-45be-bb9b-40546e11074e 36d747c6bbda44cbaaf250431dcb38ac b786339bbf064bd99f4dbd84c6a15c47 - - default default] GET http://10.0.0.190:8776/
2026-08-19 22:04:40.064 7 INFO cinder.api.openstack.wsgi [req-d6744715-30c0-4be7-a15c-5db803478c4a req-0c69f7d2-e35e-45be-bb9b-40546e11074e 36d747c6bbda44cbaaf250431dcb38ac b786339bbf064bd99f4dbd84c6a15c47 - - default default] http://10.0.0.190:8776/ returned with HTTP 300 /var/lib/openstack/lib/python3.12/site-packages/pycadf/identifier.py:70: UserWarning: Invalid uuid: cinderv3. To ensure interoperability, identifiers should be a valid uuid. warnings.warn(('Invalid uuid: %s. To ensure interoperability, '
2026-08-19 22:04:41.388 8 INFO cinder.api.openstack.wsgi [req-d8490d85-9444-436a-8023-2b2cab202d0d req-b10e4b7a-7c75-4c54-8167-ae693feaeb84 36d747c6bbda44cbaaf250431dcb38ac b786339bbf064bd99f4dbd84c6a15c47 - - default default] GET http://cinder-api.openstack.svc.cluster.local:8776/v3/b786339bbf064bd99f4dbd84c6a15c47/volumes/f9fd0ce2-49a2-4a15-8b28-4c3cbd5ab33b /var/lib/openstack/lib/python3.12/site-packages/oslo_context/context.py:101: DeprecationWarning: Policy enforcement is depending on the value of is_admin. This key is deprecated. Please update your policy file to use the standard policy values. warnings.warn(
2026-08-19 22:04:41.409 8 INFO cinder.volume.api [req-d8490d85-9444-436a-8023-2b2cab202d0d req-b10e4b7a-7c75-4c54-8167-ae693feaeb84 36d747c6bbda44cbaaf250431dcb38ac b786339bbf064bd99f4dbd84c6a15c47 - - default default] Volume info retrieved successfully.
2026-08-19 22:04:41.415 8 INFO cinder.api.openstack.wsgi [req-d8490d85-9444-436a-8023-2b2cab202d0d req-b10e4b7a-7c75-4c54-8167-ae693feaeb84 36d747c6bbda44cbaaf250431dcb38ac b786339bbf064bd99f4dbd84c6a15c47 - - default default] http://cinder-api.openstack.svc.cluster.local:8776/v3/b786339bbf064bd99f4dbd84c6a15c47/volumes/f9fd0ce2-49a2-4a15-8b28-4c3cbd5ab33b returned with HTTP 200 [pid: 8|app: 0|req: 516/1030] 199.19.213.226 () {32 vars in 825 bytes} [Wed Aug 19 22:04:41 2026] GET /v3/b786339bbf064bd99f4dbd84c6a15c47/volumes/f9fd0ce2-49a2-4a15-8b28-4c3cbd5ab33b => generated 1674 bytes in 32 msecs (HTTP/1.1 200) 7 headers in 286 bytes (1 switches on core 0)
2026-08-19 22:04:42.962 7 INFO cinder.api.openstack.wsgi [req-d6744715-30c0-4be7-a15c-5db803478c4a req-0c69f7d2-e35e-45be-bb9b-40546e11074e 36d747c6bbda44cbaaf250431dcb38ac b786339bbf064bd99f4dbd84c6a15c47 - - default default] GET http://cinder-api.openstack.svc.cluster.local:8776/
2026-08-19 22:04:42.964 7 INFO cinder.api.openstack.wsgi [req-d6744715-30c0-4be7-a15c-5db803478c4a req-0c69f7d2-e35e-45be-bb9b-40546e11074e 36d747c6bbda44cbaaf250431dcb38ac b786339bbf064bd99f4dbd84c6a15c47 - - default default] http://cinder-api.openstack.svc.cluster.local:8776/ returned with HTTP 300 [pid: 7|app: 0|req: 515/1031] 199.19.213.226 () {32 vars in 840 bytes} [Wed Aug 19 22:04:42 2026] GET / => generated 411 bytes in 2 msecs (HTTP/1.1 300) 5 headers in 169 bytes (1 switches on core 0) /var/lib/openstack/lib/python3.12/site-packages/pycadf/identifier.py:70: UserWarning: Invalid uuid: cinderv3. To ensure interoperability, identifiers should be a valid uuid. warnings.warn(('Invalid uuid: %s. To ensure interoperability, '
2026-08-19 22:04:42.975 8 INFO cinder.api.openstack.wsgi [req-d6744715-30c0-4be7-a15c-5db803478c4a req-8dafad1f-67f8-417e-b1ca-eba286651c15 36d747c6bbda44cbaaf250431dcb38ac b786339bbf064bd99f4dbd84c6a15c47 - - default default] GET http://cinder-api.openstack.svc.cluster.local:8776/v3/b786339bbf064bd99f4dbd84c6a15c47/volumes/f9fd0ce2-49a2-4a15-8b28-4c3cbd5ab33b /var/lib/openstack/lib/python3.12/site-packages/oslo_context/context.py:101: DeprecationWarning: Policy enforcement is depending on the value of is_admin. This key is deprecated. Please update your policy file to use the standard policy values. warnings.warn(
2026-08-19 22:04:43.002 8 INFO cinder.volume.api [req-d6744715-30c0-4be7-a15c-5db803478c4a req-8dafad1f-67f8-417e-b1ca-eba286651c15 36d747c6bbda44cbaaf250431dcb38ac b786339bbf064bd99f4dbd84c6a15c47 - - default default] Volume info retrieved successfully.
2026-08-19 22:04:43.010 8 INFO cinder.api.openstack.wsgi [req-d6744715-30c0-4be7-a15c-5db803478c4a req-8dafad1f-67f8-417e-b1ca-eba286651c15 36d747c6bbda44cbaaf250431dcb38ac b786339bbf064bd99f4dbd84c6a15c47 - - default default] http://cinder-api.openstack.svc.cluster.local:8776/v3/b786339bbf064bd99f4dbd84c6a15c47/volumes/f9fd0ce2-49a2-4a15-8b28-4c3cbd5ab33b returned with HTTP 200 [pid: 8|app: 0|req: 517/1032] 199.19.213.226 () {36 vars in 1073 bytes} [Wed Aug 19 22:04:42 2026] GET /v3/b786339bbf064bd99f4dbd84c6a15c47/volumes/f9fd0ce2-49a2-4a15-8b28-4c3cbd5ab33b => generated 1898 bytes in 42 msecs (HTTP/1.1 200) 7 headers in 287 bytes (1 switches on core 0) /var/lib/openstack/lib/python3.12/site-packages/pycadf/identifier.py:70: UserWarning: Invalid uuid: cinderv3. To ensure interoperability, identifiers should be a valid uuid. warnings.warn(('Invalid uuid: %s. To ensure interoperability, '
2026-08-19 22:04:43.091 7 INFO cinder.api.openstack.wsgi [req-d6744715-30c0-4be7-a15c-5db803478c4a req-dffe341d-3d65-43f4-845d-b09fce02825e 36d747c6bbda44cbaaf250431dcb38ac b786339bbf064bd99f4dbd84c6a15c47 - - default default] PUT http://cinder-api.openstack.svc.cluster.local:8776/v3/b786339bbf064bd99f4dbd84c6a15c47/attachments/f4888221-3080-40eb-94d2-d84e0b440df1 /var/lib/openstack/lib/python3.12/site-packages/oslo_context/context.py:101: DeprecationWarning: Policy enforcement is depending on the value of is_admin. This key is deprecated. Please update your policy file to use the standard policy values. warnings.warn(
2026-08-19 22:04:43.624 7 INFO cinder.api.openstack.wsgi [req-d6744715-30c0-4be7-a15c-5db803478c4a req-dffe341d-3d65-43f4-845d-b09fce02825e 36d747c6bbda44cbaaf250431dcb38ac b786339bbf064bd99f4dbd84c6a15c47 - - default default] http://cinder-api.openstack.svc.cluster.local:8776/v3/b786339bbf064bd99f4dbd84c6a15c47/attachments/f4888221-3080-40eb-94d2-d84e0b440df1 returned with HTTP 200 [pid: 7|app: 0|req: 516/1033] 199.19.213.226 () {40 vars in 1135 bytes} [Wed Aug 19 22:04:43 2026] PUT /v3/b786339bbf064bd99f4dbd84c6a15c47/attachments/f4888221-3080-40eb-94d2-d84e0b440df1 => generated 802 bytes in 541 msecs (HTTP/1.1 200) 7 headers in 286 bytes (1 switches on core 0) /var/lib/openstack/lib/python3.12/site-packages/pycadf/identifier.py:70: UserWarning: Invalid uuid: cinderv3. To ensure interoperability, identifiers should be a valid uuid. warnings.warn(('Invalid uuid: %s. To ensure interoperability, '
2026-08-19 22:04:44.149 8 INFO cinder.api.openstack.wsgi [req-d6744715-30c0-4be7-a15c-5db803478c4a req-ac7d5d2b-d567-45b3-a921-1f4406dea290 36d747c6bbda44cbaaf250431dcb38ac b786339bbf064bd99f4dbd84c6a15c47 - - default default] POST http://cinder-api.openstack.svc.cluster.local:8776/v3/b786339bbf064bd99f4dbd84c6a15c47/attachments/f4888221-3080-40eb-94d2-d84e0b440df1/action /var/lib/openstack/lib/python3.12/site-packages/oslo_context/context.py:101: DeprecationWarning: Policy enforcement is depending on the value of is_admin. This key is deprecated. Please update your policy file to use the standard policy values. warnings.warn(
2026-08-19 22:04:44.188 8 INFO cinder.api.openstack.wsgi [req-d6744715-30c0-4be7-a15c-5db803478c4a req-ac7d5d2b-d567-45b3-a921-1f4406dea290 36d747c6bbda44cbaaf250431dcb38ac b786339bbf064bd99f4dbd84c6a15c47 - - default default] http://cinder-api.openstack.svc.cluster.local:8776/v3/b786339bbf064bd99f4dbd84c6a15c47/attachments/f4888221-3080-40eb-94d2-d84e0b440df1/action returned with HTTP 204 [pid: 8|app: 0|req: 518/1034] 199.19.213.226 () {40 vars in 1148 bytes} [Wed Aug 19 22:04:44 2026] POST /v3/b786339bbf064bd99f4dbd84c6a15c47/attachments/f4888221-3080-40eb-94d2-d84e0b440df1/action => generated 0 bytes in 47 msecs (HTTP/1.1 204) 7 headers in 292 bytes (1 switches on core 0) /var/lib/openstack/lib/python3.12/site-packages/pycadf/identifier.py:70: UserWarning: Invalid uuid: cinderv3. To ensure interoperability, identifiers should be a valid uuid. warnings.warn(('Invalid uuid: %s. To ensure interoperability, '
2026-08-19 22:04:44.230 7 INFO cinder.api.openstack.wsgi [req-d8490d85-9444-436a-8023-2b2cab202d0d req-1d8f29dd-08e2-409f-bb1c-d78cfddbc413 36d747c6bbda44cbaaf250431dcb38ac b786339bbf064bd99f4dbd84c6a15c47 - - default default] GET http://cinder-api.openstack.svc.cluster.local:8776/v3/b786339bbf064bd99f4dbd84c6a15c47/volumes/f9fd0ce2-49a2-4a15-8b28-4c3cbd5ab33b /var/lib/openstack/lib/python3.12/site-packages/oslo_context/context.py:101: DeprecationWarning: Policy enforcement is depending on the value of is_admin. This key is deprecated. Please update your policy file to use the standard policy values. warnings.warn(
2026-08-19 22:04:44.246 7 INFO cinder.volume.api [req-d8490d85-9444-436a-8023-2b2cab202d0d req-1d8f29dd-08e2-409f-bb1c-d78cfddbc413 36d747c6bbda44cbaaf250431dcb38ac b786339bbf064bd99f4dbd84c6a15c47 - - default default] Volume info retrieved successfully.
2026-08-19 22:04:44.251 7 INFO cinder.api.openstack.wsgi [req-d8490d85-9444-436a-8023-2b2cab202d0d req-1d8f29dd-08e2-409f-bb1c-d78cfddbc413 36d747c6bbda44cbaaf250431dcb38ac b786339bbf064bd99f4dbd84c6a15c47 - - default default] http://cinder-api.openstack.svc.cluster.local:8776/v3/b786339bbf064bd99f4dbd84c6a15c47/volumes/f9fd0ce2-49a2-4a15-8b28-4c3cbd5ab33b returned with HTTP 200 [pid: 7|app: 0|req: 517/1035] 199.19.213.226 () {32 vars in 825 bytes} [Wed Aug 19 22:04:44 2026] GET /v3/b786339bbf064bd99f4dbd84c6a15c47/volumes/f9fd0ce2-49a2-4a15-8b28-4c3cbd5ab33b => generated 1973 bytes in 29 msecs (HTTP/1.1 200) 7 headers in 286 bytes (1 switches on core 0) /var/lib/openstack/lib/python3.12/site-packages/pycadf/identifier.py:70: UserWarning: Invalid uuid: cinderv3. To ensure interoperability, identifiers should be a valid uuid. warnings.warn(('Invalid uuid: %s. To ensure interoperability, '
2026-08-19 22:04:47.571 8 INFO cinder.api.openstack.wsgi [req-d8490d85-9444-436a-8023-2b2cab202d0d req-fca4cdd4-ffac-4a26-a81c-23720efa9a34 36d747c6bbda44cbaaf250431dcb38ac b786339bbf064bd99f4dbd84c6a15c47 - - default default] GET http://cinder-api.openstack.svc.cluster.local:8776/v3/b786339bbf064bd99f4dbd84c6a15c47/volumes/f9fd0ce2-49a2-4a15-8b28-4c3cbd5ab33b /var/lib/openstack/lib/python3.12/site-packages/oslo_context/context.py:101: DeprecationWarning: Policy enforcement is depending on the value of is_admin. This key is deprecated. Please update your policy file to use the standard policy values. warnings.warn(
2026-08-19 22:04:47.592 8 INFO cinder.volume.api [req-d8490d85-9444-436a-8023-2b2cab202d0d req-fca4cdd4-ffac-4a26-a81c-23720efa9a34 36d747c6bbda44cbaaf250431dcb38ac b786339bbf064bd99f4dbd84c6a15c47 - - default default] Volume info retrieved successfully.
2026-08-19 22:04:47.598 8 INFO cinder.api.openstack.wsgi [req-d8490d85-9444-436a-8023-2b2cab202d0d req-fca4cdd4-ffac-4a26-a81c-23720efa9a34 36d747c6bbda44cbaaf250431dcb38ac b786339bbf064bd99f4dbd84c6a15c47 - - default default] http://cinder-api.openstack.svc.cluster.local:8776/v3/b786339bbf064bd99f4dbd84c6a15c47/volumes/f9fd0ce2-49a2-4a15-8b28-4c3cbd5ab33b returned with HTTP 200 [pid: 8|app: 0|req: 519/1036] 199.19.213.226 () {32 vars in 825 bytes} [Wed Aug 19 22:04:47 2026] GET /v3/b786339bbf064bd99f4dbd84c6a15c47/volumes/f9fd0ce2-49a2-4a15-8b28-4c3cbd5ab33b => generated 1973 bytes in 35 msecs (HTTP/1.1 200) 7 headers in 286 bytes (1 switches on core 0)
2026-08-19 22:04:50.063 7 INFO cinder.api.openstack.wsgi [req-d8490d85-9444-436a-8023-2b2cab202d0d req-1d8f29dd-08e2-409f-bb1c-d78cfddbc413 36d747c6bbda44cbaaf250431dcb38ac b786339bbf064bd99f4dbd84c6a15c47 - - default default] GET http://10.0.0.190:8776/
2026-08-19 22:04:50.063 8 INFO cinder.api.openstack.wsgi [req-d8490d85-9444-436a-8023-2b2cab202d0d req-fca4cdd4-ffac-4a26-a81c-23720efa9a34 36d747c6bbda44cbaaf250431dcb38ac b786339bbf064bd99f4dbd84c6a15c47 - - default default] GET http://10.0.0.190:8776/
2026-08-19 22:04:50.064 8 INFO cinder.api.openstack.wsgi [req-d8490d85-9444-436a-8023-2b2cab202d0d req-fca4cdd4-ffac-4a26-a81c-23720efa9a34 36d747c6bbda44cbaaf250431dcb38ac b786339bbf064bd99f4dbd84c6a15c47 - - default default] http://10.0.0.190:8776/ returned with HTTP 300
2026-08-19 22:04:50.068 7 INFO cinder.api.openstack.wsgi [req-d8490d85-9444-436a-8023-2b2cab202d0d req-1d8f29dd-08e2-409f-bb1c-d78cfddbc413 36d747c6bbda44cbaaf250431dcb38ac b786339bbf064bd99f4dbd84c6a15c47 - - default default] http://10.0.0.190:8776/ returned with HTTP 300 /var/lib/openstack/lib/python3.12/site-packages/pycadf/identifier.py:70: UserWarning: Invalid uuid: cinderv3. To ensure interoperability, identifiers should be a valid uuid. warnings.warn(('Invalid uuid: %s. To ensure interoperability, '
2026-08-19 22:04:52.595 8 INFO cinder.api.openstack.wsgi [req-d8490d85-9444-436a-8023-2b2cab202d0d req-d958626a-5517-4a2d-adfb-b59cebae7108 36d747c6bbda44cbaaf250431dcb38ac b786339bbf064bd99f4dbd84c6a15c47 - - default default] GET http://cinder-api.openstack.svc.cluster.local:8776/v3/b786339bbf064bd99f4dbd84c6a15c47/volumes/f9fd0ce2-49a2-4a15-8b28-4c3cbd5ab33b /var/lib/openstack/lib/python3.12/site-packages/oslo_context/context.py:101: DeprecationWarning: Policy enforcement is depending on the value of is_admin. This key is deprecated. Please update your policy file to use the standard policy values. warnings.warn(
2026-08-19 22:04:52.613 8 INFO cinder.volume.api [req-d8490d85-9444-436a-8023-2b2cab202d0d req-d958626a-5517-4a2d-adfb-b59cebae7108 36d747c6bbda44cbaaf250431dcb38ac b786339bbf064bd99f4dbd84c6a15c47 - - default default] Volume info retrieved successfully.
2026-08-19 22:04:52.618 8 INFO cinder.api.openstack.wsgi [req-d8490d85-9444-436a-8023-2b2cab202d0d req-d958626a-5517-4a2d-adfb-b59cebae7108 36d747c6bbda44cbaaf250431dcb38ac b786339bbf064bd99f4dbd84c6a15c47 - - default default] http://cinder-api.openstack.svc.cluster.local:8776/v3/b786339bbf064bd99f4dbd84c6a15c47/volumes/f9fd0ce2-49a2-4a15-8b28-4c3cbd5ab33b returned with HTTP 200 [pid: 8|app: 0|req: 521/1039] 199.19.213.226 () {32 vars in 825 bytes} [Wed Aug 19 22:04:52 2026] GET /v3/b786339bbf064bd99f4dbd84c6a15c47/volumes/f9fd0ce2-49a2-4a15-8b28-4c3cbd5ab33b => generated 1973 bytes in 30 msecs (HTTP/1.1 200) 7 headers in 286 bytes (1 switches on core 0) /var/lib/openstack/lib/python3.12/site-packages/pycadf/identifier.py:70: UserWarning: Invalid uuid: cinderv3. To ensure interoperability, identifiers should be a valid uuid. warnings.warn(('Invalid uuid: %s. To ensure interoperability, '
2026-08-19 22:04:53.440 7 INFO cinder.api.openstack.wsgi [None req-1f7a3a4b-f188-4adf-a33d-9674d3836510 36d747c6bbda44cbaaf250431dcb38ac b786339bbf064bd99f4dbd84c6a15c47 - - default default] GET http://cinder-api.openstack.svc.cluster.local:8776/v3/b786339bbf064bd99f4dbd84c6a15c47/os-services
2026-08-19 22:04:53.447 7 INFO cinder.api.openstack.wsgi [None req-1f7a3a4b-f188-4adf-a33d-9674d3836510 36d747c6bbda44cbaaf250431dcb38ac b786339bbf064bd99f4dbd84c6a15c47 - - default default] http://cinder-api.openstack.svc.cluster.local:8776/v3/b786339bbf064bd99f4dbd84c6a15c47/os-services returned with HTTP 200 [pid: 7|app: 0|req: 519/1040] 10.0.0.204 () {28 vars in 645 bytes} [Wed Aug 19 22:04:53 2026] GET /v3/b786339bbf064bd99f4dbd84c6a15c47/os-services => generated 646 bytes in 110 msecs (HTTP/1.1 200) 7 headers in 285 bytes (1 switches on core 0) /var/lib/openstack/lib/python3.12/site-packages/pycadf/identifier.py:70: UserWarning: Invalid uuid: cinderv3. To ensure interoperability, identifiers should be a valid uuid. warnings.warn(('Invalid uuid: %s. To ensure interoperability, '
2026-08-19 22:04:53.456 8 INFO cinder.api.openstack.wsgi [None req-22c0cdf6-221e-4502-86a9-f698eac46382 36d747c6bbda44cbaaf250431dcb38ac b786339bbf064bd99f4dbd84c6a15c47 - - default default] GET http://cinder-api.openstack.svc.cluster.local:8776/v3/b786339bbf064bd99f4dbd84c6a15c47/volumes/detail?all_tenants=true
2026-08-19 22:04:53.473 8 INFO cinder.volume.api [None req-22c0cdf6-221e-4502-86a9-f698eac46382 36d747c6bbda44cbaaf250431dcb38ac b786339bbf064bd99f4dbd84c6a15c47 - - default default] Get all volumes completed successfully. /var/lib/openstack/lib/python3.12/site-packages/oslo_context/context.py:101: DeprecationWarning: Policy enforcement is depending on the value of is_admin. This key is deprecated. Please update your policy file to use the standard policy values. warnings.warn(
2026-08-19 22:04:53.479 8 INFO cinder.api.openstack.wsgi [None req-22c0cdf6-221e-4502-86a9-f698eac46382 36d747c6bbda44cbaaf250431dcb38ac b786339bbf064bd99f4dbd84c6a15c47 - - default default] http://cinder-api.openstack.svc.cluster.local:8776/v3/b786339bbf064bd99f4dbd84c6a15c47/volumes/detail?all_tenants=true returned with HTTP 200 [pid: 8|app: 0|req: 522/1041] 10.0.0.204 () {28 vars in 684 bytes} [Wed Aug 19 22:04:53 2026] GET /v3/b786339bbf064bd99f4dbd84c6a15c47/volumes/detail?all_tenants=true => generated 1976 bytes in 28 msecs (HTTP/1.1 200) 7 headers in 286 bytes (1 switches on core 0)
2026-08-19 22:04:53.491 7 INFO cinder.api.openstack.wsgi [None req-c020045b-c4aa-4dbe-b90e-8e1802674bfe 36d747c6bbda44cbaaf250431dcb38ac b786339bbf064bd99f4dbd84c6a15c47 - - default default] GET http://cinder-api.openstack.svc.cluster.local:8776/v3/b786339bbf064bd99f4dbd84c6a15c47/snapshots?all_tenants=true
2026-08-19 22:04:53.510 7 INFO cinder.volume.api [None req-c020045b-c4aa-4dbe-b90e-8e1802674bfe 36d747c6bbda44cbaaf250431dcb38ac b786339bbf064bd99f4dbd84c6a15c47 - - default default] Get all snapshots completed successfully.
2026-08-19 22:04:53.510 7 INFO cinder.api.openstack.wsgi [None req-c020045b-c4aa-4dbe-b90e-8e1802674bfe 36d747c6bbda44cbaaf250431dcb38ac b786339bbf064bd99f4dbd84c6a15c47 - - default default] http://cinder-api.openstack.svc.cluster.local:8776/v3/b786339bbf064bd99f4dbd84c6a15c47/snapshots?all_tenants=true returned with HTTP 200 [pid: 7|app: 0|req: 520/1042] 10.0.0.204 () {28 vars in 674 bytes} [Wed Aug 19 22:04:53 2026] GET /v3/b786339bbf064bd99f4dbd84c6a15c47/snapshots?all_tenants=true => generated 17 bytes in 27 msecs (HTTP/1.1 200) 7 headers in 284 bytes (1 switches on core 0) /var/lib/openstack/lib/python3.12/site-packages/pycadf/identifier.py:70: UserWarning: Invalid uuid: cinderv3. To ensure interoperability, identifiers should be a valid uuid. warnings.warn(('Invalid uuid: %s. To ensure interoperability, '
2026-08-19 22:04:53.534 8 INFO cinder.api.openstack.wsgi [None req-8b22efc3-54d3-45c3-9cc4-f815850f009e 36d747c6bbda44cbaaf250431dcb38ac b786339bbf064bd99f4dbd84c6a15c47 - - default default] GET http://cinder-api.openstack.svc.cluster.local:8776/v3/b786339bbf064bd99f4dbd84c6a15c47/volumes/detail?all_tenants=true
2026-08-19 22:04:53.582 8 INFO cinder.volume.api [None req-8b22efc3-54d3-45c3-9cc4-f815850f009e 36d747c6bbda44cbaaf250431dcb38ac b786339bbf064bd99f4dbd84c6a15c47 - - default default] Get all volumes completed successfully. /var/lib/openstack/lib/python3.12/site-packages/oslo_context/context.py:101: DeprecationWarning: Policy enforcement is depending on the value of is_admin. This key is deprecated. Please update your policy file to use the standard policy values. warnings.warn(
2026-08-19 22:04:53.588 8 INFO cinder.api.openstack.wsgi [None req-8b22efc3-54d3-45c3-9cc4-f815850f009e 36d747c6bbda44cbaaf250431dcb38ac b786339bbf064bd99f4dbd84c6a15c47 - - default default] http://cinder-api.openstack.svc.cluster.local:8776/v3/b786339bbf064bd99f4dbd84c6a15c47/volumes/detail?all_tenants=true returned with HTTP 200 [pid: 8|app: 0|req: 523/1043] 10.0.0.204 () {28 vars in 684 bytes} [Wed Aug 19 22:04:53 2026] GET /v3/b786339bbf064bd99f4dbd84c6a15c47/volumes/detail?all_tenants=true => generated 1976 bytes in 58 msecs (HTTP/1.1 200) 7 headers in 286 bytes (1 switches on core 0)
2026-08-19 22:04:53.601 7 INFO cinder.api.openstack.wsgi [None req-e38df169-25ac-4180-afb8-73ce1f559846 36d747c6bbda44cbaaf250431dcb38ac b786339bbf064bd99f4dbd84c6a15c47 - - default default] GET http://cinder-api.openstack.svc.cluster.local:8776/v3/b786339bbf064bd99f4dbd84c6a15c47/scheduler-stats/get_pools?detail=true
2026-08-19 22:04:54.104 7 INFO cinder.api.openstack.wsgi [None req-e38df169-25ac-4180-afb8-73ce1f559846 36d747c6bbda44cbaaf250431dcb38ac b786339bbf064bd99f4dbd84c6a15c47 - - default default] http://cinder-api.openstack.svc.cluster.local:8776/v3/b786339bbf064bd99f4dbd84c6a15c47/scheduler-stats/get_pools?detail=true returned with HTTP 200 [pid: 7|app: 0|req: 521/1044] 10.0.0.204 () {28 vars in 696 bytes} [Wed Aug 19 22:04:53 2026] GET /v3/b786339bbf064bd99f4dbd84c6a15c47/scheduler-stats/get_pools?detail=true => generated 668 bytes in 512 msecs (HTTP/1.1 200) 7 headers in 285 bytes (1 switches on core 0) /var/lib/openstack/lib/python3.12/site-packages/pycadf/identifier.py:70: UserWarning: Invalid uuid: cinderv3. To ensure interoperability, identifiers should be a valid uuid. warnings.warn(('Invalid uuid: %s. To ensure interoperability, '
2026-08-19 22:04:54.163 8 INFO cinder.api.openstack.wsgi [None req-a1ab1b53-be0c-4d4b-881c-b74ee0e265aa 36d747c6bbda44cbaaf250431dcb38ac b786339bbf064bd99f4dbd84c6a15c47 - - default default] GET http://cinder-api.openstack.svc.cluster.local:8776/v3/b786339bbf064bd99f4dbd84c6a15c47/os-quota-sets/0d58164e3c1c4805b339baf72a683bad?usage=true
2026-08-19 22:04:54.192 8 INFO cinder.api.openstack.wsgi [None req-a1ab1b53-be0c-4d4b-881c-b74ee0e265aa 36d747c6bbda44cbaaf250431dcb38ac b786339bbf064bd99f4dbd84c6a15c47 - - default default] http://cinder-api.openstack.svc.cluster.local:8776/v3/b786339bbf064bd99f4dbd84c6a15c47/os-quota-sets/0d58164e3c1c4805b339baf72a683bad?usage=true returned with HTTP 200 [pid: 8|app: 0|req: 524/1045] 10.0.0.204 () {28 vars in 736 bytes} [Wed Aug 19 22:04:54 2026] GET /v3/b786339bbf064bd99f4dbd84c6a15c47/os-quota-sets/0d58164e3c1c4805b339baf72a683bad?usage=true => generated 847 bytes in 35 msecs (HTTP/1.1 200) 7 headers in 285 bytes (1 switches on core 0)
2026-08-19 22:04:54.214 7 INFO cinder.api.openstack.wsgi [None req-829b86b0-cf63-4404-958d-f14cef64f2e0 36d747c6bbda44cbaaf250431dcb38ac b786339bbf064bd99f4dbd84c6a15c47 - - default default] GET http://cinder-api.openstack.svc.cluster.local:8776/v3/b786339bbf064bd99f4dbd84c6a15c47/os-quota-sets/350759f9ffe14971a61e2ba1f3a904c5?usage=true
2026-08-19 22:04:54.233 7 INFO cinder.api.openstack.wsgi [None req-829b86b0-cf63-4404-958d-f14cef64f2e0 36d747c6bbda44cbaaf250431dcb38ac b786339bbf064bd99f4dbd84c6a15c47 - - default default] http://cinder-api.openstack.svc.cluster.local:8776/v3/b786339bbf064bd99f4dbd84c6a15c47/os-quota-sets/350759f9ffe14971a61e2ba1f3a904c5?usage=true returned with HTTP 200 [pid: 7|app: 0|req: 522/1046] 10.0.0.204 () {28 vars in 736 bytes} [Wed Aug 19 22:04:54 2026] GET /v3/b786339bbf064bd99f4dbd84c6a15c47/os-quota-sets/350759f9ffe14971a61e2ba1f3a904c5?usage=true => generated 847 bytes in 32 msecs (HTTP/1.1 200) 7 headers in 285 bytes (1 switches on core 0)
2026-08-19 22:04:54.244 8 INFO cinder.api.openstack.wsgi [None req-763b92a1-8222-4673-9ffa-a0664bac3426 36d747c6bbda44cbaaf250431dcb38ac b786339bbf064bd99f4dbd84c6a15c47 - - default default] GET http://cinder-api.openstack.svc.cluster.local:8776/v3/b786339bbf064bd99f4dbd84c6a15c47/os-quota-sets/39b6d7b8104c4683ac68d471e9bfbbf8?usage=true
2026-08-19 22:04:54.296 8 INFO cinder.api.openstack.wsgi [None req-763b92a1-8222-4673-9ffa-a0664bac3426 36d747c6bbda44cbaaf250431dcb38ac b786339bbf064bd99f4dbd84c6a15c47 - - default default] http://cinder-api.openstack.svc.cluster.local:8776/v3/b786339bbf064bd99f4dbd84c6a15c47/os-quota-sets/39b6d7b8104c4683ac68d471e9bfbbf8?usage=true returned with HTTP 200 [pid: 8|app: 0|req: 525/1047] 10.0.0.204 () {28 vars in 736 bytes} [Wed Aug 19 22:04:54 2026] GET /v3/b786339bbf064bd99f4dbd84c6a15c47/os-quota-sets/39b6d7b8104c4683ac68d471e9bfbbf8?usage=true => generated 847 bytes in 58 msecs (HTTP/1.1 200) 7 headers in 285 bytes (1 switches on core 0)
2026-08-19 22:04:54.311 7 INFO cinder.api.openstack.wsgi [None req-9db4a2f6-de4e-4746-8d96-f9cf7211b0e2 36d747c6bbda44cbaaf250431dcb38ac b786339bbf064bd99f4dbd84c6a15c47 - - default default] GET http://cinder-api.openstack.svc.cluster.local:8776/v3/b786339bbf064bd99f4dbd84c6a15c47/os-quota-sets/4ac86f64c9334ead8108daf4b58c6284?usage=true
2026-08-19 22:04:54.360 7 INFO cinder.api.openstack.wsgi [None req-9db4a2f6-de4e-4746-8d96-f9cf7211b0e2 36d747c6bbda44cbaaf250431dcb38ac b786339bbf064bd99f4dbd84c6a15c47 - - default default] http://cinder-api.openstack.svc.cluster.local:8776/v3/b786339bbf064bd99f4dbd84c6a15c47/os-quota-sets/4ac86f64c9334ead8108daf4b58c6284?usage=true returned with HTTP 200 [pid: 7|app: 0|req: 523/1048] 10.0.0.204 () {28 vars in 736 bytes} [Wed Aug 19 22:04:54 2026] GET /v3/b786339bbf064bd99f4dbd84c6a15c47/os-quota-sets/4ac86f64c9334ead8108daf4b58c6284?usage=true => generated 847 bytes in 60 msecs (HTTP/1.1 200) 7 headers in 285 bytes (1 switches on core 0)
