2026-05-27 07:14:43.767 10 INFO neutron.wsgi [req-d2f15d51-096f-46cc-a63e-7b433c541e4b req-bdd8d754-f227-4f2e-8430-51c5ebb01200 d60afe4e01e84288a404987e4bd5c698 56d468dc8ddf49838e69b76d0f0b1077 - - default default] 199.204.45.244 "GET /v2.0/ports?device_id=bfa1528c-78dd-48a0-bab0-0a97f174f16e&device_owner=compute%3Anova&fixed_ips=ip_address%3D10.100.0.3 HTTP/1.1" status: 200 len: 1352 time: 0.0757630
2026-05-27 07:14:43.784 10 INFO neutron.db.ovn_revision_numbers_db [None req-4f498e2f-b5f8-4caa-94ae-eede1455576d 49d1c7e7502c4c6b97f54e8f4f212323 14388796f3654fe08055252b4966ed29 - - default default] Successfully bumped revision number for resource 63d86bb2-2d76-4ba7-8505-16cdb762f23f (type: security_group_rules) to 0
2026-05-27 07:14:43.786 9 INFO neutron.wsgi [None req-1b936bcc-c590-4ac4-9ada-58fe0d142651 fb01ac1aa07442c7b07dc097863d04b0 afc4dc9f5374419d8e14ee79001c264e - - default default] 10.0.0.78 "POST /v2.0/networks HTTP/1.1" status: 201 len: 835 time: 0.6339028
2026-05-27 07:14:43.801 9 WARNING neutron_lib.context [None req-fd0d63dd-4782-4f2d-89a4-6e21b441096f fb01ac1aa07442c7b07dc097863d04b0 afc4dc9f5374419d8e14ee79001c264e - - default default] Method 'is_advsvc' is deprecated since 2023.2 release (neutron-lib 3.8.0) and will be removed once support for the old RBAC API policies will be removed from Neutron. Please use method 'is_service_role' instead.
2026-05-27 07:14:43.828 10 INFO neutron.db.ovn_revision_numbers_db [None req-4f498e2f-b5f8-4caa-94ae-eede1455576d 49d1c7e7502c4c6b97f54e8f4f212323 14388796f3654fe08055252b4966ed29 - - default default] Successfully bumped revision number for resource a0c5c551-eaa9-4e89-99bf-2589ff7c3a88 (type: security_group_rules) to 0
2026-05-27 07:14:43.853 10 INFO neutron.wsgi [req-85c96894-45cc-4a3c-a26c-ff8e0615fe8c req-d1608e9f-39e7-4e6a-b0b0-120b8209711d a5c8275f38214efda37749036ebd8925 3129efd5ad1844b49b6f4fc9c0e097f2 - - default default] 10.0.0.171 "GET /v2.0/security-groups?id=c94963bb-338f-4dc8-a387-93d6404cc97e&fields=id&fields=name HTTP/1.1" status: 200 len: 313 time: 0.0858724
2026-05-27 07:14:43.859 10 INFO neutron.db.ovn_revision_numbers_db [None req-4f498e2f-b5f8-4caa-94ae-eede1455576d 49d1c7e7502c4c6b97f54e8f4f212323 14388796f3654fe08055252b4966ed29 - - default default] Successfully bumped revision number for resource fe17f0d7-21af-4a56-9bba-8e0b066b5f5f (type: security_group_rules) to 0
2026-05-27 07:14:43.888 10 INFO neutron.wsgi [None req-4f498e2f-b5f8-4caa-94ae-eede1455576d 49d1c7e7502c4c6b97f54e8f4f212323 14388796f3654fe08055252b4966ed29 - - default default] 10.0.0.78 "GET /v2.0/security-groups?tenant_id=cd2bf381cf4649a5b01b86f8d5e25d68&name=default HTTP/1.1" status: 200 len: 3120 time: 0.6005013
2026-05-27 07:14:43.971 10 INFO neutron.wsgi [req-8db5a6bb-3e26-48b5-8bdf-aecc9324fc1b req-634dc688-5ce8-42d7-8caf-68228b77e5a7 a5c8275f38214efda37749036ebd8925 3129efd5ad1844b49b6f4fc9c0e097f2 - - default default] 10.0.0.171 "GET /v2.0/ports?device_id=aa0db1b8-1eac-4723-93ee-746c627452d8 HTTP/1.1" status: 200 len: 1170 time: 0.0448487
2026-05-27 07:14:44.204 9 WARNING neutron.scheduler.dhcp_agent_scheduler [None req-fd0d63dd-4782-4f2d-89a4-6e21b441096f fb01ac1aa07442c7b07dc097863d04b0 afc4dc9f5374419d8e14ee79001c264e - - default default] No more DHCP agents
2026-05-27 07:14:44.215 9 WARNING neutron.api.rpc.agentnotifiers.dhcp_rpc_agent_api [None req-fd0d63dd-4782-4f2d-89a4-6e21b441096f fb01ac1aa07442c7b07dc097863d04b0 afc4dc9f5374419d8e14ee79001c264e - - default default] Unable to schedule network 2826f482-a0e2-4fdd-b03e-cb74a3c45246: no agents available; will retry on subsequent port and subnet creation events.
2026-05-27 07:14:44.269 10 INFO neutron.wsgi [req-51f9693c-6485-484b-a5d7-683897c1a4f4 req-cb5af017-7b73-44ff-b6ef-5f2a68e779a5 f6e127efe92449f1b7570ccc7a7e1f09 e7c7f8f054f546618b8e4c049ddcd3b2 - - 2ce922d5462c4e70a7bbd2870c916094 2ce922d5462c4e70a7bbd2870c916094] 199.204.45.244 "GET /v2.0/ports?device_id=bfa1528c-78dd-48a0-bab0-0a97f174f16e&fields=binding%3Ahost_id&fields=binding%3Avif_type HTTP/1.1" status: 200 len: 265 time: 0.0584586
2026-05-27 07:14:44.309 9 INFO neutron.db.ovn_revision_numbers_db [None req-fd0d63dd-4782-4f2d-89a4-6e21b441096f fb01ac1aa07442c7b07dc097863d04b0 afc4dc9f5374419d8e14ee79001c264e - - default default] Successfully bumped revision number for resource 6f33e1e0-f4bd-46e8-aa1b-7ff7a3d9fb1e (type: subnets) to 0
2026-05-27 07:14:44.339 9 INFO neutron.wsgi [None req-fd0d63dd-4782-4f2d-89a4-6e21b441096f fb01ac1aa07442c7b07dc097863d04b0 afc4dc9f5374419d8e14ee79001c264e - - default default] 10.0.0.78 "POST /v2.0/subnets HTTP/1.1" status: 201 len: 821 time: 0.5423837
2026-05-27 07:14:44.353 9 WARNING neutron_lib.context [None req-422b1b17-9939-4de3-a752-6165f271214b fb01ac1aa07442c7b07dc097863d04b0 afc4dc9f5374419d8e14ee79001c264e - - default default] Method 'is_advsvc' is deprecated since 2023.2 release (neutron-lib 3.8.0) and will be removed once support for the old RBAC API policies will be removed from Neutron. Please use method 'is_service_role' instead.
2026-05-27 07:14:44.430 10 INFO neutron.db.ovn_revision_numbers_db [req-d2f15d51-096f-46cc-a63e-7b433c541e4b req-0f4c92bc-0ac3-40d0-aad0-4c18f02bf9f1 d60afe4e01e84288a404987e4bd5c698 56d468dc8ddf49838e69b76d0f0b1077 - - default default] Successfully bumped revision number for resource e118df96-f6f0-4c69-8de5-3e6907478ed2 (type: ports) to 6
2026-05-27 07:14:44.445 10 INFO neutron.wsgi [req-d2f15d51-096f-46cc-a63e-7b433c541e4b req-0f4c92bc-0ac3-40d0-aad0-4c18f02bf9f1 d60afe4e01e84288a404987e4bd5c698 56d468dc8ddf49838e69b76d0f0b1077 - - default default] 199.204.45.244 "PUT /v2.0/ports/e118df96-f6f0-4c69-8de5-3e6907478ed2 HTTP/1.1" status: 200 len: 1171 time: 0.6714225
2026-05-27 07:14:44.470 9 INFO neutron.wsgi [None req-58257eda-e4f1-49a9-bc9c-07eb75743517 49d1c7e7502c4c6b97f54e8f4f212323 14388796f3654fe08055252b4966ed29 - - default default] 10.0.0.78 "DELETE /v2.0/security-groups/6ee0f24b-1bf2-4c81-b2ce-97de66450945 HTTP/1.1" status: 204 len: 168 time: 0.5748839 /var/lib/openstack/lib/python3.10/site-packages/pycadf/identifier.py:71: UserWarning: Invalid uuid: neutron. To ensure interoperability, identifiers should be a valid uuid. warnings.warn(('Invalid uuid: %s. To ensure interoperability, '
2026-05-27 07:14:44.536 10 INFO neutron.wsgi [req-d2f15d51-096f-46cc-a63e-7b433c541e4b req-e9d477f7-4a39-403e-b999-30ec1c4dedf0 f6e127efe92449f1b7570ccc7a7e1f09 e7c7f8f054f546618b8e4c049ddcd3b2 - - 2ce922d5462c4e70a7bbd2870c916094 2ce922d5462c4e70a7bbd2870c916094] 199.204.45.244 "GET /v2.0/ports?tenant_id=56d468dc8ddf49838e69b76d0f0b1077&device_id=bfa1528c-78dd-48a0-bab0-0a97f174f16e HTTP/1.1" status: 200 len: 1413 time: 0.0623026
2026-05-27 07:14:44.615 10 INFO neutron.wsgi [req-d2f15d51-096f-46cc-a63e-7b433c541e4b req-8f8c517f-466c-4e5b-858c-8c25ab2fa1fd f6e127efe92449f1b7570ccc7a7e1f09 e7c7f8f054f546618b8e4c049ddcd3b2 - - 2ce922d5462c4e70a7bbd2870c916094 2ce922d5462c4e70a7bbd2870c916094] 199.204.45.244 "GET /v2.0/networks?id=067451b6-85f7-4348-b686-0f795fe55700 HTTP/1.1" status: 200 len: 982 time: 0.0703905
2026-05-27 07:14:44.684 10 INFO neutron.wsgi [req-d2f15d51-096f-46cc-a63e-7b433c541e4b req-4a643f86-6a0d-4c62-a9fe-eba254ca77e1 f6e127efe92449f1b7570ccc7a7e1f09 e7c7f8f054f546618b8e4c049ddcd3b2 - - 2ce922d5462c4e70a7bbd2870c916094 2ce922d5462c4e70a7bbd2870c916094] 199.204.45.244 "GET /v2.0/floatingips?fixed_ip_address=10.100.0.11&port_id=e118df96-f6f0-4c69-8de5-3e6907478ed2 HTTP/1.1" status: 200 len: 1060 time: 0.0605974
2026-05-27 07:14:44.693 10 INFO neutron.notifiers.nova [-] Nova event matching ['req-cddfca19-ba7a-4689-a37f-9ab12de9f64a'] response: {'name': 'network-changed', 'server_uuid': 'bfa1528c-78dd-48a0-bab0-0a97f174f16e', 'tag': 'e118df96-f6f0-4c69-8de5-3e6907478ed2', 'status': 'completed', 'code': 200}
2026-05-27 07:14:44.782 10 INFO neutron.wsgi [req-d2f15d51-096f-46cc-a63e-7b433c541e4b req-2d3b12d8-2eb3-4e50-a512-f272cb84af21 f6e127efe92449f1b7570ccc7a7e1f09 e7c7f8f054f546618b8e4c049ddcd3b2 - - 2ce922d5462c4e70a7bbd2870c916094 2ce922d5462c4e70a7bbd2870c916094] 199.204.45.244 "GET /v2.0/subnets?id=8a9523ba-7234-48ca-8c1f-e264a5411041 HTTP/1.1" status: 200 len: 877 time: 0.0868869 /var/lib/openstack/lib/python3.10/site-packages/pycadf/identifier.py:71: UserWarning: Invalid uuid: neutron. To ensure interoperability, identifiers should be a valid uuid. warnings.warn(('Invalid uuid: %s. To ensure interoperability, '
2026-05-27 07:14:44.811 9 INFO neutron.db.ovn_revision_numbers_db [None req-7b072a38-77b6-4652-8831-be52d2303482 a5c8275f38214efda37749036ebd8925 3129efd5ad1844b49b6f4fc9c0e097f2 - - default default] Successfully bumped revision number for resource c0295e13-5f35-46d9-9796-ce554124075c (type: floatingips) to 1
2026-05-27 07:14:44.819 10 INFO neutron.wsgi [req-d2f15d51-096f-46cc-a63e-7b433c541e4b req-d4d89a3b-6ec6-435c-86f8-ceb98b97832a f6e127efe92449f1b7570ccc7a7e1f09 e7c7f8f054f546618b8e4c049ddcd3b2 - - 2ce922d5462c4e70a7bbd2870c916094 2ce922d5462c4e70a7bbd2870c916094] 199.204.45.244 "GET /v2.0/ports?network_id=067451b6-85f7-4348-b686-0f795fe55700&device_owner=network%3Adhcp HTTP/1.1" status: 200 len: 210 time: 0.0297096
2026-05-27 07:14:44.858 9 WARNING neutron.scheduler.dhcp_agent_scheduler [None req-422b1b17-9939-4de3-a752-6165f271214b fb01ac1aa07442c7b07dc097863d04b0 afc4dc9f5374419d8e14ee79001c264e - - default default] No more DHCP agents
2026-05-27 07:14:44.864 9 WARNING neutron.api.rpc.agentnotifiers.dhcp_rpc_agent_api [None req-422b1b17-9939-4de3-a752-6165f271214b fb01ac1aa07442c7b07dc097863d04b0 afc4dc9f5374419d8e14ee79001c264e - - default default] Unable to schedule network 2826f482-a0e2-4fdd-b03e-cb74a3c45246: no agents available; will retry on subsequent port and subnet creation events.
2026-05-27 07:14:44.905 10 INFO neutron.wsgi [req-d2f15d51-096f-46cc-a63e-7b433c541e4b req-fe5e52ae-4148-4f97-8fd0-29d560188005 f6e127efe92449f1b7570ccc7a7e1f09 e7c7f8f054f546618b8e4c049ddcd3b2 - - 2ce922d5462c4e70a7bbd2870c916094 2ce922d5462c4e70a7bbd2870c916094] 199.204.45.244 "GET /v2.0/networks/067451b6-85f7-4348-b686-0f795fe55700?fields=segments HTTP/1.1" status: 200 len: 212 time: 0.0778050
2026-05-27 07:14:45.004 10 INFO neutron.wsgi [req-d2f15d51-096f-46cc-a63e-7b433c541e4b req-4060166b-d53c-4f61-8fb9-844d95e6cddd f6e127efe92449f1b7570ccc7a7e1f09 e7c7f8f054f546618b8e4c049ddcd3b2 - - 2ce922d5462c4e70a7bbd2870c916094 2ce922d5462c4e70a7bbd2870c916094] 199.204.45.244 "GET /v2.0/networks/067451b6-85f7-4348-b686-0f795fe55700?fields=provider%3Aphysical_network&fields=provider%3Anetwork_type HTTP/1.1" status: 200 len: 277 time: 0.0888679
2026-05-27 07:14:45.027 9 INFO neutron.db.ovn_revision_numbers_db [None req-7b072a38-77b6-4652-8831-be52d2303482 a5c8275f38214efda37749036ebd8925 3129efd5ad1844b49b6f4fc9c0e097f2 - - default default] Successfully bumped revision number for resource c0295e13-5f35-46d9-9796-ce554124075c (type: floatingips) to 2
2026-05-27 07:14:45.028 9 INFO neutron.db.l3_db [None req-7b072a38-77b6-4652-8831-be52d2303482 a5c8275f38214efda37749036ebd8925 3129efd5ad1844b49b6f4fc9c0e097f2 - - default default] Floating IP c0295e13-5f35-46d9-9796-ce554124075c associated. External IP: 10.96.250.205, port: ad391ad9-a36f-4e06-8b91-7227680dd4dd.
2026-05-27 07:14:45.041 9 INFO neutron.db.ovn_revision_numbers_db [None req-422b1b17-9939-4de3-a752-6165f271214b fb01ac1aa07442c7b07dc097863d04b0 afc4dc9f5374419d8e14ee79001c264e - - default default] Successfully bumped revision number for resource 20324ad9-985c-4d3f-affb-23fdf1a08659 (type: ports) to 1
2026-05-27 07:14:45.086 9 INFO neutron.wsgi [None req-422b1b17-9939-4de3-a752-6165f271214b fb01ac1aa07442c7b07dc097863d04b0 afc4dc9f5374419d8e14ee79001c264e - - default default] 10.0.0.78 "POST /v2.0/ports HTTP/1.1" status: 201 len: 1123 time: 0.7402368
2026-05-27 07:14:45.088 9 INFO neutron.wsgi [None req-7b072a38-77b6-4652-8831-be52d2303482 a5c8275f38214efda37749036ebd8925 3129efd5ad1844b49b6f4fc9c0e097f2 - - default default] 10.0.0.78 "PUT /v2.0/floatingips/c0295e13-5f35-46d9-9796-ce554124075c HTTP/1.1" status: 200 len: 1049 time: 1.1024792
2026-05-27 07:14:45.147 10 INFO neutron.wsgi [req-51f9693c-6485-484b-a5d7-683897c1a4f4 req-ebfbcfa6-29ae-4e1a-8145-edde0f7154e3 f6e127efe92449f1b7570ccc7a7e1f09 e7c7f8f054f546618b8e4c049ddcd3b2 - - 2ce922d5462c4e70a7bbd2870c916094 2ce922d5462c4e70a7bbd2870c916094] 199.204.45.244 "GET /v2.0/ports?tenant_id=56d468dc8ddf49838e69b76d0f0b1077&device_id=bfa1528c-78dd-48a0-bab0-0a97f174f16e HTTP/1.1" status: 200 len: 1413 time: 0.0520046
2026-05-27 07:14:45.244 10 INFO neutron.wsgi [req-51f9693c-6485-484b-a5d7-683897c1a4f4 req-0f7ede0d-80fc-462e-8cf3-2da2b495e061 f6e127efe92449f1b7570ccc7a7e1f09 e7c7f8f054f546618b8e4c049ddcd3b2 - - 2ce922d5462c4e70a7bbd2870c916094 2ce922d5462c4e70a7bbd2870c916094] 199.204.45.244 "GET /v2.0/networks?id=067451b6-85f7-4348-b686-0f795fe55700 HTTP/1.1" status: 200 len: 982 time: 0.0707638
2026-05-27 07:14:45.319 10 INFO neutron.wsgi [req-51f9693c-6485-484b-a5d7-683897c1a4f4 req-fbba47e4-ee84-4005-99e2-0c64b1488d14 f6e127efe92449f1b7570ccc7a7e1f09 e7c7f8f054f546618b8e4c049ddcd3b2 - - 2ce922d5462c4e70a7bbd2870c916094 2ce922d5462c4e70a7bbd2870c916094] 199.204.45.244 "GET /v2.0/floatingips?fixed_ip_address=10.100.0.11&port_id=e118df96-f6f0-4c69-8de5-3e6907478ed2 HTTP/1.1" status: 200 len: 1060 time: 0.0643163
2026-05-27 07:14:45.380 10 INFO neutron.wsgi [req-51f9693c-6485-484b-a5d7-683897c1a4f4 req-0de14538-b5d1-4805-b97d-e97994a423fb f6e127efe92449f1b7570ccc7a7e1f09 e7c7f8f054f546618b8e4c049ddcd3b2 - - 2ce922d5462c4e70a7bbd2870c916094 2ce922d5462c4e70a7bbd2870c916094] 199.204.45.244 "GET /v2.0/subnets?id=8a9523ba-7234-48ca-8c1f-e264a5411041 HTTP/1.1" status: 200 len: 877 time: 0.0516529
2026-05-27 07:14:45.410 10 INFO neutron.wsgi [req-51f9693c-6485-484b-a5d7-683897c1a4f4 req-9dc0b5d3-ff2c-43e6-8aca-3ec71d7b5434 f6e127efe92449f1b7570ccc7a7e1f09 e7c7f8f054f546618b8e4c049ddcd3b2 - - 2ce922d5462c4e70a7bbd2870c916094 2ce922d5462c4e70a7bbd2870c916094] 199.204.45.244 "GET /v2.0/ports?network_id=067451b6-85f7-4348-b686-0f795fe55700&device_owner=network%3Adhcp HTTP/1.1" status: 200 len: 210 time: 0.0234370
2026-05-27 07:14:45.478 10 INFO neutron.wsgi [req-51f9693c-6485-484b-a5d7-683897c1a4f4 req-45a28179-2ab7-413d-8cc9-c5c95166e941 f6e127efe92449f1b7570ccc7a7e1f09 e7c7f8f054f546618b8e4c049ddcd3b2 - - 2ce922d5462c4e70a7bbd2870c916094 2ce922d5462c4e70a7bbd2870c916094] 199.204.45.244 "GET /v2.0/networks/067451b6-85f7-4348-b686-0f795fe55700?fields=segments HTTP/1.1" status: 200 len: 212 time: 0.0595984
2026-05-27 07:14:45.564 10 INFO neutron.wsgi [req-51f9693c-6485-484b-a5d7-683897c1a4f4 req-927472a2-99e5-4c40-b009-4c6560e13c79 f6e127efe92449f1b7570ccc7a7e1f09 e7c7f8f054f546618b8e4c049ddcd3b2 - - 2ce922d5462c4e70a7bbd2870c916094 2ce922d5462c4e70a7bbd2870c916094] 199.204.45.244 "GET /v2.0/networks/067451b6-85f7-4348-b686-0f795fe55700?fields=provider%3Aphysical_network&fields=provider%3Anetwork_type HTTP/1.1" status: 200 len: 277 time: 0.0769975
2026-05-27 07:14:45.648 9 INFO neutron.notifiers.nova [-] Nova event matching ['req-dcc39f7b-505b-40e9-977c-fc0faa2ffb11'] response: {'name': 'network-changed', 'server_uuid': 'aa0db1b8-1eac-4723-93ee-746c627452d8', 'tag': 'ad391ad9-a36f-4e06-8b91-7227680dd4dd', 'status': 'completed', 'code': 200}
2026-05-27 07:14:45.659 10 INFO neutron.wsgi [req-9e7c0ad9-a6ef-453f-bdf6-d22eb5f5e7de req-fc654723-94cd-4c08-becc-94b5d3ee462f f6e127efe92449f1b7570ccc7a7e1f09 e7c7f8f054f546618b8e4c049ddcd3b2 - - 2ce922d5462c4e70a7bbd2870c916094 2ce922d5462c4e70a7bbd2870c916094] 199.204.45.244 "GET /v2.0/ports?tenant_id=56d468dc8ddf49838e69b76d0f0b1077&device_id=bfa1528c-78dd-48a0-bab0-0a97f174f16e HTTP/1.1" status: 200 len: 1413 time: 0.0532255
2026-05-27 07:14:45.739 10 INFO neutron.wsgi [req-7503fe78-61e2-44fd-9cbc-e44813b30d62 req-106ec146-6997-4a45-a34e-3cd6dfba1779 f6e127efe92449f1b7570ccc7a7e1f09 e7c7f8f054f546618b8e4c049ddcd3b2 - - 2ce922d5462c4e70a7bbd2870c916094 2ce922d5462c4e70a7bbd2870c916094] 199.204.45.244 "GET /v2.0/ports?tenant_id=3129efd5ad1844b49b6f4fc9c0e097f2&device_id=aa0db1b8-1eac-4723-93ee-746c627452d8 HTTP/1.1" status: 200 len: 1409 time: 0.0586021
2026-05-27 07:14:45.772 10 INFO neutron.wsgi [req-9e7c0ad9-a6ef-453f-bdf6-d22eb5f5e7de req-64d90d8a-50b0-454a-b5f9-b2e8621e895c f6e127efe92449f1b7570ccc7a7e1f09 e7c7f8f054f546618b8e4c049ddcd3b2 - - 2ce922d5462c4e70a7bbd2870c916094 2ce922d5462c4e70a7bbd2870c916094] 199.204.45.244 "GET /v2.0/networks?id=067451b6-85f7-4348-b686-0f795fe55700 HTTP/1.1" status: 200 len: 982 time: 0.1071911
2026-05-27 07:14:45.843 10 INFO neutron.wsgi [req-7503fe78-61e2-44fd-9cbc-e44813b30d62 req-192b7cb2-b903-42dc-b66a-801c54de20a6 f6e127efe92449f1b7570ccc7a7e1f09 e7c7f8f054f546618b8e4c049ddcd3b2 - - 2ce922d5462c4e70a7bbd2870c916094 2ce922d5462c4e70a7bbd2870c916094] 199.204.45.244 "GET /v2.0/networks?id=d9fd896a-ffd1-413d-ae74-165699095953 HTTP/1.1" status: 200 len: 972 time: 0.0958729
2026-05-27 07:14:45.845 10 INFO neutron.wsgi [req-9e7c0ad9-a6ef-453f-bdf6-d22eb5f5e7de req-7fd63c9e-9c5b-43c0-b8db-2fa1b2d7db6c f6e127efe92449f1b7570ccc7a7e1f09 e7c7f8f054f546618b8e4c049ddcd3b2 - - 2ce922d5462c4e70a7bbd2870c916094 2ce922d5462c4e70a7bbd2870c916094] 199.204.45.244 "GET /v2.0/floatingips?fixed_ip_address=10.100.0.11&port_id=e118df96-f6f0-4c69-8de5-3e6907478ed2 HTTP/1.1" status: 200 len: 1060 time: 0.0616610
2026-05-27 07:14:45.889 9 INFO neutron.wsgi [None req-5f0039ae-a51f-482f-819e-92843271aff0 fb01ac1aa07442c7b07dc097863d04b0 afc4dc9f5374419d8e14ee79001c264e - - default default] 10.0.0.78 "DELETE /v2.0/ports/20324ad9-985c-4d3f-affb-23fdf1a08659 HTTP/1.1" status: 204 len: 168 time: 0.7978687
2026-05-27 07:14:45.918 10 INFO neutron.wsgi [req-7503fe78-61e2-44fd-9cbc-e44813b30d62 req-ada5652b-c7ca-474b-a70a-ab986e32fac1 f6e127efe92449f1b7570ccc7a7e1f09 e7c7f8f054f546618b8e4c049ddcd3b2 - - 2ce922d5462c4e70a7bbd2870c916094 2ce922d5462c4e70a7bbd2870c916094] 199.204.45.244 "GET /v2.0/floatingips?fixed_ip_address=10.100.0.4&port_id=ad391ad9-a36f-4e06-8b91-7227680dd4dd HTTP/1.1" status: 200 len: 1059 time: 0.0627422
2026-05-27 07:14:45.919 9 INFO neutron.pecan_wsgi.hooks.translation [None req-25865f91-2cb9-40bb-8cd5-1e37750c812d fb01ac1aa07442c7b07dc097863d04b0 afc4dc9f5374419d8e14ee79001c264e - - default default] GET failed (client error): The resource could not be found.
2026-05-27 07:14:45.921 9 INFO neutron.wsgi [None req-25865f91-2cb9-40bb-8cd5-1e37750c812d fb01ac1aa07442c7b07dc097863d04b0 afc4dc9f5374419d8e14ee79001c264e - - default default] 10.0.0.78 "GET /v2.0/ports/20324ad9-985c-4d3f-affb-23fdf1a08659 HTTP/1.1" status: 404 len: 333 time: 0.0268848
2026-05-27 07:14:45.927 10 INFO neutron.wsgi [req-9e7c0ad9-a6ef-453f-bdf6-d22eb5f5e7de req-178a5511-62f4-41df-924c-f9e91cb0fd6e f6e127efe92449f1b7570ccc7a7e1f09 e7c7f8f054f546618b8e4c049ddcd3b2 - - 2ce922d5462c4e70a7bbd2870c916094 2ce922d5462c4e70a7bbd2870c916094] 199.204.45.244 "GET /v2.0/subnets?id=8a9523ba-7234-48ca-8c1f-e264a5411041 HTTP/1.1" status: 200 len: 877 time: 0.0691988
2026-05-27 07:14:45.972 10 INFO neutron.wsgi [req-9e7c0ad9-a6ef-453f-bdf6-d22eb5f5e7de req-3b1f176c-8647-4f5f-b8f2-b4fd16808e53 f6e127efe92449f1b7570ccc7a7e1f09 e7c7f8f054f546618b8e4c049ddcd3b2 - - 2ce922d5462c4e70a7bbd2870c916094 2ce922d5462c4e70a7bbd2870c916094] 199.204.45.244 "GET /v2.0/ports?network_id=067451b6-85f7-4348-b686-0f795fe55700&device_owner=network%3Adhcp HTTP/1.1" status: 200 len: 210 time: 0.0359540
2026-05-27 07:14:45.988 10 INFO neutron.wsgi [req-7503fe78-61e2-44fd-9cbc-e44813b30d62 req-b9131757-f277-491c-acd3-5fb3d8e0da51 f6e127efe92449f1b7570ccc7a7e1f09 e7c7f8f054f546618b8e4c049ddcd3b2 - - 2ce922d5462c4e70a7bbd2870c916094 2ce922d5462c4e70a7bbd2870c916094] 199.204.45.244 "GET /v2.0/subnets?id=30afe59f-4546-44d9-8752-d6f0ddc042c1 HTTP/1.1" status: 200 len: 868 time: 0.0593450
2026-05-27 07:14:46.041 10 INFO neutron.wsgi [req-7503fe78-61e2-44fd-9cbc-e44813b30d62 req-307d58b3-f88d-4547-8991-7523d8985c00 f6e127efe92449f1b7570ccc7a7e1f09 e7c7f8f054f546618b8e4c049ddcd3b2 - - 2ce922d5462c4e70a7bbd2870c916094 2ce922d5462c4e70a7bbd2870c916094] 199.204.45.244 "GET /v2.0/ports?network_id=d9fd896a-ffd1-413d-ae74-165699095953&device_owner=network%3Adhcp HTTP/1.1" status: 200 len: 210 time: 0.0454233
2026-05-27 07:14:46.050 9 INFO neutron.plugins.ml2.drivers.ovn.mech_driver.mech_driver [None req-1cbfd0d9-7939-4b44-a5e0-fd368f313994 - - - - - -] OVN reports status down for port: e118df96-f6f0-4c69-8de5-3e6907478ed2
2026-05-27 07:14:46.132 10 INFO neutron.wsgi [req-9e7c0ad9-a6ef-453f-bdf6-d22eb5f5e7de req-27052479-e1cc-4b87-9f42-9dee857c0b4a f6e127efe92449f1b7570ccc7a7e1f09 e7c7f8f054f546618b8e4c049ddcd3b2 - - 2ce922d5462c4e70a7bbd2870c916094 2ce922d5462c4e70a7bbd2870c916094] 199.204.45.244 "GET /v2.0/networks/067451b6-85f7-4348-b686-0f795fe55700?fields=segments HTTP/1.1" status: 200 len: 212 time: 0.1535728
2026-05-27 07:14:46.165 9 INFO neutron.wsgi [None req-20f13fd8-4613-4597-8b3f-b920b7f466d7 fb01ac1aa07442c7b07dc097863d04b0 afc4dc9f5374419d8e14ee79001c264e - - default default] 10.0.0.78 "DELETE /v2.0/subnets/6f33e1e0-f4bd-46e8-aa1b-7ff7a3d9fb1e HTTP/1.1" status: 204 len: 168 time: 0.2365105
2026-05-27 07:14:46.194 10 INFO neutron.wsgi [req-39eba7cc-1d90-47fd-803c-2ca05e4772d9 req-d4363c32-89f1-4a33-82a1-ea5f05bea8f0 d60afe4e01e84288a404987e4bd5c698 56d468dc8ddf49838e69b76d0f0b1077 - - default default] 10.0.0.171 "GET /v2.0/ports?device_id=bfa1528c-78dd-48a0-bab0-0a97f174f16e HTTP/1.1" status: 200 len: 1174 time: 0.1868389
2026-05-27 07:14:46.198 10 INFO neutron.wsgi [req-7503fe78-61e2-44fd-9cbc-e44813b30d62 req-276c32a5-929b-4a22-a457-d3fb2358b6f3 f6e127efe92449f1b7570ccc7a7e1f09 e7c7f8f054f546618b8e4c049ddcd3b2 - - 2ce922d5462c4e70a7bbd2870c916094 2ce922d5462c4e70a7bbd2870c916094] 199.204.45.244 "GET /v2.0/networks/d9fd896a-ffd1-413d-ae74-165699095953?fields=segments HTTP/1.1" status: 200 len: 212 time: 0.1488910
2026-05-27 07:14:46.571 9 INFO neutron.db.ovn_revision_numbers_db [None req-1cbfd0d9-7939-4b44-a5e0-fd368f313994 - - - - - -] Successfully bumped revision number for resource e118df96-f6f0-4c69-8de5-3e6907478ed2 (type: ports) to 7
2026-05-27 07:14:46.647 9 INFO neutron.wsgi [req-63de5921-b687-4f7f-b77e-b748ec35a89b req-099c43b3-1be7-45bf-8c2c-ba1d72f17d85 d60afe4e01e84288a404987e4bd5c698 56d468dc8ddf49838e69b76d0f0b1077 - - default default] 199.204.45.244 "GET /v2.0/ports?device_id=bfa1528c-78dd-48a0-bab0-0a97f174f16e HTTP/1.1" status: 200 len: 1172 time: 0.1921654
2026-05-27 07:14:46.666 10 INFO neutron.wsgi [req-9e7c0ad9-a6ef-453f-bdf6-d22eb5f5e7de req-9a7f2e69-88b2-43f4-ae56-481d430d6d92 f6e127efe92449f1b7570ccc7a7e1f09 e7c7f8f054f546618b8e4c049ddcd3b2 - - 2ce922d5462c4e70a7bbd2870c916094 2ce922d5462c4e70a7bbd2870c916094] 199.204.45.244 "GET /v2.0/networks/067451b6-85f7-4348-b686-0f795fe55700?fields=provider%3Aphysical_network&fields=provider%3Anetwork_type HTTP/1.1" status: 200 len: 277 time: 0.5265212 /var/lib/openstack/lib/python3.10/site-packages/pycadf/identifier.py:71: UserWarning: Invalid uuid: neutron. To ensure interoperability, identifiers should be a valid uuid. warnings.warn(('Invalid uuid: %s. To ensure interoperability, '
2026-05-27 07:14:46.708 10 INFO neutron.wsgi [req-7503fe78-61e2-44fd-9cbc-e44813b30d62 req-0b16d9d9-2b8b-4eb6-a640-d3a8f1690dad f6e127efe92449f1b7570ccc7a7e1f09 e7c7f8f054f546618b8e4c049ddcd3b2 - - 2ce922d5462c4e70a7bbd2870c916094 2ce922d5462c4e70a7bbd2870c916094] 199.204.45.244 "GET /v2.0/networks/d9fd896a-ffd1-413d-ae74-165699095953?fields=provider%3Aphysical_network&fields=provider%3Anetwork_type HTTP/1.1" status: 200 len: 277 time: 0.1020193
2026-05-27 07:14:46.712 10 INFO neutron.wsgi [req-39eba7cc-1d90-47fd-803c-2ca05e4772d9 req-a0358970-a074-4efa-8425-38f4ce32409e d60afe4e01e84288a404987e4bd5c698 56d468dc8ddf49838e69b76d0f0b1077 - - default default] 10.0.0.171 "GET /v2.0/security-groups?id=dbf5c6f9-51d7-4673-b9ca-f54770bbd029&fields=id&fields=name HTTP/1.1" status: 200 len: 312 time: 0.5098624
2026-05-27 07:14:46.831 9 INFO neutron.services.segments.plugin [-] Segment 2d5d9e75-9c23-4c35-bc43-847ac7ce65b0 resource provider aggregate not found
2026-05-27 07:14:46.836 9 INFO neutron.services.segments.plugin [-] Segment 2d5d9e75-9c23-4c35-bc43-847ac7ce65b0 resource provider aggregate not found
2026-05-27 07:14:46.860 9 INFO neutron.services.segments.plugin [-] Segment 2d5d9e75-9c23-4c35-bc43-847ac7ce65b0 resource provider not found; error: Placement Client Error (4xx): {"errors": [{"status": 404, "title": "Not Found", "detail": "The resource could not be found.\n\n No resource provider with uuid 2d5d9e75-9c23-4c35-bc43-847ac7ce65b0 found for delete ", "request_id": "req-aa9a104b-b8b6-4bfc-9ee1-5a63afdca345"}]}
2026-05-27 07:14:46.861 9 INFO neutron.services.segments.plugin [-] Segment 2d5d9e75-9c23-4c35-bc43-847ac7ce65b0 resource provider not found; error: Placement Client Error (4xx): {"errors": [{"status": 404, "title": "Not Found", "detail": "The resource could not be found.\n\n No resource provider with uuid 2d5d9e75-9c23-4c35-bc43-847ac7ce65b0 found for delete ", "request_id": "req-8362ea5c-b407-4451-af27-66d71a96ff33"}]}
2026-05-27 07:14:46.901 9 INFO neutron.wsgi [None req-b0908869-7c2d-436c-987b-8b3fa96ae6f0 fb01ac1aa07442c7b07dc097863d04b0 afc4dc9f5374419d8e14ee79001c264e - - default default] 10.0.0.78 "DELETE /v2.0/networks/2826f482-a0e2-4fdd-b03e-cb74a3c45246 HTTP/1.1" status: 204 len: 168 time: 0.7290769
2026-05-27 07:14:46.915 10 WARNING neutron_lib.context [None req-10f59d76-3e23-421b-ab7f-2346e64aaed2 fb01ac1aa07442c7b07dc097863d04b0 afc4dc9f5374419d8e14ee79001c264e - - default default] Method 'is_advsvc' is deprecated since 2023.2 release (neutron-lib 3.8.0) and will be removed once support for the old RBAC API policies will be removed from Neutron. Please use method 'is_service_role' instead.
2026-05-27 07:14:47.253 10 WARNING neutron.scheduler.dhcp_agent_scheduler [None req-10f59d76-3e23-421b-ab7f-2346e64aaed2 fb01ac1aa07442c7b07dc097863d04b0 afc4dc9f5374419d8e14ee79001c264e - - default default] No more DHCP agents
2026-05-27 07:14:47.255 10 WARNING neutron.api.rpc.agentnotifiers.dhcp_rpc_agent_api [None req-10f59d76-3e23-421b-ab7f-2346e64aaed2 fb01ac1aa07442c7b07dc097863d04b0 afc4dc9f5374419d8e14ee79001c264e - - default default] Unable to schedule network cb847fc3-7b74-45e2-bc3b-d02ec98d667a: no agents available; will retry on subsequent port and subnet creation events.
2026-05-27 07:14:47.324 9 INFO neutron.db.l3_db [req-63de5921-b687-4f7f-b77e-b748ec35a89b req-06ef1781-3c72-4754-b43e-f4975d50be97 d60afe4e01e84288a404987e4bd5c698 56d468dc8ddf49838e69b76d0f0b1077 - - default default] Floating IP ab5a8d56-7df4-4569-b7a7-462f0a39a756 disassociated. External IP: 10.96.250.204, port: e118df96-f6f0-4c69-8de5-3e6907478ed2. /var/lib/openstack/lib/python3.10/site-packages/pycadf/identifier.py:71: UserWarning: Invalid uuid: neutron. To ensure interoperability, identifiers should be a valid uuid. warnings.warn(('Invalid uuid: %s. To ensure interoperability, '
2026-05-27 07:14:47.373 10 INFO neutron.db.ovn_revision_numbers_db [None req-10f59d76-3e23-421b-ab7f-2346e64aaed2 fb01ac1aa07442c7b07dc097863d04b0 afc4dc9f5374419d8e14ee79001c264e - - default default] Successfully bumped revision number for resource e675288e-4abb-4c75-be5a-103cc2dfe0fe (type: ports) to 1
2026-05-27 07:14:47.407 10 INFO neutron.wsgi [None req-10f59d76-3e23-421b-ab7f-2346e64aaed2 fb01ac1aa07442c7b07dc097863d04b0 afc4dc9f5374419d8e14ee79001c264e - - default default] 10.0.0.78 "POST /v2.0/ports HTTP/1.1" status: 201 len: 977 time: 0.4978929
2026-05-27 07:14:47.492 9 INFO neutron.wsgi [req-63de5921-b687-4f7f-b77e-b748ec35a89b req-06ef1781-3c72-4754-b43e-f4975d50be97 d60afe4e01e84288a404987e4bd5c698 56d468dc8ddf49838e69b76d0f0b1077 - - default default] 199.204.45.244 "DELETE /v2.0/ports/e118df96-f6f0-4c69-8de5-3e6907478ed2 HTTP/1.1" status: 204 len: 173 time: 0.8166978
2026-05-27 07:14:47.528 10 INFO neutron.db.ovn_revision_numbers_db [None req-bc453ee3-465b-4bd0-97f6-88d58647f7a6 49d1c7e7502c4c6b97f54e8f4f212323 14388796f3654fe08055252b4966ed29 - - default default] Successfully bumped revision number for resource 5cbffd86-b12c-4923-9e30-4dc637661899 (type: security_groups) to 1
2026-05-27 07:14:47.562 10 INFO neutron.db.ovn_revision_numbers_db [None req-bc453ee3-465b-4bd0-97f6-88d58647f7a6 49d1c7e7502c4c6b97f54e8f4f212323 14388796f3654fe08055252b4966ed29 - - default default] Successfully bumped revision number for resource 097b16a1-42c6-434f-9a36-d9890a252594 (type: security_group_rules) to 0
2026-05-27 07:14:47.593 10 INFO neutron.db.ovn_revision_numbers_db [None req-bc453ee3-465b-4bd0-97f6-88d58647f7a6 49d1c7e7502c4c6b97f54e8f4f212323 14388796f3654fe08055252b4966ed29 - - default default] Successfully bumped revision number for resource 2d7ac56d-595a-4890-8545-eaf443de90b5 (type: security_group_rules) to 0
2026-05-27 07:14:47.625 10 INFO neutron.db.ovn_revision_numbers_db [None req-bc453ee3-465b-4bd0-97f6-88d58647f7a6 49d1c7e7502c4c6b97f54e8f4f212323 14388796f3654fe08055252b4966ed29 - - default default] Successfully bumped revision number for resource 7e0b2108-620c-487d-b300-7628189d0407 (type: security_group_rules) to 0
2026-05-27 07:14:47.646 10 INFO neutron.db.ovn_revision_numbers_db [None req-bc453ee3-465b-4bd0-97f6-88d58647f7a6 49d1c7e7502c4c6b97f54e8f4f212323 14388796f3654fe08055252b4966ed29 - - default default] Successfully bumped revision number for resource fef03b3f-c93c-4c76-9210-300bb0d680a8 (type: security_group_rules) to 0
2026-05-27 07:14:47.700 10 INFO neutron.wsgi [None req-bc453ee3-465b-4bd0-97f6-88d58647f7a6 49d1c7e7502c4c6b97f54e8f4f212323 14388796f3654fe08055252b4966ed29 - - default default] 10.0.0.78 "GET /v2.0/security-groups?tenant_id=aab3e20c54df48a0ab6a765b7ca4349d&name=default HTTP/1.1" status: 200 len: 3120 time: 0.6211340 /var/lib/openstack/lib/python3.10/site-packages/pycadf/identifier.py:71: UserWarning: Invalid uuid: neutron. To ensure interoperability, identifiers should be a valid uuid. warnings.warn(('Invalid uuid: %s. To ensure interoperability, '
2026-05-27 07:14:47.717 9 INFO neutron.notifiers.nova [-] Nova event matching ['req-68e4b644-f183-40dd-8921-3f86dc1cc652'] response: {'server_uuid': 'bfa1528c-78dd-48a0-bab0-0a97f174f16e', 'name': 'network-vif-unplugged', 'status': 'completed', 'tag': 'e118df96-f6f0-4c69-8de5-3e6907478ed2', 'code': 200}
2026-05-27 07:14:47.718 9 INFO neutron.notifiers.nova [-] Nova event matching ['req-68e4b644-f183-40dd-8921-3f86dc1cc652'] response: {'server_uuid': 'bfa1528c-78dd-48a0-bab0-0a97f174f16e', 'name': 'network-vif-unplugged', 'status': 'completed', 'tag': 'e118df96-f6f0-4c69-8de5-3e6907478ed2', 'code': 200}
2026-05-27 07:14:47.718 9 INFO neutron.notifiers.nova [-] Nova event matching ['req-68e4b644-f183-40dd-8921-3f86dc1cc652'] response: {'server_uuid': 'bfa1528c-78dd-48a0-bab0-0a97f174f16e', 'name': 'network-vif-deleted', 'tag': 'e118df96-f6f0-4c69-8de5-3e6907478ed2', 'status': 'completed', 'code': 200}
2026-05-27 07:14:47.756 10 INFO neutron.plugins.ml2.drivers.ovn.mech_driver.mech_driver [None req-47e41312-481e-440c-bc7f-e982aa13891a - - - - - -] OVN reports status down for port: e675288e-4abb-4c75-be5a-103cc2dfe0fe
2026-05-27 07:14:47.825 10 INFO neutron.db.ovn_revision_numbers_db [None req-fb606151-7d08-4313-84c5-3ed8d2700eb1 fb01ac1aa07442c7b07dc097863d04b0 afc4dc9f5374419d8e14ee79001c264e - - default default] Successfully bumped revision number for resource e675288e-4abb-4c75-be5a-103cc2dfe0fe (type: ports) to 2 /var/lib/openstack/lib/python3.10/site-packages/pycadf/identifier.py:71: UserWarning: Invalid uuid: neutron. To ensure interoperability, identifiers should be a valid uuid. warnings.warn(('Invalid uuid: %s. To ensure interoperability, '
2026-05-27 07:14:47.885 10 INFO neutron.wsgi [None req-fb606151-7d08-4313-84c5-3ed8d2700eb1 fb01ac1aa07442c7b07dc097863d04b0 afc4dc9f5374419d8e14ee79001c264e - - default default] 10.0.0.78 "PUT /v2.0/ports/e675288e-4abb-4c75-be5a-103cc2dfe0fe HTTP/1.1" status: 200 len: 946 time: 0.4707751
2026-05-27 07:14:47.907 10 INFO neutron.wsgi [req-3e609df4-21ec-4b33-8248-6ed468dd524e req-76c2c9d8-252b-438c-a41c-d0d3164161f3 d60afe4e01e84288a404987e4bd5c698 56d468dc8ddf49838e69b76d0f0b1077 - - default default] 10.0.0.171 "GET /v2.0/ports?device_id=bfa1528c-78dd-48a0-bab0-0a97f174f16e HTTP/1.1" status: 200 len: 210 time: 0.0455508
2026-05-27 07:14:48.061 9 INFO neutron.wsgi [None req-ad45d640-a741-4e78-9842-598ef80869e2 49d1c7e7502c4c6b97f54e8f4f212323 14388796f3654fe08055252b4966ed29 - - default default] 10.0.0.78 "DELETE /v2.0/security-groups/5cbffd86-b12c-4923-9e30-4dc637661899 HTTP/1.1" status: 204 len: 168 time: 0.3547444
2026-05-27 07:14:48.249 9 INFO neutron.wsgi [None req-69701292-71d2-4246-8b0c-5d9dff9126ac fb01ac1aa07442c7b07dc097863d04b0 afc4dc9f5374419d8e14ee79001c264e - - default default] 10.0.0.78 "DELETE /v2.0/ports/e675288e-4abb-4c75-be5a-103cc2dfe0fe HTTP/1.1" status: 204 len: 168 time: 0.3575478
2026-05-27 07:14:48.333 9 INFO neutron.wsgi [None req-c4c231b4-8cb4-4e90-a6bd-7f48f01cd813 fb01ac1aa07442c7b07dc097863d04b0 afc4dc9f5374419d8e14ee79001c264e - - default default] 10.0.0.78 "GET /v2.0/ports HTTP/1.1" status: 200 len: 1733 time: 0.0714462
2026-05-27 07:14:48.374 9 INFO neutron.pecan_wsgi.hooks.translation [None req-8646e2e1-4b9e-4d0b-a297-d808b1d27cc7 fb01ac1aa07442c7b07dc097863d04b0 afc4dc9f5374419d8e14ee79001c264e - - default default] GET failed (client error): The resource could not be found.
2026-05-27 07:14:48.375 9 INFO neutron.wsgi [None req-8646e2e1-4b9e-4d0b-a297-d808b1d27cc7 fb01ac1aa07442c7b07dc097863d04b0 afc4dc9f5374419d8e14ee79001c264e - - default default] 10.0.0.78 "GET /v2.0/ports/e675288e-4abb-4c75-be5a-103cc2dfe0fe HTTP/1.1" status: 404 len: 333 time: 0.0297582
2026-05-27 07:14:48.442 9 INFO neutron.wsgi [None req-f5529589-6ae8-4441-934a-45d3947ac326 fb01ac1aa07442c7b07dc097863d04b0 afc4dc9f5374419d8e14ee79001c264e - - default default] 10.0.0.78 "GET /v2.0/ports HTTP/1.1" status: 200 len: 1733 time: 0.0607142
2026-05-27 07:14:48.498 9 INFO neutron.wsgi [None req-b7575a78-7013-4668-89c2-e25fa68442f6 fb01ac1aa07442c7b07dc097863d04b0 afc4dc9f5374419d8e14ee79001c264e - - default default] 10.0.0.78 "GET /v2.0/ports/b2eafb35-761c-4e5c-bc70-cf0331c32a9d HTTP/1.1" status: 200 len: 973 time: 0.0459323
2026-05-27 07:14:48.528 9 INFO neutron.pecan_wsgi.hooks.translation [None req-6d4d1c37-9100-401f-9f95-016f5d800464 fb01ac1aa07442c7b07dc097863d04b0 afc4dc9f5374419d8e14ee79001c264e - - default default] DELETE failed (client error): The resource could not be found.
2026-05-27 07:14:48.532 9 INFO neutron.wsgi [None req-6d4d1c37-9100-401f-9f95-016f5d800464 fb01ac1aa07442c7b07dc097863d04b0 afc4dc9f5374419d8e14ee79001c264e - - default default] 10.0.0.78 "DELETE /v2.0/ports/20324ad9-985c-4d3f-affb-23fdf1a08659 HTTP/1.1" status: 404 len: 333 time: 0.0282235
2026-05-27 07:14:48.559 9 INFO neutron.pecan_wsgi.hooks.translation [None req-50669c64-0f6e-4d2b-98e0-f66fd14f40bd fb01ac1aa07442c7b07dc097863d04b0 afc4dc9f5374419d8e14ee79001c264e - - default default] DELETE failed (client error): The resource could not be found.
2026-05-27 07:14:48.562 9 INFO neutron.wsgi [None req-50669c64-0f6e-4d2b-98e0-f66fd14f40bd fb01ac1aa07442c7b07dc097863d04b0 afc4dc9f5374419d8e14ee79001c264e - - default default] 10.0.0.78 "DELETE /v2.0/subnets/6f33e1e0-f4bd-46e8-aa1b-7ff7a3d9fb1e HTTP/1.1" status: 404 len: 337 time: 0.0253615
2026-05-27 07:14:48.583 9 INFO neutron.pecan_wsgi.hooks.translation [None req-7db72497-2f11-4114-8064-c90150caca07 fb01ac1aa07442c7b07dc097863d04b0 afc4dc9f5374419d8e14ee79001c264e - - default default] DELETE failed (client error): The resource could not be found.
2026-05-27 07:14:48.586 9 INFO neutron.wsgi [None req-7db72497-2f11-4114-8064-c90150caca07 fb01ac1aa07442c7b07dc097863d04b0 afc4dc9f5374419d8e14ee79001c264e - - default default] 10.0.0.78 "DELETE /v2.0/subnets/91fef9a9-18a4-4296-84a5-53954ddf8ad0 HTTP/1.1" status: 404 len: 337 time: 0.0197742
2026-05-27 07:14:48.879 9 INFO neutron.wsgi [None req-d2afe06b-19ce-456d-87df-52ebfd146189 fb01ac1aa07442c7b07dc097863d04b0 afc4dc9f5374419d8e14ee79001c264e - - default default] 10.0.0.78 "DELETE /v2.0/ports/b2eafb35-761c-4e5c-bc70-cf0331c32a9d HTTP/1.1" status: 204 len: 168 time: 0.2890186
2026-05-27 07:14:49.143 9 INFO neutron.wsgi [None req-77f97cbf-3dd7-42e5-9227-e601ac428662 d60afe4e01e84288a404987e4bd5c698 56d468dc8ddf49838e69b76d0f0b1077 - - default default] 10.0.0.78 "DELETE /v2.0/security-groups/dbf5c6f9-51d7-4673-b9ca-f54770bbd029 HTTP/1.1" status: 204 len: 168 time: 0.1410806
2026-05-27 07:14:49.171 10 INFO neutron.api.v2.resource [None req-9a69d6e9-a192-43ba-8d34-ce5ae8860f5e d60afe4e01e84288a404987e4bd5c698 56d468dc8ddf49838e69b76d0f0b1077 - - default default] show failed (client error): The resource could not be found.
2026-05-27 07:14:49.172 10 INFO neutron.wsgi [None req-9a69d6e9-a192-43ba-8d34-ce5ae8860f5e d60afe4e01e84288a404987e4bd5c698 56d468dc8ddf49838e69b76d0f0b1077 - - default default] 10.0.0.78 "GET /v2.0/security-groups/dbf5c6f9-51d7-4673-b9ca-f54770bbd029 HTTP/1.1" status: 404 len: 347 time: 0.0237405
2026-05-27 07:14:49.397 10 INFO neutron.services.segments.plugin [-] Segment 086ae8d6-a03c-4ab1-bc7c-e214f88602b0 resource provider aggregate not found
2026-05-27 07:14:49.404 10 INFO neutron.services.segments.plugin [-] Segment 086ae8d6-a03c-4ab1-bc7c-e214f88602b0 resource provider aggregate not found
2026-05-27 07:14:49.417 10 INFO neutron.services.segments.plugin [-] Segment 086ae8d6-a03c-4ab1-bc7c-e214f88602b0 resource provider not found; error: Placement Client Error (4xx): {"errors": [{"status": 404, "title": "Not Found", "detail": "The resource could not be found.\n\n No resource provider with uuid 086ae8d6-a03c-4ab1-bc7c-e214f88602b0 found for delete ", "request_id": "req-6519a8ee-00e1-4119-89e4-94f15f25a40f"}]}
2026-05-27 07:14:49.420 10 INFO neutron.services.segments.plugin [-] Segment 086ae8d6-a03c-4ab1-bc7c-e214f88602b0 resource provider not found; error: Placement Client Error (4xx): {"errors": [{"status": 404, "title": "Not Found", "detail": "The resource could not be found.\n\n No resource provider with uuid 086ae8d6-a03c-4ab1-bc7c-e214f88602b0 found for delete ", "request_id": "req-fa89809c-f382-41b0-bfa7-ba2f61f2a1a2"}]}
2026-05-27 07:14:49.431 10 INFO neutron.wsgi [None req-c91dec46-0dcb-4873-b75f-a5bc377cd187 fb01ac1aa07442c7b07dc097863d04b0 afc4dc9f5374419d8e14ee79001c264e - - default default] 10.0.0.78 "DELETE /v2.0/networks/cb847fc3-7b74-45e2-bc3b-d02ec98d667a HTTP/1.1" status: 204 len: 168 time: 0.5454903
2026-05-27 07:14:49.635 10 INFO neutron.wsgi [None req-49c8e24b-3b9d-4b39-90d2-1cf972515d24 d60afe4e01e84288a404987e4bd5c698 56d468dc8ddf49838e69b76d0f0b1077 - - default default] 10.0.0.78 "DELETE /v2.0/floatingips/ab5a8d56-7df4-4569-b7a7-462f0a39a756 HTTP/1.1" status: 204 len: 168 time: 0.4570954
2026-05-27 07:14:50.041 10 WARNING neutron_lib.context [None req-5fc412a6-fbf5-44a0-927a-2e356cdbc626 3e48206ee44b49ec9e2d952f3f48a6d0 bac4e8f9a86949b59a2f31d88df4c295 - - default default] Method 'is_advsvc' is deprecated since 2023.2 release (neutron-lib 3.8.0) and will be removed once support for the old RBAC API policies will be removed from Neutron. Please use method 'is_service_role' instead.
2026-05-27 07:14:50.147 9 INFO neutron.wsgi [None req-3b7bd85e-0484-4ac3-ac15-0d125e17fb6b 49d1c7e7502c4c6b97f54e8f4f212323 14388796f3654fe08055252b4966ed29 - - default default] 10.0.0.78 "GET /v2.0/security-groups?tenant_id=afc4dc9f5374419d8e14ee79001c264e&name=default HTTP/1.1" status: 200 len: 3120 time: 0.1822512
2026-05-27 07:14:50.201 10 INFO neutron.db.ovn_revision_numbers_db [None req-5fc412a6-fbf5-44a0-927a-2e356cdbc626 3e48206ee44b49ec9e2d952f3f48a6d0 bac4e8f9a86949b59a2f31d88df4c295 - - default default] Successfully bumped revision number for resource b761344f-b021-4d12-a940-1ee8deb77acd (type: security_groups) to 1
2026-05-27 07:14:50.227 10 INFO neutron.db.ovn_revision_numbers_db [None req-5fc412a6-fbf5-44a0-927a-2e356cdbc626 3e48206ee44b49ec9e2d952f3f48a6d0 bac4e8f9a86949b59a2f31d88df4c295 - - default default] Successfully bumped revision number for resource 381aa2c0-58e0-4d49-9cbc-aa609f18ca19 (type: security_group_rules) to 0
2026-05-27 07:14:50.261 10 INFO neutron.db.ovn_revision_numbers_db [None req-5fc412a6-fbf5-44a0-927a-2e356cdbc626 3e48206ee44b49ec9e2d952f3f48a6d0 bac4e8f9a86949b59a2f31d88df4c295 - - default default] Successfully bumped revision number for resource 8a75be8f-15f8-4749-b922-e627dca1ade6 (type: security_group_rules) to 0
2026-05-27 07:14:50.285 10 INFO neutron.db.ovn_revision_numbers_db [None req-5fc412a6-fbf5-44a0-927a-2e356cdbc626 3e48206ee44b49ec9e2d952f3f48a6d0 bac4e8f9a86949b59a2f31d88df4c295 - - default default] Successfully bumped revision number for resource c4aeb2d2-b981-44fc-973c-3a3f3965b7ee (type: security_group_rules) to 0
2026-05-27 07:14:50.306 10 INFO neutron.db.ovn_revision_numbers_db [None req-5fc412a6-fbf5-44a0-927a-2e356cdbc626 3e48206ee44b49ec9e2d952f3f48a6d0 bac4e8f9a86949b59a2f31d88df4c295 - - default default] Successfully bumped revision number for resource e621c2a5-bc0d-4fe2-8709-f846ffa30695 (type: security_group_rules) to 0
2026-05-27 07:14:50.366 10 INFO neutron.db.segments_db [None req-5fc412a6-fbf5-44a0-927a-2e356cdbc626 3e48206ee44b49ec9e2d952f3f48a6d0 bac4e8f9a86949b59a2f31d88df4c295 - - default default] Added segment 409d8de4-8ad9-42e1-b2c3-9cca387f140a of type geneve for network 583cd61b-7511-44d0-9430-7b0ce78863f0
2026-05-27 07:14:50.477 10 INFO neutron.wsgi [None req-24c0ab6d-b99a-4b72-83ea-55273aec42fa 49d1c7e7502c4c6b97f54e8f4f212323 14388796f3654fe08055252b4966ed29 - - default default] 10.0.0.78 "DELETE /v2.0/security-groups/d45bf10d-f193-479c-94df-d1950401bbc3 HTTP/1.1" status: 204 len: 168 time: 0.3223939
2026-05-27 07:14:50.556 10 INFO neutron.db.ovn_revision_numbers_db [None req-5fc412a6-fbf5-44a0-927a-2e356cdbc626 3e48206ee44b49ec9e2d952f3f48a6d0 bac4e8f9a86949b59a2f31d88df4c295 - - default default] Successfully bumped revision number for resource 583cd61b-7511-44d0-9430-7b0ce78863f0 (type: networks) to 1
2026-05-27 07:14:50.744 10 WARNING neutron.scheduler.dhcp_agent_scheduler [None req-5fc412a6-fbf5-44a0-927a-2e356cdbc626 3e48206ee44b49ec9e2d952f3f48a6d0 bac4e8f9a86949b59a2f31d88df4c295 - - default default] No more DHCP agents
2026-05-27 07:14:50.745 10 WARNING neutron.api.rpc.agentnotifiers.dhcp_rpc_agent_api [None req-5fc412a6-fbf5-44a0-927a-2e356cdbc626 3e48206ee44b49ec9e2d952f3f48a6d0 bac4e8f9a86949b59a2f31d88df4c295 - - default default] Unable to schedule network 583cd61b-7511-44d0-9430-7b0ce78863f0: no agents available; will retry on subsequent port and subnet creation events.
2026-05-27 07:14:50.859 10 INFO neutron.db.ovn_revision_numbers_db [None req-5fc412a6-fbf5-44a0-927a-2e356cdbc626 3e48206ee44b49ec9e2d952f3f48a6d0 bac4e8f9a86949b59a2f31d88df4c295 - - default default] Successfully bumped revision number for resource f332d2af-3008-4519-acf8-ded08b0a3bb1 (type: ports) to 1
2026-05-27 07:14:50.888 10 INFO neutron.wsgi [None req-5fc412a6-fbf5-44a0-927a-2e356cdbc626 3e48206ee44b49ec9e2d952f3f48a6d0 bac4e8f9a86949b59a2f31d88df4c295 - - default default] 10.0.0.78 "POST /v2.0/networks HTTP/1.1" status: 201 len: 849 time: 1.0162940
2026-05-27 07:14:50.900 10 WARNING neutron_lib.context [None req-ef172542-8514-442e-8c96-b84e0938a156 3e48206ee44b49ec9e2d952f3f48a6d0 bac4e8f9a86949b59a2f31d88df4c295 - - default default] Method 'is_advsvc' is deprecated since 2023.2 release (neutron-lib 3.8.0) and will be removed once support for the old RBAC API policies will be removed from Neutron. Please use method 'is_service_role' instead.
2026-05-27 07:14:51.158 10 WARNING neutron.scheduler.dhcp_agent_scheduler [None req-ef172542-8514-442e-8c96-b84e0938a156 3e48206ee44b49ec9e2d952f3f48a6d0 bac4e8f9a86949b59a2f31d88df4c295 - - default default] No more DHCP agents
2026-05-27 07:14:51.161 10 WARNING neutron.api.rpc.agentnotifiers.dhcp_rpc_agent_api [None req-ef172542-8514-442e-8c96-b84e0938a156 3e48206ee44b49ec9e2d952f3f48a6d0 bac4e8f9a86949b59a2f31d88df4c295 - - default default] Unable to schedule network 583cd61b-7511-44d0-9430-7b0ce78863f0: no agents available; will retry on subsequent port and subnet creation events.
2026-05-27 07:14:51.194 10 INFO neutron.db.ovn_revision_numbers_db [None req-ef172542-8514-442e-8c96-b84e0938a156 3e48206ee44b49ec9e2d952f3f48a6d0 bac4e8f9a86949b59a2f31d88df4c295 - - default default] Successfully bumped revision number for resource 4d7d3333-0f18-404d-8126-d410949704e6 (type: subnets) to 0
2026-05-27 07:14:51.216 10 INFO neutron.wsgi [None req-ef172542-8514-442e-8c96-b84e0938a156 3e48206ee44b49ec9e2d952f3f48a6d0 bac4e8f9a86949b59a2f31d88df4c295 - - default default] 10.0.0.78 "POST /v2.0/subnets HTTP/1.1" status: 201 len: 802 time: 0.3215835
2026-05-27 07:14:51.239 9 WARNING neutron_lib.context [None req-90de5343-50de-4c5d-9b16-35d239b5e0c8 3e48206ee44b49ec9e2d952f3f48a6d0 bac4e8f9a86949b59a2f31d88df4c295 - - default default] Method 'is_advsvc' is deprecated since 2023.2 release (neutron-lib 3.8.0) and will be removed once support for the old RBAC API policies will be removed from Neutron. Please use method 'is_service_role' instead.
2026-05-27 07:14:51.752 9 INFO neutron.wsgi [None req-e1c3db8f-8464-42a8-bbbb-e662c3a74297 49d1c7e7502c4c6b97f54e8f4f212323 14388796f3654fe08055252b4966ed29 - - default default] 10.0.0.78 "PUT /v2.0/routers/466488a6-4dcf-4877-ad63-a1a04eb6ac68/remove_router_interface HTTP/1.1" status: 200 len: 503 time: 2.0396714
2026-05-27 07:14:52.032 9 WARNING neutron.scheduler.dhcp_agent_scheduler [None req-90de5343-50de-4c5d-9b16-35d239b5e0c8 3e48206ee44b49ec9e2d952f3f48a6d0 bac4e8f9a86949b59a2f31d88df4c295 - - default default] No more DHCP agents
2026-05-27 07:14:52.035 9 WARNING neutron.api.rpc.agentnotifiers.dhcp_rpc_agent_api [None req-90de5343-50de-4c5d-9b16-35d239b5e0c8 3e48206ee44b49ec9e2d952f3f48a6d0 bac4e8f9a86949b59a2f31d88df4c295 - - default default] Unable to schedule network 5a52102f-3741-45d2-8ee4-2af75b2e8b81: no agents available; will retry on subsequent port and subnet creation events.
2026-05-27 07:14:52.195 9 INFO neutron.db.ovn_revision_numbers_db [None req-90de5343-50de-4c5d-9b16-35d239b5e0c8 3e48206ee44b49ec9e2d952f3f48a6d0 bac4e8f9a86949b59a2f31d88df4c295 - - default default] Successfully bumped revision number for resource 3b531429-59cb-4878-b612-51bf7d757050 (type: ports) to 1
2026-05-27 07:14:52.433 10 WARNING neutron_lib.context [None req-c906b5ae-e79b-4b86-b232-dd643b45cde5 53ff567ec8f345939edd64b051bb9e0a 81914ddd1c134d808a8551e33de079cb - - default default] Method 'is_advsvc' is deprecated since 2023.2 release (neutron-lib 3.8.0) and will be removed once support for the old RBAC API policies will be removed from Neutron. Please use method 'is_service_role' instead.
2026-05-27 07:14:53.121 10 INFO neutron.wsgi [None req-87f904db-7f08-4877-98ff-11a6613efc14 49d1c7e7502c4c6b97f54e8f4f212323 14388796f3654fe08055252b4966ed29 - - default default] 10.0.0.78 "DELETE /v2.0/routers/466488a6-4dcf-4877-ad63-a1a04eb6ac68 HTTP/1.1" status: 204 len: 168 time: 1.3630257
2026-05-27 07:14:53.154 10 INFO neutron.db.ovn_revision_numbers_db [None req-c906b5ae-e79b-4b86-b232-dd643b45cde5 53ff567ec8f345939edd64b051bb9e0a 81914ddd1c134d808a8551e33de079cb - - default default] Successfully bumped revision number for resource 682dbf25-61af-41f6-8837-c451cc05fd58 (type: security_groups) to 1
2026-05-27 07:14:53.181 10 INFO neutron.db.ovn_revision_numbers_db [None req-c906b5ae-e79b-4b86-b232-dd643b45cde5 53ff567ec8f345939edd64b051bb9e0a 81914ddd1c134d808a8551e33de079cb - - default default] Successfully bumped revision number for resource 0a30f061-c3a0-4475-9683-2a556b42862b (type: security_group_rules) to 0
2026-05-27 07:14:53.197 10 INFO neutron.db.ovn_revision_numbers_db [None req-c906b5ae-e79b-4b86-b232-dd643b45cde5 53ff567ec8f345939edd64b051bb9e0a 81914ddd1c134d808a8551e33de079cb - - default default] Successfully bumped revision number for resource bc5c9e60-d927-45d5-bc8f-bafdf12b1db4 (type: security_group_rules) to 0
2026-05-27 07:14:53.221 10 INFO neutron.db.ovn_revision_numbers_db [None req-c906b5ae-e79b-4b86-b232-dd643b45cde5 53ff567ec8f345939edd64b051bb9e0a 81914ddd1c134d808a8551e33de079cb - - default default] Successfully bumped revision number for resource c6cfd361-2897-4a45-9ce1-93000a2556f8 (type: security_group_rules) to 0
2026-05-27 07:14:53.241 10 INFO neutron.db.ovn_revision_numbers_db [None req-c906b5ae-e79b-4b86-b232-dd643b45cde5 53ff567ec8f345939edd64b051bb9e0a 81914ddd1c134d808a8551e33de079cb - - default default] Successfully bumped revision number for resource fe696b4d-df69-4e64-bb42-74883851d22c (type: security_group_rules) to 0
2026-05-27 07:14:53.307 10 INFO neutron.db.segments_db [None req-c906b5ae-e79b-4b86-b232-dd643b45cde5 53ff567ec8f345939edd64b051bb9e0a 81914ddd1c134d808a8551e33de079cb - - default default] Added segment e87910a3-25dd-4a43-99fc-c8da42e5e29c of type geneve for network ed530f08-0b59-49c2-86da-cd992cdc834d
2026-05-27 07:14:53.358 10 INFO neutron.wsgi [None req-9b61de74-5146-4f3e-ac3a-38c82d7339a8 49d1c7e7502c4c6b97f54e8f4f212323 14388796f3654fe08055252b4966ed29 - - default default] 10.0.0.78 "DELETE /v2.0/subnets/8a9523ba-7234-48ca-8c1f-e264a5411041 HTTP/1.1" status: 204 len: 168 time: 0.2284331
2026-05-27 07:14:53.384 9 INFO neutron.plugins.ml2.drivers.ovn.mech_driver.ovsdb.commands [None req-01612b14-c642-49d2-be9a-f26c74b47248 - - - - - -] Schedule LRP lrp-3b531429-59cb-4878-b612-51bf7d757050 on gateway c0f0d84f-20d5-49f1-a895-ee5be84540bb with priority 1
2026-05-27 07:14:53.403 10 INFO neutron.plugins.ml2.drivers.ovn.mech_driver.mech_driver [None req-47e41312-481e-440c-bc7f-e982aa13891a - - - - - -] OVN reports status up for port: 3b531429-59cb-4878-b612-51bf7d757050
2026-05-27 07:14:53.420 10 INFO neutron.plugins.ml2.plugin [None req-47e41312-481e-440c-bc7f-e982aa13891a - - - - - -] Attempt 1 to provision port 3b531429-59cb-4878-b612-51bf7d757050
