2026-05-27 07:15:02.377 9 INFO neutron.wsgi [req-b46be432-a5d8-49af-a60b-ab5e9cb1c261 req-43b97b6b-0c58-4823-82ce-fa2f13241976 f6e127efe92449f1b7570ccc7a7e1f09 e7c7f8f054f546618b8e4c049ddcd3b2 - - 2ce922d5462c4e70a7bbd2870c916094 2ce922d5462c4e70a7bbd2870c916094] 199.204.45.244 "GET /v2.0/networks/d9fd896a-ffd1-413d-ae74-165699095953?fields=segments HTTP/1.1" status: 200 len: 212 time: 0.1216404
2026-05-27 07:15:02.398 10 INFO neutron.wsgi [None req-731692d2-07c9-4659-8eb2-aecf3e46446c 53ff567ec8f345939edd64b051bb9e0a 81914ddd1c134d808a8551e33de079cb - - default default] 10.0.0.78 "POST /v2.0/ports HTTP/1.1" status: 201 len: 1114 time: 0.8238268
2026-05-27 07:15:02.548 9 INFO neutron.wsgi [req-b46be432-a5d8-49af-a60b-ab5e9cb1c261 req-9aadf57a-64a4-4bdf-9a59-b85836f672d1 f6e127efe92449f1b7570ccc7a7e1f09 e7c7f8f054f546618b8e4c049ddcd3b2 - - 2ce922d5462c4e70a7bbd2870c916094 2ce922d5462c4e70a7bbd2870c916094] 199.204.45.244 "GET /v2.0/networks/d9fd896a-ffd1-413d-ae74-165699095953?fields=provider%3Aphysical_network&fields=provider%3Anetwork_type HTTP/1.1" status: 200 len: 277 time: 0.1571097
2026-05-27 07:15:02.770 10 WARNING neutron.scheduler.dhcp_agent_scheduler [None req-2f05e135-5201-4da2-812a-a0d28e478f89 49d1c7e7502c4c6b97f54e8f4f212323 14388796f3654fe08055252b4966ed29 - - default default] No more DHCP agents
2026-05-27 07:15:02.773 10 WARNING neutron.api.rpc.agentnotifiers.dhcp_rpc_agent_api [None req-2f05e135-5201-4da2-812a-a0d28e478f89 49d1c7e7502c4c6b97f54e8f4f212323 14388796f3654fe08055252b4966ed29 - - default default] Unable to schedule network 6bb5099d-6459-4dcb-bd63-d4899cb9d47c: no agents available; will retry on subsequent port and subnet creation events.
2026-05-27 07:15:02.930 10 INFO neutron.wsgi [req-72f9eb19-1c66-45fd-8485-a3438b9cf1c3 req-42dfe78f-5cce-4e14-a682-de9d2d5d1b1c a5c8275f38214efda37749036ebd8925 3129efd5ad1844b49b6f4fc9c0e097f2 - - default default] 10.0.0.171 "GET /v2.0/ports?device_id=aa0db1b8-1eac-4723-93ee-746c627452d8 HTTP/1.1" status: 200 len: 1170 time: 0.0701494
2026-05-27 07:15:03.070 10 INFO neutron.wsgi [req-72f9eb19-1c66-45fd-8485-a3438b9cf1c3 req-d3296aed-e4cb-477b-8168-952b7d4fb0c4 a5c8275f38214efda37749036ebd8925 3129efd5ad1844b49b6f4fc9c0e097f2 - - default default] 10.0.0.171 "GET /v2.0/security-groups?id=c94963bb-338f-4dc8-a387-93d6404cc97e&fields=id&fields=name HTTP/1.1" status: 200 len: 313 time: 0.1146922
2026-05-27 07:15:03.090 10 INFO neutron.db.ovn_revision_numbers_db [None req-2f05e135-5201-4da2-812a-a0d28e478f89 49d1c7e7502c4c6b97f54e8f4f212323 14388796f3654fe08055252b4966ed29 - - default default] Successfully bumped revision number for resource de073824-6b4e-4472-b732-87f1099e2f07 (type: ports) to 1
2026-05-27 07:15:03.095 9 INFO neutron.plugins.ml2.drivers.ovn.mech_driver.mech_driver [None req-1cbfd0d9-7939-4b44-a5e0-fd368f313994 - - - - - -] OVN reports status down for port: ad391ad9-a36f-4e06-8b91-7227680dd4dd
2026-05-27 07:15:03.128 10 INFO neutron.wsgi [None req-e68663cc-4645-48f8-8fdc-0786df187b21 53ff567ec8f345939edd64b051bb9e0a 81914ddd1c134d808a8551e33de079cb - - default default] 10.0.0.78 "DELETE /v2.0/ports/ef3bcdd0-89ee-47d3-b2f3-84f5450da417 HTTP/1.1" status: 204 len: 168 time: 0.7234082
2026-05-27 07:15:03.157 10 INFO neutron.pecan_wsgi.hooks.translation [None req-21acbc65-e451-4714-ba55-12da46c8be11 53ff567ec8f345939edd64b051bb9e0a 81914ddd1c134d808a8551e33de079cb - - default default] GET failed (client error): The resource could not be found.
2026-05-27 07:15:03.160 10 INFO neutron.wsgi [None req-21acbc65-e451-4714-ba55-12da46c8be11 53ff567ec8f345939edd64b051bb9e0a 81914ddd1c134d808a8551e33de079cb - - default default] 10.0.0.78 "GET /v2.0/ports/ef3bcdd0-89ee-47d3-b2f3-84f5450da417 HTTP/1.1" status: 404 len: 333 time: 0.0266702
2026-05-27 07:15:03.399 9 INFO neutron.wsgi [None req-d7b5bf7b-ac53-4ea0-9e05-0b70b890dfa6 3e48206ee44b49ec9e2d952f3f48a6d0 bac4e8f9a86949b59a2f31d88df4c295 - - default default] 10.0.0.78 "DELETE /v2.0/floatingips/1300a480-758c-42f7-ad60-1944cb3b2b3f HTTP/1.1" status: 204 len: 168 time: 1.4845083
2026-05-27 07:15:03.415 9 WARNING neutron_lib.context [None req-b43f0ef2-44f7-4357-8ede-867ecd69d025 3e48206ee44b49ec9e2d952f3f48a6d0 bac4e8f9a86949b59a2f31d88df4c295 - - default default] Method 'is_advsvc' is deprecated since 2023.2 release (neutron-lib 3.8.0) and will be removed once support for the old RBAC API policies will be removed from Neutron. Please use method 'is_service_role' instead.
2026-05-27 07:15:03.441 9 INFO neutron.notifiers.nova [-] Nova event matching ['req-ec193eee-ecd3-4fa2-b5a3-ddeb6b2648ab'] response: {'server_uuid': 'aa0db1b8-1eac-4723-93ee-746c627452d8', 'name': 'network-vif-unplugged', 'status': 'completed', 'tag': 'ad391ad9-a36f-4e06-8b91-7227680dd4dd', 'code': 200}
2026-05-27 07:15:03.917 10 INFO neutron.wsgi [None req-8c105ae0-60fa-474d-9c00-956ce04d07e7 53ff567ec8f345939edd64b051bb9e0a 81914ddd1c134d808a8551e33de079cb - - default default] 10.0.0.78 "DELETE /v2.0/subnets/8ca9f0cc-f098-43bf-a6ac-940151f0cf19 HTTP/1.1" status: 204 len: 168 time: 0.7498698
2026-05-27 07:15:03.932 9 INFO neutron.db.ovn_revision_numbers_db [None req-1cbfd0d9-7939-4b44-a5e0-fd368f313994 - - - - - -] Successfully bumped revision number for resource ad391ad9-a36f-4e06-8b91-7227680dd4dd (type: ports) to 5
2026-05-27 07:15:03.964 9 WARNING neutron.plugins.ml2.drivers.ovn.mech_driver.ovsdb.ovn_client [None req-1cbfd0d9-7939-4b44-a5e0-fd368f313994 - - - - - -] Logical_Switch_Port %s host information not removed, the port state is up
2026-05-27 07:15:03.965 9 INFO neutron.plugins.ml2.drivers.ovn.mech_driver.mech_driver [None req-1cbfd0d9-7939-4b44-a5e0-fd368f313994 - - - - - -] OVN reports status up for port: ad391ad9-a36f-4e06-8b91-7227680dd4dd
2026-05-27 07:15:03.971 9 INFO neutron.db.ovn_revision_numbers_db [None req-edb6619d-19d6-49a0-8506-a233cf5893bd - - - - - -] Successfully bumped revision number for resource a5a01083-009c-4157-ace9-96aad829b2e8 (type: ports) to 1
2026-05-27 07:15:04.009 9 INFO neutron.plugins.ml2.plugin [None req-1cbfd0d9-7939-4b44-a5e0-fd368f313994 - - - - - -] Attempt 1 to provision port ad391ad9-a36f-4e06-8b91-7227680dd4dd
2026-05-27 07:15:04.123 9 WARNING neutron.scheduler.dhcp_agent_scheduler [None req-b43f0ef2-44f7-4357-8ede-867ecd69d025 3e48206ee44b49ec9e2d952f3f48a6d0 bac4e8f9a86949b59a2f31d88df4c295 - - default default] No more DHCP agents
2026-05-27 07:15:04.137 9 WARNING neutron.api.rpc.agentnotifiers.dhcp_rpc_agent_api [None req-b43f0ef2-44f7-4357-8ede-867ecd69d025 3e48206ee44b49ec9e2d952f3f48a6d0 bac4e8f9a86949b59a2f31d88df4c295 - - default default] Unable to schedule network 5a52102f-3741-45d2-8ee4-2af75b2e8b81: no agents available; will retry on subsequent port and subnet creation events.
2026-05-27 07:15:04.271 10 INFO neutron.wsgi [req-ee8fcf6d-37b5-4f09-9574-552184a1da25 req-3811dc7a-c7dd-4080-9bad-a7f10486780e a5c8275f38214efda37749036ebd8925 3129efd5ad1844b49b6f4fc9c0e097f2 - - default default] 10.0.0.171 "GET /v2.0/ports?device_id=aa0db1b8-1eac-4723-93ee-746c627452d8 HTTP/1.1" status: 200 len: 1168 time: 0.0694890
2026-05-27 07:15:04.390 10 INFO neutron.wsgi [req-ee8fcf6d-37b5-4f09-9574-552184a1da25 req-aec85b96-cb2f-433d-a68e-7e04e7cd6798 a5c8275f38214efda37749036ebd8925 3129efd5ad1844b49b6f4fc9c0e097f2 - - default default] 10.0.0.171 "GET /v2.0/security-groups?id=c94963bb-338f-4dc8-a387-93d6404cc97e&fields=id&fields=name HTTP/1.1" status: 200 len: 313 time: 0.1068637
2026-05-27 07:15:04.499 10 ERROR ovsdbapp.backend.ovs_idl.command [None req-2f05e135-5201-4da2-812a-a0d28e478f89 49d1c7e7502c4c6b97f54e8f4f212323 14388796f3654fe08055252b4966ed29 - - default default] Error executing command (DbGetCommand): ovsdbapp.backend.ovs_idl.idlutils.RowNotFound: Cannot find Logical_Router_Port with name=lrp-de073824-6b4e-4472-b732-87f1099e2f07
2026-05-27 07:15:04.499 10 ERROR ovsdbapp.backend.ovs_idl.command
Traceback (most recent call last):
2026-05-27 07:15:04.499 10 ERROR ovsdbapp.backend.ovs_idl.command
File "/var/lib/openstack/lib/python3.10/site-packages/ovsdbapp/backend/ovs_idl/command.py", line 47, in execute
2026-05-27 07:15:04.499 10 ERROR ovsdbapp.backend.ovs_idl.command self.run_idl(None)
2026-05-27 07:15:04.499 10 ERROR ovsdbapp.backend.ovs_idl.command
File "/var/lib/openstack/lib/python3.10/site-packages/ovsdbapp/backend/ovs_idl/command.py", line 235, in run_idl
2026-05-27 07:15:04.499 10 ERROR ovsdbapp.backend.ovs_idl.command record = self.api.lookup(self.table, self.record)
2026-05-27 07:15:04.499 10 ERROR ovsdbapp.backend.ovs_idl.command
File "/var/lib/openstack/lib/python3.10/site-packages/ovsdbapp/backend/ovs_idl/__init__.py", line 184, in lookup
2026-05-27 07:15:04.499 10 ERROR ovsdbapp.backend.ovs_idl.command return self._lookup(table, record)
2026-05-27 07:15:04.499 10 ERROR ovsdbapp.backend.ovs_idl.command
File "/var/lib/openstack/lib/python3.10/site-packages/ovsdbapp/backend/ovs_idl/__init__.py", line 235, in _lookup
2026-05-27 07:15:04.499 10 ERROR ovsdbapp.backend.ovs_idl.command row = idlutils.row_by_value(self, rl.table, rl.column, record)
2026-05-27 07:15:04.499 10 ERROR ovsdbapp.backend.ovs_idl.command
File "/var/lib/openstack/lib/python3.10/site-packages/ovsdbapp/backend/ovs_idl/idlutils.py", line 114, in row_by_value
2026-05-27 07:15:04.499 10 ERROR ovsdbapp.backend.ovs_idl.command raise RowNotFound(table=table, col=column, match=match)
2026-05-27 07:15:04.499 10 ERROR ovsdbapp.backend.ovs_idl.command ovsdbapp.backend.ovs_idl.idlutils.RowNotFound: Cannot find Logical_Router_Port with name=lrp-de073824-6b4e-4472-b732-87f1099e2f07
2026-05-27 07:15:04.499 10 ERROR ovsdbapp.backend.ovs_idl.command 
2026-05-27 07:15:04.500 10 ERROR neutron_lib.callbacks.manager [None req-2f05e135-5201-4da2-812a-a0d28e478f89 49d1c7e7502c4c6b97f54e8f4f212323 14388796f3654fe08055252b4966ed29 - - default default] Error during notification for neutron.services.ovn_l3.plugin.OVNL3RouterPlugin._port_update-8785617072879 port, after_update: ovsdbapp.backend.ovs_idl.idlutils.RowNotFound: Cannot find Logical_Router_Port with name=lrp-de073824-6b4e-4472-b732-87f1099e2f07
2026-05-27 07:15:04.500 10 ERROR neutron_lib.callbacks.manager
Traceback (most recent call last):
2026-05-27 07:15:04.500 10 ERROR neutron_lib.callbacks.manager
File "/var/lib/openstack/lib/python3.10/site-packages/neutron_lib/callbacks/manager.py", line 189, in _notify_loop
2026-05-27 07:15:04.500 10 ERROR neutron_lib.callbacks.manager callback.method(resource, event, trigger, payload=payload)
2026-05-27 07:15:04.500 10 ERROR neutron_lib.callbacks.manager
File "/var/lib/openstack/lib/python3.10/site-packages/neutron/services/ovn_l3/plugin.py", line 391, in _port_update
2026-05-27 07:15:04.500 10 ERROR neutron_lib.callbacks.manager l3plugin._ovn_client.update_router_port(context,
2026-05-27 07:15:04.500 10 ERROR neutron_lib.callbacks.manager
File "/var/lib/openstack/lib/python3.10/site-packages/neutron/plugins/ml2/drivers/ovn/mech_driver/ovsdb/ovn_client.py", line 1878, in update_router_port
2026-05-27 07:15:04.500 10 ERROR neutron_lib.callbacks.manager self._update_lrouter_port(context, port, if_exists=if_exists,
2026-05-27 07:15:04.500 10 ERROR neutron_lib.callbacks.manager
File "/var/lib/openstack/lib/python3.10/site-packages/neutron/plugins/ml2/drivers/ovn/mech_driver/ovsdb/ovn_client.py", line 1855, in _update_lrouter_port
2026-05-27 07:15:04.500 10 ERROR neutron_lib.callbacks.manager external_ids = self._nb_idl.db_get(
2026-05-27 07:15:04.500 10 ERROR neutron_lib.callbacks.manager
File "/var/lib/openstack/lib/python3.10/site-packages/ovsdbapp/backend/ovs_idl/command.py", line 47, in execute
2026-05-27 07:15:04.500 10 ERROR neutron_lib.callbacks.manager self.run_idl(None)
2026-05-27 07:15:04.500 10 ERROR neutron_lib.callbacks.manager
File "/var/lib/openstack/lib/python3.10/site-packages/ovsdbapp/backend/ovs_idl/command.py", line 235, in run_idl
2026-05-27 07:15:04.500 10 ERROR neutron_lib.callbacks.manager record = self.api.lookup(self.table, self.record)
2026-05-27 07:15:04.500 10 ERROR neutron_lib.callbacks.manager
File "/var/lib/openstack/lib/python3.10/site-packages/ovsdbapp/backend/ovs_idl/__init__.py", line 184, in lookup
2026-05-27 07:15:04.500 10 ERROR neutron_lib.callbacks.manager return self._lookup(table, record)
2026-05-27 07:15:04.500 10 ERROR neutron_lib.callbacks.manager
File "/var/lib/openstack/lib/python3.10/site-packages/ovsdbapp/backend/ovs_idl/__init__.py", line 235, in _lookup
2026-05-27 07:15:04.500 10 ERROR neutron_lib.callbacks.manager row = idlutils.row_by_value(self, rl.table, rl.column, record)
2026-05-27 07:15:04.500 10 ERROR neutron_lib.callbacks.manager
File "/var/lib/openstack/lib/python3.10/site-packages/ovsdbapp/backend/ovs_idl/idlutils.py", line 114, in row_by_value
2026-05-27 07:15:04.500 10 ERROR neutron_lib.callbacks.manager raise RowNotFound(table=table, col=column, match=match)
2026-05-27 07:15:04.500 10 ERROR neutron_lib.callbacks.manager ovsdbapp.backend.ovs_idl.idlutils.RowNotFound: Cannot find Logical_Router_Port with name=lrp-de073824-6b4e-4472-b732-87f1099e2f07
2026-05-27 07:15:04.500 10 ERROR neutron_lib.callbacks.manager 
2026-05-27 07:15:04.704 10 INFO neutron.services.segments.plugin [-] Segment 220d2ce1-26e3-4e4f-a0b5-28f975271c3b resource provider aggregate not found
2026-05-27 07:15:04.711 10 INFO neutron.services.segments.plugin [-] Segment 220d2ce1-26e3-4e4f-a0b5-28f975271c3b resource provider aggregate not found
2026-05-27 07:15:04.743 10 INFO neutron.services.segments.plugin [-] Segment 220d2ce1-26e3-4e4f-a0b5-28f975271c3b resource provider not found; error: Placement Client Error (4xx): {"errors": [{"status": 404, "title": "Not Found", "detail": "The resource could not be found.\n\n No resource provider with uuid 220d2ce1-26e3-4e4f-a0b5-28f975271c3b found for delete ", "request_id": "req-8d05b51a-88d8-4113-aacb-242dd82e1980"}]}
2026-05-27 07:15:04.744 10 INFO neutron.services.segments.plugin [-] Segment 220d2ce1-26e3-4e4f-a0b5-28f975271c3b resource provider not found; error: Placement Client Error (4xx): {"errors": [{"status": 404, "title": "Not Found", "detail": "The resource could not be found.\n\n No resource provider with uuid 220d2ce1-26e3-4e4f-a0b5-28f975271c3b found for delete ", "request_id": "req-32f215f2-7e49-4e03-a7e8-0932ef63ba35"}]}
2026-05-27 07:15:04.766 10 INFO neutron.wsgi [None req-90f120a5-89f6-4178-b569-20334d2ae11e 53ff567ec8f345939edd64b051bb9e0a 81914ddd1c134d808a8551e33de079cb - - default default] 10.0.0.78 "DELETE /v2.0/networks/f9a14b62-301f-4cde-b759-7b2cb763b730 HTTP/1.1" status: 204 len: 168 time: 0.8353128
2026-05-27 07:15:04.794 10 WARNING neutron_lib.context [None req-b8d7763d-4d34-4a19-8c5b-a54c58489965 53ff567ec8f345939edd64b051bb9e0a 81914ddd1c134d808a8551e33de079cb - - default default] Method 'is_advsvc' is deprecated since 2023.2 release (neutron-lib 3.8.0) and will be removed once support for the old RBAC API policies will be removed from Neutron. Please use method 'is_service_role' instead.
2026-05-27 07:15:04.910 10 INFO neutron.db.ovn_revision_numbers_db [None req-2f05e135-5201-4da2-812a-a0d28e478f89 49d1c7e7502c4c6b97f54e8f4f212323 14388796f3654fe08055252b4966ed29 - - default default] Successfully bumped revision number for resource de073824-6b4e-4472-b732-87f1099e2f07 (type: ports) to 1
2026-05-27 07:15:05.001 10 WARNING neutron.plugins.ml2.drivers.ovn.mech_driver.ovsdb.ovn_client [None req-47e41312-481e-440c-bc7f-e982aa13891a - - - - - -] No hosting information found for port 7921a24c-1ed7-4242-894a-1581b7be5067: RuntimeError: No hosting information found for port 7921a24c-1ed7-4242-894a-1581b7be5067
2026-05-27 07:15:05.002 10 INFO neutron.plugins.ml2.drivers.ovn.mech_driver.mech_driver [None req-47e41312-481e-440c-bc7f-e982aa13891a - - - - - -] OVN reports status up for port: a5a01083-009c-4157-ace9-96aad829b2e8
2026-05-27 07:15:05.026 10 INFO neutron.plugins.ml2.plugin [None req-47e41312-481e-440c-bc7f-e982aa13891a - - - - - -] Attempt 1 to provision port a5a01083-009c-4157-ace9-96aad829b2e8
2026-05-27 07:15:05.053 10 WARNING neutron.scheduler.dhcp_agent_scheduler [None req-2f05e135-5201-4da2-812a-a0d28e478f89 49d1c7e7502c4c6b97f54e8f4f212323 14388796f3654fe08055252b4966ed29 - - default default] No more DHCP agents
2026-05-27 07:15:05.056 10 WARNING neutron.api.rpc.agentnotifiers.dhcp_rpc_agent_api [None req-2f05e135-5201-4da2-812a-a0d28e478f89 49d1c7e7502c4c6b97f54e8f4f212323 14388796f3654fe08055252b4966ed29 - - default default] Unable to schedule network 6bb5099d-6459-4dcb-bd63-d4899cb9d47c: no agents available; will retry on subsequent port and subnet creation events.
2026-05-27 07:15:05.073 9 INFO neutron.db.ovn_revision_numbers_db [None req-1cbfd0d9-7939-4b44-a5e0-fd368f313994 - - - - - -] Successfully bumped revision number for resource ad391ad9-a36f-4e06-8b91-7227680dd4dd (type: ports) to 6
2026-05-27 07:15:05.260 10 WARNING neutron.scheduler.dhcp_agent_scheduler [None req-b8d7763d-4d34-4a19-8c5b-a54c58489965 53ff567ec8f345939edd64b051bb9e0a 81914ddd1c134d808a8551e33de079cb - - default default] No more DHCP agents
2026-05-27 07:15:05.276 9 INFO neutron.db.ovn_revision_numbers_db [None req-edb6619d-19d6-49a0-8506-a233cf5893bd - - - - - -] Successfully bumped revision number for resource a5a01083-009c-4157-ace9-96aad829b2e8 (type: router_ports) to 3
2026-05-27 07:15:05.277 10 WARNING neutron.api.rpc.agentnotifiers.dhcp_rpc_agent_api [None req-b8d7763d-4d34-4a19-8c5b-a54c58489965 53ff567ec8f345939edd64b051bb9e0a 81914ddd1c134d808a8551e33de079cb - - default default] Unable to schedule network ed530f08-0b59-49c2-86da-cd992cdc834d: no agents available; will retry on subsequent port and subnet creation events.
2026-05-27 07:15:05.489 10 INFO neutron.db.ovn_revision_numbers_db [None req-b8d7763d-4d34-4a19-8c5b-a54c58489965 53ff567ec8f345939edd64b051bb9e0a 81914ddd1c134d808a8551e33de079cb - - default default] Successfully bumped revision number for resource c5ecf7d8-8939-4cd6-ac22-3cccc690abd7 (type: ports) to 1
2026-05-27 07:15:05.511 9 INFO neutron.notifiers.nova [-] Nova event matching ['req-4c9d4301-40e6-4620-a77b-a9fdf07da86d'] response: {'server_uuid': 'aa0db1b8-1eac-4723-93ee-746c627452d8', 'name': 'network-vif-unplugged', 'status': 'completed', 'tag': 'ad391ad9-a36f-4e06-8b91-7227680dd4dd', 'code': 200}
2026-05-27 07:15:05.511 9 INFO neutron.notifiers.nova [-] Nova event matching ['req-4c9d4301-40e6-4620-a77b-a9fdf07da86d'] response: {'server_uuid': 'aa0db1b8-1eac-4723-93ee-746c627452d8', 'name': 'network-vif-plugged', 'status': 'completed', 'tag': 'ad391ad9-a36f-4e06-8b91-7227680dd4dd', 'code': 200}
2026-05-27 07:15:05.511 9 INFO neutron.notifiers.nova [-] Nova event matching ['req-4c9d4301-40e6-4620-a77b-a9fdf07da86d'] response: {'server_uuid': 'aa0db1b8-1eac-4723-93ee-746c627452d8', 'name': 'network-vif-plugged', 'status': 'completed', 'tag': 'ad391ad9-a36f-4e06-8b91-7227680dd4dd', 'code': 200}
2026-05-27 07:15:05.544 10 INFO neutron.wsgi [None req-b8d7763d-4d34-4a19-8c5b-a54c58489965 53ff567ec8f345939edd64b051bb9e0a 81914ddd1c134d808a8551e33de079cb - - default default] 10.0.0.78 "POST /v2.0/ports HTTP/1.1" status: 201 len: 973 time: 0.7628515 /var/lib/openstack/lib/python3.10/site-packages/pycadf/identifier.py:71: UserWarning: Invalid uuid: neutron. To ensure interoperability, identifiers should be a valid uuid. warnings.warn(('Invalid uuid: %s. To ensure interoperability, '
2026-05-27 07:15:05.608 9 INFO neutron.db.ovn_revision_numbers_db [None req-edb6619d-19d6-49a0-8506-a233cf5893bd - - - - - -] Successfully bumped revision number for resource a5a01083-009c-4157-ace9-96aad829b2e8 (type: ports) to 2
2026-05-27 07:15:05.750 9 INFO neutron.db.ovn_revision_numbers_db [None req-b43f0ef2-44f7-4357-8ede-867ecd69d025 3e48206ee44b49ec9e2d952f3f48a6d0 bac4e8f9a86949b59a2f31d88df4c295 - - default default] Successfully bumped revision number for resource 7fd0fdb7-7771-40ec-b960-4adb0d57071d (type: floatingips) to -1
2026-05-27 07:15:05.898 9 INFO neutron.db.ovn_revision_numbers_db [None req-b43f0ef2-44f7-4357-8ede-867ecd69d025 3e48206ee44b49ec9e2d952f3f48a6d0 bac4e8f9a86949b59a2f31d88df4c295 - - default default] Successfully bumped revision number for resource 7fd0fdb7-7771-40ec-b960-4adb0d57071d (type: floatingips) to 1
2026-05-27 07:15:05.898 9 INFO neutron.db.l3_db [None req-b43f0ef2-44f7-4357-8ede-867ecd69d025 3e48206ee44b49ec9e2d952f3f48a6d0 bac4e8f9a86949b59a2f31d88df4c295 - - default default] Floating IP 7fd0fdb7-7771-40ec-b960-4adb0d57071d associated. External IP: 10.96.250.207, port: 783a0418-5e88-476b-ba1a-609f60a4ffd5.
2026-05-27 07:15:05.951 9 INFO neutron.wsgi [None req-b43f0ef2-44f7-4357-8ede-867ecd69d025 3e48206ee44b49ec9e2d952f3f48a6d0 bac4e8f9a86949b59a2f31d88df4c295 - - default default] 10.0.0.78 "POST /v2.0/floatingips HTTP/1.1" status: 201 len: 1041 time: 2.5419323 /var/lib/openstack/lib/python3.10/site-packages/pycadf/identifier.py:71: UserWarning: Invalid uuid: neutron. To ensure interoperability, identifiers should be a valid uuid. warnings.warn(('Invalid uuid: %s. To ensure interoperability, '
2026-05-27 07:15:06.013 9 INFO neutron.wsgi [None req-636d01f7-40f7-44e8-9a93-e53e4e2dc916 3e48206ee44b49ec9e2d952f3f48a6d0 bac4e8f9a86949b59a2f31d88df4c295 - - default default] 10.0.0.78 "GET /v2.0/floatingips/7fd0fdb7-7771-40ec-b960-4adb0d57071d HTTP/1.1" status: 200 len: 1038 time: 0.0478148
2026-05-27 07:15:06.104 9 INFO neutron.wsgi [None req-4b59ca78-8b6a-4e23-8f0a-a4d4b17d8ace 3e48206ee44b49ec9e2d952f3f48a6d0 bac4e8f9a86949b59a2f31d88df4c295 - - default default] 10.0.0.78 "GET /v2.0/floatingips HTTP/1.1" status: 200 len: 1041 time: 0.0851827
2026-05-27 07:15:06.429 10 INFO neutron.db.ovn_revision_numbers_db [None req-47e41312-481e-440c-bc7f-e982aa13891a - - - - - -] Successfully bumped revision number for resource a5a01083-009c-4157-ace9-96aad829b2e8 (type: ports) to 4
2026-05-27 07:15:06.485 9 INFO neutron.plugins.ml2.drivers.ovn.mech_driver.mech_driver [None req-1cbfd0d9-7939-4b44-a5e0-fd368f313994 - - - - - -] OVN reports status down for port: c5ecf7d8-8939-4cd6-ac22-3cccc690abd7
2026-05-27 07:15:06.568 10 INFO neutron.db.ovn_revision_numbers_db [None req-5e7f135a-d78d-46ef-9fb3-87d4f7e9eda5 53ff567ec8f345939edd64b051bb9e0a 81914ddd1c134d808a8551e33de079cb - - default default] Successfully bumped revision number for resource c5ecf7d8-8939-4cd6-ac22-3cccc690abd7 (type: ports) to 2
2026-05-27 07:15:06.597 10 INFO neutron.wsgi [None req-5e7f135a-d78d-46ef-9fb3-87d4f7e9eda5 53ff567ec8f345939edd64b051bb9e0a 81914ddd1c134d808a8551e33de079cb - - default default] 10.0.0.78 "PUT /v2.0/ports/c5ecf7d8-8939-4cd6-ac22-3cccc690abd7 HTTP/1.1" status: 200 len: 946 time: 1.0429323 /var/lib/openstack/lib/python3.10/site-packages/pycadf/identifier.py:71: UserWarning: Invalid uuid: neutron. To ensure interoperability, identifiers should be a valid uuid. warnings.warn(('Invalid uuid: %s. To ensure interoperability, '
2026-05-27 07:15:06.985 10 INFO neutron.db.ovn_revision_numbers_db [None req-47e41312-481e-440c-bc7f-e982aa13891a - - - - - -] Successfully bumped revision number for resource a5a01083-009c-4157-ace9-96aad829b2e8 (type: router_ports) to 4
2026-05-27 07:15:07.007 10 INFO neutron.db.ovn_revision_numbers_db [None req-2f05e135-5201-4da2-812a-a0d28e478f89 49d1c7e7502c4c6b97f54e8f4f212323 14388796f3654fe08055252b4966ed29 - - default default] Successfully bumped revision number for resource de073824-6b4e-4472-b732-87f1099e2f07 (type: router_ports) to 1
2026-05-27 07:15:07.015 10 INFO neutron.wsgi [None req-2f05e135-5201-4da2-812a-a0d28e478f89 49d1c7e7502c4c6b97f54e8f4f212323 14388796f3654fe08055252b4966ed29 - - default default] 10.0.0.78 "PUT /v2.0/routers/058e5c94-4357-4b21-8418-e3b60f9d5047/add_router_interface HTTP/1.1" status: 200 len: 503 time: 5.0349472
2026-05-27 07:15:07.106 10 INFO neutron.plugins.ml2.drivers.ovn.mech_driver.mech_driver [None req-47e41312-481e-440c-bc7f-e982aa13891a - - - - - -] OVN reports status up for port: de073824-6b4e-4472-b732-87f1099e2f07
2026-05-27 07:15:07.120 10 INFO neutron.plugins.ml2.plugin [None req-47e41312-481e-440c-bc7f-e982aa13891a - - - - - -] Attempt 1 to provision port de073824-6b4e-4472-b732-87f1099e2f07
2026-05-27 07:15:07.185 10 INFO neutron.wsgi [None req-993f7512-d492-4435-9580-8f635c1833a1 53ff567ec8f345939edd64b051bb9e0a 81914ddd1c134d808a8551e33de079cb - - default default] 10.0.0.78 "DELETE /v2.0/ports/c5ecf7d8-8939-4cd6-ac22-3cccc690abd7 HTTP/1.1" status: 204 len: 168 time: 0.5807431
2026-05-27 07:15:07.255 9 INFO neutron.db.ovn_revision_numbers_db [None req-3df29466-ac50-4589-9a04-983097c08521 3e48206ee44b49ec9e2d952f3f48a6d0 bac4e8f9a86949b59a2f31d88df4c295 - - default default] Successfully bumped revision number for resource 7fd0fdb7-7771-40ec-b960-4adb0d57071d (type: floatingips) to 2
2026-05-27 07:15:07.261 10 INFO neutron.wsgi [None req-8ee80308-d029-4c6b-bfdd-19f9a5a771e2 53ff567ec8f345939edd64b051bb9e0a 81914ddd1c134d808a8551e33de079cb - - default default] 10.0.0.78 "GET /v2.0/ports HTTP/1.1" status: 200 len: 1728 time: 0.0693204
2026-05-27 07:15:07.289 10 INFO neutron.pecan_wsgi.hooks.translation [None req-040999e8-92d3-429b-a5ff-58f0242f08a8 53ff567ec8f345939edd64b051bb9e0a 81914ddd1c134d808a8551e33de079cb - - default default] GET failed (client error): The resource could not be found.
2026-05-27 07:15:07.291 10 INFO neutron.wsgi [None req-040999e8-92d3-429b-a5ff-58f0242f08a8 53ff567ec8f345939edd64b051bb9e0a 81914ddd1c134d808a8551e33de079cb - - default default] 10.0.0.78 "GET /v2.0/ports/c5ecf7d8-8939-4cd6-ac22-3cccc690abd7 HTTP/1.1" status: 404 len: 333 time: 0.0227199
2026-05-27 07:15:07.363 10 INFO neutron.wsgi [None req-5cbdfa28-09af-4113-8598-8c2f43e2e23d 53ff567ec8f345939edd64b051bb9e0a 81914ddd1c134d808a8551e33de079cb - - default default] 10.0.0.78 "GET /v2.0/ports HTTP/1.1" status: 200 len: 1728 time: 0.0624168
2026-05-27 07:15:07.399 9 INFO neutron.db.ovn_revision_numbers_db [None req-3df29466-ac50-4589-9a04-983097c08521 3e48206ee44b49ec9e2d952f3f48a6d0 bac4e8f9a86949b59a2f31d88df4c295 - - default default] Successfully bumped revision number for resource 7fd0fdb7-7771-40ec-b960-4adb0d57071d (type: floatingips) to 2
2026-05-27 07:15:07.399 9 INFO neutron.db.l3_db [None req-3df29466-ac50-4589-9a04-983097c08521 3e48206ee44b49ec9e2d952f3f48a6d0 bac4e8f9a86949b59a2f31d88df4c295 - - default default] Floating IP 7fd0fdb7-7771-40ec-b960-4adb0d57071d associated. External IP: 10.96.250.207, port: 783a0418-5e88-476b-ba1a-609f60a4ffd5.
2026-05-27 07:15:07.502 9 INFO neutron.wsgi [None req-75d58850-37c7-4fc2-a1fe-87fecf2e550f 53ff567ec8f345939edd64b051bb9e0a 81914ddd1c134d808a8551e33de079cb - - default default] 10.0.0.78 "GET /v2.0/ports/a4db3ee1-4523-4675-b736-993adb19c66a HTTP/1.1" status: 200 len: 968 time: 0.1278787
2026-05-27 07:15:07.505 9 INFO neutron.wsgi [None req-3df29466-ac50-4589-9a04-983097c08521 3e48206ee44b49ec9e2d952f3f48a6d0 bac4e8f9a86949b59a2f31d88df4c295 - - default default] 10.0.0.78 "PUT /v2.0/floatingips/7fd0fdb7-7771-40ec-b960-4adb0d57071d HTTP/1.1" status: 200 len: 1039 time: 1.3945377
2026-05-27 07:15:07.537 9 INFO neutron.pecan_wsgi.hooks.translation [None req-90b25956-275a-4d73-b6a5-b256af98861f 53ff567ec8f345939edd64b051bb9e0a 81914ddd1c134d808a8551e33de079cb - - default default] DELETE failed (client error): The resource could not be found.
2026-05-27 07:15:07.540 9 INFO neutron.wsgi [None req-90b25956-275a-4d73-b6a5-b256af98861f 53ff567ec8f345939edd64b051bb9e0a 81914ddd1c134d808a8551e33de079cb - - default default] 10.0.0.78 "DELETE /v2.0/ports/ef3bcdd0-89ee-47d3-b2f3-84f5450da417 HTTP/1.1" status: 404 len: 333 time: 0.0295320
2026-05-27 07:15:07.569 9 INFO neutron.pecan_wsgi.hooks.translation [None req-2a75b7f2-2d3f-400f-8a42-cea95916f123 53ff567ec8f345939edd64b051bb9e0a 81914ddd1c134d808a8551e33de079cb - - default default] DELETE failed (client error): The resource could not be found.
2026-05-27 07:15:07.572 9 INFO neutron.wsgi [None req-2a75b7f2-2d3f-400f-8a42-cea95916f123 53ff567ec8f345939edd64b051bb9e0a 81914ddd1c134d808a8551e33de079cb - - default default] 10.0.0.78 "DELETE /v2.0/subnets/8ca9f0cc-f098-43bf-a6ac-940151f0cf19 HTTP/1.1" status: 404 len: 337 time: 0.0262988
2026-05-27 07:15:07.597 9 INFO neutron.pecan_wsgi.hooks.translation [None req-7a320b35-b6fa-43e0-83c9-18f534cf12b4 53ff567ec8f345939edd64b051bb9e0a 81914ddd1c134d808a8551e33de079cb - - default default] DELETE failed (client error): The resource could not be found.
2026-05-27 07:15:07.601 9 INFO neutron.wsgi [None req-7a320b35-b6fa-43e0-83c9-18f534cf12b4 53ff567ec8f345939edd64b051bb9e0a 81914ddd1c134d808a8551e33de079cb - - default default] 10.0.0.78 "DELETE /v2.0/subnets/f271484e-efa5-4c99-9922-b0d61bb282d0 HTTP/1.1" status: 404 len: 337 time: 0.0225818
2026-05-27 07:15:07.698 9 WARNING neutron_lib.context [None req-72e89e56-a6bd-4501-b1b8-5d0fd36d81f1 adcf124e59974d9e823cc50d148f3a86 6de12b7e3f3e4978ac3f5876aba60bd5 - - default default] Method 'is_advsvc' is deprecated since 2023.2 release (neutron-lib 3.8.0) and will be removed once support for the old RBAC API policies will be removed from Neutron. Please use method 'is_service_role' instead.
2026-05-27 07:15:07.764 10 INFO neutron.db.ovn_revision_numbers_db [None req-d7218876-fc73-41d2-89b6-81c4ae798f4b 3e48206ee44b49ec9e2d952f3f48a6d0 bac4e8f9a86949b59a2f31d88df4c295 - - default default] Successfully bumped revision number for resource 7fd0fdb7-7771-40ec-b960-4adb0d57071d (type: floatingips) to 3
2026-05-27 07:15:07.801 10 INFO neutron.db.ovn_revision_numbers_db [None req-47e41312-481e-440c-bc7f-e982aa13891a - - - - - -] Successfully bumped revision number for resource de073824-6b4e-4472-b732-87f1099e2f07 (type: ports) to 2
2026-05-27 07:15:07.917 9 INFO neutron.db.ovn_revision_numbers_db [None req-72e89e56-a6bd-4501-b1b8-5d0fd36d81f1 adcf124e59974d9e823cc50d148f3a86 6de12b7e3f3e4978ac3f5876aba60bd5 - - default default] Successfully bumped revision number for resource a0c9c3af-c607-47aa-b856-747e5ab143b2 (type: security_groups) to 1
2026-05-27 07:15:07.952 9 INFO neutron.db.ovn_revision_numbers_db [None req-72e89e56-a6bd-4501-b1b8-5d0fd36d81f1 adcf124e59974d9e823cc50d148f3a86 6de12b7e3f3e4978ac3f5876aba60bd5 - - default default] Successfully bumped revision number for resource 5690e80e-951b-4be3-b80d-dcb691997a24 (type: security_group_rules) to 0
2026-05-27 07:15:07.963 9 INFO neutron.wsgi [None req-2debc08d-efda-43c1-a18d-4bfa5553798c 53ff567ec8f345939edd64b051bb9e0a 81914ddd1c134d808a8551e33de079cb - - default default] 10.0.0.78 "DELETE /v2.0/ports/a4db3ee1-4523-4675-b736-993adb19c66a HTTP/1.1" status: 204 len: 168 time: 0.3523583
2026-05-27 07:15:07.976 9 INFO neutron.db.ovn_revision_numbers_db [None req-72e89e56-a6bd-4501-b1b8-5d0fd36d81f1 adcf124e59974d9e823cc50d148f3a86 6de12b7e3f3e4978ac3f5876aba60bd5 - - default default] Successfully bumped revision number for resource 915294db-b6db-4a60-b9ac-dc472e1b4c1c (type: security_group_rules) to 0
2026-05-27 07:15:08.016 9 INFO neutron.wsgi [None req-72e89e56-a6bd-4501-b1b8-5d0fd36d81f1 adcf124e59974d9e823cc50d148f3a86 6de12b7e3f3e4978ac3f5876aba60bd5 - - default default] 10.0.0.78 "POST /v2.0/security-groups HTTP/1.1" status: 201 len: 1861 time: 0.3267546
2026-05-27 07:15:08.031 9 WARNING neutron_lib.context [None req-e1359e94-c888-43b3-b3b7-54eb30c06c7c adcf124e59974d9e823cc50d148f3a86 6de12b7e3f3e4978ac3f5876aba60bd5 - - default default] Method 'is_advsvc' is deprecated since 2023.2 release (neutron-lib 3.8.0) and will be removed once support for the old RBAC API policies will be removed from Neutron. Please use method 'is_service_role' instead.
2026-05-27 07:15:08.268 9 INFO neutron.db.ovn_revision_numbers_db [None req-e1359e94-c888-43b3-b3b7-54eb30c06c7c adcf124e59974d9e823cc50d148f3a86 6de12b7e3f3e4978ac3f5876aba60bd5 - - default default] Successfully bumped revision number for resource c7277b68-ab99-42fe-aa4f-1dc62a4004df (type: security_group_rules) to 0
2026-05-27 07:15:08.291 10 INFO neutron.db.l3_db [None req-d7218876-fc73-41d2-89b6-81c4ae798f4b 3e48206ee44b49ec9e2d952f3f48a6d0 bac4e8f9a86949b59a2f31d88df4c295 - - default default] Floating IP 7fd0fdb7-7771-40ec-b960-4adb0d57071d disassociated. External IP: 10.96.250.207, port: efda8f49-fdf4-40d4-bb1a-864f834d868d.
2026-05-27 07:15:08.313 9 INFO neutron.wsgi [None req-e1359e94-c888-43b3-b3b7-54eb30c06c7c adcf124e59974d9e823cc50d148f3a86 6de12b7e3f3e4978ac3f5876aba60bd5 - - default default] 10.0.0.78 "POST /v2.0/security-group-rules HTTP/1.1" status: 201 len: 796 time: 0.2881649
2026-05-27 07:15:08.325 10 WARNING neutron_lib.context [None req-632c1ab7-4ebb-449a-9de2-291f483eaeeb adcf124e59974d9e823cc50d148f3a86 6de12b7e3f3e4978ac3f5876aba60bd5 - - default default] Method 'is_advsvc' is deprecated since 2023.2 release (neutron-lib 3.8.0) and will be removed once support for the old RBAC API policies will be removed from Neutron. Please use method 'is_service_role' instead.
2026-05-27 07:15:08.328 10 INFO neutron.wsgi [None req-d7218876-fc73-41d2-89b6-81c4ae798f4b 3e48206ee44b49ec9e2d952f3f48a6d0 bac4e8f9a86949b59a2f31d88df4c295 - - default default] 10.0.0.78 "PUT /v2.0/floatingips/7fd0fdb7-7771-40ec-b960-4adb0d57071d HTTP/1.1" status: 200 len: 748 time: 0.8180034
2026-05-27 07:15:08.392 10 INFO neutron.db.ovn_revision_numbers_db [None req-47e41312-481e-440c-bc7f-e982aa13891a - - - - - -] Successfully bumped revision number for resource de073824-6b4e-4472-b732-87f1099e2f07 (type: router_ports) to 2
2026-05-27 07:15:08.491 9 INFO neutron.services.segments.plugin [-] Segment e87910a3-25dd-4a43-99fc-c8da42e5e29c resource provider aggregate not found
2026-05-27 07:15:08.499 10 INFO neutron.db.ovn_revision_numbers_db [None req-632c1ab7-4ebb-449a-9de2-291f483eaeeb adcf124e59974d9e823cc50d148f3a86 6de12b7e3f3e4978ac3f5876aba60bd5 - - default default] Successfully bumped revision number for resource 3ef227aa-3c4b-46dc-b5c8-243d428c29f1 (type: security_group_rules) to 0
2026-05-27 07:15:08.501 9 INFO neutron.services.segments.plugin [-] Segment e87910a3-25dd-4a43-99fc-c8da42e5e29c resource provider aggregate not found
2026-05-27 07:15:08.524 9 INFO neutron.services.segments.plugin [-] Segment e87910a3-25dd-4a43-99fc-c8da42e5e29c resource provider not found; error: Placement Client Error (4xx): {"errors": [{"status": 404, "title": "Not Found", "detail": "The resource could not be found.\n\n No resource provider with uuid e87910a3-25dd-4a43-99fc-c8da42e5e29c found for delete ", "request_id": "req-deb16545-e558-4a45-8b77-c29aa5559128"}]}
2026-05-27 07:15:08.525 9 INFO neutron.services.segments.plugin [-] Segment e87910a3-25dd-4a43-99fc-c8da42e5e29c resource provider not found; error: Placement Client Error (4xx): {"errors": [{"status": 404, "title": "Not Found", "detail": "The resource could not be found.\n\n No resource provider with uuid e87910a3-25dd-4a43-99fc-c8da42e5e29c found for delete ", "request_id": "req-7241e066-03ae-42bc-98b5-17544711c89b"}]}
2026-05-27 07:15:08.526 10 INFO neutron.wsgi [None req-632c1ab7-4ebb-449a-9de2-291f483eaeeb adcf124e59974d9e823cc50d148f3a86 6de12b7e3f3e4978ac3f5876aba60bd5 - - default default] 10.0.0.78 "POST /v2.0/security-group-rules HTTP/1.1" status: 201 len: 801 time: 0.2045522
2026-05-27 07:15:08.538 10 WARNING neutron_lib.context [None req-a55f0625-64b7-41d8-be00-3106d8007bf1 adcf124e59974d9e823cc50d148f3a86 6de12b7e3f3e4978ac3f5876aba60bd5 - - default default] Method 'is_advsvc' is deprecated since 2023.2 release (neutron-lib 3.8.0) and will be removed once support for the old RBAC API policies will be removed from Neutron. Please use method 'is_service_role' instead.
2026-05-27 07:15:08.545 9 INFO neutron.wsgi [None req-35d1608a-924e-4e1b-a63f-edfa6f99c061 53ff567ec8f345939edd64b051bb9e0a 81914ddd1c134d808a8551e33de079cb - - default default] 10.0.0.78 "DELETE /v2.0/networks/ed530f08-0b59-49c2-86da-cd992cdc834d HTTP/1.1" status: 204 len: 168 time: 0.5768661
2026-05-27 07:15:08.865 9 INFO neutron.wsgi [None req-a3832e8f-6afb-4eb8-a8c9-2f1287c1e960 3e48206ee44b49ec9e2d952f3f48a6d0 bac4e8f9a86949b59a2f31d88df4c295 - - default default] 10.0.0.78 "DELETE /v2.0/floatingips/7fd0fdb7-7771-40ec-b960-4adb0d57071d HTTP/1.1" status: 204 len: 168 time: 0.5289633
2026-05-27 07:15:08.897 10 WARNING neutron.scheduler.dhcp_agent_scheduler [None req-a55f0625-64b7-41d8-be00-3106d8007bf1 adcf124e59974d9e823cc50d148f3a86 6de12b7e3f3e4978ac3f5876aba60bd5 - - default default] No more DHCP agents
2026-05-27 07:15:08.899 10 WARNING neutron.api.rpc.agentnotifiers.dhcp_rpc_agent_api [None req-a55f0625-64b7-41d8-be00-3106d8007bf1 adcf124e59974d9e823cc50d148f3a86 6de12b7e3f3e4978ac3f5876aba60bd5 - - default default] Unable to schedule network 5a52102f-3741-45d2-8ee4-2af75b2e8b81: no agents available; will retry on subsequent port and subnet creation events.
2026-05-27 07:15:08.900 9 INFO neutron.api.v2.resource [None req-5cb66325-3e46-48b4-a2bd-15da60c1f2a0 3e48206ee44b49ec9e2d952f3f48a6d0 bac4e8f9a86949b59a2f31d88df4c295 - - default default] delete failed (client error): The resource could not be found.
2026-05-27 07:15:08.902 9 INFO neutron.wsgi [None req-5cb66325-3e46-48b4-a2bd-15da60c1f2a0 3e48206ee44b49ec9e2d952f3f48a6d0 bac4e8f9a86949b59a2f31d88df4c295 - - default default] 10.0.0.78 "DELETE /v2.0/floatingips/7fd0fdb7-7771-40ec-b960-4adb0d57071d HTTP/1.1" status: 404 len: 345 time: 0.0307906
2026-05-27 07:15:09.280 10 INFO neutron.wsgi [None req-a1b40859-9af0-4287-9aee-ccf701009a55 49d1c7e7502c4c6b97f54e8f4f212323 14388796f3654fe08055252b4966ed29 - - default default] 10.0.0.78 "GET /v2.0/security-groups?tenant_id=81914ddd1c134d808a8551e33de079cb&name=default HTTP/1.1" status: 200 len: 3120 time: 0.2018354
2026-05-27 07:15:09.296 10 INFO neutron.wsgi [None req-a55f0625-64b7-41d8-be00-3106d8007bf1 adcf124e59974d9e823cc50d148f3a86 6de12b7e3f3e4978ac3f5876aba60bd5 - - default default] 10.0.0.78 "POST /v2.0/floatingips HTTP/1.1" status: 201 len: 751 time: 0.7641029
2026-05-27 07:15:09.352 9 INFO neutron.wsgi [None req-0a26e527-7c75-422f-9072-a1354d42e920 3e48206ee44b49ec9e2d952f3f48a6d0 bac4e8f9a86949b59a2f31d88df4c295 - - default default] 10.0.0.78 "DELETE /v2.0/ports/efda8f49-fdf4-40d4-bb1a-864f834d868d HTTP/1.1" status: 204 len: 168 time: 0.4420056
2026-05-27 07:15:09.617 10 INFO neutron.wsgi [-] 10.0.0.56 "GET / HTTP/1.1" status: 200 len: 247 time: 0.0030444
2026-05-27 07:15:09.619 10 INFO neutron.wsgi [-] 10.0.0.56 "GET / HTTP/1.1" status: 200 len: 247 time: 0.0012555
2026-05-27 07:15:09.620 9 INFO neutron.wsgi [None req-de0efd26-185a-43b2-96c3-33baa36a31d3 49d1c7e7502c4c6b97f54e8f4f212323 14388796f3654fe08055252b4966ed29 - - default default] 10.0.0.78 "DELETE /v2.0/security-groups/682dbf25-61af-41f6-8837-c451cc05fd58 HTTP/1.1" status: 204 len: 168 time: 0.3332577
2026-05-27 07:15:09.871 10 INFO neutron.wsgi [req-3ed0a15e-ef1a-4da2-8858-3f294ade15a4 req-bc430ada-f40b-452a-bf79-7b8b6dc3daee adcf124e59974d9e823cc50d148f3a86 6de12b7e3f3e4978ac3f5876aba60bd5 - - default default] 10.0.0.171 "GET /v2.0/security-groups?name=tempest-securitygroup--2084398068&fields=id&tenant_id=6de12b7e3f3e4978ac3f5876aba60bd5 HTTP/1.1" status: 200 len: 267 time: 0.0800602
2026-05-27 07:15:09.874 10 INFO neutron.wsgi [None req-00c4c0e6-32c6-4558-9fb7-ebc50ec17742 3e48206ee44b49ec9e2d952f3f48a6d0 bac4e8f9a86949b59a2f31d88df4c295 - - default default] 10.0.0.78 "DELETE /v2.0/ports/783a0418-5e88-476b-ba1a-609f60a4ffd5 HTTP/1.1" status: 204 len: 168 time: 0.5142717
2026-05-27 07:15:09.938 10 INFO neutron.wsgi [req-3ed0a15e-ef1a-4da2-8858-3f294ade15a4 req-6ef5f236-38e4-4546-9b36-53cdbc8afada adcf124e59974d9e823cc50d148f3a86 6de12b7e3f3e4978ac3f5876aba60bd5 - - default default] 10.0.0.171 "GET /v2.0/networks?id=6bb5099d-6459-4dcb-bd63-d4899cb9d47c HTTP/1.1" status: 200 len: 875 time: 0.0603509
2026-05-27 07:15:09.942 9 INFO neutron.wsgi [None req-3d988381-26f2-46f0-b209-a7f59976146c 3e48206ee44b49ec9e2d952f3f48a6d0 bac4e8f9a86949b59a2f31d88df4c295 - - default default] 10.0.0.78 "GET /v2.0/ports?device_id=54752870-06bd-4c64-9f1e-928658c921c8 HTTP/1.1" status: 200 len: 1140 time: 0.0601902
2026-05-27 07:15:09.960 10 INFO neutron.wsgi [req-3ed0a15e-ef1a-4da2-8858-3f294ade15a4 req-8edf1f6c-50a6-4152-af93-211e4e1f8f4d adcf124e59974d9e823cc50d148f3a86 6de12b7e3f3e4978ac3f5876aba60bd5 - - default default] 10.0.0.171 "GET /v2.0/quotas/6de12b7e3f3e4978ac3f5876aba60bd5 HTTP/1.1" status: 200 len: 491 time: 0.0156140
2026-05-27 07:15:10.077 10 INFO neutron.wsgi [req-3ed0a15e-ef1a-4da2-8858-3f294ade15a4 req-519ff0e7-cd04-4c36-8ae4-606d92d35255 adcf124e59974d9e823cc50d148f3a86 6de12b7e3f3e4978ac3f5876aba60bd5 - - default default] 10.0.0.171 "GET /v2.0/ports?tenant_id=6de12b7e3f3e4978ac3f5876aba60bd5&fields=id HTTP/1.1" status: 200 len: 302 time: 0.1120384
2026-05-27 07:15:10.151 10 INFO neutron.wsgi [req-3ed0a15e-ef1a-4da2-8858-3f294ade15a4 req-d9c53375-ee96-49e1-b674-8c006d52f0a4 f6e127efe92449f1b7570ccc7a7e1f09 e7c7f8f054f546618b8e4c049ddcd3b2 - - 2ce922d5462c4e70a7bbd2870c916094 2ce922d5462c4e70a7bbd2870c916094] 10.0.0.171 "GET /v2.0/networks/6bb5099d-6459-4dcb-bd63-d4899cb9d47c?fields=segments HTTP/1.1" status: 200 len: 212 time: 0.0622272
2026-05-27 07:15:10.264 10 INFO neutron.wsgi [req-3ed0a15e-ef1a-4da2-8858-3f294ade15a4 req-51bb25d8-5c9b-49c7-bc71-ee0626dadbe4 f6e127efe92449f1b7570ccc7a7e1f09 e7c7f8f054f546618b8e4c049ddcd3b2 - - 2ce922d5462c4e70a7bbd2870c916094 2ce922d5462c4e70a7bbd2870c916094] 10.0.0.171 "GET /v2.0/networks/6bb5099d-6459-4dcb-bd63-d4899cb9d47c?fields=provider%3Aphysical_network&fields=provider%3Anetwork_type HTTP/1.1" status: 200 len: 277 time: 0.1030033
2026-05-27 07:15:10.482 10 INFO neutron.wsgi [req-7f9f7344-5990-443a-ae01-914aec93ffaa req-fde6824f-1ec8-4688-86e9-7ace682dcad7 adcf124e59974d9e823cc50d148f3a86 6de12b7e3f3e4978ac3f5876aba60bd5 - - default default] 10.0.0.171 "GET /v2.0/ports?device_id=5afbf15f-b474-421c-a77b-cf675a77f86c HTTP/1.1" status: 200 len: 210 time: 0.0291417
2026-05-27 07:15:11.602 9 INFO neutron.wsgi [None req-f32d7a0f-eb61-4f1d-9bd0-6fa7861d3a8e 3e48206ee44b49ec9e2d952f3f48a6d0 bac4e8f9a86949b59a2f31d88df4c295 - - default default] 10.0.0.78 "PUT /v2.0/routers/54752870-06bd-4c64-9f1e-928658c921c8/remove_router_interface HTTP/1.1" status: 200 len: 503 time: 1.6519182
2026-05-27 07:15:11.603 10 INFO neutron.wsgi [req-f3516626-2169-450a-b37f-7ad108833790 req-12fdaec7-4001-4d3c-9655-e2de3ae6dac4 adcf124e59974d9e823cc50d148f3a86 6de12b7e3f3e4978ac3f5876aba60bd5 - - default default] 10.0.0.171 "GET /v2.0/ports?device_id=5afbf15f-b474-421c-a77b-cf675a77f86c HTTP/1.1" status: 200 len: 210 time: 0.0231698
2026-05-27 07:15:11.643 9 INFO neutron.wsgi [req-3ed0a15e-ef1a-4da2-8858-3f294ade15a4 req-7d30862a-6ad3-426a-a019-3b63f40384d6 adcf124e59974d9e823cc50d148f3a86 6de12b7e3f3e4978ac3f5876aba60bd5 - - default default] 199.204.45.244 "GET /v2.0/networks?id=6bb5099d-6459-4dcb-bd63-d4899cb9d47c HTTP/1.1" status: 200 len: 875 time: 0.1717577 /var/lib/openstack/lib/python3.10/site-packages/pycadf/identifier.py:71: UserWarning: Invalid uuid: neutron. To ensure interoperability, identifiers should be a valid uuid. warnings.warn(('Invalid uuid: %s. To ensure interoperability, '
2026-05-27 07:15:11.722 9 INFO neutron.wsgi [req-3ed0a15e-ef1a-4da2-8858-3f294ade15a4 req-ddc2a0cc-6148-4f22-9c95-42f46a0fe4c3 adcf124e59974d9e823cc50d148f3a86 6de12b7e3f3e4978ac3f5876aba60bd5 - - default default] 199.204.45.244 "GET /v2.0/security-groups?fields=id&fields=name&tenant_id=6de12b7e3f3e4978ac3f5876aba60bd5 HTTP/1.1" status: 200 len: 380 time: 0.0472250
2026-05-27 07:15:11.740 9 WARNING neutron_lib.context [req-3ed0a15e-ef1a-4da2-8858-3f294ade15a4 req-d1046753-e8e8-40c3-85d8-6a74b93fd79b adcf124e59974d9e823cc50d148f3a86 6de12b7e3f3e4978ac3f5876aba60bd5 - - default default] Method 'is_advsvc' is deprecated since 2023.2 release (neutron-lib 3.8.0) and will be removed once support for the old RBAC API policies will be removed from Neutron. Please use method 'is_service_role' instead.
2026-05-27 07:15:12.105 9 WARNING neutron.scheduler.dhcp_agent_scheduler [req-3ed0a15e-ef1a-4da2-8858-3f294ade15a4 req-d1046753-e8e8-40c3-85d8-6a74b93fd79b adcf124e59974d9e823cc50d148f3a86 6de12b7e3f3e4978ac3f5876aba60bd5 - - default default] No more DHCP agents
2026-05-27 07:15:12.107 9 WARNING neutron.api.rpc.agentnotifiers.dhcp_rpc_agent_api [req-3ed0a15e-ef1a-4da2-8858-3f294ade15a4 req-d1046753-e8e8-40c3-85d8-6a74b93fd79b adcf124e59974d9e823cc50d148f3a86 6de12b7e3f3e4978ac3f5876aba60bd5 - - default default] Unable to schedule network 6bb5099d-6459-4dcb-bd63-d4899cb9d47c: no agents available; will retry on subsequent port and subnet creation events.
2026-05-27 07:15:12.294 9 INFO neutron.db.ovn_revision_numbers_db [req-3ed0a15e-ef1a-4da2-8858-3f294ade15a4 req-d1046753-e8e8-40c3-85d8-6a74b93fd79b adcf124e59974d9e823cc50d148f3a86 6de12b7e3f3e4978ac3f5876aba60bd5 - - default default] Successfully bumped revision number for resource f13f92ec-c203-4045-80ab-b65e8c0ce076 (type: ports) to 1
2026-05-27 07:15:12.328 9 INFO neutron.wsgi [req-3ed0a15e-ef1a-4da2-8858-3f294ade15a4 req-d1046753-e8e8-40c3-85d8-6a74b93fd79b adcf124e59974d9e823cc50d148f3a86 6de12b7e3f3e4978ac3f5876aba60bd5 - - default default] 199.204.45.244 "POST /v2.0/ports HTTP/1.1" status: 201 len: 1158 time: 0.5992341 /var/lib/openstack/lib/python3.10/site-packages/pycadf/identifier.py:71: UserWarning: Invalid uuid: neutron. To ensure interoperability, identifiers should be a valid uuid. warnings.warn(('Invalid uuid: %s. To ensure interoperability, '
2026-05-27 07:15:12.593 10 INFO neutron.wsgi [None req-04853111-04c9-4f2c-a02e-df77804dc712 3e48206ee44b49ec9e2d952f3f48a6d0 bac4e8f9a86949b59a2f31d88df4c295 - - default default] 10.0.0.78 "DELETE /v2.0/routers/54752870-06bd-4c64-9f1e-928658c921c8 HTTP/1.1" status: 204 len: 168 time: 0.9842210
2026-05-27 07:15:12.741 10 INFO neutron.wsgi [req-b630a9b4-547a-494d-b8ad-c2a411ec83e8 req-aac50812-4d3b-4486-9931-1e41f82f751a adcf124e59974d9e823cc50d148f3a86 6de12b7e3f3e4978ac3f5876aba60bd5 - - default default] 10.0.0.171 "GET /v2.0/ports?device_id=5afbf15f-b474-421c-a77b-cf675a77f86c HTTP/1.1" status: 200 len: 1168 time: 0.0673285
2026-05-27 07:15:12.808 10 INFO neutron.wsgi [req-b630a9b4-547a-494d-b8ad-c2a411ec83e8 req-b970702b-ae58-4288-9acf-3680bc563385 adcf124e59974d9e823cc50d148f3a86 6de12b7e3f3e4978ac3f5876aba60bd5 - - default default] 10.0.0.171 "GET /v2.0/security-groups?id=a0c9c3af-c607-47aa-b856-747e5ab143b2&fields=id&fields=name HTTP/1.1" status: 200 len: 313 time: 0.0567400
2026-05-27 07:15:12.813 9 INFO neutron.db.ovn_revision_numbers_db [req-3ed0a15e-ef1a-4da2-8858-3f294ade15a4 req-d65ed747-c8a4-4d8f-8cd0-2eb6febcf3dc f6e127efe92449f1b7570ccc7a7e1f09 e7c7f8f054f546618b8e4c049ddcd3b2 - - 2ce922d5462c4e70a7bbd2870c916094 2ce922d5462c4e70a7bbd2870c916094] Successfully bumped revision number for resource f13f92ec-c203-4045-80ab-b65e8c0ce076 (type: ports) to 2
2026-05-27 07:15:12.838 10 INFO neutron.wsgi [None req-0553f552-4802-44ac-a580-082df79ffb7f 3e48206ee44b49ec9e2d952f3f48a6d0 bac4e8f9a86949b59a2f31d88df4c295 - - default default] 10.0.0.78 "DELETE /v2.0/subnets/4d7d3333-0f18-404d-8126-d410949704e6 HTTP/1.1" status: 204 len: 168 time: 0.2380178
2026-05-27 07:15:13.051 9 INFO neutron.db.ovn_revision_numbers_db [req-3ed0a15e-ef1a-4da2-8858-3f294ade15a4 req-d65ed747-c8a4-4d8f-8cd0-2eb6febcf3dc f6e127efe92449f1b7570ccc7a7e1f09 e7c7f8f054f546618b8e4c049ddcd3b2 - - 2ce922d5462c4e70a7bbd2870c916094 2ce922d5462c4e70a7bbd2870c916094] Successfully bumped revision number for resource f13f92ec-c203-4045-80ab-b65e8c0ce076 (type: ports) to 2
2026-05-27 07:15:13.072 9 INFO neutron.wsgi [req-3ed0a15e-ef1a-4da2-8858-3f294ade15a4 req-d65ed747-c8a4-4d8f-8cd0-2eb6febcf3dc f6e127efe92449f1b7570ccc7a7e1f09 e7c7f8f054f546618b8e4c049ddcd3b2 - - 2ce922d5462c4e70a7bbd2870c916094 2ce922d5462c4e70a7bbd2870c916094] 199.204.45.244 "PUT /v2.0/ports/f13f92ec-c203-4045-80ab-b65e8c0ce076 HTTP/1.1" status: 200 len: 1376 time: 0.7326732 /var/lib/openstack/lib/python3.10/site-packages/pycadf/identifier.py:71: UserWarning: Invalid uuid: neutron. To ensure interoperability, identifiers should be a valid uuid. warnings.warn(('Invalid uuid: %s. To ensure interoperability, '
2026-05-27 07:15:13.138 9 INFO neutron.notifiers.nova [-] Nova event matching ['req-9a639e9f-4c09-4198-816e-eaf2350acbe9'] response: {'name': 'network-changed', 'server_uuid': '5afbf15f-b474-421c-a77b-cf675a77f86c', 'tag': 'f13f92ec-c203-4045-80ab-b65e8c0ce076', 'status': 'completed', 'code': 200}
2026-05-27 07:15:13.165 9 INFO neutron.wsgi [req-3ed0a15e-ef1a-4da2-8858-3f294ade15a4 req-60430703-c03d-4716-9962-afa16690cc21 f6e127efe92449f1b7570ccc7a7e1f09 e7c7f8f054f546618b8e4c049ddcd3b2 - - 2ce922d5462c4e70a7bbd2870c916094 2ce922d5462c4e70a7bbd2870c916094] 199.204.45.244 "GET /v2.0/ports?tenant_id=6de12b7e3f3e4978ac3f5876aba60bd5&device_id=5afbf15f-b474-421c-a77b-cf675a77f86c HTTP/1.1" status: 200 len: 1407 time: 0.0421417
2026-05-27 07:15:13.208 9 INFO neutron.wsgi [req-3ed0a15e-ef1a-4da2-8858-3f294ade15a4 req-2a5d6cb7-b69d-4886-b1fe-4a8660f7bd82 f6e127efe92449f1b7570ccc7a7e1f09 e7c7f8f054f546618b8e4c049ddcd3b2 - - 2ce922d5462c4e70a7bbd2870c916094 2ce922d5462c4e70a7bbd2870c916094] 199.204.45.244 "GET /v2.0/floatingips?fixed_ip_address=10.100.0.4&port_id=f13f92ec-c203-4045-80ab-b65e8c0ce076 HTTP/1.1" status: 200 len: 217 time: 0.0376835
2026-05-27 07:15:13.216 10 INFO neutron.services.segments.plugin [-] Segment 409d8de4-8ad9-42e1-b2c3-9cca387f140a resource provider aggregate not found
2026-05-27 07:15:13.223 10 INFO neutron.services.segments.plugin [-] Segment 409d8de4-8ad9-42e1-b2c3-9cca387f140a resource provider aggregate not found
2026-05-27 07:15:13.233 10 INFO neutron.services.segments.plugin [-] Segment 409d8de4-8ad9-42e1-b2c3-9cca387f140a resource provider not found; error: Placement Client Error (4xx): {"errors": [{"status": 404, "title": "Not Found", "detail": "The resource could not be found.\n\n No resource provider with uuid 409d8de4-8ad9-42e1-b2c3-9cca387f140a found for delete ", "request_id": "req-c903dd4e-83f0-44e9-ad9a-3f45da63f61c"}]}
