2026-05-27 07:16:40.983 10 WARNING neutron_lib.context [None req-07980093-2b41-4030-9835-d36229a0c750 25e556e022a545adb773a9fbf5d29354 aeabbc2721a5468496965cd5bb9f4ee5 - - default default] Method 'is_advsvc' is deprecated since 2023.2 release (neutron-lib 3.8.0) and will be removed once support for the old RBAC API policies will be removed from Neutron. Please use method 'is_service_role' instead.
2026-05-27 07:16:41.054 9 INFO neutron.db.ovn_revision_numbers_db [None req-22adcaaa-0c24-4864-9d98-0b21c7cad692 2b3178b7429f45e89779ce53528e82c0 cbe3ba8268a64d34923176c1e4e4c112 - - default default] Successfully bumped revision number for resource ce1c08e7-3db3-40b8-868a-494f26646f26 (type: ports) to 2
2026-05-27 07:16:41.060 10 INFO neutron.db.securitygroups_db [None req-07980093-2b41-4030-9835-d36229a0c750 25e556e022a545adb773a9fbf5d29354 aeabbc2721a5468496965cd5bb9f4ee5 - - default default] Project aeabbc2721a5468496965cd5bb9f4ee5 added a security group rule with legacy IPv6 ICMP protocol name icmp, ipv6-icmp should be used instead. It was automatically converted.
2026-05-27 07:16:41.106 9 INFO neutron.db.ovn_revision_numbers_db [None req-22adcaaa-0c24-4864-9d98-0b21c7cad692 2b3178b7429f45e89779ce53528e82c0 cbe3ba8268a64d34923176c1e4e4c112 - - default default] Successfully bumped revision number for resource 8e482e96-5eee-4d0d-98f6-808c481efd3e (type: subnets) to 0
2026-05-27 07:16:41.125 9 INFO neutron.wsgi [None req-22adcaaa-0c24-4864-9d98-0b21c7cad692 2b3178b7429f45e89779ce53528e82c0 cbe3ba8268a64d34923176c1e4e4c112 - - default default] 10.0.0.78 "POST /v2.0/subnets HTTP/1.1" status: 201 len: 819 time: 0.9004526
2026-05-27 07:16:41.138 9 WARNING neutron.api.v2.base [None req-6c792985-4494-4c69-bb41-6f0216b560ce 2b3178b7429f45e89779ce53528e82c0 cbe3ba8268a64d34923176c1e4e4c112 - - default default] An exception happened while processing the request body. The exception message is [Invalid input for target_tenant. Reason: 'None' is not a valid string.].: webob.exc.HTTPBadRequest: Invalid input for target_tenant. Reason: 'None' is not a valid string.
2026-05-27 07:16:41.140 9 INFO neutron.api.v2.resource [None req-6c792985-4494-4c69-bb41-6f0216b560ce 2b3178b7429f45e89779ce53528e82c0 cbe3ba8268a64d34923176c1e4e4c112 - - default default] create failed (client error): Invalid input for target_tenant. Reason: 'None' is not a valid string.
2026-05-27 07:16:41.141 9 INFO neutron.wsgi [None req-6c792985-4494-4c69-bb41-6f0216b560ce 2b3178b7429f45e89779ce53528e82c0 cbe3ba8268a64d34923176c1e4e4c112 - - default default] 10.0.0.78 "POST /v2.0/rbac-policies HTTP/1.1" status: 400 len: 346 time: 0.0098534
2026-05-27 07:16:41.221 10 WARNING neutron.scheduler.dhcp_agent_scheduler [None req-9c3cef07-84b7-4a38-b5eb-8299f1ee09cb f0749b440268437f85880cb9d0830dc0 f0c6b0ee8e2341769a7fb2806c067167 - - default default] No more DHCP agents
2026-05-27 07:16:41.224 10 WARNING neutron.api.rpc.agentnotifiers.dhcp_rpc_agent_api [None req-9c3cef07-84b7-4a38-b5eb-8299f1ee09cb f0749b440268437f85880cb9d0830dc0 f0c6b0ee8e2341769a7fb2806c067167 - - default default] Unable to schedule network 4ad0be3e-6963-4ab6-8b7b-a18046bd9239: no agents available; will retry on subsequent port and subnet creation events.
2026-05-27 07:16:41.243 10 INFO neutron.db.ovn_revision_numbers_db [None req-07980093-2b41-4030-9835-d36229a0c750 25e556e022a545adb773a9fbf5d29354 aeabbc2721a5468496965cd5bb9f4ee5 - - default default] Successfully bumped revision number for resource 1f0ba539-957d-465b-8002-bddeea7e19c3 (type: security_group_rules) to 0
2026-05-27 07:16:41.276 10 INFO neutron.wsgi [None req-07980093-2b41-4030-9835-d36229a0c750 25e556e022a545adb773a9fbf5d29354 aeabbc2721a5468496965cd5bb9f4ee5 - - default default] 10.0.0.78 "POST /v2.0/security-group-rules HTTP/1.1" status: 201 len: 806 time: 0.2995756
2026-05-27 07:16:41.276 10 INFO neutron.db.ovn_revision_numbers_db [None req-9c3cef07-84b7-4a38-b5eb-8299f1ee09cb f0749b440268437f85880cb9d0830dc0 f0c6b0ee8e2341769a7fb2806c067167 - - default default] Successfully bumped revision number for resource c08e88bb-7722-480d-af33-786457e41581 (type: subnets) to 0
2026-05-27 07:16:41.302 10 WARNING neutron.scheduler.dhcp_agent_scheduler [None req-9c3cef07-84b7-4a38-b5eb-8299f1ee09cb f0749b440268437f85880cb9d0830dc0 f0c6b0ee8e2341769a7fb2806c067167 - - default default] No more DHCP agents
2026-05-27 07:16:41.308 10 WARNING neutron.api.rpc.agentnotifiers.dhcp_rpc_agent_api [None req-9c3cef07-84b7-4a38-b5eb-8299f1ee09cb f0749b440268437f85880cb9d0830dc0 f0c6b0ee8e2341769a7fb2806c067167 - - default default] Unable to schedule network 657ad779-9b04-4974-8ea2-7753f408a8cf: no agents available; will retry on subsequent port and subnet creation events.
2026-05-27 07:16:41.318 10 INFO neutron.wsgi [None req-e77ce403-d69d-4298-85b4-fde9f0cf104e 25e556e022a545adb773a9fbf5d29354 aeabbc2721a5468496965cd5bb9f4ee5 - - default default] 10.0.0.78 "GET /v2.0/security-group-rules/1f0ba539-957d-465b-8002-bddeea7e19c3 HTTP/1.1" status: 200 len: 801 time: 0.0235257
2026-05-27 07:16:41.343 10 INFO neutron.db.ovn_revision_numbers_db [None req-9c3cef07-84b7-4a38-b5eb-8299f1ee09cb f0749b440268437f85880cb9d0830dc0 f0c6b0ee8e2341769a7fb2806c067167 - - default default] Successfully bumped revision number for resource 21f798ef-6600-4bd2-916b-be1df4d727a6 (type: subnets) to 0
2026-05-27 07:16:41.363 10 INFO neutron.wsgi [None req-9c3cef07-84b7-4a38-b5eb-8299f1ee09cb f0749b440268437f85880cb9d0830dc0 f0c6b0ee8e2341769a7fb2806c067167 - - default default] 10.0.0.78 "POST /v2.0/subnets HTTP/1.1" status: 201 len: 1475 time: 0.7712791
2026-05-27 07:16:41.425 9 INFO neutron.wsgi [None req-c83ca28e-c324-427d-9688-6f2c11a93b2d 25e556e022a545adb773a9fbf5d29354 aeabbc2721a5468496965cd5bb9f4ee5 - - default default] 10.0.0.78 "GET /v2.0/security-group-rules HTTP/1.1" status: 200 len: 4339 time: 0.1019106
2026-05-27 07:16:41.427 10 INFO neutron.wsgi [None req-1f9f4081-91d7-4f24-b5c5-a4ce97f03991 f0749b440268437f85880cb9d0830dc0 f0c6b0ee8e2341769a7fb2806c067167 - - default default] 10.0.0.78 "GET /v2.0/subnets HTTP/1.1" status: 200 len: 2083 time: 0.0575573
2026-05-27 07:16:41.603 10 INFO neutron.wsgi [None req-1e33de7c-3ff4-45ed-ac3a-80cded9e4e2c 25e556e022a545adb773a9fbf5d29354 aeabbc2721a5468496965cd5bb9f4ee5 - - default default] 10.0.0.78 "DELETE /v2.0/security-group-rules/1f0ba539-957d-465b-8002-bddeea7e19c3 HTTP/1.1" status: 204 len: 168 time: 0.1712661
2026-05-27 07:16:41.670 10 INFO neutron.wsgi [None req-8d991cb1-3166-46b4-86a1-3b9a2adac5d0 f0749b440268437f85880cb9d0830dc0 f0c6b0ee8e2341769a7fb2806c067167 - - default default] 10.0.0.78 "DELETE /v2.0/subnets/c08e88bb-7722-480d-af33-786457e41581 HTTP/1.1" status: 204 len: 168 time: 0.2283239
2026-05-27 07:16:41.711 10 INFO neutron.wsgi [None req-c119c14c-075a-4f3f-9221-4f1a7330fdfb 25e556e022a545adb773a9fbf5d29354 aeabbc2721a5468496965cd5bb9f4ee5 - - default default] 10.0.0.78 "GET /v2.0/security-group-rules HTTP/1.1" status: 200 len: 3755 time: 0.1014123
2026-05-27 07:16:41.777 9 INFO neutron.services.segments.plugin [-] Segment b7b3d298-6c9f-4745-a19c-a1e25d31e7ba resource provider aggregate not found
2026-05-27 07:16:41.782 9 INFO neutron.services.segments.plugin [-] Segment b7b3d298-6c9f-4745-a19c-a1e25d31e7ba resource provider aggregate not found
2026-05-27 07:16:41.804 9 INFO neutron.services.segments.plugin [-] Segment b7b3d298-6c9f-4745-a19c-a1e25d31e7ba resource provider not found; error: Placement Client Error (4xx): {"errors": [{"status": 404, "title": "Not Found", "detail": "The resource could not be found.\n\n No resource provider with uuid b7b3d298-6c9f-4745-a19c-a1e25d31e7ba found for delete ", "request_id": "req-25bd561e-432b-4fd7-b7d6-614233bbfd00"}]}
2026-05-27 07:16:41.805 9 INFO neutron.services.segments.plugin [-] Segment b7b3d298-6c9f-4745-a19c-a1e25d31e7ba resource provider not found; error: Placement Client Error (4xx): {"errors": [{"status": 404, "title": "Not Found", "detail": "The resource could not be found.\n\n No resource provider with uuid b7b3d298-6c9f-4745-a19c-a1e25d31e7ba found for delete ", "request_id": "req-15f694d5-62c2-4cd0-a9c4-1101d4e6c917"}]}
2026-05-27 07:16:41.833 9 INFO neutron.wsgi [None req-e3cb12a1-c22d-4b76-a249-c26c9b9487ec 2b3178b7429f45e89779ce53528e82c0 cbe3ba8268a64d34923176c1e4e4c112 - - default default] 10.0.0.78 "DELETE /v2.0/networks/3e52f446-2c5c-4a94-a874-65373a205a34 HTTP/1.1" status: 204 len: 168 time: 0.6824720
2026-05-27 07:16:41.906 9 INFO neutron.wsgi [None req-52a77f6e-c794-4432-bc5a-931eab30fbb5 25e556e022a545adb773a9fbf5d29354 aeabbc2721a5468496965cd5bb9f4ee5 - - default default] 10.0.0.78 "DELETE /v2.0/security-groups/c9253c6e-5b12-4f3c-ac34-192a2c87d847 HTTP/1.1" status: 204 len: 168 time: 0.1872778
2026-05-27 07:16:41.918 10 INFO neutron.wsgi [None req-63e911c0-c947-49cd-aa0c-192c392b0806 f0749b440268437f85880cb9d0830dc0 f0c6b0ee8e2341769a7fb2806c067167 - - default default] 10.0.0.78 "DELETE /v2.0/subnets/21f798ef-6600-4bd2-916b-be1df4d727a6 HTTP/1.1" status: 204 len: 168 time: 0.2423460
2026-05-27 07:16:41.967 10 INFO neutron.wsgi [None req-1c435c87-7249-433d-8e09-f8f0ef720592 f0749b440268437f85880cb9d0830dc0 f0c6b0ee8e2341769a7fb2806c067167 - - default default] 10.0.0.78 "GET /v2.0/subnets HTTP/1.1" status: 200 len: 820 time: 0.0426517
2026-05-27 07:16:41.980 9 INFO neutron.wsgi [None req-6b03e6c4-dde9-4dbc-8876-41267294f7c3 25e556e022a545adb773a9fbf5d29354 aeabbc2721a5468496965cd5bb9f4ee5 - - default default] 10.0.0.78 "GET /v2.0/security-groups HTTP/1.1" status: 200 len: 3120 time: 0.0624528
2026-05-27 07:16:41.982 10 INFO neutron.db.ovn_revision_numbers_db [None req-9575bacf-cbf8-436f-8d6a-a26bd5a3bcb0 49d1c7e7502c4c6b97f54e8f4f212323 14388796f3654fe08055252b4966ed29 - - default default] Successfully bumped revision number for resource adac9bf0-d559-4d5c-82ac-6fc4e2144b92 (type: security_groups) to 1
2026-05-27 07:16:41.988 10 INFO neutron.db.segments_db [None req-ffb95d66-3f30-4210-98d6-0df6e37337af 2b3178b7429f45e89779ce53528e82c0 cbe3ba8268a64d34923176c1e4e4c112 - - default default] Added segment a8119894-a48c-4f94-8778-3912d9e83e7c of type geneve for network 9e4d0d8b-67ff-4aa4-a93e-fa8a8953c0f0
2026-05-27 07:16:42.023 10 INFO neutron.db.ovn_revision_numbers_db [None req-9575bacf-cbf8-436f-8d6a-a26bd5a3bcb0 49d1c7e7502c4c6b97f54e8f4f212323 14388796f3654fe08055252b4966ed29 - - default default] Successfully bumped revision number for resource 14bcd79a-63bb-4913-a5af-c73050dabbdf (type: security_group_rules) to 0
2026-05-27 07:16:42.025 9 INFO neutron.wsgi [None req-aba1e557-c356-4a6c-990e-b54cb5748e1b 25e556e022a545adb773a9fbf5d29354 aeabbc2721a5468496965cd5bb9f4ee5 - - default default] 10.0.0.78 "GET /v2.0/security-groups HTTP/1.1" status: 200 len: 3120 time: 0.0397685
2026-05-27 07:16:42.088 10 INFO neutron.db.ovn_revision_numbers_db [None req-9575bacf-cbf8-436f-8d6a-a26bd5a3bcb0 49d1c7e7502c4c6b97f54e8f4f212323 14388796f3654fe08055252b4966ed29 - - default default] Successfully bumped revision number for resource 1afe8601-b314-4b95-87b2-fd087fa6aa11 (type: security_group_rules) to 0
2026-05-27 07:16:42.119 10 INFO neutron.db.ovn_revision_numbers_db [None req-9575bacf-cbf8-436f-8d6a-a26bd5a3bcb0 49d1c7e7502c4c6b97f54e8f4f212323 14388796f3654fe08055252b4966ed29 - - default default] Successfully bumped revision number for resource 3727848e-e8f2-4cf4-bc33-44f0d5ebd386 (type: security_group_rules) to 0
2026-05-27 07:16:42.147 10 INFO neutron.db.ovn_revision_numbers_db [None req-9575bacf-cbf8-436f-8d6a-a26bd5a3bcb0 49d1c7e7502c4c6b97f54e8f4f212323 14388796f3654fe08055252b4966ed29 - - default default] Successfully bumped revision number for resource 412fa752-c863-4b4b-8281-92f0d8ed2251 (type: security_group_rules) to 0
2026-05-27 07:16:42.202 10 INFO neutron.wsgi [None req-9575bacf-cbf8-436f-8d6a-a26bd5a3bcb0 49d1c7e7502c4c6b97f54e8f4f212323 14388796f3654fe08055252b4966ed29 - - default default] 10.0.0.78 "GET /v2.0/security-groups?tenant_id=ee89320213b6400098178890350ecc78&name=default HTTP/1.1" status: 200 len: 3120 time: 0.5648887
2026-05-27 07:16:42.239 10 INFO neutron.db.ovn_revision_numbers_db [None req-ffb95d66-3f30-4210-98d6-0df6e37337af 2b3178b7429f45e89779ce53528e82c0 cbe3ba8268a64d34923176c1e4e4c112 - - default default] Successfully bumped revision number for resource 9e4d0d8b-67ff-4aa4-a93e-fa8a8953c0f0 (type: networks) to 1
2026-05-27 07:16:42.481 9 INFO neutron.wsgi [None req-5e41183a-12e7-4257-a127-07ff874061f6 49d1c7e7502c4c6b97f54e8f4f212323 14388796f3654fe08055252b4966ed29 - - default default] 10.0.0.78 "DELETE /v2.0/security-groups/adac9bf0-d559-4d5c-82ac-6fc4e2144b92 HTTP/1.1" status: 204 len: 168 time: 0.2723396
2026-05-27 07:16:42.525 10 WARNING neutron.scheduler.dhcp_agent_scheduler [None req-ffb95d66-3f30-4210-98d6-0df6e37337af 2b3178b7429f45e89779ce53528e82c0 cbe3ba8268a64d34923176c1e4e4c112 - - default default] No more DHCP agents
2026-05-27 07:16:42.529 10 WARNING neutron.api.rpc.agentnotifiers.dhcp_rpc_agent_api [None req-ffb95d66-3f30-4210-98d6-0df6e37337af 2b3178b7429f45e89779ce53528e82c0 cbe3ba8268a64d34923176c1e4e4c112 - - default default] Unable to schedule network 9e4d0d8b-67ff-4aa4-a93e-fa8a8953c0f0: no agents available; will retry on subsequent port and subnet creation events.
2026-05-27 07:16:42.651 10 INFO neutron.services.segments.plugin [-] Segment 1da7227b-5922-4309-931d-20a611fbbbeb resource provider aggregate not found
2026-05-27 07:16:42.663 10 INFO neutron.services.segments.plugin [-] Segment 1da7227b-5922-4309-931d-20a611fbbbeb resource provider aggregate not found
2026-05-27 07:16:42.682 10 INFO neutron.services.segments.plugin [-] Segment 1da7227b-5922-4309-931d-20a611fbbbeb resource provider not found; error: Placement Client Error (4xx): {"errors": [{"status": 404, "title": "Not Found", "detail": "The resource could not be found.\n\n No resource provider with uuid 1da7227b-5922-4309-931d-20a611fbbbeb found for delete ", "request_id": "req-35371f7e-4004-4060-a354-d2692d45fe04"}]}
2026-05-27 07:16:42.685 10 INFO neutron.services.segments.plugin [-] Segment 1da7227b-5922-4309-931d-20a611fbbbeb resource provider not found; error: Placement Client Error (4xx): {"errors": [{"status": 404, "title": "Not Found", "detail": "The resource could not be found.\n\n No resource provider with uuid 1da7227b-5922-4309-931d-20a611fbbbeb found for delete ", "request_id": "req-91941230-7978-47a1-89af-e7be7f888b5e"}]}
2026-05-27 07:16:42.693 9 INFO neutron.wsgi [None req-dde8bc92-32ea-4c11-a4e8-2f2840919baa 49d1c7e7502c4c6b97f54e8f4f212323 14388796f3654fe08055252b4966ed29 - - default default] 10.0.0.78 "GET /v2.0/security-groups?tenant_id=aeabbc2721a5468496965cd5bb9f4ee5&name=default HTTP/1.1" status: 200 len: 3120 time: 0.1683850
2026-05-27 07:16:42.701 10 INFO neutron.db.ovn_revision_numbers_db [None req-ffb95d66-3f30-4210-98d6-0df6e37337af 2b3178b7429f45e89779ce53528e82c0 cbe3ba8268a64d34923176c1e4e4c112 - - default default] Successfully bumped revision number for resource d9f7b8da-e0e3-4398-abd9-693d562586b4 (type: ports) to 1
2026-05-27 07:16:42.723 10 INFO neutron.wsgi [None req-b9ea9723-32fc-4147-abc0-a22349f8c5ea f0749b440268437f85880cb9d0830dc0 f0c6b0ee8e2341769a7fb2806c067167 - - default default] 10.0.0.78 "DELETE /v2.0/networks/657ad779-9b04-4974-8ea2-7753f408a8cf HTTP/1.1" status: 204 len: 168 time: 0.7502062
2026-05-27 07:16:42.761 10 INFO neutron.wsgi [None req-ffb95d66-3f30-4210-98d6-0df6e37337af 2b3178b7429f45e89779ce53528e82c0 cbe3ba8268a64d34923176c1e4e4c112 - - default default] 10.0.0.78 "POST /v2.0/networks HTTP/1.1" status: 201 len: 929 time: 0.9211326
2026-05-27 07:16:42.962 10 WARNING neutron.scheduler.dhcp_agent_scheduler [None req-d08e02c1-7ed1-4e1a-a93b-a593eb728714 2b3178b7429f45e89779ce53528e82c0 cbe3ba8268a64d34923176c1e4e4c112 - - default default] No more DHCP agents
2026-05-27 07:16:42.966 10 WARNING neutron.api.rpc.agentnotifiers.dhcp_rpc_agent_api [None req-d08e02c1-7ed1-4e1a-a93b-a593eb728714 2b3178b7429f45e89779ce53528e82c0 cbe3ba8268a64d34923176c1e4e4c112 - - default default] Unable to schedule network 9e4d0d8b-67ff-4aa4-a93e-fa8a8953c0f0: no agents available; will retry on subsequent port and subnet creation events.
2026-05-27 07:16:43.051 10 INFO neutron.wsgi [None req-73619b1c-8e4d-4740-ab77-220f4f182378 49d1c7e7502c4c6b97f54e8f4f212323 14388796f3654fe08055252b4966ed29 - - default default] 10.0.0.78 "DELETE /v2.0/security-groups/e0d0bc98-f131-453b-b480-b8a51ce748e9 HTTP/1.1" status: 204 len: 168 time: 0.3503268
2026-05-27 07:16:43.213 9 INFO neutron.wsgi [None req-e91f8e1b-010d-4040-ba45-137c70395afd f0749b440268437f85880cb9d0830dc0 f0c6b0ee8e2341769a7fb2806c067167 - - default default] 10.0.0.78 "DELETE /v2.0/networks/4ad0be3e-6963-4ab6-8b7b-a18046bd9239 HTTP/1.1" status: 204 len: 168 time: 0.4817014
2026-05-27 07:16:43.518 10 INFO neutron.db.ovn_revision_numbers_db [None req-d08e02c1-7ed1-4e1a-a93b-a593eb728714 2b3178b7429f45e89779ce53528e82c0 cbe3ba8268a64d34923176c1e4e4c112 - - default default] Successfully bumped revision number for resource d9f7b8da-e0e3-4398-abd9-693d562586b4 (type: ports) to 2
2026-05-27 07:16:43.557 10 INFO neutron.db.ovn_revision_numbers_db [None req-d08e02c1-7ed1-4e1a-a93b-a593eb728714 2b3178b7429f45e89779ce53528e82c0 cbe3ba8268a64d34923176c1e4e4c112 - - default default] Successfully bumped revision number for resource 37c2d424-585d-4c4b-b41d-00d778c7df97 (type: subnets) to 0
2026-05-27 07:16:43.575 10 INFO neutron.wsgi [None req-d08e02c1-7ed1-4e1a-a93b-a593eb728714 2b3178b7429f45e89779ce53528e82c0 cbe3ba8268a64d34923176c1e4e4c112 - - default default] 10.0.0.78 "POST /v2.0/subnets HTTP/1.1" status: 201 len: 822 time: 0.8066821
2026-05-27 07:16:43.586 10 WARNING neutron.api.v2.base [None req-80924eab-9ca0-4280-870c-8b7e27b3e44f 2b3178b7429f45e89779ce53528e82c0 cbe3ba8268a64d34923176c1e4e4c112 - - default default] An exception happened while processing the request body. The exception message is [Invalid input for target_tenant. Reason: '1234123412341234123412341234123412341234123412341234123412341234123412341234123412341234123412341234123412341234123412341234123412341234123412341234123412341234123412341234123412341234123412341234123412341234123412341234123412341234123412341234123412341234123412341234123412341234123412341234123412341234123412341234123412341234123412341234123412341234123412341234123412341234123412341234123412341234' exceeds maximum length of 255.].: webob.exc.HTTPBadRequest: Invalid input for target_tenant. Reason: '1234123412341234123412341234123412341234123412341234123412341234123412341234123412341234123412341234123412341234123412341234123412341234123412341234123412341234123412341234123412341234123412341234123412341234123412341234123412341234123412341234123412341234123412341234123412341234123412341234123412341234123412341234123412341234123412341234123412341234123412341234123412341234123412341234123412341234' exceeds maximum length of 255.
2026-05-27 07:16:43.588 10 INFO neutron.api.v2.resource [None req-80924eab-9ca0-4280-870c-8b7e27b3e44f 2b3178b7429f45e89779ce53528e82c0 cbe3ba8268a64d34923176c1e4e4c112 - - default default] create failed (client error): Invalid input for target_tenant. Reason: '1234123412341234123412341234123412341234123412341234123412341234123412341234123412341234123412341234123412341234123412341234123412341234123412341234123412341234123412341234123412341234123412341234123412341234123412341234123412341234123412341234123412341234123412341234123412341234123412341234123412341234123412341234123412341234123412341234123412341234123412341234123412341234123412341234123412341234' exceeds maximum length of 255.
2026-05-27 07:16:43.589 10 INFO neutron.wsgi [None req-80924eab-9ca0-4280-870c-8b7e27b3e44f 2b3178b7429f45e89779ce53528e82c0 cbe3ba8268a64d34923176c1e4e4c112 - - default default] 10.0.0.78 "POST /v2.0/rbac-policies HTTP/1.1" status: 400 len: 750 time: 0.0078485
2026-05-27 07:16:43.677 9 INFO neutron.wsgi [None req-3861e93f-8fd1-4ae1-9f7f-60a5405309bf f0749b440268437f85880cb9d0830dc0 f0c6b0ee8e2341769a7fb2806c067167 - - default default] 10.0.0.78 "DELETE /v2.0/networks/de0ebebc-25d6-4e70-9458-d8b0d9bafaf1 HTTP/1.1" status: 204 len: 168 time: 0.4550095
2026-05-27 07:16:43.835 9 INFO neutron.services.segments.plugin [-] Segment 9876e733-81af-4610-bbec-05103cef8820 resource provider aggregate not found
2026-05-27 07:16:43.852 9 INFO neutron.services.segments.plugin [-] Segment 9876e733-81af-4610-bbec-05103cef8820 resource provider aggregate not found
2026-05-27 07:16:43.859 9 INFO neutron.services.segments.plugin [-] Segment 9876e733-81af-4610-bbec-05103cef8820 resource provider not found; error: Placement Client Error (4xx): {"errors": [{"status": 404, "title": "Not Found", "detail": "The resource could not be found.\n\n No resource provider with uuid 9876e733-81af-4610-bbec-05103cef8820 found for delete ", "request_id": "req-64242113-69be-48ae-8777-bb74c55e6622"}]}
2026-05-27 07:16:43.876 9 INFO neutron.services.segments.plugin [-] Segment 9876e733-81af-4610-bbec-05103cef8820 resource provider not found; error: Placement Client Error (4xx): {"errors": [{"status": 404, "title": "Not Found", "detail": "The resource could not be found.\n\n No resource provider with uuid 9876e733-81af-4610-bbec-05103cef8820 found for delete ", "request_id": "req-1ee43934-56e4-4343-bc9b-b0ef6167ac71"}]}
2026-05-27 07:16:43.883 9 INFO neutron.services.segments.plugin [-] Segment 997dfe3d-a42d-4fd4-ae79-ad209a200569 resource provider aggregate not found
2026-05-27 07:16:43.901 9 INFO neutron.services.segments.plugin [-] Segment 997dfe3d-a42d-4fd4-ae79-ad209a200569 resource provider not found; error: Placement Client Error (4xx): {"errors": [{"status": 404, "title": "Not Found", "detail": "The resource could not be found.\n\n No resource provider with uuid 997dfe3d-a42d-4fd4-ae79-ad209a200569 found for delete ", "request_id": "req-26d8a011-60bd-4889-baa3-dcdb41ad72ba"}]}
2026-05-27 07:16:43.906 9 INFO neutron.services.segments.plugin [-] Segment 997dfe3d-a42d-4fd4-ae79-ad209a200569 resource provider aggregate not found
2026-05-27 07:16:43.926 9 INFO neutron.services.segments.plugin [-] Segment 997dfe3d-a42d-4fd4-ae79-ad209a200569 resource provider not found; error: Placement Client Error (4xx): {"errors": [{"status": 404, "title": "Not Found", "detail": "The resource could not be found.\n\n No resource provider with uuid 997dfe3d-a42d-4fd4-ae79-ad209a200569 found for delete ", "request_id": "req-2e9f5d3d-9c4c-4cb4-bb14-fa8e82abe4f4"}]}
2026-05-27 07:16:44.216 10 INFO neutron.wsgi [None req-c1d0ef39-f34b-4234-a37b-a79a8960aacc f0749b440268437f85880cb9d0830dc0 f0c6b0ee8e2341769a7fb2806c067167 - - default default] 10.0.0.78 "DELETE /v2.0/networks/b01bd3cc-6e10-4a15-83bb-ac934c0150a5 HTTP/1.1" status: 204 len: 168 time: 0.5322716
2026-05-27 07:16:44.430 10 INFO neutron.wsgi [None req-671f6dbc-335d-43c6-8458-02f3983e3819 2b3178b7429f45e89779ce53528e82c0 cbe3ba8268a64d34923176c1e4e4c112 - - default default] 10.0.0.78 "DELETE /v2.0/networks/9e4d0d8b-67ff-4aa4-a93e-fa8a8953c0f0 HTTP/1.1" status: 204 len: 168 time: 0.8372209
2026-05-27 07:16:44.547 9 INFO neutron.db.segments_db [None req-77d71a07-edb1-4bab-ba69-116c93d12284 2b3178b7429f45e89779ce53528e82c0 cbe3ba8268a64d34923176c1e4e4c112 - - default default] Added segment ad008b55-d96e-4a61-8965-aba8e9cac633 of type geneve for network 56aa205e-333a-40ea-92e2-15482fb784d6
2026-05-27 07:16:44.712 10 INFO neutron.services.segments.plugin [-] Segment fa474213-9309-423e-9bfd-5ed41e31c396 resource provider aggregate not found
2026-05-27 07:16:44.718 10 INFO neutron.services.segments.plugin [-] Segment fa474213-9309-423e-9bfd-5ed41e31c396 resource provider aggregate not found
2026-05-27 07:16:44.731 10 INFO neutron.services.segments.plugin [-] Segment fa474213-9309-423e-9bfd-5ed41e31c396 resource provider not found; error: Placement Client Error (4xx): {"errors": [{"status": 404, "title": "Not Found", "detail": "The resource could not be found.\n\n No resource provider with uuid fa474213-9309-423e-9bfd-5ed41e31c396 found for delete ", "request_id": "req-6884553c-040e-4617-b0ef-771b694e288b"}]}
2026-05-27 07:16:44.736 9 INFO neutron.db.ovn_revision_numbers_db [None req-77d71a07-edb1-4bab-ba69-116c93d12284 2b3178b7429f45e89779ce53528e82c0 cbe3ba8268a64d34923176c1e4e4c112 - - default default] Successfully bumped revision number for resource 56aa205e-333a-40ea-92e2-15482fb784d6 (type: networks) to 1
2026-05-27 07:16:44.742 10 INFO neutron.services.segments.plugin [-] Segment fa474213-9309-423e-9bfd-5ed41e31c396 resource provider not found; error: Placement Client Error (4xx): {"errors": [{"status": 404, "title": "Not Found", "detail": "The resource could not be found.\n\n No resource provider with uuid fa474213-9309-423e-9bfd-5ed41e31c396 found for delete ", "request_id": "req-6b6cc449-43ba-408c-8f99-33eb86500244"}]}
2026-05-27 07:16:44.748 10 INFO neutron.services.segments.plugin [-] Segment a8119894-a48c-4f94-8778-3912d9e83e7c resource provider aggregate not found
2026-05-27 07:16:44.761 10 INFO neutron.services.segments.plugin [-] Segment a8119894-a48c-4f94-8778-3912d9e83e7c resource provider not found; error: Placement Client Error (4xx): {"errors": [{"status": 404, "title": "Not Found", "detail": "The resource could not be found.\n\n No resource provider with uuid a8119894-a48c-4f94-8778-3912d9e83e7c found for delete ", "request_id": "req-ffb44789-03a0-4f57-98d6-1e036607316b"}]}
2026-05-27 07:16:44.763 10 INFO neutron.services.segments.plugin [-] Segment a8119894-a48c-4f94-8778-3912d9e83e7c resource provider aggregate not found
2026-05-27 07:16:44.775 10 INFO neutron.services.segments.plugin [-] Segment a8119894-a48c-4f94-8778-3912d9e83e7c resource provider not found; error: Placement Client Error (4xx): {"errors": [{"status": 404, "title": "Not Found", "detail": "The resource could not be found.\n\n No resource provider with uuid a8119894-a48c-4f94-8778-3912d9e83e7c found for delete ", "request_id": "req-36e801e2-bd29-497c-97f3-bc11979ebe32"}]}
2026-05-27 07:16:44.960 9 WARNING neutron.scheduler.dhcp_agent_scheduler [None req-77d71a07-edb1-4bab-ba69-116c93d12284 2b3178b7429f45e89779ce53528e82c0 cbe3ba8268a64d34923176c1e4e4c112 - - default default] No more DHCP agents
2026-05-27 07:16:44.963 9 WARNING neutron.api.rpc.agentnotifiers.dhcp_rpc_agent_api [None req-77d71a07-edb1-4bab-ba69-116c93d12284 2b3178b7429f45e89779ce53528e82c0 cbe3ba8268a64d34923176c1e4e4c112 - - default default] Unable to schedule network 56aa205e-333a-40ea-92e2-15482fb784d6: no agents available; will retry on subsequent port and subnet creation events.
2026-05-27 07:16:45.049 10 INFO neutron.wsgi [None req-12daa88e-4dba-4eec-818a-a01732ef79e6 49d1c7e7502c4c6b97f54e8f4f212323 14388796f3654fe08055252b4966ed29 - - default default] 10.0.0.78 "GET /v2.0/security-groups?tenant_id=f0c6b0ee8e2341769a7fb2806c067167&name=default HTTP/1.1" status: 200 len: 3120 time: 0.2416041
2026-05-27 07:16:45.077 9 INFO neutron.db.ovn_revision_numbers_db [None req-77d71a07-edb1-4bab-ba69-116c93d12284 2b3178b7429f45e89779ce53528e82c0 cbe3ba8268a64d34923176c1e4e4c112 - - default default] Successfully bumped revision number for resource 5e4f507c-e9f0-4238-90f5-892640260b69 (type: ports) to 1
2026-05-27 07:16:45.081 10 WARNING neutron_lib.context [None req-fb21884a-3989-424e-98d4-f7fbaf43882d 9dbe6bb227b04dc48dce8d088a33b54a ec77b382bf1747c497104c0ba8b563ef - - default default] Method 'is_advsvc' is deprecated since 2023.2 release (neutron-lib 3.8.0) and will be removed once support for the old RBAC API policies will be removed from Neutron. Please use method 'is_service_role' instead.
2026-05-27 07:16:45.107 9 INFO neutron.wsgi [None req-77d71a07-edb1-4bab-ba69-116c93d12284 2b3178b7429f45e89779ce53528e82c0 cbe3ba8268a64d34923176c1e4e4c112 - - default default] 10.0.0.78 "POST /v2.0/networks HTTP/1.1" status: 201 len: 928 time: 0.6709552
2026-05-27 07:16:45.169 10 INFO neutron.wsgi [None req-fb21884a-3989-424e-98d4-f7fbaf43882d 9dbe6bb227b04dc48dce8d088a33b54a ec77b382bf1747c497104c0ba8b563ef - - default default] 10.0.0.78 "POST /v2.0/subnetpools HTTP/1.1" status: 201 len: 747 time: 0.2161241
2026-05-27 07:16:45.213 9 INFO neutron.wsgi [None req-50cf65df-f2bc-4e08-8909-4b7d380e6a08 9dbe6bb227b04dc48dce8d088a33b54a ec77b382bf1747c497104c0ba8b563ef - - default default] 10.0.0.78 "GET /v2.0/subnetpools/2bb76bc2-bf8b-40e1-be78-9dbe74d99bed HTTP/1.1" status: 200 len: 742 time: 0.0384464
2026-05-27 07:16:45.335 10 INFO neutron.wsgi [None req-54d2089d-6a16-4d19-8b6a-8a4ed0659b46 9dbe6bb227b04dc48dce8d088a33b54a ec77b382bf1747c497104c0ba8b563ef - - default default] 10.0.0.78 "PUT /v2.0/subnetpools/2bb76bc2-bf8b-40e1-be78-9dbe74d99bed HTTP/1.1" status: 200 len: 695 time: 0.1124218
2026-05-27 07:16:45.339 9 WARNING neutron.scheduler.dhcp_agent_scheduler [None req-ee063341-21a1-492b-be11-6664f11bf0a6 2b3178b7429f45e89779ce53528e82c0 cbe3ba8268a64d34923176c1e4e4c112 - - default default] No more DHCP agents
2026-05-27 07:16:45.340 9 WARNING neutron.api.rpc.agentnotifiers.dhcp_rpc_agent_api [None req-ee063341-21a1-492b-be11-6664f11bf0a6 2b3178b7429f45e89779ce53528e82c0 cbe3ba8268a64d34923176c1e4e4c112 - - default default] Unable to schedule network 56aa205e-333a-40ea-92e2-15482fb784d6: no agents available; will retry on subsequent port and subnet creation events.
2026-05-27 07:16:45.408 10 INFO neutron.wsgi [None req-2d448d7c-4c4b-411d-9db5-0464e3d182a2 49d1c7e7502c4c6b97f54e8f4f212323 14388796f3654fe08055252b4966ed29 - - default default] 10.0.0.78 "DELETE /v2.0/security-groups/ca5197ad-8a78-4678-91e6-5f736389691d HTTP/1.1" status: 204 len: 168 time: 0.3535395
2026-05-27 07:16:45.420 10 INFO neutron.wsgi [None req-fcb53612-abdd-4cbb-8aa0-bf64a02257a6 9dbe6bb227b04dc48dce8d088a33b54a ec77b382bf1747c497104c0ba8b563ef - - default default] 10.0.0.78 "DELETE /v2.0/subnetpools/2bb76bc2-bf8b-40e1-be78-9dbe74d99bed HTTP/1.1" status: 204 len: 168 time: 0.0798512
2026-05-27 07:16:45.442 10 INFO neutron.api.v2.resource [None req-76366527-7b5c-4da6-90ed-aea92ed8cbdd 9dbe6bb227b04dc48dce8d088a33b54a ec77b382bf1747c497104c0ba8b563ef - - default default] show failed (client error): The resource could not be found.
2026-05-27 07:16:45.444 10 INFO neutron.wsgi [None req-76366527-7b5c-4da6-90ed-aea92ed8cbdd 9dbe6bb227b04dc48dce8d088a33b54a ec77b382bf1747c497104c0ba8b563ef - - default default] 10.0.0.78 "GET /v2.0/subnetpools/2bb76bc2-bf8b-40e1-be78-9dbe74d99bed HTTP/1.1" status: 404 len: 346 time: 0.0151496
2026-05-27 07:16:45.465 10 INFO neutron.api.v2.resource [None req-b53d9fb7-5791-47ca-b92a-3a113a1db0a3 9dbe6bb227b04dc48dce8d088a33b54a ec77b382bf1747c497104c0ba8b563ef - - default default] delete failed (client error): The resource could not be found.
2026-05-27 07:16:45.466 10 INFO neutron.wsgi [None req-b53d9fb7-5791-47ca-b92a-3a113a1db0a3 9dbe6bb227b04dc48dce8d088a33b54a ec77b382bf1747c497104c0ba8b563ef - - default default] 10.0.0.78 "DELETE /v2.0/subnetpools/2bb76bc2-bf8b-40e1-be78-9dbe74d99bed HTTP/1.1" status: 404 len: 346 time: 0.0158472
2026-05-27 07:16:45.937 9 INFO neutron.db.ovn_revision_numbers_db [None req-ee063341-21a1-492b-be11-6664f11bf0a6 2b3178b7429f45e89779ce53528e82c0 cbe3ba8268a64d34923176c1e4e4c112 - - default default] Successfully bumped revision number for resource 5e4f507c-e9f0-4238-90f5-892640260b69 (type: ports) to 2
2026-05-27 07:16:45.985 9 INFO neutron.db.ovn_revision_numbers_db [None req-ee063341-21a1-492b-be11-6664f11bf0a6 2b3178b7429f45e89779ce53528e82c0 cbe3ba8268a64d34923176c1e4e4c112 - - default default] Successfully bumped revision number for resource aac000dd-fb60-41f7-abf4-eeb1bfe1a0cf (type: subnets) to 0
2026-05-27 07:16:46.004 9 INFO neutron.wsgi [None req-ee063341-21a1-492b-be11-6664f11bf0a6 2b3178b7429f45e89779ce53528e82c0 cbe3ba8268a64d34923176c1e4e4c112 - - default default] 10.0.0.78 "POST /v2.0/subnets HTTP/1.1" status: 201 len: 822 time: 0.8927081
2026-05-27 07:16:46.162 10 INFO neutron.wsgi [None req-ff151bf3-9f5e-44c2-88c3-4af6be98ca56 5af4cbce515f4889b0006098704d9cd5 a4510eac8ee4480c8f1933998ffca1dd - - default default] 10.0.0.201 "GET /v2.0/extensions HTTP/1.1" status: 200 len: 18683 time: 0.0457566
2026-05-27 07:16:46.325 9 INFO neutron.db.ovn_revision_numbers_db [None req-fe6f5042-c452-45ea-bbc3-f4185b7e5c24 49d1c7e7502c4c6b97f54e8f4f212323 14388796f3654fe08055252b4966ed29 - - default default] Successfully bumped revision number for resource fd6ed46f-8ce3-4cd0-b6e7-92f36158e34c (type: security_groups) to 1
2026-05-27 07:16:46.333 10 INFO neutron.wsgi [None req-e4cbf510-6159-47fa-981e-4942aea7d88d 5af4cbce515f4889b0006098704d9cd5 a4510eac8ee4480c8f1933998ffca1dd - - default default] 10.0.0.201 "GET /v2.0/quotas/a4510eac8ee4480c8f1933998ffca1dd/details HTTP/1.1" status: 200 len: 1046 time: 0.1514430
2026-05-27 07:16:46.369 9 INFO neutron.db.ovn_revision_numbers_db [None req-fe6f5042-c452-45ea-bbc3-f4185b7e5c24 49d1c7e7502c4c6b97f54e8f4f212323 14388796f3654fe08055252b4966ed29 - - default default] Successfully bumped revision number for resource 1b230fda-faef-4972-91e0-6fea629940c2 (type: security_group_rules) to 0
2026-05-27 07:16:46.393 9 INFO neutron.db.ovn_revision_numbers_db [None req-fe6f5042-c452-45ea-bbc3-f4185b7e5c24 49d1c7e7502c4c6b97f54e8f4f212323 14388796f3654fe08055252b4966ed29 - - default default] Successfully bumped revision number for resource 4187b68e-03d1-4d4b-9edc-146f7f1f7d1c (type: security_group_rules) to 0
2026-05-27 07:16:46.411 9 INFO neutron.db.ovn_revision_numbers_db [None req-fe6f5042-c452-45ea-bbc3-f4185b7e5c24 49d1c7e7502c4c6b97f54e8f4f212323 14388796f3654fe08055252b4966ed29 - - default default] Successfully bumped revision number for resource be76b2f5-1eab-4013-82ab-7603f5ff6139 (type: security_group_rules) to 0
2026-05-27 07:16:46.416 9 INFO neutron.wsgi [None req-56f8a10d-fb87-4b2c-9fdc-88f42a6bb0e4 2b3178b7429f45e89779ce53528e82c0 cbe3ba8268a64d34923176c1e4e4c112 - - default default] 10.0.0.78 "POST /v2.0/rbac-policies HTTP/1.1" status: 201 len: 523 time: 0.4044795
2026-05-27 07:16:46.430 9 INFO neutron.db.ovn_revision_numbers_db [None req-fe6f5042-c452-45ea-bbc3-f4185b7e5c24 49d1c7e7502c4c6b97f54e8f4f212323 14388796f3654fe08055252b4966ed29 - - default default] Successfully bumped revision number for resource ce400541-0a8c-4abe-be08-da050e44add0 (type: security_group_rules) to 0
2026-05-27 07:16:46.456 9 INFO neutron.wsgi [None req-fe6f5042-c452-45ea-bbc3-f4185b7e5c24 49d1c7e7502c4c6b97f54e8f4f212323 14388796f3654fe08055252b4966ed29 - - default default] 10.0.0.78 "GET /v2.0/security-groups?tenant_id=ec77b382bf1747c497104c0ba8b563ef&name=default HTTP/1.1" status: 200 len: 3120 time: 0.4895382
2026-05-27 07:16:46.718 9 INFO neutron.wsgi [None req-fa40fd1e-b146-412f-878d-c0b391c639a5 49d1c7e7502c4c6b97f54e8f4f212323 14388796f3654fe08055252b4966ed29 - - default default] 10.0.0.78 "DELETE /v2.0/security-groups/fd6ed46f-8ce3-4cd0-b6e7-92f36158e34c HTTP/1.1" status: 204 len: 168 time: 0.2562115
2026-05-27 07:16:47.128 10 INFO neutron.wsgi [None req-7aede665-7033-483f-bbaf-be0fd4ae2286 4dbcda00b7a749f98cd5257f115f2f7e 6736162519ba494388a2d988bad19518 - - default default] 10.0.0.78 "GET /v2.0/networks/56aa205e-333a-40ea-92e2-15482fb784d6 HTTP/1.1" status: 200 len: 848 time: 0.2918634
2026-05-27 07:16:47.273 10 WARNING neutron_lib.context [None req-dbbff32b-ed1f-4cb1-8244-6e7a0fd51b38 cb1b1b0d05604466a1279abdad7de19f 9ec7b36f815841219734897e7c14ca98 - - default default] Method 'is_advsvc' is deprecated since 2023.2 release (neutron-lib 3.8.0) and will be removed once support for the old RBAC API policies will be removed from Neutron. Please use method 'is_service_role' instead.
2026-05-27 07:16:47.273 10 WARNING neutron_lib.context [None req-dbbff32b-ed1f-4cb1-8244-6e7a0fd51b38 cb1b1b0d05604466a1279abdad7de19f 9ec7b36f815841219734897e7c14ca98 - - default default] Method 'is_advsvc' is deprecated since 2023.2 release (neutron-lib 3.8.0) and will be removed once support for the old RBAC API policies will be removed from Neutron. Please use method 'is_service_role' instead.
2026-05-27 07:16:47.454 10 INFO neutron.db.ovn_revision_numbers_db [None req-dbbff32b-ed1f-4cb1-8244-6e7a0fd51b38 cb1b1b0d05604466a1279abdad7de19f 9ec7b36f815841219734897e7c14ca98 - - default default] Successfully bumped revision number for resource da3e84d8-2e11-4b84-bcc6-06ab9992171e (type: security_groups) to 1
2026-05-27 07:16:47.470 10 INFO neutron.db.ovn_revision_numbers_db [None req-dbbff32b-ed1f-4cb1-8244-6e7a0fd51b38 cb1b1b0d05604466a1279abdad7de19f 9ec7b36f815841219734897e7c14ca98 - - default default] Successfully bumped revision number for resource 2f593480-0a2a-4ef4-92be-244734ec3aa3 (type: security_group_rules) to 0
2026-05-27 07:16:47.486 10 INFO neutron.db.ovn_revision_numbers_db [None req-dbbff32b-ed1f-4cb1-8244-6e7a0fd51b38 cb1b1b0d05604466a1279abdad7de19f 9ec7b36f815841219734897e7c14ca98 - - default default] Successfully bumped revision number for resource 8655ebe1-4f02-46af-ae13-9a5caa65da3f (type: security_group_rules) to 0
2026-05-27 07:16:47.503 10 INFO neutron.db.ovn_revision_numbers_db [None req-dbbff32b-ed1f-4cb1-8244-6e7a0fd51b38 cb1b1b0d05604466a1279abdad7de19f 9ec7b36f815841219734897e7c14ca98 - - default default] Successfully bumped revision number for resource a027bf20-3f0b-414b-9001-6518ebbe5ab8 (type: security_group_rules) to 0
2026-05-27 07:16:47.524 10 INFO neutron.db.ovn_revision_numbers_db [None req-dbbff32b-ed1f-4cb1-8244-6e7a0fd51b38 cb1b1b0d05604466a1279abdad7de19f 9ec7b36f815841219734897e7c14ca98 - - default default] Successfully bumped revision number for resource f9653bef-8295-4d43-b57c-c2471b71e737 (type: security_group_rules) to 0
2026-05-27 07:16:47.604 10 INFO neutron.db.segments_db [None req-dbbff32b-ed1f-4cb1-8244-6e7a0fd51b38 cb1b1b0d05604466a1279abdad7de19f 9ec7b36f815841219734897e7c14ca98 - - default default] Added segment 39d1fef3-297a-4d34-b604-12c23f7dd8bf of type geneve for network f184a1aa-8c09-4f03-a933-19ef48404461
2026-05-27 07:16:47.621 9 INFO neutron.pecan_wsgi.hooks.translation [None req-636d1d03-f69b-4b74-ace7-21d598bb488b 207cafa1c2014098a6a58b8eea383d84 bda6ed8cf9b948789be500515429d205 - - default default] GET failed (client error): The resource could not be found.
2026-05-27 07:16:47.624 9 INFO neutron.wsgi [None req-636d1d03-f69b-4b74-ace7-21d598bb488b 207cafa1c2014098a6a58b8eea383d84 bda6ed8cf9b948789be500515429d205 - - default default] 10.0.0.78 "GET /v2.0/networks/56aa205e-333a-40ea-92e2-15482fb784d6 HTTP/1.1" status: 404 len: 339 time: 0.0983694
2026-05-27 07:16:48.264 10 INFO neutron.db.segments_db [None req-dbbff32b-ed1f-4cb1-8244-6e7a0fd51b38 cb1b1b0d05604466a1279abdad7de19f 9ec7b36f815841219734897e7c14ca98 - - default default] Added segment e4c2e5d8-0728-408a-af29-c9117a05b59b of type geneve for network 85506f12-0549-4bbb-8811-2511ff3bc6f6
2026-05-27 07:16:48.405 10 INFO neutron.db.ovn_revision_numbers_db [None req-dbbff32b-ed1f-4cb1-8244-6e7a0fd51b38 cb1b1b0d05604466a1279abdad7de19f 9ec7b36f815841219734897e7c14ca98 - - default default] Successfully bumped revision number for resource f184a1aa-8c09-4f03-a933-19ef48404461 (type: networks) to 1
2026-05-27 07:16:48.607 10 WARNING neutron.scheduler.dhcp_agent_scheduler [None req-dbbff32b-ed1f-4cb1-8244-6e7a0fd51b38 cb1b1b0d05604466a1279abdad7de19f 9ec7b36f815841219734897e7c14ca98 - - default default] No more DHCP agents
2026-05-27 07:16:48.609 10 WARNING neutron.api.rpc.agentnotifiers.dhcp_rpc_agent_api [None req-dbbff32b-ed1f-4cb1-8244-6e7a0fd51b38 cb1b1b0d05604466a1279abdad7de19f 9ec7b36f815841219734897e7c14ca98 - - default default] Unable to schedule network f184a1aa-8c09-4f03-a933-19ef48404461: no agents available; will retry on subsequent port and subnet creation events.
2026-05-27 07:16:48.710 9 INFO neutron.services.segments.plugin [-] Segment ad008b55-d96e-4a61-8965-aba8e9cac633 resource provider aggregate not found
2026-05-27 07:16:48.711 10 INFO neutron.db.ovn_revision_numbers_db [None req-dbbff32b-ed1f-4cb1-8244-6e7a0fd51b38 cb1b1b0d05604466a1279abdad7de19f 9ec7b36f815841219734897e7c14ca98 - - default default] Successfully bumped revision number for resource 74188938-1dd1-4808-becd-e9d203e30f33 (type: ports) to 1
2026-05-27 07:16:48.725 9 INFO neutron.services.segments.plugin [-] Segment ad008b55-d96e-4a61-8965-aba8e9cac633 resource provider aggregate not found
2026-05-27 07:16:48.732 9 INFO neutron.services.segments.plugin [-] Segment ad008b55-d96e-4a61-8965-aba8e9cac633 resource provider not found; error: Placement Client Error (4xx): {"errors": [{"status": 404, "title": "Not Found", "detail": "The resource could not be found.\n\n No resource provider with uuid ad008b55-d96e-4a61-8965-aba8e9cac633 found for delete ", "request_id": "req-61fb00e9-7117-4d7c-bbf0-823ba02f44a9"}]}
2026-05-27 07:16:48.748 9 INFO neutron.services.segments.plugin [-] Segment ad008b55-d96e-4a61-8965-aba8e9cac633 resource provider not found; error: Placement Client Error (4xx): {"errors": [{"status": 404, "title": "Not Found", "detail": "The resource could not be found.\n\n No resource provider with uuid ad008b55-d96e-4a61-8965-aba8e9cac633 found for delete ", "request_id": "req-d649682c-75e7-458b-a8fb-284f7d8e5065"}]}
2026-05-27 07:16:48.763 9 INFO neutron.wsgi [None req-30f918f3-98a9-4674-b45a-f25993008f60 2b3178b7429f45e89779ce53528e82c0 cbe3ba8268a64d34923176c1e4e4c112 - - default default] 10.0.0.78 "DELETE /v2.0/networks/56aa205e-333a-40ea-92e2-15482fb784d6 HTTP/1.1" status: 204 len: 168 time: 1.1334522
2026-05-27 07:16:48.803 10 INFO neutron.pecan_wsgi.hooks.translation [None req-fe26ea56-3851-4dd1-afea-1175508687f7 2b3178b7429f45e89779ce53528e82c0 cbe3ba8268a64d34923176c1e4e4c112 - - default default] DELETE failed (client error): The resource could not be found.
2026-05-27 07:16:48.806 10 INFO neutron.wsgi [None req-fe26ea56-3851-4dd1-afea-1175508687f7 2b3178b7429f45e89779ce53528e82c0 cbe3ba8268a64d34923176c1e4e4c112 - - default default] 10.0.0.78 "DELETE /v2.0/subnets/8e482e96-5eee-4d0d-98f6-808c481efd3e HTTP/1.1" status: 404 len: 337 time: 0.0310493
2026-05-27 07:16:48.834 10 INFO neutron.db.ovn_revision_numbers_db [None req-dbbff32b-ed1f-4cb1-8244-6e7a0fd51b38 cb1b1b0d05604466a1279abdad7de19f 9ec7b36f815841219734897e7c14ca98 - - default default] Successfully bumped revision number for resource 85506f12-0549-4bbb-8811-2511ff3bc6f6 (type: networks) to 1
2026-05-27 07:16:48.834 9 INFO neutron.pecan_wsgi.hooks.translation [None req-ef6e44b3-d220-43db-9b76-c881e766b14c 2b3178b7429f45e89779ce53528e82c0 cbe3ba8268a64d34923176c1e4e4c112 - - default default] DELETE failed (client error): The resource could not be found.
2026-05-27 07:16:48.837 9 INFO neutron.wsgi [None req-ef6e44b3-d220-43db-9b76-c881e766b14c 2b3178b7429f45e89779ce53528e82c0 cbe3ba8268a64d34923176c1e4e4c112 - - default default] 10.0.0.78 "DELETE /v2.0/subnets/37c2d424-585d-4c4b-b41d-00d778c7df97 HTTP/1.1" status: 404 len: 337 time: 0.0234270
2026-05-27 07:16:48.862 9 INFO neutron.pecan_wsgi.hooks.translation [None req-0ecf1401-f892-431b-9b70-b5c7d9d4e646 2b3178b7429f45e89779ce53528e82c0 cbe3ba8268a64d34923176c1e4e4c112 - - default default] DELETE failed (client error): The resource could not be found.
2026-05-27 07:16:48.865 9 INFO neutron.wsgi [None req-0ecf1401-f892-431b-9b70-b5c7d9d4e646 2b3178b7429f45e89779ce53528e82c0 cbe3ba8268a64d34923176c1e4e4c112 - - default default] 10.0.0.78 "DELETE /v2.0/subnets/aac000dd-fb60-41f7-abf4-eeb1bfe1a0cf HTTP/1.1" status: 404 len: 337 time: 0.0206721
2026-05-27 07:16:49.036 10 WARNING neutron.scheduler.dhcp_agent_scheduler [None req-dbbff32b-ed1f-4cb1-8244-6e7a0fd51b38 cb1b1b0d05604466a1279abdad7de19f 9ec7b36f815841219734897e7c14ca98 - - default default] No more DHCP agents
2026-05-27 07:16:49.038 10 WARNING neutron.api.rpc.agentnotifiers.dhcp_rpc_agent_api [None req-dbbff32b-ed1f-4cb1-8244-6e7a0fd51b38 cb1b1b0d05604466a1279abdad7de19f 9ec7b36f815841219734897e7c14ca98 - - default default] Unable to schedule network 85506f12-0549-4bbb-8811-2511ff3bc6f6: no agents available; will retry on subsequent port and subnet creation events.
2026-05-27 07:16:49.153 10 INFO neutron.db.ovn_revision_numbers_db [None req-dbbff32b-ed1f-4cb1-8244-6e7a0fd51b38 cb1b1b0d05604466a1279abdad7de19f 9ec7b36f815841219734897e7c14ca98 - - default default] Successfully bumped revision number for resource 275a639c-abe9-4d5f-8ebd-adc8d1576e3c (type: ports) to 1
2026-05-27 07:16:49.181 10 INFO neutron.wsgi [None req-dbbff32b-ed1f-4cb1-8244-6e7a0fd51b38 cb1b1b0d05604466a1279abdad7de19f 9ec7b36f815841219734897e7c14ca98 - - default default] 10.0.0.78 "POST /v2.0/networks HTTP/1.1" status: 201 len: 1445 time: 1.9568894
2026-05-27 07:16:49.263 10 INFO neutron.wsgi [None req-cbf391cc-dab5-4afc-8805-1440021ef4fa 5af4cbce515f4889b0006098704d9cd5 a4510eac8ee4480c8f1933998ffca1dd - - default default] 10.0.0.201 "GET /v2.0/extensions HTTP/1.1" status: 200 len: 18683 time: 0.0091934
2026-05-27 07:16:49.277 9 INFO neutron.wsgi [None req-34cc308e-1c0c-4f12-a2c6-0964eb71c48a cb1b1b0d05604466a1279abdad7de19f 9ec7b36f815841219734897e7c14ca98 - - default default] 10.0.0.78 "GET /v2.0/networks HTTP/1.1" status: 200 len: 2051 time: 0.0905299
2026-05-27 07:16:49.463 9 INFO neutron.wsgi [None req-c870c5a7-5802-4b47-83db-6ff16eff3056 5af4cbce515f4889b0006098704d9cd5 a4510eac8ee4480c8f1933998ffca1dd - - default default] 10.0.0.201 "GET /v2.0/quotas/a4510eac8ee4480c8f1933998ffca1dd/details HTTP/1.1" status: 200 len: 1046 time: 0.1837227
2026-05-27 07:16:49.720 9 INFO neutron.wsgi [None req-fc8bd1ba-5736-444c-8a14-e8420d2cda04 cb1b1b0d05604466a1279abdad7de19f 9ec7b36f815841219734897e7c14ca98 - - default default] 10.0.0.78 "DELETE /v2.0/networks/f184a1aa-8c09-4f03-a933-19ef48404461 HTTP/1.1" status: 204 len: 168 time: 0.4341643
2026-05-27 07:16:50.087 10 INFO neutron.db.ovn_revision_numbers_db [None req-c7a1d720-4cc2-457a-85b0-15dd2d3a5f99 49d1c7e7502c4c6b97f54e8f4f212323 14388796f3654fe08055252b4966ed29 - - default default] Successfully bumped revision number for resource c8c32f52-fe93-4564-b40a-72e34e284405 (type: security_groups) to 1
2026-05-27 07:16:50.106 10 INFO neutron.db.ovn_revision_numbers_db [None req-c7a1d720-4cc2-457a-85b0-15dd2d3a5f99 49d1c7e7502c4c6b97f54e8f4f212323 14388796f3654fe08055252b4966ed29 - - default default] Successfully bumped revision number for resource 23a5645e-c403-4ef2-af1c-c939fb07f98b (type: security_group_rules) to 0
2026-05-27 07:16:50.131 10 INFO neutron.db.ovn_revision_numbers_db [None req-c7a1d720-4cc2-457a-85b0-15dd2d3a5f99 49d1c7e7502c4c6b97f54e8f4f212323 14388796f3654fe08055252b4966ed29 - - default default] Successfully bumped revision number for resource 8a67e1fa-a8c2-4b88-9ef2-ef6b74fa00dd (type: security_group_rules) to 0
2026-05-27 07:16:50.156 10 INFO neutron.db.ovn_revision_numbers_db [None req-c7a1d720-4cc2-457a-85b0-15dd2d3a5f99 49d1c7e7502c4c6b97f54e8f4f212323 14388796f3654fe08055252b4966ed29 - - default default] Successfully bumped revision number for resource 8b97789a-d7c5-48b2-be61-9957847bb487 (type: security_group_rules) to 0
2026-05-27 07:16:50.169 9 INFO neutron.wsgi [None req-64e57f49-ca68-4dac-a816-6d54ecb80cf3 cb1b1b0d05604466a1279abdad7de19f 9ec7b36f815841219734897e7c14ca98 - - default default] 10.0.0.78 "DELETE /v2.0/networks/85506f12-0549-4bbb-8811-2511ff3bc6f6 HTTP/1.1" status: 204 len: 168 time: 0.4417901
2026-05-27 07:16:50.194 10 INFO neutron.db.ovn_revision_numbers_db [None req-c7a1d720-4cc2-457a-85b0-15dd2d3a5f99 49d1c7e7502c4c6b97f54e8f4f212323 14388796f3654fe08055252b4966ed29 - - default default] Successfully bumped revision number for resource fbab9603-c745-4de9-8d98-91dfc08ce012 (type: security_group_rules) to 0
2026-05-27 07:16:50.283 10 INFO neutron.wsgi [None req-c7a1d720-4cc2-457a-85b0-15dd2d3a5f99 49d1c7e7502c4c6b97f54e8f4f212323 14388796f3654fe08055252b4966ed29 - - default default] 10.0.0.78 "GET /v2.0/security-groups?tenant_id=6736162519ba494388a2d988bad19518&name=default HTTP/1.1" status: 200 len: 3120 time: 0.4737566
2026-05-27 07:16:50.293 10 INFO neutron.db.ovn_revision_numbers_db [None req-d63ede40-28cc-4a24-b526-bfaae020dc23 49d1c7e7502c4c6b97f54e8f4f212323 14388796f3654fe08055252b4966ed29 - - default default] Successfully bumped revision number for resource b7f6e598-5366-4e05-a93d-5d85a5956663 (type: security_groups) to 1
2026-05-27 07:16:50.326 10 INFO neutron.db.ovn_revision_numbers_db [None req-d63ede40-28cc-4a24-b526-bfaae020dc23 49d1c7e7502c4c6b97f54e8f4f212323 14388796f3654fe08055252b4966ed29 - - default default] Successfully bumped revision number for resource 678ad4e3-65f7-403c-80bd-fc11154f544c (type: security_group_rules) to 0
2026-05-27 07:16:50.347 10 INFO neutron.wsgi [None req-9471a326-0be8-446b-9382-8693c9ae464f cb1b1b0d05604466a1279abdad7de19f 9ec7b36f815841219734897e7c14ca98 - - default default] 10.0.0.78 "GET /v2.0/networks HTTP/1.1" status: 200 len: 845 time: 0.1706569
2026-05-27 07:16:50.353 10 INFO neutron.db.ovn_revision_numbers_db [None req-d63ede40-28cc-4a24-b526-bfaae020dc23 49d1c7e7502c4c6b97f54e8f4f212323 14388796f3654fe08055252b4966ed29 - - default default] Successfully bumped revision number for resource 7a86f4b4-0345-48d3-806b-77c03525797f (type: security_group_rules) to 0
2026-05-27 07:16:50.366 10 WARNING neutron_lib.context [None req-f09ec1eb-86b6-4546-80dc-4595d1f1d31b cb1b1b0d05604466a1279abdad7de19f 9ec7b36f815841219734897e7c14ca98 - - default default] Method 'is_advsvc' is deprecated since 2023.2 release (neutron-lib 3.8.0) and will be removed once support for the old RBAC API policies will be removed from Neutron. Please use method 'is_service_role' instead.
2026-05-27 07:16:50.382 10 INFO neutron.db.ovn_revision_numbers_db [None req-d63ede40-28cc-4a24-b526-bfaae020dc23 49d1c7e7502c4c6b97f54e8f4f212323 14388796f3654fe08055252b4966ed29 - - default default] Successfully bumped revision number for resource d0ebba6a-eb3c-461b-9d73-85aa227cb9b8 (type: security_group_rules) to 0
