2026-05-27 07:16:26.312 9 ERROR ovsdbapp.backend.ovs_idl.command ovsdbapp.backend.ovs_idl.idlutils.RowNotFound: Cannot find Logical_Router_Port with name=lrp-42c0b081-6b26-4611-8dee-467fd87ec5d5
2026-05-27 07:16:26.312 9 ERROR ovsdbapp.backend.ovs_idl.command 
2026-05-27 07:16:26.313 9 ERROR neutron_lib.callbacks.manager [None req-85eeac43-b6ad-4ae0-a3ab-66e1b1828806 e2702be4d0954cbc9a758e51e9724ced 21ac949983d64a159ed350280c9d4ce3 - - default default] Error during notification for neutron.services.ovn_l3.plugin.OVNL3RouterPlugin._port_update-8785617072879 port, after_update: ovsdbapp.backend.ovs_idl.idlutils.RowNotFound: Cannot find Logical_Router_Port with name=lrp-42c0b081-6b26-4611-8dee-467fd87ec5d5
2026-05-27 07:16:26.313 9 ERROR neutron_lib.callbacks.manager
Traceback (most recent call last):
2026-05-27 07:16:26.313 9 ERROR neutron_lib.callbacks.manager
File "/var/lib/openstack/lib/python3.10/site-packages/neutron_lib/callbacks/manager.py", line 189, in _notify_loop
2026-05-27 07:16:26.313 9 ERROR neutron_lib.callbacks.manager callback.method(resource, event, trigger, payload=payload)
2026-05-27 07:16:26.313 9 ERROR neutron_lib.callbacks.manager
File "/var/lib/openstack/lib/python3.10/site-packages/neutron/services/ovn_l3/plugin.py", line 391, in _port_update
2026-05-27 07:16:26.313 9 ERROR neutron_lib.callbacks.manager l3plugin._ovn_client.update_router_port(context,
2026-05-27 07:16:26.313 9 ERROR neutron_lib.callbacks.manager
File "/var/lib/openstack/lib/python3.10/site-packages/neutron/plugins/ml2/drivers/ovn/mech_driver/ovsdb/ovn_client.py", line 1878, in update_router_port
2026-05-27 07:16:26.313 9 ERROR neutron_lib.callbacks.manager self._update_lrouter_port(context, port, if_exists=if_exists,
2026-05-27 07:16:26.313 9 ERROR neutron_lib.callbacks.manager
File "/var/lib/openstack/lib/python3.10/site-packages/neutron/plugins/ml2/drivers/ovn/mech_driver/ovsdb/ovn_client.py", line 1855, in _update_lrouter_port
2026-05-27 07:16:26.313 9 ERROR neutron_lib.callbacks.manager external_ids = self._nb_idl.db_get(
2026-05-27 07:16:26.313 9 ERROR neutron_lib.callbacks.manager
File "/var/lib/openstack/lib/python3.10/site-packages/ovsdbapp/backend/ovs_idl/command.py", line 47, in execute
2026-05-27 07:16:26.313 9 ERROR neutron_lib.callbacks.manager self.run_idl(None)
2026-05-27 07:16:26.313 9 ERROR neutron_lib.callbacks.manager
File "/var/lib/openstack/lib/python3.10/site-packages/ovsdbapp/backend/ovs_idl/command.py", line 235, in run_idl
2026-05-27 07:16:26.313 9 ERROR neutron_lib.callbacks.manager record = self.api.lookup(self.table, self.record)
2026-05-27 07:16:26.313 9 ERROR neutron_lib.callbacks.manager
File "/var/lib/openstack/lib/python3.10/site-packages/ovsdbapp/backend/ovs_idl/__init__.py", line 184, in lookup
2026-05-27 07:16:26.313 9 ERROR neutron_lib.callbacks.manager return self._lookup(table, record)
2026-05-27 07:16:26.313 9 ERROR neutron_lib.callbacks.manager
File "/var/lib/openstack/lib/python3.10/site-packages/ovsdbapp/backend/ovs_idl/__init__.py", line 235, in _lookup
2026-05-27 07:16:26.313 9 ERROR neutron_lib.callbacks.manager row = idlutils.row_by_value(self, rl.table, rl.column, record)
2026-05-27 07:16:26.313 9 ERROR neutron_lib.callbacks.manager
File "/var/lib/openstack/lib/python3.10/site-packages/ovsdbapp/backend/ovs_idl/idlutils.py", line 114, in row_by_value
2026-05-27 07:16:26.313 9 ERROR neutron_lib.callbacks.manager raise RowNotFound(table=table, col=column, match=match)
2026-05-27 07:16:26.313 9 ERROR neutron_lib.callbacks.manager ovsdbapp.backend.ovs_idl.idlutils.RowNotFound: Cannot find Logical_Router_Port with name=lrp-42c0b081-6b26-4611-8dee-467fd87ec5d5
2026-05-27 07:16:26.313 9 ERROR neutron_lib.callbacks.manager 
2026-05-27 07:16:26.528 9 INFO neutron.plugins.ml2.drivers.ovn.mech_driver.mech_driver [None req-1cbfd0d9-7939-4b44-a5e0-fd368f313994 - - - - - -] OVN reports status up for port: 42c0b081-6b26-4611-8dee-467fd87ec5d5
2026-05-27 07:16:26.546 9 INFO neutron.plugins.ml2.plugin [None req-1cbfd0d9-7939-4b44-a5e0-fd368f313994 - - - - - -] Attempt 1 to provision port 42c0b081-6b26-4611-8dee-467fd87ec5d5
2026-05-27 07:16:26.570 9 INFO neutron.db.ovn_revision_numbers_db [None req-85eeac43-b6ad-4ae0-a3ab-66e1b1828806 e2702be4d0954cbc9a758e51e9724ced 21ac949983d64a159ed350280c9d4ce3 - - default default] Successfully bumped revision number for resource 42c0b081-6b26-4611-8dee-467fd87ec5d5 (type: ports) to 1
2026-05-27 07:16:26.679 9 WARNING neutron.scheduler.dhcp_agent_scheduler [None req-85eeac43-b6ad-4ae0-a3ab-66e1b1828806 e2702be4d0954cbc9a758e51e9724ced 21ac949983d64a159ed350280c9d4ce3 - - default default] No more DHCP agents
2026-05-27 07:16:26.686 9 INFO neutron.wsgi [None req-4c5fb71d-d60a-4e05-820c-f970d6e5d7b2 b4f083f183cd445a8250946ff4759238 ef7a7bfaf5f3494eb148a4341b2e99d8 - - default default] 10.0.0.78 "GET /v2.0/extensions HTTP/1.1" status: 200 len: 18678 time: 0.1950328
2026-05-27 07:16:26.689 9 WARNING neutron.api.rpc.agentnotifiers.dhcp_rpc_agent_api [None req-85eeac43-b6ad-4ae0-a3ab-66e1b1828806 e2702be4d0954cbc9a758e51e9724ced 21ac949983d64a159ed350280c9d4ce3 - - default default] Unable to schedule network 0cb18e76-6e58-42ce-a792-d57039bba73a: no agents available; will retry on subsequent port and subnet creation events.
2026-05-27 07:16:26.700 10 INFO neutron.wsgi [None req-5b35d7b2-cecd-424c-bac6-c58789270754 b4f083f183cd445a8250946ff4759238 ef7a7bfaf5f3494eb148a4341b2e99d8 - - default default] 10.0.0.78 "GET /v2.0/extensions/address-group HTTP/1.1" status: 200 len: 353 time: 0.0056231
2026-05-27 07:16:26.709 10 INFO neutron.wsgi [None req-e9122ea1-2529-48cb-95c9-4320712321c9 b4f083f183cd445a8250946ff4759238 ef7a7bfaf5f3494eb148a4341b2e99d8 - - default default] 10.0.0.78 "GET /v2.0/extensions/address-scope HTTP/1.1" status: 200 len: 357 time: 0.0043592
2026-05-27 07:16:26.715 10 INFO neutron.wsgi [None req-d45f0a13-f784-48f5-8fbd-fbc94b6283f6 b4f083f183cd445a8250946ff4759238 ef7a7bfaf5f3494eb148a4341b2e99d8 - - default default] 10.0.0.78 "GET /v2.0/extensions/agent HTTP/1.1" status: 200 len: 347 time: 0.0032227
2026-05-27 07:16:26.722 10 INFO neutron.wsgi [None req-a2df5c41-03e3-4b74-9887-735949bd6851 b4f083f183cd445a8250946ff4759238 ef7a7bfaf5f3494eb148a4341b2e99d8 - - default default] 10.0.0.78 "GET /v2.0/extensions/allowed-address-pairs HTTP/1.1" status: 200 len: 378 time: 0.0030718
2026-05-27 07:16:26.737 10 INFO neutron.wsgi [None req-f20c477e-037c-467f-8079-6528b3a19074 b4f083f183cd445a8250946ff4759238 ef7a7bfaf5f3494eb148a4341b2e99d8 - - default default] 10.0.0.78 "GET /v2.0/extensions/auto-allocated-topology HTTP/1.1" status: 200 len: 394 time: 0.0115073
2026-05-27 07:16:26.751 10 INFO neutron.wsgi [None req-13c475b5-b4f0-4715-9a8b-4bb43a3c4b7c b4f083f183cd445a8250946ff4759238 ef7a7bfaf5f3494eb148a4341b2e99d8 - - default default] 10.0.0.78 "GET /v2.0/extensions/availability_zone HTTP/1.1" status: 200 len: 372 time: 0.0052607
2026-05-27 07:16:26.768 10 INFO neutron.wsgi [None req-19afa1a2-7372-4695-8957-e596edc62069 b4f083f183cd445a8250946ff4759238 ef7a7bfaf5f3494eb148a4341b2e99d8 - - default default] 10.0.0.78 "GET /v2.0/extensions/default-subnetpools HTTP/1.1" status: 200 len: 405 time: 0.0053749
2026-05-27 07:16:26.776 10 INFO neutron.wsgi [None req-51fcad81-099d-4896-98e0-5e4ac9890106 b4f083f183cd445a8250946ff4759238 ef7a7bfaf5f3494eb148a4341b2e99d8 - - default default] 10.0.0.78 "GET /v2.0/extensions/dhcp_agent_scheduler HTTP/1.1" status: 200 len: 381 time: 0.0045633
2026-05-27 07:16:26.784 10 INFO neutron.wsgi [None req-9fbf0eff-c42f-424d-b046-ff6a24879f21 b4f083f183cd445a8250946ff4759238 ef7a7bfaf5f3494eb148a4341b2e99d8 - - default default] 10.0.0.78 "GET /v2.0/extensions/dns-integration HTTP/1.1" status: 200 len: 366 time: 0.0036421
2026-05-27 07:16:26.797 9 INFO neutron.wsgi [None req-7cdc6bf9-a229-46b3-a2dd-606720b9eb9f b4f083f183cd445a8250946ff4759238 ef7a7bfaf5f3494eb148a4341b2e99d8 - - default default] 10.0.0.78 "GET /v2.0/extensions/dns-domain-ports HTTP/1.1" status: 200 len: 399 time: 0.0065391
2026-05-27 07:16:26.806 10 INFO neutron.wsgi [None req-fdb57fcc-452f-4ef7-945b-66cfbcdd1c94 b4f083f183cd445a8250946ff4759238 ef7a7bfaf5f3494eb148a4341b2e99d8 - - default default] 10.0.0.78 "GET /v2.0/extensions/dns-integration-domain-keywords HTTP/1.1" status: 200 len: 477 time: 0.0051541
2026-05-27 07:16:26.814 9 INFO neutron.wsgi [None req-ae033ea0-0668-41e9-9815-70f1b0560f0a b4f083f183cd445a8250946ff4759238 ef7a7bfaf5f3494eb148a4341b2e99d8 - - default default] 10.0.0.78 "GET /v2.0/extensions/empty-string-filtering HTTP/1.1" status: 200 len: 413 time: 0.0045052
2026-05-27 07:16:26.821 9 INFO neutron.wsgi [None req-a55523ed-719d-40b6-8fd0-ee2b268990cd b4f083f183cd445a8250946ff4759238 ef7a7bfaf5f3494eb148a4341b2e99d8 - - default default] 10.0.0.78 "GET /v2.0/extensions/external-net HTTP/1.1" status: 200 len: 394 time: 0.0029428
2026-05-27 07:16:26.835 10 INFO neutron.wsgi [None req-fdeaa9d1-4693-4906-8131-93d312581322 b4f083f183cd445a8250946ff4759238 ef7a7bfaf5f3494eb148a4341b2e99d8 - - default default] 10.0.0.78 "GET /v2.0/extensions/extra_dhcp_opt HTTP/1.1" status: 200 len: 498 time: 0.0052075
2026-05-27 07:16:26.859 9 INFO neutron.wsgi [None req-c41e1435-54dc-4d17-b7c1-85ef402207b8 b4f083f183cd445a8250946ff4759238 ef7a7bfaf5f3494eb148a4341b2e99d8 - - default default] 10.0.0.78 "GET /v2.0/extensions/extraroute HTTP/1.1" status: 200 len: 375 time: 0.0070210
2026-05-27 07:16:26.874 10 INFO neutron.wsgi [None req-a4e09cf8-e798-424c-aa50-d9d0c6edbbd0 b4f083f183cd445a8250946ff4759238 ef7a7bfaf5f3494eb148a4341b2e99d8 - - default default] 10.0.0.78 "GET /v2.0/extensions/floating-ip-port-forwarding-detail HTTP/1.1" status: 200 len: 465 time: 0.0063167
2026-05-27 07:16:26.886 9 INFO neutron.wsgi [None req-a01956c1-6b0b-4134-b904-9c4305e8dd22 b4f083f183cd445a8250946ff4759238 ef7a7bfaf5f3494eb148a4341b2e99d8 - - default default] 10.0.0.78 "GET /v2.0/extensions/fip-port-details HTTP/1.1" status: 200 len: 406 time: 0.0077918
2026-05-27 07:16:26.893 9 INFO neutron.wsgi [None req-3b0ffc45-faf4-4e8f-a7ca-1ca89c5cde6b b4f083f183cd445a8250946ff4759238 ef7a7bfaf5f3494eb148a4341b2e99d8 - - default default] 10.0.0.78 "GET /v2.0/extensions/flavors HTTP/1.1" status: 200 len: 387 time: 0.0037012
2026-05-27 07:16:26.902 10 INFO neutron.wsgi [None req-17d7017a-ee60-4f1b-91b3-3e8071c7700e b4f083f183cd445a8250946ff4759238 ef7a7bfaf5f3494eb148a4341b2e99d8 - - default default] 10.0.0.78 "GET /v2.0/extensions/floatingip-pools HTTP/1.1" status: 200 len: 382 time: 0.0054066
2026-05-27 07:16:26.909 10 INFO neutron.wsgi [None req-4be3ae46-a2e9-446a-b37a-1051b1a6cff1 b4f083f183cd445a8250946ff4759238 ef7a7bfaf5f3494eb148a4341b2e99d8 - - default default] 10.0.0.78 "GET /v2.0/extensions/ip_allocation HTTP/1.1" status: 200 len: 356 time: 0.0037620
2026-05-27 07:16:26.925 9 INFO neutron.wsgi [None req-36eea44f-167c-4231-83df-edf6d172f891 b4f083f183cd445a8250946ff4759238 ef7a7bfaf5f3494eb148a4341b2e99d8 - - default default] 10.0.0.78 "GET /v2.0/extensions/l2_adjacency HTTP/1.1" status: 200 len: 372 time: 0.0058286
2026-05-27 07:16:26.934 10 INFO neutron.wsgi [None req-8ceed4f1-6444-4b96-927b-fa0a833583f5 b4f083f183cd445a8250946ff4759238 ef7a7bfaf5f3494eb148a4341b2e99d8 - - default default] 10.0.0.78 "GET /v2.0/extensions/router HTTP/1.1" status: 200 len: 450 time: 0.0046411
2026-05-27 07:16:26.942 10 INFO neutron.wsgi [None req-c52d9f27-fad6-434c-bbfd-a5bb5d81511f b4f083f183cd445a8250946ff4759238 ef7a7bfaf5f3494eb148a4341b2e99d8 - - default default] 10.0.0.78 "GET /v2.0/extensions/enable-default-route-bfd HTTP/1.1" status: 200 len: 406 time: 0.0043647
2026-05-27 07:16:26.951 10 INFO neutron.wsgi [None req-4529ff1a-2fb0-4226-92e1-a74c2c0b49ba b4f083f183cd445a8250946ff4759238 ef7a7bfaf5f3494eb148a4341b2e99d8 - - default default] 10.0.0.78 "GET /v2.0/extensions/enable-default-route-ecmp HTTP/1.1" status: 200 len: 409 time: 0.0032380
2026-05-27 07:16:26.984 10 INFO neutron.wsgi [None req-6ca122b0-81fc-4e5e-be73-dfb1645e5466 b4f083f183cd445a8250946ff4759238 ef7a7bfaf5f3494eb148a4341b2e99d8 - - default default] 10.0.0.78 "GET /v2.0/extensions/ext-gw-mode HTTP/1.1" status: 200 len: 462 time: 0.0282056
2026-05-27 07:16:26.995 10 INFO neutron.wsgi [None req-ef18760c-f05a-442d-b56d-800eaced59ea b4f083f183cd445a8250946ff4759238 ef7a7bfaf5f3494eb148a4341b2e99d8 - - default default] 10.0.0.78 "GET /v2.0/extensions/l3-ha HTTP/1.1" status: 200 len: 360 time: 0.0049181
2026-05-27 07:16:27.004 10 INFO neutron.wsgi [None req-71da2678-9cba-451b-8621-84b1be60086b b4f083f183cd445a8250946ff4759238 ef7a7bfaf5f3494eb148a4341b2e99d8 - - default default] 10.0.0.78 "GET /v2.0/extensions/external-gateway-multihoming HTTP/1.1" status: 200 len: 421 time: 0.0051398
2026-05-27 07:16:27.011 10 INFO neutron.wsgi [None req-6cfb042b-b70d-48e6-934c-45d72c8c974d b4f083f183cd445a8250946ff4759238 ef7a7bfaf5f3494eb148a4341b2e99d8 - - default default] 10.0.0.78 "GET /v2.0/extensions/l3-flavors HTTP/1.1" status: 200 len: 366 time: 0.0034969
2026-05-27 07:16:27.040 10 INFO neutron.wsgi [None req-aa95b54a-35d3-44c9-9a5d-0683b3d6b17c b4f083f183cd445a8250946ff4759238 ef7a7bfaf5f3494eb148a4341b2e99d8 - - default default] 10.0.0.78 "GET /v2.0/extensions/logging HTTP/1.1" status: 200 len: 407 time: 0.0235085
2026-05-27 07:16:27.050 10 INFO neutron.wsgi [None req-58d9dabc-e703-415f-b25e-5867243ae9a5 b4f083f183cd445a8250946ff4759238 ef7a7bfaf5f3494eb148a4341b2e99d8 - - default default] 10.0.0.78 "GET /v2.0/extensions/multi-provider HTTP/1.1" status: 200 len: 406 time: 0.0038686
2026-05-27 07:16:27.059 10 INFO neutron.wsgi [None req-e7d699ab-e894-400a-9b69-5d18df534782 b4f083f183cd445a8250946ff4759238 ef7a7bfaf5f3494eb148a4341b2e99d8 - - default default] 10.0.0.78 "GET /v2.0/extensions/net-mtu HTTP/1.1" status: 200 len: 370 time: 0.0055187
2026-05-27 07:16:27.068 10 INFO neutron.wsgi [None req-b07dbb81-d302-46e4-a080-39228cd5674a b4f083f183cd445a8250946ff4759238 ef7a7bfaf5f3494eb148a4341b2e99d8 - - default default] 10.0.0.78 "GET /v2.0/extensions/net-mtu-writable HTTP/1.1" status: 200 len: 401 time: 0.0038776
2026-05-27 07:16:27.077 10 INFO neutron.wsgi [None req-6136507b-5213-48c6-8a7f-f9a74626eb98 b4f083f183cd445a8250946ff4759238 ef7a7bfaf5f3494eb148a4341b2e99d8 - - default default] 10.0.0.78 "GET /v2.0/extensions/network_availability_zone HTTP/1.1" status: 200 len: 394 time: 0.0047450
2026-05-27 07:16:27.089 10 INFO neutron.wsgi [None req-db56c40e-4031-4a73-afca-1bba697d08df b4f083f183cd445a8250946ff4759238 ef7a7bfaf5f3494eb148a4341b2e99d8 - - default default] 10.0.0.78 "GET /v2.0/extensions/network-ip-availability HTTP/1.1" status: 200 len: 410 time: 0.0050638
2026-05-27 07:16:27.105 10 INFO neutron.wsgi [None req-b4a65780-66e5-4685-8681-d6dc7f1ff673 b4f083f183cd445a8250946ff4759238 ef7a7bfaf5f3494eb148a4341b2e99d8 - - default default] 10.0.0.78 "GET /v2.0/extensions/pagination HTTP/1.1" status: 200 len: 386 time: 0.0049608
2026-05-27 07:16:27.114 10 INFO neutron.wsgi [None req-c95886b7-2a38-4744-85b5-c85779616536 b4f083f183cd445a8250946ff4759238 ef7a7bfaf5f3494eb148a4341b2e99d8 - - default default] 10.0.0.78 "GET /v2.0/extensions/port-device-profile HTTP/1.1" status: 200 len: 383 time: 0.0045450
2026-05-27 07:16:27.125 10 INFO neutron.wsgi [None req-50ecb5c6-dd53-406c-b4ff-f55c25d64431 b4f083f183cd445a8250946ff4759238 ef7a7bfaf5f3494eb148a4341b2e99d8 - - default default] 10.0.0.78 "GET /v2.0/extensions/port-mac-address-regenerate HTTP/1.1" status: 200 len: 403 time: 0.0047634
2026-05-27 07:16:27.135 10 INFO neutron.wsgi [None req-839cd97a-9524-4d3c-9187-3e658f3d0d8a b4f083f183cd445a8250946ff4759238 ef7a7bfaf5f3494eb148a4341b2e99d8 - - default default] 10.0.0.78 "GET /v2.0/extensions/port-numa-affinity-policy HTTP/1.1" status: 200 len: 392 time: 0.0041273
2026-05-27 07:16:27.151 10 INFO neutron.wsgi [None req-662db661-3357-4518-aed2-2d8c341f818e b4f083f183cd445a8250946ff4759238 ef7a7bfaf5f3494eb148a4341b2e99d8 - - default default] 10.0.0.78 "GET /v2.0/extensions/port-resource-request HTTP/1.1" status: 200 len: 379 time: 0.0045998
2026-05-27 07:16:27.162 10 INFO neutron.wsgi [None req-9631f862-ce56-4234-8334-a3600d667d1a b4f083f183cd445a8250946ff4759238 ef7a7bfaf5f3494eb148a4341b2e99d8 - - default default] 10.0.0.78 "GET /v2.0/extensions/port-resource-request-groups HTTP/1.1" status: 200 len: 465 time: 0.0045283
2026-05-27 07:16:27.171 10 INFO neutron.wsgi [None req-59384f9e-8ca1-4f62-a04d-f1d697272240 b4f083f183cd445a8250946ff4759238 ef7a7bfaf5f3494eb148a4341b2e99d8 - - default default] 10.0.0.78 "GET /v2.0/extensions/binding HTTP/1.1" status: 200 len: 387 time: 0.0046122
2026-05-27 07:16:27.182 10 INFO neutron.wsgi [None req-0b7d0380-f138-4999-be1b-610ec1b16f46 b4f083f183cd445a8250946ff4759238 ef7a7bfaf5f3494eb148a4341b2e99d8 - - default default] 10.0.0.78 "GET /v2.0/extensions/binding-extended HTTP/1.1" status: 200 len: 406 time: 0.0050015
2026-05-27 07:16:27.196 10 INFO neutron.wsgi [None req-6e1ffe8d-31c6-4fa7-a2e6-a693d87112af b4f083f183cd445a8250946ff4759238 ef7a7bfaf5f3494eb148a4341b2e99d8 - - default default] 10.0.0.78 "GET /v2.0/extensions/port-security HTTP/1.1" status: 200 len: 354 time: 0.0089817
2026-05-27 07:16:27.210 10 INFO neutron.wsgi [None req-e2c7a2eb-e71c-44a6-bde8-ccaf5c991f30 b4f083f183cd445a8250946ff4759238 ef7a7bfaf5f3494eb148a4341b2e99d8 - - default default] 10.0.0.78 "GET /v2.0/extensions/project-id HTTP/1.1" status: 200 len: 398 time: 0.0067694
2026-05-27 07:16:27.219 10 INFO neutron.wsgi [None req-1a97d7e9-399a-4d9d-977a-60b6cdebb594 b4f083f183cd445a8250946ff4759238 ef7a7bfaf5f3494eb148a4341b2e99d8 - - default default] 10.0.0.78 "GET /v2.0/extensions/provider HTTP/1.1" status: 200 len: 385 time: 0.0045414
2026-05-27 07:16:27.237 10 INFO neutron.wsgi [None req-96d4de94-61b7-4d5d-8f71-20eb0d15e585 b4f083f183cd445a8250946ff4759238 ef7a7bfaf5f3494eb148a4341b2e99d8 - - default default] 10.0.0.78 "GET /v2.0/extensions/qos HTTP/1.1" status: 200 len: 360 time: 0.0056343
2026-05-27 07:16:27.247 10 INFO neutron.wsgi [None req-cd2cc1b9-31b0-4e3b-8c33-c7e1f104e7dc b4f083f183cd445a8250946ff4759238 ef7a7bfaf5f3494eb148a4341b2e99d8 - - default default] 10.0.0.78 "GET /v2.0/extensions/qos-bw-limit-direction HTTP/1.1" status: 200 len: 452 time: 0.0058184
2026-05-27 07:16:27.257 10 INFO neutron.wsgi [None req-20f0d3f5-177d-487e-baba-f1fbd92eb787 b4f083f183cd445a8250946ff4759238 ef7a7bfaf5f3494eb148a4341b2e99d8 - - default default] 10.0.0.78 "GET /v2.0/extensions/qos-bw-minimum-ingress HTTP/1.1" status: 200 len: 445 time: 0.0053701
2026-05-27 07:16:27.265 10 INFO neutron.wsgi [None req-bc4ba9dd-72c3-4437-88ee-076e38b6ec42 b4f083f183cd445a8250946ff4759238 ef7a7bfaf5f3494eb148a4341b2e99d8 - - default default] 10.0.0.78 "GET /v2.0/extensions/qos-default HTTP/1.1" status: 200 len: 377 time: 0.0037756
2026-05-27 07:16:27.274 10 INFO neutron.wsgi [None req-46f5286e-ae40-4987-bae8-bc48246945d4 b4f083f183cd445a8250946ff4759238 ef7a7bfaf5f3494eb148a4341b2e99d8 - - default default] 10.0.0.78 "GET /v2.0/extensions/qos-fip HTTP/1.1" status: 200 len: 372 time: 0.0050440
2026-05-27 07:16:27.301 10 INFO neutron.wsgi [None req-6b093869-495e-424c-87c0-9e96c637822b b4f083f183cd445a8250946ff4759238 ef7a7bfaf5f3494eb148a4341b2e99d8 - - default default] 10.0.0.78 "GET /v2.0/extensions/qos-gateway-ip HTTP/1.1" status: 200 len: 391 time: 0.0048518
2026-05-27 07:16:27.311 10 INFO neutron.wsgi [None req-f4252bee-5fee-4fdc-904b-ec4951984ef4 b4f083f183cd445a8250946ff4759238 ef7a7bfaf5f3494eb148a4341b2e99d8 - - default default] 10.0.0.78 "GET /v2.0/extensions/qos-port-network-policy HTTP/1.1" status: 200 len: 403 time: 0.0038645
2026-05-27 07:16:27.320 10 INFO neutron.wsgi [None req-47db618a-509a-4720-a6cf-4945898e1eaa b4f083f183cd445a8250946ff4759238 ef7a7bfaf5f3494eb148a4341b2e99d8 - - default default] 10.0.0.78 "GET /v2.0/extensions/qos-pps-minimum HTTP/1.1" status: 200 len: 397 time: 0.0047185
2026-05-27 07:16:27.338 10 INFO neutron.wsgi [None req-08e7434e-bf02-4827-ac46-b4504b968c50 b4f083f183cd445a8250946ff4759238 ef7a7bfaf5f3494eb148a4341b2e99d8 - - default default] 10.0.0.78 "GET /v2.0/extensions/qos-pps-minimum-rule-alias HTTP/1.1" status: 200 len: 471 time: 0.0043828
2026-05-27 07:16:27.349 10 INFO neutron.wsgi [None req-80154c32-9c29-44db-890e-101eea18a9e1 b4f083f183cd445a8250946ff4759238 ef7a7bfaf5f3494eb148a4341b2e99d8 - - default default] 10.0.0.78 "GET /v2.0/extensions/qos-pps HTTP/1.1" status: 200 len: 389 time: 0.0041158
2026-05-27 07:16:27.357 10 INFO neutron.wsgi [None req-3fdf4bf8-5de6-46b6-a389-95d983f2ceb7 b4f083f183cd445a8250946ff4759238 ef7a7bfaf5f3494eb148a4341b2e99d8 - - default default] 10.0.0.78 "GET /v2.0/extensions/qos-rule-type-details HTTP/1.1" status: 200 len: 423 time: 0.0036604
2026-05-27 07:16:27.364 10 INFO neutron.wsgi [None req-f49048fa-5e0a-4db6-8793-e8c7600d591b b4f083f183cd445a8250946ff4759238 ef7a7bfaf5f3494eb148a4341b2e99d8 - - default default] 10.0.0.78 "GET /v2.0/extensions/qos-rule-type-filter HTTP/1.1" status: 200 len: 567 time: 0.0043831
2026-05-27 07:16:27.371 10 INFO neutron.wsgi [None req-12cc1942-60df-40dc-9a29-eeea0dd65ee3 b4f083f183cd445a8250946ff4759238 ef7a7bfaf5f3494eb148a4341b2e99d8 - - default default] 10.0.0.78 "GET /v2.0/extensions/qos-rules-alias HTTP/1.1" status: 200 len: 448 time: 0.0033500
2026-05-27 07:16:27.378 10 INFO neutron.wsgi [None req-f00a98cc-9371-48f1-85f7-c7e8f7a1e49b b4f083f183cd445a8250946ff4759238 ef7a7bfaf5f3494eb148a4341b2e99d8 - - default default] 10.0.0.78 "GET /v2.0/extensions/quota-check-limit HTTP/1.1" status: 200 len: 420 time: 0.0037522
2026-05-27 07:16:27.390 10 INFO neutron.wsgi [None req-65248154-9df9-4c99-b7d0-a14af7e951fb b4f083f183cd445a8250946ff4759238 ef7a7bfaf5f3494eb148a4341b2e99d8 - - default default] 10.0.0.78 "GET /v2.0/extensions/quotas HTTP/1.1" status: 200 len: 386 time: 0.0038373
2026-05-27 07:16:27.400 10 INFO neutron.wsgi [None req-1cc723ba-3e3e-4cd3-b967-205f489d0e65 b4f083f183cd445a8250946ff4759238 ef7a7bfaf5f3494eb148a4341b2e99d8 - - default default] 10.0.0.78 "GET /v2.0/extensions/quota_details HTTP/1.1" status: 200 len: 407 time: 0.0065916
2026-05-27 07:16:27.406 10 INFO neutron.wsgi [None req-204af7af-281b-4de3-bed5-9a499a7f78c2 b4f083f183cd445a8250946ff4759238 ef7a7bfaf5f3494eb148a4341b2e99d8 - - default default] 10.0.0.78 "GET /v2.0/extensions/rbac-policies HTTP/1.1" status: 200 len: 417 time: 0.0030925
2026-05-27 07:16:27.414 10 INFO neutron.wsgi [None req-c6519f50-9554-4e9c-967e-b4c63f8b273e b4f083f183cd445a8250946ff4759238 ef7a7bfaf5f3494eb148a4341b2e99d8 - - default default] 10.0.0.78 "GET /v2.0/extensions/rbac-address-scope HTTP/1.1" status: 200 len: 384 time: 0.0046999
2026-05-27 07:16:27.421 10 INFO neutron.wsgi [None req-05922e79-8f32-46a7-895a-8a9412b29c55 b4f083f183cd445a8250946ff4759238 ef7a7bfaf5f3494eb148a4341b2e99d8 - - default default] 10.0.0.78 "GET /v2.0/extensions/rbac-security-groups HTTP/1.1" status: 200 len: 404 time: 0.0036232
2026-05-27 07:16:27.430 10 INFO neutron.wsgi [None req-29f19e26-9059-496a-96b1-efd47cc6d3c8 b4f083f183cd445a8250946ff4759238 ef7a7bfaf5f3494eb148a4341b2e99d8 - - default default] 10.0.0.78 "GET /v2.0/extensions/revision-if-match HTTP/1.1" status: 200 len: 441 time: 0.0042088
2026-05-27 07:16:27.440 10 INFO neutron.wsgi [None req-9da6518c-235f-43fe-a4e6-ea73d1b10630 b4f083f183cd445a8250946ff4759238 ef7a7bfaf5f3494eb148a4341b2e99d8 - - default default] 10.0.0.78 "GET /v2.0/extensions/standard-attr-revisions HTTP/1.1" status: 200 len: 423 time: 0.0048661
2026-05-27 07:16:27.454 9 INFO neutron.wsgi [None req-9046eb53-f7ce-4901-acb2-62d2e13db209 b4f083f183cd445a8250946ff4759238 ef7a7bfaf5f3494eb148a4341b2e99d8 - - default default] 10.0.0.78 "GET /v2.0/extensions/router_availability_zone HTTP/1.1" status: 200 len: 391 time: 0.0092068
2026-05-27 07:16:27.463 10 INFO neutron.wsgi [None req-dbd13f80-26ab-42ee-b683-61c4edd32189 b4f083f183cd445a8250946ff4759238 ef7a7bfaf5f3494eb148a4341b2e99d8 - - default default] 10.0.0.78 "GET /v2.0/extensions/security-groups-default-rules HTTP/1.1" status: 200 len: 456 time: 0.0040781
2026-05-27 07:16:27.470 10 INFO neutron.wsgi [None req-4efb16a4-9955-4344-b957-24711160eb1f b4f083f183cd445a8250946ff4759238 ef7a7bfaf5f3494eb148a4341b2e99d8 - - default default] 10.0.0.78 "GET /v2.0/extensions/security-groups-normalized-cidr HTTP/1.1" status: 200 len: 445 time: 0.0031881
2026-05-27 07:16:27.471 9 INFO neutron.db.ovn_revision_numbers_db [None req-85eeac43-b6ad-4ae0-a3ab-66e1b1828806 e2702be4d0954cbc9a758e51e9724ced 21ac949983d64a159ed350280c9d4ce3 - - default default] Successfully bumped revision number for resource 42c0b081-6b26-4611-8dee-467fd87ec5d5 (type: router_ports) to 1
2026-05-27 07:16:27.477 10 INFO neutron.wsgi [None req-6d67b872-1ca8-43f4-bf09-801190254f09 b4f083f183cd445a8250946ff4759238 ef7a7bfaf5f3494eb148a4341b2e99d8 - - default default] 10.0.0.78 "GET /v2.0/extensions/security-groups-remote-address-group HTTP/1.1" status: 200 len: 448 time: 0.0030663
2026-05-27 07:16:27.478 9 INFO neutron.wsgi [None req-85eeac43-b6ad-4ae0-a3ab-66e1b1828806 e2702be4d0954cbc9a758e51e9724ced 21ac949983d64a159ed350280c9d4ce3 - - default default] 10.0.0.78 "PUT /v2.0/routers/20fcf97e-5bdc-43a5-a29f-b06c195b6aa1/add_router_interface HTTP/1.1" status: 200 len: 503 time: 2.4079511
2026-05-27 07:16:27.496 10 INFO neutron.wsgi [None req-13192360-d3e3-4d57-b4a3-0fead7399612 b4f083f183cd445a8250946ff4759238 ef7a7bfaf5f3494eb148a4341b2e99d8 - - default default] 10.0.0.78 "GET /v2.0/extensions/security-groups-rules-belongs-to-default-sg HTTP/1.1" status: 200 len: 508 time: 0.0161946
2026-05-27 07:16:27.505 10 INFO neutron.wsgi [None req-585ed392-f663-4189-8661-b6ca7d5eae7e b4f083f183cd445a8250946ff4759238 ef7a7bfaf5f3494eb148a4341b2e99d8 - - default default] 10.0.0.78 "GET /v2.0/extensions/security-groups-shared-filtering HTTP/1.1" status: 200 len: 435 time: 0.0040390
2026-05-27 07:16:27.518 9 INFO neutron.wsgi [None req-f64fcc4a-d6b8-4ea4-940e-61b8081fdf38 b4f083f183cd445a8250946ff4759238 ef7a7bfaf5f3494eb148a4341b2e99d8 - - default default] 10.0.0.78 "GET /v2.0/extensions/security-group HTTP/1.1" status: 200 len: 364 time: 0.0088356
2026-05-27 07:16:27.528 10 INFO neutron.wsgi [None req-3b145737-367f-44cc-aede-5aee12c66103 b4f083f183cd445a8250946ff4759238 ef7a7bfaf5f3494eb148a4341b2e99d8 - - default default] 10.0.0.78 "GET /v2.0/extensions/segment HTTP/1.1" status: 200 len: 339 time: 0.0037639
2026-05-27 07:16:27.538 10 INFO neutron.wsgi [None req-df96ab39-970c-450b-af63-b5fd9f69e56f b4f083f183cd445a8250946ff4759238 ef7a7bfaf5f3494eb148a4341b2e99d8 - - default default] 10.0.0.78 "GET /v2.0/extensions/segments-peer-subnet-host-routes HTTP/1.1" status: 200 len: 427 time: 0.0043442
2026-05-27 07:16:27.553 10 INFO neutron.wsgi [None req-a3a9a248-ad6b-48c7-b9b1-179206a3c04d b4f083f183cd445a8250946ff4759238 ef7a7bfaf5f3494eb148a4341b2e99d8 - - default default] 10.0.0.78 "GET /v2.0/extensions/service-type HTTP/1.1" status: 200 len: 415 time: 0.0083687
2026-05-27 07:16:27.562 10 INFO neutron.wsgi [None req-f320bd83-303e-41a2-b553-781c6937c98f b4f083f183cd445a8250946ff4759238 ef7a7bfaf5f3494eb148a4341b2e99d8 - - default default] 10.0.0.78 "GET /v2.0/extensions/sorting HTTP/1.1" status: 200 len: 377 time: 0.0037379
2026-05-27 07:16:27.587 9 INFO neutron.wsgi [None req-9cec38be-63a0-499d-87b9-4ed49f5e219b b4f083f183cd445a8250946ff4759238 ef7a7bfaf5f3494eb148a4341b2e99d8 - - default default] 10.0.0.78 "GET /v2.0/extensions/standard-attr-segment HTTP/1.1" status: 200 len: 406 time: 0.0201159
2026-05-27 07:16:27.600 9 INFO neutron.wsgi [None req-efe3ef72-1129-4102-860a-b72032876c6e b4f083f183cd445a8250946ff4759238 ef7a7bfaf5f3494eb148a4341b2e99d8 - - default default] 10.0.0.78 "GET /v2.0/extensions/standard-attr-description HTTP/1.1" status: 200 len: 408 time: 0.0065830
2026-05-27 07:16:27.612 9 INFO neutron.wsgi [None req-15b8c489-6ee2-45b7-b321-0f179d1b780d b4f083f183cd445a8250946ff4759238 ef7a7bfaf5f3494eb148a4341b2e99d8 - - default default] 10.0.0.78 "GET /v2.0/extensions/stateful-security-group HTTP/1.1" status: 200 len: 402 time: 0.0069811
2026-05-27 07:16:27.622 10 INFO neutron.wsgi [None req-2b27062e-c874-4802-8a29-32e80f338021 b4f083f183cd445a8250946ff4759238 ef7a7bfaf5f3494eb148a4341b2e99d8 - - default default] 10.0.0.78 "GET /v2.0/extensions/subnet-dns-publish-fixed-ip HTTP/1.1" status: 200 len: 421 time: 0.0056756
2026-05-27 07:16:27.636 9 INFO neutron.wsgi [None req-5142cb94-c953-40d1-a666-19345207cedf b4f083f183cd445a8250946ff4759238 ef7a7bfaf5f3494eb148a4341b2e99d8 - - default default] 10.0.0.78 "GET /v2.0/extensions/subnet-segmentid-writable HTTP/1.1" status: 200 len: 421 time: 0.0084436
2026-05-27 07:16:27.642 9 INFO neutron.wsgi [None req-71900a00-9d6b-4b6e-915e-44b7b85b32e4 e2702be4d0954cbc9a758e51e9724ced 21ac949983d64a159ed350280c9d4ce3 - - default default] 10.0.0.78 "GET /v2.0/ports/42c0b081-6b26-4611-8dee-467fd87ec5d5 HTTP/1.1" status: 200 len: 1137 time: 0.1576810 /var/lib/openstack/lib/python3.10/site-packages/pycadf/identifier.py:71: UserWarning: Invalid uuid: neutron. To ensure interoperability, identifiers should be a valid uuid. warnings.warn(('Invalid uuid: %s. To ensure interoperability, '
2026-05-27 07:16:27.684 10 INFO neutron.wsgi [None req-5f12ac08-0fc6-4069-9225-3569ebb0d69a b4f083f183cd445a8250946ff4759238 ef7a7bfaf5f3494eb148a4341b2e99d8 - - default default] 10.0.0.78 "GET /v2.0/extensions/subnet-service-types HTTP/1.1" status: 200 len: 400 time: 0.0437210
2026-05-27 07:16:27.699 10 INFO neutron.wsgi [None req-9c0c29e7-402c-4d06-94a6-f0c980a8b191 49d1c7e7502c4c6b97f54e8f4f212323 14388796f3654fe08055252b4966ed29 - - default default] 10.0.0.78 "PUT /v2.0/routers/cfa43244-5dd1-4924-878f-52287fcf9871/remove_router_interface HTTP/1.1" status: 200 len: 503 time: 1.5274498
2026-05-27 07:16:27.703 10 INFO neutron.wsgi [None req-e653aef9-70c8-438d-8b2d-dfb9c1523580 b4f083f183cd445a8250946ff4759238 ef7a7bfaf5f3494eb148a4341b2e99d8 - - default default] 10.0.0.78 "GET /v2.0/extensions/subnet_allocation HTTP/1.1" status: 200 len: 388 time: 0.0120940
2026-05-27 07:16:27.708 9 INFO neutron.wsgi [None req-4c3e4e14-bd16-4806-83c2-805d961a49a2 e2702be4d0954cbc9a758e51e9724ced 21ac949983d64a159ed350280c9d4ce3 - - default default] 10.0.0.78 "GET /v2.0/ports/42c0b081-6b26-4611-8dee-467fd87ec5d5 HTTP/1.1" status: 200 len: 1137 time: 0.0499957
2026-05-27 07:16:27.709 9 INFO neutron.db.ovn_revision_numbers_db [None req-1cbfd0d9-7939-4b44-a5e0-fd368f313994 - - - - - -] Successfully bumped revision number for resource 42c0b081-6b26-4611-8dee-467fd87ec5d5 (type: ports) to 2
2026-05-27 07:16:27.713 10 INFO neutron.wsgi [None req-f31ae9eb-7f2c-437e-b2c9-1b7a69457bf9 b4f083f183cd445a8250946ff4759238 ef7a7bfaf5f3494eb148a4341b2e99d8 - - default default] 10.0.0.78 "GET /v2.0/extensions/subnetpool-prefix-ops HTTP/1.1" status: 200 len: 418 time: 0.0050108
2026-05-27 07:16:27.724 9 INFO neutron.wsgi [None req-30758440-7fef-40e3-a5d7-906335f5e069 b4f083f183cd445a8250946ff4759238 ef7a7bfaf5f3494eb148a4341b2e99d8 - - default default] 10.0.0.78 "GET /v2.0/extensions/standard-attr-tag HTTP/1.1" status: 200 len: 537 time: 0.0042517
2026-05-27 07:16:27.733 10 INFO neutron.wsgi [None req-8f67987d-021b-4d42-a1c1-7f96548af4ab b4f083f183cd445a8250946ff4759238 ef7a7bfaf5f3494eb148a4341b2e99d8 - - default default] 10.0.0.78 "GET /v2.0/extensions/standard-attr-timestamp HTTP/1.1" status: 200 len: 449 time: 0.0036614
2026-05-27 07:16:27.741 10 INFO neutron.wsgi [None req-e87bd467-7a3f-4ca2-aed1-23ffd0307851 b4f083f183cd445a8250946ff4759238 ef7a7bfaf5f3494eb148a4341b2e99d8 - - default default] 10.0.0.78 "GET /v2.0/extensions/trunk HTTP/1.1" status: 200 len: 358 time: 0.0037072
2026-05-27 07:16:27.754 10 INFO neutron.wsgi [None req-b8248eee-2c1b-4990-ad35-bc8eecba4a38 b4f083f183cd445a8250946ff4759238 ef7a7bfaf5f3494eb148a4341b2e99d8 - - default default] 10.0.0.78 "GET /v2.0/extensions/trunk-details HTTP/1.1" status: 200 len: 362 time: 0.0077496
2026-05-27 07:16:27.775 10 INFO neutron.wsgi [None req-05fff3e9-d54f-4468-85e6-10104efc55b9 b4f083f183cd445a8250946ff4759238 ef7a7bfaf5f3494eb148a4341b2e99d8 - - default default] 10.0.0.78 "GET /v2.0/extensions/vpn-agent-scheduler HTTP/1.1" status: 200 len: 393 time: 0.0057292
2026-05-27 07:16:27.784 10 INFO neutron.wsgi [None req-054a1740-4696-4020-94ea-94e0f8cd4a32 b4f083f183cd445a8250946ff4759238 ef7a7bfaf5f3494eb148a4341b2e99d8 - - default default] 10.0.0.78 "GET /v2.0/extensions/vpn-endpoint-groups HTTP/1.1" status: 200 len: 371 time: 0.0037403
2026-05-27 07:16:27.793 10 INFO neutron.wsgi [None req-fc0a1261-2137-4b37-83fb-90e100eed3cf b4f083f183cd445a8250946ff4759238 ef7a7bfaf5f3494eb148a4341b2e99d8 - - default default] 10.0.0.78 "GET /v2.0/extensions/vpn-flavors HTTP/1.1" status: 200 len: 376 time: 0.0036883
2026-05-27 07:16:27.801 10 INFO neutron.wsgi [None req-e54557bf-7c11-48af-92e0-daea0ed44625 b4f083f183cd445a8250946ff4759238 ef7a7bfaf5f3494eb148a4341b2e99d8 - - default default] 10.0.0.78 "GET /v2.0/extensions/vpnaas HTTP/1.1" status: 200 len: 348 time: 0.0030990
2026-05-27 07:16:27.955 9 INFO neutron.db.ovn_revision_numbers_db [None req-1cbfd0d9-7939-4b44-a5e0-fd368f313994 - - - - - -] Successfully bumped revision number for resource 42c0b081-6b26-4611-8dee-467fd87ec5d5 (type: router_ports) to 2
2026-05-27 07:16:28.635 9 INFO neutron.wsgi [None req-bfdc666f-8232-4306-bbd9-5fb9cb4f0574 e2702be4d0954cbc9a758e51e9724ced 21ac949983d64a159ed350280c9d4ce3 - - default default] 10.0.0.78 "PUT /v2.0/routers/20fcf97e-5bdc-43a5-a29f-b06c195b6aa1/remove_router_interface HTTP/1.1" status: 200 len: 503 time: 0.9217160 /var/lib/openstack/lib/python3.10/site-packages/pycadf/identifier.py:71: UserWarning: Invalid uuid: neutron. To ensure interoperability, identifiers should be a valid uuid. warnings.warn(('Invalid uuid: %s. To ensure interoperability, '
2026-05-27 07:16:28.671 9 INFO neutron.wsgi [None req-3ea6e734-a893-4f90-a610-afd60e042d7d e2702be4d0954cbc9a758e51e9724ced 21ac949983d64a159ed350280c9d4ce3 - - default default] 10.0.0.78 "GET /v2.0/ports?device_id=20fcf97e-5bdc-43a5-a29f-b06c195b6aa1 HTTP/1.1" status: 200 len: 205 time: 0.0280921
2026-05-27 07:16:28.895 9 INFO neutron.db.ovn_revision_numbers_db [None req-d10ded5d-e59f-4326-8c34-e57124609245 49d1c7e7502c4c6b97f54e8f4f212323 14388796f3654fe08055252b4966ed29 - - default default] Successfully bumped revision number for resource b97fdbd9-5811-43f8-ba2a-5f08084785b5 (type: security_groups) to 1
2026-05-27 07:16:28.925 9 INFO neutron.db.ovn_revision_numbers_db [None req-d10ded5d-e59f-4326-8c34-e57124609245 49d1c7e7502c4c6b97f54e8f4f212323 14388796f3654fe08055252b4966ed29 - - default default] Successfully bumped revision number for resource 1ce45cfc-464d-4127-b50e-de77cc805c51 (type: security_group_rules) to 0
2026-05-27 07:16:28.942 9 INFO neutron.wsgi [None req-dc83b9db-4477-428f-8c1d-5926f9a3980a e2702be4d0954cbc9a758e51e9724ced 21ac949983d64a159ed350280c9d4ce3 - - default default] 10.0.0.78 "DELETE /v2.0/routers/20fcf97e-5bdc-43a5-a29f-b06c195b6aa1 HTTP/1.1" status: 204 len: 168 time: 0.2630715
2026-05-27 07:16:28.942 9 INFO neutron.db.ovn_revision_numbers_db [None req-d10ded5d-e59f-4326-8c34-e57124609245 49d1c7e7502c4c6b97f54e8f4f212323 14388796f3654fe08055252b4966ed29 - - default default] Successfully bumped revision number for resource 578a3cf9-dd5a-4696-b179-adda23c5d7cc (type: security_group_rules) to 0
2026-05-27 07:16:28.963 9 INFO neutron.db.ovn_revision_numbers_db [None req-d10ded5d-e59f-4326-8c34-e57124609245 49d1c7e7502c4c6b97f54e8f4f212323 14388796f3654fe08055252b4966ed29 - - default default] Successfully bumped revision number for resource c68d9e16-9710-4f93-8083-8ae02f0384cd (type: security_group_rules) to 0
2026-05-27 07:16:28.984 9 INFO neutron.db.ovn_revision_numbers_db [None req-d10ded5d-e59f-4326-8c34-e57124609245 49d1c7e7502c4c6b97f54e8f4f212323 14388796f3654fe08055252b4966ed29 - - default default] Successfully bumped revision number for resource f48a00cc-2b46-47b9-be28-71a3e6e8f0ac (type: security_group_rules) to 0
2026-05-27 07:16:29.014 9 INFO neutron.wsgi [None req-d10ded5d-e59f-4326-8c34-e57124609245 49d1c7e7502c4c6b97f54e8f4f212323 14388796f3654fe08055252b4966ed29 - - default default] 10.0.0.78 "GET /v2.0/security-groups?tenant_id=ef7a7bfaf5f3494eb148a4341b2e99d8&name=default HTTP/1.1" status: 200 len: 3120 time: 0.6046913
2026-05-27 07:16:29.141 10 INFO neutron.wsgi [None req-dbc9bec6-0b4d-45f0-a0b8-609dd8051a5c 49d1c7e7502c4c6b97f54e8f4f212323 14388796f3654fe08055252b4966ed29 - - default default] 10.0.0.78 "DELETE /v2.0/routers/cfa43244-5dd1-4924-878f-52287fcf9871 HTTP/1.1" status: 204 len: 168 time: 1.4378095
2026-05-27 07:16:29.224 9 INFO neutron.wsgi [None req-0d53c881-f3fc-4b94-870c-28aaf2be7015 e2702be4d0954cbc9a758e51e9724ced 21ac949983d64a159ed350280c9d4ce3 - - default default] 10.0.0.78 "DELETE /v2.0/subnets/7baabe9f-db57-42c5-877c-54f241cc418a HTTP/1.1" status: 204 len: 168 time: 0.2700391
2026-05-27 07:16:29.323 9 INFO neutron.wsgi [None req-33f265de-f1b7-4a41-8705-cbc44e951a7e 49d1c7e7502c4c6b97f54e8f4f212323 14388796f3654fe08055252b4966ed29 - - default default] 10.0.0.78 "DELETE /v2.0/security-groups/b97fdbd9-5811-43f8-ba2a-5f08084785b5 HTTP/1.1" status: 204 len: 168 time: 0.3000548
2026-05-27 07:16:29.395 10 INFO neutron.wsgi [None req-84cf4dd8-e049-4769-ab29-c161ebb04281 49d1c7e7502c4c6b97f54e8f4f212323 14388796f3654fe08055252b4966ed29 - - default default] 10.0.0.78 "DELETE /v2.0/subnets/634387a5-cd04-476f-96aa-38a527e7c547 HTTP/1.1" status: 204 len: 168 time: 0.2471354
2026-05-27 07:16:29.717 10 INFO neutron.services.segments.plugin [-] Segment 9e7a878c-cbd2-4085-8a12-8b2738209cb6 resource provider aggregate not found
2026-05-27 07:16:29.723 10 INFO neutron.services.segments.plugin [-] Segment 9e7a878c-cbd2-4085-8a12-8b2738209cb6 resource provider aggregate not found
2026-05-27 07:16:29.740 10 INFO neutron.services.segments.plugin [-] Segment 9e7a878c-cbd2-4085-8a12-8b2738209cb6 resource provider not found; error: Placement Client Error (4xx): {"errors": [{"status": 404, "title": "Not Found", "detail": "The resource could not be found.\n\n No resource provider with uuid 9e7a878c-cbd2-4085-8a12-8b2738209cb6 found for delete ", "request_id": "req-2990687b-1784-417d-a7c7-7c427f941149"}]}
2026-05-27 07:16:29.748 10 INFO neutron.services.segments.plugin [-] Segment 9e7a878c-cbd2-4085-8a12-8b2738209cb6 resource provider not found; error: Placement Client Error (4xx): {"errors": [{"status": 404, "title": "Not Found", "detail": "The resource could not be found.\n\n No resource provider with uuid 9e7a878c-cbd2-4085-8a12-8b2738209cb6 found for delete ", "request_id": "req-64dc7354-18ca-46c2-b79d-08a078f675b2"}]}
2026-05-27 07:16:29.773 10 INFO neutron.wsgi [None req-9fcd7123-8361-449f-91eb-61b3a4672b34 e2702be4d0954cbc9a758e51e9724ced 21ac949983d64a159ed350280c9d4ce3 - - default default] 10.0.0.78 "DELETE /v2.0/networks/0cb18e76-6e58-42ce-a792-d57039bba73a HTTP/1.1" status: 204 len: 168 time: 0.5428631
2026-05-27 07:16:29.795 10 WARNING neutron_lib.context [None req-d29fc994-ecd5-4878-8dfc-efb94d7992fa e2702be4d0954cbc9a758e51e9724ced 21ac949983d64a159ed350280c9d4ce3 - - default default] Method 'is_advsvc' is deprecated since 2023.2 release (neutron-lib 3.8.0) and will be removed once support for the old RBAC API policies will be removed from Neutron. Please use method 'is_service_role' instead.
2026-05-27 07:16:30.011 10 INFO neutron.wsgi [None req-c43830fe-91d5-45f8-80e6-3ecf490eb8ad 49d1c7e7502c4c6b97f54e8f4f212323 14388796f3654fe08055252b4966ed29 - - default default] 10.0.0.78 "DELETE /v2.0/networks/54fa2ed0-f587-47c2-9cfe-fb2efaf57f20 HTTP/1.1" status: 204 len: 168 time: 0.6069705
2026-05-27 07:16:30.415 10 WARNING neutron.scheduler.dhcp_agent_scheduler [None req-d29fc994-ecd5-4878-8dfc-efb94d7992fa e2702be4d0954cbc9a758e51e9724ced 21ac949983d64a159ed350280c9d4ce3 - - default default] No more DHCP agents
2026-05-27 07:16:30.417 10 WARNING neutron.api.rpc.agentnotifiers.dhcp_rpc_agent_api [None req-d29fc994-ecd5-4878-8dfc-efb94d7992fa e2702be4d0954cbc9a758e51e9724ced 21ac949983d64a159ed350280c9d4ce3 - - default default] Unable to schedule network 5a52102f-3741-45d2-8ee4-2af75b2e8b81: no agents available; will retry on subsequent port and subnet creation events.
2026-05-27 07:16:30.519 10 INFO neutron.db.ovn_revision_numbers_db [None req-0d91866a-ac08-45b2-933c-8cf4d47f7c88 49d1c7e7502c4c6b97f54e8f4f212323 14388796f3654fe08055252b4966ed29 - - default default] Successfully bumped revision number for resource 2898caa8-9121-4031-8768-066e025a2e2f (type: security_groups) to 1
2026-05-27 07:16:30.552 10 INFO neutron.db.ovn_revision_numbers_db [None req-0d91866a-ac08-45b2-933c-8cf4d47f7c88 49d1c7e7502c4c6b97f54e8f4f212323 14388796f3654fe08055252b4966ed29 - - default default] Successfully bumped revision number for resource 1b972b87-0b63-4562-b0c8-c77290ee98e0 (type: security_group_rules) to 0
2026-05-27 07:16:30.573 10 INFO neutron.db.ovn_revision_numbers_db [None req-0d91866a-ac08-45b2-933c-8cf4d47f7c88 49d1c7e7502c4c6b97f54e8f4f212323 14388796f3654fe08055252b4966ed29 - - default default] Successfully bumped revision number for resource 7a515a7c-fb02-4d93-a45c-5f091d449219 (type: security_group_rules) to 0
2026-05-27 07:16:30.604 10 INFO neutron.db.ovn_revision_numbers_db [None req-0d91866a-ac08-45b2-933c-8cf4d47f7c88 49d1c7e7502c4c6b97f54e8f4f212323 14388796f3654fe08055252b4966ed29 - - default default] Successfully bumped revision number for resource d0df0c97-7431-4495-b335-48b224b4c1d6 (type: security_group_rules) to 0
2026-05-27 07:16:30.623 10 INFO neutron.db.ovn_revision_numbers_db [None req-0d91866a-ac08-45b2-933c-8cf4d47f7c88 49d1c7e7502c4c6b97f54e8f4f212323 14388796f3654fe08055252b4966ed29 - - default default] Successfully bumped revision number for resource ff34c2f3-f23a-4ace-aee3-fb5bcc141e40 (type: security_group_rules) to 0
2026-05-27 07:16:30.626 10 INFO neutron.db.ovn_revision_numbers_db [None req-d29fc994-ecd5-4878-8dfc-efb94d7992fa e2702be4d0954cbc9a758e51e9724ced 21ac949983d64a159ed350280c9d4ce3 - - default default] Successfully bumped revision number for resource c9e4470b-104f-4447-bb52-7055cf4bc64e (type: ports) to 1
2026-05-27 07:16:30.649 10 INFO neutron.wsgi [None req-0d91866a-ac08-45b2-933c-8cf4d47f7c88 49d1c7e7502c4c6b97f54e8f4f212323 14388796f3654fe08055252b4966ed29 - - default default] 10.0.0.78 "GET /v2.0/security-groups?tenant_id=710da81bb66442a9b7f6747e94cac366&name=default HTTP/1.1" status: 200 len: 3120 time: 0.4965119
2026-05-27 07:16:31.056 9 INFO neutron.wsgi [None req-6c4a92e7-92c6-493b-a716-a078d6dcf4cf 49d1c7e7502c4c6b97f54e8f4f212323 14388796f3654fe08055252b4966ed29 - - default default] 10.0.0.78 "DELETE /v2.0/security-groups/2898caa8-9121-4031-8768-066e025a2e2f HTTP/1.1" status: 204 len: 168 time: 0.3933043
2026-05-27 07:16:31.270 9 INFO neutron.wsgi [None req-3fe0d5b6-231d-4da7-9d7b-051931670ea3 49d1c7e7502c4c6b97f54e8f4f212323 14388796f3654fe08055252b4966ed29 - - default default] 10.0.0.78 "PUT /v2.0/routers/b31a4145-1251-4f72-953e-440f0f8ee481/remove_router_interface HTTP/1.1" status: 200 len: 503 time: 1.2507174 /var/lib/openstack/lib/python3.10/site-packages/pycadf/identifier.py:71: UserWarning: Invalid uuid: neutron. To ensure interoperability, identifiers should be a valid uuid. warnings.warn(('Invalid uuid: %s. To ensure interoperability, '
2026-05-27 07:16:31.333 10 INFO neutron.plugins.ml2.drivers.ovn.mech_driver.ovsdb.commands [None req-5124de2a-373b-421c-aa95-a24070cd91c5 - - - - - -] Schedule LRP lrp-c9e4470b-104f-4447-bb52-7055cf4bc64e on gateway c0f0d84f-20d5-49f1-a895-ee5be84540bb with priority 1
2026-05-27 07:16:31.384 10 INFO neutron.db.ovn_revision_numbers_db [None req-d29fc994-ecd5-4878-8dfc-efb94d7992fa e2702be4d0954cbc9a758e51e9724ced 21ac949983d64a159ed350280c9d4ce3 - - default default] Successfully bumped revision number for resource c9e4470b-104f-4447-bb52-7055cf4bc64e (type: router_ports) to 1
2026-05-27 07:16:31.457 10 INFO neutron.db.ovn_revision_numbers_db [None req-d29fc994-ecd5-4878-8dfc-efb94d7992fa e2702be4d0954cbc9a758e51e9724ced 21ac949983d64a159ed350280c9d4ce3 - - default default] Successfully bumped revision number for resource 6a15aae9-6742-4af9-adda-de81d197b4b0 (type: routers) to 2
2026-05-27 07:16:31.481 10 INFO neutron.wsgi [None req-d29fc994-ecd5-4878-8dfc-efb94d7992fa e2702be4d0954cbc9a758e51e9724ced 21ac949983d64a159ed350280c9d4ce3 - - default default] 10.0.0.78 "POST /v2.0/routers HTTP/1.1" status: 201 len: 1147 time: 1.6927576
2026-05-27 07:16:31.584 10 INFO neutron.wsgi [None req-2846bec8-c891-4b7c-8836-a3997af2e232 e2702be4d0954cbc9a758e51e9724ced 21ac949983d64a159ed350280c9d4ce3 - - default default] 10.0.0.78 "GET /v2.0/routers/6a15aae9-6742-4af9-adda-de81d197b4b0 HTTP/1.1" status: 200 len: 1148 time: 0.0897455
2026-05-27 07:16:31.591 10 WARNING neutron_lib.context [None req-0534a4a8-a9ea-40e2-b342-46fd718b9922 f0749b440268437f85880cb9d0830dc0 f0c6b0ee8e2341769a7fb2806c067167 - - default default] Method 'is_advsvc' is deprecated since 2023.2 release (neutron-lib 3.8.0) and will be removed once support for the old RBAC API policies will be removed from Neutron. Please use method 'is_service_role' instead.
2026-05-27 07:16:31.591 10 WARNING neutron_lib.context [None req-0534a4a8-a9ea-40e2-b342-46fd718b9922 f0749b440268437f85880cb9d0830dc0 f0c6b0ee8e2341769a7fb2806c067167 - - default default] Method 'is_advsvc' is deprecated since 2023.2 release (neutron-lib 3.8.0) and will be removed once support for the old RBAC API policies will be removed from Neutron. Please use method 'is_service_role' instead.
2026-05-27 07:16:31.747 10 INFO neutron.db.ovn_revision_numbers_db [None req-0534a4a8-a9ea-40e2-b342-46fd718b9922 f0749b440268437f85880cb9d0830dc0 f0c6b0ee8e2341769a7fb2806c067167 - - default default] Successfully bumped revision number for resource ca5197ad-8a78-4678-91e6-5f736389691d (type: security_groups) to 1
2026-05-27 07:16:31.764 10 INFO neutron.db.ovn_revision_numbers_db [None req-0534a4a8-a9ea-40e2-b342-46fd718b9922 f0749b440268437f85880cb9d0830dc0 f0c6b0ee8e2341769a7fb2806c067167 - - default default] Successfully bumped revision number for resource 7ae46bb8-2a8e-42c7-a28f-e9cd04d98c68 (type: security_group_rules) to 0
2026-05-27 07:16:31.766 10 INFO neutron.services.segments.plugin [-] Segment 62ed9e8f-94fb-4081-90a0-0865f933f097 resource provider aggregate not found
2026-05-27 07:16:31.771 10 INFO neutron.services.segments.plugin [-] Segment 62ed9e8f-94fb-4081-90a0-0865f933f097 resource provider aggregate not found
2026-05-27 07:16:31.786 10 INFO neutron.services.segments.plugin [-] Segment 62ed9e8f-94fb-4081-90a0-0865f933f097 resource provider not found; error: Placement Client Error (4xx): {"errors": [{"status": 404, "title": "Not Found", "detail": "The resource could not be found.\n\n No resource provider with uuid 62ed9e8f-94fb-4081-90a0-0865f933f097 found for delete ", "request_id": "req-893d227f-4076-4103-bb1d-d71ee9dd8f0a"}]}
2026-05-27 07:16:31.787 10 INFO neutron.db.ovn_revision_numbers_db [None req-0534a4a8-a9ea-40e2-b342-46fd718b9922 f0749b440268437f85880cb9d0830dc0 f0c6b0ee8e2341769a7fb2806c067167 - - default default] Successfully bumped revision number for resource a1882de2-0c06-4f7e-bdb7-da1d59469c98 (type: security_group_rules) to 0
2026-05-27 07:16:31.789 10 INFO neutron.services.segments.plugin [-] Segment 62ed9e8f-94fb-4081-90a0-0865f933f097 resource provider not found; error: Placement Client Error (4xx): {"errors": [{"status": 404, "title": "Not Found", "detail": "The resource could not be found.\n\n No resource provider with uuid 62ed9e8f-94fb-4081-90a0-0865f933f097 found for delete ", "request_id": "req-62d6a800-8d38-4e4b-b1fd-0bcff34bc729"}]}
2026-05-27 07:16:31.801 10 INFO neutron.db.ovn_revision_numbers_db [None req-0534a4a8-a9ea-40e2-b342-46fd718b9922 f0749b440268437f85880cb9d0830dc0 f0c6b0ee8e2341769a7fb2806c067167 - - default default] Successfully bumped revision number for resource b86ad0de-8073-47e4-900e-e74423cbe45a (type: security_group_rules) to 0
2026-05-27 07:16:31.815 10 INFO neutron.db.ovn_revision_numbers_db [None req-0534a4a8-a9ea-40e2-b342-46fd718b9922 f0749b440268437f85880cb9d0830dc0 f0c6b0ee8e2341769a7fb2806c067167 - - default default] Successfully bumped revision number for resource c80c31d8-8ea0-4540-8e8d-398f9591b179 (type: security_group_rules) to 0
2026-05-27 07:16:31.895 10 INFO neutron.db.segments_db [None req-0534a4a8-a9ea-40e2-b342-46fd718b9922 f0749b440268437f85880cb9d0830dc0 f0c6b0ee8e2341769a7fb2806c067167 - - default default] Added segment e8d53859-2823-4cd4-9cc2-096051364297 of type geneve for network 83198d48-af69-46fa-bafd-e78f07aba689
2026-05-27 07:16:32.015 10 INFO neutron.db.segments_db [None req-0534a4a8-a9ea-40e2-b342-46fd718b9922 f0749b440268437f85880cb9d0830dc0 f0c6b0ee8e2341769a7fb2806c067167 - - default default] Added segment 12606d64-0cec-4f89-9d31-e2f3529f909f of type geneve for network ec81fc87-24dc-4025-8c3b-58e0fcd31d3d
2026-05-27 07:16:32.159 10 INFO neutron.db.ovn_revision_numbers_db [None req-0534a4a8-a9ea-40e2-b342-46fd718b9922 f0749b440268437f85880cb9d0830dc0 f0c6b0ee8e2341769a7fb2806c067167 - - default default] Successfully bumped revision number for resource 83198d48-af69-46fa-bafd-e78f07aba689 (type: networks) to 1
2026-05-27 07:16:32.176 9 INFO neutron.wsgi [None req-262f5ffe-7029-4b52-9786-9ccf58d30a0e e2702be4d0954cbc9a758e51e9724ced 21ac949983d64a159ed350280c9d4ce3 - - default default] 10.0.0.78 "GET /v2.0/routers HTTP/1.1" status: 200 len: 1151 time: 0.5845697
2026-05-27 07:16:32.455 10 WARNING neutron.scheduler.dhcp_agent_scheduler [None req-0534a4a8-a9ea-40e2-b342-46fd718b9922 f0749b440268437f85880cb9d0830dc0 f0c6b0ee8e2341769a7fb2806c067167 - - default default] No more DHCP agents
