2026-05-27 07:18:49.373 10 INFO neutron.wsgi [req-8c9e4ad8-a7e4-470c-85d1-bfac2eba6ee0 req-bf1d192f-0e06-4eb5-803e-b7f4f70d80d2 f6e127efe92449f1b7570ccc7a7e1f09 e7c7f8f054f546618b8e4c049ddcd3b2 - - 2ce922d5462c4e70a7bbd2870c916094 2ce922d5462c4e70a7bbd2870c916094] 199.204.45.244 "GET /v2.0/networks/786f539b-48fa-47ef-9319-6767b709ded1?fields=provider%3Aphysical_network&fields=provider%3Anetwork_type HTTP/1.1" status: 200 len: 277 time: 0.0817640
2026-05-27 07:18:49.386 9 INFO neutron.db.ovn_revision_numbers_db [None req-898fb7a8-3f54-438c-ac47-9769da0a39ea bebf68210a9545d1ad9052f6d64a1384 d07c120a6dab46c68aba7fbd3709c920 - - default default] Successfully bumped revision number for resource 2fca195d-3936-44f9-9d4c-2fa844aab4d6 (type: subnets) to 0
2026-05-27 07:18:49.406 9 INFO neutron.wsgi [None req-898fb7a8-3f54-438c-ac47-9769da0a39ea bebf68210a9545d1ad9052f6d64a1384 d07c120a6dab46c68aba7fbd3709c920 - - default default] 10.0.0.78 "POST /v2.0/subnets HTTP/1.1" status: 201 len: 804 time: 0.9682760
2026-05-27 07:18:49.415 9 INFO neutron.wsgi [None req-31007bc0-e9ae-4e69-a3bc-c752c478c731 71146b9cf9ac470b9df5e7d84f4528d6 10775355db064b0b89d07f3b7638bf45 - - default default] 10.0.0.78 "PUT /v2.0/security-groups/7a56111a-2b2a-4d45-b4c0-0e3253338be8/tags HTTP/1.1" status: 200 len: 218 time: 0.0420918
2026-05-27 07:18:49.420 9 WARNING neutron_lib.context [None req-95464bae-a7b3-4f63-b0c4-0cf285898b4b bebf68210a9545d1ad9052f6d64a1384 d07c120a6dab46c68aba7fbd3709c920 - - default default] Method 'is_advsvc' is deprecated since 2023.2 release (neutron-lib 3.8.0) and will be removed once support for the old RBAC API policies will be removed from Neutron. Please use method 'is_service_role' instead.
2026-05-27 07:18:49.481 10 INFO neutron.wsgi [None req-7e04707f-090a-4c75-bf88-8b3224d6b5f8 71146b9cf9ac470b9df5e7d84f4528d6 10775355db064b0b89d07f3b7638bf45 - - default default] 10.0.0.78 "PUT /v2.0/security-groups/5611ea17-c643-4bec-ab56-508ecccbe9a8/tags HTTP/1.1" status: 200 len: 227 time: 0.0586345
2026-05-27 07:18:49.507 10 INFO neutron.wsgi [None req-dbfab944-bd28-4ee7-af0a-e6e7ba54d630 49d1c7e7502c4c6b97f54e8f4f212323 14388796f3654fe08055252b4966ed29 - - default default] 10.0.0.78 "DELETE /v2.0/security-groups/0e2e643a-9232-4d10-89a7-c30a0ffdb036 HTTP/1.1" status: 204 len: 168 time: 0.3811309
2026-05-27 07:18:49.550 10 INFO neutron.wsgi [None req-dc74a829-4098-438e-b988-45b7626a7c2b 71146b9cf9ac470b9df5e7d84f4528d6 10775355db064b0b89d07f3b7638bf45 - - default default] 10.0.0.78 "PUT /v2.0/security-groups/39d263a6-8e71-4a2d-8af4-494332fb7c12/tags HTTP/1.1" status: 200 len: 212 time: 0.0604732
2026-05-27 07:18:49.623 10 INFO neutron.wsgi [None req-d9bfbc5f-85fb-49bf-ba7c-3bac7c15cdef 71146b9cf9ac470b9df5e7d84f4528d6 10775355db064b0b89d07f3b7638bf45 - - default default] 10.0.0.78 "GET /v2.0/security-groups?tags=red HTTP/1.1" status: 200 len: 5005 time: 0.0670524
2026-05-27 07:18:49.697 10 INFO neutron.wsgi [None req-b9d0fc98-cfef-4c3b-9850-d622832e75af 71146b9cf9ac470b9df5e7d84f4528d6 10775355db064b0b89d07f3b7638bf45 - - default default] 10.0.0.78 "GET /v2.0/security-groups?tags=red%2Cblue HTTP/1.1" status: 200 len: 3417 time: 0.0663853
2026-05-27 07:18:49.763 10 INFO neutron.wsgi [None req-559a00c2-29e6-42fd-bd59-6d6bf0ecd5cd 71146b9cf9ac470b9df5e7d84f4528d6 10775355db064b0b89d07f3b7638bf45 - - default default] 10.0.0.78 "GET /v2.0/security-groups?tags-any=blue HTTP/1.1" status: 200 len: 3417 time: 0.0595663
2026-05-27 07:18:49.833 10 INFO neutron.wsgi [None req-e3925b47-6ca6-4a41-8e86-6088f4e3607e 71146b9cf9ac470b9df5e7d84f4528d6 10775355db064b0b89d07f3b7638bf45 - - default default] 10.0.0.78 "GET /v2.0/security-groups?tags-any=red%2Cblue HTTP/1.1" status: 200 len: 5005 time: 0.0644581
2026-05-27 07:18:49.949 9 INFO neutron.wsgi [None req-9e8e2c50-7f66-43a0-9583-6d741ca8e5f3 71146b9cf9ac470b9df5e7d84f4528d6 10775355db064b0b89d07f3b7638bf45 - - default default] 10.0.0.78 "GET /v2.0/security-groups?not-tags=red HTTP/1.1" status: 200 len: 6297 time: 0.1091878
2026-05-27 07:18:49.977 10 INFO neutron.wsgi [req-f35baf1d-3c85-47b9-b4f0-36b3a2708665 req-70dd42cd-ec51-4b1f-973c-1b3f5720e898 555fb4ca3594434fa4902eb497ddded0 ff1e14d464c04c0fb7a47936d80d2a75 - - default default] 199.204.45.244 "GET /v2.0/networks?id=34537378-a5ac-466d-af1e-a94b81b49138 HTTP/1.1" status: 200 len: 904 time: 0.0894821
2026-05-27 07:18:50.057 10 INFO neutron.wsgi [None req-97e86d5b-caa4-4a6a-8fab-048490a4f5f6 71146b9cf9ac470b9df5e7d84f4528d6 10775355db064b0b89d07f3b7638bf45 - - default default] 10.0.0.78 "GET /v2.0/security-groups?not-tags=red%2Cblue HTTP/1.1" status: 200 len: 7885 time: 0.0979321
2026-05-27 07:18:50.064 10 INFO neutron.wsgi [req-f35baf1d-3c85-47b9-b4f0-36b3a2708665 req-d79ac6b9-ce03-47c2-9722-808c2c4c568c 555fb4ca3594434fa4902eb497ddded0 ff1e14d464c04c0fb7a47936d80d2a75 - - default default] 199.204.45.244 "GET /v2.0/security-groups?fields=id&fields=name&tenant_id=ff1e14d464c04c0fb7a47936d80d2a75 HTTP/1.1" status: 200 len: 377 time: 0.0784426
2026-05-27 07:18:50.095 10 WARNING neutron_lib.context [req-f35baf1d-3c85-47b9-b4f0-36b3a2708665 req-084eec08-54eb-48ce-acee-b14fd8576f91 555fb4ca3594434fa4902eb497ddded0 ff1e14d464c04c0fb7a47936d80d2a75 - - default default] Method 'is_advsvc' is deprecated since 2023.2 release (neutron-lib 3.8.0) and will be removed once support for the old RBAC API policies will be removed from Neutron. Please use method 'is_service_role' instead.
2026-05-27 07:18:50.144 10 INFO neutron.wsgi [None req-9a1a1b84-c888-41a2-90e0-3ee8225b809c 71146b9cf9ac470b9df5e7d84f4528d6 10775355db064b0b89d07f3b7638bf45 - - default default] 10.0.0.78 "GET /v2.0/security-groups?not-tags-any=blue HTTP/1.1" status: 200 len: 7885 time: 0.0792820
2026-05-27 07:18:50.151 9 WARNING neutron.scheduler.dhcp_agent_scheduler [None req-95464bae-a7b3-4f63-b0c4-0cf285898b4b bebf68210a9545d1ad9052f6d64a1384 d07c120a6dab46c68aba7fbd3709c920 - - default default] No more DHCP agents
2026-05-27 07:18:50.153 9 WARNING neutron.api.rpc.agentnotifiers.dhcp_rpc_agent_api [None req-95464bae-a7b3-4f63-b0c4-0cf285898b4b bebf68210a9545d1ad9052f6d64a1384 d07c120a6dab46c68aba7fbd3709c920 - - default default] Unable to schedule network 5a52102f-3741-45d2-8ee4-2af75b2e8b81: no agents available; will retry on subsequent port and subnet creation events.
2026-05-27 07:18:50.213 10 INFO neutron.wsgi [None req-dd392f6f-4906-499b-85c1-897a50cb8f10 71146b9cf9ac470b9df5e7d84f4528d6 10775355db064b0b89d07f3b7638bf45 - - default default] 10.0.0.78 "GET /v2.0/security-groups?not-tags-any=red%2Cblue HTTP/1.1" status: 200 len: 6297 time: 0.0628173
2026-05-27 07:18:50.336 9 INFO neutron.db.ovn_revision_numbers_db [None req-95464bae-a7b3-4f63-b0c4-0cf285898b4b bebf68210a9545d1ad9052f6d64a1384 d07c120a6dab46c68aba7fbd3709c920 - - default default] Successfully bumped revision number for resource fb9878f0-13a8-4b7c-9bf5-35560f7416e9 (type: ports) to 1
2026-05-27 07:18:50.425 10 INFO neutron.wsgi [None req-98c6c82e-ffbc-42f0-9efe-12ad29e90623 71146b9cf9ac470b9df5e7d84f4528d6 10775355db064b0b89d07f3b7638bf45 - - default default] 10.0.0.78 "DELETE /v2.0/security-groups/c259e9f2-469e-4039-9420-650f766ecd31 HTTP/1.1" status: 204 len: 168 time: 0.2031033
2026-05-27 07:18:50.640 9 INFO neutron.wsgi [None req-60165d39-d1cd-4f05-8d14-ddd494d6b268 71146b9cf9ac470b9df5e7d84f4528d6 10775355db064b0b89d07f3b7638bf45 - - default default] 10.0.0.78 "DELETE /v2.0/security-groups/7a56111a-2b2a-4d45-b4c0-0e3253338be8 HTTP/1.1" status: 204 len: 168 time: 0.2054267
2026-05-27 07:18:51.092 10 WARNING neutron.scheduler.dhcp_agent_scheduler [req-f35baf1d-3c85-47b9-b4f0-36b3a2708665 req-084eec08-54eb-48ce-acee-b14fd8576f91 555fb4ca3594434fa4902eb497ddded0 ff1e14d464c04c0fb7a47936d80d2a75 - - default default] No more DHCP agents
2026-05-27 07:18:51.094 10 WARNING neutron.api.rpc.agentnotifiers.dhcp_rpc_agent_api [req-f35baf1d-3c85-47b9-b4f0-36b3a2708665 req-084eec08-54eb-48ce-acee-b14fd8576f91 555fb4ca3594434fa4902eb497ddded0 ff1e14d464c04c0fb7a47936d80d2a75 - - default default] Unable to schedule network 34537378-a5ac-466d-af1e-a94b81b49138: no agents available; will retry on subsequent port and subnet creation events.
2026-05-27 07:18:51.292 10 INFO neutron.db.ovn_revision_numbers_db [req-f35baf1d-3c85-47b9-b4f0-36b3a2708665 req-084eec08-54eb-48ce-acee-b14fd8576f91 555fb4ca3594434fa4902eb497ddded0 ff1e14d464c04c0fb7a47936d80d2a75 - - default default] Successfully bumped revision number for resource 3b3e10d8-2b7c-4d8b-a7c4-70fdbeabdfff (type: ports) to 1
2026-05-27 07:18:51.320 10 INFO neutron.wsgi [req-f35baf1d-3c85-47b9-b4f0-36b3a2708665 req-084eec08-54eb-48ce-acee-b14fd8576f91 555fb4ca3594434fa4902eb497ddded0 ff1e14d464c04c0fb7a47936d80d2a75 - - default default] 199.204.45.244 "POST /v2.0/ports HTTP/1.1" status: 201 len: 1388 time: 1.2330410 /var/lib/openstack/lib/python3.10/site-packages/pycadf/identifier.py:71: UserWarning: Invalid uuid: neutron. To ensure interoperability, identifiers should be a valid uuid. warnings.warn(('Invalid uuid: %s. To ensure interoperability, '
2026-05-27 07:18:51.353 9 INFO neutron.wsgi [None req-70c65677-b0eb-43b0-b4a9-468801fe8a8b 71146b9cf9ac470b9df5e7d84f4528d6 10775355db064b0b89d07f3b7638bf45 - - default default] 10.0.0.78 "DELETE /v2.0/security-groups/5611ea17-c643-4bec-ab56-508ecccbe9a8 HTTP/1.1" status: 204 len: 168 time: 0.7057214
2026-05-27 07:18:51.538 9 INFO neutron.wsgi [None req-cb54daf4-1753-4291-965b-4baefea0b730 71146b9cf9ac470b9df5e7d84f4528d6 10775355db064b0b89d07f3b7638bf45 - - default default] 10.0.0.78 "DELETE /v2.0/security-groups/39d263a6-8e71-4a2d-8af4-494332fb7c12 HTTP/1.1" status: 204 len: 168 time: 0.1754553
2026-05-27 07:18:51.712 9 INFO neutron.wsgi [None req-3c599ee1-df16-4d6a-ae21-cfac2a5ea1f2 71146b9cf9ac470b9df5e7d84f4528d6 10775355db064b0b89d07f3b7638bf45 - - default default] 10.0.0.78 "DELETE /v2.0/security-groups/a76d51d9-daa9-4ee6-926a-908673f1238e HTTP/1.1" status: 204 len: 168 time: 0.1674087
2026-05-27 07:18:51.851 10 INFO neutron.db.ovn_revision_numbers_db [req-f35baf1d-3c85-47b9-b4f0-36b3a2708665 req-746c5284-41f2-441d-8e9b-023c264b778e f6e127efe92449f1b7570ccc7a7e1f09 e7c7f8f054f546618b8e4c049ddcd3b2 - - 2ce922d5462c4e70a7bbd2870c916094 2ce922d5462c4e70a7bbd2870c916094] Successfully bumped revision number for resource 3b3e10d8-2b7c-4d8b-a7c4-70fdbeabdfff (type: ports) to 2
2026-05-27 07:18:51.860 9 INFO neutron.plugins.ml2.drivers.ovn.mech_driver.ovsdb.commands [None req-01612b14-c642-49d2-be9a-f26c74b47248 - - - - - -] Schedule LRP lrp-fb9878f0-13a8-4b7c-9bf5-35560f7416e9 on gateway c0f0d84f-20d5-49f1-a895-ee5be84540bb with priority 1
2026-05-27 07:18:51.878 10 INFO neutron.plugins.ml2.drivers.ovn.mech_driver.mech_driver [None req-47e41312-481e-440c-bc7f-e982aa13891a - - - - - -] OVN reports status up for port: fb9878f0-13a8-4b7c-9bf5-35560f7416e9
2026-05-27 07:18:51.894 10 INFO neutron.plugins.ml2.plugin [None req-47e41312-481e-440c-bc7f-e982aa13891a - - - - - -] Attempt 1 to provision port fb9878f0-13a8-4b7c-9bf5-35560f7416e9
2026-05-27 07:18:51.924 9 INFO neutron.db.ovn_revision_numbers_db [None req-95464bae-a7b3-4f63-b0c4-0cf285898b4b bebf68210a9545d1ad9052f6d64a1384 d07c120a6dab46c68aba7fbd3709c920 - - default default] Successfully bumped revision number for resource fb9878f0-13a8-4b7c-9bf5-35560f7416e9 (type: router_ports) to 1
2026-05-27 07:18:52.011 9 INFO neutron.db.ovn_revision_numbers_db [None req-95464bae-a7b3-4f63-b0c4-0cf285898b4b bebf68210a9545d1ad9052f6d64a1384 d07c120a6dab46c68aba7fbd3709c920 - - default default] Successfully bumped revision number for resource d22a2f60-29df-4539-92e8-a0792415d018 (type: routers) to 2
2026-05-27 07:18:52.031 9 INFO neutron.wsgi [None req-95464bae-a7b3-4f63-b0c4-0cf285898b4b bebf68210a9545d1ad9052f6d64a1384 d07c120a6dab46c68aba7fbd3709c920 - - default default] 10.0.0.78 "POST /v2.0/routers HTTP/1.1" status: 201 len: 1135 time: 2.6193213
2026-05-27 07:18:52.147 10 INFO neutron.db.ovn_revision_numbers_db [req-f35baf1d-3c85-47b9-b4f0-36b3a2708665 req-746c5284-41f2-441d-8e9b-023c264b778e f6e127efe92449f1b7570ccc7a7e1f09 e7c7f8f054f546618b8e4c049ddcd3b2 - - 2ce922d5462c4e70a7bbd2870c916094 2ce922d5462c4e70a7bbd2870c916094] Successfully bumped revision number for resource 3b3e10d8-2b7c-4d8b-a7c4-70fdbeabdfff (type: ports) to 2
2026-05-27 07:18:52.182 10 INFO neutron.wsgi [req-f35baf1d-3c85-47b9-b4f0-36b3a2708665 req-746c5284-41f2-441d-8e9b-023c264b778e f6e127efe92449f1b7570ccc7a7e1f09 e7c7f8f054f546618b8e4c049ddcd3b2 - - 2ce922d5462c4e70a7bbd2870c916094 2ce922d5462c4e70a7bbd2870c916094] 199.204.45.244 "PUT /v2.0/ports/3b3e10d8-2b7c-4d8b-a7c4-70fdbeabdfff HTTP/1.1" status: 200 len: 1605 time: 0.8533545
2026-05-27 07:18:52.225 10 INFO neutron.notifiers.nova [-] Nova event matching ['req-86cf9538-deb7-4c8c-a21b-71c6d4c2fe19'] response: {'name': 'network-changed', 'server_uuid': '0a438f25-7356-4d2f-af0c-b27971a2d004', 'tag': '3b3e10d8-2b7c-4d8b-a7c4-70fdbeabdfff', 'status': 'completed', 'code': 200} /var/lib/openstack/lib/python3.10/site-packages/pycadf/identifier.py:71: UserWarning: Invalid uuid: neutron. To ensure interoperability, identifiers should be a valid uuid. warnings.warn(('Invalid uuid: %s. To ensure interoperability, '
2026-05-27 07:18:52.288 10 INFO neutron.wsgi [req-f35baf1d-3c85-47b9-b4f0-36b3a2708665 req-83bd5e8a-4385-4840-99d1-9d375bd9ce7d f6e127efe92449f1b7570ccc7a7e1f09 e7c7f8f054f546618b8e4c049ddcd3b2 - - 2ce922d5462c4e70a7bbd2870c916094 2ce922d5462c4e70a7bbd2870c916094] 199.204.45.244 "GET /v2.0/ports?tenant_id=ff1e14d464c04c0fb7a47936d80d2a75&device_id=0a438f25-7356-4d2f-af0c-b27971a2d004 HTTP/1.1" status: 200 len: 1636 time: 0.0525470
2026-05-27 07:18:52.322 10 INFO neutron.wsgi [req-f35baf1d-3c85-47b9-b4f0-36b3a2708665 req-e618633c-ed4b-418d-8072-57daf52422e5 f6e127efe92449f1b7570ccc7a7e1f09 e7c7f8f054f546618b8e4c049ddcd3b2 - - 2ce922d5462c4e70a7bbd2870c916094 2ce922d5462c4e70a7bbd2870c916094] 199.204.45.244 "GET /v2.0/floatingips?fixed_ip_address=10.2.2.11&port_id=3b3e10d8-2b7c-4d8b-a7c4-70fdbeabdfff HTTP/1.1" status: 200 len: 217 time: 0.0254056
2026-05-27 07:18:52.365 10 INFO neutron.wsgi [req-f35baf1d-3c85-47b9-b4f0-36b3a2708665 req-f009d440-9c92-4991-bfc7-1a90bbcb4402 f6e127efe92449f1b7570ccc7a7e1f09 e7c7f8f054f546618b8e4c049ddcd3b2 - - 2ce922d5462c4e70a7bbd2870c916094 2ce922d5462c4e70a7bbd2870c916094] 199.204.45.244 "GET /v2.0/floatingips?fixed_ip_address=fd77%3A1457%3A4cf0%3A26a8%3A%3A1c0&port_id=3b3e10d8-2b7c-4d8b-a7c4-70fdbeabdfff HTTP/1.1" status: 200 len: 217 time: 0.0297859
2026-05-27 07:18:52.412 10 INFO neutron.wsgi [req-f35baf1d-3c85-47b9-b4f0-36b3a2708665 req-2bab7c61-3c29-460e-8c0e-4f8138cbf5b8 f6e127efe92449f1b7570ccc7a7e1f09 e7c7f8f054f546618b8e4c049ddcd3b2 - - 2ce922d5462c4e70a7bbd2870c916094 2ce922d5462c4e70a7bbd2870c916094] 199.204.45.244 "GET /v2.0/subnets?id=03c548d5-8cbb-4765-a749-eac91196b1ea&id=8a8c729f-e4cf-49f3-997d-81bc266f25e5 HTTP/1.1" status: 200 len: 1566 time: 0.0397754
2026-05-27 07:18:52.462 10 INFO neutron.wsgi [req-f35baf1d-3c85-47b9-b4f0-36b3a2708665 req-05156fc0-3562-4202-865a-a638d14559b1 f6e127efe92449f1b7570ccc7a7e1f09 e7c7f8f054f546618b8e4c049ddcd3b2 - - 2ce922d5462c4e70a7bbd2870c916094 2ce922d5462c4e70a7bbd2870c916094] 199.204.45.244 "GET /v2.0/ports?network_id=34537378-a5ac-466d-af1e-a94b81b49138&device_owner=network%3Adhcp HTTP/1.1" status: 200 len: 210 time: 0.0420077
2026-05-27 07:18:52.492 10 INFO neutron.wsgi [req-f35baf1d-3c85-47b9-b4f0-36b3a2708665 req-cea0a52c-5fc2-4b5c-9131-06a1c5659b46 f6e127efe92449f1b7570ccc7a7e1f09 e7c7f8f054f546618b8e4c049ddcd3b2 - - 2ce922d5462c4e70a7bbd2870c916094 2ce922d5462c4e70a7bbd2870c916094] 199.204.45.244 "GET /v2.0/ports?network_id=34537378-a5ac-466d-af1e-a94b81b49138&device_owner=network%3Adhcp HTTP/1.1" status: 200 len: 210 time: 0.0227616
2026-05-27 07:18:52.571 10 INFO neutron.wsgi [req-f35baf1d-3c85-47b9-b4f0-36b3a2708665 req-3d7cdaa8-8dda-4cf8-ba79-3aef1a961b18 f6e127efe92449f1b7570ccc7a7e1f09 e7c7f8f054f546618b8e4c049ddcd3b2 - - 2ce922d5462c4e70a7bbd2870c916094 2ce922d5462c4e70a7bbd2870c916094] 199.204.45.244 "GET /v2.0/networks/34537378-a5ac-466d-af1e-a94b81b49138?fields=segments HTTP/1.1" status: 200 len: 212 time: 0.0695987
2026-05-27 07:18:52.641 10 INFO neutron.wsgi [req-f35baf1d-3c85-47b9-b4f0-36b3a2708665 req-b46e57d9-58fb-410d-ab26-8613a17847d4 f6e127efe92449f1b7570ccc7a7e1f09 e7c7f8f054f546618b8e4c049ddcd3b2 - - 2ce922d5462c4e70a7bbd2870c916094 2ce922d5462c4e70a7bbd2870c916094] 199.204.45.244 "GET /v2.0/networks/34537378-a5ac-466d-af1e-a94b81b49138?fields=provider%3Aphysical_network&fields=provider%3Anetwork_type HTTP/1.1" status: 200 len: 277 time: 0.0618834
2026-05-27 07:18:52.736 10 INFO neutron.wsgi [req-ab8602f4-f490-4764-9faf-c1980e3d6322 req-f2da126c-72e4-4db4-b9ef-a80bec5ce266 f6e127efe92449f1b7570ccc7a7e1f09 e7c7f8f054f546618b8e4c049ddcd3b2 - - 2ce922d5462c4e70a7bbd2870c916094 2ce922d5462c4e70a7bbd2870c916094] 199.204.45.244 "GET /v2.0/ports?tenant_id=ff1e14d464c04c0fb7a47936d80d2a75&device_id=0a438f25-7356-4d2f-af0c-b27971a2d004 HTTP/1.1" status: 200 len: 1636 time: 0.0459142
2026-05-27 07:18:52.748 9 WARNING neutron.scheduler.dhcp_agent_scheduler [None req-69406028-bee6-4b0f-98a7-8723d54251e5 bebf68210a9545d1ad9052f6d64a1384 d07c120a6dab46c68aba7fbd3709c920 - - default default] No more DHCP agents
2026-05-27 07:18:52.750 9 WARNING neutron.api.rpc.agentnotifiers.dhcp_rpc_agent_api [None req-69406028-bee6-4b0f-98a7-8723d54251e5 bebf68210a9545d1ad9052f6d64a1384 d07c120a6dab46c68aba7fbd3709c920 - - default default] Unable to schedule network d8471b06-3956-4772-8cef-7e5745cd1858: no agents available; will retry on subsequent port and subnet creation events.
2026-05-27 07:18:52.818 10 INFO neutron.wsgi [req-ab8602f4-f490-4764-9faf-c1980e3d6322 req-ab32ff9c-5d57-471c-8a98-81ba855cc926 f6e127efe92449f1b7570ccc7a7e1f09 e7c7f8f054f546618b8e4c049ddcd3b2 - - 2ce922d5462c4e70a7bbd2870c916094 2ce922d5462c4e70a7bbd2870c916094] 199.204.45.244 "GET /v2.0/networks?id=34537378-a5ac-466d-af1e-a94b81b49138 HTTP/1.1" status: 200 len: 1002 time: 0.0747781
2026-05-27 07:18:52.874 10 INFO neutron.wsgi [req-ab8602f4-f490-4764-9faf-c1980e3d6322 req-3223fe22-3239-4edd-8272-5a3c2ba5e945 f6e127efe92449f1b7570ccc7a7e1f09 e7c7f8f054f546618b8e4c049ddcd3b2 - - 2ce922d5462c4e70a7bbd2870c916094 2ce922d5462c4e70a7bbd2870c916094] 199.204.45.244 "GET /v2.0/floatingips?fixed_ip_address=10.2.2.11&port_id=3b3e10d8-2b7c-4d8b-a7c4-70fdbeabdfff HTTP/1.1" status: 200 len: 217 time: 0.0418031
2026-05-27 07:18:52.897 9 INFO neutron.plugins.ml2.drivers.ovn.mech_driver.mech_driver [None req-1cbfd0d9-7939-4b44-a5e0-fd368f313994 - - - - - -] OVN reports status up for port: 3b3e10d8-2b7c-4d8b-a7c4-70fdbeabdfff
2026-05-27 07:18:52.920 10 INFO neutron.wsgi [req-ab8602f4-f490-4764-9faf-c1980e3d6322 req-1db79f10-eb47-4a8b-9d1c-ff809f52066c f6e127efe92449f1b7570ccc7a7e1f09 e7c7f8f054f546618b8e4c049ddcd3b2 - - 2ce922d5462c4e70a7bbd2870c916094 2ce922d5462c4e70a7bbd2870c916094] 199.204.45.244 "GET /v2.0/floatingips?fixed_ip_address=fd77%3A1457%3A4cf0%3A26a8%3A%3A1c0&port_id=3b3e10d8-2b7c-4d8b-a7c4-70fdbeabdfff HTTP/1.1" status: 200 len: 217 time: 0.0396829
2026-05-27 07:18:52.934 9 INFO neutron.plugins.ml2.plugin [None req-1cbfd0d9-7939-4b44-a5e0-fd368f313994 - - - - - -] Attempt 1 to provision port 3b3e10d8-2b7c-4d8b-a7c4-70fdbeabdfff
2026-05-27 07:18:53.004 10 INFO neutron.wsgi [req-ab8602f4-f490-4764-9faf-c1980e3d6322 req-19850ade-7891-42e4-b631-4c078093b395 f6e127efe92449f1b7570ccc7a7e1f09 e7c7f8f054f546618b8e4c049ddcd3b2 - - 2ce922d5462c4e70a7bbd2870c916094 2ce922d5462c4e70a7bbd2870c916094] 199.204.45.244 "GET /v2.0/subnets?id=03c548d5-8cbb-4765-a749-eac91196b1ea&id=8a8c729f-e4cf-49f3-997d-81bc266f25e5 HTTP/1.1" status: 200 len: 1566 time: 0.0773504
2026-05-27 07:18:53.034 10 INFO neutron.wsgi [req-ab8602f4-f490-4764-9faf-c1980e3d6322 req-4b87066f-1533-441a-9362-d49b02f29a16 f6e127efe92449f1b7570ccc7a7e1f09 e7c7f8f054f546618b8e4c049ddcd3b2 - - 2ce922d5462c4e70a7bbd2870c916094 2ce922d5462c4e70a7bbd2870c916094] 199.204.45.244 "GET /v2.0/ports?network_id=34537378-a5ac-466d-af1e-a94b81b49138&device_owner=network%3Adhcp HTTP/1.1" status: 200 len: 210 time: 0.0225596
2026-05-27 07:18:53.045 9 INFO neutron.db.ovn_revision_numbers_db [None req-69406028-bee6-4b0f-98a7-8723d54251e5 bebf68210a9545d1ad9052f6d64a1384 d07c120a6dab46c68aba7fbd3709c920 - - default default] Successfully bumped revision number for resource 3810fe19-8a7f-41e8-bbf6-8c8054824593 (type: ports) to 1
2026-05-27 07:18:53.074 10 INFO neutron.wsgi [req-ab8602f4-f490-4764-9faf-c1980e3d6322 req-245e23f0-81eb-4306-9387-63340ed6fa91 f6e127efe92449f1b7570ccc7a7e1f09 e7c7f8f054f546618b8e4c049ddcd3b2 - - 2ce922d5462c4e70a7bbd2870c916094 2ce922d5462c4e70a7bbd2870c916094] 199.204.45.244 "GET /v2.0/ports?network_id=34537378-a5ac-466d-af1e-a94b81b49138&device_owner=network%3Adhcp HTTP/1.1" status: 200 len: 210 time: 0.0333338
2026-05-27 07:18:53.142 10 INFO neutron.wsgi [req-ab8602f4-f490-4764-9faf-c1980e3d6322 req-d6ecf1cf-1214-4959-b2fe-63032f2b7595 f6e127efe92449f1b7570ccc7a7e1f09 e7c7f8f054f546618b8e4c049ddcd3b2 - - 2ce922d5462c4e70a7bbd2870c916094 2ce922d5462c4e70a7bbd2870c916094] 199.204.45.244 "GET /v2.0/networks/34537378-a5ac-466d-af1e-a94b81b49138?fields=segments HTTP/1.1" status: 200 len: 212 time: 0.0617464
2026-05-27 07:18:53.218 10 INFO neutron.wsgi [req-ab8602f4-f490-4764-9faf-c1980e3d6322 req-dbaad6e2-4ecf-4375-bbbe-e82c9cf84904 f6e127efe92449f1b7570ccc7a7e1f09 e7c7f8f054f546618b8e4c049ddcd3b2 - - 2ce922d5462c4e70a7bbd2870c916094 2ce922d5462c4e70a7bbd2870c916094] 199.204.45.244 "GET /v2.0/networks/34537378-a5ac-466d-af1e-a94b81b49138?fields=provider%3Aphysical_network&fields=provider%3Anetwork_type HTTP/1.1" status: 200 len: 277 time: 0.0673580
2026-05-27 07:18:53.273 9 INFO neutron.notifiers.nova [-] Nova event matching ['req-3f635ed1-6327-4cb4-824b-38a1a80add07'] response: {'server_uuid': '0a438f25-7356-4d2f-af0c-b27971a2d004', 'name': 'network-vif-plugged', 'status': 'completed', 'tag': '3b3e10d8-2b7c-4d8b-a7c4-70fdbeabdfff', 'code': 200}
2026-05-27 07:18:53.308 9 WARNING neutron_lib.context [None req-a9cbd2a2-d245-4677-8fa9-c4325e1077e4 c019ce573e4d49a98212334e20796333 82fb12e7569c4c48842405ac4cde8a12 - - default default] Method 'is_advsvc' is deprecated since 2023.2 release (neutron-lib 3.8.0) and will be removed once support for the old RBAC API policies will be removed from Neutron. Please use method 'is_service_role' instead.
2026-05-27 07:18:53.360 9 INFO neutron.db.ovn_revision_numbers_db [None req-6dd09aed-94a4-4f8a-9bab-37e589b50926 49d1c7e7502c4c6b97f54e8f4f212323 14388796f3654fe08055252b4966ed29 - - default default] Successfully bumped revision number for resource 04117098-c51c-4397-9052-0d32131dc320 (type: security_groups) to 1
2026-05-27 07:18:53.413 9 INFO neutron.db.ovn_revision_numbers_db [None req-6dd09aed-94a4-4f8a-9bab-37e589b50926 49d1c7e7502c4c6b97f54e8f4f212323 14388796f3654fe08055252b4966ed29 - - default default] Successfully bumped revision number for resource 2f8479d7-30d6-45e2-a68b-470b4906cd12 (type: security_group_rules) to 0
2026-05-27 07:18:53.471 9 INFO neutron.db.ovn_revision_numbers_db [None req-6dd09aed-94a4-4f8a-9bab-37e589b50926 49d1c7e7502c4c6b97f54e8f4f212323 14388796f3654fe08055252b4966ed29 - - default default] Successfully bumped revision number for resource 839bff01-758b-40f1-a5e8-a40e15579469 (type: security_group_rules) to 0
2026-05-27 07:18:53.528 9 INFO neutron.db.ovn_revision_numbers_db [None req-6dd09aed-94a4-4f8a-9bab-37e589b50926 49d1c7e7502c4c6b97f54e8f4f212323 14388796f3654fe08055252b4966ed29 - - default default] Successfully bumped revision number for resource b7e1efea-994f-4db7-aa40-badca492310d (type: security_group_rules) to 0
2026-05-27 07:18:53.578 9 INFO neutron.db.ovn_revision_numbers_db [None req-6dd09aed-94a4-4f8a-9bab-37e589b50926 49d1c7e7502c4c6b97f54e8f4f212323 14388796f3654fe08055252b4966ed29 - - default default] Successfully bumped revision number for resource d258126f-4ecb-4702-a874-da311631fa24 (type: security_group_rules) to 0
2026-05-27 07:18:54.134 9 INFO neutron.db.ovn_revision_numbers_db [None req-a9cbd2a2-d245-4677-8fa9-c4325e1077e4 c019ce573e4d49a98212334e20796333 82fb12e7569c4c48842405ac4cde8a12 - - default default] Successfully bumped revision number for resource 29b986f7-b08c-443e-ba29-083257806e65 (type: routers) to 1
2026-05-27 07:18:54.139 9 INFO neutron.wsgi [None req-6dd09aed-94a4-4f8a-9bab-37e589b50926 49d1c7e7502c4c6b97f54e8f4f212323 14388796f3654fe08055252b4966ed29 - - default default] 10.0.0.78 "GET /v2.0/security-groups?tenant_id=9d063a7433d145d786e7c5bf288c68a0&name=default HTTP/1.1" status: 200 len: 3124 time: 1.4630644
2026-05-27 07:18:54.169 9 INFO neutron.wsgi [None req-a9cbd2a2-d245-4677-8fa9-c4325e1077e4 c019ce573e4d49a98212334e20796333 82fb12e7569c4c48842405ac4cde8a12 - - default default] 10.0.0.78 "POST /v2.0/routers HTTP/1.1" status: 201 len: 769 time: 0.9594951
2026-05-27 07:18:54.182 9 INFO neutron.db.ovn_revision_numbers_db [None req-1cbfd0d9-7939-4b44-a5e0-fd368f313994 - - - - - -] Successfully bumped revision number for resource 3b3e10d8-2b7c-4d8b-a7c4-70fdbeabdfff (type: ports) to 4
2026-05-27 07:18:54.294 10 INFO neutron.wsgi [None req-330ba601-1a9b-4fd9-8ff5-33f3eacfed6f c019ce573e4d49a98212334e20796333 82fb12e7569c4c48842405ac4cde8a12 - - default default] 10.0.0.78 "PUT /v2.0/routers/29b986f7-b08c-443e-ba29-083257806e65/tags HTTP/1.1" status: 200 len: 218 time: 0.1123605
2026-05-27 07:18:54.386 10 INFO neutron.wsgi [None req-dc6fff76-9e41-40f7-b75a-f2810dc73779 c019ce573e4d49a98212334e20796333 82fb12e7569c4c48842405ac4cde8a12 - - default default] 10.0.0.78 "GET /v2.0/routers/29b986f7-b08c-443e-ba29-083257806e65/tags HTTP/1.1" status: 200 len: 218 time: 0.0855207 /var/lib/openstack/lib/python3.10/site-packages/pycadf/identifier.py:71: UserWarning: Invalid uuid: neutron. To ensure interoperability, identifiers should be a valid uuid. warnings.warn(('Invalid uuid: %s. To ensure interoperability, '
2026-05-27 07:18:54.413 10 INFO neutron.wsgi [req-e32b7658-f711-4458-a4f1-22628c1a8ae7 req-b796fe4e-05c4-45d1-aa5c-a26a244a95b8 555fb4ca3594434fa4902eb497ddded0 ff1e14d464c04c0fb7a47936d80d2a75 - - default default] 10.0.0.171 "GET /v2.0/ports?device_id=0a438f25-7356-4d2f-af0c-b27971a2d004 HTTP/1.1" status: 200 len: 1400 time: 0.1858599
2026-05-27 07:18:54.484 9 INFO neutron.wsgi [None req-3b9179d2-62ad-44d4-b1c1-e572f73ed50e c019ce573e4d49a98212334e20796333 82fb12e7569c4c48842405ac4cde8a12 - - default default] 10.0.0.78 "PUT /v2.0/routers/29b986f7-b08c-443e-ba29-083257806e65/tags/green HTTP/1.1" status: 201 len: 201 time: 0.0935900
2026-05-27 07:18:54.486 10 INFO neutron.wsgi [req-e32b7658-f711-4458-a4f1-22628c1a8ae7 req-5ef86556-bcc3-4427-bcb7-45febd0f26c1 555fb4ca3594434fa4902eb497ddded0 ff1e14d464c04c0fb7a47936d80d2a75 - - default default] 10.0.0.171 "GET /v2.0/security-groups?id=becdb119-dd89-44ab-9b8e-5e8a46a1738c&fields=id&fields=name HTTP/1.1" status: 200 len: 310 time: 0.0614538
2026-05-27 07:18:54.568 10 INFO neutron.wsgi [None req-4c033d2e-e6e1-4aac-b259-20f12266b8ed 49d1c7e7502c4c6b97f54e8f4f212323 14388796f3654fe08055252b4966ed29 - - default default] 10.0.0.78 "DELETE /v2.0/security-groups/04117098-c51c-4397-9052-0d32131dc320 HTTP/1.1" status: 204 len: 168 time: 0.4224327
2026-05-27 07:18:54.616 9 INFO neutron.wsgi [None req-db149d0d-eb8d-40b0-9675-c15a52a7b4c0 c019ce573e4d49a98212334e20796333 82fb12e7569c4c48842405ac4cde8a12 - - default default] 10.0.0.78 "GET /v2.0/routers/29b986f7-b08c-443e-ba29-083257806e65/tags HTTP/1.1" status: 200 len: 227 time: 0.1282957
2026-05-27 07:18:54.617 10 INFO neutron.wsgi [-] 10.0.0.56 "GET / HTTP/1.1" status: 200 len: 247 time: 0.0025711
2026-05-27 07:18:54.619 10 INFO neutron.wsgi [-] 10.0.0.56 "GET / HTTP/1.1" status: 200 len: 247 time: 0.0012228
2026-05-27 07:18:54.718 10 INFO neutron.wsgi [None req-cf77f6f6-5bb3-469b-b787-314eb756d4e7 c019ce573e4d49a98212334e20796333 82fb12e7569c4c48842405ac4cde8a12 - - default default] 10.0.0.78 "PUT /v2.0/routers/29b986f7-b08c-443e-ba29-083257806e65/tags/red HTTP/1.1" status: 201 len: 201 time: 0.0898011
2026-05-27 07:18:54.774 10 INFO neutron.wsgi [req-39a5c3ea-0fcc-418b-872e-ad670e71254e req-7d41ccb6-7385-4569-af73-a7c96871c00d f6e127efe92449f1b7570ccc7a7e1f09 e7c7f8f054f546618b8e4c049ddcd3b2 - - 2ce922d5462c4e70a7bbd2870c916094 2ce922d5462c4e70a7bbd2870c916094] 10.0.0.232 "GET /v2.0/ports?device_id=29b9d8c6-f126-4751-8282-b21f1c251770 HTTP/1.1" status: 200 len: 1630 time: 0.0796711
2026-05-27 07:18:54.829 9 INFO neutron.wsgi [None req-07cbb0cf-c990-4c14-a9b0-49d62e791ff9 c019ce573e4d49a98212334e20796333 82fb12e7569c4c48842405ac4cde8a12 - - default default] 10.0.0.78 "GET /v2.0/routers/29b986f7-b08c-443e-ba29-083257806e65/tags HTTP/1.1" status: 200 len: 227 time: 0.1041226
2026-05-27 07:18:54.844 9 ERROR ovsdbapp.backend.ovs_idl.command [None req-69406028-bee6-4b0f-98a7-8723d54251e5 bebf68210a9545d1ad9052f6d64a1384 d07c120a6dab46c68aba7fbd3709c920 - - default default] Error executing command (DbGetCommand): ovsdbapp.backend.ovs_idl.idlutils.RowNotFound: Cannot find Logical_Router_Port with name=lrp-3810fe19-8a7f-41e8-bbf6-8c8054824593
2026-05-27 07:18:54.844 9 ERROR ovsdbapp.backend.ovs_idl.command
Traceback (most recent call last):
2026-05-27 07:18:54.844 9 ERROR ovsdbapp.backend.ovs_idl.command
File "/var/lib/openstack/lib/python3.10/site-packages/ovsdbapp/backend/ovs_idl/command.py", line 47, in execute
2026-05-27 07:18:54.844 9 ERROR ovsdbapp.backend.ovs_idl.command self.run_idl(None)
2026-05-27 07:18:54.844 9 ERROR ovsdbapp.backend.ovs_idl.command
File "/var/lib/openstack/lib/python3.10/site-packages/ovsdbapp/backend/ovs_idl/command.py", line 235, in run_idl
2026-05-27 07:18:54.844 9 ERROR ovsdbapp.backend.ovs_idl.command record = self.api.lookup(self.table, self.record)
2026-05-27 07:18:54.844 9 ERROR ovsdbapp.backend.ovs_idl.command
File "/var/lib/openstack/lib/python3.10/site-packages/ovsdbapp/backend/ovs_idl/__init__.py", line 184, in lookup
2026-05-27 07:18:54.844 9 ERROR ovsdbapp.backend.ovs_idl.command return self._lookup(table, record)
2026-05-27 07:18:54.844 9 ERROR ovsdbapp.backend.ovs_idl.command
File "/var/lib/openstack/lib/python3.10/site-packages/ovsdbapp/backend/ovs_idl/__init__.py", line 235, in _lookup
2026-05-27 07:18:54.844 9 ERROR ovsdbapp.backend.ovs_idl.command row = idlutils.row_by_value(self, rl.table, rl.column, record)
2026-05-27 07:18:54.844 9 ERROR ovsdbapp.backend.ovs_idl.command
File "/var/lib/openstack/lib/python3.10/site-packages/ovsdbapp/backend/ovs_idl/idlutils.py", line 114, in row_by_value
2026-05-27 07:18:54.844 9 ERROR ovsdbapp.backend.ovs_idl.command raise RowNotFound(table=table, col=column, match=match)
2026-05-27 07:18:54.844 9 ERROR ovsdbapp.backend.ovs_idl.command ovsdbapp.backend.ovs_idl.idlutils.RowNotFound: Cannot find Logical_Router_Port with name=lrp-3810fe19-8a7f-41e8-bbf6-8c8054824593
2026-05-27 07:18:54.844 9 ERROR ovsdbapp.backend.ovs_idl.command 
2026-05-27 07:18:54.845 9 ERROR neutron_lib.callbacks.manager [None req-69406028-bee6-4b0f-98a7-8723d54251e5 bebf68210a9545d1ad9052f6d64a1384 d07c120a6dab46c68aba7fbd3709c920 - - default default] Error during notification for neutron.services.ovn_l3.plugin.OVNL3RouterPlugin._port_update-8785617072879 port, after_update: ovsdbapp.backend.ovs_idl.idlutils.RowNotFound: Cannot find Logical_Router_Port with name=lrp-3810fe19-8a7f-41e8-bbf6-8c8054824593
2026-05-27 07:18:54.845 9 ERROR neutron_lib.callbacks.manager
Traceback (most recent call last):
2026-05-27 07:18:54.845 9 ERROR neutron_lib.callbacks.manager
File "/var/lib/openstack/lib/python3.10/site-packages/neutron_lib/callbacks/manager.py", line 189, in _notify_loop
2026-05-27 07:18:54.845 9 ERROR neutron_lib.callbacks.manager callback.method(resource, event, trigger, payload=payload)
2026-05-27 07:18:54.845 9 ERROR neutron_lib.callbacks.manager
File "/var/lib/openstack/lib/python3.10/site-packages/neutron/services/ovn_l3/plugin.py", line 391, in _port_update
2026-05-27 07:18:54.845 9 ERROR neutron_lib.callbacks.manager l3plugin._ovn_client.update_router_port(context,
2026-05-27 07:18:54.845 9 ERROR neutron_lib.callbacks.manager
File "/var/lib/openstack/lib/python3.10/site-packages/neutron/plugins/ml2/drivers/ovn/mech_driver/ovsdb/ovn_client.py", line 1878, in update_router_port
2026-05-27 07:18:54.845 9 ERROR neutron_lib.callbacks.manager self._update_lrouter_port(context, port, if_exists=if_exists,
2026-05-27 07:18:54.845 9 ERROR neutron_lib.callbacks.manager
File "/var/lib/openstack/lib/python3.10/site-packages/neutron/plugins/ml2/drivers/ovn/mech_driver/ovsdb/ovn_client.py", line 1855, in _update_lrouter_port
2026-05-27 07:18:54.845 9 ERROR neutron_lib.callbacks.manager external_ids = self._nb_idl.db_get(
2026-05-27 07:18:54.845 9 ERROR neutron_lib.callbacks.manager
File "/var/lib/openstack/lib/python3.10/site-packages/ovsdbapp/backend/ovs_idl/command.py", line 47, in execute
2026-05-27 07:18:54.845 9 ERROR neutron_lib.callbacks.manager self.run_idl(None)
2026-05-27 07:18:54.845 9 ERROR neutron_lib.callbacks.manager
File "/var/lib/openstack/lib/python3.10/site-packages/ovsdbapp/backend/ovs_idl/command.py", line 235, in run_idl
2026-05-27 07:18:54.845 9 ERROR neutron_lib.callbacks.manager record = self.api.lookup(self.table, self.record)
2026-05-27 07:18:54.845 9 ERROR neutron_lib.callbacks.manager
File "/var/lib/openstack/lib/python3.10/site-packages/ovsdbapp/backend/ovs_idl/__init__.py", line 184, in lookup
2026-05-27 07:18:54.845 9 ERROR neutron_lib.callbacks.manager return self._lookup(table, record)
2026-05-27 07:18:54.845 9 ERROR neutron_lib.callbacks.manager
File "/var/lib/openstack/lib/python3.10/site-packages/ovsdbapp/backend/ovs_idl/__init__.py", line 235, in _lookup
2026-05-27 07:18:54.845 9 ERROR neutron_lib.callbacks.manager row = idlutils.row_by_value(self, rl.table, rl.column, record)
2026-05-27 07:18:54.845 9 ERROR neutron_lib.callbacks.manager
File "/var/lib/openstack/lib/python3.10/site-packages/ovsdbapp/backend/ovs_idl/idlutils.py", line 114, in row_by_value
2026-05-27 07:18:54.845 9 ERROR neutron_lib.callbacks.manager raise RowNotFound(table=table, col=column, match=match)
2026-05-27 07:18:54.845 9 ERROR neutron_lib.callbacks.manager ovsdbapp.backend.ovs_idl.idlutils.RowNotFound: Cannot find Logical_Router_Port with name=lrp-3810fe19-8a7f-41e8-bbf6-8c8054824593
2026-05-27 07:18:54.845 9 ERROR neutron_lib.callbacks.manager 
2026-05-27 07:18:54.861 10 INFO neutron.wsgi [req-39a5c3ea-0fcc-418b-872e-ad670e71254e req-ea0f8d53-6f2e-47cc-8664-4768cf359d6d f6e127efe92449f1b7570ccc7a7e1f09 e7c7f8f054f546618b8e4c049ddcd3b2 - - 2ce922d5462c4e70a7bbd2870c916094 2ce922d5462c4e70a7bbd2870c916094] 10.0.0.232 "GET /v2.0/security-groups?id=becdb119-dd89-44ab-9b8e-5e8a46a1738c&fields=id&fields=name HTTP/1.1" status: 200 len: 310 time: 0.0792654
2026-05-27 07:18:54.871 9 INFO neutron.wsgi [None req-8645dec0-2d30-433a-b363-16bdc812076b 49d1c7e7502c4c6b97f54e8f4f212323 14388796f3654fe08055252b4966ed29 - - default default] 10.0.0.78 "GET /v2.0/security-groups?tenant_id=10775355db064b0b89d07f3b7638bf45&name=default HTTP/1.1" status: 200 len: 3124 time: 0.0976663
2026-05-27 07:18:54.930 10 INFO neutron.wsgi [None req-eec14e5f-ef74-4e88-8c44-db15c0b78bb5 c019ce573e4d49a98212334e20796333 82fb12e7569c4c48842405ac4cde8a12 - - default default] 10.0.0.78 "PUT /v2.0/routers/29b986f7-b08c-443e-ba29-083257806e65/tags/black.or.white HTTP/1.1" status: 201 len: 201 time: 0.0925937
2026-05-27 07:18:55.015 10 INFO neutron.wsgi [None req-9ac8dd69-19f2-4304-ac58-431ec92eaa2c c019ce573e4d49a98212334e20796333 82fb12e7569c4c48842405ac4cde8a12 - - default default] 10.0.0.78 "GET /v2.0/routers/29b986f7-b08c-443e-ba29-083257806e65/tags HTTP/1.1" status: 200 len: 245 time: 0.0797954
2026-05-27 07:18:55.138 10 INFO neutron.wsgi [None req-d0c9eb1d-5446-4eb7-8bea-f01e0eb4f260 c019ce573e4d49a98212334e20796333 82fb12e7569c4c48842405ac4cde8a12 - - default default] 10.0.0.78 "PUT /v2.0/routers/29b986f7-b08c-443e-ba29-083257806e65/tags HTTP/1.1" status: 200 len: 230 time: 0.1093471
2026-05-27 07:18:55.181 9 INFO neutron.plugins.ml2.drivers.ovn.mech_driver.mech_driver [None req-1cbfd0d9-7939-4b44-a5e0-fd368f313994 - - - - - -] OVN reports status up for port: 3810fe19-8a7f-41e8-bbf6-8c8054824593
2026-05-27 07:18:55.201 9 INFO neutron.plugins.ml2.plugin [None req-1cbfd0d9-7939-4b44-a5e0-fd368f313994 - - - - - -] Attempt 1 to provision port 3810fe19-8a7f-41e8-bbf6-8c8054824593
2026-05-27 07:18:55.209 10 INFO neutron.wsgi [None req-2e6981ef-e998-4d31-8106-2148c568347c c019ce573e4d49a98212334e20796333 82fb12e7569c4c48842405ac4cde8a12 - - default default] 10.0.0.78 "GET /v2.0/routers/29b986f7-b08c-443e-ba29-083257806e65/tags HTTP/1.1" status: 200 len: 230 time: 0.0581036
2026-05-27 07:18:55.215 9 INFO neutron.db.ovn_revision_numbers_db [None req-69406028-bee6-4b0f-98a7-8723d54251e5 bebf68210a9545d1ad9052f6d64a1384 d07c120a6dab46c68aba7fbd3709c920 - - default default] Successfully bumped revision number for resource 3810fe19-8a7f-41e8-bbf6-8c8054824593 (type: ports) to 1
2026-05-27 07:18:55.290 10 INFO neutron.wsgi [None req-2a93b449-a27a-4635-b140-484a75cc2815 c019ce573e4d49a98212334e20796333 82fb12e7569c4c48842405ac4cde8a12 - - default default] 10.0.0.78 "GET /v2.0/routers/29b986f7-b08c-443e-ba29-083257806e65/tags/red HTTP/1.1" status: 204 len: 168 time: 0.0753427
2026-05-27 07:18:55.296 9 INFO neutron.wsgi [None req-ba5a3e09-a3da-4ded-8b75-07d965add0d5 49d1c7e7502c4c6b97f54e8f4f212323 14388796f3654fe08055252b4966ed29 - - default default] 10.0.0.78 "DELETE /v2.0/security-groups/edbe22b2-6a84-4431-8132-abd09d4fb461 HTTP/1.1" status: 204 len: 168 time: 0.4193401
2026-05-27 07:18:55.326 9 INFO neutron.notifiers.nova [-] Nova event matching ['req-69657282-28bf-4eae-9c9b-f38e8bbb931d'] response: {'server_uuid': '0a438f25-7356-4d2f-af0c-b27971a2d004', 'name': 'network-vif-plugged', 'status': 'completed', 'tag': '3b3e10d8-2b7c-4d8b-a7c4-70fdbeabdfff', 'code': 200}
2026-05-27 07:18:55.343 9 WARNING neutron.scheduler.dhcp_agent_scheduler [None req-69406028-bee6-4b0f-98a7-8723d54251e5 bebf68210a9545d1ad9052f6d64a1384 d07c120a6dab46c68aba7fbd3709c920 - - default default] No more DHCP agents
2026-05-27 07:18:55.344 9 WARNING neutron.api.rpc.agentnotifiers.dhcp_rpc_agent_api [None req-69406028-bee6-4b0f-98a7-8723d54251e5 bebf68210a9545d1ad9052f6d64a1384 d07c120a6dab46c68aba7fbd3709c920 - - default default] Unable to schedule network d8471b06-3956-4772-8cef-7e5745cd1858: no agents available; will retry on subsequent port and subnet creation events.
2026-05-27 07:18:55.361 10 INFO neutron.api.v2.resource [None req-621492e9-2b9c-406c-ae00-255eeb69b08f c019ce573e4d49a98212334e20796333 82fb12e7569c4c48842405ac4cde8a12 - - default default] show failed (client error): The resource could not be found.
2026-05-27 07:18:55.362 10 INFO neutron.wsgi [None req-621492e9-2b9c-406c-ae00-255eeb69b08f c019ce573e4d49a98212334e20796333 82fb12e7569c4c48842405ac4cde8a12 - - default default] 10.0.0.78 "GET /v2.0/routers/29b986f7-b08c-443e-ba29-083257806e65/tags/green HTTP/1.1" status: 404 len: 299 time: 0.0644701
2026-05-27 07:18:55.438 10 INFO neutron.wsgi [None req-48118615-6061-4134-b868-e2b9cfc346d7 c019ce573e4d49a98212334e20796333 82fb12e7569c4c48842405ac4cde8a12 - - default default] 10.0.0.78 "DELETE /v2.0/routers/29b986f7-b08c-443e-ba29-083257806e65/tags/red HTTP/1.1" status: 204 len: 168 time: 0.0692153
2026-05-27 07:18:55.497 10 INFO neutron.wsgi [None req-2a132b02-6ba0-434b-b675-59b7c01300f9 c019ce573e4d49a98212334e20796333 82fb12e7569c4c48842405ac4cde8a12 - - default default] 10.0.0.78 "GET /v2.0/routers/29b986f7-b08c-443e-ba29-083257806e65/tags HTTP/1.1" status: 200 len: 223 time: 0.0526714
2026-05-27 07:18:55.562 10 INFO neutron.api.v2.resource [None req-5aace140-5498-49fb-9eeb-3404c5e8bf03 c019ce573e4d49a98212334e20796333 82fb12e7569c4c48842405ac4cde8a12 - - default default] delete failed (client error): The resource could not be found.
2026-05-27 07:18:55.564 10 INFO neutron.wsgi [None req-5aace140-5498-49fb-9eeb-3404c5e8bf03 c019ce573e4d49a98212334e20796333 82fb12e7569c4c48842405ac4cde8a12 - - default default] 10.0.0.78 "DELETE /v2.0/routers/29b986f7-b08c-443e-ba29-083257806e65/tags/green HTTP/1.1" status: 404 len: 299 time: 0.0591941
2026-05-27 07:18:55.668 10 INFO neutron.wsgi [None req-27354d52-7d7d-4b04-a955-6f858339bcd1 c019ce573e4d49a98212334e20796333 82fb12e7569c4c48842405ac4cde8a12 - - default default] 10.0.0.78 "DELETE /v2.0/routers/29b986f7-b08c-443e-ba29-083257806e65/tags HTTP/1.1" status: 204 len: 168 time: 0.0972769
2026-05-27 07:18:55.787 9 INFO neutron.db.ovn_revision_numbers_db [None req-6ff955e8-c2c8-417c-8047-722c701751cb 49d1c7e7502c4c6b97f54e8f4f212323 14388796f3654fe08055252b4966ed29 - - default default] Successfully bumped revision number for resource 47b6e2e7-75ab-428d-9a81-93c2237efe47 (type: security_groups) to 1
2026-05-27 07:18:55.847 9 INFO neutron.db.ovn_revision_numbers_db [None req-6ff955e8-c2c8-417c-8047-722c701751cb 49d1c7e7502c4c6b97f54e8f4f212323 14388796f3654fe08055252b4966ed29 - - default default] Successfully bumped revision number for resource 109fb05f-dcc3-4407-b6b1-2c190ae2bf35 (type: security_group_rules) to 0
2026-05-27 07:18:55.897 9 INFO neutron.db.ovn_revision_numbers_db [None req-6ff955e8-c2c8-417c-8047-722c701751cb 49d1c7e7502c4c6b97f54e8f4f212323 14388796f3654fe08055252b4966ed29 - - default default] Successfully bumped revision number for resource 3f3ac067-c4bd-4cf1-8644-37f52f6be762 (type: security_group_rules) to 0
2026-05-27 07:18:55.942 9 INFO neutron.db.ovn_revision_numbers_db [None req-6ff955e8-c2c8-417c-8047-722c701751cb 49d1c7e7502c4c6b97f54e8f4f212323 14388796f3654fe08055252b4966ed29 - - default default] Successfully bumped revision number for resource d558c5df-535e-4d03-854a-1043d8f33818 (type: security_group_rules) to 0
2026-05-27 07:18:55.976 9 INFO neutron.db.ovn_revision_numbers_db [None req-6ff955e8-c2c8-417c-8047-722c701751cb 49d1c7e7502c4c6b97f54e8f4f212323 14388796f3654fe08055252b4966ed29 - - default default] Successfully bumped revision number for resource e6dcb0b1-6199-4457-b3a9-67b8d8e73979 (type: security_group_rules) to 0
2026-05-27 07:18:55.981 9 INFO neutron.db.ovn_revision_numbers_db [None req-69406028-bee6-4b0f-98a7-8723d54251e5 bebf68210a9545d1ad9052f6d64a1384 d07c120a6dab46c68aba7fbd3709c920 - - default default] Successfully bumped revision number for resource 3810fe19-8a7f-41e8-bbf6-8c8054824593 (type: router_ports) to 1
2026-05-27 07:18:55.991 9 INFO neutron.wsgi [None req-69406028-bee6-4b0f-98a7-8723d54251e5 bebf68210a9545d1ad9052f6d64a1384 d07c120a6dab46c68aba7fbd3709c920 - - default default] 10.0.0.78 "PUT /v2.0/routers/d22a2f60-29df-4539-92e8-a0792415d018/add_router_interface HTTP/1.1" status: 200 len: 503 time: 3.9535205
2026-05-27 07:18:56.009 9 WARNING neutron_lib.context [None req-ef4080f0-0692-4952-9bd9-9fdba15a8b08 bebf68210a9545d1ad9052f6d64a1384 d07c120a6dab46c68aba7fbd3709c920 - - default default] Method 'is_advsvc' is deprecated since 2023.2 release (neutron-lib 3.8.0) and will be removed once support for the old RBAC API policies will be removed from Neutron. Please use method 'is_service_role' instead.
2026-05-27 07:18:56.018 9 INFO neutron.wsgi [None req-6ff955e8-c2c8-417c-8047-722c701751cb 49d1c7e7502c4c6b97f54e8f4f212323 14388796f3654fe08055252b4966ed29 - - default default] 10.0.0.78 "GET /v2.0/security-groups?tenant_id=dde015090fe644dea7f9517a570208b4&name=default HTTP/1.1" status: 200 len: 3124 time: 0.5449729
2026-05-27 07:18:56.023 9 INFO neutron.db.ovn_revision_numbers_db [None req-1cbfd0d9-7939-4b44-a5e0-fd368f313994 - - - - - -] Successfully bumped revision number for resource 3810fe19-8a7f-41e8-bbf6-8c8054824593 (type: ports) to 2
2026-05-27 07:18:56.226 10 INFO neutron.wsgi [None req-d11d4dc7-2421-4f46-b5ad-e734e0cd5fd4 c019ce573e4d49a98212334e20796333 82fb12e7569c4c48842405ac4cde8a12 - - default default] 10.0.0.78 "GET /v2.0/routers/29b986f7-b08c-443e-ba29-083257806e65/tags HTTP/1.1" status: 200 len: 205 time: 0.5518396
2026-05-27 07:18:56.287 10 INFO neutron.wsgi [None req-717471c9-2fae-4fd2-83b0-d44a15d483f3 c019ce573e4d49a98212334e20796333 82fb12e7569c4c48842405ac4cde8a12 - - default default] 10.0.0.78 "GET /v2.0/routers/29b986f7-b08c-443e-ba29-083257806e65 HTTP/1.1" status: 200 len: 770 time: 0.0542488
2026-05-27 07:18:56.366 9 INFO neutron.db.ovn_revision_numbers_db [None req-1cbfd0d9-7939-4b44-a5e0-fd368f313994 - - - - - -] Successfully bumped revision number for resource 3810fe19-8a7f-41e8-bbf6-8c8054824593 (type: router_ports) to 2
2026-05-27 07:18:56.760 10 INFO neutron.db.ovn_revision_numbers_db [None req-b0f6f2c4-512f-4fb6-82f3-aa29b87eea40 c019ce573e4d49a98212334e20796333 82fb12e7569c4c48842405ac4cde8a12 - - default default] Successfully bumped revision number for resource 29b986f7-b08c-443e-ba29-083257806e65 (type: routers) to 7
2026-05-27 07:18:56.769 10 INFO neutron.wsgi [None req-b0f6f2c4-512f-4fb6-82f3-aa29b87eea40 c019ce573e4d49a98212334e20796333 82fb12e7569c4c48842405ac4cde8a12 - - default default] 10.0.0.78 "PUT /v2.0/routers/29b986f7-b08c-443e-ba29-083257806e65 HTTP/1.1" status: 200 len: 770 time: 0.4760633
2026-05-27 07:18:56.801 10 INFO neutron.wsgi [None req-7a60d5c6-481b-486e-ace9-95900d62f5de c019ce573e4d49a98212334e20796333 82fb12e7569c4c48842405ac4cde8a12 - - default default] 10.0.0.78 "GET /v2.0/ports?device_id=29b986f7-b08c-443e-ba29-083257806e65 HTTP/1.1" status: 200 len: 205 time: 0.0253894
2026-05-27 07:18:57.094 10 INFO neutron.wsgi [None req-17432610-0795-4763-a6cf-1e30ced6fd2c c019ce573e4d49a98212334e20796333 82fb12e7569c4c48842405ac4cde8a12 - - default default] 10.0.0.78 "DELETE /v2.0/routers/29b986f7-b08c-443e-ba29-083257806e65 HTTP/1.1" status: 204 len: 168 time: 0.2880914
2026-05-27 07:18:57.211 9 INFO neutron.wsgi [None req-871f612a-9b57-4893-8d97-bfe78dbce797 49d1c7e7502c4c6b97f54e8f4f212323 14388796f3654fe08055252b4966ed29 - - default default] 10.0.0.78 "DELETE /v2.0/security-groups/47b6e2e7-75ab-428d-9a81-93c2237efe47 HTTP/1.1" status: 204 len: 168 time: 1.1827509
2026-05-27 07:18:57.267 10 WARNING neutron.plugins.ml2.drivers.ovn.mech_driver.ovsdb.ovn_client [None req-47e41312-481e-440c-bc7f-e982aa13891a - - - - - -] No hosting information found for port fb9878f0-13a8-4b7c-9bf5-35560f7416e9: RuntimeError: No hosting information found for port fb9878f0-13a8-4b7c-9bf5-35560f7416e9
2026-05-27 07:18:57.446 9 WARNING neutron.scheduler.dhcp_agent_scheduler [None req-ef4080f0-0692-4952-9bd9-9fdba15a8b08 bebf68210a9545d1ad9052f6d64a1384 d07c120a6dab46c68aba7fbd3709c920 - - default default] No more DHCP agents
2026-05-27 07:18:57.448 9 WARNING neutron.api.rpc.agentnotifiers.dhcp_rpc_agent_api [None req-ef4080f0-0692-4952-9bd9-9fdba15a8b08 bebf68210a9545d1ad9052f6d64a1384 d07c120a6dab46c68aba7fbd3709c920 - - default default] Unable to schedule network 5a52102f-3741-45d2-8ee4-2af75b2e8b81: no agents available; will retry on subsequent port and subnet creation events.
2026-05-27 07:18:57.657 9 INFO neutron.db.ovn_revision_numbers_db [None req-ef4080f0-0692-4952-9bd9-9fdba15a8b08 bebf68210a9545d1ad9052f6d64a1384 d07c120a6dab46c68aba7fbd3709c920 - - default default] Successfully bumped revision number for resource 28787317-73fa-42d9-8bb0-30857e2f9d54 (type: ports) to 1
2026-05-27 07:18:57.948 9 INFO neutron.db.ovn_revision_numbers_db [None req-ef4080f0-0692-4952-9bd9-9fdba15a8b08 bebf68210a9545d1ad9052f6d64a1384 d07c120a6dab46c68aba7fbd3709c920 - - default default] Successfully bumped revision number for resource 28787317-73fa-42d9-8bb0-30857e2f9d54 (type: ports) to 1
2026-05-27 07:18:58.019 9 INFO neutron.db.segments_db [None req-ef4080f0-0692-4952-9bd9-9fdba15a8b08 bebf68210a9545d1ad9052f6d64a1384 d07c120a6dab46c68aba7fbd3709c920 - - default default] Added segment ba85a90b-96c7-46a8-ba31-3685abc4692a of type geneve for network f22f8331-4b8e-4c46-8f3e-d9275632af84
2026-05-27 07:18:58.229 9 INFO neutron.db.ovn_revision_numbers_db [None req-ef4080f0-0692-4952-9bd9-9fdba15a8b08 bebf68210a9545d1ad9052f6d64a1384 d07c120a6dab46c68aba7fbd3709c920 - - default default] Successfully bumped revision number for resource f22f8331-4b8e-4c46-8f3e-d9275632af84 (type: networks) to 1
2026-05-27 07:18:58.240 9 INFO neutron.db.ovn_revision_numbers_db [None req-15197ad9-0b28-48df-af7f-9624d943e108 49d1c7e7502c4c6b97f54e8f4f212323 14388796f3654fe08055252b4966ed29 - - default default] Successfully bumped revision number for resource 8e9344d1-4a4c-4a06-bb18-c087c67f017a (type: security_groups) to 1
2026-05-27 07:18:58.266 9 INFO neutron.db.ovn_revision_numbers_db [None req-15197ad9-0b28-48df-af7f-9624d943e108 49d1c7e7502c4c6b97f54e8f4f212323 14388796f3654fe08055252b4966ed29 - - default default] Successfully bumped revision number for resource 2de0b497-5191-4809-bb0e-d69d531a9bee (type: security_group_rules) to 0
2026-05-27 07:18:58.290 9 INFO neutron.db.ovn_revision_numbers_db [None req-15197ad9-0b28-48df-af7f-9624d943e108 49d1c7e7502c4c6b97f54e8f4f212323 14388796f3654fe08055252b4966ed29 - - default default] Successfully bumped revision number for resource d3c729bb-8887-4ffe-b406-69e68a6be054 (type: security_group_rules) to 0
2026-05-27 07:18:58.320 9 INFO neutron.db.ovn_revision_numbers_db [None req-15197ad9-0b28-48df-af7f-9624d943e108 49d1c7e7502c4c6b97f54e8f4f212323 14388796f3654fe08055252b4966ed29 - - default default] Successfully bumped revision number for resource e3d34c00-572b-4f94-ae64-37fdcbb1f890 (type: security_group_rules) to 0
2026-05-27 07:18:58.351 9 INFO neutron.db.ovn_revision_numbers_db [None req-15197ad9-0b28-48df-af7f-9624d943e108 49d1c7e7502c4c6b97f54e8f4f212323 14388796f3654fe08055252b4966ed29 - - default default] Successfully bumped revision number for resource f560ee95-6b82-4306-941c-66eac4595580 (type: security_group_rules) to 0
