2026-05-27 07:15:39.831 9 INFO neutron.db.ovn_revision_numbers_db [None req-dd22392a-42a3-4dab-93a9-784817231b71 49d1c7e7502c4c6b97f54e8f4f212323 14388796f3654fe08055252b4966ed29 - - default default] Successfully bumped revision number for resource aa603438-ffa7-4a5e-9692-3cb61bbb7e25 (type: router_ports) to 1
2026-05-27 07:15:39.837 9 INFO neutron.wsgi [None req-dd22392a-42a3-4dab-93a9-784817231b71 49d1c7e7502c4c6b97f54e8f4f212323 14388796f3654fe08055252b4966ed29 - - default default] 10.0.0.78 "PUT /v2.0/routers/680f92c6-874d-4da3-8450-01c317a3b4c6/add_router_interface HTTP/1.1" status: 200 len: 503 time: 4.7749593
2026-05-27 07:15:39.845 9 INFO neutron.db.ovn_revision_numbers_db [None req-1cbfd0d9-7939-4b44-a5e0-fd368f313994 - - - - - -] Successfully bumped revision number for resource 4dd73164-f53c-4fc6-a9ff-f652b8827c5b (type: router_ports) to 4
2026-05-27 07:15:40.193 10 INFO neutron.db.ovn_revision_numbers_db [None req-f062959e-0cb1-4ca0-8267-ebd4a4b22d21 0e38d5dc085243399bbe19e12996cfa1 406d61b86c87402694c471cc762f9109 - - default default] Successfully bumped revision number for resource c7154958-98cd-4620-a003-6a855b85bafa (type: networks) to 1
2026-05-27 07:15:40.550 10 WARNING neutron.scheduler.dhcp_agent_scheduler [None req-f062959e-0cb1-4ca0-8267-ebd4a4b22d21 0e38d5dc085243399bbe19e12996cfa1 406d61b86c87402694c471cc762f9109 - - default default] No more DHCP agents
2026-05-27 07:15:40.560 10 WARNING neutron.api.rpc.agentnotifiers.dhcp_rpc_agent_api [None req-f062959e-0cb1-4ca0-8267-ebd4a4b22d21 0e38d5dc085243399bbe19e12996cfa1 406d61b86c87402694c471cc762f9109 - - default default] Unable to schedule network c7154958-98cd-4620-a003-6a855b85bafa: no agents available; will retry on subsequent port and subnet creation events.
2026-05-27 07:15:40.713 10 INFO neutron.db.ovn_revision_numbers_db [None req-f062959e-0cb1-4ca0-8267-ebd4a4b22d21 0e38d5dc085243399bbe19e12996cfa1 406d61b86c87402694c471cc762f9109 - - default default] Successfully bumped revision number for resource 5b035f05-cf88-4f2f-acee-67d7849a05e5 (type: ports) to 1
2026-05-27 07:15:40.768 10 INFO neutron.wsgi [None req-f062959e-0cb1-4ca0-8267-ebd4a4b22d21 0e38d5dc085243399bbe19e12996cfa1 406d61b86c87402694c471cc762f9109 - - default default] 10.0.0.78 "POST /v2.0/networks HTTP/1.1" status: 201 len: 833 time: 1.4985526
2026-05-27 07:15:40.783 9 WARNING neutron_lib.context [None req-8cfc957f-55db-4d6f-be92-5ad5c9dd921f 0e38d5dc085243399bbe19e12996cfa1 406d61b86c87402694c471cc762f9109 - - default default] Method 'is_advsvc' is deprecated since 2023.2 release (neutron-lib 3.8.0) and will be removed once support for the old RBAC API policies will be removed from Neutron. Please use method 'is_service_role' instead.
2026-05-27 07:15:41.049 10 INFO neutron.wsgi [req-b8b10ffd-1344-4eae-bc11-f6389c30cf9f req-c1a1b648-eb91-4f6e-bf27-444615965e16 914142a31c1b4a2f94b9026d1c55c5b6 f51c8e57cbf5481b90ed8407cb87ed5e - - default default] 10.0.0.171 "GET /v2.0/networks?id=b083388b-d2a9-48bc-8311-f58177ad9d90 HTTP/1.1" status: 200 len: 877 time: 0.1238418
2026-05-27 07:15:41.063 10 INFO neutron.db.ovn_revision_numbers_db [None req-d4803b4d-4d74-4c4a-adef-b7339a87dd56 49d1c7e7502c4c6b97f54e8f4f212323 14388796f3654fe08055252b4966ed29 - - default default] Successfully bumped revision number for resource 8c5b78a0-c78f-42ff-a5d4-673b9e7a2e4a (type: router_ports) to 1
2026-05-27 07:15:41.073 10 INFO neutron.wsgi [None req-d4803b4d-4d74-4c4a-adef-b7339a87dd56 49d1c7e7502c4c6b97f54e8f4f212323 14388796f3654fe08055252b4966ed29 - - default default] 10.0.0.78 "PUT /v2.0/routers/cfa43244-5dd1-4924-878f-52287fcf9871/add_router_interface HTTP/1.1" status: 200 len: 503 time: 4.6456330
2026-05-27 07:15:41.080 10 INFO neutron.wsgi [req-b8b10ffd-1344-4eae-bc11-f6389c30cf9f req-a06d0474-692c-4da8-a9bf-25b969f5c8f2 914142a31c1b4a2f94b9026d1c55c5b6 f51c8e57cbf5481b90ed8407cb87ed5e - - default default] 10.0.0.171 "GET /v2.0/quotas/f51c8e57cbf5481b90ed8407cb87ed5e HTTP/1.1" status: 200 len: 491 time: 0.0198135
2026-05-27 07:15:41.129 9 WARNING neutron.scheduler.dhcp_agent_scheduler [None req-8cfc957f-55db-4d6f-be92-5ad5c9dd921f 0e38d5dc085243399bbe19e12996cfa1 406d61b86c87402694c471cc762f9109 - - default default] No more DHCP agents
2026-05-27 07:15:41.132 9 WARNING neutron.api.rpc.agentnotifiers.dhcp_rpc_agent_api [None req-8cfc957f-55db-4d6f-be92-5ad5c9dd921f 0e38d5dc085243399bbe19e12996cfa1 406d61b86c87402694c471cc762f9109 - - default default] Unable to schedule network c7154958-98cd-4620-a003-6a855b85bafa: no agents available; will retry on subsequent port and subnet creation events.
2026-05-27 07:15:41.178 9 INFO neutron.db.ovn_revision_numbers_db [None req-8cfc957f-55db-4d6f-be92-5ad5c9dd921f 0e38d5dc085243399bbe19e12996cfa1 406d61b86c87402694c471cc762f9109 - - default default] Successfully bumped revision number for resource 6c1d9534-f5c0-40fb-ad6c-eb43bd59ea14 (type: subnets) to 0
2026-05-27 07:15:41.196 9 INFO neutron.wsgi [None req-8cfc957f-55db-4d6f-be92-5ad5c9dd921f 0e38d5dc085243399bbe19e12996cfa1 406d61b86c87402694c471cc762f9109 - - default default] 10.0.0.78 "POST /v2.0/subnets HTTP/1.1" status: 201 len: 821 time: 0.4209149
2026-05-27 07:15:41.212 9 WARNING neutron_lib.context [None req-dbc61425-dff8-483f-915e-840a1ff95105 0e38d5dc085243399bbe19e12996cfa1 406d61b86c87402694c471cc762f9109 - - default default] Method 'is_advsvc' is deprecated since 2023.2 release (neutron-lib 3.8.0) and will be removed once support for the old RBAC API policies will be removed from Neutron. Please use method 'is_service_role' instead.
2026-05-27 07:15:41.225 10 INFO neutron.db.ovn_revision_numbers_db [None req-a905076a-d877-45f1-9704-dc9e407182c2 - - - - - -] Successfully bumped revision number for resource bacd88ef-ad53-405d-bae4-b388afec12bd (type: ports) to 1
2026-05-27 07:15:41.230 10 INFO neutron.wsgi [req-b8b10ffd-1344-4eae-bc11-f6389c30cf9f req-53e90148-20a2-43ca-810a-0bc2c7018cd0 914142a31c1b4a2f94b9026d1c55c5b6 f51c8e57cbf5481b90ed8407cb87ed5e - - default default] 10.0.0.171 "GET /v2.0/ports?tenant_id=f51c8e57cbf5481b90ed8407cb87ed5e&fields=id HTTP/1.1" status: 200 len: 302 time: 0.1322136
2026-05-27 07:15:41.268 10 INFO neutron.db.ovn_revision_numbers_db [None req-d21e4e7c-fb45-4c6c-8845-dcbf6af5a7b3 49d1c7e7502c4c6b97f54e8f4f212323 14388796f3654fe08055252b4966ed29 - - default default] Successfully bumped revision number for resource eb8fa112-1755-4df8-a4d5-ab3636356e91 (type: security_groups) to 1
2026-05-27 07:15:41.302 10 INFO neutron.db.ovn_revision_numbers_db [None req-d21e4e7c-fb45-4c6c-8845-dcbf6af5a7b3 49d1c7e7502c4c6b97f54e8f4f212323 14388796f3654fe08055252b4966ed29 - - default default] Successfully bumped revision number for resource 6385a6ac-2a8e-416b-8b07-3deb97e6eafa (type: security_group_rules) to 0
2026-05-27 07:15:41.324 10 INFO neutron.db.ovn_revision_numbers_db [None req-d21e4e7c-fb45-4c6c-8845-dcbf6af5a7b3 49d1c7e7502c4c6b97f54e8f4f212323 14388796f3654fe08055252b4966ed29 - - default default] Successfully bumped revision number for resource afae57ab-99b1-44cd-8f15-46fe0099f0c4 (type: security_group_rules) to 0
2026-05-27 07:15:41.328 10 INFO neutron.wsgi [req-b8b10ffd-1344-4eae-bc11-f6389c30cf9f req-fa1e6dc4-741c-47c4-b8b7-c6f74aa37722 f6e127efe92449f1b7570ccc7a7e1f09 e7c7f8f054f546618b8e4c049ddcd3b2 - - 2ce922d5462c4e70a7bbd2870c916094 2ce922d5462c4e70a7bbd2870c916094] 10.0.0.171 "GET /v2.0/networks/b083388b-d2a9-48bc-8311-f58177ad9d90?fields=segments HTTP/1.1" status: 200 len: 212 time: 0.0881610
2026-05-27 07:15:41.353 9 INFO neutron.db.ovn_revision_numbers_db [None req-dbc61425-dff8-483f-915e-840a1ff95105 0e38d5dc085243399bbe19e12996cfa1 406d61b86c87402694c471cc762f9109 - - default default] Successfully bumped revision number for resource fac16aa1-5527-4534-a259-3903096786d5 (type: routers) to 1
2026-05-27 07:15:41.359 10 INFO neutron.db.ovn_revision_numbers_db [None req-d21e4e7c-fb45-4c6c-8845-dcbf6af5a7b3 49d1c7e7502c4c6b97f54e8f4f212323 14388796f3654fe08055252b4966ed29 - - default default] Successfully bumped revision number for resource d2436601-186d-4a07-abea-0b3d281e0edf (type: security_group_rules) to 0
2026-05-27 07:15:41.373 9 INFO neutron.wsgi [None req-dbc61425-dff8-483f-915e-840a1ff95105 0e38d5dc085243399bbe19e12996cfa1 406d61b86c87402694c471cc762f9109 - - default default] 10.0.0.78 "POST /v2.0/routers HTTP/1.1" status: 201 len: 806 time: 0.1678534
2026-05-27 07:15:41.400 10 INFO neutron.db.ovn_revision_numbers_db [None req-d21e4e7c-fb45-4c6c-8845-dcbf6af5a7b3 49d1c7e7502c4c6b97f54e8f4f212323 14388796f3654fe08055252b4966ed29 - - default default] Successfully bumped revision number for resource f670e4b4-1c76-4cea-a1a6-a2888183f102 (type: security_group_rules) to 0
2026-05-27 07:15:41.439 10 INFO neutron.wsgi [None req-d21e4e7c-fb45-4c6c-8845-dcbf6af5a7b3 49d1c7e7502c4c6b97f54e8f4f212323 14388796f3654fe08055252b4966ed29 - - default default] 10.0.0.78 "GET /v2.0/security-groups?tenant_id=9f02ad22f0e44035b880933fd6968a14&name=default HTTP/1.1" status: 200 len: 3120 time: 0.5759676
2026-05-27 07:15:41.447 10 INFO neutron.wsgi [req-b8b10ffd-1344-4eae-bc11-f6389c30cf9f req-dc6acf8a-5bda-4b1e-84c8-857b98e54ece f6e127efe92449f1b7570ccc7a7e1f09 e7c7f8f054f546618b8e4c049ddcd3b2 - - 2ce922d5462c4e70a7bbd2870c916094 2ce922d5462c4e70a7bbd2870c916094] 10.0.0.171 "GET /v2.0/networks/b083388b-d2a9-48bc-8311-f58177ad9d90?fields=provider%3Aphysical_network&fields=provider%3Anetwork_type HTTP/1.1" status: 200 len: 277 time: 0.1093011
2026-05-27 07:15:41.977 10 INFO neutron.wsgi [req-743f2fdb-9a46-4faf-934d-70faaa8f6864 req-7a5c5a77-bfb9-4abb-b7d1-535faa805aef 914142a31c1b4a2f94b9026d1c55c5b6 f51c8e57cbf5481b90ed8407cb87ed5e - - default default] 10.0.0.171 "GET /v2.0/ports?device_id=077655e2-2fe7-491f-9fcc-e101450cb4bb HTTP/1.1" status: 200 len: 210 time: 0.0387826
2026-05-27 07:15:41.998 10 INFO neutron.plugins.ml2.drivers.ovn.mech_driver.mech_driver [None req-47e41312-481e-440c-bc7f-e982aa13891a - - - - - -] OVN reports status up for port: aa603438-ffa7-4a5e-9692-3cb61bbb7e25
2026-05-27 07:15:42.020 10 INFO neutron.plugins.ml2.plugin [None req-47e41312-481e-440c-bc7f-e982aa13891a - - - - - -] Attempt 1 to provision port aa603438-ffa7-4a5e-9692-3cb61bbb7e25
2026-05-27 07:15:42.057 9 WARNING neutron.scheduler.dhcp_agent_scheduler [None req-7983811b-4db4-4f42-9f6c-18fd22ba003b 0e38d5dc085243399bbe19e12996cfa1 406d61b86c87402694c471cc762f9109 - - default default] No more DHCP agents
2026-05-27 07:15:42.060 9 WARNING neutron.api.rpc.agentnotifiers.dhcp_rpc_agent_api [None req-7983811b-4db4-4f42-9f6c-18fd22ba003b 0e38d5dc085243399bbe19e12996cfa1 406d61b86c87402694c471cc762f9109 - - default default] Unable to schedule network c7154958-98cd-4620-a003-6a855b85bafa: no agents available; will retry on subsequent port and subnet creation events.
2026-05-27 07:15:42.215 9 INFO neutron.db.ovn_revision_numbers_db [None req-7983811b-4db4-4f42-9f6c-18fd22ba003b 0e38d5dc085243399bbe19e12996cfa1 406d61b86c87402694c471cc762f9109 - - default default] Successfully bumped revision number for resource 2fd3343b-d001-4be1-bb2e-c17c4b96f9b7 (type: ports) to 1
2026-05-27 07:15:42.307 10 INFO neutron.db.ovn_revision_numbers_db [None req-a905076a-d877-45f1-9704-dc9e407182c2 - - - - - -] Successfully bumped revision number for resource bacd88ef-ad53-405d-bae4-b388afec12bd (type: router_ports) to 3
2026-05-27 07:15:42.327 10 INFO neutron.wsgi [None req-554d5f41-d6b9-48b7-bc77-3adc61dc6a46 49d1c7e7502c4c6b97f54e8f4f212323 14388796f3654fe08055252b4966ed29 - - default default] 10.0.0.78 "DELETE /v2.0/security-groups/eb8fa112-1755-4df8-a4d5-ab3636356e91 HTTP/1.1" status: 204 len: 168 time: 0.8784266
2026-05-27 07:15:42.524 9 INFO neutron.db.ovn_revision_numbers_db [None req-9092eb9c-3fa2-4a45-9b1e-98e422c7def8 49d1c7e7502c4c6b97f54e8f4f212323 14388796f3654fe08055252b4966ed29 - - default default] Successfully bumped revision number for resource 28404f29-6e80-4a71-8293-780b4e30bc7c (type: security_groups) to 1
2026-05-27 07:15:42.549 9 INFO neutron.db.ovn_revision_numbers_db [None req-9092eb9c-3fa2-4a45-9b1e-98e422c7def8 49d1c7e7502c4c6b97f54e8f4f212323 14388796f3654fe08055252b4966ed29 - - default default] Successfully bumped revision number for resource 0228bb1e-86e3-4ee5-b225-e43cdaf7e307 (type: security_group_rules) to 0
2026-05-27 07:15:42.589 9 INFO neutron.db.ovn_revision_numbers_db [None req-9092eb9c-3fa2-4a45-9b1e-98e422c7def8 49d1c7e7502c4c6b97f54e8f4f212323 14388796f3654fe08055252b4966ed29 - - default default] Successfully bumped revision number for resource 38d6f61c-36ba-47cb-884d-d127f05b1434 (type: security_group_rules) to 0
2026-05-27 07:15:42.617 9 INFO neutron.db.ovn_revision_numbers_db [None req-9092eb9c-3fa2-4a45-9b1e-98e422c7def8 49d1c7e7502c4c6b97f54e8f4f212323 14388796f3654fe08055252b4966ed29 - - default default] Successfully bumped revision number for resource 523f0c4f-215b-4e5c-9b02-7a80c753f355 (type: security_group_rules) to 0
2026-05-27 07:15:42.643 9 INFO neutron.db.ovn_revision_numbers_db [None req-9092eb9c-3fa2-4a45-9b1e-98e422c7def8 49d1c7e7502c4c6b97f54e8f4f212323 14388796f3654fe08055252b4966ed29 - - default default] Successfully bumped revision number for resource 6a7d4005-c780-4466-9052-7ece38d0c21f (type: security_group_rules) to 0
2026-05-27 07:15:42.694 10 INFO neutron.db.ovn_revision_numbers_db [None req-47e41312-481e-440c-bc7f-e982aa13891a - - - - - -] Successfully bumped revision number for resource aa603438-ffa7-4a5e-9692-3cb61bbb7e25 (type: ports) to 2
2026-05-27 07:15:42.704 10 INFO neutron.db.ovn_revision_numbers_db [None req-a905076a-d877-45f1-9704-dc9e407182c2 - - - - - -] Successfully bumped revision number for resource bacd88ef-ad53-405d-bae4-b388afec12bd (type: ports) to 2
2026-05-27 07:15:42.720 9 INFO neutron.db.segments_db [None req-9092eb9c-3fa2-4a45-9b1e-98e422c7def8 49d1c7e7502c4c6b97f54e8f4f212323 14388796f3654fe08055252b4966ed29 - - default default] Added segment 18b009b8-b942-41c9-9933-93b2db5f36e2 of type geneve for network 61a774f2-c52c-4653-83d5-94c198f6339c
2026-05-27 07:15:42.813 9 INFO neutron.db.ovn_revision_numbers_db [None req-655fc1c4-5684-4823-9126-2d107d7503be 49d1c7e7502c4c6b97f54e8f4f212323 14388796f3654fe08055252b4966ed29 - - default default] Successfully bumped revision number for resource 8fc99abb-7b0d-4788-b596-2360f807236d (type: security_groups) to 1
2026-05-27 07:15:42.832 10 INFO neutron.wsgi [req-b8b10ffd-1344-4eae-bc11-f6389c30cf9f req-c2cb8032-a4df-45dd-bd3f-ff93a7334fae 914142a31c1b4a2f94b9026d1c55c5b6 f51c8e57cbf5481b90ed8407cb87ed5e - - default default] 199.204.45.244 "GET /v2.0/networks?id=b083388b-d2a9-48bc-8311-f58177ad9d90 HTTP/1.1" status: 200 len: 877 time: 0.1479285
2026-05-27 07:15:42.848 10 WARNING neutron_lib.context [req-b8b10ffd-1344-4eae-bc11-f6389c30cf9f req-8a5aeca4-e7c6-44c9-8a59-42e6a6627500 914142a31c1b4a2f94b9026d1c55c5b6 f51c8e57cbf5481b90ed8407cb87ed5e - - default default] Method 'is_advsvc' is deprecated since 2023.2 release (neutron-lib 3.8.0) and will be removed once support for the old RBAC API policies will be removed from Neutron. Please use method 'is_service_role' instead.
2026-05-27 07:15:42.855 9 INFO neutron.db.ovn_revision_numbers_db [None req-655fc1c4-5684-4823-9126-2d107d7503be 49d1c7e7502c4c6b97f54e8f4f212323 14388796f3654fe08055252b4966ed29 - - default default] Successfully bumped revision number for resource 38c0414f-a139-4e33-86ba-1bd8a4aecb10 (type: security_group_rules) to 0
2026-05-27 07:15:42.891 9 INFO neutron.db.ovn_revision_numbers_db [None req-655fc1c4-5684-4823-9126-2d107d7503be 49d1c7e7502c4c6b97f54e8f4f212323 14388796f3654fe08055252b4966ed29 - - default default] Successfully bumped revision number for resource 7db533c0-7598-4552-a556-115b4a1cb25d (type: security_group_rules) to 0
2026-05-27 07:15:42.985 10 INFO neutron.db.ovn_revision_numbers_db [None req-47e41312-481e-440c-bc7f-e982aa13891a - - - - - -] Successfully bumped revision number for resource aa603438-ffa7-4a5e-9692-3cb61bbb7e25 (type: router_ports) to 2
2026-05-27 07:15:43.144 10 INFO neutron.wsgi [req-f194c17c-2824-4640-82d6-13d2d195c10c req-0c378317-2e93-4b18-8900-9850a6607d5d 914142a31c1b4a2f94b9026d1c55c5b6 f51c8e57cbf5481b90ed8407cb87ed5e - - default default] 10.0.0.171 "GET /v2.0/ports?device_id=077655e2-2fe7-491f-9fcc-e101450cb4bb HTTP/1.1" status: 200 len: 210 time: 0.0679686
2026-05-27 07:15:43.310 9 ERROR ovsdbapp.backend.ovs_idl.command [None req-7983811b-4db4-4f42-9f6c-18fd22ba003b 0e38d5dc085243399bbe19e12996cfa1 406d61b86c87402694c471cc762f9109 - - default default] Error executing command (DbGetCommand): ovsdbapp.backend.ovs_idl.idlutils.RowNotFound: Cannot find Logical_Router_Port with name=lrp-2fd3343b-d001-4be1-bb2e-c17c4b96f9b7
2026-05-27 07:15:43.310 9 ERROR ovsdbapp.backend.ovs_idl.command
Traceback (most recent call last):
2026-05-27 07:15:43.310 9 ERROR ovsdbapp.backend.ovs_idl.command
File "/var/lib/openstack/lib/python3.10/site-packages/ovsdbapp/backend/ovs_idl/command.py", line 47, in execute
2026-05-27 07:15:43.310 9 ERROR ovsdbapp.backend.ovs_idl.command self.run_idl(None)
2026-05-27 07:15:43.310 9 ERROR ovsdbapp.backend.ovs_idl.command
File "/var/lib/openstack/lib/python3.10/site-packages/ovsdbapp/backend/ovs_idl/command.py", line 235, in run_idl
2026-05-27 07:15:43.310 9 ERROR ovsdbapp.backend.ovs_idl.command record = self.api.lookup(self.table, self.record)
2026-05-27 07:15:43.310 9 ERROR ovsdbapp.backend.ovs_idl.command
File "/var/lib/openstack/lib/python3.10/site-packages/ovsdbapp/backend/ovs_idl/__init__.py", line 184, in lookup
2026-05-27 07:15:43.310 9 ERROR ovsdbapp.backend.ovs_idl.command return self._lookup(table, record)
2026-05-27 07:15:43.310 9 ERROR ovsdbapp.backend.ovs_idl.command
File "/var/lib/openstack/lib/python3.10/site-packages/ovsdbapp/backend/ovs_idl/__init__.py", line 235, in _lookup
2026-05-27 07:15:43.310 9 ERROR ovsdbapp.backend.ovs_idl.command row = idlutils.row_by_value(self, rl.table, rl.column, record)
2026-05-27 07:15:43.310 9 ERROR ovsdbapp.backend.ovs_idl.command
File "/var/lib/openstack/lib/python3.10/site-packages/ovsdbapp/backend/ovs_idl/idlutils.py", line 114, in row_by_value
2026-05-27 07:15:43.310 9 ERROR ovsdbapp.backend.ovs_idl.command raise RowNotFound(table=table, col=column, match=match)
2026-05-27 07:15:43.310 9 ERROR ovsdbapp.backend.ovs_idl.command ovsdbapp.backend.ovs_idl.idlutils.RowNotFound: Cannot find Logical_Router_Port with name=lrp-2fd3343b-d001-4be1-bb2e-c17c4b96f9b7
2026-05-27 07:15:43.310 9 ERROR ovsdbapp.backend.ovs_idl.command 
2026-05-27 07:15:43.311 9 ERROR neutron_lib.callbacks.manager [None req-7983811b-4db4-4f42-9f6c-18fd22ba003b 0e38d5dc085243399bbe19e12996cfa1 406d61b86c87402694c471cc762f9109 - - default default] Error during notification for neutron.services.ovn_l3.plugin.OVNL3RouterPlugin._port_update-8785617072879 port, after_update: ovsdbapp.backend.ovs_idl.idlutils.RowNotFound: Cannot find Logical_Router_Port with name=lrp-2fd3343b-d001-4be1-bb2e-c17c4b96f9b7
2026-05-27 07:15:43.311 9 ERROR neutron_lib.callbacks.manager
Traceback (most recent call last):
2026-05-27 07:15:43.311 9 ERROR neutron_lib.callbacks.manager
File "/var/lib/openstack/lib/python3.10/site-packages/neutron_lib/callbacks/manager.py", line 189, in _notify_loop
2026-05-27 07:15:43.311 9 ERROR neutron_lib.callbacks.manager callback.method(resource, event, trigger, payload=payload)
2026-05-27 07:15:43.311 9 ERROR neutron_lib.callbacks.manager
File "/var/lib/openstack/lib/python3.10/site-packages/neutron/services/ovn_l3/plugin.py", line 391, in _port_update
2026-05-27 07:15:43.311 9 ERROR neutron_lib.callbacks.manager l3plugin._ovn_client.update_router_port(context,
2026-05-27 07:15:43.311 9 ERROR neutron_lib.callbacks.manager
File "/var/lib/openstack/lib/python3.10/site-packages/neutron/plugins/ml2/drivers/ovn/mech_driver/ovsdb/ovn_client.py", line 1878, in update_router_port
2026-05-27 07:15:43.311 9 ERROR neutron_lib.callbacks.manager self._update_lrouter_port(context, port, if_exists=if_exists,
2026-05-27 07:15:43.311 9 ERROR neutron_lib.callbacks.manager
File "/var/lib/openstack/lib/python3.10/site-packages/neutron/plugins/ml2/drivers/ovn/mech_driver/ovsdb/ovn_client.py", line 1855, in _update_lrouter_port
2026-05-27 07:15:43.311 9 ERROR neutron_lib.callbacks.manager external_ids = self._nb_idl.db_get(
2026-05-27 07:15:43.311 9 ERROR neutron_lib.callbacks.manager
File "/var/lib/openstack/lib/python3.10/site-packages/ovsdbapp/backend/ovs_idl/command.py", line 47, in execute
2026-05-27 07:15:43.311 9 ERROR neutron_lib.callbacks.manager self.run_idl(None)
2026-05-27 07:15:43.311 9 ERROR neutron_lib.callbacks.manager
File "/var/lib/openstack/lib/python3.10/site-packages/ovsdbapp/backend/ovs_idl/command.py", line 235, in run_idl
2026-05-27 07:15:43.311 9 ERROR neutron_lib.callbacks.manager record = self.api.lookup(self.table, self.record)
2026-05-27 07:15:43.311 9 ERROR neutron_lib.callbacks.manager
File "/var/lib/openstack/lib/python3.10/site-packages/ovsdbapp/backend/ovs_idl/__init__.py", line 184, in lookup
2026-05-27 07:15:43.311 9 ERROR neutron_lib.callbacks.manager return self._lookup(table, record)
2026-05-27 07:15:43.311 9 ERROR neutron_lib.callbacks.manager
File "/var/lib/openstack/lib/python3.10/site-packages/ovsdbapp/backend/ovs_idl/__init__.py", line 235, in _lookup
2026-05-27 07:15:43.311 9 ERROR neutron_lib.callbacks.manager row = idlutils.row_by_value(self, rl.table, rl.column, record)
2026-05-27 07:15:43.311 9 ERROR neutron_lib.callbacks.manager
File "/var/lib/openstack/lib/python3.10/site-packages/ovsdbapp/backend/ovs_idl/idlutils.py", line 114, in row_by_value
2026-05-27 07:15:43.311 9 ERROR neutron_lib.callbacks.manager raise RowNotFound(table=table, col=column, match=match)
2026-05-27 07:15:43.311 9 ERROR neutron_lib.callbacks.manager ovsdbapp.backend.ovs_idl.idlutils.RowNotFound: Cannot find Logical_Router_Port with name=lrp-2fd3343b-d001-4be1-bb2e-c17c4b96f9b7
2026-05-27 07:15:43.311 9 ERROR neutron_lib.callbacks.manager 
2026-05-27 07:15:43.315 9 INFO neutron.db.ovn_revision_numbers_db [None req-655fc1c4-5684-4823-9126-2d107d7503be 49d1c7e7502c4c6b97f54e8f4f212323 14388796f3654fe08055252b4966ed29 - - default default] Successfully bumped revision number for resource c04f6455-abdc-4e73-a8f5-9c500d94eadd (type: security_group_rules) to 0
2026-05-27 07:15:43.357 9 INFO neutron.db.ovn_revision_numbers_db [None req-655fc1c4-5684-4823-9126-2d107d7503be 49d1c7e7502c4c6b97f54e8f4f212323 14388796f3654fe08055252b4966ed29 - - default default] Successfully bumped revision number for resource d800c06e-9367-40e5-afa3-cb65e604cb13 (type: security_group_rules) to 0
2026-05-27 07:15:43.365 9 INFO neutron.db.ovn_revision_numbers_db [None req-9092eb9c-3fa2-4a45-9b1e-98e422c7def8 49d1c7e7502c4c6b97f54e8f4f212323 14388796f3654fe08055252b4966ed29 - - default default] Successfully bumped revision number for resource 61a774f2-c52c-4653-83d5-94c198f6339c (type: networks) to 1
2026-05-27 07:15:43.409 9 INFO neutron.wsgi [None req-655fc1c4-5684-4823-9126-2d107d7503be 49d1c7e7502c4c6b97f54e8f4f212323 14388796f3654fe08055252b4966ed29 - - default default] 10.0.0.78 "GET /v2.0/security-groups?tenant_id=db9a2c6586aa4a0091cd7443e1176354&name=default HTTP/1.1" status: 200 len: 3120 time: 0.8792076
2026-05-27 07:15:43.421 10 WARNING neutron.scheduler.dhcp_agent_scheduler [req-b8b10ffd-1344-4eae-bc11-f6389c30cf9f req-8a5aeca4-e7c6-44c9-8a59-42e6a6627500 914142a31c1b4a2f94b9026d1c55c5b6 f51c8e57cbf5481b90ed8407cb87ed5e - - default default] No more DHCP agents
2026-05-27 07:15:43.423 10 WARNING neutron.api.rpc.agentnotifiers.dhcp_rpc_agent_api [req-b8b10ffd-1344-4eae-bc11-f6389c30cf9f req-8a5aeca4-e7c6-44c9-8a59-42e6a6627500 914142a31c1b4a2f94b9026d1c55c5b6 f51c8e57cbf5481b90ed8407cb87ed5e - - default default] Unable to schedule network b083388b-d2a9-48bc-8311-f58177ad9d90: no agents available; will retry on subsequent port and subnet creation events.
2026-05-27 07:15:43.427 10 INFO neutron.db.ovn_revision_numbers_db [None req-a905076a-d877-45f1-9704-dc9e407182c2 - - - - - -] Successfully bumped revision number for resource bacd88ef-ad53-405d-bae4-b388afec12bd (type: ports) to 4
2026-05-27 07:15:43.582 9 INFO neutron.plugins.ml2.drivers.ovn.mech_driver.mech_driver [None req-1cbfd0d9-7939-4b44-a5e0-fd368f313994 - - - - - -] OVN reports status up for port: 2fd3343b-d001-4be1-bb2e-c17c4b96f9b7
2026-05-27 07:15:43.611 9 INFO neutron.plugins.ml2.plugin [None req-1cbfd0d9-7939-4b44-a5e0-fd368f313994 - - - - - -] Attempt 1 to provision port 2fd3343b-d001-4be1-bb2e-c17c4b96f9b7
2026-05-27 07:15:43.644 9 INFO neutron.db.ovn_revision_numbers_db [None req-7983811b-4db4-4f42-9f6c-18fd22ba003b 0e38d5dc085243399bbe19e12996cfa1 406d61b86c87402694c471cc762f9109 - - default default] Successfully bumped revision number for resource 2fd3343b-d001-4be1-bb2e-c17c4b96f9b7 (type: ports) to 1
2026-05-27 07:15:43.740 9 WARNING neutron.scheduler.dhcp_agent_scheduler [None req-9092eb9c-3fa2-4a45-9b1e-98e422c7def8 49d1c7e7502c4c6b97f54e8f4f212323 14388796f3654fe08055252b4966ed29 - - default default] No more DHCP agents
2026-05-27 07:15:43.754 9 WARNING neutron.api.rpc.agentnotifiers.dhcp_rpc_agent_api [None req-9092eb9c-3fa2-4a45-9b1e-98e422c7def8 49d1c7e7502c4c6b97f54e8f4f212323 14388796f3654fe08055252b4966ed29 - - default default] Unable to schedule network 61a774f2-c52c-4653-83d5-94c198f6339c: no agents available; will retry on subsequent port and subnet creation events.
2026-05-27 07:15:43.832 9 WARNING neutron.scheduler.dhcp_agent_scheduler [None req-7983811b-4db4-4f42-9f6c-18fd22ba003b 0e38d5dc085243399bbe19e12996cfa1 406d61b86c87402694c471cc762f9109 - - default default] No more DHCP agents
2026-05-27 07:15:43.838 9 WARNING neutron.api.rpc.agentnotifiers.dhcp_rpc_agent_api [None req-7983811b-4db4-4f42-9f6c-18fd22ba003b 0e38d5dc085243399bbe19e12996cfa1 406d61b86c87402694c471cc762f9109 - - default default] Unable to schedule network c7154958-98cd-4620-a003-6a855b85bafa: no agents available; will retry on subsequent port and subnet creation events.
2026-05-27 07:15:43.976 9 INFO neutron.db.ovn_revision_numbers_db [None req-9092eb9c-3fa2-4a45-9b1e-98e422c7def8 49d1c7e7502c4c6b97f54e8f4f212323 14388796f3654fe08055252b4966ed29 - - default default] Successfully bumped revision number for resource 191f754c-0fa4-4029-94df-ce14e8e8d08e (type: ports) to 1
2026-05-27 07:15:44.025 9 INFO neutron.wsgi [None req-f29b686c-8791-4075-ab20-6e63cae493df 49d1c7e7502c4c6b97f54e8f4f212323 14388796f3654fe08055252b4966ed29 - - default default] 10.0.0.78 "DELETE /v2.0/security-groups/8fc99abb-7b0d-4788-b596-2360f807236d HTTP/1.1" status: 204 len: 168 time: 0.6024687
2026-05-27 07:15:44.036 9 INFO neutron.wsgi [None req-9092eb9c-3fa2-4a45-9b1e-98e422c7def8 49d1c7e7502c4c6b97f54e8f4f212323 14388796f3654fe08055252b4966ed29 - - default default] 10.0.0.78 "POST /v2.0/networks HTTP/1.1" status: 201 len: 942 time: 1.8173041
2026-05-27 07:15:44.180 10 INFO neutron.db.ovn_revision_numbers_db [req-b8b10ffd-1344-4eae-bc11-f6389c30cf9f req-8a5aeca4-e7c6-44c9-8a59-42e6a6627500 914142a31c1b4a2f94b9026d1c55c5b6 f51c8e57cbf5481b90ed8407cb87ed5e - - default default] Successfully bumped revision number for resource e1870ea0-250e-455d-bc7f-45a691d0d683 (type: ports) to 1
2026-05-27 07:15:44.215 10 INFO neutron.wsgi [req-b8b10ffd-1344-4eae-bc11-f6389c30cf9f req-8a5aeca4-e7c6-44c9-8a59-42e6a6627500 914142a31c1b4a2f94b9026d1c55c5b6 f51c8e57cbf5481b90ed8407cb87ed5e - - default default] 199.204.45.244 "POST /v2.0/ports HTTP/1.1" status: 201 len: 1158 time: 1.3758476 /var/lib/openstack/lib/python3.10/site-packages/pycadf/identifier.py:71: UserWarning: Invalid uuid: neutron. To ensure interoperability, identifiers should be a valid uuid. warnings.warn(('Invalid uuid: %s. To ensure interoperability, '
2026-05-27 07:15:44.229 9 INFO neutron.db.ovn_revision_numbers_db [None req-7983811b-4db4-4f42-9f6c-18fd22ba003b 0e38d5dc085243399bbe19e12996cfa1 406d61b86c87402694c471cc762f9109 - - default default] Successfully bumped revision number for resource 2fd3343b-d001-4be1-bb2e-c17c4b96f9b7 (type: router_ports) to 1
2026-05-27 07:15:44.237 9 INFO neutron.wsgi [None req-7983811b-4db4-4f42-9f6c-18fd22ba003b 0e38d5dc085243399bbe19e12996cfa1 406d61b86c87402694c471cc762f9109 - - default default] 10.0.0.78 "PUT /v2.0/routers/fac16aa1-5527-4534-a259-3903096786d5/add_router_interface HTTP/1.1" status: 200 len: 503 time: 2.8559229
2026-05-27 07:15:44.279 10 INFO neutron.wsgi [req-047108bd-0df2-4c24-9427-29bd2f0911b7 req-0e2b4a65-bfdb-4387-bb4e-548c1254b211 914142a31c1b4a2f94b9026d1c55c5b6 f51c8e57cbf5481b90ed8407cb87ed5e - - default default] 10.0.0.171 "GET /v2.0/ports?device_id=077655e2-2fe7-491f-9fcc-e101450cb4bb HTTP/1.1" status: 200 len: 1156 time: 0.0615890
2026-05-27 07:15:44.307 9 INFO neutron.wsgi [None req-30512e29-347e-40a2-a227-7f504bc32060 0e38d5dc085243399bbe19e12996cfa1 406d61b86c87402694c471cc762f9109 - - default default] 10.0.0.78 "GET /v2.0/ports/2fd3343b-d001-4be1-bb2e-c17c4b96f9b7 HTTP/1.1" status: 200 len: 1141 time: 0.0595820
2026-05-27 07:15:44.358 10 INFO neutron.db.ovn_revision_numbers_db [None req-a905076a-d877-45f1-9704-dc9e407182c2 - - - - - -] Successfully bumped revision number for resource bacd88ef-ad53-405d-bae4-b388afec12bd (type: router_ports) to 4
2026-05-27 07:15:44.398 10 INFO neutron.wsgi [req-047108bd-0df2-4c24-9427-29bd2f0911b7 req-ff3fbed9-dd9e-448d-b0be-69c0dbdc8e2b 914142a31c1b4a2f94b9026d1c55c5b6 f51c8e57cbf5481b90ed8407cb87ed5e - - default default] 10.0.0.171 "GET /v2.0/security-groups?id=7139d9a3-4e06-48e7-b4ea-7b8ad7ff475c&fields=id&fields=name HTTP/1.1" status: 200 len: 286 time: 0.1104503
2026-05-27 07:15:44.398 9 WARNING neutron.scheduler.dhcp_agent_scheduler [None req-203eab37-4646-4b20-943b-7a7e8ad498e7 49d1c7e7502c4c6b97f54e8f4f212323 14388796f3654fe08055252b4966ed29 - - default default] No more DHCP agents
2026-05-27 07:15:44.403 9 WARNING neutron.api.rpc.agentnotifiers.dhcp_rpc_agent_api [None req-203eab37-4646-4b20-943b-7a7e8ad498e7 49d1c7e7502c4c6b97f54e8f4f212323 14388796f3654fe08055252b4966ed29 - - default default] Unable to schedule network 61a774f2-c52c-4653-83d5-94c198f6339c: no agents available; will retry on subsequent port and subnet creation events.
2026-05-27 07:15:44.454 9 INFO neutron.db.ovn_revision_numbers_db [None req-1cbfd0d9-7939-4b44-a5e0-fd368f313994 - - - - - -] Successfully bumped revision number for resource 2fd3343b-d001-4be1-bb2e-c17c4b96f9b7 (type: ports) to 2
2026-05-27 07:15:44.488 10 INFO neutron.wsgi [None req-dd934572-fcac-4172-96e7-4a66ae8714e4 0e38d5dc085243399bbe19e12996cfa1 406d61b86c87402694c471cc762f9109 - - default default] 10.0.0.78 "GET /v2.0/ports/2fd3343b-d001-4be1-bb2e-c17c4b96f9b7 HTTP/1.1" status: 200 len: 1141 time: 0.1729441
2026-05-27 07:15:44.620 9 INFO neutron.db.ovn_revision_numbers_db [None req-1cbfd0d9-7939-4b44-a5e0-fd368f313994 - - - - - -] Successfully bumped revision number for resource 2fd3343b-d001-4be1-bb2e-c17c4b96f9b7 (type: router_ports) to 2
2026-05-27 07:15:44.920 10 INFO neutron.db.ovn_revision_numbers_db [req-b8b10ffd-1344-4eae-bc11-f6389c30cf9f req-10c22272-5f51-4118-8dc3-ba84fc78cceb f6e127efe92449f1b7570ccc7a7e1f09 e7c7f8f054f546618b8e4c049ddcd3b2 - - 2ce922d5462c4e70a7bbd2870c916094 2ce922d5462c4e70a7bbd2870c916094] Successfully bumped revision number for resource e1870ea0-250e-455d-bc7f-45a691d0d683 (type: ports) to 2
2026-05-27 07:15:44.952 9 INFO neutron.db.ovn_revision_numbers_db [None req-203eab37-4646-4b20-943b-7a7e8ad498e7 49d1c7e7502c4c6b97f54e8f4f212323 14388796f3654fe08055252b4966ed29 - - default default] Successfully bumped revision number for resource 191f754c-0fa4-4029-94df-ce14e8e8d08e (type: ports) to 2
2026-05-27 07:15:44.996 9 INFO neutron.db.ovn_revision_numbers_db [None req-203eab37-4646-4b20-943b-7a7e8ad498e7 49d1c7e7502c4c6b97f54e8f4f212323 14388796f3654fe08055252b4966ed29 - - default default] Successfully bumped revision number for resource d8a13f6a-75fe-4a98-a28a-dbb32dc8ae43 (type: subnets) to 0
2026-05-27 07:15:45.020 9 INFO neutron.wsgi [None req-203eab37-4646-4b20-943b-7a7e8ad498e7 49d1c7e7502c4c6b97f54e8f4f212323 14388796f3654fe08055252b4966ed29 - - default default] 10.0.0.78 "POST /v2.0/subnets HTTP/1.1" status: 201 len: 862 time: 0.9742727
2026-05-27 07:15:45.252 10 INFO neutron.db.ovn_revision_numbers_db [req-b8b10ffd-1344-4eae-bc11-f6389c30cf9f req-10c22272-5f51-4118-8dc3-ba84fc78cceb f6e127efe92449f1b7570ccc7a7e1f09 e7c7f8f054f546618b8e4c049ddcd3b2 - - 2ce922d5462c4e70a7bbd2870c916094 2ce922d5462c4e70a7bbd2870c916094] Successfully bumped revision number for resource e1870ea0-250e-455d-bc7f-45a691d0d683 (type: ports) to 2
2026-05-27 07:15:45.282 10 INFO neutron.wsgi [req-b8b10ffd-1344-4eae-bc11-f6389c30cf9f req-10c22272-5f51-4118-8dc3-ba84fc78cceb f6e127efe92449f1b7570ccc7a7e1f09 e7c7f8f054f546618b8e4c049ddcd3b2 - - 2ce922d5462c4e70a7bbd2870c916094 2ce922d5462c4e70a7bbd2870c916094] 199.204.45.244 "PUT /v2.0/ports/e1870ea0-250e-455d-bc7f-45a691d0d683 HTTP/1.1" status: 200 len: 1376 time: 1.0572898 /var/lib/openstack/lib/python3.10/site-packages/pycadf/identifier.py:71: UserWarning: Invalid uuid: neutron. To ensure interoperability, identifiers should be a valid uuid. warnings.warn(('Invalid uuid: %s. To ensure interoperability, '
2026-05-27 07:15:45.385 10 INFO neutron.notifiers.nova [-] Nova event matching ['req-4a46fb02-08be-44ab-913d-f50f93e283be'] response: {'name': 'network-changed', 'server_uuid': '077655e2-2fe7-491f-9fcc-e101450cb4bb', 'tag': 'e1870ea0-250e-455d-bc7f-45a691d0d683', 'status': 'completed', 'code': 200}
2026-05-27 07:15:45.493 10 INFO neutron.wsgi [req-b8b10ffd-1344-4eae-bc11-f6389c30cf9f req-07f5a30d-4e3e-41fe-957b-84f793f91653 f6e127efe92449f1b7570ccc7a7e1f09 e7c7f8f054f546618b8e4c049ddcd3b2 - - 2ce922d5462c4e70a7bbd2870c916094 2ce922d5462c4e70a7bbd2870c916094] 199.204.45.244 "GET /v2.0/ports?tenant_id=f51c8e57cbf5481b90ed8407cb87ed5e&device_id=077655e2-2fe7-491f-9fcc-e101450cb4bb HTTP/1.1" status: 200 len: 1407 time: 0.1417892 /var/lib/openstack/lib/python3.10/site-packages/pycadf/identifier.py:71: UserWarning: Invalid uuid: neutron. To ensure interoperability, identifiers should be a valid uuid. warnings.warn(('Invalid uuid: %s. To ensure interoperability, '
2026-05-27 07:15:45.575 10 INFO neutron.wsgi [None req-5deeb3c4-3a79-48af-b583-e1692082cbd5 0e38d5dc085243399bbe19e12996cfa1 406d61b86c87402694c471cc762f9109 - - default default] 10.0.0.78 "PUT /v2.0/routers/fac16aa1-5527-4534-a259-3903096786d5/remove_router_interface HTTP/1.1" status: 200 len: 503 time: 1.0777423
2026-05-27 07:15:45.579 10 INFO neutron.wsgi [req-b8b10ffd-1344-4eae-bc11-f6389c30cf9f req-f14f016a-44d5-4a77-9151-ea07654bd3cd f6e127efe92449f1b7570ccc7a7e1f09 e7c7f8f054f546618b8e4c049ddcd3b2 - - 2ce922d5462c4e70a7bbd2870c916094 2ce922d5462c4e70a7bbd2870c916094] 199.204.45.244 "GET /v2.0/floatingips?fixed_ip_address=10.100.0.9&port_id=e1870ea0-250e-455d-bc7f-45a691d0d683 HTTP/1.1" status: 200 len: 217 time: 0.0701480
2026-05-27 07:15:45.612 10 INFO neutron.wsgi [None req-3e75135d-7aac-403a-8459-b08b2282d345 0e38d5dc085243399bbe19e12996cfa1 406d61b86c87402694c471cc762f9109 - - default default] 10.0.0.78 "GET /v2.0/ports?device_id=fac16aa1-5527-4534-a259-3903096786d5 HTTP/1.1" status: 200 len: 205 time: 0.0296321
2026-05-27 07:15:45.622 10 INFO neutron.wsgi [req-9b8badab-e629-4b02-b479-9f4dc111032d req-9cae3f4f-2fd6-4aa6-bcdc-0edb66eaa87d 914142a31c1b4a2f94b9026d1c55c5b6 f51c8e57cbf5481b90ed8407cb87ed5e - - default default] 10.0.0.171 "GET /v2.0/ports?device_id=077655e2-2fe7-491f-9fcc-e101450cb4bb HTTP/1.1" status: 200 len: 1168 time: 0.1269119
2026-05-27 07:15:45.645 10 INFO neutron.wsgi [req-b8b10ffd-1344-4eae-bc11-f6389c30cf9f req-b401fa47-cb08-4e42-8816-d6c772c2ea06 f6e127efe92449f1b7570ccc7a7e1f09 e7c7f8f054f546618b8e4c049ddcd3b2 - - 2ce922d5462c4e70a7bbd2870c916094 2ce922d5462c4e70a7bbd2870c916094] 199.204.45.244 "GET /v2.0/subnets?id=42e49d64-4508-42c5-b032-a98f14b63d41 HTTP/1.1" status: 200 len: 871 time: 0.0539021
2026-05-27 07:15:45.686 10 INFO neutron.wsgi [req-b8b10ffd-1344-4eae-bc11-f6389c30cf9f req-59bd4864-63ce-4ac9-8e57-628d314fba02 f6e127efe92449f1b7570ccc7a7e1f09 e7c7f8f054f546618b8e4c049ddcd3b2 - - 2ce922d5462c4e70a7bbd2870c916094 2ce922d5462c4e70a7bbd2870c916094] 199.204.45.244 "GET /v2.0/ports?network_id=b083388b-d2a9-48bc-8311-f58177ad9d90&device_owner=network%3Adhcp HTTP/1.1" status: 200 len: 210 time: 0.0334039
2026-05-27 07:15:45.711 10 INFO neutron.wsgi [req-9b8badab-e629-4b02-b479-9f4dc111032d req-c3a79e93-f5fb-41ad-b169-9aae4a110447 914142a31c1b4a2f94b9026d1c55c5b6 f51c8e57cbf5481b90ed8407cb87ed5e - - default default] 10.0.0.171 "GET /v2.0/security-groups?id=7139d9a3-4e06-48e7-b4ea-7b8ad7ff475c&fields=id&fields=name HTTP/1.1" status: 200 len: 286 time: 0.0812569
2026-05-27 07:15:45.765 10 INFO neutron.wsgi [req-b8b10ffd-1344-4eae-bc11-f6389c30cf9f req-65cd5cb6-8e9a-4fce-a342-978a6a59f334 f6e127efe92449f1b7570ccc7a7e1f09 e7c7f8f054f546618b8e4c049ddcd3b2 - - 2ce922d5462c4e70a7bbd2870c916094 2ce922d5462c4e70a7bbd2870c916094] 199.204.45.244 "GET /v2.0/networks/b083388b-d2a9-48bc-8311-f58177ad9d90?fields=segments HTTP/1.1" status: 200 len: 212 time: 0.0708289
2026-05-27 07:15:45.866 10 INFO neutron.wsgi [req-b8b10ffd-1344-4eae-bc11-f6389c30cf9f req-d64c9fda-08da-4155-a91d-093fb14ac3b4 f6e127efe92449f1b7570ccc7a7e1f09 e7c7f8f054f546618b8e4c049ddcd3b2 - - 2ce922d5462c4e70a7bbd2870c916094 2ce922d5462c4e70a7bbd2870c916094] 199.204.45.244 "GET /v2.0/networks/b083388b-d2a9-48bc-8311-f58177ad9d90?fields=provider%3Aphysical_network&fields=provider%3Anetwork_type HTTP/1.1" status: 200 len: 277 time: 0.0947812
2026-05-27 07:15:45.928 9 INFO neutron.wsgi [None req-5e6be4b9-8b20-4d6e-a714-58cec859192f 0e38d5dc085243399bbe19e12996cfa1 406d61b86c87402694c471cc762f9109 - - default default] 10.0.0.78 "DELETE /v2.0/routers/fac16aa1-5527-4534-a259-3903096786d5 HTTP/1.1" status: 204 len: 168 time: 0.3109293
2026-05-27 07:15:45.981 10 INFO neutron.wsgi [req-eadf8fdc-c7f1-4726-a970-b3a9b437d116 req-13a45e89-b728-4df5-98a9-445653806b12 f6e127efe92449f1b7570ccc7a7e1f09 e7c7f8f054f546618b8e4c049ddcd3b2 - - 2ce922d5462c4e70a7bbd2870c916094 2ce922d5462c4e70a7bbd2870c916094] 199.204.45.244 "GET /v2.0/ports?tenant_id=f51c8e57cbf5481b90ed8407cb87ed5e&device_id=077655e2-2fe7-491f-9fcc-e101450cb4bb HTTP/1.1" status: 200 len: 1407 time: 0.0514495
2026-05-27 07:15:46.090 10 INFO neutron.wsgi [req-eadf8fdc-c7f1-4726-a970-b3a9b437d116 req-37633f3f-955a-4b4d-8191-9bed4ca1e1df f6e127efe92449f1b7570ccc7a7e1f09 e7c7f8f054f546618b8e4c049ddcd3b2 - - 2ce922d5462c4e70a7bbd2870c916094 2ce922d5462c4e70a7bbd2870c916094] 199.204.45.244 "GET /v2.0/networks?id=b083388b-d2a9-48bc-8311-f58177ad9d90 HTTP/1.1" status: 200 len: 976 time: 0.0948248
2026-05-27 07:15:46.109 9 WARNING neutron.scheduler.dhcp_agent_scheduler [None req-648996f5-40c1-4980-87ce-dc41d4cd798f 49d1c7e7502c4c6b97f54e8f4f212323 14388796f3654fe08055252b4966ed29 - - default default] No more DHCP agents
2026-05-27 07:15:46.114 9 WARNING neutron.api.rpc.agentnotifiers.dhcp_rpc_agent_api [None req-648996f5-40c1-4980-87ce-dc41d4cd798f 49d1c7e7502c4c6b97f54e8f4f212323 14388796f3654fe08055252b4966ed29 - - default default] Unable to schedule network 5a52102f-3741-45d2-8ee4-2af75b2e8b81: no agents available; will retry on subsequent port and subnet creation events.
2026-05-27 07:15:46.125 10 INFO neutron.wsgi [req-eadf8fdc-c7f1-4726-a970-b3a9b437d116 req-cee3d9a8-3d29-4212-bf65-d70bf4bd13d6 f6e127efe92449f1b7570ccc7a7e1f09 e7c7f8f054f546618b8e4c049ddcd3b2 - - 2ce922d5462c4e70a7bbd2870c916094 2ce922d5462c4e70a7bbd2870c916094] 199.204.45.244 "GET /v2.0/floatingips?fixed_ip_address=10.100.0.9&port_id=e1870ea0-250e-455d-bc7f-45a691d0d683 HTTP/1.1" status: 200 len: 217 time: 0.0261474
2026-05-27 07:15:46.183 10 INFO neutron.wsgi [req-eadf8fdc-c7f1-4726-a970-b3a9b437d116 req-bbe20129-6d1c-42d0-bb8a-781b07bc835c f6e127efe92449f1b7570ccc7a7e1f09 e7c7f8f054f546618b8e4c049ddcd3b2 - - 2ce922d5462c4e70a7bbd2870c916094 2ce922d5462c4e70a7bbd2870c916094] 199.204.45.244 "GET /v2.0/subnets?id=42e49d64-4508-42c5-b032-a98f14b63d41 HTTP/1.1" status: 200 len: 871 time: 0.0509746
2026-05-27 07:15:46.210 9 INFO neutron.wsgi [None req-c6e1aaff-9661-469d-bca3-9ec22971d719 0e38d5dc085243399bbe19e12996cfa1 406d61b86c87402694c471cc762f9109 - - default default] 10.0.0.78 "DELETE /v2.0/subnets/6c1d9534-f5c0-40fb-ad6c-eb43bd59ea14 HTTP/1.1" status: 204 len: 168 time: 0.2738252
2026-05-27 07:15:46.220 10 INFO neutron.wsgi [req-eadf8fdc-c7f1-4726-a970-b3a9b437d116 req-e690934f-ec6c-4735-83e3-5343e018325a f6e127efe92449f1b7570ccc7a7e1f09 e7c7f8f054f546618b8e4c049ddcd3b2 - - 2ce922d5462c4e70a7bbd2870c916094 2ce922d5462c4e70a7bbd2870c916094] 199.204.45.244 "GET /v2.0/ports?network_id=b083388b-d2a9-48bc-8311-f58177ad9d90&device_owner=network%3Adhcp HTTP/1.1" status: 200 len: 210 time: 0.0262709
2026-05-27 07:15:46.310 10 INFO neutron.wsgi [req-eadf8fdc-c7f1-4726-a970-b3a9b437d116 req-dd4d6d4c-840e-4ba2-a464-37aa7f6d559a f6e127efe92449f1b7570ccc7a7e1f09 e7c7f8f054f546618b8e4c049ddcd3b2 - - 2ce922d5462c4e70a7bbd2870c916094 2ce922d5462c4e70a7bbd2870c916094] 199.204.45.244 "GET /v2.0/networks/b083388b-d2a9-48bc-8311-f58177ad9d90?fields=segments HTTP/1.1" status: 200 len: 212 time: 0.0806839
2026-05-27 07:15:46.380 9 INFO neutron.db.ovn_revision_numbers_db [None req-648996f5-40c1-4980-87ce-dc41d4cd798f 49d1c7e7502c4c6b97f54e8f4f212323 14388796f3654fe08055252b4966ed29 - - default default] Successfully bumped revision number for resource 1c8a6774-bb43-4947-a26b-f868235289dc (type: ports) to 1
2026-05-27 07:15:46.405 10 INFO neutron.wsgi [req-eadf8fdc-c7f1-4726-a970-b3a9b437d116 req-bb51fa09-78a0-449d-b418-a0b6a2ba9143 f6e127efe92449f1b7570ccc7a7e1f09 e7c7f8f054f546618b8e4c049ddcd3b2 - - 2ce922d5462c4e70a7bbd2870c916094 2ce922d5462c4e70a7bbd2870c916094] 199.204.45.244 "GET /v2.0/networks/b083388b-d2a9-48bc-8311-f58177ad9d90?fields=provider%3Aphysical_network&fields=provider%3Anetwork_type HTTP/1.1" status: 200 len: 277 time: 0.0893071
2026-05-27 07:15:46.907 9 INFO neutron.services.segments.plugin [-] Segment 2d3067f3-2912-4ce2-aebd-f5f6c20c4468 resource provider aggregate not found
2026-05-27 07:15:46.913 9 INFO neutron.services.segments.plugin [-] Segment 2d3067f3-2912-4ce2-aebd-f5f6c20c4468 resource provider aggregate not found
2026-05-27 07:15:46.918 10 INFO neutron.wsgi [req-9c228d62-d1c2-4d92-a48d-a1b490398afd req-fc2d3c9f-efb7-4ce8-893c-70dbd0f2fa62 914142a31c1b4a2f94b9026d1c55c5b6 f51c8e57cbf5481b90ed8407cb87ed5e - - default default] 10.0.0.171 "GET /v2.0/ports?device_id=077655e2-2fe7-491f-9fcc-e101450cb4bb HTTP/1.1" status: 200 len: 1168 time: 0.1065552
2026-05-27 07:15:46.924 9 INFO neutron.services.segments.plugin [-] Segment 2d3067f3-2912-4ce2-aebd-f5f6c20c4468 resource provider not found; error: Placement Client Error (4xx): {"errors": [{"status": 404, "title": "Not Found", "detail": "The resource could not be found.\n\n No resource provider with uuid 2d3067f3-2912-4ce2-aebd-f5f6c20c4468 found for delete ", "request_id": "req-ac46e0d6-600c-4d5b-9357-68e3d87d8787"}]}
2026-05-27 07:15:46.937 9 INFO neutron.services.segments.plugin [-] Segment 2d3067f3-2912-4ce2-aebd-f5f6c20c4468 resource provider not found; error: Placement Client Error (4xx): {"errors": [{"status": 404, "title": "Not Found", "detail": "The resource could not be found.\n\n No resource provider with uuid 2d3067f3-2912-4ce2-aebd-f5f6c20c4468 found for delete ", "request_id": "req-d5af718e-41cb-4f38-a34d-a79d23b85547"}]}
2026-05-27 07:15:46.960 9 INFO neutron.wsgi [None req-8de9023f-2da4-47c7-9c62-f4cb1c298322 0e38d5dc085243399bbe19e12996cfa1 406d61b86c87402694c471cc762f9109 - - default default] 10.0.0.78 "DELETE /v2.0/networks/c7154958-98cd-4620-a003-6a855b85bafa HTTP/1.1" status: 204 len: 168 time: 0.7453127
2026-05-27 07:15:46.980 10 WARNING neutron_lib.context [None req-66d36969-8ddb-41b8-8076-96ab6852302f 0e38d5dc085243399bbe19e12996cfa1 406d61b86c87402694c471cc762f9109 - - default default] Method 'is_advsvc' is deprecated since 2023.2 release (neutron-lib 3.8.0) and will be removed once support for the old RBAC API policies will be removed from Neutron. Please use method 'is_service_role' instead.
2026-05-27 07:15:47.008 10 INFO neutron.wsgi [req-9c228d62-d1c2-4d92-a48d-a1b490398afd req-9349706c-5df4-411e-bcb4-183651eaf014 914142a31c1b4a2f94b9026d1c55c5b6 f51c8e57cbf5481b90ed8407cb87ed5e - - default default] 10.0.0.171 "GET /v2.0/security-groups?id=7139d9a3-4e06-48e7-b4ea-7b8ad7ff475c&fields=id&fields=name HTTP/1.1" status: 200 len: 286 time: 0.0753083
2026-05-27 07:15:47.770 9 INFO neutron.plugins.ml2.drivers.ovn.mech_driver.ovsdb.commands [None req-01612b14-c642-49d2-be9a-f26c74b47248 - - - - - -] Schedule LRP lrp-1c8a6774-bb43-4947-a26b-f868235289dc on gateway c0f0d84f-20d5-49f1-a895-ee5be84540bb with priority 1
2026-05-27 07:15:47.801 9 INFO neutron.plugins.ml2.drivers.ovn.mech_driver.ovsdb.ovsdb_monitor [None req-edb6619d-19d6-49a0-8506-a233cf5893bd - - - - - -] Router b31a4145-1251-4f72-953e-440f0f8ee481 is bound to host instance
2026-05-27 07:15:47.834 9 INFO neutron.db.ovn_revision_numbers_db [None req-648996f5-40c1-4980-87ce-dc41d4cd798f 49d1c7e7502c4c6b97f54e8f4f212323 14388796f3654fe08055252b4966ed29 - - default default] Successfully bumped revision number for resource 1c8a6774-bb43-4947-a26b-f868235289dc (type: router_ports) to 1
2026-05-27 07:15:47.963 9 INFO neutron.db.ovn_revision_numbers_db [None req-648996f5-40c1-4980-87ce-dc41d4cd798f 49d1c7e7502c4c6b97f54e8f4f212323 14388796f3654fe08055252b4966ed29 - - default default] Successfully bumped revision number for resource b31a4145-1251-4f72-953e-440f0f8ee481 (type: routers) to 2
2026-05-27 07:15:48.013 9 INFO neutron.wsgi [None req-648996f5-40c1-4980-87ce-dc41d4cd798f 49d1c7e7502c4c6b97f54e8f4f212323 14388796f3654fe08055252b4966ed29 - - default default] 10.0.0.78 "POST /v2.0/routers HTTP/1.1" status: 201 len: 1164 time: 2.9850202
2026-05-27 07:15:48.164 10 INFO neutron.wsgi [req-fa2887df-96c5-4768-af81-ed02c41477ac req-3a155f49-31a0-4e1b-a4f1-0fc262064d55 914142a31c1b4a2f94b9026d1c55c5b6 f51c8e57cbf5481b90ed8407cb87ed5e - - default default] 10.0.0.171 "GET /v2.0/ports?device_id=077655e2-2fe7-491f-9fcc-e101450cb4bb HTTP/1.1" status: 200 len: 1168 time: 0.0694926
2026-05-27 07:15:48.165 10 WARNING neutron.scheduler.dhcp_agent_scheduler [None req-66d36969-8ddb-41b8-8076-96ab6852302f 0e38d5dc085243399bbe19e12996cfa1 406d61b86c87402694c471cc762f9109 - - default default] No more DHCP agents
2026-05-27 07:15:48.177 10 WARNING neutron.api.rpc.agentnotifiers.dhcp_rpc_agent_api [None req-66d36969-8ddb-41b8-8076-96ab6852302f 0e38d5dc085243399bbe19e12996cfa1 406d61b86c87402694c471cc762f9109 - - default default] Unable to schedule network 5a52102f-3741-45d2-8ee4-2af75b2e8b81: no agents available; will retry on subsequent port and subnet creation events.
2026-05-27 07:15:48.236 10 WARNING neutron.plugins.ml2.drivers.ovn.mech_driver.ovsdb.ovn_client [None req-47e41312-481e-440c-bc7f-e982aa13891a - - - - - -] No hosting information found for port aa603438-ffa7-4a5e-9692-3cb61bbb7e25: RuntimeError: No hosting information found for port aa603438-ffa7-4a5e-9692-3cb61bbb7e25
2026-05-27 07:15:48.236 10 INFO neutron.plugins.ml2.drivers.ovn.mech_driver.mech_driver [None req-47e41312-481e-440c-bc7f-e982aa13891a - - - - - -] OVN reports status up for port: 8c5b78a0-c78f-42ff-a5d4-673b9e7a2e4a
2026-05-27 07:15:48.253 10 INFO neutron.wsgi [req-fa2887df-96c5-4768-af81-ed02c41477ac req-2a9fc9bb-8585-49fd-91b7-3afdaf072e68 914142a31c1b4a2f94b9026d1c55c5b6 f51c8e57cbf5481b90ed8407cb87ed5e - - default default] 10.0.0.171 "GET /v2.0/security-groups?id=7139d9a3-4e06-48e7-b4ea-7b8ad7ff475c&fields=id&fields=name HTTP/1.1" status: 200 len: 286 time: 0.0769236
2026-05-27 07:15:48.258 10 INFO neutron.plugins.ml2.plugin [None req-47e41312-481e-440c-bc7f-e982aa13891a - - - - - -] Attempt 1 to provision port 8c5b78a0-c78f-42ff-a5d4-673b9e7a2e4a
2026-05-27 07:15:48.433 10 INFO neutron.db.ovn_revision_numbers_db [None req-66d36969-8ddb-41b8-8076-96ab6852302f 0e38d5dc085243399bbe19e12996cfa1 406d61b86c87402694c471cc762f9109 - - default default] Successfully bumped revision number for resource 563f2d12-ac44-4a56-8178-8c4bf1d1ba65 (type: ports) to 1
2026-05-27 07:15:48.774 9 WARNING neutron.scheduler.dhcp_agent_scheduler [None req-108cab30-aaaf-427d-b064-5bb9a7438491 49d1c7e7502c4c6b97f54e8f4f212323 14388796f3654fe08055252b4966ed29 - - default default] No more DHCP agents
2026-05-27 07:15:48.778 9 WARNING neutron.api.rpc.agentnotifiers.dhcp_rpc_agent_api [None req-108cab30-aaaf-427d-b064-5bb9a7438491 49d1c7e7502c4c6b97f54e8f4f212323 14388796f3654fe08055252b4966ed29 - - default default] Unable to schedule network 61a774f2-c52c-4653-83d5-94c198f6339c: no agents available; will retry on subsequent port and subnet creation events.
2026-05-27 07:15:48.851 9 INFO neutron.db.ovn_revision_numbers_db [None req-edb6619d-19d6-49a0-8506-a233cf5893bd - - - - - -] Successfully bumped revision number for resource 1c8a6774-bb43-4947-a26b-f868235289dc (type: ports) to 1
2026-05-27 07:15:48.973 9 INFO neutron.db.ovn_revision_numbers_db [None req-108cab30-aaaf-427d-b064-5bb9a7438491 49d1c7e7502c4c6b97f54e8f4f212323 14388796f3654fe08055252b4966ed29 - - default default] Successfully bumped revision number for resource f5b79d4c-30bb-4b2f-bd56-0a1fce8da22f (type: ports) to 1
2026-05-27 07:15:49.042 10 INFO neutron.db.ovn_revision_numbers_db [None req-47e41312-481e-440c-bc7f-e982aa13891a - - - - - -] Successfully bumped revision number for resource 8c5b78a0-c78f-42ff-a5d4-673b9e7a2e4a (type: ports) to 2
2026-05-27 07:15:49.085 10 INFO neutron.db.ovn_revision_numbers_db [None req-52e5149c-b175-48aa-863c-2c187596eac5 49d1c7e7502c4c6b97f54e8f4f212323 14388796f3654fe08055252b4966ed29 - - default default] Successfully bumped revision number for resource d9922904-4c25-4e1c-8055-465ff832ccae (type: security_groups) to 1
