2026-05-27 07:15:13.239 10 INFO neutron.services.segments.plugin [-] Segment 409d8de4-8ad9-42e1-b2c3-9cca387f140a resource provider not found; error: Placement Client Error (4xx): {"errors": [{"status": 404, "title": "Not Found", "detail": "The resource could not be found.\n\n No resource provider with uuid 409d8de4-8ad9-42e1-b2c3-9cca387f140a found for delete ", "request_id": "req-159af558-c357-4625-8300-2f02969bcb39"}]}
2026-05-27 07:15:13.259 10 INFO neutron.wsgi [None req-3ad07c12-9af4-45a1-b3a0-fba2639911c2 3e48206ee44b49ec9e2d952f3f48a6d0 bac4e8f9a86949b59a2f31d88df4c295 - - default default] 10.0.0.78 "DELETE /v2.0/networks/583cd61b-7511-44d0-9430-7b0ce78863f0 HTTP/1.1" status: 204 len: 168 time: 0.4140663
2026-05-27 07:15:13.267 9 INFO neutron.wsgi [req-3ed0a15e-ef1a-4da2-8858-3f294ade15a4 req-e03cd2a1-dbac-4023-9525-7a71a661709c f6e127efe92449f1b7570ccc7a7e1f09 e7c7f8f054f546618b8e4c049ddcd3b2 - - 2ce922d5462c4e70a7bbd2870c916094 2ce922d5462c4e70a7bbd2870c916094] 199.204.45.244 "GET /v2.0/subnets?id=876a7f9f-1fc5-46f4-b50b-42bc8e3911f4 HTTP/1.1" status: 200 len: 869 time: 0.0519228
2026-05-27 07:15:13.300 9 INFO neutron.wsgi [req-3ed0a15e-ef1a-4da2-8858-3f294ade15a4 req-acca541f-5a93-4e8f-b6b2-268afbf23d95 f6e127efe92449f1b7570ccc7a7e1f09 e7c7f8f054f546618b8e4c049ddcd3b2 - - 2ce922d5462c4e70a7bbd2870c916094 2ce922d5462c4e70a7bbd2870c916094] 199.204.45.244 "GET /v2.0/ports?network_id=6bb5099d-6459-4dcb-bd63-d4899cb9d47c&device_owner=network%3Adhcp HTTP/1.1" status: 200 len: 210 time: 0.0260606
2026-05-27 07:15:13.378 9 INFO neutron.wsgi [req-3ed0a15e-ef1a-4da2-8858-3f294ade15a4 req-fba072ec-39ea-449e-9796-629251a23b93 f6e127efe92449f1b7570ccc7a7e1f09 e7c7f8f054f546618b8e4c049ddcd3b2 - - 2ce922d5462c4e70a7bbd2870c916094 2ce922d5462c4e70a7bbd2870c916094] 199.204.45.244 "GET /v2.0/networks/6bb5099d-6459-4dcb-bd63-d4899cb9d47c?fields=segments HTTP/1.1" status: 200 len: 212 time: 0.0683098
2026-05-27 07:15:13.470 9 INFO neutron.wsgi [req-3ed0a15e-ef1a-4da2-8858-3f294ade15a4 req-f8809189-7766-4d36-8a49-6635b39eb204 f6e127efe92449f1b7570ccc7a7e1f09 e7c7f8f054f546618b8e4c049ddcd3b2 - - 2ce922d5462c4e70a7bbd2870c916094 2ce922d5462c4e70a7bbd2870c916094] 199.204.45.244 "GET /v2.0/networks/6bb5099d-6459-4dcb-bd63-d4899cb9d47c?fields=provider%3Aphysical_network&fields=provider%3Anetwork_type HTTP/1.1" status: 200 len: 277 time: 0.0828226
2026-05-27 07:15:13.566 9 INFO neutron.wsgi [req-03b6a203-80f1-4fcf-98cb-0d9be80f27ca req-015e8fbe-49d2-42bb-b17c-dcb6f84418b3 f6e127efe92449f1b7570ccc7a7e1f09 e7c7f8f054f546618b8e4c049ddcd3b2 - - 2ce922d5462c4e70a7bbd2870c916094 2ce922d5462c4e70a7bbd2870c916094] 199.204.45.244 "GET /v2.0/ports?tenant_id=6de12b7e3f3e4978ac3f5876aba60bd5&device_id=5afbf15f-b474-421c-a77b-cf675a77f86c HTTP/1.1" status: 200 len: 1407 time: 0.0441809
2026-05-27 07:15:13.629 10 WARNING neutron.plugins.ml2.drivers.ovn.mech_driver.ovsdb.ovn_client [None req-47e41312-481e-440c-bc7f-e982aa13891a - - - - - -] No hosting information found for port de073824-6b4e-4472-b732-87f1099e2f07: RuntimeError: No hosting information found for port de073824-6b4e-4472-b732-87f1099e2f07
2026-05-27 07:15:13.648 9 INFO neutron.wsgi [req-03b6a203-80f1-4fcf-98cb-0d9be80f27ca req-02755314-2fb0-4dff-973c-ed868caf0aed f6e127efe92449f1b7570ccc7a7e1f09 e7c7f8f054f546618b8e4c049ddcd3b2 - - 2ce922d5462c4e70a7bbd2870c916094 2ce922d5462c4e70a7bbd2870c916094] 199.204.45.244 "GET /v2.0/networks?id=6bb5099d-6459-4dcb-bd63-d4899cb9d47c HTTP/1.1" status: 200 len: 974 time: 0.0749528
2026-05-27 07:15:13.714 9 INFO neutron.plugins.ml2.drivers.ovn.mech_driver.mech_driver [None req-1cbfd0d9-7939-4b44-a5e0-fd368f313994 - - - - - -] OVN reports status up for port: f13f92ec-c203-4045-80ab-b65e8c0ce076
2026-05-27 07:15:13.727 9 INFO neutron.wsgi [req-03b6a203-80f1-4fcf-98cb-0d9be80f27ca req-4b738bb6-b56f-4f99-a297-2e1f914e24e6 f6e127efe92449f1b7570ccc7a7e1f09 e7c7f8f054f546618b8e4c049ddcd3b2 - - 2ce922d5462c4e70a7bbd2870c916094 2ce922d5462c4e70a7bbd2870c916094] 199.204.45.244 "GET /v2.0/floatingips?fixed_ip_address=10.100.0.4&port_id=f13f92ec-c203-4045-80ab-b65e8c0ce076 HTTP/1.1" status: 200 len: 217 time: 0.0539365
2026-05-27 07:15:13.744 9 INFO neutron.plugins.ml2.plugin [None req-1cbfd0d9-7939-4b44-a5e0-fd368f313994 - - - - - -] Attempt 1 to provision port f13f92ec-c203-4045-80ab-b65e8c0ce076
2026-05-27 07:15:13.783 9 INFO neutron.wsgi [req-03b6a203-80f1-4fcf-98cb-0d9be80f27ca req-4851c6bf-20d3-42d1-8610-5a45a48a627f f6e127efe92449f1b7570ccc7a7e1f09 e7c7f8f054f546618b8e4c049ddcd3b2 - - 2ce922d5462c4e70a7bbd2870c916094 2ce922d5462c4e70a7bbd2870c916094] 199.204.45.244 "GET /v2.0/subnets?id=876a7f9f-1fc5-46f4-b50b-42bc8e3911f4 HTTP/1.1" status: 200 len: 869 time: 0.0482132
2026-05-27 07:15:13.833 9 INFO neutron.wsgi [req-03b6a203-80f1-4fcf-98cb-0d9be80f27ca req-4d41aceb-fefb-4988-a2ca-5d4f18090d57 f6e127efe92449f1b7570ccc7a7e1f09 e7c7f8f054f546618b8e4c049ddcd3b2 - - 2ce922d5462c4e70a7bbd2870c916094 2ce922d5462c4e70a7bbd2870c916094] 199.204.45.244 "GET /v2.0/ports?network_id=6bb5099d-6459-4dcb-bd63-d4899cb9d47c&device_owner=network%3Adhcp HTTP/1.1" status: 200 len: 210 time: 0.0344727 /var/lib/openstack/lib/python3.10/site-packages/pycadf/identifier.py:71: UserWarning: Invalid uuid: neutron. To ensure interoperability, identifiers should be a valid uuid. warnings.warn(('Invalid uuid: %s. To ensure interoperability, '
2026-05-27 07:15:13.934 9 INFO neutron.wsgi [req-03b6a203-80f1-4fcf-98cb-0d9be80f27ca req-9b558127-e325-4223-ab81-2adec6bd870c f6e127efe92449f1b7570ccc7a7e1f09 e7c7f8f054f546618b8e4c049ddcd3b2 - - 2ce922d5462c4e70a7bbd2870c916094 2ce922d5462c4e70a7bbd2870c916094] 199.204.45.244 "GET /v2.0/networks/6bb5099d-6459-4dcb-bd63-d4899cb9d47c?fields=segments HTTP/1.1" status: 200 len: 212 time: 0.0912549
2026-05-27 07:15:13.981 10 INFO neutron.wsgi [req-4b0887a2-0479-43ae-9db4-91ed553e18fa req-dca79b74-4ef0-4a12-8f85-e907d5c425ff adcf124e59974d9e823cc50d148f3a86 6de12b7e3f3e4978ac3f5876aba60bd5 - - default default] 10.0.0.171 "GET /v2.0/ports?device_id=5afbf15f-b474-421c-a77b-cf675a77f86c HTTP/1.1" status: 200 len: 1168 time: 0.0751431
2026-05-27 07:15:14.056 10 INFO neutron.wsgi [req-4b0887a2-0479-43ae-9db4-91ed553e18fa req-16f5d8b6-7de6-41ee-ab55-bde4ac9b652d adcf124e59974d9e823cc50d148f3a86 6de12b7e3f3e4978ac3f5876aba60bd5 - - default default] 10.0.0.171 "GET /v2.0/security-groups?id=a0c9c3af-c607-47aa-b856-747e5ab143b2&fields=id&fields=name HTTP/1.1" status: 200 len: 313 time: 0.0549147
2026-05-27 07:15:14.062 9 INFO neutron.wsgi [req-03b6a203-80f1-4fcf-98cb-0d9be80f27ca req-7efc43e1-4f67-4f15-89b3-17f28baca105 f6e127efe92449f1b7570ccc7a7e1f09 e7c7f8f054f546618b8e4c049ddcd3b2 - - 2ce922d5462c4e70a7bbd2870c916094 2ce922d5462c4e70a7bbd2870c916094] 199.204.45.244 "GET /v2.0/networks/6bb5099d-6459-4dcb-bd63-d4899cb9d47c?fields=provider%3Aphysical_network&fields=provider%3Anetwork_type HTTP/1.1" status: 200 len: 277 time: 0.1196263
2026-05-27 07:15:14.153 10 INFO neutron.wsgi [None req-b8205b86-4c96-4208-bfa1-4c917ae8dd7d 49d1c7e7502c4c6b97f54e8f4f212323 14388796f3654fe08055252b4966ed29 - - default default] 10.0.0.78 "GET /v2.0/security-groups?tenant_id=bac4e8f9a86949b59a2f31d88df4c295&name=default HTTP/1.1" status: 200 len: 3120 time: 0.2963488
2026-05-27 07:15:14.209 9 INFO neutron.db.ovn_revision_numbers_db [None req-1cbfd0d9-7939-4b44-a5e0-fd368f313994 - - - - - -] Successfully bumped revision number for resource f13f92ec-c203-4045-80ab-b65e8c0ce076 (type: ports) to 4
2026-05-27 07:15:14.425 10 INFO neutron.wsgi [None req-6dbff29c-21f9-4d49-b5a8-9bd797100407 49d1c7e7502c4c6b97f54e8f4f212323 14388796f3654fe08055252b4966ed29 - - default default] 10.0.0.78 "DELETE /v2.0/security-groups/b761344f-b021-4d12-a940-1ee8deb77acd HTTP/1.1" status: 204 len: 168 time: 0.2672980
2026-05-27 07:15:15.184 9 INFO neutron.notifiers.nova [-] Nova event matching ['req-9cafa836-db97-49ba-adbb-859c9e4a23bf'] response: {'server_uuid': '5afbf15f-b474-421c-a77b-cf675a77f86c', 'name': 'network-vif-plugged', 'status': 'completed', 'tag': 'f13f92ec-c203-4045-80ab-b65e8c0ce076', 'code': 200}
2026-05-27 07:15:15.185 9 INFO neutron.notifiers.nova [-] Nova event matching ['req-9cafa836-db97-49ba-adbb-859c9e4a23bf'] response: {'server_uuid': '5afbf15f-b474-421c-a77b-cf675a77f86c', 'name': 'network-vif-plugged', 'status': 'completed', 'tag': 'f13f92ec-c203-4045-80ab-b65e8c0ce076', 'code': 200}
2026-05-27 07:15:15.189 10 INFO neutron.db.ovn_revision_numbers_db [None req-5fd5ce3c-bb3c-4a4e-9884-6ce6a693d0bf 49d1c7e7502c4c6b97f54e8f4f212323 14388796f3654fe08055252b4966ed29 - - default default] Successfully bumped revision number for resource becdb957-7735-41ae-8991-3b92d20eb7f8 (type: security_groups) to 1
2026-05-27 07:15:15.222 10 INFO neutron.db.ovn_revision_numbers_db [None req-5fd5ce3c-bb3c-4a4e-9884-6ce6a693d0bf 49d1c7e7502c4c6b97f54e8f4f212323 14388796f3654fe08055252b4966ed29 - - default default] Successfully bumped revision number for resource 95398003-05f4-435e-9be5-1e9c53faf676 (type: security_group_rules) to 0
2026-05-27 07:15:15.248 10 INFO neutron.db.ovn_revision_numbers_db [None req-5fd5ce3c-bb3c-4a4e-9884-6ce6a693d0bf 49d1c7e7502c4c6b97f54e8f4f212323 14388796f3654fe08055252b4966ed29 - - default default] Successfully bumped revision number for resource b3db3db8-c2f8-448e-94ed-cc4a47dbf722 (type: security_group_rules) to 0
2026-05-27 07:15:15.279 10 INFO neutron.wsgi [req-f34666fb-c890-465a-8acd-f8775147b11e req-63f48318-e6f7-4c86-b20d-c4e9bbc49df7 adcf124e59974d9e823cc50d148f3a86 6de12b7e3f3e4978ac3f5876aba60bd5 - - default default] 10.0.0.171 "GET /v2.0/ports?device_id=5afbf15f-b474-421c-a77b-cf675a77f86c HTTP/1.1" status: 200 len: 1170 time: 0.1303432
2026-05-27 07:15:15.281 10 INFO neutron.db.ovn_revision_numbers_db [None req-5fd5ce3c-bb3c-4a4e-9884-6ce6a693d0bf 49d1c7e7502c4c6b97f54e8f4f212323 14388796f3654fe08055252b4966ed29 - - default default] Successfully bumped revision number for resource c08c4c1d-5871-4f1e-90bb-41deb8c88ccc (type: security_group_rules) to 0
2026-05-27 07:15:15.310 10 INFO neutron.db.ovn_revision_numbers_db [None req-5fd5ce3c-bb3c-4a4e-9884-6ce6a693d0bf 49d1c7e7502c4c6b97f54e8f4f212323 14388796f3654fe08055252b4966ed29 - - default default] Successfully bumped revision number for resource e1ccad7d-35e2-4c1f-a04f-90f780258d96 (type: security_group_rules) to 0
2026-05-27 07:15:15.337 10 INFO neutron.wsgi [None req-5fd5ce3c-bb3c-4a4e-9884-6ce6a693d0bf 49d1c7e7502c4c6b97f54e8f4f212323 14388796f3654fe08055252b4966ed29 - - default default] 10.0.0.78 "GET /v2.0/security-groups?tenant_id=a9106c3c089b4ece9806810ef31a15fe&name=default HTTP/1.1" status: 200 len: 3120 time: 0.5042546
2026-05-27 07:15:15.367 10 INFO neutron.wsgi [req-f34666fb-c890-465a-8acd-f8775147b11e req-878388ad-d0a5-4741-8f6c-673bb7cec9c0 adcf124e59974d9e823cc50d148f3a86 6de12b7e3f3e4978ac3f5876aba60bd5 - - default default] 10.0.0.171 "GET /v2.0/security-groups?id=a0c9c3af-c607-47aa-b856-747e5ab143b2&fields=id&fields=name HTTP/1.1" status: 200 len: 313 time: 0.0782683
2026-05-27 07:15:16.026 10 INFO neutron.wsgi [req-30c25750-c0d7-4834-a598-7b40fdb7deb2 req-8d15787e-378a-4992-a498-373815438864 f6e127efe92449f1b7570ccc7a7e1f09 e7c7f8f054f546618b8e4c049ddcd3b2 - - 2ce922d5462c4e70a7bbd2870c916094 2ce922d5462c4e70a7bbd2870c916094] 10.0.0.232 "GET /v2.0/ports?device_id=aa0db1b8-1eac-4723-93ee-746c627452d8 HTTP/1.1" status: 200 len: 1409 time: 0.0466580
2026-05-27 07:15:16.078 10 INFO neutron.wsgi [req-30c25750-c0d7-4834-a598-7b40fdb7deb2 req-9982be7c-c21b-4570-8f1e-36cf3fd43ad9 f6e127efe92449f1b7570ccc7a7e1f09 e7c7f8f054f546618b8e4c049ddcd3b2 - - 2ce922d5462c4e70a7bbd2870c916094 2ce922d5462c4e70a7bbd2870c916094] 10.0.0.232 "GET /v2.0/security-groups?id=c94963bb-338f-4dc8-a387-93d6404cc97e&fields=id&fields=name HTTP/1.1" status: 200 len: 313 time: 0.0454113
2026-05-27 07:15:16.108 10 INFO neutron.wsgi [None req-869c17f9-e8fb-4e15-bca2-2faf7902332a 49d1c7e7502c4c6b97f54e8f4f212323 14388796f3654fe08055252b4966ed29 - - default default] 10.0.0.78 "DELETE /v2.0/security-groups/becdb957-7735-41ae-8991-3b92d20eb7f8 HTTP/1.1" status: 204 len: 168 time: 0.7637196 /var/lib/openstack/lib/python3.10/site-packages/pycadf/identifier.py:71: UserWarning: Invalid uuid: neutron. To ensure interoperability, identifiers should be a valid uuid. warnings.warn(('Invalid uuid: %s. To ensure interoperability, '
2026-05-27 07:15:16.442 10 WARNING neutron_lib.context [None req-09294ea9-2ee2-4554-99b7-d5c6ec531f2c 0e38d5dc085243399bbe19e12996cfa1 406d61b86c87402694c471cc762f9109 - - default default] Method 'is_advsvc' is deprecated since 2023.2 release (neutron-lib 3.8.0) and will be removed once support for the old RBAC API policies will be removed from Neutron. Please use method 'is_service_role' instead.
2026-05-27 07:15:16.477 9 INFO neutron.db.ovn_revision_numbers_db [None req-6d1852a5-589d-4958-b2b3-5dd423640d83 49d1c7e7502c4c6b97f54e8f4f212323 14388796f3654fe08055252b4966ed29 - - default default] Successfully bumped revision number for resource 7e7243cc-4c02-4872-b218-3b66d45e1063 (type: security_groups) to 1
2026-05-27 07:15:16.491 9 INFO neutron.db.ovn_revision_numbers_db [None req-6d1852a5-589d-4958-b2b3-5dd423640d83 49d1c7e7502c4c6b97f54e8f4f212323 14388796f3654fe08055252b4966ed29 - - default default] Successfully bumped revision number for resource 0c43176c-2c13-4d0f-8d7a-874f9bd9eb5b (type: security_group_rules) to 0
2026-05-27 07:15:16.498 10 INFO neutron.wsgi [req-52c2ec82-f1e3-4212-a663-e569211f418c req-d4abef21-19b6-45c6-b0d4-fad4cb40ffa6 adcf124e59974d9e823cc50d148f3a86 6de12b7e3f3e4978ac3f5876aba60bd5 - - default default] 10.0.0.171 "GET /v2.0/ports?device_id=5afbf15f-b474-421c-a77b-cf675a77f86c HTTP/1.1" status: 200 len: 1170 time: 0.0480661
2026-05-27 07:15:16.506 9 INFO neutron.db.ovn_revision_numbers_db [None req-6d1852a5-589d-4958-b2b3-5dd423640d83 49d1c7e7502c4c6b97f54e8f4f212323 14388796f3654fe08055252b4966ed29 - - default default] Successfully bumped revision number for resource 6d4ba4aa-edcc-4cdf-97c3-cb6f4904c25c (type: security_group_rules) to 0
2026-05-27 07:15:16.522 9 INFO neutron.db.ovn_revision_numbers_db [None req-6d1852a5-589d-4958-b2b3-5dd423640d83 49d1c7e7502c4c6b97f54e8f4f212323 14388796f3654fe08055252b4966ed29 - - default default] Successfully bumped revision number for resource b7e9baec-c657-472a-8a30-e6b60f05ce4c (type: security_group_rules) to 0
2026-05-27 07:15:16.535 9 INFO neutron.db.ovn_revision_numbers_db [None req-6d1852a5-589d-4958-b2b3-5dd423640d83 49d1c7e7502c4c6b97f54e8f4f212323 14388796f3654fe08055252b4966ed29 - - default default] Successfully bumped revision number for resource eff939c8-4738-44e2-a91d-0cc399efbaaa (type: security_group_rules) to 0
2026-05-27 07:15:16.556 10 INFO neutron.wsgi [req-52c2ec82-f1e3-4212-a663-e569211f418c req-7cfa0a61-386d-4466-af17-d8f5cca50a8c adcf124e59974d9e823cc50d148f3a86 6de12b7e3f3e4978ac3f5876aba60bd5 - - default default] 10.0.0.171 "GET /v2.0/security-groups?id=a0c9c3af-c607-47aa-b856-747e5ab143b2&fields=id&fields=name HTTP/1.1" status: 200 len: 313 time: 0.0516584
2026-05-27 07:15:16.566 9 INFO neutron.wsgi [None req-6d1852a5-589d-4958-b2b3-5dd423640d83 49d1c7e7502c4c6b97f54e8f4f212323 14388796f3654fe08055252b4966ed29 - - default default] 10.0.0.78 "GET /v2.0/security-groups?tenant_id=1c8649954f4b4d0fb568688577930d63&name=default HTTP/1.1" status: 200 len: 3120 time: 0.2761185
2026-05-27 07:15:16.660 10 INFO neutron.db.ovn_revision_numbers_db [None req-09294ea9-2ee2-4554-99b7-d5c6ec531f2c 0e38d5dc085243399bbe19e12996cfa1 406d61b86c87402694c471cc762f9109 - - default default] Successfully bumped revision number for resource c1b05128-3ea8-4b11-af3a-8ab69d49a5e3 (type: security_groups) to 1
2026-05-27 07:15:16.687 10 INFO neutron.db.ovn_revision_numbers_db [None req-09294ea9-2ee2-4554-99b7-d5c6ec531f2c 0e38d5dc085243399bbe19e12996cfa1 406d61b86c87402694c471cc762f9109 - - default default] Successfully bumped revision number for resource 11303511-2d2e-462c-afe5-26c057b1c535 (type: security_group_rules) to 0
2026-05-27 07:15:16.705 10 INFO neutron.wsgi [req-026976a0-53a7-4adc-84bd-43946a0fa9ce req-91a05016-38b9-401e-aace-a6fe93c56ad9 adcf124e59974d9e823cc50d148f3a86 6de12b7e3f3e4978ac3f5876aba60bd5 - - default default] 10.0.0.171 "GET /v2.0/ports?device_id=5afbf15f-b474-421c-a77b-cf675a77f86c HTTP/1.1" status: 200 len: 1170 time: 0.0572698
2026-05-27 07:15:16.712 10 INFO neutron.db.ovn_revision_numbers_db [None req-09294ea9-2ee2-4554-99b7-d5c6ec531f2c 0e38d5dc085243399bbe19e12996cfa1 406d61b86c87402694c471cc762f9109 - - default default] Successfully bumped revision number for resource d09e9b34-157c-4c7d-b5e7-e446f151d9c5 (type: security_group_rules) to 0
2026-05-27 07:15:16.751 10 INFO neutron.db.ovn_revision_numbers_db [None req-09294ea9-2ee2-4554-99b7-d5c6ec531f2c 0e38d5dc085243399bbe19e12996cfa1 406d61b86c87402694c471cc762f9109 - - default default] Successfully bumped revision number for resource e30abcc8-6ed9-4244-8b68-160c0c4aaecf (type: security_group_rules) to 0
2026-05-27 07:15:16.782 10 INFO neutron.db.ovn_revision_numbers_db [None req-09294ea9-2ee2-4554-99b7-d5c6ec531f2c 0e38d5dc085243399bbe19e12996cfa1 406d61b86c87402694c471cc762f9109 - - default default] Successfully bumped revision number for resource fa1748d3-1594-4b4e-8bed-311f0ab2456b (type: security_group_rules) to 0
2026-05-27 07:15:16.845 9 INFO neutron.wsgi [None req-48936aaf-ad11-42a2-8564-3c93a6fb1623 49d1c7e7502c4c6b97f54e8f4f212323 14388796f3654fe08055252b4966ed29 - - default default] 10.0.0.78 "DELETE /v2.0/security-groups/7e7243cc-4c02-4872-b218-3b66d45e1063 HTTP/1.1" status: 204 len: 168 time: 0.2675955
2026-05-27 07:15:16.868 10 INFO neutron.db.segments_db [None req-09294ea9-2ee2-4554-99b7-d5c6ec531f2c 0e38d5dc085243399bbe19e12996cfa1 406d61b86c87402694c471cc762f9109 - - default default] Added segment 552968c0-4002-4216-a56c-0283f4a4d812 of type geneve for network 75816f41-c04b-43d1-b17f-ed9abb3af9ee
2026-05-27 07:15:17.131 10 INFO neutron.db.ovn_revision_numbers_db [None req-09294ea9-2ee2-4554-99b7-d5c6ec531f2c 0e38d5dc085243399bbe19e12996cfa1 406d61b86c87402694c471cc762f9109 - - default default] Successfully bumped revision number for resource 75816f41-c04b-43d1-b17f-ed9abb3af9ee (type: networks) to 1
2026-05-27 07:15:17.411 10 WARNING neutron.scheduler.dhcp_agent_scheduler [None req-09294ea9-2ee2-4554-99b7-d5c6ec531f2c 0e38d5dc085243399bbe19e12996cfa1 406d61b86c87402694c471cc762f9109 - - default default] No more DHCP agents
2026-05-27 07:15:17.415 10 WARNING neutron.api.rpc.agentnotifiers.dhcp_rpc_agent_api [None req-09294ea9-2ee2-4554-99b7-d5c6ec531f2c 0e38d5dc085243399bbe19e12996cfa1 406d61b86c87402694c471cc762f9109 - - default default] Unable to schedule network 75816f41-c04b-43d1-b17f-ed9abb3af9ee: no agents available; will retry on subsequent port and subnet creation events.
2026-05-27 07:15:17.542 10 INFO neutron.db.ovn_revision_numbers_db [None req-24d0db2e-1a66-46ca-a9f8-0f3112967673 adcf124e59974d9e823cc50d148f3a86 6de12b7e3f3e4978ac3f5876aba60bd5 - - default default] Successfully bumped revision number for resource a6690e38-f211-4640-bb50-9c11184dd170 (type: floatingips) to 1
2026-05-27 07:15:17.559 10 INFO neutron.db.ovn_revision_numbers_db [None req-09294ea9-2ee2-4554-99b7-d5c6ec531f2c 0e38d5dc085243399bbe19e12996cfa1 406d61b86c87402694c471cc762f9109 - - default default] Successfully bumped revision number for resource d0eb6de8-42ad-4ee4-b894-4689ccd609d9 (type: ports) to 1
2026-05-27 07:15:17.587 10 INFO neutron.wsgi [None req-09294ea9-2ee2-4554-99b7-d5c6ec531f2c 0e38d5dc085243399bbe19e12996cfa1 406d61b86c87402694c471cc762f9109 - - default default] 10.0.0.78 "POST /v2.0/networks HTTP/1.1" status: 201 len: 832 time: 1.3766737 /var/lib/openstack/lib/python3.10/site-packages/pycadf/identifier.py:71: UserWarning: Invalid uuid: neutron. To ensure interoperability, identifiers should be a valid uuid. warnings.warn(('Invalid uuid: %s. To ensure interoperability, '
2026-05-27 07:15:17.610 9 WARNING neutron_lib.context [None req-2c9c6606-21eb-4eca-a8a1-96e6359b977b 0e38d5dc085243399bbe19e12996cfa1 406d61b86c87402694c471cc762f9109 - - default default] Method 'is_advsvc' is deprecated since 2023.2 release (neutron-lib 3.8.0) and will be removed once support for the old RBAC API policies will be removed from Neutron. Please use method 'is_service_role' instead.
2026-05-27 07:15:17.694 10 INFO neutron.db.ovn_revision_numbers_db [None req-24d0db2e-1a66-46ca-a9f8-0f3112967673 adcf124e59974d9e823cc50d148f3a86 6de12b7e3f3e4978ac3f5876aba60bd5 - - default default] Successfully bumped revision number for resource a6690e38-f211-4640-bb50-9c11184dd170 (type: floatingips) to 2
2026-05-27 07:15:17.695 10 INFO neutron.db.l3_db [None req-24d0db2e-1a66-46ca-a9f8-0f3112967673 adcf124e59974d9e823cc50d148f3a86 6de12b7e3f3e4978ac3f5876aba60bd5 - - default default] Floating IP a6690e38-f211-4640-bb50-9c11184dd170 associated. External IP: 10.96.250.209, port: f13f92ec-c203-4045-80ab-b65e8c0ce076.
2026-05-27 07:15:17.713 9 INFO neutron.db.segments_db [None req-2c9c6606-21eb-4eca-a8a1-96e6359b977b 0e38d5dc085243399bbe19e12996cfa1 406d61b86c87402694c471cc762f9109 - - default default] Added segment b3b0b8c0-5d16-4603-a180-0be8f9af75e6 of type geneve for network 6f15599f-bead-4b0a-9ccb-8d656ee40310
2026-05-27 07:15:17.725 10 INFO neutron.wsgi [None req-24d0db2e-1a66-46ca-a9f8-0f3112967673 adcf124e59974d9e823cc50d148f3a86 6de12b7e3f3e4978ac3f5876aba60bd5 - - default default] 10.0.0.78 "PUT /v2.0/floatingips/a6690e38-f211-4640-bb50-9c11184dd170 HTTP/1.1" status: 200 len: 1049 time: 1.0010552
2026-05-27 07:15:17.774 10 INFO neutron.notifiers.nova [-] Nova event matching ['req-070adb2a-1e03-428b-bc6a-981fc9db2958'] response: {'name': 'network-changed', 'server_uuid': '5afbf15f-b474-421c-a77b-cf675a77f86c', 'tag': 'f13f92ec-c203-4045-80ab-b65e8c0ce076', 'status': 'completed', 'code': 200}
2026-05-27 07:15:17.822 10 INFO neutron.wsgi [req-548d6eb0-8b7d-4608-bbd0-663dc5d65a04 req-e7995222-5c47-4c7b-9bd1-03335b5bf0f9 adcf124e59974d9e823cc50d148f3a86 6de12b7e3f3e4978ac3f5876aba60bd5 - - default default] 10.0.0.171 "GET /v2.0/ports?device_id=5afbf15f-b474-421c-a77b-cf675a77f86c HTTP/1.1" status: 200 len: 1170 time: 0.0465329
2026-05-27 07:15:17.894 10 INFO neutron.wsgi [req-548d6eb0-8b7d-4608-bbd0-663dc5d65a04 req-71846a2e-0f6c-4822-b7c6-c896d25dc8b1 adcf124e59974d9e823cc50d148f3a86 6de12b7e3f3e4978ac3f5876aba60bd5 - - default default] 10.0.0.171 "GET /v2.0/security-groups?id=a0c9c3af-c607-47aa-b856-747e5ab143b2&fields=id&fields=name HTTP/1.1" status: 200 len: 313 time: 0.0546856
2026-05-27 07:15:17.930 9 INFO neutron.wsgi [req-f8b8a4f0-4f84-4c5d-b46a-f59429bac524 req-77863db8-f5da-4629-affe-cf654f3ff9ca f6e127efe92449f1b7570ccc7a7e1f09 e7c7f8f054f546618b8e4c049ddcd3b2 - - 2ce922d5462c4e70a7bbd2870c916094 2ce922d5462c4e70a7bbd2870c916094] 199.204.45.244 "GET /v2.0/ports?tenant_id=6de12b7e3f3e4978ac3f5876aba60bd5&device_id=5afbf15f-b474-421c-a77b-cf675a77f86c HTTP/1.1" status: 200 len: 1409 time: 0.1219261
2026-05-27 07:15:17.950 9 INFO neutron.db.ovn_revision_numbers_db [None req-2c9c6606-21eb-4eca-a8a1-96e6359b977b 0e38d5dc085243399bbe19e12996cfa1 406d61b86c87402694c471cc762f9109 - - default default] Successfully bumped revision number for resource 6f15599f-bead-4b0a-9ccb-8d656ee40310 (type: networks) to 1
2026-05-27 07:15:18.223 10 INFO neutron.wsgi [req-fc86f131-571b-49ec-8176-afc16324c383 req-4a63cf4c-19c6-431b-b309-12b60a161327 adcf124e59974d9e823cc50d148f3a86 6de12b7e3f3e4978ac3f5876aba60bd5 - - default default] 10.0.0.171 "GET /v2.0/ports?device_id=5afbf15f-b474-421c-a77b-cf675a77f86c HTTP/1.1" status: 200 len: 1170 time: 0.0615857
2026-05-27 07:15:18.310 10 INFO neutron.wsgi [req-fc86f131-571b-49ec-8176-afc16324c383 req-28f57c06-732d-4b09-9351-c9b8495bf401 adcf124e59974d9e823cc50d148f3a86 6de12b7e3f3e4978ac3f5876aba60bd5 - - default default] 10.0.0.171 "GET /v2.0/security-groups?id=a0c9c3af-c607-47aa-b856-747e5ab143b2&fields=id&fields=name HTTP/1.1" status: 200 len: 313 time: 0.0772097
2026-05-27 07:15:18.387 9 INFO neutron.plugins.ml2.drivers.ovn.mech_driver.mech_driver [None req-1cbfd0d9-7939-4b44-a5e0-fd368f313994 - - - - - -] OVN reports status down for port: f13f92ec-c203-4045-80ab-b65e8c0ce076
2026-05-27 07:15:18.443 9 INFO neutron.wsgi [req-f8b8a4f0-4f84-4c5d-b46a-f59429bac524 req-0f494694-9212-477d-88ea-0060e4a10add f6e127efe92449f1b7570ccc7a7e1f09 e7c7f8f054f546618b8e4c049ddcd3b2 - - 2ce922d5462c4e70a7bbd2870c916094 2ce922d5462c4e70a7bbd2870c916094] 199.204.45.244 "GET /v2.0/networks?id=6bb5099d-6459-4dcb-bd63-d4899cb9d47c HTTP/1.1" status: 200 len: 974 time: 0.5013063
2026-05-27 07:15:18.547 9 INFO neutron.wsgi [req-f8b8a4f0-4f84-4c5d-b46a-f59429bac524 req-d9fb68ff-b05e-4028-be31-0c73ff4eada4 f6e127efe92449f1b7570ccc7a7e1f09 e7c7f8f054f546618b8e4c049ddcd3b2 - - 2ce922d5462c4e70a7bbd2870c916094 2ce922d5462c4e70a7bbd2870c916094] 199.204.45.244 "GET /v2.0/floatingips?fixed_ip_address=10.100.0.4&port_id=f13f92ec-c203-4045-80ab-b65e8c0ce076 HTTP/1.1" status: 200 len: 1059 time: 0.0861256
2026-05-27 07:15:18.550 10 INFO neutron.wsgi [req-5e4c0521-3de4-4c4b-b84f-c9ee8ac62ad7 req-663ff64a-f354-4c08-b74a-28792f870ec4 adcf124e59974d9e823cc50d148f3a86 6de12b7e3f3e4978ac3f5876aba60bd5 - - default default] 199.204.45.244 "GET /v2.0/ports?device_id=5afbf15f-b474-421c-a77b-cf675a77f86c HTTP/1.1" status: 200 len: 1170 time: 0.0497904
2026-05-27 07:15:18.630 9 INFO neutron.wsgi [req-f8b8a4f0-4f84-4c5d-b46a-f59429bac524 req-31189000-ccde-4a8d-967b-cd02de102269 f6e127efe92449f1b7570ccc7a7e1f09 e7c7f8f054f546618b8e4c049ddcd3b2 - - 2ce922d5462c4e70a7bbd2870c916094 2ce922d5462c4e70a7bbd2870c916094] 199.204.45.244 "GET /v2.0/subnets?id=876a7f9f-1fc5-46f4-b50b-42bc8e3911f4 HTTP/1.1" status: 200 len: 869 time: 0.0730557
2026-05-27 07:15:18.676 9 INFO neutron.wsgi [req-f8b8a4f0-4f84-4c5d-b46a-f59429bac524 req-248932be-de76-48e2-b1e1-af7c71c3508d f6e127efe92449f1b7570ccc7a7e1f09 e7c7f8f054f546618b8e4c049ddcd3b2 - - 2ce922d5462c4e70a7bbd2870c916094 2ce922d5462c4e70a7bbd2870c916094] 199.204.45.244 "GET /v2.0/ports?network_id=6bb5099d-6459-4dcb-bd63-d4899cb9d47c&device_owner=network%3Adhcp HTTP/1.1" status: 200 len: 210 time: 0.0348325
2026-05-27 07:15:18.678 9 INFO neutron.notifiers.nova [-] Nova event matching ['req-c79312d4-486e-438a-a637-ac5639c9caa2'] response: {'server_uuid': '5afbf15f-b474-421c-a77b-cf675a77f86c', 'name': 'network-vif-unplugged', 'status': 'completed', 'tag': 'f13f92ec-c203-4045-80ab-b65e8c0ce076', 'code': 200}
2026-05-27 07:15:18.713 9 WARNING neutron.scheduler.dhcp_agent_scheduler [None req-2c9c6606-21eb-4eca-a8a1-96e6359b977b 0e38d5dc085243399bbe19e12996cfa1 406d61b86c87402694c471cc762f9109 - - default default] No more DHCP agents
2026-05-27 07:15:18.720 9 WARNING neutron.api.rpc.agentnotifiers.dhcp_rpc_agent_api [None req-2c9c6606-21eb-4eca-a8a1-96e6359b977b 0e38d5dc085243399bbe19e12996cfa1 406d61b86c87402694c471cc762f9109 - - default default] Unable to schedule network 6f15599f-bead-4b0a-9ccb-8d656ee40310: no agents available; will retry on subsequent port and subnet creation events.
2026-05-27 07:15:18.806 9 INFO neutron.wsgi [req-f8b8a4f0-4f84-4c5d-b46a-f59429bac524 req-2e68da17-d0b4-4ea1-9ef5-8c1e1e8157a5 f6e127efe92449f1b7570ccc7a7e1f09 e7c7f8f054f546618b8e4c049ddcd3b2 - - 2ce922d5462c4e70a7bbd2870c916094 2ce922d5462c4e70a7bbd2870c916094] 199.204.45.244 "GET /v2.0/networks/6bb5099d-6459-4dcb-bd63-d4899cb9d47c?fields=segments HTTP/1.1" status: 200 len: 212 time: 0.1189690
2026-05-27 07:15:18.913 9 INFO neutron.db.ovn_revision_numbers_db [None req-2c9c6606-21eb-4eca-a8a1-96e6359b977b 0e38d5dc085243399bbe19e12996cfa1 406d61b86c87402694c471cc762f9109 - - default default] Successfully bumped revision number for resource f5b57153-2f1b-4cb7-903b-bc51556f15bc (type: ports) to 1
2026-05-27 07:15:18.964 9 INFO neutron.wsgi [req-f8b8a4f0-4f84-4c5d-b46a-f59429bac524 req-cd3419ef-6f93-4d67-8622-80a00c5ac4e4 f6e127efe92449f1b7570ccc7a7e1f09 e7c7f8f054f546618b8e4c049ddcd3b2 - - 2ce922d5462c4e70a7bbd2870c916094 2ce922d5462c4e70a7bbd2870c916094] 199.204.45.244 "GET /v2.0/networks/6bb5099d-6459-4dcb-bd63-d4899cb9d47c?fields=provider%3Aphysical_network&fields=provider%3Anetwork_type HTTP/1.1" status: 200 len: 277 time: 0.1343734
2026-05-27 07:15:18.968 9 INFO neutron.wsgi [None req-2c9c6606-21eb-4eca-a8a1-96e6359b977b 0e38d5dc085243399bbe19e12996cfa1 406d61b86c87402694c471cc762f9109 - - default default] 10.0.0.78 "POST /v2.0/networks HTTP/1.1" status: 201 len: 833 time: 1.3675961
2026-05-27 07:15:18.984 9 WARNING neutron_lib.context [None req-53b16b8a-33dc-4e06-b62e-c8ef7fcfcda4 0e38d5dc085243399bbe19e12996cfa1 406d61b86c87402694c471cc762f9109 - - default default] Method 'is_advsvc' is deprecated since 2023.2 release (neutron-lib 3.8.0) and will be removed once support for the old RBAC API policies will be removed from Neutron. Please use method 'is_service_role' instead.
2026-05-27 07:15:19.077 9 INFO neutron.db.ovn_revision_numbers_db [None req-1cbfd0d9-7939-4b44-a5e0-fd368f313994 - - - - - -] Successfully bumped revision number for resource f13f92ec-c203-4045-80ab-b65e8c0ce076 (type: ports) to 5
2026-05-27 07:15:19.082 10 INFO neutron.db.l3_db [req-5e4c0521-3de4-4c4b-b84f-c9ee8ac62ad7 req-7c11bcac-a599-40d0-bdc0-6e957287b29d adcf124e59974d9e823cc50d148f3a86 6de12b7e3f3e4978ac3f5876aba60bd5 - - default default] Floating IP a6690e38-f211-4640-bb50-9c11184dd170 disassociated. External IP: 10.96.250.209, port: f13f92ec-c203-4045-80ab-b65e8c0ce076.
2026-05-27 07:15:19.235 10 INFO neutron.wsgi [req-5e4c0521-3de4-4c4b-b84f-c9ee8ac62ad7 req-7c11bcac-a599-40d0-bdc0-6e957287b29d adcf124e59974d9e823cc50d148f3a86 6de12b7e3f3e4978ac3f5876aba60bd5 - - default default] 199.204.45.244 "DELETE /v2.0/ports/f13f92ec-c203-4045-80ab-b65e8c0ce076 HTTP/1.1" status: 204 len: 173 time: 0.6775422
2026-05-27 07:15:19.333 9 WARNING neutron.scheduler.dhcp_agent_scheduler [None req-53b16b8a-33dc-4e06-b62e-c8ef7fcfcda4 0e38d5dc085243399bbe19e12996cfa1 406d61b86c87402694c471cc762f9109 - - default default] No more DHCP agents
2026-05-27 07:15:19.335 9 WARNING neutron.api.rpc.agentnotifiers.dhcp_rpc_agent_api [None req-53b16b8a-33dc-4e06-b62e-c8ef7fcfcda4 0e38d5dc085243399bbe19e12996cfa1 406d61b86c87402694c471cc762f9109 - - default default] Unable to schedule network 75816f41-c04b-43d1-b17f-ed9abb3af9ee: no agents available; will retry on subsequent port and subnet creation events.
2026-05-27 07:15:19.378 9 INFO neutron.db.ovn_revision_numbers_db [None req-53b16b8a-33dc-4e06-b62e-c8ef7fcfcda4 0e38d5dc085243399bbe19e12996cfa1 406d61b86c87402694c471cc762f9109 - - default default] Successfully bumped revision number for resource 70d7e625-6689-4318-8f9e-d40e7d686cb3 (type: subnets) to 0
2026-05-27 07:15:19.401 9 INFO neutron.wsgi [None req-53b16b8a-33dc-4e06-b62e-c8ef7fcfcda4 0e38d5dc085243399bbe19e12996cfa1 406d61b86c87402694c471cc762f9109 - - default default] 10.0.0.78 "POST /v2.0/subnets HTTP/1.1" status: 201 len: 821 time: 0.4246209 /var/lib/openstack/lib/python3.10/site-packages/pycadf/identifier.py:71: UserWarning: Invalid uuid: neutron. To ensure interoperability, identifiers should be a valid uuid. warnings.warn(('Invalid uuid: %s. To ensure interoperability, '
2026-05-27 07:15:19.416 9 WARNING neutron_lib.context [None req-2aae31e0-0246-4628-a2a6-d92f4493251c 0e38d5dc085243399bbe19e12996cfa1 406d61b86c87402694c471cc762f9109 - - default default] Method 'is_advsvc' is deprecated since 2023.2 release (neutron-lib 3.8.0) and will be removed once support for the old RBAC API policies will be removed from Neutron. Please use method 'is_service_role' instead.
2026-05-27 07:15:19.473 10 INFO neutron.wsgi [req-f7ddf6a7-9e8e-4d36-9f1a-fb5d0bc712bb req-5e5322d5-c7ad-47a9-a4eb-5d4d83cf5e01 adcf124e59974d9e823cc50d148f3a86 6de12b7e3f3e4978ac3f5876aba60bd5 - - default default] 10.0.0.171 "GET /v2.0/ports?device_id=5afbf15f-b474-421c-a77b-cf675a77f86c HTTP/1.1" status: 200 len: 210 time: 0.0333214
2026-05-27 07:15:19.701 9 WARNING neutron.scheduler.dhcp_agent_scheduler [None req-2aae31e0-0246-4628-a2a6-d92f4493251c 0e38d5dc085243399bbe19e12996cfa1 406d61b86c87402694c471cc762f9109 - - default default] No more DHCP agents
2026-05-27 07:15:19.705 9 WARNING neutron.api.rpc.agentnotifiers.dhcp_rpc_agent_api [None req-2aae31e0-0246-4628-a2a6-d92f4493251c 0e38d5dc085243399bbe19e12996cfa1 406d61b86c87402694c471cc762f9109 - - default default] Unable to schedule network 6f15599f-bead-4b0a-9ccb-8d656ee40310: no agents available; will retry on subsequent port and subnet creation events.
2026-05-27 07:15:19.744 9 INFO neutron.db.ovn_revision_numbers_db [None req-2aae31e0-0246-4628-a2a6-d92f4493251c 0e38d5dc085243399bbe19e12996cfa1 406d61b86c87402694c471cc762f9109 - - default default] Successfully bumped revision number for resource 82a8c34d-664e-4969-aa1d-2d55c708265f (type: subnets) to 0
2026-05-27 07:15:19.762 9 INFO neutron.wsgi [None req-2aae31e0-0246-4628-a2a6-d92f4493251c 0e38d5dc085243399bbe19e12996cfa1 406d61b86c87402694c471cc762f9109 - - default default] 10.0.0.78 "POST /v2.0/subnets HTTP/1.1" status: 201 len: 830 time: 0.3537080
2026-05-27 07:15:19.776 9 WARNING neutron_lib.context [None req-f6c5fa4f-6313-4ccc-aabe-eff6bd522aa4 0e38d5dc085243399bbe19e12996cfa1 406d61b86c87402694c471cc762f9109 - - default default] Method 'is_advsvc' is deprecated since 2023.2 release (neutron-lib 3.8.0) and will be removed once support for the old RBAC API policies will be removed from Neutron. Please use method 'is_service_role' instead.
2026-05-27 07:15:19.822 10 INFO neutron.notifiers.nova [-] Nova event matching ['req-ff87fdb6-ca18-4ea5-bb9d-e972d740850a'] response: {'server_uuid': '5afbf15f-b474-421c-a77b-cf675a77f86c', 'name': 'network-vif-deleted', 'tag': 'f13f92ec-c203-4045-80ab-b65e8c0ce076', 'status': 'completed', 'code': 200}
2026-05-27 07:15:19.950 9 INFO neutron.db.ovn_revision_numbers_db [None req-f6c5fa4f-6313-4ccc-aabe-eff6bd522aa4 0e38d5dc085243399bbe19e12996cfa1 406d61b86c87402694c471cc762f9109 - - default default] Successfully bumped revision number for resource f2fdc095-e90d-4dbe-9dca-10610ebca9d1 (type: routers) to 1
2026-05-27 07:15:19.971 9 INFO neutron.wsgi [None req-f6c5fa4f-6313-4ccc-aabe-eff6bd522aa4 0e38d5dc085243399bbe19e12996cfa1 406d61b86c87402694c471cc762f9109 - - default default] 10.0.0.78 "POST /v2.0/routers HTTP/1.1" status: 201 len: 806 time: 0.2014101
2026-05-27 07:15:19.993 10 INFO neutron.wsgi [req-38e9f00c-23b8-4abe-8cd3-bfa293256d07 req-c3c6d5ca-e600-4eee-a15f-3ed6fd166011 a5c8275f38214efda37749036ebd8925 3129efd5ad1844b49b6f4fc9c0e097f2 - - default default] 10.0.0.171 "GET /v2.0/ports?device_id=aa0db1b8-1eac-4723-93ee-746c627452d8 HTTP/1.1" status: 200 len: 1170 time: 0.1020627
2026-05-27 07:15:20.082 10 INFO neutron.wsgi [req-38e9f00c-23b8-4abe-8cd3-bfa293256d07 req-5a671b07-f86a-4eba-8d46-e69d689db381 a5c8275f38214efda37749036ebd8925 3129efd5ad1844b49b6f4fc9c0e097f2 - - default default] 10.0.0.171 "GET /v2.0/security-groups?id=c94963bb-338f-4dc8-a387-93d6404cc97e&fields=id&fields=name HTTP/1.1" status: 200 len: 313 time: 0.0794115
2026-05-27 07:15:20.309 10 INFO neutron.wsgi [req-7df87e04-b52f-4388-94fc-8f535af0e849 req-69e16f9d-d49c-4e7f-905d-7e96fe525e9f a5c8275f38214efda37749036ebd8925 3129efd5ad1844b49b6f4fc9c0e097f2 - - default default] 10.0.0.171 "GET /v2.0/ports?device_id=aa0db1b8-1eac-4723-93ee-746c627452d8 HTTP/1.1" status: 200 len: 1170 time: 0.0405326
2026-05-27 07:15:20.322 9 INFO neutron.plugins.ml2.drivers.ovn.mech_driver.mech_driver [None req-1cbfd0d9-7939-4b44-a5e0-fd368f313994 - - - - - -] OVN reports status down for port: ad391ad9-a36f-4e06-8b91-7227680dd4dd
2026-05-27 07:15:20.390 10 INFO neutron.wsgi [req-7df87e04-b52f-4388-94fc-8f535af0e849 req-1e584457-44aa-4a36-b983-1bd6639bdc7b a5c8275f38214efda37749036ebd8925 3129efd5ad1844b49b6f4fc9c0e097f2 - - default default] 10.0.0.171 "GET /v2.0/security-groups?id=c94963bb-338f-4dc8-a387-93d6404cc97e&fields=id&fields=name HTTP/1.1" status: 200 len: 313 time: 0.0734096
2026-05-27 07:15:20.589 9 WARNING neutron.scheduler.dhcp_agent_scheduler [None req-6a74048e-2d3d-438f-be8a-0fd027c8195a 0e38d5dc085243399bbe19e12996cfa1 406d61b86c87402694c471cc762f9109 - - default default] No more DHCP agents
2026-05-27 07:15:20.604 9 WARNING neutron.api.rpc.agentnotifiers.dhcp_rpc_agent_api [None req-6a74048e-2d3d-438f-be8a-0fd027c8195a 0e38d5dc085243399bbe19e12996cfa1 406d61b86c87402694c471cc762f9109 - - default default] Unable to schedule network 75816f41-c04b-43d1-b17f-ed9abb3af9ee: no agents available; will retry on subsequent port and subnet creation events.
2026-05-27 07:15:20.677 10 INFO neutron.wsgi [req-11a9e792-41d7-4cbb-8f3f-2c0129347a51 req-9020060e-df10-47d2-b3eb-d349f4c3f26f a5c8275f38214efda37749036ebd8925 3129efd5ad1844b49b6f4fc9c0e097f2 - - default default] 199.204.45.244 "GET /v2.0/ports?device_id=aa0db1b8-1eac-4723-93ee-746c627452d8 HTTP/1.1" status: 200 len: 1168 time: 0.0530517
2026-05-27 07:15:20.722 9 INFO neutron.notifiers.nova [-] Nova event matching ['req-82e13a48-8da9-4c9a-b0f5-05806b7120e0'] response: {'server_uuid': '5afbf15f-b474-421c-a77b-cf675a77f86c', 'name': 'network-vif-unplugged', 'status': 'completed', 'tag': 'f13f92ec-c203-4045-80ab-b65e8c0ce076', 'code': 200}
2026-05-27 07:15:20.723 9 INFO neutron.notifiers.nova [-] Nova event matching ['req-82e13a48-8da9-4c9a-b0f5-05806b7120e0'] response: {'server_uuid': 'aa0db1b8-1eac-4723-93ee-746c627452d8', 'name': 'network-vif-unplugged', 'status': 'completed', 'tag': 'ad391ad9-a36f-4e06-8b91-7227680dd4dd', 'code': 200}
2026-05-27 07:15:20.820 9 INFO neutron.db.ovn_revision_numbers_db [None req-6a74048e-2d3d-438f-be8a-0fd027c8195a 0e38d5dc085243399bbe19e12996cfa1 406d61b86c87402694c471cc762f9109 - - default default] Successfully bumped revision number for resource 10eaed02-826f-4ad7-9e8d-ad7c813e0424 (type: ports) to 1
2026-05-27 07:15:20.830 10 INFO neutron.wsgi [None req-09cb7196-826f-4da4-8ced-0bba7731554e adcf124e59974d9e823cc50d148f3a86 6de12b7e3f3e4978ac3f5876aba60bd5 - - default default] 10.0.0.78 "DELETE /v2.0/security-groups/a0c9c3af-c607-47aa-b856-747e5ab143b2 HTTP/1.1" status: 204 len: 168 time: 0.2532685
2026-05-27 07:15:20.855 10 INFO neutron.api.v2.resource [None req-0d72f887-9c72-4400-9f18-92a76fae9580 adcf124e59974d9e823cc50d148f3a86 6de12b7e3f3e4978ac3f5876aba60bd5 - - default default] show failed (client error): The resource could not be found.
2026-05-27 07:15:20.857 10 INFO neutron.wsgi [None req-0d72f887-9c72-4400-9f18-92a76fae9580 adcf124e59974d9e823cc50d148f3a86 6de12b7e3f3e4978ac3f5876aba60bd5 - - default default] 10.0.0.78 "GET /v2.0/security-groups/a0c9c3af-c607-47aa-b856-747e5ab143b2 HTTP/1.1" status: 404 len: 347 time: 0.0146770
2026-05-27 07:15:20.922 9 INFO neutron.db.ovn_revision_numbers_db [None req-1cbfd0d9-7939-4b44-a5e0-fd368f313994 - - - - - -] Successfully bumped revision number for resource ad391ad9-a36f-4e06-8b91-7227680dd4dd (type: ports) to 7
2026-05-27 07:15:21.361 9 ERROR ovsdbapp.backend.ovs_idl.command [None req-6a74048e-2d3d-438f-be8a-0fd027c8195a 0e38d5dc085243399bbe19e12996cfa1 406d61b86c87402694c471cc762f9109 - - default default] Error executing command (DbGetCommand): ovsdbapp.backend.ovs_idl.idlutils.RowNotFound: Cannot find Logical_Router_Port with name=lrp-10eaed02-826f-4ad7-9e8d-ad7c813e0424
2026-05-27 07:15:21.361 9 ERROR ovsdbapp.backend.ovs_idl.command
Traceback (most recent call last):
2026-05-27 07:15:21.361 9 ERROR ovsdbapp.backend.ovs_idl.command
File "/var/lib/openstack/lib/python3.10/site-packages/ovsdbapp/backend/ovs_idl/command.py", line 47, in execute
2026-05-27 07:15:21.361 9 ERROR ovsdbapp.backend.ovs_idl.command self.run_idl(None)
2026-05-27 07:15:21.361 9 ERROR ovsdbapp.backend.ovs_idl.command
File "/var/lib/openstack/lib/python3.10/site-packages/ovsdbapp/backend/ovs_idl/command.py", line 235, in run_idl
2026-05-27 07:15:21.361 9 ERROR ovsdbapp.backend.ovs_idl.command record = self.api.lookup(self.table, self.record)
2026-05-27 07:15:21.361 9 ERROR ovsdbapp.backend.ovs_idl.command
File "/var/lib/openstack/lib/python3.10/site-packages/ovsdbapp/backend/ovs_idl/__init__.py", line 184, in lookup
2026-05-27 07:15:21.361 9 ERROR ovsdbapp.backend.ovs_idl.command return self._lookup(table, record)
2026-05-27 07:15:21.361 9 ERROR ovsdbapp.backend.ovs_idl.command
File "/var/lib/openstack/lib/python3.10/site-packages/ovsdbapp/backend/ovs_idl/__init__.py", line 235, in _lookup
2026-05-27 07:15:21.361 9 ERROR ovsdbapp.backend.ovs_idl.command row = idlutils.row_by_value(self, rl.table, rl.column, record)
2026-05-27 07:15:21.361 9 ERROR ovsdbapp.backend.ovs_idl.command
File "/var/lib/openstack/lib/python3.10/site-packages/ovsdbapp/backend/ovs_idl/idlutils.py", line 114, in row_by_value
2026-05-27 07:15:21.361 9 ERROR ovsdbapp.backend.ovs_idl.command raise RowNotFound(table=table, col=column, match=match)
2026-05-27 07:15:21.361 9 ERROR ovsdbapp.backend.ovs_idl.command ovsdbapp.backend.ovs_idl.idlutils.RowNotFound: Cannot find Logical_Router_Port with name=lrp-10eaed02-826f-4ad7-9e8d-ad7c813e0424
2026-05-27 07:15:21.361 9 ERROR ovsdbapp.backend.ovs_idl.command 
2026-05-27 07:15:21.362 9 ERROR neutron_lib.callbacks.manager [None req-6a74048e-2d3d-438f-be8a-0fd027c8195a 0e38d5dc085243399bbe19e12996cfa1 406d61b86c87402694c471cc762f9109 - - default default] Error during notification for neutron.services.ovn_l3.plugin.OVNL3RouterPlugin._port_update-8785617072879 port, after_update: ovsdbapp.backend.ovs_idl.idlutils.RowNotFound: Cannot find Logical_Router_Port with name=lrp-10eaed02-826f-4ad7-9e8d-ad7c813e0424
2026-05-27 07:15:21.362 9 ERROR neutron_lib.callbacks.manager
Traceback (most recent call last):
2026-05-27 07:15:21.362 9 ERROR neutron_lib.callbacks.manager
File "/var/lib/openstack/lib/python3.10/site-packages/neutron_lib/callbacks/manager.py", line 189, in _notify_loop
2026-05-27 07:15:21.362 9 ERROR neutron_lib.callbacks.manager callback.method(resource, event, trigger, payload=payload)
2026-05-27 07:15:21.362 9 ERROR neutron_lib.callbacks.manager
File "/var/lib/openstack/lib/python3.10/site-packages/neutron/services/ovn_l3/plugin.py", line 391, in _port_update
2026-05-27 07:15:21.362 9 ERROR neutron_lib.callbacks.manager l3plugin._ovn_client.update_router_port(context,
2026-05-27 07:15:21.362 9 ERROR neutron_lib.callbacks.manager
File "/var/lib/openstack/lib/python3.10/site-packages/neutron/plugins/ml2/drivers/ovn/mech_driver/ovsdb/ovn_client.py", line 1878, in update_router_port
2026-05-27 07:15:21.362 9 ERROR neutron_lib.callbacks.manager self._update_lrouter_port(context, port, if_exists=if_exists,
2026-05-27 07:15:21.362 9 ERROR neutron_lib.callbacks.manager
File "/var/lib/openstack/lib/python3.10/site-packages/neutron/plugins/ml2/drivers/ovn/mech_driver/ovsdb/ovn_client.py", line 1855, in _update_lrouter_port
2026-05-27 07:15:21.362 9 ERROR neutron_lib.callbacks.manager external_ids = self._nb_idl.db_get(
2026-05-27 07:15:21.362 9 ERROR neutron_lib.callbacks.manager
File "/var/lib/openstack/lib/python3.10/site-packages/ovsdbapp/backend/ovs_idl/command.py", line 47, in execute
2026-05-27 07:15:21.362 9 ERROR neutron_lib.callbacks.manager self.run_idl(None)
2026-05-27 07:15:21.362 9 ERROR neutron_lib.callbacks.manager
File "/var/lib/openstack/lib/python3.10/site-packages/ovsdbapp/backend/ovs_idl/command.py", line 235, in run_idl
2026-05-27 07:15:21.362 9 ERROR neutron_lib.callbacks.manager record = self.api.lookup(self.table, self.record)
2026-05-27 07:15:21.362 9 ERROR neutron_lib.callbacks.manager
File "/var/lib/openstack/lib/python3.10/site-packages/ovsdbapp/backend/ovs_idl/__init__.py", line 184, in lookup
2026-05-27 07:15:21.362 9 ERROR neutron_lib.callbacks.manager return self._lookup(table, record)
2026-05-27 07:15:21.362 9 ERROR neutron_lib.callbacks.manager
File "/var/lib/openstack/lib/python3.10/site-packages/ovsdbapp/backend/ovs_idl/__init__.py", line 235, in _lookup
2026-05-27 07:15:21.362 9 ERROR neutron_lib.callbacks.manager row = idlutils.row_by_value(self, rl.table, rl.column, record)
2026-05-27 07:15:21.362 9 ERROR neutron_lib.callbacks.manager
File "/var/lib/openstack/lib/python3.10/site-packages/ovsdbapp/backend/ovs_idl/idlutils.py", line 114, in row_by_value
2026-05-27 07:15:21.362 9 ERROR neutron_lib.callbacks.manager raise RowNotFound(table=table, col=column, match=match)
2026-05-27 07:15:21.362 9 ERROR neutron_lib.callbacks.manager ovsdbapp.backend.ovs_idl.idlutils.RowNotFound: Cannot find Logical_Router_Port with name=lrp-10eaed02-826f-4ad7-9e8d-ad7c813e0424
2026-05-27 07:15:21.362 9 ERROR neutron_lib.callbacks.manager 
2026-05-27 07:15:21.570 9 INFO neutron.db.ovn_revision_numbers_db [None req-6a74048e-2d3d-438f-be8a-0fd027c8195a 0e38d5dc085243399bbe19e12996cfa1 406d61b86c87402694c471cc762f9109 - - default default] Successfully bumped revision number for resource 10eaed02-826f-4ad7-9e8d-ad7c813e0424 (type: ports) to 1
2026-05-27 07:15:21.671 9 WARNING neutron.scheduler.dhcp_agent_scheduler [None req-6a74048e-2d3d-438f-be8a-0fd027c8195a 0e38d5dc085243399bbe19e12996cfa1 406d61b86c87402694c471cc762f9109 - - default default] No more DHCP agents
2026-05-27 07:15:21.673 9 WARNING neutron.api.rpc.agentnotifiers.dhcp_rpc_agent_api [None req-6a74048e-2d3d-438f-be8a-0fd027c8195a 0e38d5dc085243399bbe19e12996cfa1 406d61b86c87402694c471cc762f9109 - - default default] Unable to schedule network 75816f41-c04b-43d1-b17f-ed9abb3af9ee: no agents available; will retry on subsequent port and subnet creation events. /var/lib/openstack/lib/python3.10/site-packages/pycadf/identifier.py:71: UserWarning: Invalid uuid: neutron. To ensure interoperability, identifiers should be a valid uuid. warnings.warn(('Invalid uuid: %s. To ensure interoperability, '
2026-05-27 07:15:21.839 10 INFO neutron.plugins.ml2.drivers.ovn.mech_driver.mech_driver [None req-47e41312-481e-440c-bc7f-e982aa13891a - - - - - -] OVN reports status up for port: 10eaed02-826f-4ad7-9e8d-ad7c813e0424
2026-05-27 07:15:21.872 10 INFO neutron.plugins.ml2.plugin [None req-47e41312-481e-440c-bc7f-e982aa13891a - - - - - -] Attempt 1 to provision port 10eaed02-826f-4ad7-9e8d-ad7c813e0424
2026-05-27 07:15:21.875 10 INFO neutron.db.l3_db [req-11a9e792-41d7-4cbb-8f3f-2c0129347a51 req-5d34a3f5-4bab-47cc-834f-5f72a60c0470 a5c8275f38214efda37749036ebd8925 3129efd5ad1844b49b6f4fc9c0e097f2 - - default default] Floating IP c0295e13-5f35-46d9-9796-ce554124075c disassociated. External IP: 10.96.250.205, port: ad391ad9-a36f-4e06-8b91-7227680dd4dd.
2026-05-27 07:15:21.903 10 INFO neutron.wsgi [req-5a9591a5-9459-48a3-bf23-e75a09f66638 req-5a05725a-e3a3-4017-b9c3-455242dc8a02 a5c8275f38214efda37749036ebd8925 3129efd5ad1844b49b6f4fc9c0e097f2 - - default default] 10.0.0.171 "GET /v2.0/ports?device_id=aa0db1b8-1eac-4723-93ee-746c627452d8 HTTP/1.1" status: 200 len: 1168 time: 0.0871141
2026-05-27 07:15:22.012 10 INFO neutron.wsgi [req-5a9591a5-9459-48a3-bf23-e75a09f66638 req-2207bc6d-8a40-4f00-81ae-e5ebfc7ff84a a5c8275f38214efda37749036ebd8925 3129efd5ad1844b49b6f4fc9c0e097f2 - - default default] 10.0.0.171 "GET /v2.0/security-groups?id=c94963bb-338f-4dc8-a387-93d6404cc97e&fields=id&fields=name HTTP/1.1" status: 200 len: 313 time: 0.0877061
2026-05-27 07:15:22.099 10 INFO neutron.wsgi [None req-4a41dec8-3b36-45b1-8df9-da0e94fe7ac7 adcf124e59974d9e823cc50d148f3a86 6de12b7e3f3e4978ac3f5876aba60bd5 - - default default] 10.0.0.78 "DELETE /v2.0/floatingips/a6690e38-f211-4640-bb50-9c11184dd170 HTTP/1.1" status: 204 len: 168 time: 1.2342639
2026-05-27 07:15:22.182 10 INFO neutron.wsgi [req-11a9e792-41d7-4cbb-8f3f-2c0129347a51 req-5d34a3f5-4bab-47cc-834f-5f72a60c0470 a5c8275f38214efda37749036ebd8925 3129efd5ad1844b49b6f4fc9c0e097f2 - - default default] 199.204.45.244 "DELETE /v2.0/ports/ad391ad9-a36f-4e06-8b91-7227680dd4dd HTTP/1.1" status: 204 len: 173 time: 1.4948668
2026-05-27 07:15:22.237 10 INFO neutron.notifiers.nova [-] Nova event matching ['req-342879c6-6966-4d4c-bca1-ec1c6bf3bfab'] response: {'server_uuid': 'aa0db1b8-1eac-4723-93ee-746c627452d8', 'name': 'network-vif-deleted', 'tag': 'ad391ad9-a36f-4e06-8b91-7227680dd4dd', 'status': 'completed', 'code': 200}
2026-05-27 07:15:22.332 9 INFO neutron.db.ovn_revision_numbers_db [None req-6a74048e-2d3d-438f-be8a-0fd027c8195a 0e38d5dc085243399bbe19e12996cfa1 406d61b86c87402694c471cc762f9109 - - default default] Successfully bumped revision number for resource 10eaed02-826f-4ad7-9e8d-ad7c813e0424 (type: router_ports) to 1
2026-05-27 07:15:22.339 9 INFO neutron.wsgi [None req-6a74048e-2d3d-438f-be8a-0fd027c8195a 0e38d5dc085243399bbe19e12996cfa1 406d61b86c87402694c471cc762f9109 - - default default] 10.0.0.78 "PUT /v2.0/routers/f2fdc095-e90d-4dbe-9dca-10610ebca9d1/add_router_interface HTTP/1.1" status: 200 len: 503 time: 2.3604560 /var/lib/openstack/lib/python3.10/site-packages/pycadf/identifier.py:71: UserWarning: Invalid uuid: neutron. To ensure interoperability, identifiers should be a valid uuid. warnings.warn(('Invalid uuid: %s. To ensure interoperability, '
2026-05-27 07:15:22.395 9 INFO neutron.wsgi [None req-bbd86561-9069-4030-a3d9-11d69b78c455 0e38d5dc085243399bbe19e12996cfa1 406d61b86c87402694c471cc762f9109 - - default default] 10.0.0.78 "GET /v2.0/ports/10eaed02-826f-4ad7-9e8d-ad7c813e0424 HTTP/1.1" status: 200 len: 1141 time: 0.0480537
2026-05-27 07:15:22.662 10 INFO neutron.db.ovn_revision_numbers_db [None req-47e41312-481e-440c-bc7f-e982aa13891a - - - - - -] Successfully bumped revision number for resource 10eaed02-826f-4ad7-9e8d-ad7c813e0424 (type: ports) to 2
2026-05-27 07:15:22.772 9 INFO neutron.notifiers.nova [-] Nova event matching ['req-f87a0145-74f8-4c96-9c94-5f22cce22458'] response: {'server_uuid': 'aa0db1b8-1eac-4723-93ee-746c627452d8', 'name': 'network-vif-unplugged', 'status': 'completed', 'tag': 'ad391ad9-a36f-4e06-8b91-7227680dd4dd', 'code': 200}
2026-05-27 07:15:22.870 10 INFO neutron.db.ovn_revision_numbers_db [None req-47e41312-481e-440c-bc7f-e982aa13891a - - - - - -] Successfully bumped revision number for resource 10eaed02-826f-4ad7-9e8d-ad7c813e0424 (type: router_ports) to 2
