2026-08-22 14:07:26.996 7 WARNING neutron.scheduler.dhcp_agent_scheduler [None req-c0eb3932-50c5-4121-acd6-09edc39dda80 3956f2188f4c4750aa4267b2ceb77454 8f02d660f12646368c2cee1fb16a11c2 - - default default] No more DHCP agents
2026-08-22 14:07:26.997 7 WARNING neutron.api.rpc.agentnotifiers.dhcp_rpc_agent_api [None req-c0eb3932-50c5-4121-acd6-09edc39dda80 3956f2188f4c4750aa4267b2ceb77454 8f02d660f12646368c2cee1fb16a11c2 - - default default] Unable to schedule network 26e4259c-961f-42da-98c3-0ee8dee583e3: no agents available; will retry on subsequent port and subnet creation events. [pid: 8|app: 0|req: 453/965] 10.0.0.164 () {34 vars in 664 bytes} [Sat Aug 22 14:07:25 2026] POST /v2.0/ports => generated 924 bytes in 1500 msecs (HTTP/1.1 201) 4 headers in 162 bytes (1 switches on core 0)
2026-08-22 14:07:27.144 8 INFO neutron_taas.services.taas.taas_plugin [None req-c965fed4-97e0-435f-b57d-4b7568899a66 70f311eeae974a15b942c715b5c01fc4 338ebac68b6f45fb85404a353d2ac828 - - default default] TaaS: Handle Delete Port: 09690743-0242-4618-8553-3a0ce8ac745a
2026-08-22 14:07:27.147 8 INFO neutron_taas.services.taas.tap_mirror_plugin [None req-c965fed4-97e0-435f-b57d-4b7568899a66 70f311eeae974a15b942c715b5c01fc4 338ebac68b6f45fb85404a353d2ac828 - - default default] Tap Mirror: Handle Delete Port: 09690743-0242-4618-8553-3a0ce8ac745a [pid: 8|app: 0|req: 454/966] 10.0.0.164 () {32 vars in 719 bytes} [Sat Aug 22 14:07:27 2026] DELETE /v2.0/ports/09690743-0242-4618-8553-3a0ce8ac745a => generated 0 bytes in 257 msecs (HTTP/1.1 204) 3 headers in 131 bytes (1 switches on core 0) [pid: 7|app: 0|req: 513/967] 10.0.0.164 () {34 vars in 675 bytes} [Sat Aug 22 14:07:26 2026] POST /v2.0/floatingips => generated 552 bytes in 551 msecs (HTTP/1.1 201) 4 headers in 162 bytes (1 switches on core 0)
2026-08-22 14:07:27.307 8 INFO neutron.pecan_wsgi.hooks.translation [None req-fe6a8ca1-ef9d-4b84-b419-365632c71487 70f311eeae974a15b942c715b5c01fc4 338ebac68b6f45fb85404a353d2ac828 - - default default] GET failed (client error): The resource could not be found. [pid: 8|app: 0|req: 455/968] 10.0.0.164 () {32 vars in 716 bytes} [Sat Aug 22 14:07:27 2026] GET /v2.0/ports/09690743-0242-4618-8553-3a0ce8ac745a => generated 132 bytes in 18 msecs (HTTP/1.1 404) 4 headers in 164 bytes (1 switches on core 0) [pid: 7|app: 0|req: 514/969] 10.0.0.164 () {32 vars in 723 bytes} [Sat Aug 22 14:07:27 2026] DELETE /v2.0/subnets/46f4b3ed-bf3b-4ce9-bee5-1979dba894b0 => generated 0 bytes in 187 msecs (HTTP/1.1 204) 3 headers in 131 bytes (1 switches on core 0)
2026-08-22 14:07:27.612 8 INFO neutron_taas.services.taas.taas_plugin [None req-f9162d6e-41f6-44af-be84-e98315208c27 70f311eeae974a15b942c715b5c01fc4 338ebac68b6f45fb85404a353d2ac828 - - default default] TaaS: Handle Delete Port: b2ec44fb-bd55-4f5a-a2fb-3d860bb24045
2026-08-22 14:07:27.615 8 INFO neutron_taas.services.taas.tap_mirror_plugin [None req-f9162d6e-41f6-44af-be84-e98315208c27 70f311eeae974a15b942c715b5c01fc4 338ebac68b6f45fb85404a353d2ac828 - - default default] Tap Mirror: Handle Delete Port: b2ec44fb-bd55-4f5a-a2fb-3d860bb24045
2026-08-22 14:07:27.788 8 INFO neutron.services.segments.plugin [-] Segment e396fbb6-ce36-4a3c-a66c-c1924614ee68 resource provider aggregate not found
2026-08-22 14:07:27.792 8 INFO neutron.services.segments.plugin [-] Segment e396fbb6-ce36-4a3c-a66c-c1924614ee68 resource provider aggregate not found [pid: 7|app: 0|req: 515/970] 10.0.0.48 () {34 vars in 1098 bytes} [Sat Aug 22 14:07:27 2026] GET /v2.0/security-groups?name=tempest-securitygroup--1374446144&fields=id&tenant_id=8f02d660f12646368c2cee1fb16a11c2 => generated 69 bytes in 47 msecs (HTTP/1.1 200) 4 headers in 156 bytes (1 switches on core 0)
2026-08-22 14:07:27.818 8 INFO neutron.services.segments.plugin [-] Segment e396fbb6-ce36-4a3c-a66c-c1924614ee68 resource provider not found; error: Placement Client Error (4xx): {"errors": [{"status": 404, "title": "Not Found", "detail": "The resource could not be found.\n\n No resource provider with uuid e396fbb6-ce36-4a3c-a66c-c1924614ee68 found for delete ", "request_id": "req-576e91ed-cd35-4580-bd27-220326a6ca6d"}]}
2026-08-22 14:07:27.821 8 INFO neutron.services.segments.plugin [-] Segment e396fbb6-ce36-4a3c-a66c-c1924614ee68 resource provider not found; error: Placement Client Error (4xx): {"errors": [{"status": 404, "title": "Not Found", "detail": "The resource could not be found.\n\n No resource provider with uuid e396fbb6-ce36-4a3c-a66c-c1924614ee68 found for delete ", "request_id": "req-ed6f63d3-ef89-4d78-b95d-e90621c8394f"}]} [pid: 8|app: 0|req: 456/971] 10.0.0.164 () {32 vars in 725 bytes} [Sat Aug 22 14:07:27 2026] DELETE /v2.0/networks/aafae5a2-c78a-401f-8700-a358417bed2c => generated 0 bytes in 350 msecs (HTTP/1.1 204) 3 headers in 131 bytes (1 switches on core 0) [pid: 7|app: 0|req: 516/972] 10.0.0.48 () {34 vars in 980 bytes} [Sat Aug 22 14:07:27 2026] GET /v2.0/networks?id=225734df-1f0a-4b28-9627-1688045f955a => generated 714 bytes in 53 msecs (HTTP/1.1 200) 4 headers in 157 bytes (1 switches on core 0) [pid: 7|app: 0|req: 517/973] 10.0.0.48 () {34 vars in 963 bytes} [Sat Aug 22 14:07:27 2026] GET /v2.0/quotas/8f02d660f12646368c2cee1fb16a11c2 => generated 292 bytes in 9 msecs (HTTP/1.1 200) 4 headers in 157 bytes (1 switches on core 0) [pid: 7|app: 0|req: 518/974] 10.0.0.48 () {34 vars in 1000 bytes} [Sat Aug 22 14:07:27 2026] GET /v2.0/ports?tenant_id=8f02d660f12646368c2cee1fb16a11c2&fields=id => generated 103 bytes in 72 msecs (HTTP/1.1 200) 4 headers in 157 bytes (1 switches on core 0) [pid: 7|app: 0|req: 519/975] 10.0.0.48 () {34 vars in 1006 bytes} [Sat Aug 22 14:07:27 2026] GET /v2.0/networks/225734df-1f0a-4b28-9627-1688045f955a?fields=segments => generated 14 bytes in 46 msecs (HTTP/1.1 200) 4 headers in 156 bytes (1 switches on core 0) [pid: 7|app: 0|req: 520/976] 10.0.0.48 () {34 vars in 1106 bytes} [Sat Aug 22 14:07:28 2026] GET /v2.0/networks/225734df-1f0a-4b28-9627-1688045f955a?fields=provider%3Aphysical_network&fields=provider%3Anetwork_type => generated 79 bytes in 38 msecs (HTTP/1.1 200) 4 headers in 156 bytes (1 switches on core 0)
2026-08-22 14:07:28.076 8 WARNING neutron.scheduler.dhcp_agent_scheduler [None req-ec0503f7-acc4-4ef1-8f12-c92f4780c274 70f311eeae974a15b942c715b5c01fc4 338ebac68b6f45fb85404a353d2ac828 - - default default] No more DHCP agents
2026-08-22 14:07:28.078 8 WARNING neutron.api.rpc.agentnotifiers.dhcp_rpc_agent_api [None req-ec0503f7-acc4-4ef1-8f12-c92f4780c274 70f311eeae974a15b942c715b5c01fc4 338ebac68b6f45fb85404a353d2ac828 - - default default] Unable to schedule network 4f88e9f6-96fe-40d9-a3f5-85ca0e4bdb67: no agents available; will retry on subsequent port and subnet creation events.
2026-08-22 14:07:28.168 8 INFO neutron.db.ovn_revision_numbers_db [None req-ec0503f7-acc4-4ef1-8f12-c92f4780c274 70f311eeae974a15b942c715b5c01fc4 338ebac68b6f45fb85404a353d2ac828 - - default default] Successfully bumped revision number for resource a2f1bbfa-6f26-4a2e-be98-3e9b7bf8e7bc (type: ports) to 1 [pid: 8|app: 0|req: 457/977] 10.0.0.164 () {34 vars in 664 bytes} [Sat Aug 22 14:07:27 2026] POST /v2.0/ports => generated 778 bytes in 359 msecs (HTTP/1.1 201) 4 headers in 162 bytes (1 switches on core 0) /var/lib/openstack/lib/python3.12/site-packages/pycadf/identifier.py:70: UserWarning: Invalid uuid: neutron. To ensure interoperability, identifiers should be a valid uuid. warnings.warn(('Invalid uuid: %s. To ensure interoperability, ' [pid: 8|app: 0|req: 458/978] 10.0.0.48 () {34 vars in 988 bytes} [Sat Aug 22 14:07:28 2026] GET /v2.0/ports?device_id=c73ff595-4f7c-436d-8b96-16e92e0d6330 => generated 12 bytes in 29 msecs (HTTP/1.1 200) 4 headers in 156 bytes (1 switches on core 0)
2026-08-22 14:07:28.491 7 INFO neutron.db.ovn_revision_numbers_db [None req-9bce02f5-c651-4baa-9419-7a88697b55eb 70f311eeae974a15b942c715b5c01fc4 338ebac68b6f45fb85404a353d2ac828 - - default default] Successfully bumped revision number for resource a2f1bbfa-6f26-4a2e-be98-3e9b7bf8e7bc (type: ports) to 2 [pid: 7|app: 0|req: 521/979] 10.0.0.164 () {34 vars in 736 bytes} [Sat Aug 22 14:07:28 2026] PUT /v2.0/ports/a2f1bbfa-6f26-4a2e-be98-3e9b7bf8e7bc => generated 752 bytes in 290 msecs (HTTP/1.1 200) 4 headers in 157 bytes (1 switches on core 0)
2026-08-22 14:07:28.632 8 INFO neutron_taas.services.taas.taas_plugin [None req-4a7ccc96-232e-4ff4-9408-b8c35d04c572 70f311eeae974a15b942c715b5c01fc4 338ebac68b6f45fb85404a353d2ac828 - - default default] TaaS: Handle Delete Port: a2f1bbfa-6f26-4a2e-be98-3e9b7bf8e7bc
2026-08-22 14:07:28.635 8 INFO neutron_taas.services.taas.tap_mirror_plugin [None req-4a7ccc96-232e-4ff4-9408-b8c35d04c572 70f311eeae974a15b942c715b5c01fc4 338ebac68b6f45fb85404a353d2ac828 - - default default] Tap Mirror: Handle Delete Port: a2f1bbfa-6f26-4a2e-be98-3e9b7bf8e7bc [pid: 8|app: 0|req: 459/980] 10.0.0.164 () {32 vars in 719 bytes} [Sat Aug 22 14:07:28 2026] DELETE /v2.0/ports/a2f1bbfa-6f26-4a2e-be98-3e9b7bf8e7bc => generated 0 bytes in 213 msecs (HTTP/1.1 204) 3 headers in 131 bytes (1 switches on core 0) /var/lib/openstack/lib/python3.12/site-packages/pycadf/identifier.py:70: UserWarning: Invalid uuid: neutron. To ensure interoperability, identifiers should be a valid uuid. warnings.warn(('Invalid uuid: %s. To ensure interoperability, ' [pid: 7|app: 0|req: 522/981] 10.0.0.164 () {32 vars in 642 bytes} [Sat Aug 22 14:07:28 2026] GET /v2.0/ports => generated 1537 bytes in 43 msecs (HTTP/1.1 200) 4 headers in 158 bytes (1 switches on core 0)
2026-08-22 14:07:28.817 8 INFO neutron.pecan_wsgi.hooks.translation [None req-94071bec-4fed-4ac8-bb54-ad2685166a0e 70f311eeae974a15b942c715b5c01fc4 338ebac68b6f45fb85404a353d2ac828 - - default default] GET failed (client error): The resource could not be found. [pid: 8|app: 0|req: 460/982] 10.0.0.164 () {32 vars in 716 bytes} [Sat Aug 22 14:07:28 2026] GET /v2.0/ports/a2f1bbfa-6f26-4a2e-be98-3e9b7bf8e7bc => generated 132 bytes in 17 msecs (HTTP/1.1 404) 4 headers in 164 bytes (1 switches on core 0) [pid: 7|app: 0|req: 523/983] 10.0.0.164 () {32 vars in 642 bytes} [Sat Aug 22 14:07:28 2026] GET /v2.0/ports => generated 1537 bytes in 36 msecs (HTTP/1.1 200) 4 headers in 158 bytes (1 switches on core 0) [pid: 8|app: 0|req: 461/984] 10.0.0.164 () {32 vars in 716 bytes} [Sat Aug 22 14:07:28 2026] GET /v2.0/ports/32ecc1a6-bb80-4837-8490-043594bb47a8 => generated 778 bytes in 29 msecs (HTTP/1.1 200) 4 headers in 157 bytes (1 switches on core 0)
2026-08-22 14:07:28.921 7 INFO neutron.pecan_wsgi.hooks.translation [None req-461b6708-bfaf-4646-aaad-fe11a29daba1 70f311eeae974a15b942c715b5c01fc4 338ebac68b6f45fb85404a353d2ac828 - - default default] DELETE failed (client error): The resource could not be found. [pid: 7|app: 0|req: 524/985] 10.0.0.164 () {32 vars in 719 bytes} [Sat Aug 22 14:07:28 2026] DELETE /v2.0/ports/09690743-0242-4618-8553-3a0ce8ac745a => generated 132 bytes in 21 msecs (HTTP/1.1 404) 4 headers in 164 bytes (1 switches on core 0)
2026-08-22 14:07:28.938 7 INFO neutron.pecan_wsgi.hooks.translation [None req-a2b25ec8-fe69-4065-9d45-23ccaec10cf5 70f311eeae974a15b942c715b5c01fc4 338ebac68b6f45fb85404a353d2ac828 - - default default] DELETE failed (client error): The resource could not be found. [pid: 7|app: 0|req: 525/986] 10.0.0.164 () {32 vars in 723 bytes} [Sat Aug 22 14:07:28 2026] DELETE /v2.0/subnets/46f4b3ed-bf3b-4ce9-bee5-1979dba894b0 => generated 136 bytes in 12 msecs (HTTP/1.1 404) 4 headers in 164 bytes (1 switches on core 0)
2026-08-22 14:07:28.954 7 INFO neutron.pecan_wsgi.hooks.translation [None req-e6cc6b37-06da-4891-bf07-e900ab185dfd 70f311eeae974a15b942c715b5c01fc4 338ebac68b6f45fb85404a353d2ac828 - - default default] DELETE failed (client error): The resource could not be found. [pid: 7|app: 0|req: 526/987] 10.0.0.164 () {32 vars in 723 bytes} [Sat Aug 22 14:07:28 2026] DELETE /v2.0/subnets/3b07c305-d066-4e88-a2f9-bd478e6c8a5b => generated 136 bytes in 11 msecs (HTTP/1.1 404) 4 headers in 164 bytes (1 switches on core 0)
2026-08-22 14:07:29.059 7 INFO neutron_taas.services.taas.taas_plugin [None req-998d0ace-38dc-4790-98b3-1f8c509af268 70f311eeae974a15b942c715b5c01fc4 338ebac68b6f45fb85404a353d2ac828 - - default default] TaaS: Handle Delete Port: 32ecc1a6-bb80-4837-8490-043594bb47a8
2026-08-22 14:07:29.062 7 INFO neutron_taas.services.taas.tap_mirror_plugin [None req-998d0ace-38dc-4790-98b3-1f8c509af268 70f311eeae974a15b942c715b5c01fc4 338ebac68b6f45fb85404a353d2ac828 - - default default] Tap Mirror: Handle Delete Port: 32ecc1a6-bb80-4837-8490-043594bb47a8 [pid: 7|app: 0|req: 527/988] 10.0.0.164 () {32 vars in 719 bytes} [Sat Aug 22 14:07:28 2026] DELETE /v2.0/ports/32ecc1a6-bb80-4837-8490-043594bb47a8 => generated 0 bytes in 195 msecs (HTTP/1.1 204) 3 headers in 131 bytes (1 switches on core 0)
2026-08-22 14:07:29.199 8 INFO neutron.db.ovn_revision_numbers_db [None req-428b01e6-9d6e-4fc7-b5c8-91f4a4c67bd1 4d77c93ac6654c5b88855db099677a19 c530b1b5a865408e9319f2e86cd45fd4 - - default default] Successfully bumped revision number for resource 70d61f93-0205-46d1-a050-7afcdfcc3bc2 (type: security_groups) to 1
2026-08-22 14:07:29.209 8 INFO neutron.db.ovn_revision_numbers_db [None req-428b01e6-9d6e-4fc7-b5c8-91f4a4c67bd1 4d77c93ac6654c5b88855db099677a19 c530b1b5a865408e9319f2e86cd45fd4 - - default default] Successfully bumped revision number for resource 39b18810-e7f9-4048-be14-0bb9892b42ca (type: security_group_rules) to 0 [pid: 7|app: 0|req: 528/989] 10.0.0.48 () {34 vars in 988 bytes} [Sat Aug 22 14:07:29 2026] GET /v2.0/ports?device_id=c74349aa-8f66-4361-8564-bf68dc461040 => generated 975 bytes in 64 msecs (HTTP/1.1 200) 4 headers in 157 bytes (1 switches on core 0)
2026-08-22 14:07:29.222 8 INFO neutron.db.ovn_revision_numbers_db [None req-428b01e6-9d6e-4fc7-b5c8-91f4a4c67bd1 4d77c93ac6654c5b88855db099677a19 c530b1b5a865408e9319f2e86cd45fd4 - - default default] Successfully bumped revision number for resource 46cf3be0-7a15-465c-9daf-0f528932eff0 (type: security_group_rules) to 0
2026-08-22 14:07:29.241 8 INFO neutron.db.ovn_revision_numbers_db [None req-428b01e6-9d6e-4fc7-b5c8-91f4a4c67bd1 4d77c93ac6654c5b88855db099677a19 c530b1b5a865408e9319f2e86cd45fd4 - - default default] Successfully bumped revision number for resource 48f2d86f-5b73-4e45-8ac3-1cbbf0f62a89 (type: security_group_rules) to 0
2026-08-22 14:07:29.253 8 INFO neutron.db.ovn_revision_numbers_db [None req-428b01e6-9d6e-4fc7-b5c8-91f4a4c67bd1 4d77c93ac6654c5b88855db099677a19 c530b1b5a865408e9319f2e86cd45fd4 - - default default] Successfully bumped revision number for resource 9a7df9cc-8117-44a2-b437-71fa4bd413d6 (type: security_group_rules) to 0 [pid: 8|app: 0|req: 462/990] 10.0.0.164 () {32 vars in 773 bytes} [Sat Aug 22 14:07:28 2026] GET /v2.0/security-groups?tenant_id=d8583ff043a047d290b40a8b187f0eda&name=default => generated 2925 bytes in 368 msecs (HTTP/1.1 200) 4 headers in 158 bytes (1 switches on core 0)
2026-08-22 14:07:29.328 7 INFO neutron_taas.services.taas.taas_plugin [None req-c84d4451-d94f-401c-bddd-fac24ce51fbd 70f311eeae974a15b942c715b5c01fc4 338ebac68b6f45fb85404a353d2ac828 - - default default] TaaS: Handle Delete Port: e0f77b37-7ccf-468f-8637-f1b4243f30d9
2026-08-22 14:07:29.330 7 INFO neutron_taas.services.taas.tap_mirror_plugin [None req-c84d4451-d94f-401c-bddd-fac24ce51fbd 70f311eeae974a15b942c715b5c01fc4 338ebac68b6f45fb85404a353d2ac828 - - default default] Tap Mirror: Handle Delete Port: e0f77b37-7ccf-468f-8637-f1b4243f30d9 [pid: 8|app: 0|req: 463/991] 10.0.0.48 () {34 vars in 969 bytes} [Sat Aug 22 14:07:29 2026] GET /v2.0/ports/ed25e670-82dd-44c1-9949-04ecb1a82ea6 => generated 972 bytes in 68 msecs (HTTP/1.1 200) 4 headers in 157 bytes (1 switches on core 0)
2026-08-22 14:07:29.519 7 INFO neutron.services.segments.plugin [-] Segment 9b87abdb-6c4f-4c2a-9a0a-e33223ecbae1 resource provider aggregate not found
2026-08-22 14:07:29.525 7 INFO neutron.services.segments.plugin [-] Segment 9b87abdb-6c4f-4c2a-9a0a-e33223ecbae1 resource provider aggregate not found
2026-08-22 14:07:29.538 7 INFO neutron.services.segments.plugin [-] Segment 9b87abdb-6c4f-4c2a-9a0a-e33223ecbae1 resource provider not found; error: Placement Client Error (4xx): {"errors": [{"status": 404, "title": "Not Found", "detail": "The resource could not be found.\n\n No resource provider with uuid 9b87abdb-6c4f-4c2a-9a0a-e33223ecbae1 found for delete ", "request_id": "req-edc62c8e-88d1-48e5-947e-8899617482a7"}]}
2026-08-22 14:07:29.547 7 INFO neutron.services.segments.plugin [-] Segment 9b87abdb-6c4f-4c2a-9a0a-e33223ecbae1 resource provider not found; error: Placement Client Error (4xx): {"errors": [{"status": 404, "title": "Not Found", "detail": "The resource could not be found.\n\n No resource provider with uuid 9b87abdb-6c4f-4c2a-9a0a-e33223ecbae1 found for delete ", "request_id": "req-dd67541d-15d4-4ae3-9b0e-a8fed2d0b01f"}]} [pid: 7|app: 0|req: 529/992] 10.0.0.164 () {32 vars in 725 bytes} [Sat Aug 22 14:07:29 2026] DELETE /v2.0/networks/4f88e9f6-96fe-40d9-a3f5-85ca0e4bdb67 => generated 0 bytes in 355 msecs (HTTP/1.1 204) 3 headers in 131 bytes (1 switches on core 0) [pid: 8|app: 0|req: 464/993] 10.0.0.164 () {32 vars in 739 bytes} [Sat Aug 22 14:07:29 2026] DELETE /v2.0/security-groups/70d61f93-0205-46d1-a050-7afcdfcc3bc2 => generated 0 bytes in 221 msecs (HTTP/1.1 204) 2 headers in 112 bytes (1 switches on core 0) [pid: 7|app: 0|req: 530/994] 10.0.0.48 () {34 vars in 988 bytes} [Sat Aug 22 14:07:29 2026] GET /v2.0/ports?device_id=c73ff595-4f7c-436d-8b96-16e92e0d6330 => generated 12 bytes in 17 msecs (HTTP/1.1 200) 4 headers in 156 bytes (1 switches on core 0) [pid: 8|app: 0|req: 465/995] 199.204.45.238 () {34 vars in 999 bytes} [Sat Aug 22 14:07:29 2026] GET /v2.0/subnets?network_id=40d13559-2bdd-4c90-bb6d-a22e0036cfe3 => generated 683 bytes in 43 msecs (HTTP/1.1 200) 4 headers in 157 bytes (1 switches on core 0) [pid: 7|app: 0|req: 531/996] 199.204.45.238 () {34 vars in 1145 bytes} [Sat Aug 22 14:07:30 2026] GET /v2.0/ports?device_id=c74349aa-8f66-4361-8564-bf68dc461040&device_owner=compute%3Anova&network_id=40d13559-2bdd-4c90-bb6d-a22e0036cfe3 => generated 975 bytes in 67 msecs (HTTP/1.1 200) 4 headers in 157 bytes (1 switches on core 0) [pid: 8|app: 0|req: 466/997] 10.0.0.164 () {32 vars in 773 bytes} [Sat Aug 22 14:07:30 2026] GET /v2.0/security-groups?tenant_id=338ebac68b6f45fb85404a353d2ac828&name=default => generated 2925 bytes in 210 msecs (HTTP/1.1 200) 4 headers in 158 bytes (1 switches on core 0) [pid: 8|app: 0|req: 467/998] 10.0.0.164 () {32 vars in 739 bytes} [Sat Aug 22 14:07:30 2026] DELETE /v2.0/security-groups/62ee1a3d-be20-4b51-81c1-93e45f06661b => generated 0 bytes in 202 msecs (HTTP/1.1 204) 2 headers in 112 bytes (1 switches on core 0)
2026-08-22 14:07:30.672 7 INFO neutron.db.ovn_revision_numbers_db [req-b388c92a-f16d-40ff-b0b6-5cc1be229e01 req-31bf714f-7ce4-4bc8-88de-d288f4b19d48 088a3c4ef43844b887352e7c74cad20d edd76cba6bdc48dd834e32428d23af41 - - default default] Successfully bumped revision number for resource ed25e670-82dd-44c1-9949-04ecb1a82ea6 (type: ports) to 6 [pid: 8|app: 0|req: 468/999] 10.0.0.48 () {34 vars in 988 bytes} [Sat Aug 22 14:07:30 2026] GET /v2.0/ports?device_id=c73ff595-4f7c-436d-8b96-16e92e0d6330 => generated 12 bytes in 18 msecs (HTTP/1.1 200) 4 headers in 156 bytes (1 switches on core 0) [pid: 7|app: 0|req: 532/1000] 199.204.45.238 () {38 vars in 1027 bytes} [Sat Aug 22 14:07:30 2026] PUT /v2.0/ports/ed25e670-82dd-44c1-9949-04ecb1a82ea6 => generated 1149 bytes in 595 msecs (HTTP/1.1 200) 4 headers in 158 bytes (1 switches on core 0)
2026-08-22 14:07:30.718 7 INFO neutron.notifiers.nova [-] Nova event matching ['req-2c653d1f-540d-4bdf-968b-44c47b19c546'] response: {'name': 'network-changed', 'server_uuid': 'c74349aa-8f66-4361-8564-bf68dc461040', 'tag': 'ed25e670-82dd-44c1-9949-04ecb1a82ea6', 'status': 'completed', 'code': 200} [pid: 8|app: 0|req: 469/1001] 199.204.45.238 () {34 vars in 1079 bytes} [Sat Aug 22 14:07:31 2026] GET /v2.0/ports?tenant_id=edd76cba6bdc48dd834e32428d23af41&device_id=c74349aa-8f66-4361-8564-bf68dc461040 => generated 1390 bytes in 50 msecs (HTTP/1.1 200) 4 headers in 158 bytes (1 switches on core 0) /var/lib/openstack/lib/python3.12/site-packages/pycadf/identifier.py:70: UserWarning: Invalid uuid: neutron. To ensure interoperability, identifiers should be a valid uuid. warnings.warn(('Invalid uuid: %s. To ensure interoperability, ' [pid: 7|app: 0|req: 533/1002] 199.204.45.238 () {34 vars in 985 bytes} [Sat Aug 22 14:07:31 2026] GET /v2.0/networks?id=40d13559-2bdd-4c90-bb6d-a22e0036cfe3 => generated 820 bytes in 66 msecs (HTTP/1.1 200) 4 headers in 157 bytes (1 switches on core 0) [pid: 7|app: 0|req: 534/1003] 199.204.45.238 () {34 vars in 1059 bytes} [Sat Aug 22 14:07:31 2026] GET /v2.0/floatingips?fixed_ip_address=10.100.0.13&port_id=ed25e670-82dd-44c1-9949-04ecb1a82ea6 => generated 861 bytes in 39 msecs (HTTP/1.1 200) 4 headers in 157 bytes (1 switches on core 0) [pid: 7|app: 0|req: 535/1004] 199.204.45.238 () {34 vars in 1057 bytes} [Sat Aug 22 14:07:31 2026] GET /v2.0/floatingips?fixed_ip_address=10.100.0.7&port_id=ed25e670-82dd-44c1-9949-04ecb1a82ea6 => generated 19 bytes in 20 msecs (HTTP/1.1 200) 4 headers in 156 bytes (1 switches on core 0) [pid: 7|app: 0|req: 536/1005] 199.204.45.238 () {34 vars in 983 bytes} [Sat Aug 22 14:07:31 2026] GET /v2.0/subnets?id=22fff7c0-761e-48d0-8c03-f59e0ada274c => generated 701 bytes in 20 msecs (HTTP/1.1 200) 4 headers in 157 bytes (1 switches on core 0) [pid: 7|app: 0|req: 537/1006] 199.204.45.238 () {34 vars in 1051 bytes} [Sat Aug 22 14:07:31 2026] GET /v2.0/ports?network_id=40d13559-2bdd-4c90-bb6d-a22e0036cfe3&device_owner=network%3Adhcp => generated 12 bytes in 13 msecs (HTTP/1.1 200) 4 headers in 156 bytes (1 switches on core 0)
2026-08-22 14:07:31.478 8 INFO neutron.db.ovn_revision_numbers_db [None req-55cfed32-6873-4a4a-81be-a0d9d2004cdd 7191ef0b2fc043e8add31fde20a6e013 f13e5933d0d14026b395ca4bacc8f91f - - default default] Successfully bumped revision number for resource eb58016e-107e-44ee-892d-6b1850afa4aa (type: security_groups) to 1 [pid: 7|app: 0|req: 538/1007] 199.204.45.238 () {34 vars in 1011 bytes} [Sat Aug 22 14:07:31 2026] GET /v2.0/networks/40d13559-2bdd-4c90-bb6d-a22e0036cfe3?fields=segments => generated 14 bytes in 45 msecs (HTTP/1.1 200) 4 headers in 156 bytes (1 switches on core 0)
2026-08-22 14:07:31.488 8 INFO neutron.db.ovn_revision_numbers_db [None req-55cfed32-6873-4a4a-81be-a0d9d2004cdd 7191ef0b2fc043e8add31fde20a6e013 f13e5933d0d14026b395ca4bacc8f91f - - default default] Successfully bumped revision number for resource 87ade075-7488-4d53-a65b-25cd5f4e2e48 (type: security_group_rules) to 0
2026-08-22 14:07:31.500 8 INFO neutron.db.ovn_revision_numbers_db [None req-55cfed32-6873-4a4a-81be-a0d9d2004cdd 7191ef0b2fc043e8add31fde20a6e013 f13e5933d0d14026b395ca4bacc8f91f - - default default] Successfully bumped revision number for resource aede91ae-016b-4f90-92e9-618dd5f69965 (type: security_group_rules) to 0
2026-08-22 14:07:31.510 8 INFO neutron.db.ovn_revision_numbers_db [None req-55cfed32-6873-4a4a-81be-a0d9d2004cdd 7191ef0b2fc043e8add31fde20a6e013 f13e5933d0d14026b395ca4bacc8f91f - - default default] Successfully bumped revision number for resource e28068d9-547f-4f01-8af3-deeb40f665e5 (type: security_group_rules) to 0
2026-08-22 14:07:31.521 8 INFO neutron.db.ovn_revision_numbers_db [None req-55cfed32-6873-4a4a-81be-a0d9d2004cdd 7191ef0b2fc043e8add31fde20a6e013 f13e5933d0d14026b395ca4bacc8f91f - - default default] Successfully bumped revision number for resource f5a447f4-6891-4c9d-bf1f-9af51490a2f5 (type: security_group_rules) to 0 [pid: 7|app: 0|req: 539/1008] 199.204.45.238 () {34 vars in 1111 bytes} [Sat Aug 22 14:07:31 2026] GET /v2.0/networks/40d13559-2bdd-4c90-bb6d-a22e0036cfe3?fields=provider%3Aphysical_network&fields=provider%3Anetwork_type => generated 79 bytes in 39 msecs (HTTP/1.1 200) 4 headers in 156 bytes (1 switches on core 0)
2026-08-22 14:07:31.560 8 WARNING neutron.plugins.ml2.drivers.ovn.mech_driver.ovsdb.ovn_client [None req-b2884900-a84d-42de-828f-587544ec714d - - - - - -] No hosting information found for port 3a9f00f7-7b6a-47d1-a55e-563f64c5c5fd: RuntimeError: No hosting information found for port 3a9f00f7-7b6a-47d1-a55e-563f64c5c5fd
2026-08-22 14:07:31.624 8 INFO neutron.db.segments_db [None req-55cfed32-6873-4a4a-81be-a0d9d2004cdd 7191ef0b2fc043e8add31fde20a6e013 f13e5933d0d14026b395ca4bacc8f91f - - default default] Added segment 71e4de3e-baa0-4499-8291-accc7bc6d2aa of type geneve for network 1b253c75-7957-407e-bb7b-6de0d3e14c6e
2026-08-22 14:07:31.677 8 INFO neutron.db.ovn_revision_numbers_db [None req-b2884900-a84d-42de-828f-587544ec714d - - - - - -] Successfully bumped revision number for resource 3a9f00f7-7b6a-47d1-a55e-563f64c5c5fd (type: router_ports) to 2 [pid: 7|app: 0|req: 540/1009] 10.0.0.48 () {34 vars in 988 bytes} [Sat Aug 22 14:07:31 2026] GET /v2.0/ports?device_id=c74349aa-8f66-4361-8564-bf68dc461040 => generated 1152 bytes in 53 msecs (HTTP/1.1 200) 4 headers in 158 bytes (1 switches on core 0) [pid: 7|app: 0|req: 541/1010] 10.0.0.48 () {34 vars in 1038 bytes} [Sat Aug 22 14:07:31 2026] GET /v2.0/security-groups?id=5c14a2a9-a781-4242-b578-0b128fd75dfe&fields=id&fields=name => generated 113 bytes in 32 msecs (HTTP/1.1 200) 4 headers in 157 bytes (1 switches on core 0)
2026-08-22 14:07:31.742 8 INFO neutron.plugins.ml2.drivers.ovn.mech_driver.mech_driver [None req-b2884900-a84d-42de-828f-587544ec714d - - - - - -] OVN reports status down for port: 09690743-0242-4618-8553-3a0ce8ac745a
2026-08-22 14:07:31.760 8 INFO neutron.plugins.ml2.drivers.ovn.mech_driver.mech_driver [None req-b2884900-a84d-42de-828f-587544ec714d - - - - - -] OVN reports status down for port: a2f1bbfa-6f26-4a2e-be98-3e9b7bf8e7bc [pid: 7|app: 0|req: 542/1011] 10.0.0.48 () {34 vars in 988 bytes} [Sat Aug 22 14:07:31 2026] GET /v2.0/ports?device_id=c73ff595-4f7c-436d-8b96-16e92e0d6330 => generated 12 bytes in 26 msecs (HTTP/1.1 200) 4 headers in 156 bytes (1 switches on core 0)
2026-08-22 14:07:31.778 8 INFO neutron.plugins.ml2.drivers.ovn.mech_driver.mech_driver [None req-b2884900-a84d-42de-828f-587544ec714d - - - - - -] OVN reports status down for port: a2f1bbfa-6f26-4a2e-be98-3e9b7bf8e7bc
2026-08-22 14:07:31.791 8 INFO neutron.db.ovn_revision_numbers_db [None req-55cfed32-6873-4a4a-81be-a0d9d2004cdd 7191ef0b2fc043e8add31fde20a6e013 f13e5933d0d14026b395ca4bacc8f91f - - default default] Successfully bumped revision number for resource 1b253c75-7957-407e-bb7b-6de0d3e14c6e (type: networks) to 1
2026-08-22 14:07:31.945 8 WARNING neutron.scheduler.dhcp_agent_scheduler [None req-55cfed32-6873-4a4a-81be-a0d9d2004cdd 7191ef0b2fc043e8add31fde20a6e013 f13e5933d0d14026b395ca4bacc8f91f - - default default] No more DHCP agents
2026-08-22 14:07:31.946 8 WARNING neutron.api.rpc.agentnotifiers.dhcp_rpc_agent_api [None req-55cfed32-6873-4a4a-81be-a0d9d2004cdd 7191ef0b2fc043e8add31fde20a6e013 f13e5933d0d14026b395ca4bacc8f91f - - default default] Unable to schedule network 1b253c75-7957-407e-bb7b-6de0d3e14c6e: no agents available; will retry on subsequent port and subnet creation events.
2026-08-22 14:07:31.989 8 INFO neutron.plugins.ml2.drivers.ovn.mech_driver.mech_driver [None req-b2884900-a84d-42de-828f-587544ec714d - - - - - -] OVN reports status down for port: f8c8505d-cc82-4776-b049-3c55d772ce3b
2026-08-22 14:07:32.040 8 INFO neutron.db.ovn_revision_numbers_db [None req-55cfed32-6873-4a4a-81be-a0d9d2004cdd 7191ef0b2fc043e8add31fde20a6e013 f13e5933d0d14026b395ca4bacc8f91f - - default default] Successfully bumped revision number for resource f8c8505d-cc82-4776-b049-3c55d772ce3b (type: ports) to 1 [pid: 8|app: 0|req: 470/1012] 10.0.0.164 () {34 vars in 669 bytes} [Sat Aug 22 14:07:31 2026] POST /v2.0/networks => generated 669 bytes in 820 msecs (HTTP/1.1 201) 4 headers in 162 bytes (1 switches on core 0)
2026-08-22 14:07:32.274 7 WARNING neutron.scheduler.dhcp_agent_scheduler [None req-ca6373ca-291f-4ad1-ad6e-a94da76b4a2a 7191ef0b2fc043e8add31fde20a6e013 f13e5933d0d14026b395ca4bacc8f91f - - default default] No more DHCP agents
2026-08-22 14:07:32.277 7 WARNING neutron.api.rpc.agentnotifiers.dhcp_rpc_agent_api [None req-ca6373ca-291f-4ad1-ad6e-a94da76b4a2a 7191ef0b2fc043e8add31fde20a6e013 f13e5933d0d14026b395ca4bacc8f91f - - default default] Unable to schedule network 1b253c75-7957-407e-bb7b-6de0d3e14c6e: no agents available; will retry on subsequent port and subnet creation events.
2026-08-22 14:07:32.306 7 INFO neutron.db.ovn_revision_numbers_db [None req-ca6373ca-291f-4ad1-ad6e-a94da76b4a2a 7191ef0b2fc043e8add31fde20a6e013 f13e5933d0d14026b395ca4bacc8f91f - - default default] Successfully bumped revision number for resource 821e65b3-106a-49b6-b890-d580feb589ef (type: subnets) to 0 [pid: 7|app: 0|req: 543/1013] 10.0.0.164 () {34 vars in 668 bytes} [Sat Aug 22 14:07:32 2026] POST /v2.0/subnets => generated 627 bytes in 239 msecs (HTTP/1.1 201) 4 headers in 162 bytes (1 switches on core 0)
2026-08-22 14:07:32.496 8 INFO neutron.db.ovn_revision_numbers_db [None req-96fbf495-ba72-4631-8ea7-d24143363aaa e07a3d46c4f741209528b58076fb3d97 1daa1e9b12534626993eb7e8a36a6b1f - - default default] Successfully bumped revision number for resource 8635df20-ba3d-4fa6-b6ca-eb294fb9f91e (type: security_groups) to 1
2026-08-22 14:07:32.507 8 INFO neutron.db.ovn_revision_numbers_db [None req-96fbf495-ba72-4631-8ea7-d24143363aaa e07a3d46c4f741209528b58076fb3d97 1daa1e9b12534626993eb7e8a36a6b1f - - default default] Successfully bumped revision number for resource 40e7f1c6-f2e9-4a5d-b301-04bbe7b07d10 (type: security_group_rules) to 0
2026-08-22 14:07:32.521 8 INFO neutron.db.ovn_revision_numbers_db [None req-96fbf495-ba72-4631-8ea7-d24143363aaa e07a3d46c4f741209528b58076fb3d97 1daa1e9b12534626993eb7e8a36a6b1f - - default default] Successfully bumped revision number for resource 49e1922a-d5ec-4c63-9e06-ba36c97a722a (type: security_group_rules) to 0
2026-08-22 14:07:32.533 8 INFO neutron.db.ovn_revision_numbers_db [None req-96fbf495-ba72-4631-8ea7-d24143363aaa e07a3d46c4f741209528b58076fb3d97 1daa1e9b12534626993eb7e8a36a6b1f - - default default] Successfully bumped revision number for resource 6efec4e0-6679-403b-b889-a91626a1dd47 (type: security_group_rules) to 0
2026-08-22 14:07:32.542 8 INFO neutron.db.ovn_revision_numbers_db [None req-96fbf495-ba72-4631-8ea7-d24143363aaa e07a3d46c4f741209528b58076fb3d97 1daa1e9b12534626993eb7e8a36a6b1f - - default default] Successfully bumped revision number for resource f727860d-1d52-4024-b1fe-d0b55c4d8ca3 (type: security_group_rules) to 0
2026-08-22 14:07:32.610 8 INFO neutron.db.segments_db [None req-96fbf495-ba72-4631-8ea7-d24143363aaa e07a3d46c4f741209528b58076fb3d97 1daa1e9b12534626993eb7e8a36a6b1f - - default default] Added segment 55d44657-4f5c-4d68-89d0-bf17df0abc21 of type geneve for network 57c34f4b-ec91-4520-8405-30dd86165190
2026-08-22 14:07:32.695 8 INFO neutron.db.ovn_revision_numbers_db [None req-96fbf495-ba72-4631-8ea7-d24143363aaa e07a3d46c4f741209528b58076fb3d97 1daa1e9b12534626993eb7e8a36a6b1f - - default default] Successfully bumped revision number for resource 57c34f4b-ec91-4520-8405-30dd86165190 (type: networks) to 1
2026-08-22 14:07:32.769 7 WARNING neutron.scheduler.dhcp_agent_scheduler [None req-aca8cb80-a63e-471b-8fa2-f9dc99b7328f 7191ef0b2fc043e8add31fde20a6e013 f13e5933d0d14026b395ca4bacc8f91f - - default default] No more DHCP agents
2026-08-22 14:07:32.770 7 WARNING neutron.api.rpc.agentnotifiers.dhcp_rpc_agent_api [None req-aca8cb80-a63e-471b-8fa2-f9dc99b7328f 7191ef0b2fc043e8add31fde20a6e013 f13e5933d0d14026b395ca4bacc8f91f - - default default] Unable to schedule network 26e4259c-961f-42da-98c3-0ee8dee583e3: no agents available; will retry on subsequent port and subnet creation events.
2026-08-22 14:07:32.836 8 WARNING neutron.scheduler.dhcp_agent_scheduler [None req-96fbf495-ba72-4631-8ea7-d24143363aaa e07a3d46c4f741209528b58076fb3d97 1daa1e9b12534626993eb7e8a36a6b1f - - default default] No more DHCP agents
2026-08-22 14:07:32.837 8 WARNING neutron.api.rpc.agentnotifiers.dhcp_rpc_agent_api [None req-96fbf495-ba72-4631-8ea7-d24143363aaa e07a3d46c4f741209528b58076fb3d97 1daa1e9b12534626993eb7e8a36a6b1f - - default default] Unable to schedule network 57c34f4b-ec91-4520-8405-30dd86165190: no agents available; will retry on subsequent port and subnet creation events.
2026-08-22 14:07:32.868 7 INFO neutron.plugins.ml2.drivers.ovn.mech_driver.mech_driver [None req-58a015ca-c602-4515-99ac-a5c38728fc55 - - - - - -] OVN reports status down for port: 163d9fb1-dea5-456e-8bf1-c6dd13829619
2026-08-22 14:07:32.913 8 INFO neutron.db.ovn_revision_numbers_db [None req-96fbf495-ba72-4631-8ea7-d24143363aaa e07a3d46c4f741209528b58076fb3d97 1daa1e9b12534626993eb7e8a36a6b1f - - default default] Successfully bumped revision number for resource 3145489c-e1f2-4a8a-8750-83491ee9a0c8 (type: ports) to 1
2026-08-22 14:07:32.936 7 INFO neutron.db.ovn_revision_numbers_db [None req-aca8cb80-a63e-471b-8fa2-f9dc99b7328f 7191ef0b2fc043e8add31fde20a6e013 f13e5933d0d14026b395ca4bacc8f91f - - default default] Successfully bumped revision number for resource 163d9fb1-dea5-456e-8bf1-c6dd13829619 (type: ports) to 1 [pid: 8|app: 0|req: 471/1014] 10.0.0.164 () {34 vars in 669 bytes} [Sat Aug 22 14:07:32 2026] POST /v2.0/networks => generated 653 bytes in 762 msecs (HTTP/1.1 201) 4 headers in 162 bytes (1 switches on core 0)
2026-08-22 14:07:32.977 7 INFO neutron.plugins.ml2.drivers.ovn.mech_driver.mech_driver [None req-58a015ca-c602-4515-99ac-a5c38728fc55 - - - - - -] OVN reports status down for port: 3145489c-e1f2-4a8a-8750-83491ee9a0c8 [pid: 8|app: 0|req: 472/1015] 199.204.45.238 () {34 vars in 985 bytes} [Sat Aug 22 14:07:32 2026] GET /v2.0/networks?id=225734df-1f0a-4b28-9627-1688045f955a => generated 714 bytes in 42 msecs (HTTP/1.1 200) 4 headers in 157 bytes (1 switches on core 0) [pid: 8|app: 0|req: 473/1016] 199.204.45.238 () {34 vars in 1079 bytes} [Sat Aug 22 14:07:32 2026] GET /v2.0/ports?tenant_id=edd76cba6bdc48dd834e32428d23af41&device_id=c74349aa-8f66-4361-8564-bf68dc461040 => generated 1390 bytes in 28 msecs (HTTP/1.1 200) 4 headers in 158 bytes (1 switches on core 0) [pid: 8|app: 0|req: 474/1017] 10.0.0.48 () {34 vars in 988 bytes} [Sat Aug 22 14:07:33 2026] GET /v2.0/ports?device_id=c73ff595-4f7c-436d-8b96-16e92e0d6330 => generated 12 bytes in 15 msecs (HTTP/1.1 200) 4 headers in 156 bytes (1 switches on core 0)
2026-08-22 14:07:33.104 8 INFO neutron.db.segments_db [None req-bba3d79d-0656-4bcc-bf4f-917a0720cf45 e07a3d46c4f741209528b58076fb3d97 1daa1e9b12534626993eb7e8a36a6b1f - - default default] Added segment 731c640b-0afa-41e7-b7e1-75aa3e1dd051 of type geneve for network e24a5a48-b938-4a5a-a8e6-4d4928ea26a7
2026-08-22 14:07:33.194 8 INFO neutron.db.ovn_revision_numbers_db [None req-bba3d79d-0656-4bcc-bf4f-917a0720cf45 e07a3d46c4f741209528b58076fb3d97 1daa1e9b12534626993eb7e8a36a6b1f - - default default] Successfully bumped revision number for resource e24a5a48-b938-4a5a-a8e6-4d4928ea26a7 (type: networks) to 1
2026-08-22 14:07:33.369 8 WARNING neutron.scheduler.dhcp_agent_scheduler [None req-bba3d79d-0656-4bcc-bf4f-917a0720cf45 e07a3d46c4f741209528b58076fb3d97 1daa1e9b12534626993eb7e8a36a6b1f - - default default] No more DHCP agents
2026-08-22 14:07:33.370 8 WARNING neutron.api.rpc.agentnotifiers.dhcp_rpc_agent_api [None req-bba3d79d-0656-4bcc-bf4f-917a0720cf45 e07a3d46c4f741209528b58076fb3d97 1daa1e9b12534626993eb7e8a36a6b1f - - default default] Unable to schedule network e24a5a48-b938-4a5a-a8e6-4d4928ea26a7: no agents available; will retry on subsequent port and subnet creation events.
2026-08-22 14:07:33.411 8 INFO neutron.plugins.ml2.drivers.ovn.mech_driver.mech_driver [None req-b2884900-a84d-42de-828f-587544ec714d - - - - - -] OVN reports status down for port: d71f0e52-3d88-4769-8099-f7e07ad50ee6
2026-08-22 14:07:33.472 8 INFO neutron.db.ovn_revision_numbers_db [None req-bba3d79d-0656-4bcc-bf4f-917a0720cf45 e07a3d46c4f741209528b58076fb3d97 1daa1e9b12534626993eb7e8a36a6b1f - - default default] Successfully bumped revision number for resource d71f0e52-3d88-4769-8099-f7e07ad50ee6 (type: ports) to 1 [pid: 8|app: 0|req: 475/1018] 10.0.0.164 () {34 vars in 669 bytes} [Sat Aug 22 14:07:33 2026] POST /v2.0/networks => generated 653 bytes in 485 msecs (HTTP/1.1 201) 4 headers in 162 bytes (1 switches on core 0) [pid: 8|app: 0|req: 476/1019] 199.204.45.238 () {34 vars in 1049 bytes} [Sat Aug 22 14:07:33 2026] GET /v2.0/security-groups?fields=id&fields=name&tenant_id=8f02d660f12646368c2cee1fb16a11c2 => generated 181 bytes in 49 msecs (HTTP/1.1 200) 4 headers in 157 bytes (1 switches on core 0) [pid: 8|app: 0|req: 477/1020] 199.204.45.238 () {34 vars in 985 bytes} [Sat Aug 22 14:07:33 2026] GET /v2.0/networks?id=40d13559-2bdd-4c90-bb6d-a22e0036cfe3 => generated 820 bytes in 37 msecs (HTTP/1.1 200) 4 headers in 157 bytes (1 switches on core 0)
2026-08-22 14:07:33.633 7 INFO neutron.plugins.ml2.drivers.ovn.mech_driver.ovsdb.commands [None req-d5da8a51-0abc-4ab7-b5f1-cd7981494114 - - - - - -] Schedule LRP lrp-163d9fb1-dea5-456e-8bf1-c6dd13829619 on gateway 769a3ba1-6d8b-4842-a1fa-d0e01884b94c with priority 1
2026-08-22 14:07:33.651 7 INFO neutron.plugins.ml2.drivers.ovn.mech_driver.mech_driver [None req-58a015ca-c602-4515-99ac-a5c38728fc55 - - - - - -] OVN reports status up for port: 163d9fb1-dea5-456e-8bf1-c6dd13829619
2026-08-22 14:07:33.677 7 INFO neutron.plugins.ml2.plugin [None req-58a015ca-c602-4515-99ac-a5c38728fc55 - - - - - -] Attempt 1 to provision port 163d9fb1-dea5-456e-8bf1-c6dd13829619
2026-08-22 14:07:33.694 7 INFO neutron.db.ovn_revision_numbers_db [None req-aca8cb80-a63e-471b-8fa2-f9dc99b7328f 7191ef0b2fc043e8add31fde20a6e013 f13e5933d0d14026b395ca4bacc8f91f - - default default] Successfully bumped revision number for resource 163d9fb1-dea5-456e-8bf1-c6dd13829619 (type: router_ports) to 1
2026-08-22 14:07:33.783 8 WARNING neutron.scheduler.dhcp_agent_scheduler [None req-71fced4a-292d-4fd2-91e1-5209f3bde098 e07a3d46c4f741209528b58076fb3d97 1daa1e9b12534626993eb7e8a36a6b1f - - default default] No more DHCP agents
2026-08-22 14:07:33.783 7 INFO neutron.db.ovn_revision_numbers_db [None req-aca8cb80-a63e-471b-8fa2-f9dc99b7328f 7191ef0b2fc043e8add31fde20a6e013 f13e5933d0d14026b395ca4bacc8f91f - - default default] Successfully bumped revision number for resource fa90a49c-acb9-4c7e-b16c-ee2b708ac70a (type: routers) to 2
2026-08-22 14:07:33.784 8 WARNING neutron.api.rpc.agentnotifiers.dhcp_rpc_agent_api [None req-71fced4a-292d-4fd2-91e1-5209f3bde098 e07a3d46c4f741209528b58076fb3d97 1daa1e9b12534626993eb7e8a36a6b1f - - default default] Unable to schedule network 57c34f4b-ec91-4520-8405-30dd86165190: no agents available; will retry on subsequent port and subnet creation events. [pid: 7|app: 0|req: 544/1021] 10.0.0.164 () {34 vars in 668 bytes} [Sat Aug 22 14:07:32 2026] POST /v2.0/routers => generated 955 bytes in 1471 msecs (HTTP/1.1 201) 4 headers in 162 bytes (1 switches on core 0)
2026-08-22 14:07:33.818 8 INFO neutron.db.ovn_revision_numbers_db [None req-71fced4a-292d-4fd2-91e1-5209f3bde098 e07a3d46c4f741209528b58076fb3d97 1daa1e9b12534626993eb7e8a36a6b1f - - default default] Successfully bumped revision number for resource 9755985f-674d-4a39-ae71-d4dd9ed6abd2 (type: subnets) to 0 [pid: 8|app: 0|req: 478/1022] 10.0.0.164 () {34 vars in 668 bytes} [Sat Aug 22 14:07:33 2026] POST /v2.0/subnets => generated 646 bytes in 244 msecs (HTTP/1.1 201) 4 headers in 162 bytes (1 switches on core 0) [pid: 8|app: 0|req: 479/1023] 199.204.45.238 () {34 vars in 1059 bytes} [Sat Aug 22 14:07:33 2026] GET /v2.0/floatingips?fixed_ip_address=10.100.0.13&port_id=ed25e670-82dd-44c1-9949-04ecb1a82ea6 => generated 861 bytes in 44 msecs (HTTP/1.1 200) 4 headers in 157 bytes (1 switches on core 0)
2026-08-22 14:07:34.054 7 WARNING neutron.scheduler.dhcp_agent_scheduler [req-a1df0e56-8d8a-4af0-866f-f9f127402941 req-77d3c3bf-7856-435e-8b9f-60c56b9100a1 3956f2188f4c4750aa4267b2ceb77454 8f02d660f12646368c2cee1fb16a11c2 - - default default] No more DHCP agents
2026-08-22 14:07:34.055 7 WARNING neutron.api.rpc.agentnotifiers.dhcp_rpc_agent_api [req-a1df0e56-8d8a-4af0-866f-f9f127402941 req-77d3c3bf-7856-435e-8b9f-60c56b9100a1 3956f2188f4c4750aa4267b2ceb77454 8f02d660f12646368c2cee1fb16a11c2 - - default default] Unable to schedule network 225734df-1f0a-4b28-9627-1688045f955a: no agents available; will retry on subsequent port and subnet creation events.
2026-08-22 14:07:34.157 8 INFO neutron.plugins.ml2.drivers.ovn.mech_driver.mech_driver [None req-b2884900-a84d-42de-828f-587544ec714d - - - - - -] OVN reports status down for port: 1e1f4063-ff5e-438f-9cd6-462c81ddc3a8
2026-08-22 14:07:34.176 7 INFO neutron.db.ovn_revision_numbers_db [req-a1df0e56-8d8a-4af0-866f-f9f127402941 req-77d3c3bf-7856-435e-8b9f-60c56b9100a1 3956f2188f4c4750aa4267b2ceb77454 8f02d660f12646368c2cee1fb16a11c2 - - default default] Successfully bumped revision number for resource 1e1f4063-ff5e-438f-9cd6-462c81ddc3a8 (type: ports) to 1 [pid: 7|app: 0|req: 545/1024] 199.204.45.238 () {38 vars in 954 bytes} [Sat Aug 22 14:07:33 2026] POST /v2.0/ports => generated 954 bytes in 424 msecs (HTTP/1.1 201) 4 headers in 162 bytes (1 switches on core 0) /var/lib/openstack/lib/python3.12/site-packages/pycadf/identifier.py:70: UserWarning: Invalid uuid: neutron. To ensure interoperability, identifiers should be a valid uuid. warnings.warn(('Invalid uuid: %s. To ensure interoperability, '
2026-08-22 14:07:34.444 7 WARNING neutron.scheduler.dhcp_agent_scheduler [None req-2aeaca10-e93a-4458-afda-70ce430effce e07a3d46c4f741209528b58076fb3d97 1daa1e9b12534626993eb7e8a36a6b1f - - default default] No more DHCP agents
2026-08-22 14:07:34.446 7 WARNING neutron.api.rpc.agentnotifiers.dhcp_rpc_agent_api [None req-2aeaca10-e93a-4458-afda-70ce430effce e07a3d46c4f741209528b58076fb3d97 1daa1e9b12534626993eb7e8a36a6b1f - - default default] Unable to schedule network e24a5a48-b938-4a5a-a8e6-4d4928ea26a7: no agents available; will retry on subsequent port and subnet creation events.
2026-08-22 14:07:34.470 7 INFO neutron.db.ovn_revision_numbers_db [None req-2aeaca10-e93a-4458-afda-70ce430effce e07a3d46c4f741209528b58076fb3d97 1daa1e9b12534626993eb7e8a36a6b1f - - default default] Successfully bumped revision number for resource 5098501d-0b71-4ffb-a98d-05640a43de31 (type: subnets) to 0 [pid: 7|app: 0|req: 546/1025] 10.0.0.164 () {34 vars in 668 bytes} [Sat Aug 22 14:07:34 2026] POST /v2.0/subnets => generated 655 bytes in 259 msecs (HTTP/1.1 201) 4 headers in 162 bytes (1 switches on core 0) [pid: 7|app: 0|req: 547/1026] 199.204.45.238 () {34 vars in 1057 bytes} [Sat Aug 22 14:07:34 2026] GET /v2.0/floatingips?fixed_ip_address=10.100.0.7&port_id=ed25e670-82dd-44c1-9949-04ecb1a82ea6 => generated 19 bytes in 17 msecs (HTTP/1.1 200) 4 headers in 156 bytes (1 switches on core 0)
2026-08-22 14:07:34.526 8 WARNING neutron.scheduler.dhcp_agent_scheduler [None req-1749bdd8-c24e-4b51-8fad-be6091c1cf17 7191ef0b2fc043e8add31fde20a6e013 f13e5933d0d14026b395ca4bacc8f91f - - default default] No more DHCP agents
2026-08-22 14:07:34.527 8 WARNING neutron.api.rpc.agentnotifiers.dhcp_rpc_agent_api [None req-1749bdd8-c24e-4b51-8fad-be6091c1cf17 7191ef0b2fc043e8add31fde20a6e013 f13e5933d0d14026b395ca4bacc8f91f - - default default] Unable to schedule network 1b253c75-7957-407e-bb7b-6de0d3e14c6e: no agents available; will retry on subsequent port and subnet creation events. [pid: 7|app: 0|req: 548/1027] 10.0.0.48 () {34 vars in 988 bytes} [Sat Aug 22 14:07:34 2026] GET /v2.0/ports?device_id=c73ff595-4f7c-436d-8b96-16e92e0d6330 => generated 957 bytes in 35 msecs (HTTP/1.1 200) 4 headers in 157 bytes (1 switches on core 0)
2026-08-22 14:07:34.607 8 INFO neutron.plugins.ml2.drivers.ovn.mech_driver.mech_driver [None req-b2884900-a84d-42de-828f-587544ec714d - - - - - -] OVN reports status down for port: 9db20764-37f2-4cd2-976d-63ad84ca5743
2026-08-22 14:07:34.656 8 INFO neutron.db.ovn_revision_numbers_db [None req-1749bdd8-c24e-4b51-8fad-be6091c1cf17 7191ef0b2fc043e8add31fde20a6e013 f13e5933d0d14026b395ca4bacc8f91f - - default default] Successfully bumped revision number for resource 9db20764-37f2-4cd2-976d-63ad84ca5743 (type: ports) to 1
2026-08-22 14:07:34.892 7 INFO neutron.db.ovn_revision_numbers_db [req-a1df0e56-8d8a-4af0-866f-f9f127402941 req-0652e8c4-e884-4ae9-b281-8960fcf88b4d b806954fa9ee4c2e9d810380f52a9b90 b9b5692d956c479dbca4e73a94bcfb04 - - eb96d0a077d845eba8052dd4ef5d9d1f eb96d0a077d845eba8052dd4ef5d9d1f] Successfully bumped revision number for resource 1e1f4063-ff5e-438f-9cd6-462c81ddc3a8 (type: ports) to 2
2026-08-22 14:07:35.079 7 INFO neutron.db.ovn_revision_numbers_db [req-a1df0e56-8d8a-4af0-866f-f9f127402941 req-0652e8c4-e884-4ae9-b281-8960fcf88b4d b806954fa9ee4c2e9d810380f52a9b90 b9b5692d956c479dbca4e73a94bcfb04 - - eb96d0a077d845eba8052dd4ef5d9d1f eb96d0a077d845eba8052dd4ef5d9d1f] Successfully bumped revision number for resource 1e1f4063-ff5e-438f-9cd6-462c81ddc3a8 (type: ports) to 4 [pid: 7|app: 0|req: 549/1028] 199.204.45.238 () {38 vars in 1027 bytes} [Sat Aug 22 14:07:34 2026] PUT /v2.0/ports/1e1f4063-ff5e-438f-9cd6-462c81ddc3a8 => generated 1204 bytes in 557 msecs (HTTP/1.1 200) 4 headers in 158 bytes (1 switches on core 0) /var/lib/openstack/lib/python3.12/site-packages/pycadf/identifier.py:70: UserWarning: Invalid uuid: neutron. To ensure interoperability, identifiers should be a valid uuid. warnings.warn(('Invalid uuid: %s. To ensure interoperability, '
2026-08-22 14:07:35.134 7 INFO neutron.notifiers.nova [-] Nova event matching ['req-c7604e17-2f34-4483-a750-dddcbfbff3c4'] response: {'name': 'network-changed', 'server_uuid': 'c73ff595-4f7c-436d-8b96-16e92e0d6330', 'tag': '1e1f4063-ff5e-438f-9cd6-462c81ddc3a8', 'status': 'completed', 'code': 200}
2026-08-22 14:07:35.208 7 INFO neutron.db.ovn_revision_numbers_db [None req-c6d29210-74c4-409e-943b-c838f7259ea0 e07a3d46c4f741209528b58076fb3d97 1daa1e9b12534626993eb7e8a36a6b1f - - default default] Successfully bumped revision number for resource aa435da3-d3d4-4bd0-b5b4-3819d0704d09 (type: routers) to 1 [pid: 7|app: 0|req: 550/1029] 10.0.0.164 () {34 vars in 668 bytes} [Sat Aug 22 14:07:35 2026] POST /v2.0/routers => generated 606 bytes in 124 msecs (HTTP/1.1 201) 4 headers in 162 bytes (1 switches on core 0)
2026-08-22 14:07:35.234 8 INFO neutron.plugins.ml2.drivers.ovn.mech_driver.mech_driver [None req-b2884900-a84d-42de-828f-587544ec714d - - - - - -] OVN reports status up for port: 9db20764-37f2-4cd2-976d-63ad84ca5743 [pid: 7|app: 0|req: 551/1030] 199.204.45.238 () {34 vars in 983 bytes} [Sat Aug 22 14:07:35 2026] GET /v2.0/subnets?id=22fff7c0-761e-48d0-8c03-f59e0ada274c => generated 701 bytes in 33 msecs (HTTP/1.1 200) 4 headers in 157 bytes (1 switches on core 0)
2026-08-22 14:07:35.271 8 INFO neutron.plugins.ml2.plugin [None req-b2884900-a84d-42de-828f-587544ec714d - - - - - -] Attempt 1 to provision port 9db20764-37f2-4cd2-976d-63ad84ca5743 [pid: 7|app: 0|req: 552/1031] 10.0.0.48 () {34 vars in 1038 bytes} [Sat Aug 22 14:07:35 2026] GET /v2.0/security-groups?id=c1b94375-8153-44b8-8d80-dfe85bc26be8&fields=id&fields=name => generated 114 bytes in 36 msecs (HTTP/1.1 200) 4 headers in 157 bytes (1 switches on core 0)
2026-08-22 14:07:35.386 8 WARNING neutron.scheduler.dhcp_agent_scheduler [None req-1749bdd8-c24e-4b51-8fad-be6091c1cf17 7191ef0b2fc043e8add31fde20a6e013 f13e5933d0d14026b395ca4bacc8f91f - - default default] No more DHCP agents
2026-08-22 14:07:35.388 8 WARNING neutron.api.rpc.agentnotifiers.dhcp_rpc_agent_api [None req-1749bdd8-c24e-4b51-8fad-be6091c1cf17 7191ef0b2fc043e8add31fde20a6e013 f13e5933d0d14026b395ca4bacc8f91f - - default default] Unable to schedule network 1b253c75-7957-407e-bb7b-6de0d3e14c6e: no agents available; will retry on subsequent port and subnet creation events.
2026-08-22 14:07:35.634 7 WARNING neutron.scheduler.dhcp_agent_scheduler [None req-bf7f5130-5387-41fe-bfce-909e41118d0d e07a3d46c4f741209528b58076fb3d97 1daa1e9b12534626993eb7e8a36a6b1f - - default default] No more DHCP agents
2026-08-22 14:07:35.635 7 WARNING neutron.api.rpc.agentnotifiers.dhcp_rpc_agent_api [None req-bf7f5130-5387-41fe-bfce-909e41118d0d e07a3d46c4f741209528b58076fb3d97 1daa1e9b12534626993eb7e8a36a6b1f - - default default] Unable to schedule network 57c34f4b-ec91-4520-8405-30dd86165190: no agents available; will retry on subsequent port and subnet creation events.
2026-08-22 14:07:35.733 7 INFO neutron.db.ovn_revision_numbers_db [None req-bf7f5130-5387-41fe-bfce-909e41118d0d e07a3d46c4f741209528b58076fb3d97 1daa1e9b12534626993eb7e8a36a6b1f - - default default] Successfully bumped revision number for resource 1f3c1bb3-7ff5-4fca-90c9-2b05524cdaec (type: ports) to 1
2026-08-22 14:07:35.896 8 INFO neutron.db.ovn_revision_numbers_db [None req-b2884900-a84d-42de-828f-587544ec714d - - - - - -] Successfully bumped revision number for resource 9db20764-37f2-4cd2-976d-63ad84ca5743 (type: ports) to 2
