2026-08-22 14:14:04.992 7 INFO neutron.db.ovn_revision_numbers_db [None req-6071726c-a789-4084-bd96-116be1c472a9 4d77c93ac6654c5b88855db099677a19 c530b1b5a865408e9319f2e86cd45fd4 - - default default] Successfully bumped revision number for resource 2ab6ad90-9019-4230-9ea8-8589ea3cb70d (type: security_group_rules) to 0
2026-08-22 14:14:05.003 7 INFO neutron.db.ovn_revision_numbers_db [None req-6071726c-a789-4084-bd96-116be1c472a9 4d77c93ac6654c5b88855db099677a19 c530b1b5a865408e9319f2e86cd45fd4 - - default default] Successfully bumped revision number for resource 2d36b0f2-eb59-4db1-bdf6-664990c35b11 (type: security_group_rules) to 0
2026-08-22 14:14:05.013 7 INFO neutron.db.ovn_revision_numbers_db [None req-6071726c-a789-4084-bd96-116be1c472a9 4d77c93ac6654c5b88855db099677a19 c530b1b5a865408e9319f2e86cd45fd4 - - default default] Successfully bumped revision number for resource e244440a-0ce6-4852-8358-7025447dc2ac (type: security_group_rules) to 0 [pid: 7|app: 0|req: 1826/3488] 10.0.0.164 () {32 vars in 773 bytes} [Sat Aug 22 14:14:04 2026] GET /v2.0/security-groups?tenant_id=ffd59fad005d4073af3972c73df40a59&name=default => generated 2929 bytes in 209 msecs (HTTP/1.1 200) 4 headers in 158 bytes (1 switches on core 0) [pid: 8|app: 0|req: 1663/3489] 10.0.0.164 () {32 vars in 739 bytes} [Sat Aug 22 14:14:05 2026] DELETE /v2.0/security-groups/a18f1a73-1006-46cb-a0fa-0884231c93ef => generated 0 bytes in 215 msecs (HTTP/1.1 204) 2 headers in 112 bytes (1 switches on core 0)
2026-08-22 14:14:08.683 7 INFO neutron.db.ovn_revision_numbers_db [None req-ca7d9720-be8f-4587-9cb1-a6b37f1b759f d1cc28e694574af1a35ce484404590f3 167820f956d14838b7ab9d328c8d13f1 - - default default] Successfully bumped revision number for resource 4719fdd8-7902-4791-867a-dfe49b2e0efe (type: security_groups) to 1
2026-08-22 14:14:08.696 7 INFO neutron.db.ovn_revision_numbers_db [None req-ca7d9720-be8f-4587-9cb1-a6b37f1b759f d1cc28e694574af1a35ce484404590f3 167820f956d14838b7ab9d328c8d13f1 - - default default] Successfully bumped revision number for resource 336fd81c-9637-4238-93f3-90628d1334b7 (type: security_group_rules) to 0
2026-08-22 14:14:08.707 7 INFO neutron.db.ovn_revision_numbers_db [None req-ca7d9720-be8f-4587-9cb1-a6b37f1b759f d1cc28e694574af1a35ce484404590f3 167820f956d14838b7ab9d328c8d13f1 - - default default] Successfully bumped revision number for resource 5d1760b1-21ec-45f4-913e-4c5d532f00c5 (type: security_group_rules) to 0
2026-08-22 14:14:08.724 7 INFO neutron.db.ovn_revision_numbers_db [None req-ca7d9720-be8f-4587-9cb1-a6b37f1b759f d1cc28e694574af1a35ce484404590f3 167820f956d14838b7ab9d328c8d13f1 - - default default] Successfully bumped revision number for resource 682c9aba-9653-43c1-affd-ab53a156e803 (type: security_group_rules) to 0
2026-08-22 14:14:08.739 7 INFO neutron.db.ovn_revision_numbers_db [None req-ca7d9720-be8f-4587-9cb1-a6b37f1b759f d1cc28e694574af1a35ce484404590f3 167820f956d14838b7ab9d328c8d13f1 - - default default] Successfully bumped revision number for resource c4315cb4-2473-46a2-9edc-d193266b0ae6 (type: security_group_rules) to 0
2026-08-22 14:14:08.828 7 INFO neutron.db.segments_db [None req-ca7d9720-be8f-4587-9cb1-a6b37f1b759f d1cc28e694574af1a35ce484404590f3 167820f956d14838b7ab9d328c8d13f1 - - default default] Added segment cecea22d-1376-474e-b097-adbd4c018e75 of type geneve for network 680b4bb9-a812-4d75-8607-f944885e5c3e
2026-08-22 14:14:08.946 7 INFO neutron.db.ovn_revision_numbers_db [None req-ca7d9720-be8f-4587-9cb1-a6b37f1b759f d1cc28e694574af1a35ce484404590f3 167820f956d14838b7ab9d328c8d13f1 - - default default] Successfully bumped revision number for resource 680b4bb9-a812-4d75-8607-f944885e5c3e (type: networks) to 1
2026-08-22 14:14:09.116 7 WARNING neutron.scheduler.dhcp_agent_scheduler [None req-ca7d9720-be8f-4587-9cb1-a6b37f1b759f d1cc28e694574af1a35ce484404590f3 167820f956d14838b7ab9d328c8d13f1 - - default default] No more DHCP agents
2026-08-22 14:14:09.118 7 WARNING neutron.api.rpc.agentnotifiers.dhcp_rpc_agent_api [None req-ca7d9720-be8f-4587-9cb1-a6b37f1b759f d1cc28e694574af1a35ce484404590f3 167820f956d14838b7ab9d328c8d13f1 - - default default] Unable to schedule network 680b4bb9-a812-4d75-8607-f944885e5c3e: no agents available; will retry on subsequent port and subnet creation events.
2026-08-22 14:14:09.167 8 INFO neutron.plugins.ml2.drivers.ovn.mech_driver.mech_driver [None req-8ff71a3f-34e4-45d9-ab9c-a6348272e6d9 - - - - - -] OVN reports status down for port: 2764c7b0-be59-4bfd-8da8-15596ab1aaaf
2026-08-22 14:14:09.199 7 INFO neutron.db.ovn_revision_numbers_db [None req-ca7d9720-be8f-4587-9cb1-a6b37f1b759f d1cc28e694574af1a35ce484404590f3 167820f956d14838b7ab9d328c8d13f1 - - default default] Successfully bumped revision number for resource 2764c7b0-be59-4bfd-8da8-15596ab1aaaf (type: ports) to 1 [pid: 7|app: 0|req: 1828/3492] 10.0.0.164 () {34 vars in 669 bytes} [Sat Aug 22 14:14:08 2026] POST /v2.0/networks => generated 645 bytes in 843 msecs (HTTP/1.1 201) 4 headers in 162 bytes (1 switches on core 0)
2026-08-22 14:14:09.961 8 WARNING neutron.scheduler.dhcp_agent_scheduler [None req-f98f7aa4-5529-4990-a56c-31b57f64720c d1cc28e694574af1a35ce484404590f3 167820f956d14838b7ab9d328c8d13f1 - - default default] No more DHCP agents
2026-08-22 14:14:09.962 8 WARNING neutron.api.rpc.agentnotifiers.dhcp_rpc_agent_api [None req-f98f7aa4-5529-4990-a56c-31b57f64720c d1cc28e694574af1a35ce484404590f3 167820f956d14838b7ab9d328c8d13f1 - - default default] Unable to schedule network 680b4bb9-a812-4d75-8607-f944885e5c3e: no agents available; will retry on subsequent port and subnet creation events.
2026-08-22 14:14:10.390 8 INFO neutron.db.ovn_revision_numbers_db [None req-211a8361-8a7b-4530-b949-ebdf49f19c7f - - - - - -] Successfully bumped revision number for resource 2764c7b0-be59-4bfd-8da8-15596ab1aaaf (type: ports) to 2
2026-08-22 14:14:10.423 8 INFO neutron.db.ovn_revision_numbers_db [None req-211a8361-8a7b-4530-b949-ebdf49f19c7f - - - - - -] Successfully bumped revision number for resource 06bceff8-b9c4-41fd-8bed-980f8328f7c8 (type: subnets) to 0 [pid: 8|app: 0|req: 1665/3493] 10.0.0.164 () {34 vars in 668 bytes} [Sat Aug 22 14:14:09 2026] POST /v2.0/subnets => generated 626 bytes in 1201 msecs (HTTP/1.1 201) 4 headers in 162 bytes (1 switches on core 0)
2026-08-22 14:14:10.837 7 WARNING neutron.scheduler.dhcp_agent_scheduler [None req-e7ce9b9a-65eb-407f-99e7-dd92e1ee9b62 d1cc28e694574af1a35ce484404590f3 167820f956d14838b7ab9d328c8d13f1 - - default default] No more DHCP agents
2026-08-22 14:14:10.838 7 WARNING neutron.api.rpc.agentnotifiers.dhcp_rpc_agent_api [None req-e7ce9b9a-65eb-407f-99e7-dd92e1ee9b62 d1cc28e694574af1a35ce484404590f3 167820f956d14838b7ab9d328c8d13f1 - - default default] Unable to schedule network 26e4259c-961f-42da-98c3-0ee8dee583e3: no agents available; will retry on subsequent port and subnet creation events.
2026-08-22 14:14:10.950 7 INFO neutron.plugins.ml2.drivers.ovn.mech_driver.mech_driver [None req-ec6cfdb7-8c4d-40aa-b2cf-2a76ca150f07 - - - - - -] OVN reports status down for port: 6bc60649-e06c-4e82-90ed-3ae5a0bbd075
2026-08-22 14:14:11.005 7 INFO neutron.db.ovn_revision_numbers_db [None req-e7ce9b9a-65eb-407f-99e7-dd92e1ee9b62 d1cc28e694574af1a35ce484404590f3 167820f956d14838b7ab9d328c8d13f1 - - default default] Successfully bumped revision number for resource 6bc60649-e06c-4e82-90ed-3ae5a0bbd075 (type: ports) to 1
2026-08-22 14:14:11.663 7 INFO neutron.plugins.ml2.drivers.ovn.mech_driver.ovsdb.commands [None req-d5da8a51-0abc-4ab7-b5f1-cd7981494114 - - - - - -] Schedule LRP lrp-6bc60649-e06c-4e82-90ed-3ae5a0bbd075 on gateway 769a3ba1-6d8b-4842-a1fa-d0e01884b94c with priority 1
2026-08-22 14:14:11.703 7 INFO neutron.plugins.ml2.drivers.ovn.mech_driver.mech_driver [None req-ec6cfdb7-8c4d-40aa-b2cf-2a76ca150f07 - - - - - -] OVN reports status up for port: 6bc60649-e06c-4e82-90ed-3ae5a0bbd075
2026-08-22 14:14:11.726 7 INFO neutron.plugins.ml2.plugin [None req-ec6cfdb7-8c4d-40aa-b2cf-2a76ca150f07 - - - - - -] Attempt 1 to provision port 6bc60649-e06c-4e82-90ed-3ae5a0bbd075
2026-08-22 14:14:11.760 7 INFO neutron.db.ovn_revision_numbers_db [None req-e7ce9b9a-65eb-407f-99e7-dd92e1ee9b62 d1cc28e694574af1a35ce484404590f3 167820f956d14838b7ab9d328c8d13f1 - - default default] Successfully bumped revision number for resource 6bc60649-e06c-4e82-90ed-3ae5a0bbd075 (type: router_ports) to 1
2026-08-22 14:14:11.885 7 INFO neutron.db.ovn_revision_numbers_db [None req-e7ce9b9a-65eb-407f-99e7-dd92e1ee9b62 d1cc28e694574af1a35ce484404590f3 167820f956d14838b7ab9d328c8d13f1 - - default default] Successfully bumped revision number for resource b03057dd-1ff6-4860-8205-ba05cbd7310f (type: routers) to 2 [pid: 7|app: 0|req: 1829/3494] 10.0.0.164 () {34 vars in 668 bytes} [Sat Aug 22 14:14:10 2026] POST /v2.0/routers => generated 936 bytes in 1459 msecs (HTTP/1.1 201) 4 headers in 162 bytes (1 switches on core 0)
2026-08-22 14:14:12.423 8 WARNING neutron.scheduler.dhcp_agent_scheduler [None req-60828230-39ad-439d-9692-338ba397c0e5 d1cc28e694574af1a35ce484404590f3 167820f956d14838b7ab9d328c8d13f1 - - default default] No more DHCP agents
2026-08-22 14:14:12.424 8 WARNING neutron.api.rpc.agentnotifiers.dhcp_rpc_agent_api [None req-60828230-39ad-439d-9692-338ba397c0e5 d1cc28e694574af1a35ce484404590f3 167820f956d14838b7ab9d328c8d13f1 - - default default] Unable to schedule network 680b4bb9-a812-4d75-8607-f944885e5c3e: no agents available; will retry on subsequent port and subnet creation events.
2026-08-22 14:14:12.557 8 INFO neutron.db.ovn_revision_numbers_db [None req-60828230-39ad-439d-9692-338ba397c0e5 d1cc28e694574af1a35ce484404590f3 167820f956d14838b7ab9d328c8d13f1 - - default default] Successfully bumped revision number for resource f5f1bc21-2307-4a64-b902-fa49f4333008 (type: ports) to 1
2026-08-22 14:14:13.234 8 WARNING neutron.scheduler.dhcp_agent_scheduler [None req-60828230-39ad-439d-9692-338ba397c0e5 d1cc28e694574af1a35ce484404590f3 167820f956d14838b7ab9d328c8d13f1 - - default default] No more DHCP agents
2026-08-22 14:14:13.235 8 WARNING neutron.api.rpc.agentnotifiers.dhcp_rpc_agent_api [None req-60828230-39ad-439d-9692-338ba397c0e5 d1cc28e694574af1a35ce484404590f3 167820f956d14838b7ab9d328c8d13f1 - - default default] Unable to schedule network 680b4bb9-a812-4d75-8607-f944885e5c3e: no agents available; will retry on subsequent port and subnet creation events.
2026-08-22 14:14:13.566 8 INFO neutron.db.ovn_revision_numbers_db [None req-60828230-39ad-439d-9692-338ba397c0e5 d1cc28e694574af1a35ce484404590f3 167820f956d14838b7ab9d328c8d13f1 - - default default] Successfully bumped revision number for resource f5f1bc21-2307-4a64-b902-fa49f4333008 (type: router_ports) to 1 [pid: 8|app: 0|req: 1666/3495] 10.0.0.164 () {34 vars in 782 bytes} [Sat Aug 22 14:14:11 2026] PUT /v2.0/routers/b03057dd-1ff6-4860-8205-ba05cbd7310f/add_router_interface => generated 309 bytes in 1661 msecs (HTTP/1.1 200) 4 headers in 157 bytes (1 switches on core 0)
2026-08-22 14:14:14.102 7 WARNING neutron.scheduler.dhcp_agent_scheduler [None req-6f3ec7e4-be54-47e2-8940-2a60889415a8 - - - - - -] No more DHCP agents
2026-08-22 14:14:14.103 7 WARNING neutron.api.rpc.agentnotifiers.dhcp_rpc_agent_api [None req-6f3ec7e4-be54-47e2-8940-2a60889415a8 - - - - - -] Unable to schedule network 26e4259c-961f-42da-98c3-0ee8dee583e3: no agents available; will retry on subsequent port and subnet creation events.
2026-08-22 14:14:14.193 8 INFO neutron.plugins.ml2.drivers.ovn.mech_driver.mech_driver [None req-8ff71a3f-34e4-45d9-ab9c-a6348272e6d9 - - - - - -] OVN reports status down for port: b2936910-b182-41ab-bfb1-3a7e5b6894d7
2026-08-22 14:14:14.220 7 INFO neutron.db.ovn_revision_numbers_db [None req-6f3ec7e4-be54-47e2-8940-2a60889415a8 - - - - - -] Successfully bumped revision number for resource b2936910-b182-41ab-bfb1-3a7e5b6894d7 (type: ports) to 1
2026-08-22 14:14:14.490 7 INFO neutron.db.ovn_revision_numbers_db [None req-6f3ec7e4-be54-47e2-8940-2a60889415a8 - - - - - -] Successfully bumped revision number for resource b2936910-b182-41ab-bfb1-3a7e5b6894d7 (type: ports) to 3
2026-08-22 14:14:14.551 7 INFO neutron.db.segments_db [None req-6f3ec7e4-be54-47e2-8940-2a60889415a8 - - - - - -] Added segment 5407b63a-7866-4f2b-ad26-6d05ef9c358b of type geneve for network 3967979e-4bcd-4f5d-b61e-12d90b4b8d68
2026-08-22 14:14:14.674 7 INFO neutron.db.ovn_revision_numbers_db [None req-6b3c6b41-fab3-4eaf-98af-6bada6f363d6 - - - - - -] Successfully bumped revision number for resource 3967979e-4bcd-4f5d-b61e-12d90b4b8d68 (type: networks) to 1
2026-08-22 14:14:14.852 7 WARNING neutron.scheduler.dhcp_agent_scheduler [None req-6b3c6b41-fab3-4eaf-98af-6bada6f363d6 - - - - - -] No more DHCP agents
2026-08-22 14:14:14.853 7 WARNING neutron.api.rpc.agentnotifiers.dhcp_rpc_agent_api [None req-6b3c6b41-fab3-4eaf-98af-6bada6f363d6 - - - - - -] Unable to schedule network 3967979e-4bcd-4f5d-b61e-12d90b4b8d68: no agents available; will retry on subsequent port and subnet creation events.
2026-08-22 14:14:14.913 8 INFO neutron.plugins.ml2.drivers.ovn.mech_driver.mech_driver [None req-8ff71a3f-34e4-45d9-ab9c-a6348272e6d9 - - - - - -] OVN reports status down for port: c702fd5e-ad3e-4f5a-88a2-007fd4e239e8
2026-08-22 14:14:14.929 7 INFO neutron.db.ovn_revision_numbers_db [None req-6b3c6b41-fab3-4eaf-98af-6bada6f363d6 - - - - - -] Successfully bumped revision number for resource c702fd5e-ad3e-4f5a-88a2-007fd4e239e8 (type: ports) to 1
2026-08-22 14:14:15.056 7 WARNING neutron.scheduler.dhcp_agent_scheduler [None req-6b3c6b41-fab3-4eaf-98af-6bada6f363d6 - - - - - -] No more DHCP agents
2026-08-22 14:14:15.058 7 WARNING neutron.api.rpc.agentnotifiers.dhcp_rpc_agent_api [None req-6b3c6b41-fab3-4eaf-98af-6bada6f363d6 - - - - - -] Unable to schedule network 3967979e-4bcd-4f5d-b61e-12d90b4b8d68: no agents available; will retry on subsequent port and subnet creation events.
2026-08-22 14:14:15.081 7 INFO neutron.db.ovn_revision_numbers_db [None req-6b3c6b41-fab3-4eaf-98af-6bada6f363d6 - - - - - -] Successfully bumped revision number for resource a97d2130-e84c-4d8c-8b96-9bae6efd2d54 (type: subnets) to 0
2026-08-22 14:14:15.470 7 WARNING neutron.scheduler.dhcp_agent_scheduler [None req-6b3c6b41-fab3-4eaf-98af-6bada6f363d6 - - - - - -] No more DHCP agents
2026-08-22 14:14:15.472 7 WARNING neutron.api.rpc.agentnotifiers.dhcp_rpc_agent_api [None req-6b3c6b41-fab3-4eaf-98af-6bada6f363d6 - - - - - -] Unable to schedule network 3967979e-4bcd-4f5d-b61e-12d90b4b8d68: no agents available; will retry on subsequent port and subnet creation events.
2026-08-22 14:14:15.594 8 INFO neutron.plugins.ml2.drivers.ovn.mech_driver.mech_driver [None req-8ff71a3f-34e4-45d9-ab9c-a6348272e6d9 - - - - - -] OVN reports status down for port: adb04939-d9d2-4558-93d6-373ea754b9b9
2026-08-22 14:14:15.605 7 INFO neutron.db.ovn_revision_numbers_db [None req-6b3c6b41-fab3-4eaf-98af-6bada6f363d6 - - - - - -] Successfully bumped revision number for resource adb04939-d9d2-4558-93d6-373ea754b9b9 (type: ports) to 1
2026-08-22 14:14:16.225 8 INFO neutron.plugins.ml2.drivers.ovn.mech_driver.mech_driver [None req-8ff71a3f-34e4-45d9-ab9c-a6348272e6d9 - - - - - -] OVN reports status up for port: adb04939-d9d2-4558-93d6-373ea754b9b9
2026-08-22 14:14:16.237 8 INFO neutron.plugins.ml2.plugin [None req-8ff71a3f-34e4-45d9-ab9c-a6348272e6d9 - - - - - -] Attempt 1 to provision port adb04939-d9d2-4558-93d6-373ea754b9b9
2026-08-22 14:14:16.278 7 WARNING neutron.scheduler.dhcp_agent_scheduler [None req-6b3c6b41-fab3-4eaf-98af-6bada6f363d6 - - - - - -] No more DHCP agents
2026-08-22 14:14:16.279 7 WARNING neutron.api.rpc.agentnotifiers.dhcp_rpc_agent_api [None req-6b3c6b41-fab3-4eaf-98af-6bada6f363d6 - - - - - -] Unable to schedule network 3967979e-4bcd-4f5d-b61e-12d90b4b8d68: no agents available; will retry on subsequent port and subnet creation events.
2026-08-22 14:14:16.597 8 INFO neutron.db.ovn_revision_numbers_db [None req-8ff71a3f-34e4-45d9-ab9c-a6348272e6d9 - - - - - -] Successfully bumped revision number for resource adb04939-d9d2-4558-93d6-373ea754b9b9 (type: ports) to 2
2026-08-22 14:14:16.756 7 INFO neutron.db.ovn_revision_numbers_db [None req-6b3c6b41-fab3-4eaf-98af-6bada6f363d6 - - - - - -] Successfully bumped revision number for resource adb04939-d9d2-4558-93d6-373ea754b9b9 (type: router_ports) to 1
2026-08-22 14:14:16.973 7 WARNING neutron.scheduler.dhcp_agent_scheduler [None req-6b3c6b41-fab3-4eaf-98af-6bada6f363d6 - - - - - -] No more DHCP agents
2026-08-22 14:14:16.975 7 WARNING neutron.api.rpc.agentnotifiers.dhcp_rpc_agent_api [None req-6b3c6b41-fab3-4eaf-98af-6bada6f363d6 - - - - - -] Unable to schedule network 3967979e-4bcd-4f5d-b61e-12d90b4b8d68: no agents available; will retry on subsequent port and subnet creation events.
2026-08-22 14:14:17.105 7 INFO neutron.db.ovn_revision_numbers_db [None req-6b3c6b41-fab3-4eaf-98af-6bada6f363d6 - - - - - -] Successfully bumped revision number for resource 0a0c3039-d948-4fba-bf19-5f6cdee1823f (type: ports) to 1
2026-08-22 14:14:17.315 7 INFO neutron.db.ovn_revision_numbers_db [None req-6b3c6b41-fab3-4eaf-98af-6bada6f363d6 - - - - - -] Successfully bumped revision number for resource 0a0c3039-d948-4fba-bf19-5f6cdee1823f (type: ports) to 3
2026-08-22 14:14:17.455 7 WARNING neutron.plugins.ml2.drivers.ovn.mech_driver.ovsdb.ovn_client [None req-ec6cfdb7-8c4d-40aa-b2cf-2a76ca150f07 - - - - - -] No hosting information found for port 6bc60649-e06c-4e82-90ed-3ae5a0bbd075: RuntimeError: No hosting information found for port 6bc60649-e06c-4e82-90ed-3ae5a0bbd075
2026-08-22 14:14:17.456 7 INFO neutron.plugins.ml2.drivers.ovn.mech_driver.mech_driver [None req-ec6cfdb7-8c4d-40aa-b2cf-2a76ca150f07 - - - - - -] OVN reports status down for port: f5f1bc21-2307-4a64-b902-fa49f4333008
2026-08-22 14:14:17.598 7 WARNING neutron.plugins.ml2.drivers.ovn.mech_driver.ovsdb.ovn_client [None req-ec6cfdb7-8c4d-40aa-b2cf-2a76ca150f07 - - - - - -] Logical_Switch_Port %s host information not removed, the port state is up
2026-08-22 14:14:17.600 7 INFO neutron.plugins.ml2.drivers.ovn.mech_driver.mech_driver [None req-ec6cfdb7-8c4d-40aa-b2cf-2a76ca150f07 - - - - - -] OVN reports status up for port: f5f1bc21-2307-4a64-b902-fa49f4333008
2026-08-22 14:14:17.626 7 INFO neutron.plugins.ml2.plugin [None req-ec6cfdb7-8c4d-40aa-b2cf-2a76ca150f07 - - - - - -] Attempt 1 to provision port f5f1bc21-2307-4a64-b902-fa49f4333008 [pid: 7|app: 0|req: 1830/3496] 10.0.0.164 () {34 vars in 684 bytes} [Sat Aug 22 14:14:13 2026] POST /v2.0/vpn/vpnservices => generated 457 bytes in 4810 msecs (HTTP/1.1 201) 4 headers in 162 bytes (1 switches on core 0)
2026-08-22 14:14:18.746 7 INFO neutron.db.ovn_revision_numbers_db [None req-ec6cfdb7-8c4d-40aa-b2cf-2a76ca150f07 - - - - - -] Successfully bumped revision number for resource f5f1bc21-2307-4a64-b902-fa49f4333008 (type: ports) to 2 [pid: 8|app: 0|req: 1667/3497] 10.0.0.164 () {34 vars in 684 bytes} [Sat Aug 22 14:14:18 2026] POST /v2.0/vpn/vpnservices => generated 423 bytes in 463 msecs (HTTP/1.1 201) 4 headers in 162 bytes (1 switches on core 0) [pid: 7|app: 0|req: 1831/3498] 10.0.0.164 () {34 vars in 683 bytes} [Sat Aug 22 14:14:18 2026] POST /v2.0/vpn/ikepolicies => generated 403 bytes in 42 msecs (HTTP/1.1 201) 4 headers in 162 bytes (1 switches on core 0) [pid: 8|app: 0|req: 1668/3499] 10.0.0.164 () {34 vars in 687 bytes} [Sat Aug 22 14:14:18 2026] POST /v2.0/vpn/ipsecpolicies => generated 413 bytes in 71 msecs (HTTP/1.1 201) 4 headers in 162 bytes (1 switches on core 0) [pid: 7|app: 0|req: 1832/3500] 10.0.0.164 () {34 vars in 692 bytes} [Sat Aug 22 14:14:18 2026] POST /v2.0/vpn/endpoint-groups => generated 329 bytes in 66 msecs (HTTP/1.1 201) 4 headers in 162 bytes (1 switches on core 0) [pid: 8|app: 0|req: 1669/3501] 10.0.0.164 () {34 vars in 692 bytes} [Sat Aug 22 14:14:19 2026] POST /v2.0/vpn/endpoint-groups => generated 319 bytes in 51 msecs (HTTP/1.1 201) 4 headers in 162 bytes (1 switches on core 0)
2026-08-22 14:14:19.778 7 INFO neutron.db.ovn_revision_numbers_db [None req-952b8e73-5511-4546-923b-fec7f0bb26ec d1cc28e694574af1a35ce484404590f3 167820f956d14838b7ab9d328c8d13f1 - - default default] Successfully bumped revision number for resource b03057dd-1ff6-4860-8205-ba05cbd7310f (type: routers) to 5 [pid: 7|app: 0|req: 1833/3502] 10.0.0.164 () {34 vars in 706 bytes} [Sat Aug 22 14:14:19 2026] POST /v2.0/vpn/ipsec-site-connections => generated 802 bytes in 699 msecs (HTTP/1.1 201) 4 headers in 162 bytes (1 switches on core 0) [pid: 8|app: 0|req: 1670/3503] 10.0.0.164 () {34 vars in 692 bytes} [Sat Aug 22 14:14:19 2026] POST /v2.0/vpn/endpoint-groups => generated 290 bytes in 43 msecs (HTTP/1.1 201) 4 headers in 162 bytes (1 switches on core 0) [pid: 7|app: 0|req: 1834/3504] 10.0.0.164 () {32 vars in 747 bytes} [Sat Aug 22 14:14:19 2026] DELETE /v2.0/vpn/endpoint-groups/f9cfaa67-5b0d-4299-a181-38e00809ae78 => generated 0 bytes in 33 msecs (HTTP/1.1 204) 2 headers in 112 bytes (1 switches on core 0) [pid: 8|app: 0|req: 1671/3505] 10.0.0.164 () {32 vars in 670 bytes} [Sat Aug 22 14:14:19 2026] GET /v2.0/vpn/endpoint-groups => generated 633 bytes in 16 msecs (HTTP/1.1 200) 4 headers in 157 bytes (1 switches on core 0) [pid: 7|app: 0|req: 1835/3506] 10.0.0.164 () {32 vars in 670 bytes} [Sat Aug 22 14:14:19 2026] GET /v2.0/vpn/endpoint-groups => generated 633 bytes in 14 msecs (HTTP/1.1 200) 4 headers in 157 bytes (1 switches on core 0) [pid: 8|app: 0|req: 1672/3507] 10.0.0.164 () {34 vars in 684 bytes} [Sat Aug 22 14:14:20 2026] POST /v2.0/vpn/ikepolicies => generated 403 bytes in 85 msecs (HTTP/1.1 201) 4 headers in 162 bytes (1 switches on core 0) [pid: 7|app: 0|req: 1836/3508] 10.0.0.164 () {32 vars in 662 bytes} [Sat Aug 22 14:14:20 2026] GET /v2.0/vpn/ikepolicies => generated 797 bytes in 14 msecs (HTTP/1.1 200) 4 headers in 157 bytes (1 switches on core 0) [pid: 8|app: 0|req: 1673/3509] 10.0.0.164 () {32 vars in 739 bytes} [Sat Aug 22 14:14:20 2026] DELETE /v2.0/vpn/ikepolicies/acdc887b-356f-416b-a160-0d2b6d25bfad => generated 0 bytes in 37 msecs (HTTP/1.1 204) 2 headers in 112 bytes (1 switches on core 0) [pid: 7|app: 0|req: 1837/3510] 10.0.0.164 () {34 vars in 688 bytes} [Sat Aug 22 14:14:20 2026] POST /v2.0/vpn/ipsecpolicies => generated 412 bytes in 40 msecs (HTTP/1.1 201) 4 headers in 162 bytes (1 switches on core 0) [pid: 8|app: 0|req: 1674/3511] 10.0.0.164 () {32 vars in 666 bytes} [Sat Aug 22 14:14:20 2026] GET /v2.0/vpn/ipsecpolicies => generated 814 bytes in 10 msecs (HTTP/1.1 200) 4 headers in 157 bytes (1 switches on core 0) [pid: 7|app: 0|req: 1838/3512] 10.0.0.164 () {32 vars in 743 bytes} [Sat Aug 22 14:14:20 2026] DELETE /v2.0/vpn/ipsecpolicies/fe7d54cc-de81-49bb-b664-e99bd7d069c6 => generated 0 bytes in 31 msecs (HTTP/1.1 204) 2 headers in 112 bytes (1 switches on core 0)
2026-08-22 14:14:20.588 8 INFO neutron.db.segments_db [None req-5020c9bc-e79f-45ab-844e-8810efba1517 d1cc28e694574af1a35ce484404590f3 167820f956d14838b7ab9d328c8d13f1 - - default default] Added segment c178cd2b-2481-4a3c-84d2-ef1d71e80036 of type geneve for network a8dc023a-9a37-4c7f-be88-5b038cc4c101
2026-08-22 14:14:20.703 8 INFO neutron.db.ovn_revision_numbers_db [None req-5020c9bc-e79f-45ab-844e-8810efba1517 d1cc28e694574af1a35ce484404590f3 167820f956d14838b7ab9d328c8d13f1 - - default default] Successfully bumped revision number for resource a8dc023a-9a37-4c7f-be88-5b038cc4c101 (type: networks) to 1
2026-08-22 14:14:20.863 8 WARNING neutron.scheduler.dhcp_agent_scheduler [None req-5020c9bc-e79f-45ab-844e-8810efba1517 d1cc28e694574af1a35ce484404590f3 167820f956d14838b7ab9d328c8d13f1 - - default default] No more DHCP agents
2026-08-22 14:14:20.864 8 WARNING neutron.api.rpc.agentnotifiers.dhcp_rpc_agent_api [None req-5020c9bc-e79f-45ab-844e-8810efba1517 d1cc28e694574af1a35ce484404590f3 167820f956d14838b7ab9d328c8d13f1 - - default default] Unable to schedule network a8dc023a-9a37-4c7f-be88-5b038cc4c101: no agents available; will retry on subsequent port and subnet creation events.
2026-08-22 14:14:20.956 8 INFO neutron.db.ovn_revision_numbers_db [None req-5020c9bc-e79f-45ab-844e-8810efba1517 d1cc28e694574af1a35ce484404590f3 167820f956d14838b7ab9d328c8d13f1 - - default default] Successfully bumped revision number for resource dcb311da-9423-46cd-b279-611e93f3dc78 (type: ports) to 1 [pid: 8|app: 0|req: 1675/3513] 10.0.0.164 () {34 vars in 669 bytes} [Sat Aug 22 14:14:20 2026] POST /v2.0/networks => generated 650 bytes in 458 msecs (HTTP/1.1 201) 4 headers in 162 bytes (1 switches on core 0)
2026-08-22 14:14:21.156 7 WARNING neutron.scheduler.dhcp_agent_scheduler [None req-033c6b58-58cf-4a45-b456-759c0dd1e785 d1cc28e694574af1a35ce484404590f3 167820f956d14838b7ab9d328c8d13f1 - - default default] No more DHCP agents
2026-08-22 14:14:21.158 7 WARNING neutron.api.rpc.agentnotifiers.dhcp_rpc_agent_api [None req-033c6b58-58cf-4a45-b456-759c0dd1e785 d1cc28e694574af1a35ce484404590f3 167820f956d14838b7ab9d328c8d13f1 - - default default] Unable to schedule network a8dc023a-9a37-4c7f-be88-5b038cc4c101: no agents available; will retry on subsequent port and subnet creation events.
2026-08-22 14:14:21.587 7 INFO neutron.db.ovn_revision_numbers_db [None req-930aa4f5-24ab-466d-9c95-bf88a1f46b8e - - - - - -] Successfully bumped revision number for resource dcb311da-9423-46cd-b279-611e93f3dc78 (type: ports) to 2
2026-08-22 14:14:21.612 7 INFO neutron.db.ovn_revision_numbers_db [None req-930aa4f5-24ab-466d-9c95-bf88a1f46b8e - - - - - -] Successfully bumped revision number for resource 1586df19-cb39-4aff-9e7f-f8cab273c4e8 (type: subnets) to 0 [pid: 7|app: 0|req: 1839/3514] 10.0.0.164 () {34 vars in 668 bytes} [Sat Aug 22 14:14:20 2026] POST /v2.0/subnets => generated 629 bytes in 645 msecs (HTTP/1.1 201) 4 headers in 162 bytes (1 switches on core 0)
2026-08-22 14:14:21.628 8 WARNING neutron.plugins.ml2.drivers.ovn.mech_driver.ovsdb.ovn_client [None req-640045ed-ebec-44b3-ac08-91ab489d7792 - - - - - -] No hosting information found for port adb04939-d9d2-4558-93d6-373ea754b9b9: RuntimeError: No hosting information found for port adb04939-d9d2-4558-93d6-373ea754b9b9
2026-08-22 14:14:21.773 8 INFO neutron.db.ovn_revision_numbers_db [None req-640045ed-ebec-44b3-ac08-91ab489d7792 - - - - - -] Successfully bumped revision number for resource adb04939-d9d2-4558-93d6-373ea754b9b9 (type: router_ports) to 2
2026-08-22 14:14:21.774 8 INFO neutron.plugins.ml2.drivers.ovn.mech_driver.mech_driver [None req-640045ed-ebec-44b3-ac08-91ab489d7792 - - - - - -] OVN reports status down for port: 0a0c3039-d948-4fba-bf19-5f6cdee1823f
2026-08-22 14:14:21.916 8 INFO neutron.plugins.ml2.drivers.ovn.mech_driver.mech_driver [None req-640045ed-ebec-44b3-ac08-91ab489d7792 - - - - - -] OVN reports status down for port: dcb311da-9423-46cd-b279-611e93f3dc78
2026-08-22 14:14:22.182 8 WARNING neutron.scheduler.dhcp_agent_scheduler [None req-85fbf1e9-881f-431c-94b2-7b86d5e49dc5 d1cc28e694574af1a35ce484404590f3 167820f956d14838b7ab9d328c8d13f1 - - default default] No more DHCP agents
2026-08-22 14:14:22.182 8 WARNING neutron.api.rpc.agentnotifiers.dhcp_rpc_agent_api [None req-85fbf1e9-881f-431c-94b2-7b86d5e49dc5 d1cc28e694574af1a35ce484404590f3 167820f956d14838b7ab9d328c8d13f1 - - default default] Unable to schedule network 26e4259c-961f-42da-98c3-0ee8dee583e3: no agents available; will retry on subsequent port and subnet creation events.
2026-08-22 14:14:22.300 8 INFO neutron.db.ovn_revision_numbers_db [None req-85fbf1e9-881f-431c-94b2-7b86d5e49dc5 d1cc28e694574af1a35ce484404590f3 167820f956d14838b7ab9d328c8d13f1 - - default default] Successfully bumped revision number for resource 489658b7-6b0e-41f2-a249-a9fe397f1a6e (type: ports) to 1
2026-08-22 14:14:22.781 8 INFO neutron.plugins.ml2.drivers.ovn.mech_driver.ovsdb.commands [None req-550c724d-2eae-4c14-b162-fdb828a29840 - - - - - -] Schedule LRP lrp-489658b7-6b0e-41f2-a249-a9fe397f1a6e on gateway 769a3ba1-6d8b-4842-a1fa-d0e01884b94c with priority 1
2026-08-22 14:14:22.836 8 INFO neutron.db.ovn_revision_numbers_db [None req-85fbf1e9-881f-431c-94b2-7b86d5e49dc5 d1cc28e694574af1a35ce484404590f3 167820f956d14838b7ab9d328c8d13f1 - - default default] Successfully bumped revision number for resource 489658b7-6b0e-41f2-a249-a9fe397f1a6e (type: router_ports) to 1
2026-08-22 14:14:22.910 8 INFO neutron.db.ovn_revision_numbers_db [None req-85fbf1e9-881f-431c-94b2-7b86d5e49dc5 d1cc28e694574af1a35ce484404590f3 167820f956d14838b7ab9d328c8d13f1 - - default default] Successfully bumped revision number for resource 84409ebe-ab09-4e60-8517-cdb01bccde6d (type: routers) to 2 [pid: 8|app: 0|req: 1676/3517] 10.0.0.164 () {34 vars in 668 bytes} [Sat Aug 22 14:14:21 2026] POST /v2.0/routers => generated 936 bytes in 1299 msecs (HTTP/1.1 201) 4 headers in 162 bytes (1 switches on core 0)
2026-08-22 14:14:23.478 7 WARNING neutron.scheduler.dhcp_agent_scheduler [None req-06873e69-f817-48ea-9874-1b511f822b9f d1cc28e694574af1a35ce484404590f3 167820f956d14838b7ab9d328c8d13f1 - - default default] No more DHCP agents
2026-08-22 14:14:23.479 7 WARNING neutron.api.rpc.agentnotifiers.dhcp_rpc_agent_api [None req-06873e69-f817-48ea-9874-1b511f822b9f d1cc28e694574af1a35ce484404590f3 167820f956d14838b7ab9d328c8d13f1 - - default default] Unable to schedule network a8dc023a-9a37-4c7f-be88-5b038cc4c101: no agents available; will retry on subsequent port and subnet creation events.
2026-08-22 14:14:23.607 8 INFO neutron.plugins.ml2.drivers.ovn.mech_driver.mech_driver [None req-640045ed-ebec-44b3-ac08-91ab489d7792 - - - - - -] OVN reports status down for port: 0185e3f2-ec24-4f5f-b563-ce7161adc093
2026-08-22 14:14:23.622 7 INFO neutron.db.ovn_revision_numbers_db [None req-06873e69-f817-48ea-9874-1b511f822b9f d1cc28e694574af1a35ce484404590f3 167820f956d14838b7ab9d328c8d13f1 - - default default] Successfully bumped revision number for resource 0185e3f2-ec24-4f5f-b563-ce7161adc093 (type: ports) to 1
2026-08-22 14:14:23.967 7 WARNING neutron.plugins.ml2.drivers.ovn.mech_driver.ovsdb.ovn_client [None req-67194ab7-f85e-4372-b718-db1d9e30f2e8 - - - - - -] No hosting information found for port f5f1bc21-2307-4a64-b902-fa49f4333008: RuntimeError: No hosting information found for port f5f1bc21-2307-4a64-b902-fa49f4333008
2026-08-22 14:14:24.115 7 INFO neutron.db.ovn_revision_numbers_db [None req-67194ab7-f85e-4372-b718-db1d9e30f2e8 - - - - - -] Successfully bumped revision number for resource f5f1bc21-2307-4a64-b902-fa49f4333008 (type: router_ports) to 2
2026-08-22 14:14:24.198 7 INFO neutron.plugins.ml2.drivers.ovn.mech_driver.mech_driver [None req-67194ab7-f85e-4372-b718-db1d9e30f2e8 - - - - - -] OVN reports status down for port: 489658b7-6b0e-41f2-a249-a9fe397f1a6e
2026-08-22 14:14:24.321 7 WARNING neutron.plugins.ml2.drivers.ovn.mech_driver.ovsdb.ovn_client [None req-67194ab7-f85e-4372-b718-db1d9e30f2e8 - - - - - -] Logical_Switch_Port %s host information not removed, the port state is up
2026-08-22 14:14:24.321 7 INFO neutron.plugins.ml2.drivers.ovn.mech_driver.mech_driver [None req-67194ab7-f85e-4372-b718-db1d9e30f2e8 - - - - - -] OVN reports status up for port: 489658b7-6b0e-41f2-a249-a9fe397f1a6e
2026-08-22 14:14:24.350 7 INFO neutron.plugins.ml2.plugin [None req-67194ab7-f85e-4372-b718-db1d9e30f2e8 - - - - - -] Attempt 1 to provision port 489658b7-6b0e-41f2-a249-a9fe397f1a6e
2026-08-22 14:14:24.419 8 INFO neutron.plugins.ml2.drivers.ovn.mech_driver.mech_driver [None req-640045ed-ebec-44b3-ac08-91ab489d7792 - - - - - -] OVN reports status up for port: 0185e3f2-ec24-4f5f-b563-ce7161adc093
2026-08-22 14:14:24.442 8 INFO neutron.plugins.ml2.plugin [None req-640045ed-ebec-44b3-ac08-91ab489d7792 - - - - - -] Attempt 1 to provision port 0185e3f2-ec24-4f5f-b563-ce7161adc093
2026-08-22 14:14:24.517 7 WARNING neutron.scheduler.dhcp_agent_scheduler [None req-06873e69-f817-48ea-9874-1b511f822b9f d1cc28e694574af1a35ce484404590f3 167820f956d14838b7ab9d328c8d13f1 - - default default] No more DHCP agents
2026-08-22 14:14:24.518 7 WARNING neutron.api.rpc.agentnotifiers.dhcp_rpc_agent_api [None req-06873e69-f817-48ea-9874-1b511f822b9f d1cc28e694574af1a35ce484404590f3 167820f956d14838b7ab9d328c8d13f1 - - default default] Unable to schedule network a8dc023a-9a37-4c7f-be88-5b038cc4c101: no agents available; will retry on subsequent port and subnet creation events.
2026-08-22 14:14:24.777 8 INFO neutron.db.ovn_revision_numbers_db [None req-640045ed-ebec-44b3-ac08-91ab489d7792 - - - - - -] Successfully bumped revision number for resource 0185e3f2-ec24-4f5f-b563-ce7161adc093 (type: ports) to 2
2026-08-22 14:14:24.827 7 INFO neutron.db.ovn_revision_numbers_db [None req-06873e69-f817-48ea-9874-1b511f822b9f d1cc28e694574af1a35ce484404590f3 167820f956d14838b7ab9d328c8d13f1 - - default default] Successfully bumped revision number for resource 0185e3f2-ec24-4f5f-b563-ce7161adc093 (type: router_ports) to 1 [pid: 7|app: 0|req: 1842/3518] 10.0.0.164 () {34 vars in 782 bytes} [Sat Aug 22 14:14:22 2026] PUT /v2.0/routers/84409ebe-ab09-4e60-8517-cdb01bccde6d/add_router_interface => generated 309 bytes in 1897 msecs (HTTP/1.1 200) 4 headers in 157 bytes (1 switches on core 0)
2026-08-22 14:14:25.588 8 WARNING neutron.scheduler.dhcp_agent_scheduler [None req-7becff23-b572-48c2-94a8-fc8a0b28e0d0 - - - - - -] No more DHCP agents
2026-08-22 14:14:25.589 8 WARNING neutron.api.rpc.agentnotifiers.dhcp_rpc_agent_api [None req-7becff23-b572-48c2-94a8-fc8a0b28e0d0 - - - - - -] Unable to schedule network 26e4259c-961f-42da-98c3-0ee8dee583e3: no agents available; will retry on subsequent port and subnet creation events.
2026-08-22 14:14:25.748 8 INFO neutron.db.ovn_revision_numbers_db [None req-7becff23-b572-48c2-94a8-fc8a0b28e0d0 - - - - - -] Successfully bumped revision number for resource 99b4c3af-e5fb-45c0-806f-21ac100b1311 (type: ports) to 1
2026-08-22 14:14:26.046 8 INFO neutron.db.ovn_revision_numbers_db [None req-7becff23-b572-48c2-94a8-fc8a0b28e0d0 - - - - - -] Successfully bumped revision number for resource 99b4c3af-e5fb-45c0-806f-21ac100b1311 (type: ports) to 3
2026-08-22 14:14:26.115 8 INFO neutron.db.segments_db [None req-7becff23-b572-48c2-94a8-fc8a0b28e0d0 - - - - - -] Added segment 5097dcfd-fecd-4807-aaa5-cb84ad9f88f6 of type geneve for network 83ce299f-c7cd-44c9-8bfd-f105ad302de1
2026-08-22 14:14:26.254 8 INFO neutron.db.ovn_revision_numbers_db [None req-3c495c1d-6584-427c-a73b-e2a421d338b0 - - - - - -] Successfully bumped revision number for resource 83ce299f-c7cd-44c9-8bfd-f105ad302de1 (type: networks) to 1
2026-08-22 14:14:26.416 8 WARNING neutron.scheduler.dhcp_agent_scheduler [None req-3c495c1d-6584-427c-a73b-e2a421d338b0 - - - - - -] No more DHCP agents
2026-08-22 14:14:26.418 8 WARNING neutron.api.rpc.agentnotifiers.dhcp_rpc_agent_api [None req-3c495c1d-6584-427c-a73b-e2a421d338b0 - - - - - -] Unable to schedule network 83ce299f-c7cd-44c9-8bfd-f105ad302de1: no agents available; will retry on subsequent port and subnet creation events.
2026-08-22 14:14:26.499 8 INFO neutron.db.ovn_revision_numbers_db [None req-3c495c1d-6584-427c-a73b-e2a421d338b0 - - - - - -] Successfully bumped revision number for resource bc425281-97b3-4dd1-b25c-dc89f17c1543 (type: ports) to 1
2026-08-22 14:14:26.637 8 WARNING neutron.scheduler.dhcp_agent_scheduler [None req-3c495c1d-6584-427c-a73b-e2a421d338b0 - - - - - -] No more DHCP agents
2026-08-22 14:14:26.638 8 WARNING neutron.api.rpc.agentnotifiers.dhcp_rpc_agent_api [None req-3c495c1d-6584-427c-a73b-e2a421d338b0 - - - - - -] Unable to schedule network 83ce299f-c7cd-44c9-8bfd-f105ad302de1: no agents available; will retry on subsequent port and subnet creation events.
2026-08-22 14:14:26.663 8 INFO neutron.db.ovn_revision_numbers_db [None req-3c495c1d-6584-427c-a73b-e2a421d338b0 - - - - - -] Successfully bumped revision number for resource e8259e0c-5c39-4315-a86e-e40c8fdedb4e (type: subnets) to 0
2026-08-22 14:14:27.051 8 WARNING neutron.scheduler.dhcp_agent_scheduler [None req-3c495c1d-6584-427c-a73b-e2a421d338b0 - - - - - -] No more DHCP agents
2026-08-22 14:14:27.052 8 WARNING neutron.api.rpc.agentnotifiers.dhcp_rpc_agent_api [None req-3c495c1d-6584-427c-a73b-e2a421d338b0 - - - - - -] Unable to schedule network 83ce299f-c7cd-44c9-8bfd-f105ad302de1: no agents available; will retry on subsequent port and subnet creation events.
2026-08-22 14:14:27.196 8 INFO neutron.db.ovn_revision_numbers_db [None req-3c495c1d-6584-427c-a73b-e2a421d338b0 - - - - - -] Successfully bumped revision number for resource 99cd45ae-5eaa-4caf-b23d-e8f4c82b8c67 (type: ports) to 1
2026-08-22 14:14:27.850 8 WARNING neutron.scheduler.dhcp_agent_scheduler [None req-3c495c1d-6584-427c-a73b-e2a421d338b0 - - - - - -] No more DHCP agents
2026-08-22 14:14:27.851 8 WARNING neutron.api.rpc.agentnotifiers.dhcp_rpc_agent_api [None req-3c495c1d-6584-427c-a73b-e2a421d338b0 - - - - - -] Unable to schedule network 83ce299f-c7cd-44c9-8bfd-f105ad302de1: no agents available; will retry on subsequent port and subnet creation events.
2026-08-22 14:14:28.406 8 INFO neutron.db.ovn_revision_numbers_db [None req-3c495c1d-6584-427c-a73b-e2a421d338b0 - - - - - -] Successfully bumped revision number for resource 99cd45ae-5eaa-4caf-b23d-e8f4c82b8c67 (type: router_ports) to 1
2026-08-22 14:14:28.617 8 WARNING neutron.scheduler.dhcp_agent_scheduler [None req-3c495c1d-6584-427c-a73b-e2a421d338b0 - - - - - -] No more DHCP agents
2026-08-22 14:14:28.619 8 WARNING neutron.api.rpc.agentnotifiers.dhcp_rpc_agent_api [None req-3c495c1d-6584-427c-a73b-e2a421d338b0 - - - - - -] Unable to schedule network 83ce299f-c7cd-44c9-8bfd-f105ad302de1: no agents available; will retry on subsequent port and subnet creation events.
2026-08-22 14:14:28.779 8 INFO neutron.db.ovn_revision_numbers_db [None req-3c495c1d-6584-427c-a73b-e2a421d338b0 - - - - - -] Successfully bumped revision number for resource edaaafc4-5f8d-4ee8-94f5-c32fbef19277 (type: ports) to 1
2026-08-22 14:14:28.981 8 INFO neutron.db.ovn_revision_numbers_db [None req-3c495c1d-6584-427c-a73b-e2a421d338b0 - - - - - -] Successfully bumped revision number for resource edaaafc4-5f8d-4ee8-94f5-c32fbef19277 (type: ports) to 3 [pid: 8|app: 0|req: 1677/3519] 10.0.0.164 () {34 vars in 684 bytes} [Sat Aug 22 14:14:24 2026] POST /v2.0/vpn/vpnservices => generated 457 bytes in 4334 msecs (HTTP/1.1 201) 4 headers in 162 bytes (1 switches on core 0) [pid: 7|app: 0|req: 1843/3520] 10.0.0.164 () {32 vars in 662 bytes} [Sat Aug 22 14:14:29 2026] GET /v2.0/vpn/vpnservices => generated 1312 bytes in 17 msecs (HTTP/1.1 200) 4 headers in 158 bytes (1 switches on core 0)
2026-08-22 14:14:29.471 8 INFO neutron_taas.services.taas.taas_plugin [None req-4531bc70-4c79-4882-ae7b-67e365d04068 fbfcf3e4eb794f5eada79d15d7032322 6efbd66cea2748d7b8306f07fd2d1399 - - default default] TaaS: Handle Delete Port: 99b4c3af-e5fb-45c0-806f-21ac100b1311
2026-08-22 14:14:29.474 8 INFO neutron_taas.services.taas.tap_mirror_plugin [None req-4531bc70-4c79-4882-ae7b-67e365d04068 fbfcf3e4eb794f5eada79d15d7032322 6efbd66cea2748d7b8306f07fd2d1399 - - default default] Tap Mirror: Handle Delete Port: 99b4c3af-e5fb-45c0-806f-21ac100b1311
2026-08-22 14:14:29.671 8 INFO neutron_taas.services.taas.taas_plugin [None req-861ca088-d3ec-47ae-af32-7efc58b1c261 - - - - - -] TaaS: Handle Delete Port: edaaafc4-5f8d-4ee8-94f5-c32fbef19277
2026-08-22 14:14:29.674 8 INFO neutron_taas.services.taas.tap_mirror_plugin [None req-861ca088-d3ec-47ae-af32-7efc58b1c261 - - - - - -] Tap Mirror: Handle Delete Port: edaaafc4-5f8d-4ee8-94f5-c32fbef19277
2026-08-22 14:14:29.751 7 WARNING neutron.plugins.ml2.drivers.ovn.mech_driver.ovsdb.ovn_client [None req-67194ab7-f85e-4372-b718-db1d9e30f2e8 - - - - - -] No hosting information found for port 489658b7-6b0e-41f2-a249-a9fe397f1a6e: RuntimeError: No hosting information found for port 489658b7-6b0e-41f2-a249-a9fe397f1a6e
2026-08-22 14:14:29.752 7 INFO neutron.plugins.ml2.drivers.ovn.mech_driver.mech_driver [None req-67194ab7-f85e-4372-b718-db1d9e30f2e8 - - - - - -] OVN reports status down for port: 99b4c3af-e5fb-45c0-806f-21ac100b1311
2026-08-22 14:14:29.759 7 INFO neutron.plugins.ml2.drivers.ovn.mech_driver.mech_driver [None req-67194ab7-f85e-4372-b718-db1d9e30f2e8 - - - - - -] OVN reports status down for port: bc425281-97b3-4dd1-b25c-dc89f17c1543
2026-08-22 14:14:30.022 8 INFO neutron_taas.services.taas.taas_plugin [None req-b6ca8ef8-f99e-4110-91bf-d02621cfe6a3 - - - - - -] TaaS: Handle Delete Port: 99cd45ae-5eaa-4caf-b23d-e8f4c82b8c67
2026-08-22 14:14:30.025 8 INFO neutron_taas.services.taas.tap_mirror_plugin [None req-b6ca8ef8-f99e-4110-91bf-d02621cfe6a3 - - - - - -] Tap Mirror: Handle Delete Port: 99cd45ae-5eaa-4caf-b23d-e8f4c82b8c67
2026-08-22 14:14:30.493 8 WARNING neutron.plugins.ml2.drivers.ovn.mech_driver.ovsdb.ovn_client [None req-ac331bff-2fa2-4231-bbb7-a4d469e3db60 - - - - - -] No hosting information found for port 0185e3f2-ec24-4f5f-b563-ce7161adc093: RuntimeError: No hosting information found for port 0185e3f2-ec24-4f5f-b563-ce7161adc093
2026-08-22 14:14:30.642 8 INFO neutron.db.ovn_revision_numbers_db [None req-ac331bff-2fa2-4231-bbb7-a4d469e3db60 - - - - - -] Successfully bumped revision number for resource 0185e3f2-ec24-4f5f-b563-ce7161adc093 (type: router_ports) to 2
2026-08-22 14:14:30.643 8 INFO neutron.plugins.ml2.drivers.ovn.mech_driver.mech_driver [None req-ac331bff-2fa2-4231-bbb7-a4d469e3db60 - - - - - -] OVN reports status up for port: b2936910-b182-41ab-bfb1-3a7e5b6894d7
2026-08-22 14:14:30.663 8 INFO neutron.plugins.ml2.plugin [None req-ac331bff-2fa2-4231-bbb7-a4d469e3db60 - - - - - -] Attempt 1 to provision port b2936910-b182-41ab-bfb1-3a7e5b6894d7
2026-08-22 14:14:30.961 8 INFO neutron_taas.services.taas.taas_plugin [None req-b6ca8ef8-f99e-4110-91bf-d02621cfe6a3 - - - - - -] TaaS: Handle Delete Port: bc425281-97b3-4dd1-b25c-dc89f17c1543
2026-08-22 14:14:30.969 8 INFO neutron_taas.services.taas.tap_mirror_plugin [None req-b6ca8ef8-f99e-4110-91bf-d02621cfe6a3 - - - - - -] Tap Mirror: Handle Delete Port: bc425281-97b3-4dd1-b25c-dc89f17c1543
2026-08-22 14:14:31.110 8 INFO neutron.db.ovn_revision_numbers_db [None req-ac331bff-2fa2-4231-bbb7-a4d469e3db60 - - - - - -] Successfully bumped revision number for resource b2936910-b182-41ab-bfb1-3a7e5b6894d7 (type: ports) to 4
2026-08-22 14:14:31.281 8 INFO neutron.plugins.ml2.drivers.ovn.mech_driver.mech_driver [None req-25132f7d-8a32-4b80-881c-e7ef493bbd32 - - - - - -] OVN reports status up for port: 0a0c3039-d948-4fba-bf19-5f6cdee1823f
2026-08-22 14:14:31.333 8 INFO neutron.plugins.ml2.plugin [None req-25132f7d-8a32-4b80-881c-e7ef493bbd32 - - - - - -] Attempt 1 to provision port 0a0c3039-d948-4fba-bf19-5f6cdee1823f
2026-08-22 14:14:31.389 8 INFO neutron.services.segments.plugin [-] Segment 5097dcfd-fecd-4807-aaa5-cb84ad9f88f6 resource provider aggregate not found
2026-08-22 14:14:31.390 8 INFO neutron.services.segments.plugin [-] Segment 5097dcfd-fecd-4807-aaa5-cb84ad9f88f6 resource provider aggregate not found
2026-08-22 14:14:31.418 8 INFO neutron.services.segments.plugin [-] Segment 5097dcfd-fecd-4807-aaa5-cb84ad9f88f6 resource provider not found; error: Placement Client Error (4xx): {"errors": [{"status": 404, "title": "Not Found", "detail": "The resource could not be found.\n\n No resource provider with uuid 5097dcfd-fecd-4807-aaa5-cb84ad9f88f6 found for delete ", "request_id": "req-5d6bbefa-f2b0-4f1a-a0c8-e493c54221dc"}]}
2026-08-22 14:14:31.419 8 INFO neutron.services.segments.plugin [-] Segment 5097dcfd-fecd-4807-aaa5-cb84ad9f88f6 resource provider not found; error: Placement Client Error (4xx): {"errors": [{"status": 404, "title": "Not Found", "detail": "The resource could not be found.\n\n No resource provider with uuid 5097dcfd-fecd-4807-aaa5-cb84ad9f88f6 found for delete ", "request_id": "req-88b45037-e74f-406c-8f20-2520a5652975"}]} [pid: 8|app: 0|req: 1678/3521] 10.0.0.164 () {32 vars in 739 bytes} [Sat Aug 22 14:14:29 2026] DELETE /v2.0/vpn/vpnservices/fa6c6649-024c-4e88-a499-08862c23ce31 => generated 0 bytes in 2287 msecs (HTTP/1.1 204) 2 headers in 112 bytes (1 switches on core 0) [pid: 7|app: 0|req: 1844/3522] 10.0.0.164 () {34 vars in 692 bytes} [Sat Aug 22 14:14:31 2026] POST /v2.0/vpn/endpoint-groups => generated 302 bytes in 67 msecs (HTTP/1.1 201) 4 headers in 162 bytes (1 switches on core 0) /var/lib/openstack/lib/python3.12/site-packages/pycadf/identifier.py:70: UserWarning: Invalid uuid: neutron. To ensure interoperability, identifiers should be a valid uuid. warnings.warn(('Invalid uuid: %s. To ensure interoperability, '
2026-08-22 14:14:31.646 8 INFO neutron.db.ovn_revision_numbers_db [None req-25132f7d-8a32-4b80-881c-e7ef493bbd32 - - - - - -] Successfully bumped revision number for resource 0a0c3039-d948-4fba-bf19-5f6cdee1823f (type: ports) to 4 [pid: 8|app: 0|req: 1679/3523] 10.0.0.164 () {34 vars in 692 bytes} [Sat Aug 22 14:14:31 2026] POST /v2.0/vpn/endpoint-groups => generated 294 bytes in 91 msecs (HTTP/1.1 201) 4 headers in 162 bytes (1 switches on core 0)
2026-08-22 14:14:31.672 7 WARNING neutron.api.v2.base [None req-9ec22124-1f3a-484d-8c96-9250ad6b599b d1cc28e694574af1a35ce484404590f3 167820f956d14838b7ab9d328c8d13f1 - - default default] An exception happened while processing the request body. The exception message is [Unrecognized attribute(s) 'peer_cidr'].: webob.exc.HTTPBadRequest: Unrecognized attribute(s) 'peer_cidr'
2026-08-22 14:14:31.673 7 INFO neutron.api.v2.resource [None req-9ec22124-1f3a-484d-8c96-9250ad6b599b d1cc28e694574af1a35ce484404590f3 167820f956d14838b7ab9d328c8d13f1 - - default default] create failed (client error): Unrecognized attribute(s) 'peer_cidr' [pid: 7|app: 0|req: 1845/3524] 10.0.0.164 () {34 vars in 706 bytes} [Sat Aug 22 14:14:31 2026] POST /v2.0/vpn/ipsec-site-connections => generated 110 bytes in 10 msecs (HTTP/1.1 400) 4 headers in 166 bytes (1 switches on core 0) [pid: 8|app: 0|req: 1680/3525] 10.0.0.164 () {32 vars in 670 bytes} [Sat Aug 22 14:14:31 2026] GET /v2.0/vpn/endpoint-groups => generated 1193 bytes in 24 msecs (HTTP/1.1 200) 4 headers in 158 bytes (1 switches on core 0) [pid: 7|app: 0|req: 1846/3526] 10.0.0.164 () {32 vars in 747 bytes} [Sat Aug 22 14:14:31 2026] DELETE /v2.0/vpn/endpoint-groups/d9456d34-6d37-46a5-ae2d-56e37a6d79b4 => generated 0 bytes in 27 msecs (HTTP/1.1 204) 2 headers in 112 bytes (1 switches on core 0) [pid: 8|app: 0|req: 1681/3527] 10.0.0.164 () {32 vars in 670 bytes} [Sat Aug 22 14:14:31 2026] GET /v2.0/vpn/endpoint-groups => generated 917 bytes in 25 msecs (HTTP/1.1 200) 4 headers in 157 bytes (1 switches on core 0)
2026-08-22 14:14:31.788 8 INFO neutron.plugins.ml2.drivers.ovn.mech_driver.mech_driver [None req-df3d8db2-5e56-447e-90c0-992e25734e2e - - - - - -] OVN reports status down for port: 99cd45ae-5eaa-4caf-b23d-e8f4c82b8c67 [pid: 7|app: 0|req: 1847/3528] 10.0.0.164 () {32 vars in 670 bytes} [Sat Aug 22 14:14:31 2026] GET /v2.0/vpn/endpoint-groups => generated 917 bytes in 23 msecs (HTTP/1.1 200) 4 headers in 157 bytes (1 switches on core 0)
2026-08-22 14:14:31.802 8 INFO neutron.plugins.ml2.drivers.ovn.mech_driver.mech_driver [None req-df3d8db2-5e56-447e-90c0-992e25734e2e - - - - - -] OVN reports status up for port: 99cd45ae-5eaa-4caf-b23d-e8f4c82b8c67
2026-08-22 14:14:31.847 8 INFO neutron.plugins.ml2.drivers.ovn.mech_driver.mech_driver [None req-df3d8db2-5e56-447e-90c0-992e25734e2e - - - - - -] OVN reports status down for port: edaaafc4-5f8d-4ee8-94f5-c32fbef19277 [pid: 8|app: 0|req: 1682/3529] 10.0.0.164 () {32 vars in 747 bytes} [Sat Aug 22 14:14:31 2026] DELETE /v2.0/vpn/endpoint-groups/b79d3cff-85de-47ef-bf5c-ecea5797e092 => generated 0 bytes in 50 msecs (HTTP/1.1 204) 2 headers in 112 bytes (1 switches on core 0) [pid: 7|app: 0|req: 1848/3530] 10.0.0.164 () {32 vars in 670 bytes} [Sat Aug 22 14:14:31 2026] GET /v2.0/vpn/endpoint-groups => generated 633 bytes in 15 msecs (HTTP/1.1 200) 4 headers in 157 bytes (1 switches on core 0) [pid: 8|app: 0|req: 1683/3531] 10.0.0.164 () {34 vars in 692 bytes} [Sat Aug 22 14:14:31 2026] POST /v2.0/vpn/endpoint-groups => generated 302 bytes in 69 msecs (HTTP/1.1 201) 4 headers in 162 bytes (1 switches on core 0) [pid: 7|app: 0|req: 1849/3532] 10.0.0.164 () {34 vars in 692 bytes} [Sat Aug 22 14:14:31 2026] POST /v2.0/vpn/endpoint-groups => generated 293 bytes in 46 msecs (HTTP/1.1 201) 4 headers in 162 bytes (1 switches on core 0)
