2026-04-02 18:10:06.607 7 INFO cinder.api.openstack.wsgi [None req-8de190b6-0a2d-4b8c-a819-6cc564b44070 4fa3bf1c5f0f473f8f73330ee5fe3ea2 544ca73dd9554e479dc30269fb9a7855 - - default default] GET http://cinder-api.openstack.svc.cluster.local:8776/v3/544ca73dd9554e479dc30269fb9a7855/os-quota-sets/aaba7dbfea6c4f17a458aa984520510c?usage=true
2026-04-02 18:10:06.640 7 INFO cinder.api.openstack.wsgi [None req-8de190b6-0a2d-4b8c-a819-6cc564b44070 4fa3bf1c5f0f473f8f73330ee5fe3ea2 544ca73dd9554e479dc30269fb9a7855 - - default default] http://cinder-api.openstack.svc.cluster.local:8776/v3/544ca73dd9554e479dc30269fb9a7855/os-quota-sets/aaba7dbfea6c4f17a458aa984520510c?usage=true returned with HTTP 200 [pid: 7|app: 0|req: 502/998] 10.0.0.15 () {28 vars in 734 bytes} [Thu Apr 2 18:10:06 2026] GET /v3/544ca73dd9554e479dc30269fb9a7855/os-quota-sets/aaba7dbfea6c4f17a458aa984520510c?usage=true => generated 847 bytes in 42 msecs (HTTP/1.1 200) 7 headers in 285 bytes (1 switches on core 0)
2026-04-02 18:10:06.654 8 INFO cinder.api.openstack.wsgi [None req-496a9ead-f5d1-460e-aaed-c495f3842b27 4fa3bf1c5f0f473f8f73330ee5fe3ea2 544ca73dd9554e479dc30269fb9a7855 - - default default] GET http://cinder-api.openstack.svc.cluster.local:8776/v3/544ca73dd9554e479dc30269fb9a7855/os-quota-sets/ce02ef2074f347939c7549b50d748371?usage=true
2026-04-02 18:10:06.681 8 INFO cinder.api.openstack.wsgi [None req-496a9ead-f5d1-460e-aaed-c495f3842b27 4fa3bf1c5f0f473f8f73330ee5fe3ea2 544ca73dd9554e479dc30269fb9a7855 - - default default] http://cinder-api.openstack.svc.cluster.local:8776/v3/544ca73dd9554e479dc30269fb9a7855/os-quota-sets/ce02ef2074f347939c7549b50d748371?usage=true returned with HTTP 200 [pid: 8|app: 0|req: 497/999] 10.0.0.15 () {28 vars in 734 bytes} [Thu Apr 2 18:10:06 2026] GET /v3/544ca73dd9554e479dc30269fb9a7855/os-quota-sets/ce02ef2074f347939c7549b50d748371?usage=true => generated 847 bytes in 38 msecs (HTTP/1.1 200) 7 headers in 285 bytes (1 switches on core 0)
2026-04-02 18:10:06.694 7 INFO cinder.api.openstack.wsgi [None req-96e2a186-bedf-47ef-b3b6-17e37a7ae573 4fa3bf1c5f0f473f8f73330ee5fe3ea2 544ca73dd9554e479dc30269fb9a7855 - - default default] GET http://cinder-api.openstack.svc.cluster.local:8776/v3/544ca73dd9554e479dc30269fb9a7855/os-quota-sets/dcf440ac56b34e5ea9d41046637c7983?usage=true
2026-04-02 18:10:06.716 7 INFO cinder.api.openstack.wsgi [None req-96e2a186-bedf-47ef-b3b6-17e37a7ae573 4fa3bf1c5f0f473f8f73330ee5fe3ea2 544ca73dd9554e479dc30269fb9a7855 - - default default] http://cinder-api.openstack.svc.cluster.local:8776/v3/544ca73dd9554e479dc30269fb9a7855/os-quota-sets/dcf440ac56b34e5ea9d41046637c7983?usage=true returned with HTTP 200 [pid: 7|app: 0|req: 503/1000] 10.0.0.15 () {28 vars in 734 bytes} [Thu Apr 2 18:10:06 2026] GET /v3/544ca73dd9554e479dc30269fb9a7855/os-quota-sets/dcf440ac56b34e5ea9d41046637c7983?usage=true => generated 847 bytes in 31 msecs (HTTP/1.1 200) 7 headers in 285 bytes (1 switches on core 0)
2026-04-02 18:10:06.730 8 INFO cinder.api.openstack.wsgi [None req-f98f0039-6d2f-4b94-971b-3d4adfe63730 4fa3bf1c5f0f473f8f73330ee5fe3ea2 544ca73dd9554e479dc30269fb9a7855 - - default default] GET http://cinder-api.openstack.svc.cluster.local:8776/v3/544ca73dd9554e479dc30269fb9a7855/os-services
2026-04-02 18:10:06.736 8 INFO cinder.api.openstack.wsgi [None req-f98f0039-6d2f-4b94-971b-3d4adfe63730 4fa3bf1c5f0f473f8f73330ee5fe3ea2 544ca73dd9554e479dc30269fb9a7855 - - default default] http://cinder-api.openstack.svc.cluster.local:8776/v3/544ca73dd9554e479dc30269fb9a7855/os-services returned with HTTP 200 [pid: 8|app: 0|req: 498/1001] 10.0.0.15 () {28 vars in 643 bytes} [Thu Apr 2 18:10:06 2026] GET /v3/544ca73dd9554e479dc30269fb9a7855/os-services => generated 646 bytes in 16 msecs (HTTP/1.1 200) 7 headers in 285 bytes (1 switches on core 0)
2026-04-02 18:10:06.747 7 INFO cinder.api.openstack.wsgi [None req-8c583f21-9501-4235-b86e-c6026e93afbc 4fa3bf1c5f0f473f8f73330ee5fe3ea2 544ca73dd9554e479dc30269fb9a7855 - - default default] GET http://cinder-api.openstack.svc.cluster.local:8776/v3/544ca73dd9554e479dc30269fb9a7855/volumes/detail?all_tenants=true
2026-04-02 18:10:06.758 7 INFO cinder.volume.api [None req-8c583f21-9501-4235-b86e-c6026e93afbc 4fa3bf1c5f0f473f8f73330ee5fe3ea2 544ca73dd9554e479dc30269fb9a7855 - - default default] Get all volumes completed successfully.
2026-04-02 18:10:06.760 7 INFO cinder.api.openstack.wsgi [None req-8c583f21-9501-4235-b86e-c6026e93afbc 4fa3bf1c5f0f473f8f73330ee5fe3ea2 544ca73dd9554e479dc30269fb9a7855 - - default default] http://cinder-api.openstack.svc.cluster.local:8776/v3/544ca73dd9554e479dc30269fb9a7855/volumes/detail?all_tenants=true returned with HTTP 200 [pid: 7|app: 0|req: 504/1002] 10.0.0.15 () {28 vars in 682 bytes} [Thu Apr 2 18:10:06 2026] GET /v3/544ca73dd9554e479dc30269fb9a7855/volumes/detail?all_tenants=true => generated 15 bytes in 20 msecs (HTTP/1.1 200) 7 headers in 284 bytes (1 switches on core 0)
2026-04-02 18:10:06.773 8 INFO cinder.api.openstack.wsgi [None req-b8ce2e1f-86f9-47e3-9f51-e89318d29e3d 4fa3bf1c5f0f473f8f73330ee5fe3ea2 544ca73dd9554e479dc30269fb9a7855 - - default default] GET http://cinder-api.openstack.svc.cluster.local:8776/v3/544ca73dd9554e479dc30269fb9a7855/snapshots?all_tenants=true
2026-04-02 18:10:06.780 8 INFO cinder.volume.api [None req-b8ce2e1f-86f9-47e3-9f51-e89318d29e3d 4fa3bf1c5f0f473f8f73330ee5fe3ea2 544ca73dd9554e479dc30269fb9a7855 - - default default] Get all snapshots completed successfully.
2026-04-02 18:10:06.781 8 INFO cinder.api.openstack.wsgi [None req-b8ce2e1f-86f9-47e3-9f51-e89318d29e3d 4fa3bf1c5f0f473f8f73330ee5fe3ea2 544ca73dd9554e479dc30269fb9a7855 - - default default] http://cinder-api.openstack.svc.cluster.local:8776/v3/544ca73dd9554e479dc30269fb9a7855/snapshots?all_tenants=true returned with HTTP 200 [pid: 8|app: 0|req: 499/1003] 10.0.0.15 () {28 vars in 672 bytes} [Thu Apr 2 18:10:06 2026] GET /v3/544ca73dd9554e479dc30269fb9a7855/snapshots?all_tenants=true => generated 17 bytes in 14 msecs (HTTP/1.1 200) 7 headers in 284 bytes (1 switches on core 0)
2026-04-02 18:10:06.792 7 INFO cinder.api.openstack.wsgi [None req-57a0caa9-c444-426d-9518-784346bf8280 4fa3bf1c5f0f473f8f73330ee5fe3ea2 544ca73dd9554e479dc30269fb9a7855 - - default default] GET http://cinder-api.openstack.svc.cluster.local:8776/v3/544ca73dd9554e479dc30269fb9a7855/volumes/detail?all_tenants=true
2026-04-02 18:10:06.805 7 INFO cinder.volume.api [None req-57a0caa9-c444-426d-9518-784346bf8280 4fa3bf1c5f0f473f8f73330ee5fe3ea2 544ca73dd9554e479dc30269fb9a7855 - - default default] Get all volumes completed successfully.
2026-04-02 18:10:06.808 7 INFO cinder.api.openstack.wsgi [None req-57a0caa9-c444-426d-9518-784346bf8280 4fa3bf1c5f0f473f8f73330ee5fe3ea2 544ca73dd9554e479dc30269fb9a7855 - - default default] http://cinder-api.openstack.svc.cluster.local:8776/v3/544ca73dd9554e479dc30269fb9a7855/volumes/detail?all_tenants=true returned with HTTP 200 [pid: 7|app: 0|req: 505/1004] 10.0.0.15 () {28 vars in 682 bytes} [Thu Apr 2 18:10:06 2026] GET /v3/544ca73dd9554e479dc30269fb9a7855/volumes/detail?all_tenants=true => generated 15 bytes in 27 msecs (HTTP/1.1 200) 7 headers in 284 bytes (1 switches on core 0)
2026-04-02 18:10:15.106 8 INFO cinder.api.openstack.wsgi [None req-b8ce2e1f-86f9-47e3-9f51-e89318d29e3d 4fa3bf1c5f0f473f8f73330ee5fe3ea2 544ca73dd9554e479dc30269fb9a7855 - - default default] GET http://10.0.0.3:8776/
2026-04-02 18:10:15.107 7 INFO cinder.api.openstack.wsgi [None req-57a0caa9-c444-426d-9518-784346bf8280 4fa3bf1c5f0f473f8f73330ee5fe3ea2 544ca73dd9554e479dc30269fb9a7855 - - default default] GET http://10.0.0.3:8776/
2026-04-02 18:10:15.108 8 INFO cinder.api.openstack.wsgi [None req-b8ce2e1f-86f9-47e3-9f51-e89318d29e3d 4fa3bf1c5f0f473f8f73330ee5fe3ea2 544ca73dd9554e479dc30269fb9a7855 - - default default] http://10.0.0.3:8776/ returned with HTTP 300
2026-04-02 18:10:15.108 7 INFO cinder.api.openstack.wsgi [None req-57a0caa9-c444-426d-9518-784346bf8280 4fa3bf1c5f0f473f8f73330ee5fe3ea2 544ca73dd9554e479dc30269fb9a7855 - - default default] http://10.0.0.3:8776/ returned with HTTP 300
2026-04-02 18:10:24.030 8 INFO cinder.api.openstack.wsgi [None req-91dc7e50-1988-42b6-9235-9d8fbb0921bc 4fa3bf1c5f0f473f8f73330ee5fe3ea2 544ca73dd9554e479dc30269fb9a7855 - - default default] POST http://cinder-api.openstack.svc.cluster.local:8776/v3/544ca73dd9554e479dc30269fb9a7855/volumes
2026-04-02 18:10:24.154 8 INFO cinder.api.v3.volumes [None req-91dc7e50-1988-42b6-9235-9d8fbb0921bc 4fa3bf1c5f0f473f8f73330ee5fe3ea2 544ca73dd9554e479dc30269fb9a7855 - - default default] Create volume of 16 GB
2026-04-02 18:10:24.162 8 INFO cinder.volume.api [None req-91dc7e50-1988-42b6-9235-9d8fbb0921bc 4fa3bf1c5f0f473f8f73330ee5fe3ea2 544ca73dd9554e479dc30269fb9a7855 - - default default] Availability Zones retrieved successfully.
2026-04-02 18:10:24.376 8 INFO cinder.volume.api [None req-91dc7e50-1988-42b6-9235-9d8fbb0921bc 4fa3bf1c5f0f473f8f73330ee5fe3ea2 544ca73dd9554e479dc30269fb9a7855 - - default default] Create volume request issued successfully.
2026-04-02 18:10:24.378 8 INFO cinder.api.openstack.wsgi [None req-91dc7e50-1988-42b6-9235-9d8fbb0921bc 4fa3bf1c5f0f473f8f73330ee5fe3ea2 544ca73dd9554e479dc30269fb9a7855 - - default default] http://cinder-api.openstack.svc.cluster.local:8776/v3/544ca73dd9554e479dc30269fb9a7855/volumes returned with HTTP 202 [pid: 8|app: 0|req: 501/1007] 199.19.213.121 () {34 vars in 733 bytes} [Thu Apr 2 18:10:23 2026] POST /v3/544ca73dd9554e479dc30269fb9a7855/volumes => generated 846 bytes in 389 msecs (HTTP/1.1 202) 7 headers in 291 bytes (1 switches on core 0)
2026-04-02 18:10:24.393 7 INFO cinder.api.openstack.wsgi [req-91dc7e50-1988-42b6-9235-9d8fbb0921bc req-4420b418-95c9-471d-a97c-0ed85e467717 4fa3bf1c5f0f473f8f73330ee5fe3ea2 544ca73dd9554e479dc30269fb9a7855 - - default default] GET http://cinder-api.openstack.svc.cluster.local:8776/v3/544ca73dd9554e479dc30269fb9a7855/volumes/8e2ac715-e6cc-419f-b8b9-b3503df4f705 /var/lib/openstack/lib/python3.12/site-packages/oslo_context/context.py:101: DeprecationWarning: Policy enforcement is depending on the value of is_admin. This key is deprecated. Please update your policy file to use the standard policy values. warnings.warn(
2026-04-02 18:10:24.434 7 INFO cinder.volume.api [req-91dc7e50-1988-42b6-9235-9d8fbb0921bc req-4420b418-95c9-471d-a97c-0ed85e467717 4fa3bf1c5f0f473f8f73330ee5fe3ea2 544ca73dd9554e479dc30269fb9a7855 - - default default] Volume info retrieved successfully.
2026-04-02 18:10:24.440 7 INFO cinder.api.openstack.wsgi [req-91dc7e50-1988-42b6-9235-9d8fbb0921bc req-4420b418-95c9-471d-a97c-0ed85e467717 4fa3bf1c5f0f473f8f73330ee5fe3ea2 544ca73dd9554e479dc30269fb9a7855 - - default default] http://cinder-api.openstack.svc.cluster.local:8776/v3/544ca73dd9554e479dc30269fb9a7855/volumes/8e2ac715-e6cc-419f-b8b9-b3503df4f705 returned with HTTP 200 [pid: 7|app: 0|req: 507/1008] 199.19.213.121 () {32 vars in 824 bytes} [Thu Apr 2 18:10:24 2026] GET /v3/544ca73dd9554e479dc30269fb9a7855/volumes/8e2ac715-e6cc-419f-b8b9-b3503df4f705 => generated 1077 bytes in 53 msecs (HTTP/1.1 200) 7 headers in 286 bytes (1 switches on core 0)
2026-04-02 18:10:25.107 7 INFO cinder.api.openstack.wsgi [req-91dc7e50-1988-42b6-9235-9d8fbb0921bc req-4420b418-95c9-471d-a97c-0ed85e467717 4fa3bf1c5f0f473f8f73330ee5fe3ea2 544ca73dd9554e479dc30269fb9a7855 - - default default] GET http://10.0.0.3:8776/
2026-04-02 18:10:25.107 8 INFO cinder.api.openstack.wsgi [None req-91dc7e50-1988-42b6-9235-9d8fbb0921bc 4fa3bf1c5f0f473f8f73330ee5fe3ea2 544ca73dd9554e479dc30269fb9a7855 - - default default] GET http://10.0.0.3:8776/
2026-04-02 18:10:25.108 7 INFO cinder.api.openstack.wsgi [req-91dc7e50-1988-42b6-9235-9d8fbb0921bc req-4420b418-95c9-471d-a97c-0ed85e467717 4fa3bf1c5f0f473f8f73330ee5fe3ea2 544ca73dd9554e479dc30269fb9a7855 - - default default] http://10.0.0.3:8776/ returned with HTTP 300
2026-04-02 18:10:25.108 8 INFO cinder.api.openstack.wsgi [None req-91dc7e50-1988-42b6-9235-9d8fbb0921bc 4fa3bf1c5f0f473f8f73330ee5fe3ea2 544ca73dd9554e479dc30269fb9a7855 - - default default] http://10.0.0.3:8776/ returned with HTTP 300 /var/lib/openstack/lib/python3.12/site-packages/pycadf/identifier.py:70: UserWarning: Invalid uuid: cinderv3. To ensure interoperability, identifiers should be a valid uuid. warnings.warn(('Invalid uuid: %s. To ensure interoperability, '
2026-04-02 18:10:29.452 7 INFO cinder.api.openstack.wsgi [req-91dc7e50-1988-42b6-9235-9d8fbb0921bc req-948b163e-c9f1-4f00-994e-58f6104e7ec1 4fa3bf1c5f0f473f8f73330ee5fe3ea2 544ca73dd9554e479dc30269fb9a7855 - - default default] GET http://cinder-api.openstack.svc.cluster.local:8776/v3/544ca73dd9554e479dc30269fb9a7855/volumes/8e2ac715-e6cc-419f-b8b9-b3503df4f705 /var/lib/openstack/lib/python3.12/site-packages/oslo_context/context.py:101: DeprecationWarning: Policy enforcement is depending on the value of is_admin. This key is deprecated. Please update your policy file to use the standard policy values. warnings.warn(
2026-04-02 18:10:29.464 7 INFO cinder.volume.api [req-91dc7e50-1988-42b6-9235-9d8fbb0921bc req-948b163e-c9f1-4f00-994e-58f6104e7ec1 4fa3bf1c5f0f473f8f73330ee5fe3ea2 544ca73dd9554e479dc30269fb9a7855 - - default default] Volume info retrieved successfully.
2026-04-02 18:10:29.469 7 INFO cinder.api.openstack.wsgi [req-91dc7e50-1988-42b6-9235-9d8fbb0921bc req-948b163e-c9f1-4f00-994e-58f6104e7ec1 4fa3bf1c5f0f473f8f73330ee5fe3ea2 544ca73dd9554e479dc30269fb9a7855 - - default default] http://cinder-api.openstack.svc.cluster.local:8776/v3/544ca73dd9554e479dc30269fb9a7855/volumes/8e2ac715-e6cc-419f-b8b9-b3503df4f705 returned with HTTP 200 [pid: 7|app: 0|req: 509/1011] 199.19.213.121 () {32 vars in 824 bytes} [Thu Apr 2 18:10:29 2026] GET /v3/544ca73dd9554e479dc30269fb9a7855/volumes/8e2ac715-e6cc-419f-b8b9-b3503df4f705 => generated 1489 bytes in 22 msecs (HTTP/1.1 200) 7 headers in 286 bytes (1 switches on core 0) /var/lib/openstack/lib/python3.12/site-packages/pycadf/identifier.py:70: UserWarning: Invalid uuid: cinderv3. To ensure interoperability, identifiers should be a valid uuid. warnings.warn(('Invalid uuid: %s. To ensure interoperability, '
2026-04-02 18:10:29.916 8 INFO cinder.api.openstack.wsgi [req-40b3994c-0f09-49a4-9bb3-c936f042ee08 req-2f49c409-5815-4cf0-99af-5e03db385043 4fa3bf1c5f0f473f8f73330ee5fe3ea2 544ca73dd9554e479dc30269fb9a7855 - - default default] GET http://cinder-api.openstack.svc.cluster.local:8776/v3/544ca73dd9554e479dc30269fb9a7855/volumes/8e2ac715-e6cc-419f-b8b9-b3503df4f705 /var/lib/openstack/lib/python3.12/site-packages/oslo_context/context.py:101: DeprecationWarning: Policy enforcement is depending on the value of is_admin. This key is deprecated. Please update your policy file to use the standard policy values. warnings.warn(
2026-04-02 18:10:29.934 8 INFO cinder.volume.api [req-40b3994c-0f09-49a4-9bb3-c936f042ee08 req-2f49c409-5815-4cf0-99af-5e03db385043 4fa3bf1c5f0f473f8f73330ee5fe3ea2 544ca73dd9554e479dc30269fb9a7855 - - default default] Volume info retrieved successfully.
2026-04-02 18:10:29.944 8 INFO cinder.api.openstack.wsgi [req-40b3994c-0f09-49a4-9bb3-c936f042ee08 req-2f49c409-5815-4cf0-99af-5e03db385043 4fa3bf1c5f0f473f8f73330ee5fe3ea2 544ca73dd9554e479dc30269fb9a7855 - - default default] http://cinder-api.openstack.svc.cluster.local:8776/v3/544ca73dd9554e479dc30269fb9a7855/volumes/8e2ac715-e6cc-419f-b8b9-b3503df4f705 returned with HTTP 200 [pid: 8|app: 0|req: 503/1012] 10.0.0.238 () {34 vars in 1027 bytes} [Thu Apr 2 18:10:29 2026] GET /v3/544ca73dd9554e479dc30269fb9a7855/volumes/8e2ac715-e6cc-419f-b8b9-b3503df4f705 => generated 1489 bytes in 42 msecs (HTTP/1.1 200) 7 headers in 286 bytes (1 switches on core 0) /var/lib/openstack/lib/python3.12/site-packages/pycadf/identifier.py:70: UserWarning: Invalid uuid: cinderv3. To ensure interoperability, identifiers should be a valid uuid. warnings.warn(('Invalid uuid: %s. To ensure interoperability, '
2026-04-02 18:10:30.419 7 INFO cinder.api.openstack.wsgi [req-40b3994c-0f09-49a4-9bb3-c936f042ee08 req-4424f90d-82cd-4fae-9c81-6c6c0b7f6d88 4fa3bf1c5f0f473f8f73330ee5fe3ea2 544ca73dd9554e479dc30269fb9a7855 - - default default] GET http://cinder-api.openstack.svc.cluster.local:8776/v3/544ca73dd9554e479dc30269fb9a7855/volumes/8e2ac715-e6cc-419f-b8b9-b3503df4f705 /var/lib/openstack/lib/python3.12/site-packages/oslo_context/context.py:101: DeprecationWarning: Policy enforcement is depending on the value of is_admin. This key is deprecated. Please update your policy file to use the standard policy values. warnings.warn(
2026-04-02 18:10:30.432 7 INFO cinder.volume.api [req-40b3994c-0f09-49a4-9bb3-c936f042ee08 req-4424f90d-82cd-4fae-9c81-6c6c0b7f6d88 4fa3bf1c5f0f473f8f73330ee5fe3ea2 544ca73dd9554e479dc30269fb9a7855 - - default default] Volume info retrieved successfully.
2026-04-02 18:10:30.437 7 INFO cinder.api.openstack.wsgi [req-40b3994c-0f09-49a4-9bb3-c936f042ee08 req-4424f90d-82cd-4fae-9c81-6c6c0b7f6d88 4fa3bf1c5f0f473f8f73330ee5fe3ea2 544ca73dd9554e479dc30269fb9a7855 - - default default] http://cinder-api.openstack.svc.cluster.local:8776/v3/544ca73dd9554e479dc30269fb9a7855/volumes/8e2ac715-e6cc-419f-b8b9-b3503df4f705 returned with HTTP 200 [pid: 7|app: 0|req: 510/1013] 10.0.0.238 () {34 vars in 1027 bytes} [Thu Apr 2 18:10:30 2026] GET /v3/544ca73dd9554e479dc30269fb9a7855/volumes/8e2ac715-e6cc-419f-b8b9-b3503df4f705 => generated 1489 bytes in 25 msecs (HTTP/1.1 200) 7 headers in 286 bytes (1 switches on core 0)
2026-04-02 18:10:30.444 8 INFO cinder.api.openstack.wsgi [req-40b3994c-0f09-49a4-9bb3-c936f042ee08 req-2f49c409-5815-4cf0-99af-5e03db385043 4fa3bf1c5f0f473f8f73330ee5fe3ea2 544ca73dd9554e479dc30269fb9a7855 - - default default] GET http://cinder-api.openstack.svc.cluster.local:8776/
2026-04-02 18:10:30.445 8 INFO cinder.api.openstack.wsgi [req-40b3994c-0f09-49a4-9bb3-c936f042ee08 req-2f49c409-5815-4cf0-99af-5e03db385043 4fa3bf1c5f0f473f8f73330ee5fe3ea2 544ca73dd9554e479dc30269fb9a7855 - - default default] http://cinder-api.openstack.svc.cluster.local:8776/ returned with HTTP 300 [pid: 8|app: 0|req: 504/1014] 10.0.0.238 () {32 vars in 828 bytes} [Thu Apr 2 18:10:30 2026] GET / => generated 411 bytes in 1 msecs (HTTP/1.1 300) 5 headers in 169 bytes (1 switches on core 0) /var/lib/openstack/lib/python3.12/site-packages/pycadf/identifier.py:70: UserWarning: Invalid uuid: cinderv3. To ensure interoperability, identifiers should be a valid uuid. warnings.warn(('Invalid uuid: %s. To ensure interoperability, '
2026-04-02 18:10:30.455 7 INFO cinder.api.openstack.wsgi [req-40b3994c-0f09-49a4-9bb3-c936f042ee08 req-0b39f2ea-dada-4a98-9b64-89f100ce1bc4 4fa3bf1c5f0f473f8f73330ee5fe3ea2 544ca73dd9554e479dc30269fb9a7855 - - default default] POST http://cinder-api.openstack.svc.cluster.local:8776/v3/544ca73dd9554e479dc30269fb9a7855/attachments /var/lib/openstack/lib/python3.12/site-packages/oslo_context/context.py:101: DeprecationWarning: Policy enforcement is depending on the value of is_admin. This key is deprecated. Please update your policy file to use the standard policy values. warnings.warn(
2026-04-02 18:10:30.499 7 INFO cinder.api.openstack.wsgi [req-40b3994c-0f09-49a4-9bb3-c936f042ee08 req-0b39f2ea-dada-4a98-9b64-89f100ce1bc4 4fa3bf1c5f0f473f8f73330ee5fe3ea2 544ca73dd9554e479dc30269fb9a7855 - - default default] http://cinder-api.openstack.svc.cluster.local:8776/v3/544ca73dd9554e479dc30269fb9a7855/attachments returned with HTTP 200 [pid: 7|app: 0|req: 511/1015] 10.0.0.238 () {40 vars in 1056 bytes} [Thu Apr 2 18:10:30 2026] POST /v3/544ca73dd9554e479dc30269fb9a7855/attachments => generated 273 bytes in 50 msecs (HTTP/1.1 200) 7 headers in 286 bytes (1 switches on core 0) /var/lib/openstack/lib/python3.12/site-packages/pycadf/identifier.py:70: UserWarning: Invalid uuid: cinderv3. To ensure interoperability, identifiers should be a valid uuid. warnings.warn(('Invalid uuid: %s. To ensure interoperability, '
2026-04-02 18:10:33.875 8 INFO cinder.api.openstack.wsgi [req-91dc7e50-1988-42b6-9235-9d8fbb0921bc req-661ac111-1c73-4bc1-96f6-c46e0815d27f 4fa3bf1c5f0f473f8f73330ee5fe3ea2 544ca73dd9554e479dc30269fb9a7855 - - default default] GET http://cinder-api.openstack.svc.cluster.local:8776/v3/544ca73dd9554e479dc30269fb9a7855/volumes/8e2ac715-e6cc-419f-b8b9-b3503df4f705 /var/lib/openstack/lib/python3.12/site-packages/oslo_context/context.py:101: DeprecationWarning: Policy enforcement is depending on the value of is_admin. This key is deprecated. Please update your policy file to use the standard policy values. warnings.warn(
2026-04-02 18:10:33.895 8 INFO cinder.volume.api [req-91dc7e50-1988-42b6-9235-9d8fbb0921bc req-661ac111-1c73-4bc1-96f6-c46e0815d27f 4fa3bf1c5f0f473f8f73330ee5fe3ea2 544ca73dd9554e479dc30269fb9a7855 - - default default] Volume info retrieved successfully.
2026-04-02 18:10:33.900 8 INFO cinder.api.openstack.wsgi [req-91dc7e50-1988-42b6-9235-9d8fbb0921bc req-661ac111-1c73-4bc1-96f6-c46e0815d27f 4fa3bf1c5f0f473f8f73330ee5fe3ea2 544ca73dd9554e479dc30269fb9a7855 - - default default] http://cinder-api.openstack.svc.cluster.local:8776/v3/544ca73dd9554e479dc30269fb9a7855/volumes/8e2ac715-e6cc-419f-b8b9-b3503df4f705 returned with HTTP 200 [pid: 8|app: 0|req: 505/1016] 199.19.213.121 () {32 vars in 824 bytes} [Thu Apr 2 18:10:33 2026] GET /v3/544ca73dd9554e479dc30269fb9a7855/volumes/8e2ac715-e6cc-419f-b8b9-b3503df4f705 => generated 1488 bytes in 34 msecs (HTTP/1.1 200) 7 headers in 286 bytes (1 switches on core 0)
2026-04-02 18:10:35.106 8 INFO cinder.api.openstack.wsgi [req-91dc7e50-1988-42b6-9235-9d8fbb0921bc req-661ac111-1c73-4bc1-96f6-c46e0815d27f 4fa3bf1c5f0f473f8f73330ee5fe3ea2 544ca73dd9554e479dc30269fb9a7855 - - default default] GET http://10.0.0.3:8776/
2026-04-02 18:10:35.107 7 INFO cinder.api.openstack.wsgi [req-40b3994c-0f09-49a4-9bb3-c936f042ee08 req-0b39f2ea-dada-4a98-9b64-89f100ce1bc4 4fa3bf1c5f0f473f8f73330ee5fe3ea2 544ca73dd9554e479dc30269fb9a7855 - - default default] GET http://10.0.0.3:8776/
2026-04-02 18:10:35.108 8 INFO cinder.api.openstack.wsgi [req-91dc7e50-1988-42b6-9235-9d8fbb0921bc req-661ac111-1c73-4bc1-96f6-c46e0815d27f 4fa3bf1c5f0f473f8f73330ee5fe3ea2 544ca73dd9554e479dc30269fb9a7855 - - default default] http://10.0.0.3:8776/ returned with HTTP 300
2026-04-02 18:10:35.108 7 INFO cinder.api.openstack.wsgi [req-40b3994c-0f09-49a4-9bb3-c936f042ee08 req-0b39f2ea-dada-4a98-9b64-89f100ce1bc4 4fa3bf1c5f0f473f8f73330ee5fe3ea2 544ca73dd9554e479dc30269fb9a7855 - - default default] http://10.0.0.3:8776/ returned with HTTP 300
2026-04-02 18:10:35.887 8 INFO cinder.api.openstack.wsgi [req-91dc7e50-1988-42b6-9235-9d8fbb0921bc req-661ac111-1c73-4bc1-96f6-c46e0815d27f 4fa3bf1c5f0f473f8f73330ee5fe3ea2 544ca73dd9554e479dc30269fb9a7855 - - default default] GET http://cinder-api.openstack.svc.cluster.local:8776/
2026-04-02 18:10:35.888 8 INFO cinder.api.openstack.wsgi [req-91dc7e50-1988-42b6-9235-9d8fbb0921bc req-661ac111-1c73-4bc1-96f6-c46e0815d27f 4fa3bf1c5f0f473f8f73330ee5fe3ea2 544ca73dd9554e479dc30269fb9a7855 - - default default] http://cinder-api.openstack.svc.cluster.local:8776/ returned with HTTP 300 [pid: 8|app: 0|req: 507/1019] 199.19.213.121 () {32 vars in 839 bytes} [Thu Apr 2 18:10:35 2026] GET / => generated 411 bytes in 3 msecs (HTTP/1.1 300) 5 headers in 169 bytes (1 switches on core 0) /var/lib/openstack/lib/python3.12/site-packages/pycadf/identifier.py:70: UserWarning: Invalid uuid: cinderv3. To ensure interoperability, identifiers should be a valid uuid. warnings.warn(('Invalid uuid: %s. To ensure interoperability, '
2026-04-02 18:10:35.902 7 INFO cinder.api.openstack.wsgi [req-40b3994c-0f09-49a4-9bb3-c936f042ee08 req-af31aa59-b7f9-4891-a906-6add42caa3e0 4fa3bf1c5f0f473f8f73330ee5fe3ea2 544ca73dd9554e479dc30269fb9a7855 - - default default] GET http://cinder-api.openstack.svc.cluster.local:8776/v3/544ca73dd9554e479dc30269fb9a7855/volumes/8e2ac715-e6cc-419f-b8b9-b3503df4f705 /var/lib/openstack/lib/python3.12/site-packages/oslo_context/context.py:101: DeprecationWarning: Policy enforcement is depending on the value of is_admin. This key is deprecated. Please update your policy file to use the standard policy values. warnings.warn(
2026-04-02 18:10:35.915 7 INFO cinder.volume.api [req-40b3994c-0f09-49a4-9bb3-c936f042ee08 req-af31aa59-b7f9-4891-a906-6add42caa3e0 4fa3bf1c5f0f473f8f73330ee5fe3ea2 544ca73dd9554e479dc30269fb9a7855 - - default default] Volume info retrieved successfully.
2026-04-02 18:10:35.920 7 INFO cinder.api.openstack.wsgi [req-40b3994c-0f09-49a4-9bb3-c936f042ee08 req-af31aa59-b7f9-4891-a906-6add42caa3e0 4fa3bf1c5f0f473f8f73330ee5fe3ea2 544ca73dd9554e479dc30269fb9a7855 - - default default] http://cinder-api.openstack.svc.cluster.local:8776/v3/544ca73dd9554e479dc30269fb9a7855/volumes/8e2ac715-e6cc-419f-b8b9-b3503df4f705 returned with HTTP 200 [pid: 7|app: 0|req: 513/1020] 199.19.213.121 () {36 vars in 1072 bytes} [Thu Apr 2 18:10:35 2026] GET /v3/544ca73dd9554e479dc30269fb9a7855/volumes/8e2ac715-e6cc-419f-b8b9-b3503df4f705 => generated 1712 bytes in 25 msecs (HTTP/1.1 200) 7 headers in 287 bytes (1 switches on core 0) /var/lib/openstack/lib/python3.12/site-packages/pycadf/identifier.py:70: UserWarning: Invalid uuid: cinderv3. To ensure interoperability, identifiers should be a valid uuid. warnings.warn(('Invalid uuid: %s. To ensure interoperability, '
2026-04-02 18:10:36.007 8 INFO cinder.api.openstack.wsgi [req-40b3994c-0f09-49a4-9bb3-c936f042ee08 req-0c14dc8e-a8fd-487d-bab5-ae64c9fe4382 4fa3bf1c5f0f473f8f73330ee5fe3ea2 544ca73dd9554e479dc30269fb9a7855 - - default default] PUT http://cinder-api.openstack.svc.cluster.local:8776/v3/544ca73dd9554e479dc30269fb9a7855/attachments/ddd35867-e7d7-4b97-be83-e58ca14cba99 /var/lib/openstack/lib/python3.12/site-packages/oslo_context/context.py:101: DeprecationWarning: Policy enforcement is depending on the value of is_admin. This key is deprecated. Please update your policy file to use the standard policy values. warnings.warn( /var/lib/openstack/lib/python3.12/site-packages/pycadf/identifier.py:70: UserWarning: Invalid uuid: cinderv3. To ensure interoperability, identifiers should be a valid uuid. warnings.warn(('Invalid uuid: %s. To ensure interoperability, '
2026-04-02 18:10:36.960 7 INFO cinder.api.openstack.wsgi [req-91dc7e50-1988-42b6-9235-9d8fbb0921bc req-a1827fc9-d2b1-491f-811d-4ba22f6afe5a 4fa3bf1c5f0f473f8f73330ee5fe3ea2 544ca73dd9554e479dc30269fb9a7855 - - default default] GET http://cinder-api.openstack.svc.cluster.local:8776/v3/544ca73dd9554e479dc30269fb9a7855/volumes/8e2ac715-e6cc-419f-b8b9-b3503df4f705 /var/lib/openstack/lib/python3.12/site-packages/oslo_context/context.py:101: DeprecationWarning: Policy enforcement is depending on the value of is_admin. This key is deprecated. Please update your policy file to use the standard policy values. warnings.warn(
2026-04-02 18:10:36.975 7 INFO cinder.volume.api [req-91dc7e50-1988-42b6-9235-9d8fbb0921bc req-a1827fc9-d2b1-491f-811d-4ba22f6afe5a 4fa3bf1c5f0f473f8f73330ee5fe3ea2 544ca73dd9554e479dc30269fb9a7855 - - default default] Volume info retrieved successfully.
2026-04-02 18:10:36.979 7 INFO cinder.api.openstack.wsgi [req-91dc7e50-1988-42b6-9235-9d8fbb0921bc req-a1827fc9-d2b1-491f-811d-4ba22f6afe5a 4fa3bf1c5f0f473f8f73330ee5fe3ea2 544ca73dd9554e479dc30269fb9a7855 - - default default] http://cinder-api.openstack.svc.cluster.local:8776/v3/544ca73dd9554e479dc30269fb9a7855/volumes/8e2ac715-e6cc-419f-b8b9-b3503df4f705 returned with HTTP 200 [pid: 7|app: 0|req: 514/1021] 199.19.213.121 () {32 vars in 824 bytes} [Thu Apr 2 18:10:36 2026] GET /v3/544ca73dd9554e479dc30269fb9a7855/volumes/8e2ac715-e6cc-419f-b8b9-b3503df4f705 => generated 1489 bytes in 25 msecs (HTTP/1.1 200) 7 headers in 286 bytes (1 switches on core 0)
2026-04-02 18:10:37.039 8 INFO cinder.api.openstack.wsgi [req-40b3994c-0f09-49a4-9bb3-c936f042ee08 req-0c14dc8e-a8fd-487d-bab5-ae64c9fe4382 4fa3bf1c5f0f473f8f73330ee5fe3ea2 544ca73dd9554e479dc30269fb9a7855 - - default default] http://cinder-api.openstack.svc.cluster.local:8776/v3/544ca73dd9554e479dc30269fb9a7855/attachments/ddd35867-e7d7-4b97-be83-e58ca14cba99 returned with HTTP 200 [pid: 8|app: 0|req: 508/1022] 199.19.213.121 () {40 vars in 1134 bytes} [Thu Apr 2 18:10:35 2026] PUT /v3/544ca73dd9554e479dc30269fb9a7855/attachments/ddd35867-e7d7-4b97-be83-e58ca14cba99 => generated 802 bytes in 1042 msecs (HTTP/1.1 200) 7 headers in 286 bytes (1 switches on core 0) /var/lib/openstack/lib/python3.12/site-packages/pycadf/identifier.py:70: UserWarning: Invalid uuid: cinderv3. To ensure interoperability, identifiers should be a valid uuid. warnings.warn(('Invalid uuid: %s. To ensure interoperability, '
2026-04-02 18:10:37.565 7 INFO cinder.api.openstack.wsgi [req-40b3994c-0f09-49a4-9bb3-c936f042ee08 req-7302cc1d-1ca0-4937-9925-acf5d812828c 4fa3bf1c5f0f473f8f73330ee5fe3ea2 544ca73dd9554e479dc30269fb9a7855 - - default default] POST http://cinder-api.openstack.svc.cluster.local:8776/v3/544ca73dd9554e479dc30269fb9a7855/attachments/ddd35867-e7d7-4b97-be83-e58ca14cba99/action /var/lib/openstack/lib/python3.12/site-packages/oslo_context/context.py:101: DeprecationWarning: Policy enforcement is depending on the value of is_admin. This key is deprecated. Please update your policy file to use the standard policy values. warnings.warn(
2026-04-02 18:10:37.599 7 INFO cinder.api.openstack.wsgi [req-40b3994c-0f09-49a4-9bb3-c936f042ee08 req-7302cc1d-1ca0-4937-9925-acf5d812828c 4fa3bf1c5f0f473f8f73330ee5fe3ea2 544ca73dd9554e479dc30269fb9a7855 - - default default] http://cinder-api.openstack.svc.cluster.local:8776/v3/544ca73dd9554e479dc30269fb9a7855/attachments/ddd35867-e7d7-4b97-be83-e58ca14cba99/action returned with HTTP 204 [pid: 7|app: 0|req: 515/1023] 199.19.213.121 () {40 vars in 1147 bytes} [Thu Apr 2 18:10:37 2026] POST /v3/544ca73dd9554e479dc30269fb9a7855/attachments/ddd35867-e7d7-4b97-be83-e58ca14cba99/action => generated 0 bytes in 39 msecs (HTTP/1.1 204) 7 headers in 292 bytes (1 switches on core 0) /var/lib/openstack/lib/python3.12/site-packages/pycadf/identifier.py:70: UserWarning: Invalid uuid: cinderv3. To ensure interoperability, identifiers should be a valid uuid. warnings.warn(('Invalid uuid: %s. To ensure interoperability, '
2026-04-02 18:10:39.830 8 INFO cinder.api.openstack.wsgi [req-91dc7e50-1988-42b6-9235-9d8fbb0921bc req-ace3edae-81c6-47c6-88cf-828584a54ef3 4fa3bf1c5f0f473f8f73330ee5fe3ea2 544ca73dd9554e479dc30269fb9a7855 - - default default] GET http://cinder-api.openstack.svc.cluster.local:8776/v3/544ca73dd9554e479dc30269fb9a7855/volumes/8e2ac715-e6cc-419f-b8b9-b3503df4f705 /var/lib/openstack/lib/python3.12/site-packages/oslo_context/context.py:101: DeprecationWarning: Policy enforcement is depending on the value of is_admin. This key is deprecated. Please update your policy file to use the standard policy values. warnings.warn(
2026-04-02 18:10:39.979 8 INFO cinder.volume.api [req-91dc7e50-1988-42b6-9235-9d8fbb0921bc req-ace3edae-81c6-47c6-88cf-828584a54ef3 4fa3bf1c5f0f473f8f73330ee5fe3ea2 544ca73dd9554e479dc30269fb9a7855 - - default default] Volume info retrieved successfully.
2026-04-02 18:10:39.987 8 INFO cinder.api.openstack.wsgi [req-91dc7e50-1988-42b6-9235-9d8fbb0921bc req-ace3edae-81c6-47c6-88cf-828584a54ef3 4fa3bf1c5f0f473f8f73330ee5fe3ea2 544ca73dd9554e479dc30269fb9a7855 - - default default] http://cinder-api.openstack.svc.cluster.local:8776/v3/544ca73dd9554e479dc30269fb9a7855/volumes/8e2ac715-e6cc-419f-b8b9-b3503df4f705 returned with HTTP 200 [pid: 8|app: 0|req: 509/1024] 199.19.213.121 () {32 vars in 824 bytes} [Thu Apr 2 18:10:39 2026] GET /v3/544ca73dd9554e479dc30269fb9a7855/volumes/8e2ac715-e6cc-419f-b8b9-b3503df4f705 => generated 1787 bytes in 162 msecs (HTTP/1.1 200) 7 headers in 286 bytes (1 switches on core 0) /var/lib/openstack/lib/python3.12/site-packages/pycadf/identifier.py:70: UserWarning: Invalid uuid: cinderv3. To ensure interoperability, identifiers should be a valid uuid. warnings.warn(('Invalid uuid: %s. To ensure interoperability, '
2026-04-02 18:10:43.194 7 INFO cinder.api.openstack.wsgi [req-91dc7e50-1988-42b6-9235-9d8fbb0921bc req-80b71f46-4db0-4d88-acde-e8851bbbc108 4fa3bf1c5f0f473f8f73330ee5fe3ea2 544ca73dd9554e479dc30269fb9a7855 - - default default] GET http://cinder-api.openstack.svc.cluster.local:8776/v3/544ca73dd9554e479dc30269fb9a7855/volumes/8e2ac715-e6cc-419f-b8b9-b3503df4f705 /var/lib/openstack/lib/python3.12/site-packages/oslo_context/context.py:101: DeprecationWarning: Policy enforcement is depending on the value of is_admin. This key is deprecated. Please update your policy file to use the standard policy values. warnings.warn(
2026-04-02 18:10:43.214 7 INFO cinder.volume.api [req-91dc7e50-1988-42b6-9235-9d8fbb0921bc req-80b71f46-4db0-4d88-acde-e8851bbbc108 4fa3bf1c5f0f473f8f73330ee5fe3ea2 544ca73dd9554e479dc30269fb9a7855 - - default default] Volume info retrieved successfully.
2026-04-02 18:10:43.221 7 INFO cinder.api.openstack.wsgi [req-91dc7e50-1988-42b6-9235-9d8fbb0921bc req-80b71f46-4db0-4d88-acde-e8851bbbc108 4fa3bf1c5f0f473f8f73330ee5fe3ea2 544ca73dd9554e479dc30269fb9a7855 - - default default] http://cinder-api.openstack.svc.cluster.local:8776/v3/544ca73dd9554e479dc30269fb9a7855/volumes/8e2ac715-e6cc-419f-b8b9-b3503df4f705 returned with HTTP 200 [pid: 7|app: 0|req: 516/1025] 199.19.213.121 () {32 vars in 824 bytes} [Thu Apr 2 18:10:43 2026] GET /v3/544ca73dd9554e479dc30269fb9a7855/volumes/8e2ac715-e6cc-419f-b8b9-b3503df4f705 => generated 1787 bytes in 34 msecs (HTTP/1.1 200) 7 headers in 286 bytes (1 switches on core 0)
2026-04-02 18:10:45.107 7 INFO cinder.api.openstack.wsgi [req-91dc7e50-1988-42b6-9235-9d8fbb0921bc req-80b71f46-4db0-4d88-acde-e8851bbbc108 4fa3bf1c5f0f473f8f73330ee5fe3ea2 544ca73dd9554e479dc30269fb9a7855 - - default default] GET http://10.0.0.3:8776/
2026-04-02 18:10:45.107 8 INFO cinder.api.openstack.wsgi [req-91dc7e50-1988-42b6-9235-9d8fbb0921bc req-ace3edae-81c6-47c6-88cf-828584a54ef3 4fa3bf1c5f0f473f8f73330ee5fe3ea2 544ca73dd9554e479dc30269fb9a7855 - - default default] GET http://10.0.0.3:8776/
2026-04-02 18:10:45.108 7 INFO cinder.api.openstack.wsgi [req-91dc7e50-1988-42b6-9235-9d8fbb0921bc req-80b71f46-4db0-4d88-acde-e8851bbbc108 4fa3bf1c5f0f473f8f73330ee5fe3ea2 544ca73dd9554e479dc30269fb9a7855 - - default default] http://10.0.0.3:8776/ returned with HTTP 300
2026-04-02 18:10:45.108 8 INFO cinder.api.openstack.wsgi [req-91dc7e50-1988-42b6-9235-9d8fbb0921bc req-ace3edae-81c6-47c6-88cf-828584a54ef3 4fa3bf1c5f0f473f8f73330ee5fe3ea2 544ca73dd9554e479dc30269fb9a7855 - - default default] http://10.0.0.3:8776/ returned with HTTP 300 /var/lib/openstack/lib/python3.12/site-packages/pycadf/identifier.py:70: UserWarning: Invalid uuid: cinderv3. To ensure interoperability, identifiers should be a valid uuid. warnings.warn(('Invalid uuid: %s. To ensure interoperability, '
2026-04-02 18:10:46.074 8 INFO cinder.api.openstack.wsgi [req-91dc7e50-1988-42b6-9235-9d8fbb0921bc req-5fd99398-f9cb-4c27-843e-10b18f66f0ab 4fa3bf1c5f0f473f8f73330ee5fe3ea2 544ca73dd9554e479dc30269fb9a7855 - - default default] GET http://cinder-api.openstack.svc.cluster.local:8776/v3/544ca73dd9554e479dc30269fb9a7855/volumes/8e2ac715-e6cc-419f-b8b9-b3503df4f705 /var/lib/openstack/lib/python3.12/site-packages/oslo_context/context.py:101: DeprecationWarning: Policy enforcement is depending on the value of is_admin. This key is deprecated. Please update your policy file to use the standard policy values. warnings.warn(
2026-04-02 18:10:46.103 8 INFO cinder.volume.api [req-91dc7e50-1988-42b6-9235-9d8fbb0921bc req-5fd99398-f9cb-4c27-843e-10b18f66f0ab 4fa3bf1c5f0f473f8f73330ee5fe3ea2 544ca73dd9554e479dc30269fb9a7855 - - default default] Volume info retrieved successfully.
2026-04-02 18:10:46.109 8 INFO cinder.api.openstack.wsgi [req-91dc7e50-1988-42b6-9235-9d8fbb0921bc req-5fd99398-f9cb-4c27-843e-10b18f66f0ab 4fa3bf1c5f0f473f8f73330ee5fe3ea2 544ca73dd9554e479dc30269fb9a7855 - - default default] http://cinder-api.openstack.svc.cluster.local:8776/v3/544ca73dd9554e479dc30269fb9a7855/volumes/8e2ac715-e6cc-419f-b8b9-b3503df4f705 returned with HTTP 200 [pid: 8|app: 0|req: 511/1028] 199.19.213.121 () {32 vars in 824 bytes} [Thu Apr 2 18:10:46 2026] GET /v3/544ca73dd9554e479dc30269fb9a7855/volumes/8e2ac715-e6cc-419f-b8b9-b3503df4f705 => generated 1787 bytes in 40 msecs (HTTP/1.1 200) 7 headers in 286 bytes (1 switches on core 0)
2026-04-02 18:10:55.107 7 INFO cinder.api.openstack.wsgi [req-91dc7e50-1988-42b6-9235-9d8fbb0921bc req-80b71f46-4db0-4d88-acde-e8851bbbc108 4fa3bf1c5f0f473f8f73330ee5fe3ea2 544ca73dd9554e479dc30269fb9a7855 - - default default] GET http://10.0.0.3:8776/
2026-04-02 18:10:55.108 7 INFO cinder.api.openstack.wsgi [req-91dc7e50-1988-42b6-9235-9d8fbb0921bc req-80b71f46-4db0-4d88-acde-e8851bbbc108 4fa3bf1c5f0f473f8f73330ee5fe3ea2 544ca73dd9554e479dc30269fb9a7855 - - default default] http://10.0.0.3:8776/ returned with HTTP 300
2026-04-02 18:10:55.109 8 INFO cinder.api.openstack.wsgi [req-91dc7e50-1988-42b6-9235-9d8fbb0921bc req-5fd99398-f9cb-4c27-843e-10b18f66f0ab 4fa3bf1c5f0f473f8f73330ee5fe3ea2 544ca73dd9554e479dc30269fb9a7855 - - default default] GET http://10.0.0.3:8776/
2026-04-02 18:10:55.110 8 INFO cinder.api.openstack.wsgi [req-91dc7e50-1988-42b6-9235-9d8fbb0921bc req-5fd99398-f9cb-4c27-843e-10b18f66f0ab 4fa3bf1c5f0f473f8f73330ee5fe3ea2 544ca73dd9554e479dc30269fb9a7855 - - default default] http://10.0.0.3:8776/ returned with HTTP 300
2026-04-02 18:11:05.106 7 INFO cinder.api.openstack.wsgi [req-91dc7e50-1988-42b6-9235-9d8fbb0921bc req-80b71f46-4db0-4d88-acde-e8851bbbc108 4fa3bf1c5f0f473f8f73330ee5fe3ea2 544ca73dd9554e479dc30269fb9a7855 - - default default] GET http://10.0.0.3:8776/
2026-04-02 18:11:05.107 8 INFO cinder.api.openstack.wsgi [req-91dc7e50-1988-42b6-9235-9d8fbb0921bc req-5fd99398-f9cb-4c27-843e-10b18f66f0ab 4fa3bf1c5f0f473f8f73330ee5fe3ea2 544ca73dd9554e479dc30269fb9a7855 - - default default] GET http://10.0.0.3:8776/
2026-04-02 18:11:05.108 8 INFO cinder.api.openstack.wsgi [req-91dc7e50-1988-42b6-9235-9d8fbb0921bc req-5fd99398-f9cb-4c27-843e-10b18f66f0ab 4fa3bf1c5f0f473f8f73330ee5fe3ea2 544ca73dd9554e479dc30269fb9a7855 - - default default] http://10.0.0.3:8776/ returned with HTTP 300
2026-04-02 18:11:05.108 7 INFO cinder.api.openstack.wsgi [req-91dc7e50-1988-42b6-9235-9d8fbb0921bc req-80b71f46-4db0-4d88-acde-e8851bbbc108 4fa3bf1c5f0f473f8f73330ee5fe3ea2 544ca73dd9554e479dc30269fb9a7855 - - default default] http://10.0.0.3:8776/ returned with HTTP 300 /var/lib/openstack/lib/python3.12/site-packages/pycadf/identifier.py:70: UserWarning: Invalid uuid: cinderv3. To ensure interoperability, identifiers should be a valid uuid. warnings.warn(('Invalid uuid: %s. To ensure interoperability, '
2026-04-02 18:11:05.550 8 INFO cinder.api.openstack.wsgi [None req-7b6aeb6b-54a5-4835-8d5e-d9e5472d8f54 4fa3bf1c5f0f473f8f73330ee5fe3ea2 544ca73dd9554e479dc30269fb9a7855 - - default default] GET http://cinder-api.openstack.svc.cluster.local:8776/v3/544ca73dd9554e479dc30269fb9a7855/snapshots?all_tenants=true
2026-04-02 18:11:05.558 8 INFO cinder.volume.api [None req-7b6aeb6b-54a5-4835-8d5e-d9e5472d8f54 4fa3bf1c5f0f473f8f73330ee5fe3ea2 544ca73dd9554e479dc30269fb9a7855 - - default default] Get all snapshots completed successfully.
2026-04-02 18:11:05.559 8 INFO cinder.api.openstack.wsgi [None req-7b6aeb6b-54a5-4835-8d5e-d9e5472d8f54 4fa3bf1c5f0f473f8f73330ee5fe3ea2 544ca73dd9554e479dc30269fb9a7855 - - default default] http://cinder-api.openstack.svc.cluster.local:8776/v3/544ca73dd9554e479dc30269fb9a7855/snapshots?all_tenants=true returned with HTTP 200 [pid: 8|app: 0|req: 514/1033] 10.0.0.15 () {28 vars in 672 bytes} [Thu Apr 2 18:11:05 2026] GET /v3/544ca73dd9554e479dc30269fb9a7855/snapshots?all_tenants=true => generated 17 bytes in 49 msecs (HTTP/1.1 200) 7 headers in 284 bytes (1 switches on core 0) /var/lib/openstack/lib/python3.12/site-packages/pycadf/identifier.py:70: UserWarning: Invalid uuid: cinderv3. To ensure interoperability, identifiers should be a valid uuid. warnings.warn(('Invalid uuid: %s. To ensure interoperability, '
2026-04-02 18:11:05.573 7 INFO cinder.api.openstack.wsgi [None req-a5396952-ec00-4348-88df-36da3fbd9ca6 4fa3bf1c5f0f473f8f73330ee5fe3ea2 544ca73dd9554e479dc30269fb9a7855 - - default default] GET http://cinder-api.openstack.svc.cluster.local:8776/v3/544ca73dd9554e479dc30269fb9a7855/os-services
2026-04-02 18:11:05.578 7 INFO cinder.api.openstack.wsgi [None req-a5396952-ec00-4348-88df-36da3fbd9ca6 4fa3bf1c5f0f473f8f73330ee5fe3ea2 544ca73dd9554e479dc30269fb9a7855 - - default default] http://cinder-api.openstack.svc.cluster.local:8776/v3/544ca73dd9554e479dc30269fb9a7855/os-services returned with HTTP 200 [pid: 7|app: 0|req: 520/1034] 10.0.0.15 () {28 vars in 643 bytes} [Thu Apr 2 18:11:05 2026] GET /v3/544ca73dd9554e479dc30269fb9a7855/os-services => generated 646 bytes in 15 msecs (HTTP/1.1 200) 7 headers in 285 bytes (1 switches on core 0)
2026-04-02 18:11:05.591 8 INFO cinder.api.openstack.wsgi [None req-a5c0ca7b-1fd1-4f6d-a8af-f25d8d53e747 4fa3bf1c5f0f473f8f73330ee5fe3ea2 544ca73dd9554e479dc30269fb9a7855 - - default default] GET http://cinder-api.openstack.svc.cluster.local:8776/v3/544ca73dd9554e479dc30269fb9a7855/scheduler-stats/get_pools?detail=true
2026-04-02 18:11:06.095 8 INFO cinder.api.openstack.wsgi [None req-a5c0ca7b-1fd1-4f6d-a8af-f25d8d53e747 4fa3bf1c5f0f473f8f73330ee5fe3ea2 544ca73dd9554e479dc30269fb9a7855 - - default default] http://cinder-api.openstack.svc.cluster.local:8776/v3/544ca73dd9554e479dc30269fb9a7855/scheduler-stats/get_pools?detail=true returned with HTTP 200 [pid: 8|app: 0|req: 515/1035] 10.0.0.15 () {28 vars in 694 bytes} [Thu Apr 2 18:11:05 2026] GET /v3/544ca73dd9554e479dc30269fb9a7855/scheduler-stats/get_pools?detail=true => generated 670 bytes in 512 msecs (HTTP/1.1 200) 7 headers in 285 bytes (1 switches on core 0)
2026-04-02 18:11:06.107 7 INFO cinder.api.openstack.wsgi [None req-473bb75d-8b65-46ee-9db8-cbb07f0712d9 4fa3bf1c5f0f473f8f73330ee5fe3ea2 544ca73dd9554e479dc30269fb9a7855 - - default default] GET http://cinder-api.openstack.svc.cluster.local:8776/v3/544ca73dd9554e479dc30269fb9a7855/volumes/detail?all_tenants=true
2026-04-02 18:11:06.118 7 INFO cinder.volume.api [None req-473bb75d-8b65-46ee-9db8-cbb07f0712d9 4fa3bf1c5f0f473f8f73330ee5fe3ea2 544ca73dd9554e479dc30269fb9a7855 - - default default] Get all volumes completed successfully. /var/lib/openstack/lib/python3.12/site-packages/oslo_context/context.py:101: DeprecationWarning: Policy enforcement is depending on the value of is_admin. This key is deprecated. Please update your policy file to use the standard policy values. warnings.warn(
2026-04-02 18:11:06.124 7 INFO cinder.api.openstack.wsgi [None req-473bb75d-8b65-46ee-9db8-cbb07f0712d9 4fa3bf1c5f0f473f8f73330ee5fe3ea2 544ca73dd9554e479dc30269fb9a7855 - - default default] http://cinder-api.openstack.svc.cluster.local:8776/v3/544ca73dd9554e479dc30269fb9a7855/volumes/detail?all_tenants=true returned with HTTP 200 [pid: 7|app: 0|req: 521/1036] 10.0.0.15 () {28 vars in 682 bytes} [Thu Apr 2 18:11:06 2026] GET /v3/544ca73dd9554e479dc30269fb9a7855/volumes/detail?all_tenants=true => generated 1790 bytes in 24 msecs (HTTP/1.1 200) 7 headers in 286 bytes (1 switches on core 0)
2026-04-02 18:11:06.134 8 INFO cinder.api.openstack.wsgi [None req-489843e5-d6e5-4544-a1f1-be5bda80475f 4fa3bf1c5f0f473f8f73330ee5fe3ea2 544ca73dd9554e479dc30269fb9a7855 - - default default] GET http://cinder-api.openstack.svc.cluster.local:8776/v3/544ca73dd9554e479dc30269fb9a7855/volumes/detail?all_tenants=true
2026-04-02 18:11:06.146 8 INFO cinder.volume.api [None req-489843e5-d6e5-4544-a1f1-be5bda80475f 4fa3bf1c5f0f473f8f73330ee5fe3ea2 544ca73dd9554e479dc30269fb9a7855 - - default default] Get all volumes completed successfully. /var/lib/openstack/lib/python3.12/site-packages/oslo_context/context.py:101: DeprecationWarning: Policy enforcement is depending on the value of is_admin. This key is deprecated. Please update your policy file to use the standard policy values. warnings.warn(
2026-04-02 18:11:06.151 8 INFO cinder.api.openstack.wsgi [None req-489843e5-d6e5-4544-a1f1-be5bda80475f 4fa3bf1c5f0f473f8f73330ee5fe3ea2 544ca73dd9554e479dc30269fb9a7855 - - default default] http://cinder-api.openstack.svc.cluster.local:8776/v3/544ca73dd9554e479dc30269fb9a7855/volumes/detail?all_tenants=true returned with HTTP 200 [pid: 8|app: 0|req: 516/1037] 10.0.0.15 () {28 vars in 682 bytes} [Thu Apr 2 18:11:06 2026] GET /v3/544ca73dd9554e479dc30269fb9a7855/volumes/detail?all_tenants=true => generated 1790 bytes in 23 msecs (HTTP/1.1 200) 7 headers in 286 bytes (1 switches on core 0) /var/lib/openstack/lib/python3.12/site-packages/pycadf/identifier.py:70: UserWarning: Invalid uuid: cinderv3. To ensure interoperability, identifiers should be a valid uuid. warnings.warn(('Invalid uuid: %s. To ensure interoperability, '
2026-04-02 18:11:06.206 7 INFO cinder.api.openstack.wsgi [None req-dae8568f-a81f-4f4b-8d16-8685c742d885 4fa3bf1c5f0f473f8f73330ee5fe3ea2 544ca73dd9554e479dc30269fb9a7855 - - default default] GET http://cinder-api.openstack.svc.cluster.local:8776/v3/544ca73dd9554e479dc30269fb9a7855/os-quota-sets/140fa28e4ecc412ba7281cf135550a1d?usage=true
2026-04-02 18:11:06.230 7 INFO cinder.api.openstack.wsgi [None req-dae8568f-a81f-4f4b-8d16-8685c742d885 4fa3bf1c5f0f473f8f73330ee5fe3ea2 544ca73dd9554e479dc30269fb9a7855 - - default default] http://cinder-api.openstack.svc.cluster.local:8776/v3/544ca73dd9554e479dc30269fb9a7855/os-quota-sets/140fa28e4ecc412ba7281cf135550a1d?usage=true returned with HTTP 200 [pid: 7|app: 0|req: 522/1038] 10.0.0.15 () {28 vars in 734 bytes} [Thu Apr 2 18:11:06 2026] GET /v3/544ca73dd9554e479dc30269fb9a7855/os-quota-sets/140fa28e4ecc412ba7281cf135550a1d?usage=true => generated 845 bytes in 31 msecs (HTTP/1.1 200) 7 headers in 285 bytes (1 switches on core 0) /var/lib/openstack/lib/python3.12/site-packages/pycadf/identifier.py:70: UserWarning: Invalid uuid: cinderv3. To ensure interoperability, identifiers should be a valid uuid. warnings.warn(('Invalid uuid: %s. To ensure interoperability, '
2026-04-02 18:11:06.240 8 INFO cinder.api.openstack.wsgi [None req-ebfea81a-1d99-41dc-bf05-a2dec3e8620e 4fa3bf1c5f0f473f8f73330ee5fe3ea2 544ca73dd9554e479dc30269fb9a7855 - - default default] GET http://cinder-api.openstack.svc.cluster.local:8776/v3/544ca73dd9554e479dc30269fb9a7855/os-quota-sets/1be87830440044208baeed68ffce0375?usage=true
2026-04-02 18:11:06.293 8 INFO cinder.api.openstack.wsgi [None req-ebfea81a-1d99-41dc-bf05-a2dec3e8620e 4fa3bf1c5f0f473f8f73330ee5fe3ea2 544ca73dd9554e479dc30269fb9a7855 - - default default] http://cinder-api.openstack.svc.cluster.local:8776/v3/544ca73dd9554e479dc30269fb9a7855/os-quota-sets/1be87830440044208baeed68ffce0375?usage=true returned with HTTP 200 [pid: 8|app: 0|req: 517/1039] 10.0.0.15 () {28 vars in 734 bytes} [Thu Apr 2 18:11:06 2026] GET /v3/544ca73dd9554e479dc30269fb9a7855/os-quota-sets/1be87830440044208baeed68ffce0375?usage=true => generated 847 bytes in 60 msecs (HTTP/1.1 200) 7 headers in 285 bytes (1 switches on core 0)
2026-04-02 18:11:06.304 7 INFO cinder.api.openstack.wsgi [None req-592d80d3-683f-4676-866e-65c10183efc7 4fa3bf1c5f0f473f8f73330ee5fe3ea2 544ca73dd9554e479dc30269fb9a7855 - - default default] GET http://cinder-api.openstack.svc.cluster.local:8776/v3/544ca73dd9554e479dc30269fb9a7855/os-quota-sets/3fc8dcd2ee084a3a80b579655864d9d9?usage=true
2026-04-02 18:11:06.322 7 INFO cinder.api.openstack.wsgi [None req-592d80d3-683f-4676-866e-65c10183efc7 4fa3bf1c5f0f473f8f73330ee5fe3ea2 544ca73dd9554e479dc30269fb9a7855 - - default default] http://cinder-api.openstack.svc.cluster.local:8776/v3/544ca73dd9554e479dc30269fb9a7855/os-quota-sets/3fc8dcd2ee084a3a80b579655864d9d9?usage=true returned with HTTP 200 [pid: 7|app: 0|req: 523/1040] 10.0.0.15 () {28 vars in 734 bytes} [Thu Apr 2 18:11:06 2026] GET /v3/544ca73dd9554e479dc30269fb9a7855/os-quota-sets/3fc8dcd2ee084a3a80b579655864d9d9?usage=true => generated 847 bytes in 25 msecs (HTTP/1.1 200) 7 headers in 285 bytes (1 switches on core 0)
2026-04-02 18:11:06.337 8 INFO cinder.api.openstack.wsgi [None req-b417c61f-21e6-4f80-b035-92738ba1407d 4fa3bf1c5f0f473f8f73330ee5fe3ea2 544ca73dd9554e479dc30269fb9a7855 - - default default] GET http://cinder-api.openstack.svc.cluster.local:8776/v3/544ca73dd9554e479dc30269fb9a7855/os-quota-sets/544ca73dd9554e479dc30269fb9a7855?usage=true
2026-04-02 18:11:06.363 8 INFO cinder.api.openstack.wsgi [None req-b417c61f-21e6-4f80-b035-92738ba1407d 4fa3bf1c5f0f473f8f73330ee5fe3ea2 544ca73dd9554e479dc30269fb9a7855 - - default default] http://cinder-api.openstack.svc.cluster.local:8776/v3/544ca73dd9554e479dc30269fb9a7855/os-quota-sets/544ca73dd9554e479dc30269fb9a7855?usage=true returned with HTTP 200 [pid: 8|app: 0|req: 518/1041] 10.0.0.15 () {28 vars in 734 bytes} [Thu Apr 2 18:11:06 2026] GET /v3/544ca73dd9554e479dc30269fb9a7855/os-quota-sets/544ca73dd9554e479dc30269fb9a7855?usage=true => generated 847 bytes in 38 msecs (HTTP/1.1 200) 7 headers in 285 bytes (1 switches on core 0)
2026-04-02 18:11:06.373 7 INFO cinder.api.openstack.wsgi [None req-3a7a3e03-5bc6-4f32-b4a7-79ddc7c0b6d8 4fa3bf1c5f0f473f8f73330ee5fe3ea2 544ca73dd9554e479dc30269fb9a7855 - - default default] GET http://cinder-api.openstack.svc.cluster.local:8776/v3/544ca73dd9554e479dc30269fb9a7855/os-quota-sets/73ea1092247d43889cfe6936326bcd64?usage=true
2026-04-02 18:11:06.392 7 INFO cinder.api.openstack.wsgi [None req-3a7a3e03-5bc6-4f32-b4a7-79ddc7c0b6d8 4fa3bf1c5f0f473f8f73330ee5fe3ea2 544ca73dd9554e479dc30269fb9a7855 - - default default] http://cinder-api.openstack.svc.cluster.local:8776/v3/544ca73dd9554e479dc30269fb9a7855/os-quota-sets/73ea1092247d43889cfe6936326bcd64?usage=true returned with HTTP 200 [pid: 7|app: 0|req: 524/1042] 10.0.0.15 () {28 vars in 734 bytes} [Thu Apr 2 18:11:06 2026] GET /v3/544ca73dd9554e479dc30269fb9a7855/os-quota-sets/73ea1092247d43889cfe6936326bcd64?usage=true => generated 847 bytes in 26 msecs (HTTP/1.1 200) 7 headers in 285 bytes (1 switches on core 0)
