2026-04-02 18:05:55.526 7 INFO neutron.db.segments_db [None req-a884d73b-bb01-4d8b-913c-9bfd551a1256 c4bdc0644f0c45848ef90efff1f44990 d44169bf942e490dbc97d7df285c3422 - - default default] Added segment c70d1b86-29b8-4a37-a606-a1a38daf4c86 of type geneve for network 7ee5a0ee-6b7b-4d6f-a655-438972f955bd
2026-04-02 18:05:55.627 7 INFO neutron.db.ovn_revision_numbers_db [None req-a884d73b-bb01-4d8b-913c-9bfd551a1256 c4bdc0644f0c45848ef90efff1f44990 d44169bf942e490dbc97d7df285c3422 - - default default] Successfully bumped revision number for resource 7ee5a0ee-6b7b-4d6f-a655-438972f955bd (type: networks) to 1
2026-04-02 18:05:55.791 7 WARNING neutron.scheduler.dhcp_agent_scheduler [None req-a884d73b-bb01-4d8b-913c-9bfd551a1256 c4bdc0644f0c45848ef90efff1f44990 d44169bf942e490dbc97d7df285c3422 - - default default] No more DHCP agents
2026-04-02 18:05:55.793 7 WARNING neutron.api.rpc.agentnotifiers.dhcp_rpc_agent_api [None req-a884d73b-bb01-4d8b-913c-9bfd551a1256 c4bdc0644f0c45848ef90efff1f44990 d44169bf942e490dbc97d7df285c3422 - - default default] Unable to schedule network 7ee5a0ee-6b7b-4d6f-a655-438972f955bd: no agents available; will retry on subsequent port and subnet creation events.
2026-04-02 18:05:55.880 8 INFO neutron.plugins.ml2.drivers.ovn.mech_driver.mech_driver [None req-119d2b40-fb58-480d-a6ca-c7d399e5bea1 - - - - - -] OVN reports status down for port: f0c24a50-fbbd-4755-bf7b-2ae023617065
2026-04-02 18:05:55.898 7 INFO neutron.db.ovn_revision_numbers_db [None req-a884d73b-bb01-4d8b-913c-9bfd551a1256 c4bdc0644f0c45848ef90efff1f44990 d44169bf942e490dbc97d7df285c3422 - - default default] Successfully bumped revision number for resource f0c24a50-fbbd-4755-bf7b-2ae023617065 (type: ports) to 1 [pid: 7|app: 0|req: 910/1833] 10.0.0.128 () {34 vars in 670 bytes} [Thu Apr 2 18:05:55 2026] POST /v2.0/networks => generated 651 bytes in 831 msecs (HTTP/1.1 201) 4 headers in 162 bytes (1 switches on core 0)
2026-04-02 18:05:56.197 8 WARNING neutron.scheduler.dhcp_agent_scheduler [None req-f21c9dee-7114-4321-bb0b-3dd6d2b17f23 c4bdc0644f0c45848ef90efff1f44990 d44169bf942e490dbc97d7df285c3422 - - default default] No more DHCP agents
2026-04-02 18:05:56.199 8 WARNING neutron.api.rpc.agentnotifiers.dhcp_rpc_agent_api [None req-f21c9dee-7114-4321-bb0b-3dd6d2b17f23 c4bdc0644f0c45848ef90efff1f44990 d44169bf942e490dbc97d7df285c3422 - - default default] Unable to schedule network 7ee5a0ee-6b7b-4d6f-a655-438972f955bd: no agents available; will retry on subsequent port and subnet creation events.
2026-04-02 18:05:56.256 7 INFO neutron.plugins.ml2.drivers.ovn.mech_driver.mech_driver [None req-760db2a1-629b-40dc-9ff5-0bed4cd9dd43 - - - - - -] OVN reports status down for port: bfe1af28-2503-4996-aa9d-e8f3e55c806b
2026-04-02 18:05:56.314 8 INFO neutron.db.ovn_revision_numbers_db [None req-f21c9dee-7114-4321-bb0b-3dd6d2b17f23 c4bdc0644f0c45848ef90efff1f44990 d44169bf942e490dbc97d7df285c3422 - - default default] Successfully bumped revision number for resource bfe1af28-2503-4996-aa9d-e8f3e55c806b (type: ports) to 1 [pid: 8|app: 0|req: 924/1834] 10.0.0.128 () {34 vars in 664 bytes} [Thu Apr 2 18:05:55 2026] POST /v2.0/ports => generated 743 bytes in 434 msecs (HTTP/1.1 201) 4 headers in 162 bytes (1 switches on core 0) [pid: 7|app: 0|req: 911/1835] 10.0.0.128 () {34 vars in 666 bytes} [Thu Apr 2 18:05:56 2026] POST /v2.0/trunks => generated 409 bytes in 332 msecs (HTTP/1.1 201) 4 headers in 162 bytes (1 switches on core 0) /var/lib/openstack/lib/python3.12/site-packages/pycadf/identifier.py:70: UserWarning: Invalid uuid: neutron. To ensure interoperability, identifiers should be a valid uuid. warnings.warn(('Invalid uuid: %s. To ensure interoperability, ' [pid: 8|app: 0|req: 925/1836] 10.0.0.128 () {34 vars in 749 bytes} [Thu Apr 2 18:05:56 2026] PUT /v2.0/trunks/6696c6e1-ee40-4806-9208-10818dc8fe75/tags => generated 25 bytes in 33 msecs (HTTP/1.1 200) 4 headers in 156 bytes (1 switches on core 0) [pid: 7|app: 0|req: 912/1837] 10.0.0.128 () {32 vars in 729 bytes} [Thu Apr 2 18:05:56 2026] GET /v2.0/trunks/6696c6e1-ee40-4806-9208-10818dc8fe75/tags => generated 25 bytes in 42 msecs (HTTP/1.1 200) 4 headers in 156 bytes (1 switches on core 0) [pid: 8|app: 0|req: 926/1838] 10.0.0.128 () {34 vars in 760 bytes} [Thu Apr 2 18:05:56 2026] PUT /v2.0/trunks/6696c6e1-ee40-4806-9208-10818dc8fe75/tags/green => generated 4 bytes in 44 msecs (HTTP/1.1 201) 4 headers in 160 bytes (1 switches on core 0) [pid: 7|app: 0|req: 913/1839] 10.0.0.128 () {32 vars in 729 bytes} [Thu Apr 2 18:05:56 2026] GET /v2.0/trunks/6696c6e1-ee40-4806-9208-10818dc8fe75/tags => generated 34 bytes in 31 msecs (HTTP/1.1 200) 4 headers in 156 bytes (1 switches on core 0) [pid: 8|app: 0|req: 927/1840] 10.0.0.128 () {34 vars in 756 bytes} [Thu Apr 2 18:05:56 2026] PUT /v2.0/trunks/6696c6e1-ee40-4806-9208-10818dc8fe75/tags/red => generated 4 bytes in 37 msecs (HTTP/1.1 201) 4 headers in 160 bytes (1 switches on core 0) [pid: 7|app: 0|req: 914/1841] 10.0.0.128 () {32 vars in 729 bytes} [Thu Apr 2 18:05:56 2026] GET /v2.0/trunks/6696c6e1-ee40-4806-9208-10818dc8fe75/tags => generated 34 bytes in 20 msecs (HTTP/1.1 200) 4 headers in 156 bytes (1 switches on core 0) [pid: 8|app: 0|req: 928/1842] 10.0.0.128 () {34 vars in 778 bytes} [Thu Apr 2 18:05:56 2026] PUT /v2.0/trunks/6696c6e1-ee40-4806-9208-10818dc8fe75/tags/black.or.white => generated 4 bytes in 53 msecs (HTTP/1.1 201) 4 headers in 160 bytes (1 switches on core 0) [pid: 7|app: 0|req: 915/1843] 10.0.0.128 () {32 vars in 729 bytes} [Thu Apr 2 18:05:57 2026] GET /v2.0/trunks/6696c6e1-ee40-4806-9208-10818dc8fe75/tags => generated 52 bytes in 28 msecs (HTTP/1.1 200) 4 headers in 156 bytes (1 switches on core 0) [pid: 8|app: 0|req: 929/1844] 10.0.0.128 () {34 vars in 749 bytes} [Thu Apr 2 18:05:57 2026] PUT /v2.0/trunks/6696c6e1-ee40-4806-9208-10818dc8fe75/tags => generated 37 bytes in 38 msecs (HTTP/1.1 200) 4 headers in 156 bytes (1 switches on core 0) [pid: 7|app: 0|req: 916/1845] 10.0.0.128 () {32 vars in 729 bytes} [Thu Apr 2 18:05:57 2026] GET /v2.0/trunks/6696c6e1-ee40-4806-9208-10818dc8fe75/tags => generated 37 bytes in 36 msecs (HTTP/1.1 200) 4 headers in 156 bytes (1 switches on core 0) [pid: 8|app: 0|req: 930/1846] 10.0.0.128 () {32 vars in 737 bytes} [Thu Apr 2 18:05:57 2026] GET /v2.0/trunks/6696c6e1-ee40-4806-9208-10818dc8fe75/tags/red => generated 0 bytes in 24 msecs (HTTP/1.1 204) 2 headers in 112 bytes (1 switches on core 0)
2026-04-02 18:05:57.178 7 INFO neutron.api.v2.resource [None req-60c9b69f-43c8-42ec-a586-c7bdc3a84c5a c4bdc0644f0c45848ef90efff1f44990 d44169bf942e490dbc97d7df285c3422 - - default default] show failed (client error): The resource could not be found. [pid: 7|app: 0|req: 917/1847] 10.0.0.128 () {32 vars in 741 bytes} [Thu Apr 2 18:05:57 2026] GET /v2.0/trunks/6696c6e1-ee40-4806-9208-10818dc8fe75/tags/green => generated 99 bytes in 28 msecs (HTTP/1.1 404) 4 headers in 163 bytes (1 switches on core 0) [pid: 8|app: 0|req: 931/1848] 10.0.0.128 () {32 vars in 740 bytes} [Thu Apr 2 18:05:57 2026] DELETE /v2.0/trunks/6696c6e1-ee40-4806-9208-10818dc8fe75/tags/red => generated 0 bytes in 39 msecs (HTTP/1.1 204) 2 headers in 112 bytes (1 switches on core 0) [pid: 7|app: 0|req: 918/1849] 10.0.0.128 () {32 vars in 729 bytes} [Thu Apr 2 18:05:57 2026] GET /v2.0/trunks/6696c6e1-ee40-4806-9208-10818dc8fe75/tags => generated 30 bytes in 28 msecs (HTTP/1.1 200) 4 headers in 156 bytes (1 switches on core 0)
2026-04-02 18:05:57.289 8 INFO neutron.api.v2.resource [None req-37e98a43-38bb-4faf-8f85-49c43fd0b16c c4bdc0644f0c45848ef90efff1f44990 d44169bf942e490dbc97d7df285c3422 - - default default] delete failed (client error): The resource could not be found. [pid: 8|app: 0|req: 932/1850] 10.0.0.128 () {32 vars in 744 bytes} [Thu Apr 2 18:05:57 2026] DELETE /v2.0/trunks/6696c6e1-ee40-4806-9208-10818dc8fe75/tags/green => generated 99 bytes in 26 msecs (HTTP/1.1 404) 4 headers in 163 bytes (1 switches on core 0) [pid: 7|app: 0|req: 919/1851] 10.0.0.128 () {32 vars in 732 bytes} [Thu Apr 2 18:05:57 2026] DELETE /v2.0/trunks/6696c6e1-ee40-4806-9208-10818dc8fe75/tags => generated 0 bytes in 45 msecs (HTTP/1.1 204) 2 headers in 112 bytes (1 switches on core 0) [pid: 8|app: 0|req: 933/1852] 10.0.0.128 () {32 vars in 729 bytes} [Thu Apr 2 18:05:57 2026] GET /v2.0/trunks/6696c6e1-ee40-4806-9208-10818dc8fe75/tags => generated 12 bytes in 20 msecs (HTTP/1.1 200) 4 headers in 156 bytes (1 switches on core 0) [pid: 7|app: 0|req: 920/1853] 10.0.0.128 () {32 vars in 719 bytes} [Thu Apr 2 18:05:57 2026] GET /v2.0/trunks/6696c6e1-ee40-4806-9208-10818dc8fe75 => generated 409 bytes in 15 msecs (HTTP/1.1 200) 4 headers in 157 bytes (1 switches on core 0) [pid: 8|app: 0|req: 934/1854] 10.0.0.128 () {32 vars in 717 bytes} [Thu Apr 2 18:05:57 2026] GET /v2.0/ports/bfe1af28-2503-4996-aa9d-e8f3e55c806b => generated 826 bytes in 65 msecs (HTTP/1.1 200) 4 headers in 157 bytes (1 switches on core 0) [pid: 7|app: 0|req: 921/1855] 10.0.0.128 () {32 vars in 722 bytes} [Thu Apr 2 18:05:57 2026] DELETE /v2.0/trunks/6696c6e1-ee40-4806-9208-10818dc8fe75 => generated 0 bytes in 103 msecs (HTTP/1.1 204) 2 headers in 112 bytes (1 switches on core 0)
2026-04-02 18:05:57.686 8 INFO neutron_taas.services.taas.taas_plugin [None req-2e67f451-1319-4929-b108-8eb752021047 c4bdc0644f0c45848ef90efff1f44990 d44169bf942e490dbc97d7df285c3422 - - default default] TaaS: Handle Delete Port: bfe1af28-2503-4996-aa9d-e8f3e55c806b
2026-04-02 18:05:57.688 8 INFO neutron_taas.services.taas.tap_mirror_plugin [None req-2e67f451-1319-4929-b108-8eb752021047 c4bdc0644f0c45848ef90efff1f44990 d44169bf942e490dbc97d7df285c3422 - - default default] Tap Mirror: Handle Delete Port: bfe1af28-2503-4996-aa9d-e8f3e55c806b [pid: 8|app: 0|req: 935/1856] 10.0.0.128 () {32 vars in 720 bytes} [Thu Apr 2 18:05:57 2026] DELETE /v2.0/ports/bfe1af28-2503-4996-aa9d-e8f3e55c806b => generated 0 bytes in 262 msecs (HTTP/1.1 204) 3 headers in 131 bytes (1 switches on core 0)
2026-04-02 18:05:57.979 7 INFO neutron_taas.services.taas.taas_plugin [None req-e63fa2e9-41fd-41b2-a408-868c3c055eb7 c4bdc0644f0c45848ef90efff1f44990 d44169bf942e490dbc97d7df285c3422 - - default default] TaaS: Handle Delete Port: f0c24a50-fbbd-4755-bf7b-2ae023617065
2026-04-02 18:05:57.982 7 INFO neutron_taas.services.taas.tap_mirror_plugin [None req-e63fa2e9-41fd-41b2-a408-868c3c055eb7 c4bdc0644f0c45848ef90efff1f44990 d44169bf942e490dbc97d7df285c3422 - - default default] Tap Mirror: Handle Delete Port: f0c24a50-fbbd-4755-bf7b-2ae023617065
2026-04-02 18:05:58.184 7 INFO neutron.services.segments.plugin [-] Segment c70d1b86-29b8-4a37-a606-a1a38daf4c86 resource provider aggregate not found
2026-04-02 18:05:58.190 7 INFO neutron.services.segments.plugin [-] Segment c70d1b86-29b8-4a37-a606-a1a38daf4c86 resource provider aggregate not found
2026-04-02 18:05:58.207 7 INFO neutron.services.segments.plugin [-] Segment c70d1b86-29b8-4a37-a606-a1a38daf4c86 resource provider not found; error: Placement Client Error (4xx): {"errors": [{"status": 404, "title": "Not Found", "detail": "The resource could not be found.\n\n No resource provider with uuid c70d1b86-29b8-4a37-a606-a1a38daf4c86 found for delete ", "request_id": "req-2dc0b0a0-4a39-451b-8f14-55f95a3ada1b"}]}
2026-04-02 18:05:58.217 7 INFO neutron.services.segments.plugin [-] Segment c70d1b86-29b8-4a37-a606-a1a38daf4c86 resource provider not found; error: Placement Client Error (4xx): {"errors": [{"status": 404, "title": "Not Found", "detail": "The resource could not be found.\n\n No resource provider with uuid c70d1b86-29b8-4a37-a606-a1a38daf4c86 found for delete ", "request_id": "req-5f1f3dd2-a644-4297-b051-e7f55869dea7"}]} [pid: 7|app: 0|req: 922/1857] 10.0.0.128 () {32 vars in 726 bytes} [Thu Apr 2 18:05:57 2026] DELETE /v2.0/networks/7ee5a0ee-6b7b-4d6f-a655-438972f955bd => generated 0 bytes in 393 msecs (HTTP/1.1 204) 3 headers in 131 bytes (1 switches on core 0) [pid: 8|app: 0|req: 936/1858] 10.0.0.128 () {32 vars in 774 bytes} [Thu Apr 2 18:05:59 2026] GET /v2.0/security-groups?tenant_id=d44169bf942e490dbc97d7df285c3422&name=default => generated 2925 bytes in 186 msecs (HTTP/1.1 200) 4 headers in 158 bytes (1 switches on core 0) [pid: 7|app: 0|req: 923/1859] 10.0.0.128 () {32 vars in 740 bytes} [Thu Apr 2 18:05:59 2026] DELETE /v2.0/security-groups/5b153b02-2975-4dc4-bb40-e71853661b07 => generated 0 bytes in 261 msecs (HTTP/1.1 204) 2 headers in 112 bytes (1 switches on core 0)
2026-04-02 18:05:59.728 8 INFO neutron.db.ovn_revision_numbers_db [None req-7c4840ca-1602-45cb-9208-dead2caa226d 7a17ece194db4446a0978318cc6d32d4 3e3ce0e740f248bf9c7db2def80f3448 - - default default] Successfully bumped revision number for resource ca98ea6b-85fe-4186-9bfa-067164911f96 (type: security_groups) to 1
2026-04-02 18:05:59.744 8 INFO neutron.db.ovn_revision_numbers_db [None req-7c4840ca-1602-45cb-9208-dead2caa226d 7a17ece194db4446a0978318cc6d32d4 3e3ce0e740f248bf9c7db2def80f3448 - - default default] Successfully bumped revision number for resource 25ac8832-c473-4018-aa30-b8555dab7e07 (type: security_group_rules) to 0
2026-04-02 18:05:59.758 8 INFO neutron.db.ovn_revision_numbers_db [None req-7c4840ca-1602-45cb-9208-dead2caa226d 7a17ece194db4446a0978318cc6d32d4 3e3ce0e740f248bf9c7db2def80f3448 - - default default] Successfully bumped revision number for resource 98a87eae-b701-4865-885e-685c0fc976e2 (type: security_group_rules) to 0
2026-04-02 18:05:59.779 8 INFO neutron.db.ovn_revision_numbers_db [None req-7c4840ca-1602-45cb-9208-dead2caa226d 7a17ece194db4446a0978318cc6d32d4 3e3ce0e740f248bf9c7db2def80f3448 - - default default] Successfully bumped revision number for resource bf644561-805b-44bc-938e-10341b664b68 (type: security_group_rules) to 0
2026-04-02 18:05:59.801 8 INFO neutron.db.ovn_revision_numbers_db [None req-7c4840ca-1602-45cb-9208-dead2caa226d 7a17ece194db4446a0978318cc6d32d4 3e3ce0e740f248bf9c7db2def80f3448 - - default default] Successfully bumped revision number for resource ff7a66e0-1b14-424c-9a20-8842bbd74306 (type: security_group_rules) to 0
2026-04-02 18:05:59.882 7 INFO neutron.db.ovn_revision_numbers_db [None req-fdb82dc4-f437-4e9b-98ed-0630110bf56a 4fa3bf1c5f0f473f8f73330ee5fe3ea2 544ca73dd9554e479dc30269fb9a7855 - - default default] Successfully bumped revision number for resource 1573c075-98d9-4d6f-8d72-b8da22e7d0fb (type: security_groups) to 1
2026-04-02 18:05:59.894 7 INFO neutron.db.ovn_revision_numbers_db [None req-fdb82dc4-f437-4e9b-98ed-0630110bf56a 4fa3bf1c5f0f473f8f73330ee5fe3ea2 544ca73dd9554e479dc30269fb9a7855 - - default default] Successfully bumped revision number for resource af063b10-068a-4d88-ad74-1178d37e1afc (type: security_group_rules) to 0
2026-04-02 18:05:59.897 8 INFO neutron.db.segments_db [None req-7c4840ca-1602-45cb-9208-dead2caa226d 7a17ece194db4446a0978318cc6d32d4 3e3ce0e740f248bf9c7db2def80f3448 - - default default] Added segment 82fd8017-854b-475d-a634-b5be42d7f7d6 of type geneve for network ec6e062b-a01e-4a26-bf5c-866f3a3385e0
2026-04-02 18:05:59.906 7 INFO neutron.db.ovn_revision_numbers_db [None req-fdb82dc4-f437-4e9b-98ed-0630110bf56a 4fa3bf1c5f0f473f8f73330ee5fe3ea2 544ca73dd9554e479dc30269fb9a7855 - - default default] Successfully bumped revision number for resource bfbee22c-aff3-4d28-9a77-034e58341e7d (type: security_group_rules) to 0
2026-04-02 18:05:59.919 7 INFO neutron.db.ovn_revision_numbers_db [None req-fdb82dc4-f437-4e9b-98ed-0630110bf56a 4fa3bf1c5f0f473f8f73330ee5fe3ea2 544ca73dd9554e479dc30269fb9a7855 - - default default] Successfully bumped revision number for resource c09af578-9630-4791-868d-3bfa84c98d65 (type: security_group_rules) to 0
2026-04-02 18:05:59.928 7 INFO neutron.db.ovn_revision_numbers_db [None req-fdb82dc4-f437-4e9b-98ed-0630110bf56a 4fa3bf1c5f0f473f8f73330ee5fe3ea2 544ca73dd9554e479dc30269fb9a7855 - - default default] Successfully bumped revision number for resource dcf0618e-4ced-42ce-8e2e-16c417eaaf0a (type: security_group_rules) to 0 [pid: 7|app: 0|req: 924/1860] 10.0.0.128 () {32 vars in 774 bytes} [Thu Apr 2 18:05:59 2026] GET /v2.0/security-groups?tenant_id=f26100d88b1941e5a1818c055bcdc9dc&name=default => generated 2925 bytes in 234 msecs (HTTP/1.1 200) 4 headers in 158 bytes (1 switches on core 0)
2026-04-02 18:06:00.002 8 INFO neutron.db.ovn_revision_numbers_db [None req-7c4840ca-1602-45cb-9208-dead2caa226d 7a17ece194db4446a0978318cc6d32d4 3e3ce0e740f248bf9c7db2def80f3448 - - default default] Successfully bumped revision number for resource ec6e062b-a01e-4a26-bf5c-866f3a3385e0 (type: networks) to 1
2026-04-02 18:06:00.262 8 WARNING neutron.scheduler.dhcp_agent_scheduler [None req-7c4840ca-1602-45cb-9208-dead2caa226d 7a17ece194db4446a0978318cc6d32d4 3e3ce0e740f248bf9c7db2def80f3448 - - default default] No more DHCP agents
2026-04-02 18:06:00.265 8 WARNING neutron.api.rpc.agentnotifiers.dhcp_rpc_agent_api [None req-7c4840ca-1602-45cb-9208-dead2caa226d 7a17ece194db4446a0978318cc6d32d4 3e3ce0e740f248bf9c7db2def80f3448 - - default default] Unable to schedule network ec6e062b-a01e-4a26-bf5c-866f3a3385e0: no agents available; will retry on subsequent port and subnet creation events.
2026-04-02 18:06:00.334 7 INFO neutron.plugins.ml2.drivers.ovn.mech_driver.mech_driver [None req-760db2a1-629b-40dc-9ff5-0bed4cd9dd43 - - - - - -] OVN reports status down for port: 3342bf3c-f0cc-4753-934b-a2ba18f6e9ac
2026-04-02 18:06:00.349 8 INFO neutron.db.ovn_revision_numbers_db [None req-7c4840ca-1602-45cb-9208-dead2caa226d 7a17ece194db4446a0978318cc6d32d4 3e3ce0e740f248bf9c7db2def80f3448 - - default default] Successfully bumped revision number for resource 3342bf3c-f0cc-4753-934b-a2ba18f6e9ac (type: ports) to 1 [pid: 8|app: 0|req: 937/1861] 10.0.0.128 () {34 vars in 670 bytes} [Thu Apr 2 18:05:59 2026] POST /v2.0/networks => generated 748 bytes in 1069 msecs (HTTP/1.1 201) 4 headers in 162 bytes (1 switches on core 0) [pid: 7|app: 0|req: 925/1862] 10.0.0.128 () {32 vars in 740 bytes} [Thu Apr 2 18:05:59 2026] DELETE /v2.0/security-groups/1573c075-98d9-4d6f-8d72-b8da22e7d0fb => generated 0 bytes in 466 msecs (HTTP/1.1 204) 2 headers in 112 bytes (1 switches on core 0)
2026-04-02 18:06:00.539 8 WARNING neutron.scheduler.dhcp_agent_scheduler [None req-c14c87fe-1f93-4806-9485-4d372bbd33b8 7a17ece194db4446a0978318cc6d32d4 3e3ce0e740f248bf9c7db2def80f3448 - - default default] No more DHCP agents
2026-04-02 18:06:00.541 8 WARNING neutron.api.rpc.agentnotifiers.dhcp_rpc_agent_api [None req-c14c87fe-1f93-4806-9485-4d372bbd33b8 7a17ece194db4446a0978318cc6d32d4 3e3ce0e740f248bf9c7db2def80f3448 - - default default] Unable to schedule network ec6e062b-a01e-4a26-bf5c-866f3a3385e0: no agents available; will retry on subsequent port and subnet creation events.
2026-04-02 18:06:01.039 8 INFO neutron.db.ovn_revision_numbers_db [None req-ac457172-1531-4135-89a4-2a3522de14e9 - - - - - -] Successfully bumped revision number for resource 3342bf3c-f0cc-4753-934b-a2ba18f6e9ac (type: ports) to 2
2026-04-02 18:06:01.088 8 INFO neutron.db.ovn_revision_numbers_db [None req-ac457172-1531-4135-89a4-2a3522de14e9 - - - - - -] Successfully bumped revision number for resource 2b68cc30-7276-4e59-a40c-2405252c0318 (type: subnets) to 0 [pid: 8|app: 0|req: 938/1863] 10.0.0.128 () {34 vars in 669 bytes} [Thu Apr 2 18:06:00 2026] POST /v2.0/subnets => generated 644 bytes in 719 msecs (HTTP/1.1 201) 4 headers in 162 bytes (1 switches on core 0)
2026-04-02 18:06:01.122 8 WARNING neutron.api.v2.base [None req-0fe3042c-6532-4148-a94a-7a6c10ea3fa3 7a17ece194db4446a0978318cc6d32d4 3e3ce0e740f248bf9c7db2def80f3448 - - default default] An exception happened while processing the request body. The exception message is [Invalid input for target_tenant. Reason: 'None' is not a valid string.].: webob.exc.HTTPBadRequest: Invalid input for target_tenant. Reason: 'None' is not a valid string.
2026-04-02 18:06:01.123 8 INFO neutron.api.v2.resource [None req-0fe3042c-6532-4148-a94a-7a6c10ea3fa3 7a17ece194db4446a0978318cc6d32d4 3e3ce0e740f248bf9c7db2def80f3448 - - default default] create failed (client error): Invalid input for target_tenant. Reason: 'None' is not a valid string. [pid: 8|app: 0|req: 939/1864] 10.0.0.128 () {34 vars in 681 bytes} [Thu Apr 2 18:06:01 2026] POST /v2.0/rbac-policies => generated 143 bytes in 8 msecs (HTTP/1.1 400) 4 headers in 166 bytes (1 switches on core 0)
2026-04-02 18:06:01.171 7 INFO neutron.db.ovn_revision_numbers_db [None req-44b6950c-5778-4fa7-bf3d-489f16791210 4fa3bf1c5f0f473f8f73330ee5fe3ea2 544ca73dd9554e479dc30269fb9a7855 - - default default] Successfully bumped revision number for resource e9a06b36-a2b1-4500-be43-405a73f4a0cf (type: security_groups) to 1
2026-04-02 18:06:01.183 7 INFO neutron.db.ovn_revision_numbers_db [None req-44b6950c-5778-4fa7-bf3d-489f16791210 4fa3bf1c5f0f473f8f73330ee5fe3ea2 544ca73dd9554e479dc30269fb9a7855 - - default default] Successfully bumped revision number for resource 362b05c7-88db-47ec-af99-fbb85681dba8 (type: security_group_rules) to 0
2026-04-02 18:06:01.197 7 INFO neutron.db.ovn_revision_numbers_db [None req-44b6950c-5778-4fa7-bf3d-489f16791210 4fa3bf1c5f0f473f8f73330ee5fe3ea2 544ca73dd9554e479dc30269fb9a7855 - - default default] Successfully bumped revision number for resource 5fd88628-da4b-45c1-aa18-005306aaaf6c (type: security_group_rules) to 0
2026-04-02 18:06:01.213 7 INFO neutron.db.ovn_revision_numbers_db [None req-44b6950c-5778-4fa7-bf3d-489f16791210 4fa3bf1c5f0f473f8f73330ee5fe3ea2 544ca73dd9554e479dc30269fb9a7855 - - default default] Successfully bumped revision number for resource 9766befa-b3a3-4e26-b71e-05c12d46eda5 (type: security_group_rules) to 0
2026-04-02 18:06:01.225 7 INFO neutron.db.ovn_revision_numbers_db [None req-44b6950c-5778-4fa7-bf3d-489f16791210 4fa3bf1c5f0f473f8f73330ee5fe3ea2 544ca73dd9554e479dc30269fb9a7855 - - default default] Successfully bumped revision number for resource c87fd660-e75f-4514-a2b5-937304d11a21 (type: security_group_rules) to 0 [pid: 7|app: 0|req: 926/1865] 10.0.0.128 () {32 vars in 774 bytes} [Thu Apr 2 18:06:00 2026] GET /v2.0/security-groups?tenant_id=a92e6843e6fa48459a39bdd8545381f2&name=default => generated 2925 bytes in 389 msecs (HTTP/1.1 200) 4 headers in 158 bytes (1 switches on core 0)
2026-04-02 18:06:01.292 8 INFO neutron_taas.services.taas.taas_plugin [None req-0e00a658-a2dd-4c2a-8c57-b7acf194b07c 7a17ece194db4446a0978318cc6d32d4 3e3ce0e740f248bf9c7db2def80f3448 - - default default] TaaS: Handle Delete Port: 3342bf3c-f0cc-4753-934b-a2ba18f6e9ac
2026-04-02 18:06:01.296 8 INFO neutron_taas.services.taas.tap_mirror_plugin [None req-0e00a658-a2dd-4c2a-8c57-b7acf194b07c 7a17ece194db4446a0978318cc6d32d4 3e3ce0e740f248bf9c7db2def80f3448 - - default default] Tap Mirror: Handle Delete Port: 3342bf3c-f0cc-4753-934b-a2ba18f6e9ac [pid: 7|app: 0|req: 927/1866] 10.0.0.128 () {32 vars in 740 bytes} [Thu Apr 2 18:06:01 2026] DELETE /v2.0/security-groups/e9a06b36-a2b1-4500-be43-405a73f4a0cf => generated 0 bytes in 279 msecs (HTTP/1.1 204) 2 headers in 112 bytes (1 switches on core 0)
2026-04-02 18:06:01.624 8 INFO neutron.services.segments.plugin [-] Segment 82fd8017-854b-475d-a634-b5be42d7f7d6 resource provider aggregate not found
2026-04-02 18:06:01.626 8 INFO neutron.services.segments.plugin [-] Segment 82fd8017-854b-475d-a634-b5be42d7f7d6 resource provider aggregate not found
2026-04-02 18:06:01.652 8 INFO neutron.services.segments.plugin [-] Segment 82fd8017-854b-475d-a634-b5be42d7f7d6 resource provider not found; error: Placement Client Error (4xx): {"errors": [{"status": 404, "title": "Not Found", "detail": "The resource could not be found.\n\n No resource provider with uuid 82fd8017-854b-475d-a634-b5be42d7f7d6 found for delete ", "request_id": "req-081d0868-9dc8-4c83-8f49-ee467f9e3ee8"}]}
2026-04-02 18:06:01.653 8 INFO neutron.services.segments.plugin [-] Segment 82fd8017-854b-475d-a634-b5be42d7f7d6 resource provider not found; error: Placement Client Error (4xx): {"errors": [{"status": 404, "title": "Not Found", "detail": "The resource could not be found.\n\n No resource provider with uuid 82fd8017-854b-475d-a634-b5be42d7f7d6 found for delete ", "request_id": "req-14575c29-e960-49d6-978b-fa14969f3ecf"}]} [pid: 8|app: 0|req: 940/1867] 10.0.0.128 () {32 vars in 726 bytes} [Thu Apr 2 18:06:01 2026] DELETE /v2.0/networks/ec6e062b-a01e-4a26-bf5c-866f3a3385e0 => generated 0 bytes in 553 msecs (HTTP/1.1 204) 3 headers in 131 bytes (1 switches on core 0)
2026-04-02 18:06:01.781 7 INFO neutron.db.segments_db [None req-ca4bc560-ef09-438e-bcaf-45e5db27ea0b 7a17ece194db4446a0978318cc6d32d4 3e3ce0e740f248bf9c7db2def80f3448 - - default default] Added segment f8ec683d-ab4f-40f4-8d46-65bcaaaa9c58 of type geneve for network 923a354e-5f48-482d-ac3d-4b9bfea67ca7
2026-04-02 18:06:01.886 8 INFO neutron.db.ovn_revision_numbers_db [None req-cb7a3f6e-69ae-40ac-8121-539774695395 4fa3bf1c5f0f473f8f73330ee5fe3ea2 544ca73dd9554e479dc30269fb9a7855 - - default default] Successfully bumped revision number for resource b39e30a5-5286-426e-813e-2d1a06efe62e (type: security_groups) to 1
2026-04-02 18:06:01.897 8 INFO neutron.db.ovn_revision_numbers_db [None req-cb7a3f6e-69ae-40ac-8121-539774695395 4fa3bf1c5f0f473f8f73330ee5fe3ea2 544ca73dd9554e479dc30269fb9a7855 - - default default] Successfully bumped revision number for resource 90cc1ebd-1fd8-4754-b5ac-11a683500665 (type: security_group_rules) to 0
2026-04-02 18:06:01.899 7 INFO neutron.db.ovn_revision_numbers_db [None req-ca4bc560-ef09-438e-bcaf-45e5db27ea0b 7a17ece194db4446a0978318cc6d32d4 3e3ce0e740f248bf9c7db2def80f3448 - - default default] Successfully bumped revision number for resource 923a354e-5f48-482d-ac3d-4b9bfea67ca7 (type: networks) to 1
2026-04-02 18:06:01.910 8 INFO neutron.db.ovn_revision_numbers_db [None req-cb7a3f6e-69ae-40ac-8121-539774695395 4fa3bf1c5f0f473f8f73330ee5fe3ea2 544ca73dd9554e479dc30269fb9a7855 - - default default] Successfully bumped revision number for resource 9b34e3a0-d4dd-499e-a0ef-e3d21e68bfdf (type: security_group_rules) to 0
2026-04-02 18:06:01.926 8 INFO neutron.db.ovn_revision_numbers_db [None req-cb7a3f6e-69ae-40ac-8121-539774695395 4fa3bf1c5f0f473f8f73330ee5fe3ea2 544ca73dd9554e479dc30269fb9a7855 - - default default] Successfully bumped revision number for resource bd56654c-c5a1-4cc7-9219-691bb317bacc (type: security_group_rules) to 0
2026-04-02 18:06:01.945 8 INFO neutron.db.ovn_revision_numbers_db [None req-cb7a3f6e-69ae-40ac-8121-539774695395 4fa3bf1c5f0f473f8f73330ee5fe3ea2 544ca73dd9554e479dc30269fb9a7855 - - default default] Successfully bumped revision number for resource f1131e5f-6b26-4e00-a912-8b3480360054 (type: security_group_rules) to 0 [pid: 8|app: 0|req: 941/1868] 10.0.0.128 () {32 vars in 774 bytes} [Thu Apr 2 18:06:01 2026] GET /v2.0/security-groups?tenant_id=7f0081c56a46463598871aa778210830&name=default => generated 2925 bytes in 258 msecs (HTTP/1.1 200) 4 headers in 158 bytes (1 switches on core 0)
2026-04-02 18:06:02.068 7 WARNING neutron.scheduler.dhcp_agent_scheduler [None req-ca4bc560-ef09-438e-bcaf-45e5db27ea0b 7a17ece194db4446a0978318cc6d32d4 3e3ce0e740f248bf9c7db2def80f3448 - - default default] No more DHCP agents
2026-04-02 18:06:02.069 7 WARNING neutron.api.rpc.agentnotifiers.dhcp_rpc_agent_api [None req-ca4bc560-ef09-438e-bcaf-45e5db27ea0b 7a17ece194db4446a0978318cc6d32d4 3e3ce0e740f248bf9c7db2def80f3448 - - default default] Unable to schedule network 923a354e-5f48-482d-ac3d-4b9bfea67ca7: no agents available; will retry on subsequent port and subnet creation events.
2026-04-02 18:06:02.128 7 INFO neutron.plugins.ml2.drivers.ovn.mech_driver.mech_driver [None req-760db2a1-629b-40dc-9ff5-0bed4cd9dd43 - - - - - -] OVN reports status down for port: 905e444b-1fed-4faa-97c4-bf5f5c6e0501
2026-04-02 18:06:02.188 7 INFO neutron.db.ovn_revision_numbers_db [None req-ca4bc560-ef09-438e-bcaf-45e5db27ea0b 7a17ece194db4446a0978318cc6d32d4 3e3ce0e740f248bf9c7db2def80f3448 - - default default] Successfully bumped revision number for resource 905e444b-1fed-4faa-97c4-bf5f5c6e0501 (type: ports) to 1 [pid: 7|app: 0|req: 928/1869] 10.0.0.128 () {34 vars in 670 bytes} [Thu Apr 2 18:06:01 2026] POST /v2.0/networks => generated 749 bytes in 551 msecs (HTTP/1.1 201) 4 headers in 162 bytes (1 switches on core 0)
2026-04-02 18:06:02.377 8 INFO neutron.db.ovn_revision_numbers_db [None req-67cf75a7-d5fb-418f-92d3-765027023b22 4fa3bf1c5f0f473f8f73330ee5fe3ea2 544ca73dd9554e479dc30269fb9a7855 - - default default] Successfully bumped revision number for resource bd3bee83-44a4-444e-b218-fb9a0081fa91 (type: security_groups) to 1
2026-04-02 18:06:02.399 8 INFO neutron.db.ovn_revision_numbers_db [None req-67cf75a7-d5fb-418f-92d3-765027023b22 4fa3bf1c5f0f473f8f73330ee5fe3ea2 544ca73dd9554e479dc30269fb9a7855 - - default default] Successfully bumped revision number for resource 32ff8e6e-23dd-450c-9404-4980674e973f (type: security_group_rules) to 0
2026-04-02 18:06:02.419 8 INFO neutron.db.ovn_revision_numbers_db [None req-67cf75a7-d5fb-418f-92d3-765027023b22 4fa3bf1c5f0f473f8f73330ee5fe3ea2 544ca73dd9554e479dc30269fb9a7855 - - default default] Successfully bumped revision number for resource 6a6d3bd3-0ccc-470f-bce2-3544ba66923c (type: security_group_rules) to 0
2026-04-02 18:06:02.434 8 INFO neutron.db.ovn_revision_numbers_db [None req-67cf75a7-d5fb-418f-92d3-765027023b22 4fa3bf1c5f0f473f8f73330ee5fe3ea2 544ca73dd9554e479dc30269fb9a7855 - - default default] Successfully bumped revision number for resource 76f83866-04d0-48ec-ab1f-7ed09152ee61 (type: security_group_rules) to 0
2026-04-02 18:06:02.448 8 INFO neutron.db.ovn_revision_numbers_db [None req-67cf75a7-d5fb-418f-92d3-765027023b22 4fa3bf1c5f0f473f8f73330ee5fe3ea2 544ca73dd9554e479dc30269fb9a7855 - - default default] Successfully bumped revision number for resource d04943ec-f64e-45bb-be20-d5b1ea9056e3 (type: security_group_rules) to 0 [pid: 8|app: 0|req: 942/1870] 10.0.0.128 () {32 vars in 774 bytes} [Thu Apr 2 18:06:01 2026] GET /v2.0/security-groups?tenant_id=d990e35e91cd409695ea148474b993cd&name=default => generated 2925 bytes in 500 msecs (HTTP/1.1 200) 4 headers in 158 bytes (1 switches on core 0) [pid: 7|app: 0|req: 929/1871] 10.0.0.128 () {32 vars in 740 bytes} [Thu Apr 2 18:06:02 2026] DELETE /v2.0/security-groups/b39e30a5-5286-426e-813e-2d1a06efe62e => generated 0 bytes in 258 msecs (HTTP/1.1 204) 2 headers in 112 bytes (1 switches on core 0)
2026-04-02 18:06:02.654 8 WARNING neutron.scheduler.dhcp_agent_scheduler [None req-c03b2e49-6ab9-41e4-a0a5-8981d51d6c92 7a17ece194db4446a0978318cc6d32d4 3e3ce0e740f248bf9c7db2def80f3448 - - default default] No more DHCP agents
2026-04-02 18:06:02.655 8 WARNING neutron.api.rpc.agentnotifiers.dhcp_rpc_agent_api [None req-c03b2e49-6ab9-41e4-a0a5-8981d51d6c92 7a17ece194db4446a0978318cc6d32d4 3e3ce0e740f248bf9c7db2def80f3448 - - default default] Unable to schedule network 923a354e-5f48-482d-ac3d-4b9bfea67ca7: no agents available; will retry on subsequent port and subnet creation events. [pid: 7|app: 0|req: 930/1872] 10.0.0.128 () {32 vars in 740 bytes} [Thu Apr 2 18:06:02 2026] DELETE /v2.0/security-groups/bd3bee83-44a4-444e-b218-fb9a0081fa91 => generated 0 bytes in 257 msecs (HTTP/1.1 204) 2 headers in 112 bytes (1 switches on core 0)
2026-04-02 18:06:03.148 8 INFO neutron.db.ovn_revision_numbers_db [None req-7cd42a95-7d0c-4894-9247-336cd5a904f1 - - - - - -] Successfully bumped revision number for resource 905e444b-1fed-4faa-97c4-bf5f5c6e0501 (type: ports) to 2
2026-04-02 18:06:03.189 8 INFO neutron.db.ovn_revision_numbers_db [None req-7cd42a95-7d0c-4894-9247-336cd5a904f1 - - - - - -] Successfully bumped revision number for resource caeb42a6-dd81-4a41-b3b6-2a4850ca01c7 (type: subnets) to 0 [pid: 8|app: 0|req: 943/1873] 10.0.0.128 () {34 vars in 669 bytes} [Thu Apr 2 18:06:02 2026] POST /v2.0/subnets => generated 647 bytes in 710 msecs (HTTP/1.1 201) 4 headers in 162 bytes (1 switches on core 0)
2026-04-02 18:06:03.215 7 WARNING neutron.api.v2.base [None req-ddcda65e-5aad-4cee-b45f-d3b902f3102c 7a17ece194db4446a0978318cc6d32d4 3e3ce0e740f248bf9c7db2def80f3448 - - default default] An exception happened while processing the request body. The exception message is [Invalid input for target_tenant. Reason: '1234123412341234123412341234123412341234123412341234123412341234123412341234123412341234123412341234123412341234123412341234123412341234123412341234123412341234123412341234123412341234123412341234123412341234123412341234123412341234123412341234123412341234123412341234123412341234123412341234123412341234123412341234123412341234123412341234123412341234123412341234123412341234123412341234123412341234' exceeds maximum length of 255.].: webob.exc.HTTPBadRequest: Invalid input for target_tenant. Reason: '1234123412341234123412341234123412341234123412341234123412341234123412341234123412341234123412341234123412341234123412341234123412341234123412341234123412341234123412341234123412341234123412341234123412341234123412341234123412341234123412341234123412341234123412341234123412341234123412341234123412341234123412341234123412341234123412341234123412341234123412341234123412341234123412341234123412341234' exceeds maximum length of 255.
2026-04-02 18:06:03.216 7 INFO neutron.api.v2.resource [None req-ddcda65e-5aad-4cee-b45f-d3b902f3102c 7a17ece194db4446a0978318cc6d32d4 3e3ce0e740f248bf9c7db2def80f3448 - - default default] create failed (client error): Invalid input for target_tenant. Reason: '1234123412341234123412341234123412341234123412341234123412341234123412341234123412341234123412341234123412341234123412341234123412341234123412341234123412341234123412341234123412341234123412341234123412341234123412341234123412341234123412341234123412341234123412341234123412341234123412341234123412341234123412341234123412341234123412341234123412341234123412341234123412341234123412341234123412341234' exceeds maximum length of 255. [pid: 7|app: 0|req: 931/1874] 10.0.0.128 () {34 vars in 681 bytes} [Thu Apr 2 18:06:03 2026] POST /v2.0/rbac-policies => generated 547 bytes in 7 msecs (HTTP/1.1 400) 4 headers in 166 bytes (1 switches on core 0)
2026-04-02 18:06:03.381 8 INFO neutron_taas.services.taas.taas_plugin [None req-3ef5407c-7d9a-4f92-bb60-e0330716684e 7a17ece194db4446a0978318cc6d32d4 3e3ce0e740f248bf9c7db2def80f3448 - - default default] TaaS: Handle Delete Port: 905e444b-1fed-4faa-97c4-bf5f5c6e0501
2026-04-02 18:06:03.383 8 INFO neutron_taas.services.taas.tap_mirror_plugin [None req-3ef5407c-7d9a-4f92-bb60-e0330716684e 7a17ece194db4446a0978318cc6d32d4 3e3ce0e740f248bf9c7db2def80f3448 - - default default] Tap Mirror: Handle Delete Port: 905e444b-1fed-4faa-97c4-bf5f5c6e0501
2026-04-02 18:06:03.735 8 INFO neutron.services.segments.plugin [-] Segment f8ec683d-ab4f-40f4-8d46-65bcaaaa9c58 resource provider aggregate not found
2026-04-02 18:06:03.743 8 INFO neutron.services.segments.plugin [-] Segment f8ec683d-ab4f-40f4-8d46-65bcaaaa9c58 resource provider aggregate not found
2026-04-02 18:06:03.756 8 INFO neutron.services.segments.plugin [-] Segment f8ec683d-ab4f-40f4-8d46-65bcaaaa9c58 resource provider not found; error: Placement Client Error (4xx): {"errors": [{"status": 404, "title": "Not Found", "detail": "The resource could not be found.\n\n No resource provider with uuid f8ec683d-ab4f-40f4-8d46-65bcaaaa9c58 found for delete ", "request_id": "req-106a8a2d-683a-4d73-9f74-e8094b9edca9"}]}
2026-04-02 18:06:03.759 8 INFO neutron.services.segments.plugin [-] Segment f8ec683d-ab4f-40f4-8d46-65bcaaaa9c58 resource provider not found; error: Placement Client Error (4xx): {"errors": [{"status": 404, "title": "Not Found", "detail": "The resource could not be found.\n\n No resource provider with uuid f8ec683d-ab4f-40f4-8d46-65bcaaaa9c58 found for delete ", "request_id": "req-b004d143-422d-4df7-b3e9-4e422e66bb8e"}]} [pid: 8|app: 0|req: 944/1875] 10.0.0.128 () {32 vars in 726 bytes} [Thu Apr 2 18:06:03 2026] DELETE /v2.0/networks/923a354e-5f48-482d-ac3d-4b9bfea67ca7 => generated 0 bytes in 578 msecs (HTTP/1.1 204) 3 headers in 131 bytes (1 switches on core 0)
2026-04-02 18:06:03.916 7 INFO neutron.db.segments_db [None req-e06c0b7e-d81b-4641-9225-9019781d56cf 7a17ece194db4446a0978318cc6d32d4 3e3ce0e740f248bf9c7db2def80f3448 - - default default] Added segment 44438a3c-26d6-4642-9d56-f7bc095b6a76 of type geneve for network d369fdcb-1fbf-4408-aabb-deb79e9a7976
2026-04-02 18:06:04.039 7 INFO neutron.db.ovn_revision_numbers_db [None req-e06c0b7e-d81b-4641-9225-9019781d56cf 7a17ece194db4446a0978318cc6d32d4 3e3ce0e740f248bf9c7db2def80f3448 - - default default] Successfully bumped revision number for resource d369fdcb-1fbf-4408-aabb-deb79e9a7976 (type: networks) to 1
2026-04-02 18:06:04.170 8 INFO neutron.db.ovn_revision_numbers_db [None req-7bd686c9-8649-4fab-bf27-f36803ec18e0 7ea2ff1cf59b43568dc6844c5c6f95f8 caf70a61e2f44bd596e5db3f62cf3117 - - default default] Successfully bumped revision number for resource 784a94ba-4e29-48c7-ab1b-5a9ba8b66771 (type: security_groups) to 1
2026-04-02 18:06:04.187 8 INFO neutron.db.ovn_revision_numbers_db [None req-7bd686c9-8649-4fab-bf27-f36803ec18e0 7ea2ff1cf59b43568dc6844c5c6f95f8 caf70a61e2f44bd596e5db3f62cf3117 - - default default] Successfully bumped revision number for resource 8cc4fa39-1233-45da-8938-a0e8f25934fb (type: security_group_rules) to 0
2026-04-02 18:06:04.202 8 INFO neutron.db.ovn_revision_numbers_db [None req-7bd686c9-8649-4fab-bf27-f36803ec18e0 7ea2ff1cf59b43568dc6844c5c6f95f8 caf70a61e2f44bd596e5db3f62cf3117 - - default default] Successfully bumped revision number for resource acc8286f-855f-4a31-b5d5-7b5a158552f3 (type: security_group_rules) to 0
2026-04-02 18:06:04.213 8 INFO neutron.db.ovn_revision_numbers_db [None req-7bd686c9-8649-4fab-bf27-f36803ec18e0 7ea2ff1cf59b43568dc6844c5c6f95f8 caf70a61e2f44bd596e5db3f62cf3117 - - default default] Successfully bumped revision number for resource aecd4ad2-aa9b-4e5b-9103-4fa7218d9c69 (type: security_group_rules) to 0
2026-04-02 18:06:04.229 8 INFO neutron.db.ovn_revision_numbers_db [None req-7bd686c9-8649-4fab-bf27-f36803ec18e0 7ea2ff1cf59b43568dc6844c5c6f95f8 caf70a61e2f44bd596e5db3f62cf3117 - - default default] Successfully bumped revision number for resource b7dedd5e-ec9d-4b10-8a73-b4b59faa0d8c (type: security_group_rules) to 0
2026-04-02 18:06:04.250 7 WARNING neutron.scheduler.dhcp_agent_scheduler [None req-e06c0b7e-d81b-4641-9225-9019781d56cf 7a17ece194db4446a0978318cc6d32d4 3e3ce0e740f248bf9c7db2def80f3448 - - default default] No more DHCP agents
2026-04-02 18:06:04.252 7 WARNING neutron.api.rpc.agentnotifiers.dhcp_rpc_agent_api [None req-e06c0b7e-d81b-4641-9225-9019781d56cf 7a17ece194db4446a0978318cc6d32d4 3e3ce0e740f248bf9c7db2def80f3448 - - default default] Unable to schedule network d369fdcb-1fbf-4408-aabb-deb79e9a7976: no agents available; will retry on subsequent port and subnet creation events.
2026-04-02 18:06:04.314 8 INFO neutron.plugins.ml2.drivers.ovn.mech_driver.mech_driver [None req-119d2b40-fb58-480d-a6ca-c7d399e5bea1 - - - - - -] OVN reports status down for port: 22bff7ff-3239-4fa0-8220-9e1648104210
2026-04-02 18:06:04.321 7 INFO neutron.db.ovn_revision_numbers_db [None req-e06c0b7e-d81b-4641-9225-9019781d56cf 7a17ece194db4446a0978318cc6d32d4 3e3ce0e740f248bf9c7db2def80f3448 - - default default] Successfully bumped revision number for resource 22bff7ff-3239-4fa0-8220-9e1648104210 (type: ports) to 1
2026-04-02 18:06:04.329 8 INFO neutron.db.segments_db [None req-7bd686c9-8649-4fab-bf27-f36803ec18e0 7ea2ff1cf59b43568dc6844c5c6f95f8 caf70a61e2f44bd596e5db3f62cf3117 - - default default] Added segment 34037ae3-e3f8-400e-81e4-75ab0b780dc1 of type geneve for network 20d3f2ea-b75b-4dc7-9fee-2a8df5d87aad [pid: 7|app: 0|req: 932/1876] 10.0.0.128 () {34 vars in 670 bytes} [Thu Apr 2 18:06:03 2026] POST /v2.0/networks => generated 749 bytes in 541 msecs (HTTP/1.1 201) 4 headers in 162 bytes (1 switches on core 0)
2026-04-02 18:06:04.482 8 INFO neutron.db.ovn_revision_numbers_db [None req-7bd686c9-8649-4fab-bf27-f36803ec18e0 7ea2ff1cf59b43568dc6844c5c6f95f8 caf70a61e2f44bd596e5db3f62cf3117 - - default default] Successfully bumped revision number for resource 20d3f2ea-b75b-4dc7-9fee-2a8df5d87aad (type: networks) to 1
2026-04-02 18:06:04.669 7 INFO neutron.db.ovn_revision_numbers_db [None req-9128e4bc-de7c-4a7e-827b-f4ab466e9666 1a7fce1cb33244388af861c309d03db1 3ad33cc897b64d44a8f0a183918a541c - - default default] Successfully bumped revision number for resource f9841540-1aa1-41e2-aa9c-7d22884bded4 (type: security_groups) to 1
2026-04-02 18:06:04.673 8 WARNING neutron.scheduler.dhcp_agent_scheduler [None req-7bd686c9-8649-4fab-bf27-f36803ec18e0 7ea2ff1cf59b43568dc6844c5c6f95f8 caf70a61e2f44bd596e5db3f62cf3117 - - default default] No more DHCP agents
2026-04-02 18:06:04.675 8 WARNING neutron.api.rpc.agentnotifiers.dhcp_rpc_agent_api [None req-7bd686c9-8649-4fab-bf27-f36803ec18e0 7ea2ff1cf59b43568dc6844c5c6f95f8 caf70a61e2f44bd596e5db3f62cf3117 - - default default] Unable to schedule network 20d3f2ea-b75b-4dc7-9fee-2a8df5d87aad: no agents available; will retry on subsequent port and subnet creation events.
2026-04-02 18:06:04.679 7 INFO neutron.db.ovn_revision_numbers_db [None req-9128e4bc-de7c-4a7e-827b-f4ab466e9666 1a7fce1cb33244388af861c309d03db1 3ad33cc897b64d44a8f0a183918a541c - - default default] Successfully bumped revision number for resource 0e57d619-8824-4197-9819-ab8ea0f275b1 (type: security_group_rules) to 0
2026-04-02 18:06:04.691 7 INFO neutron.db.ovn_revision_numbers_db [None req-9128e4bc-de7c-4a7e-827b-f4ab466e9666 1a7fce1cb33244388af861c309d03db1 3ad33cc897b64d44a8f0a183918a541c - - default default] Successfully bumped revision number for resource 69e660a6-efb9-459e-8007-9c6cf0058011 (type: security_group_rules) to 0
2026-04-02 18:06:04.720 7 INFO neutron.db.ovn_revision_numbers_db [None req-9128e4bc-de7c-4a7e-827b-f4ab466e9666 1a7fce1cb33244388af861c309d03db1 3ad33cc897b64d44a8f0a183918a541c - - default default] Successfully bumped revision number for resource 8a753a95-7a31-434e-acb6-712a35022e47 (type: security_group_rules) to 0
2026-04-02 18:06:04.723 7 INFO neutron.plugins.ml2.drivers.ovn.mech_driver.mech_driver [None req-760db2a1-629b-40dc-9ff5-0bed4cd9dd43 - - - - - -] OVN reports status down for port: 3cea8783-e397-4fc2-808f-8c5629b1ae2d
2026-04-02 18:06:04.744 7 INFO neutron.db.ovn_revision_numbers_db [None req-9128e4bc-de7c-4a7e-827b-f4ab466e9666 1a7fce1cb33244388af861c309d03db1 3ad33cc897b64d44a8f0a183918a541c - - default default] Successfully bumped revision number for resource d41b7e99-9511-4733-b2a5-0cfb1da168bc (type: security_group_rules) to 0
2026-04-02 18:06:04.753 8 INFO neutron.db.ovn_revision_numbers_db [None req-7bd686c9-8649-4fab-bf27-f36803ec18e0 7ea2ff1cf59b43568dc6844c5c6f95f8 caf70a61e2f44bd596e5db3f62cf3117 - - default default] Successfully bumped revision number for resource 3cea8783-e397-4fc2-808f-8c5629b1ae2d (type: ports) to 1 [pid: 8|app: 0|req: 945/1877] 10.0.0.128 () {34 vars in 670 bytes} [Thu Apr 2 18:06:03 2026] POST /v2.0/networks => generated 645 bytes in 970 msecs (HTTP/1.1 201) 4 headers in 162 bytes (1 switches on core 0)
2026-04-02 18:06:04.834 7 INFO neutron.db.segments_db [None req-9128e4bc-de7c-4a7e-827b-f4ab466e9666 1a7fce1cb33244388af861c309d03db1 3ad33cc897b64d44a8f0a183918a541c - - default default] Added segment 0d55e7ba-2a14-4931-a806-e0f801f423ab of type geneve for network 17103ba9-92d1-423d-93c4-1200cec5be09
2026-04-02 18:06:04.899 8 WARNING neutron.scheduler.dhcp_agent_scheduler [None req-a7a7e7d8-96c6-4bf7-97cf-938683405fac 7a17ece194db4446a0978318cc6d32d4 3e3ce0e740f248bf9c7db2def80f3448 - - default default] No more DHCP agents
2026-04-02 18:06:04.900 8 WARNING neutron.api.rpc.agentnotifiers.dhcp_rpc_agent_api [None req-a7a7e7d8-96c6-4bf7-97cf-938683405fac 7a17ece194db4446a0978318cc6d32d4 3e3ce0e740f248bf9c7db2def80f3448 - - default default] Unable to schedule network d369fdcb-1fbf-4408-aabb-deb79e9a7976: no agents available; will retry on subsequent port and subnet creation events.
2026-04-02 18:06:04.948 7 INFO neutron.db.ovn_revision_numbers_db [None req-9128e4bc-de7c-4a7e-827b-f4ab466e9666 1a7fce1cb33244388af861c309d03db1 3ad33cc897b64d44a8f0a183918a541c - - default default] Successfully bumped revision number for resource 17103ba9-92d1-423d-93c4-1200cec5be09 (type: networks) to 1
2026-04-02 18:06:05.158 7 WARNING neutron.scheduler.dhcp_agent_scheduler [None req-9128e4bc-de7c-4a7e-827b-f4ab466e9666 1a7fce1cb33244388af861c309d03db1 3ad33cc897b64d44a8f0a183918a541c - - default default] No more DHCP agents
2026-04-02 18:06:05.160 7 WARNING neutron.api.rpc.agentnotifiers.dhcp_rpc_agent_api [None req-9128e4bc-de7c-4a7e-827b-f4ab466e9666 1a7fce1cb33244388af861c309d03db1 3ad33cc897b64d44a8f0a183918a541c - - default default] Unable to schedule network 17103ba9-92d1-423d-93c4-1200cec5be09: no agents available; will retry on subsequent port and subnet creation events.
2026-04-02 18:06:05.238 7 INFO neutron.db.ovn_revision_numbers_db [None req-9128e4bc-de7c-4a7e-827b-f4ab466e9666 1a7fce1cb33244388af861c309d03db1 3ad33cc897b64d44a8f0a183918a541c - - default default] Successfully bumped revision number for resource c02a4780-ece7-44dd-8f43-cbe61e89654a (type: ports) to 1
2026-04-02 18:06:05.248 8 INFO neutron.plugins.ml2.drivers.ovn.mech_driver.mech_driver [None req-119d2b40-fb58-480d-a6ca-c7d399e5bea1 - - - - - -] OVN reports status down for port: c02a4780-ece7-44dd-8f43-cbe61e89654a [pid: 7|app: 0|req: 933/1878] 10.0.0.128 () {34 vars in 670 bytes} [Thu Apr 2 18:06:04 2026] POST /v2.0/networks => generated 669 bytes in 916 msecs (HTTP/1.1 201) 4 headers in 162 bytes (1 switches on core 0)
2026-04-02 18:06:05.444 7 INFO neutron.db.ovn_revision_numbers_db [None req-c5e203b5-4e4f-4052-b060-636a2311721f 4fa3bf1c5f0f473f8f73330ee5fe3ea2 544ca73dd9554e479dc30269fb9a7855 - - default default] Successfully bumped revision number for resource ee6d79f0-963b-4d5b-adee-02ab19a69ff6 (type: security_groups) to 1
2026-04-02 18:06:05.466 7 INFO neutron.db.ovn_revision_numbers_db [None req-c5e203b5-4e4f-4052-b060-636a2311721f 4fa3bf1c5f0f473f8f73330ee5fe3ea2 544ca73dd9554e479dc30269fb9a7855 - - default default] Successfully bumped revision number for resource 02ead174-9b30-4ffe-b2bc-4f34d86059da (type: security_group_rules) to 0
2026-04-02 18:06:05.485 7 INFO neutron.db.ovn_revision_numbers_db [None req-c5e203b5-4e4f-4052-b060-636a2311721f 4fa3bf1c5f0f473f8f73330ee5fe3ea2 544ca73dd9554e479dc30269fb9a7855 - - default default] Successfully bumped revision number for resource a06a2e71-10ab-4f2a-a19c-ac9afe3aabc0 (type: security_group_rules) to 0
2026-04-02 18:06:05.499 7 INFO neutron.db.ovn_revision_numbers_db [None req-c5e203b5-4e4f-4052-b060-636a2311721f 4fa3bf1c5f0f473f8f73330ee5fe3ea2 544ca73dd9554e479dc30269fb9a7855 - - default default] Successfully bumped revision number for resource e07c5473-683b-4d3b-861a-ef4520f23832 (type: security_group_rules) to 0
2026-04-02 18:06:05.516 7 INFO neutron.db.ovn_revision_numbers_db [None req-c5e203b5-4e4f-4052-b060-636a2311721f 4fa3bf1c5f0f473f8f73330ee5fe3ea2 544ca73dd9554e479dc30269fb9a7855 - - default default] Successfully bumped revision number for resource eb5131b0-9ae1-452d-98f8-ffbfc2bd1130 (type: security_group_rules) to 0
2026-04-02 18:06:05.517 8 INFO neutron.db.ovn_revision_numbers_db [None req-c5c15db2-e2ee-4f18-966e-8b3c51c78da5 - - - - - -] Successfully bumped revision number for resource 22bff7ff-3239-4fa0-8220-9e1648104210 (type: ports) to 2
2026-04-02 18:06:05.552 8 INFO neutron.db.ovn_revision_numbers_db [None req-c5c15db2-e2ee-4f18-966e-8b3c51c78da5 - - - - - -] Successfully bumped revision number for resource 12aa1481-c680-4736-adca-9fc2b4c2d521 (type: subnets) to 0 [pid: 8|app: 0|req: 946/1879] 10.0.0.128 () {34 vars in 669 bytes} [Thu Apr 2 18:06:04 2026] POST /v2.0/subnets => generated 647 bytes in 798 msecs (HTTP/1.1 201) 4 headers in 162 bytes (1 switches on core 0)
2026-04-02 18:06:05.595 7 INFO neutron.db.segments_db [None req-c5e203b5-4e4f-4052-b060-636a2311721f 4fa3bf1c5f0f473f8f73330ee5fe3ea2 544ca73dd9554e479dc30269fb9a7855 - - default default] Added segment 3d84fbf2-1ca6-4708-aa9d-00e038247581 of type geneve for network 29b16654-e338-4a69-bee2-862a3ede96f9
2026-04-02 18:06:05.709 7 INFO neutron.db.ovn_revision_numbers_db [None req-c5e203b5-4e4f-4052-b060-636a2311721f 4fa3bf1c5f0f473f8f73330ee5fe3ea2 544ca73dd9554e479dc30269fb9a7855 - - default default] Successfully bumped revision number for resource 29b16654-e338-4a69-bee2-862a3ede96f9 (type: networks) to 1
2026-04-02 18:06:05.776 8 WARNING neutron.scheduler.dhcp_agent_scheduler [None req-bc7cbb4a-ee15-4910-ba6d-a05ff6b21b4e 7ea2ff1cf59b43568dc6844c5c6f95f8 caf70a61e2f44bd596e5db3f62cf3117 - - default default] No more DHCP agents
2026-04-02 18:06:05.777 8 WARNING neutron.api.rpc.agentnotifiers.dhcp_rpc_agent_api [None req-bc7cbb4a-ee15-4910-ba6d-a05ff6b21b4e 7ea2ff1cf59b43568dc6844c5c6f95f8 caf70a61e2f44bd596e5db3f62cf3117 - - default default] Unable to schedule network 20d3f2ea-b75b-4dc7-9fee-2a8df5d87aad: no agents available; will retry on subsequent port and subnet creation events.
2026-04-02 18:06:05.844 7 WARNING neutron.scheduler.dhcp_agent_scheduler [None req-c5e203b5-4e4f-4052-b060-636a2311721f 4fa3bf1c5f0f473f8f73330ee5fe3ea2 544ca73dd9554e479dc30269fb9a7855 - - default default] No more DHCP agents
2026-04-02 18:06:05.845 7 WARNING neutron.api.rpc.agentnotifiers.dhcp_rpc_agent_api [None req-c5e203b5-4e4f-4052-b060-636a2311721f 4fa3bf1c5f0f473f8f73330ee5fe3ea2 544ca73dd9554e479dc30269fb9a7855 - - default default] Unable to schedule network 29b16654-e338-4a69-bee2-862a3ede96f9: no agents available; will retry on subsequent port and subnet creation events.
2026-04-02 18:06:05.911 7 INFO neutron.plugins.ml2.drivers.ovn.mech_driver.mech_driver [None req-760db2a1-629b-40dc-9ff5-0bed4cd9dd43 - - - - - -] OVN reports status down for port: db5b27ba-b5ed-405c-9c5e-894c9d81cca6
