2026-04-02 18:04:20.724 8 INFO neutron_taas.services.taas.tap_mirror_plugin [None req-393c3721-7705-4702-bde5-6f67b17c9994 dac8e7f9fd3b4e7ab4e8d147fd9c3db8 52f9aa1442564860b86b5a793b168d8d - - default default] Tap Mirror: Handle Delete Port: 69034146-b1b8-4c42-81bb-6a39b034917b [pid: 8|app: 0|req: 645/1237] 10.0.0.128 () {32 vars in 720 bytes} [Thu Apr 2 18:04:20 2026] DELETE /v2.0/ports/69034146-b1b8-4c42-81bb-6a39b034917b => generated 0 bytes in 258 msecs (HTTP/1.1 204) 3 headers in 131 bytes (1 switches on core 0)
2026-04-02 18:04:20.936 7 INFO neutron.services.segments.plugin [-] Segment d41b2d49-25ef-4083-96ff-9428a030a67e resource provider aggregate not found
2026-04-02 18:04:20.949 7 INFO neutron.services.segments.plugin [-] Segment d41b2d49-25ef-4083-96ff-9428a030a67e resource provider aggregate not found
2026-04-02 18:04:20.962 7 INFO neutron.services.segments.plugin [-] Segment d41b2d49-25ef-4083-96ff-9428a030a67e resource provider not found; error: Placement Client Error (4xx): {"errors": [{"status": 404, "title": "Not Found", "detail": "The resource could not be found.\n\n No resource provider with uuid d41b2d49-25ef-4083-96ff-9428a030a67e found for delete ", "request_id": "req-716afb7e-eb1f-4e2a-90bb-eb5ca4a66cc9"}]}
2026-04-02 18:04:20.975 7 INFO neutron.services.segments.plugin [-] Segment d41b2d49-25ef-4083-96ff-9428a030a67e resource provider not found; error: Placement Client Error (4xx): {"errors": [{"status": 404, "title": "Not Found", "detail": "The resource could not be found.\n\n No resource provider with uuid d41b2d49-25ef-4083-96ff-9428a030a67e found for delete ", "request_id": "req-53e9b3a2-47b4-42bb-9c0e-713334b0435c"}]}
2026-04-02 18:04:21.001 8 INFO neutron_taas.services.taas.taas_plugin [None req-1bd8450c-b88f-4469-bc23-e4d6f6f1f1f1 dac8e7f9fd3b4e7ab4e8d147fd9c3db8 52f9aa1442564860b86b5a793b168d8d - - default default] TaaS: Handle Delete Port: 8f6e3d65-5446-4207-a3c8-1edf2c14c1a1
2026-04-02 18:04:21.010 8 INFO neutron_taas.services.taas.tap_mirror_plugin [None req-1bd8450c-b88f-4469-bc23-e4d6f6f1f1f1 dac8e7f9fd3b4e7ab4e8d147fd9c3db8 52f9aa1442564860b86b5a793b168d8d - - default default] Tap Mirror: Handle Delete Port: 8f6e3d65-5446-4207-a3c8-1edf2c14c1a1 [pid: 7|app: 0|req: 593/1238] 10.0.0.128 () {32 vars in 724 bytes} [Thu Apr 2 18:04:20 2026] DELETE /v2.0/routers/d2fca08f-f29e-4b54-a1f9-76e4be20ac30 => generated 0 bytes in 802 msecs (HTTP/1.1 204) 2 headers in 112 bytes (1 switches on core 0) [pid: 7|app: 0|req: 594/1239] 10.0.0.128 () {32 vars in 724 bytes} [Thu Apr 2 18:04:21 2026] DELETE /v2.0/subnets/c39b07d2-74e4-4c70-b540-5dde06bb634d => generated 0 bytes in 226 msecs (HTTP/1.1 204) 3 headers in 131 bytes (1 switches on core 0)
2026-04-02 18:04:21.264 8 INFO neutron.services.segments.plugin [-] Segment da643317-9ac9-4f64-9c12-7941a1924eea resource provider aggregate not found
2026-04-02 18:04:21.269 8 INFO neutron.services.segments.plugin [-] Segment da643317-9ac9-4f64-9c12-7941a1924eea resource provider aggregate not found
2026-04-02 18:04:21.291 8 INFO neutron.services.segments.plugin [-] Segment da643317-9ac9-4f64-9c12-7941a1924eea resource provider not found; error: Placement Client Error (4xx): {"errors": [{"status": 404, "title": "Not Found", "detail": "The resource could not be found.\n\n No resource provider with uuid da643317-9ac9-4f64-9c12-7941a1924eea found for delete ", "request_id": "req-f7370b98-b74c-48b6-9c3e-b200788797e0"}]}
2026-04-02 18:04:21.295 8 INFO neutron.services.segments.plugin [-] Segment da643317-9ac9-4f64-9c12-7941a1924eea resource provider not found; error: Placement Client Error (4xx): {"errors": [{"status": 404, "title": "Not Found", "detail": "The resource could not be found.\n\n No resource provider with uuid da643317-9ac9-4f64-9c12-7941a1924eea found for delete ", "request_id": "req-9a156713-5e80-4137-b682-d53f64995cd9"}]} [pid: 8|app: 0|req: 646/1240] 10.0.0.128 () {32 vars in 726 bytes} [Thu Apr 2 18:04:20 2026] DELETE /v2.0/networks/9a8466a8-2ee9-4b2f-a4be-66a647de6489 => generated 0 bytes in 462 msecs (HTTP/1.1 204) 3 headers in 131 bytes (1 switches on core 0)
2026-04-02 18:04:21.404 7 INFO neutron_taas.services.taas.taas_plugin [None req-ee3f6bab-7024-419d-8897-d53c7cf1dc38 4fa3bf1c5f0f473f8f73330ee5fe3ea2 544ca73dd9554e479dc30269fb9a7855 - - default default] TaaS: Handle Delete Port: c502883d-d068-40c5-b313-4663dbad19b9
2026-04-02 18:04:21.406 7 INFO neutron_taas.services.taas.tap_mirror_plugin [None req-ee3f6bab-7024-419d-8897-d53c7cf1dc38 4fa3bf1c5f0f473f8f73330ee5fe3ea2 544ca73dd9554e479dc30269fb9a7855 - - default default] Tap Mirror: Handle Delete Port: c502883d-d068-40c5-b313-4663dbad19b9 [pid: 7|app: 0|req: 595/1241] 10.0.0.128 () {32 vars in 726 bytes} [Thu Apr 2 18:04:21 2026] DELETE /v2.0/networks/2f661685-ab52-4232-aaae-622c483ece4a => generated 0 bytes in 427 msecs (HTTP/1.1 204) 3 headers in 131 bytes (1 switches on core 0) [pid: 7|app: 0|req: 596/1242] 10.0.0.128 () {32 vars in 774 bytes} [Thu Apr 2 18:04:21 2026] GET /v2.0/security-groups?tenant_id=de3b1ac9dc294f38a0db47936381b02e&name=default => generated 2925 bytes in 34 msecs (HTTP/1.1 200) 4 headers in 158 bytes (1 switches on core 0)
2026-04-02 18:04:21.871 8 INFO neutron.db.ovn_revision_numbers_db [None req-f71a90b1-9ba9-4962-bc6f-0cb267a5f470 4fa3bf1c5f0f473f8f73330ee5fe3ea2 544ca73dd9554e479dc30269fb9a7855 - - default default] Successfully bumped revision number for resource dcc1a6a7-2d56-4862-bc17-ab60c01c6fce (type: security_groups) to 1
2026-04-02 18:04:21.883 8 INFO neutron.db.ovn_revision_numbers_db [None req-f71a90b1-9ba9-4962-bc6f-0cb267a5f470 4fa3bf1c5f0f473f8f73330ee5fe3ea2 544ca73dd9554e479dc30269fb9a7855 - - default default] Successfully bumped revision number for resource 271f4027-2aa2-4a3b-9c36-ef6f883bf14d (type: security_group_rules) to 0
2026-04-02 18:04:21.893 8 INFO neutron.db.ovn_revision_numbers_db [None req-f71a90b1-9ba9-4962-bc6f-0cb267a5f470 4fa3bf1c5f0f473f8f73330ee5fe3ea2 544ca73dd9554e479dc30269fb9a7855 - - default default] Successfully bumped revision number for resource 3e49617d-8457-44b3-aeba-84f00bf50a5c (type: security_group_rules) to 0
2026-04-02 18:04:21.904 8 INFO neutron.db.ovn_revision_numbers_db [None req-f71a90b1-9ba9-4962-bc6f-0cb267a5f470 4fa3bf1c5f0f473f8f73330ee5fe3ea2 544ca73dd9554e479dc30269fb9a7855 - - default default] Successfully bumped revision number for resource 9ffe1dea-7bf0-43a4-a22b-b5b510455420 (type: security_group_rules) to 0
2026-04-02 18:04:21.914 8 INFO neutron.db.ovn_revision_numbers_db [None req-f71a90b1-9ba9-4962-bc6f-0cb267a5f470 4fa3bf1c5f0f473f8f73330ee5fe3ea2 544ca73dd9554e479dc30269fb9a7855 - - default default] Successfully bumped revision number for resource b829fe09-4c22-4ced-8100-5b2a178f5679 (type: security_group_rules) to 0 [pid: 8|app: 0|req: 647/1243] 10.0.0.128 () {32 vars in 774 bytes} [Thu Apr 2 18:04:21 2026] GET /v2.0/security-groups?tenant_id=8d14a2576a33479d8706ab39182b10dc&name=default => generated 2925 bytes in 323 msecs (HTTP/1.1 200) 4 headers in 158 bytes (1 switches on core 0) [pid: 8|app: 0|req: 648/1244] 10.0.0.128 () {32 vars in 740 bytes} [Thu Apr 2 18:04:21 2026] DELETE /v2.0/security-groups/d7122f8d-6c14-4887-bfe9-8329e789c720 => generated 0 bytes in 276 msecs (HTTP/1.1 204) 2 headers in 112 bytes (1 switches on core 0) [pid: 7|app: 0|req: 597/1245] 10.0.0.128 () {32 vars in 774 bytes} [Thu Apr 2 18:04:21 2026] GET /v2.0/security-groups?tenant_id=52f9aa1442564860b86b5a793b168d8d&name=default => generated 2925 bytes in 419 msecs (HTTP/1.1 200) 4 headers in 158 bytes (1 switches on core 0) [pid: 8|app: 0|req: 649/1246] 10.0.0.128 () {32 vars in 740 bytes} [Thu Apr 2 18:04:22 2026] DELETE /v2.0/security-groups/dcc1a6a7-2d56-4862-bc17-ab60c01c6fce => generated 0 bytes in 289 msecs (HTTP/1.1 204) 2 headers in 112 bytes (1 switches on core 0) [pid: 7|app: 0|req: 598/1247] 10.0.0.128 () {32 vars in 740 bytes} [Thu Apr 2 18:04:22 2026] DELETE /v2.0/security-groups/a086b6d8-4b27-4528-97fb-535b07cd218c => generated 0 bytes in 320 msecs (HTTP/1.1 204) 2 headers in 112 bytes (1 switches on core 0)
2026-04-02 18:04:22.985 7 INFO neutron.services.segments.plugin [-] Segment 349219f4-76a8-4abe-b46b-342caaebafb3 resource provider aggregate not found
2026-04-02 18:04:22.998 7 INFO neutron.services.segments.plugin [-] Segment 349219f4-76a8-4abe-b46b-342caaebafb3 resource provider aggregate not found
2026-04-02 18:04:23.005 7 INFO neutron.services.segments.plugin [-] Segment 349219f4-76a8-4abe-b46b-342caaebafb3 resource provider not found; error: Placement Client Error (4xx): {"errors": [{"status": 404, "title": "Not Found", "detail": "The resource could not be found.\n\n No resource provider with uuid 349219f4-76a8-4abe-b46b-342caaebafb3 found for delete ", "request_id": "req-6a853061-2011-4a96-846f-890ba02839eb"}]}
2026-04-02 18:04:23.012 7 INFO neutron.services.segments.plugin [-] Segment 349219f4-76a8-4abe-b46b-342caaebafb3 resource provider not found; error: Placement Client Error (4xx): {"errors": [{"status": 404, "title": "Not Found", "detail": "The resource could not be found.\n\n No resource provider with uuid 349219f4-76a8-4abe-b46b-342caaebafb3 found for delete ", "request_id": "req-4223c970-4076-48e0-b664-e905c1f4898d"}]}
2026-04-02 18:04:24.432 8 INFO neutron.db.ovn_revision_numbers_db [None req-2319c1e3-7770-42d7-877c-9414e5d786a4 4fa3bf1c5f0f473f8f73330ee5fe3ea2 544ca73dd9554e479dc30269fb9a7855 - - default default] Successfully bumped revision number for resource 0e0178b6-0964-4dce-95b0-3abddd588d4c (type: security_groups) to 1
2026-04-02 18:04:24.444 8 INFO neutron.db.ovn_revision_numbers_db [None req-2319c1e3-7770-42d7-877c-9414e5d786a4 4fa3bf1c5f0f473f8f73330ee5fe3ea2 544ca73dd9554e479dc30269fb9a7855 - - default default] Successfully bumped revision number for resource 142e669a-6474-4a74-98e1-93ae697e2e4c (type: security_group_rules) to 0
2026-04-02 18:04:24.457 8 INFO neutron.db.ovn_revision_numbers_db [None req-2319c1e3-7770-42d7-877c-9414e5d786a4 4fa3bf1c5f0f473f8f73330ee5fe3ea2 544ca73dd9554e479dc30269fb9a7855 - - default default] Successfully bumped revision number for resource 4fc7af78-13d2-4447-aea0-d97c5905f87c (type: security_group_rules) to 0
2026-04-02 18:04:24.469 8 INFO neutron.db.ovn_revision_numbers_db [None req-2319c1e3-7770-42d7-877c-9414e5d786a4 4fa3bf1c5f0f473f8f73330ee5fe3ea2 544ca73dd9554e479dc30269fb9a7855 - - default default] Successfully bumped revision number for resource 5b6a93f1-00b5-4a53-896b-ad104cf25a62 (type: security_group_rules) to 0
2026-04-02 18:04:24.481 8 INFO neutron.db.ovn_revision_numbers_db [None req-2319c1e3-7770-42d7-877c-9414e5d786a4 4fa3bf1c5f0f473f8f73330ee5fe3ea2 544ca73dd9554e479dc30269fb9a7855 - - default default] Successfully bumped revision number for resource 98ef2102-227f-4ea0-a9ba-617cb2aa5179 (type: security_group_rules) to 0
2026-04-02 18:04:24.605 8 INFO neutron.db.segments_db [None req-2319c1e3-7770-42d7-877c-9414e5d786a4 4fa3bf1c5f0f473f8f73330ee5fe3ea2 544ca73dd9554e479dc30269fb9a7855 - - default default] Added segment a8841141-8716-4079-8145-43665b8c8ac6 of type geneve for network 17332c62-975e-40ae-a9f8-251984d63313
2026-04-02 18:04:24.610 7 INFO neutron.db.ovn_revision_numbers_db [None req-80d884be-f4f0-4719-9272-30e6b7a2e288 b6880807787545299f7d38f86ce121fd d16144f138754d0da24baed6adfa7b15 - - default default] Successfully bumped revision number for resource 2cbe8fec-f943-487d-81e1-0be655cbfc63 (type: security_groups) to 1
2026-04-02 18:04:24.625 7 INFO neutron.db.ovn_revision_numbers_db [None req-80d884be-f4f0-4719-9272-30e6b7a2e288 b6880807787545299f7d38f86ce121fd d16144f138754d0da24baed6adfa7b15 - - default default] Successfully bumped revision number for resource 33d484b7-3c4a-47ef-a3db-3930566cabf0 (type: security_group_rules) to 0
2026-04-02 18:04:24.639 7 INFO neutron.db.ovn_revision_numbers_db [None req-80d884be-f4f0-4719-9272-30e6b7a2e288 b6880807787545299f7d38f86ce121fd d16144f138754d0da24baed6adfa7b15 - - default default] Successfully bumped revision number for resource 4d044ee0-dda0-41dc-82a7-5a09cf99404d (type: security_group_rules) to 0
2026-04-02 18:04:24.658 7 INFO neutron.db.ovn_revision_numbers_db [None req-80d884be-f4f0-4719-9272-30e6b7a2e288 b6880807787545299f7d38f86ce121fd d16144f138754d0da24baed6adfa7b15 - - default default] Successfully bumped revision number for resource c0716c5c-04c9-4b42-b13b-28b9f85a2809 (type: security_group_rules) to 0
2026-04-02 18:04:24.671 7 INFO neutron.db.ovn_revision_numbers_db [None req-80d884be-f4f0-4719-9272-30e6b7a2e288 b6880807787545299f7d38f86ce121fd d16144f138754d0da24baed6adfa7b15 - - default default] Successfully bumped revision number for resource eef38825-88e6-4f7a-a26f-c0a7e063c995 (type: security_group_rules) to 0
2026-04-02 18:04:24.732 8 INFO neutron.db.ovn_revision_numbers_db [None req-2319c1e3-7770-42d7-877c-9414e5d786a4 4fa3bf1c5f0f473f8f73330ee5fe3ea2 544ca73dd9554e479dc30269fb9a7855 - - default default] Successfully bumped revision number for resource 17332c62-975e-40ae-a9f8-251984d63313 (type: networks) to 1
2026-04-02 18:04:24.754 7 INFO neutron.db.segments_db [None req-80d884be-f4f0-4719-9272-30e6b7a2e288 b6880807787545299f7d38f86ce121fd d16144f138754d0da24baed6adfa7b15 - - default default] Added segment 46aa78a6-634e-4f2f-90a8-94b85587953f of type geneve for network b9f63e71-453a-4ca8-b77d-f85da9dcb668
2026-04-02 18:04:24.842 7 INFO neutron.db.ovn_revision_numbers_db [None req-80d884be-f4f0-4719-9272-30e6b7a2e288 b6880807787545299f7d38f86ce121fd d16144f138754d0da24baed6adfa7b15 - - default default] Successfully bumped revision number for resource b9f63e71-453a-4ca8-b77d-f85da9dcb668 (type: networks) to 1
2026-04-02 18:04:24.912 8 WARNING neutron.scheduler.dhcp_agent_scheduler [None req-2319c1e3-7770-42d7-877c-9414e5d786a4 4fa3bf1c5f0f473f8f73330ee5fe3ea2 544ca73dd9554e479dc30269fb9a7855 - - default default] No more DHCP agents
2026-04-02 18:04:24.914 8 WARNING neutron.api.rpc.agentnotifiers.dhcp_rpc_agent_api [None req-2319c1e3-7770-42d7-877c-9414e5d786a4 4fa3bf1c5f0f473f8f73330ee5fe3ea2 544ca73dd9554e479dc30269fb9a7855 - - default default] Unable to schedule network 17332c62-975e-40ae-a9f8-251984d63313: no agents available; will retry on subsequent port and subnet creation events.
2026-04-02 18:04:24.993 7 INFO neutron.plugins.ml2.drivers.ovn.mech_driver.mech_driver [None req-9398e3ba-e148-4b6a-88b4-fb75305d4806 - - - - - -] OVN reports status down for port: 0f655eaa-5c87-4ab9-aac9-5511f7db77aa
2026-04-02 18:04:25.013 8 INFO neutron.db.ovn_revision_numbers_db [None req-2319c1e3-7770-42d7-877c-9414e5d786a4 4fa3bf1c5f0f473f8f73330ee5fe3ea2 544ca73dd9554e479dc30269fb9a7855 - - default default] Successfully bumped revision number for resource 0f655eaa-5c87-4ab9-aac9-5511f7db77aa (type: ports) to 1 [pid: 8|app: 0|req: 650/1248] 10.0.0.128 () {34 vars in 671 bytes} [Thu Apr 2 18:04:24 2026] POST /v2.0/networks => generated 760 bytes in 1029 msecs (HTTP/1.1 201) 4 headers in 162 bytes (1 switches on core 0)
2026-04-02 18:04:25.092 7 WARNING neutron.scheduler.dhcp_agent_scheduler [None req-80d884be-f4f0-4719-9272-30e6b7a2e288 b6880807787545299f7d38f86ce121fd d16144f138754d0da24baed6adfa7b15 - - default default] No more DHCP agents
2026-04-02 18:04:25.093 7 WARNING neutron.api.rpc.agentnotifiers.dhcp_rpc_agent_api [None req-80d884be-f4f0-4719-9272-30e6b7a2e288 b6880807787545299f7d38f86ce121fd d16144f138754d0da24baed6adfa7b15 - - default default] Unable to schedule network b9f63e71-453a-4ca8-b77d-f85da9dcb668: no agents available; will retry on subsequent port and subnet creation events.
2026-04-02 18:04:25.165 7 INFO neutron.plugins.ml2.drivers.ovn.mech_driver.mech_driver [None req-9398e3ba-e148-4b6a-88b4-fb75305d4806 - - - - - -] OVN reports status down for port: 2a75eb74-5d11-4718-b342-de3ec9fc4220
2026-04-02 18:04:25.226 7 INFO neutron.db.ovn_revision_numbers_db [None req-80d884be-f4f0-4719-9272-30e6b7a2e288 b6880807787545299f7d38f86ce121fd d16144f138754d0da24baed6adfa7b15 - - default default] Successfully bumped revision number for resource 2a75eb74-5d11-4718-b342-de3ec9fc4220 (type: ports) to 1
2026-04-02 18:04:25.278 8 INFO neutron.db.ovn_revision_numbers_db [None req-8b219e18-c39f-43b1-89f7-2063eab9aac7 4fa3bf1c5f0f473f8f73330ee5fe3ea2 544ca73dd9554e479dc30269fb9a7855 - - default default] Successfully bumped revision number for resource d5dfa574-e9ee-4a5d-9032-bf850b0ca7f2 (type: security_groups) to 1
2026-04-02 18:04:25.291 8 INFO neutron.db.ovn_revision_numbers_db [None req-8b219e18-c39f-43b1-89f7-2063eab9aac7 4fa3bf1c5f0f473f8f73330ee5fe3ea2 544ca73dd9554e479dc30269fb9a7855 - - default default] Successfully bumped revision number for resource 1122150c-58a0-4c0d-8ac5-c309953a37c7 (type: security_group_rules) to 0 [pid: 7|app: 0|req: 599/1249] 10.0.0.128 () {34 vars in 670 bytes} [Thu Apr 2 18:04:24 2026] POST /v2.0/networks => generated 666 bytes in 918 msecs (HTTP/1.1 201) 4 headers in 162 bytes (1 switches on core 0)
2026-04-02 18:04:25.303 8 INFO neutron.db.ovn_revision_numbers_db [None req-8b219e18-c39f-43b1-89f7-2063eab9aac7 4fa3bf1c5f0f473f8f73330ee5fe3ea2 544ca73dd9554e479dc30269fb9a7855 - - default default] Successfully bumped revision number for resource 3a50ee24-f4ca-487c-a337-0a31a914f4cd (type: security_group_rules) to 0
2026-04-02 18:04:25.313 8 INFO neutron.db.ovn_revision_numbers_db [None req-8b219e18-c39f-43b1-89f7-2063eab9aac7 4fa3bf1c5f0f473f8f73330ee5fe3ea2 544ca73dd9554e479dc30269fb9a7855 - - default default] Successfully bumped revision number for resource 6f7df76a-c3de-44fe-b06a-76424104a184 (type: security_group_rules) to 0
2026-04-02 18:04:25.325 8 INFO neutron.db.ovn_revision_numbers_db [None req-8b219e18-c39f-43b1-89f7-2063eab9aac7 4fa3bf1c5f0f473f8f73330ee5fe3ea2 544ca73dd9554e479dc30269fb9a7855 - - default default] Successfully bumped revision number for resource d64c606c-e1fd-4ddb-b801-b708de2a2735 (type: security_group_rules) to 0 [pid: 8|app: 0|req: 651/1250] 10.0.0.128 () {32 vars in 774 bytes} [Thu Apr 2 18:04:25 2026] GET /v2.0/security-groups?tenant_id=b6c4c2d40c024742ae57d2faf703d042&name=default => generated 2925 bytes in 350 msecs (HTTP/1.1 200) 4 headers in 158 bytes (1 switches on core 0)
2026-04-02 18:04:25.466 7 INFO neutron.db.ovn_revision_numbers_db [None req-82fe87b9-bb9d-4393-996a-08e71f9fea4c eb7e4f35713848ac941e8f16f08ab4f8 21bad27a06a44b04b4229e936bb22a09 - - default default] Successfully bumped revision number for resource 33a7eb08-7d59-4472-9643-bef52dbc5db8 (type: security_groups) to 1
2026-04-02 18:04:25.479 7 INFO neutron.db.ovn_revision_numbers_db [None req-82fe87b9-bb9d-4393-996a-08e71f9fea4c eb7e4f35713848ac941e8f16f08ab4f8 21bad27a06a44b04b4229e936bb22a09 - - default default] Successfully bumped revision number for resource 1463f777-02af-4bc9-904b-17dfebe4ef77 (type: security_group_rules) to 0
2026-04-02 18:04:25.492 7 INFO neutron.db.ovn_revision_numbers_db [None req-82fe87b9-bb9d-4393-996a-08e71f9fea4c eb7e4f35713848ac941e8f16f08ab4f8 21bad27a06a44b04b4229e936bb22a09 - - default default] Successfully bumped revision number for resource acdfbcfb-b457-43e4-866f-fbc4bb40be56 (type: security_group_rules) to 0
2026-04-02 18:04:25.504 7 INFO neutron.db.ovn_revision_numbers_db [None req-82fe87b9-bb9d-4393-996a-08e71f9fea4c eb7e4f35713848ac941e8f16f08ab4f8 21bad27a06a44b04b4229e936bb22a09 - - default default] Successfully bumped revision number for resource ae6a7dec-d302-43e4-acf7-589b57d0f90c (type: security_group_rules) to 0
2026-04-02 18:04:25.521 7 INFO neutron.db.ovn_revision_numbers_db [None req-82fe87b9-bb9d-4393-996a-08e71f9fea4c eb7e4f35713848ac941e8f16f08ab4f8 21bad27a06a44b04b4229e936bb22a09 - - default default] Successfully bumped revision number for resource ed97efb0-62bd-47cd-9107-90263b66cd1a (type: security_group_rules) to 0
2026-04-02 18:04:25.556 8 WARNING neutron.scheduler.dhcp_agent_scheduler [None req-18c4d435-71e8-47a1-8bba-80fb09bfcdde 4fa3bf1c5f0f473f8f73330ee5fe3ea2 544ca73dd9554e479dc30269fb9a7855 - - default default] No more DHCP agents
2026-04-02 18:04:25.557 8 WARNING neutron.api.rpc.agentnotifiers.dhcp_rpc_agent_api [None req-18c4d435-71e8-47a1-8bba-80fb09bfcdde 4fa3bf1c5f0f473f8f73330ee5fe3ea2 544ca73dd9554e479dc30269fb9a7855 - - default default] Unable to schedule network 17332c62-975e-40ae-a9f8-251984d63313: no agents available; will retry on subsequent port and subnet creation events.
2026-04-02 18:04:25.607 7 INFO neutron.db.segments_db [None req-82fe87b9-bb9d-4393-996a-08e71f9fea4c eb7e4f35713848ac941e8f16f08ab4f8 21bad27a06a44b04b4229e936bb22a09 - - default default] Added segment 67b0bd17-4690-48cc-91a1-808f26df7c04 of type geneve for network 02e2a516-e6f1-494d-b517-367cda2a74df
2026-04-02 18:04:25.731 7 INFO neutron.db.ovn_revision_numbers_db [None req-82fe87b9-bb9d-4393-996a-08e71f9fea4c eb7e4f35713848ac941e8f16f08ab4f8 21bad27a06a44b04b4229e936bb22a09 - - default default] Successfully bumped revision number for resource 02e2a516-e6f1-494d-b517-367cda2a74df (type: networks) to 1
2026-04-02 18:04:25.910 7 WARNING neutron.scheduler.dhcp_agent_scheduler [None req-82fe87b9-bb9d-4393-996a-08e71f9fea4c eb7e4f35713848ac941e8f16f08ab4f8 21bad27a06a44b04b4229e936bb22a09 - - default default] No more DHCP agents
2026-04-02 18:04:25.911 7 WARNING neutron.api.rpc.agentnotifiers.dhcp_rpc_agent_api [None req-82fe87b9-bb9d-4393-996a-08e71f9fea4c eb7e4f35713848ac941e8f16f08ab4f8 21bad27a06a44b04b4229e936bb22a09 - - default default] Unable to schedule network 02e2a516-e6f1-494d-b517-367cda2a74df: no agents available; will retry on subsequent port and subnet creation events.
2026-04-02 18:04:25.963 7 INFO neutron.plugins.ml2.drivers.ovn.mech_driver.mech_driver [None req-9398e3ba-e148-4b6a-88b4-fb75305d4806 - - - - - -] OVN reports status down for port: e065b018-7a79-4b5d-bd5b-c40eab985f6f
2026-04-02 18:04:26.046 8 INFO neutron.db.ovn_revision_numbers_db [None req-391a764e-78bc-48ad-93ee-8d435358e90d - - - - - -] Successfully bumped revision number for resource 0f655eaa-5c87-4ab9-aac9-5511f7db77aa (type: ports) to 2
2026-04-02 18:04:26.080 7 INFO neutron.db.ovn_revision_numbers_db [None req-82fe87b9-bb9d-4393-996a-08e71f9fea4c eb7e4f35713848ac941e8f16f08ab4f8 21bad27a06a44b04b4229e936bb22a09 - - default default] Successfully bumped revision number for resource e065b018-7a79-4b5d-bd5b-c40eab985f6f (type: ports) to 1
2026-04-02 18:04:26.095 8 INFO neutron.db.ovn_revision_numbers_db [None req-391a764e-78bc-48ad-93ee-8d435358e90d - - - - - -] Successfully bumped revision number for resource 5ce0a496-0c4b-412d-b8ef-a6039d303a6b (type: subnets) to 0 [pid: 8|app: 0|req: 652/1251] 10.0.0.128 () {34 vars in 669 bytes} [Thu Apr 2 18:04:25 2026] POST /v2.0/subnets => generated 685 bytes in 741 msecs (HTTP/1.1 201) 4 headers in 162 bytes (1 switches on core 0) [pid: 7|app: 0|req: 600/1252] 10.0.0.128 () {34 vars in 670 bytes} [Thu Apr 2 18:04:25 2026] POST /v2.0/networks => generated 663 bytes in 835 msecs (HTTP/1.1 201) 4 headers in 162 bytes (1 switches on core 0)
2026-04-02 18:04:26.324 7 WARNING neutron.scheduler.dhcp_agent_scheduler [None req-cb52c417-b72a-433e-91c9-88e62775d458 b6880807787545299f7d38f86ce121fd d16144f138754d0da24baed6adfa7b15 - - default default] No more DHCP agents
2026-04-02 18:04:26.325 7 WARNING neutron.api.rpc.agentnotifiers.dhcp_rpc_agent_api [None req-cb52c417-b72a-433e-91c9-88e62775d458 b6880807787545299f7d38f86ce121fd d16144f138754d0da24baed6adfa7b15 - - default default] Unable to schedule network b9f63e71-453a-4ca8-b77d-f85da9dcb668: no agents available; will retry on subsequent port and subnet creation events.
2026-04-02 18:04:26.363 7 INFO neutron.db.ovn_revision_numbers_db [None req-cb52c417-b72a-433e-91c9-88e62775d458 b6880807787545299f7d38f86ce121fd d16144f138754d0da24baed6adfa7b15 - - default default] Successfully bumped revision number for resource 2bd52249-d605-4f52-abaa-fe25a5e16eba (type: subnets) to 0 [pid: 8|app: 0|req: 653/1255] 10.0.0.128 () {32 vars in 740 bytes} [Thu Apr 2 18:04:26 2026] DELETE /v2.0/security-groups/d5dfa574-e9ee-4a5d-9032-bf850b0ca7f2 => generated 0 bytes in 238 msecs (HTTP/1.1 204) 2 headers in 112 bytes (1 switches on core 0) [pid: 7|app: 0|req: 603/1256] 10.0.0.128 () {34 vars in 669 bytes} [Thu Apr 2 18:04:26 2026] POST /v2.0/subnets => generated 673 bytes in 244 msecs (HTTP/1.1 201) 4 headers in 162 bytes (1 switches on core 0)
2026-04-02 18:04:26.593 8 WARNING neutron.scheduler.dhcp_agent_scheduler [None req-cb70301f-c63a-4a2d-b444-5d2ff839ddfd eb7e4f35713848ac941e8f16f08ab4f8 21bad27a06a44b04b4229e936bb22a09 - - default default] No more DHCP agents
2026-04-02 18:04:26.595 8 WARNING neutron.api.rpc.agentnotifiers.dhcp_rpc_agent_api [None req-cb70301f-c63a-4a2d-b444-5d2ff839ddfd eb7e4f35713848ac941e8f16f08ab4f8 21bad27a06a44b04b4229e936bb22a09 - - default default] Unable to schedule network 02e2a516-e6f1-494d-b517-367cda2a74df: no agents available; will retry on subsequent port and subnet creation events.
2026-04-02 18:04:26.686 8 INFO neutron.db.ovn_revision_numbers_db [None req-cb70301f-c63a-4a2d-b444-5d2ff839ddfd eb7e4f35713848ac941e8f16f08ab4f8 21bad27a06a44b04b4229e936bb22a09 - - default default] Successfully bumped revision number for resource 62c6b5a2-bef4-472c-b24b-49900ddf1019 (type: ports) to 1 [pid: 8|app: 0|req: 654/1257] 10.0.0.128 () {34 vars in 665 bytes} [Thu Apr 2 18:04:26 2026] POST /v2.0/ports => generated 774 bytes in 364 msecs (HTTP/1.1 201) 4 headers in 162 bytes (1 switches on core 0) /var/lib/openstack/lib/python3.12/site-packages/pycadf/identifier.py:70: UserWarning: Invalid uuid: neutron. To ensure interoperability, identifiers should be a valid uuid. warnings.warn(('Invalid uuid: %s. To ensure interoperability, '
2026-04-02 18:04:26.816 8 INFO neutron.db.segments_db [None req-d29730a4-941b-4428-ba3e-108b98d3257e b6880807787545299f7d38f86ce121fd d16144f138754d0da24baed6adfa7b15 - - default default] Added segment e8d7c197-b414-4fb3-80df-7ca67d660fc2 of type geneve for network 462313e3-9146-4dc9-b977-3c9fe715e26d
2026-04-02 18:04:26.920 8 INFO neutron.db.ovn_revision_numbers_db [None req-d29730a4-941b-4428-ba3e-108b98d3257e b6880807787545299f7d38f86ce121fd d16144f138754d0da24baed6adfa7b15 - - default default] Successfully bumped revision number for resource 462313e3-9146-4dc9-b977-3c9fe715e26d (type: networks) to 1
2026-04-02 18:04:26.929 7 INFO neutron.plugins.ml2.drivers.ovn.mech_driver.mech_driver [None req-9398e3ba-e148-4b6a-88b4-fb75305d4806 - - - - - -] OVN reports status down for port: 62c6b5a2-bef4-472c-b24b-49900ddf1019
2026-04-02 18:04:27.081 8 WARNING neutron.scheduler.dhcp_agent_scheduler [None req-d29730a4-941b-4428-ba3e-108b98d3257e b6880807787545299f7d38f86ce121fd d16144f138754d0da24baed6adfa7b15 - - default default] No more DHCP agents
2026-04-02 18:04:27.082 8 WARNING neutron.api.rpc.agentnotifiers.dhcp_rpc_agent_api [None req-d29730a4-941b-4428-ba3e-108b98d3257e b6880807787545299f7d38f86ce121fd d16144f138754d0da24baed6adfa7b15 - - default default] Unable to schedule network 462313e3-9146-4dc9-b977-3c9fe715e26d: no agents available; will retry on subsequent port and subnet creation events.
2026-04-02 18:04:27.162 7 INFO neutron.plugins.ml2.drivers.ovn.mech_driver.mech_driver [None req-9398e3ba-e148-4b6a-88b4-fb75305d4806 - - - - - -] OVN reports status down for port: b4e7f0f5-1be1-4dd7-8505-5251a3c3dc72
2026-04-02 18:04:27.170 8 INFO neutron.db.ovn_revision_numbers_db [None req-d29730a4-941b-4428-ba3e-108b98d3257e b6880807787545299f7d38f86ce121fd d16144f138754d0da24baed6adfa7b15 - - default default] Successfully bumped revision number for resource b4e7f0f5-1be1-4dd7-8505-5251a3c3dc72 (type: ports) to 1 [pid: 8|app: 0|req: 655/1258] 10.0.0.128 () {34 vars in 670 bytes} [Thu Apr 2 18:04:26 2026] POST /v2.0/networks => generated 666 bytes in 463 msecs (HTTP/1.1 201) 4 headers in 162 bytes (1 switches on core 0)
2026-04-02 18:04:27.338 8 INFO neutron.db.ovn_revision_numbers_db [None req-87f1a6ed-0dc9-4fd0-83af-7164413aa8bb 4fa3bf1c5f0f473f8f73330ee5fe3ea2 544ca73dd9554e479dc30269fb9a7855 - - default default] Successfully bumped revision number for resource 2e218c41-45ab-49fc-a51b-1c9348fe9b4a (type: security_groups) to 1
2026-04-02 18:04:27.351 8 INFO neutron.db.ovn_revision_numbers_db [None req-87f1a6ed-0dc9-4fd0-83af-7164413aa8bb 4fa3bf1c5f0f473f8f73330ee5fe3ea2 544ca73dd9554e479dc30269fb9a7855 - - default default] Successfully bumped revision number for resource 7516d15e-7563-4673-96b4-cd254e9ca399 (type: security_group_rules) to 0
2026-04-02 18:04:27.363 8 INFO neutron.db.ovn_revision_numbers_db [None req-87f1a6ed-0dc9-4fd0-83af-7164413aa8bb 4fa3bf1c5f0f473f8f73330ee5fe3ea2 544ca73dd9554e479dc30269fb9a7855 - - default default] Successfully bumped revision number for resource 77c53278-c8b9-472c-89bc-e0069453c310 (type: security_group_rules) to 0
2026-04-02 18:04:27.376 8 INFO neutron.db.ovn_revision_numbers_db [None req-87f1a6ed-0dc9-4fd0-83af-7164413aa8bb 4fa3bf1c5f0f473f8f73330ee5fe3ea2 544ca73dd9554e479dc30269fb9a7855 - - default default] Successfully bumped revision number for resource 948003de-8047-49c6-b17f-36f56ce76328 (type: security_group_rules) to 0
2026-04-02 18:04:27.393 8 INFO neutron.db.ovn_revision_numbers_db [None req-87f1a6ed-0dc9-4fd0-83af-7164413aa8bb 4fa3bf1c5f0f473f8f73330ee5fe3ea2 544ca73dd9554e479dc30269fb9a7855 - - default default] Successfully bumped revision number for resource e86a3cac-536f-46b6-a83d-15e5cc3e2846 (type: security_group_rules) to 0
2026-04-02 18:04:27.428 7 WARNING neutron.scheduler.dhcp_agent_scheduler [None req-2c618c98-d794-4826-9ac9-1dfce40ddaca 4fa3bf1c5f0f473f8f73330ee5fe3ea2 544ca73dd9554e479dc30269fb9a7855 - - default default] No more DHCP agents
2026-04-02 18:04:27.430 7 WARNING neutron.api.rpc.agentnotifiers.dhcp_rpc_agent_api [None req-2c618c98-d794-4826-9ac9-1dfce40ddaca 4fa3bf1c5f0f473f8f73330ee5fe3ea2 544ca73dd9554e479dc30269fb9a7855 - - default default] Unable to schedule network fe720857-379f-418e-86b5-21aa52510b21: no agents available; will retry on subsequent port and subnet creation events. [pid: 8|app: 0|req: 656/1259] 10.0.0.128 () {32 vars in 774 bytes} [Thu Apr 2 18:04:27 2026] GET /v2.0/security-groups?tenant_id=2fd46576071946a8b23a61177369a54b&name=default => generated 2925 bytes in 234 msecs (HTTP/1.1 200) 4 headers in 158 bytes (1 switches on core 0)
2026-04-02 18:04:27.523 8 INFO neutron.db.segments_db [None req-d13aaf84-12b0-40f1-beed-5748fcd4e11b eb7e4f35713848ac941e8f16f08ab4f8 21bad27a06a44b04b4229e936bb22a09 - - default default] Added segment 8c36680b-289a-48f2-9729-a0bcb9cf17b2 of type geneve for network 5e665316-b151-4ca9-84d3-d234a799f7d8
2026-04-02 18:04:27.553 7 INFO neutron.plugins.ml2.drivers.ovn.mech_driver.mech_driver [None req-9398e3ba-e148-4b6a-88b4-fb75305d4806 - - - - - -] OVN reports status down for port: 19216973-5a27-4a77-9dc0-f98e240dd292
2026-04-02 18:04:27.608 7 INFO neutron.db.ovn_revision_numbers_db [None req-2c618c98-d794-4826-9ac9-1dfce40ddaca 4fa3bf1c5f0f473f8f73330ee5fe3ea2 544ca73dd9554e479dc30269fb9a7855 - - default default] Successfully bumped revision number for resource 19216973-5a27-4a77-9dc0-f98e240dd292 (type: ports) to 1
2026-04-02 18:04:27.647 8 INFO neutron.db.ovn_revision_numbers_db [None req-d13aaf84-12b0-40f1-beed-5748fcd4e11b eb7e4f35713848ac941e8f16f08ab4f8 21bad27a06a44b04b4229e936bb22a09 - - default default] Successfully bumped revision number for resource 5e665316-b151-4ca9-84d3-d234a799f7d8 (type: networks) to 1
2026-04-02 18:04:27.838 8 WARNING neutron.scheduler.dhcp_agent_scheduler [None req-d13aaf84-12b0-40f1-beed-5748fcd4e11b eb7e4f35713848ac941e8f16f08ab4f8 21bad27a06a44b04b4229e936bb22a09 - - default default] No more DHCP agents
2026-04-02 18:04:27.841 8 WARNING neutron.api.rpc.agentnotifiers.dhcp_rpc_agent_api [None req-d13aaf84-12b0-40f1-beed-5748fcd4e11b eb7e4f35713848ac941e8f16f08ab4f8 21bad27a06a44b04b4229e936bb22a09 - - default default] Unable to schedule network 5e665316-b151-4ca9-84d3-d234a799f7d8: no agents available; will retry on subsequent port and subnet creation events.
2026-04-02 18:04:27.911 7 INFO neutron.plugins.ml2.drivers.ovn.mech_driver.mech_driver [None req-9398e3ba-e148-4b6a-88b4-fb75305d4806 - - - - - -] OVN reports status down for port: 6a7881d0-d6ea-45f2-a769-fd389289844d
2026-04-02 18:04:27.969 8 INFO neutron.db.ovn_revision_numbers_db [None req-d13aaf84-12b0-40f1-beed-5748fcd4e11b eb7e4f35713848ac941e8f16f08ab4f8 21bad27a06a44b04b4229e936bb22a09 - - default default] Successfully bumped revision number for resource 6a7881d0-d6ea-45f2-a769-fd389289844d (type: ports) to 1 [pid: 8|app: 0|req: 657/1260] 10.0.0.128 () {34 vars in 670 bytes} [Thu Apr 2 18:04:27 2026] POST /v2.0/networks => generated 650 bytes in 566 msecs (HTTP/1.1 201) 4 headers in 162 bytes (1 switches on core 0)
2026-04-02 18:04:28.162 8 INFO neutron.db.ovn_revision_numbers_db [None req-99ad4652-39ff-4294-81ab-8ce199675580 b6880807787545299f7d38f86ce121fd d16144f138754d0da24baed6adfa7b15 - - default default] Successfully bumped revision number for resource 462313e3-9146-4dc9-b977-3c9fe715e26d (type: networks) to 2 [pid: 8|app: 0|req: 658/1261] 10.0.0.128 () {34 vars in 743 bytes} [Thu Apr 2 18:04:27 2026] PUT /v2.0/networks/462313e3-9146-4dc9-b977-3c9fe715e26d => generated 636 bytes in 170 msecs (HTTP/1.1 200) 4 headers in 157 bytes (1 switches on core 0)
2026-04-02 18:04:28.397 7 INFO neutron.plugins.ml2.drivers.ovn.mech_driver.ovsdb.commands [None req-7906d1dd-8bff-4494-855a-8bc7e6276423 - - - - - -] Schedule LRP lrp-19216973-5a27-4a77-9dc0-f98e240dd292 on gateway fd5c3231-cd52-4b53-8b2b-cdc0ff097d81 with priority 1
2026-04-02 18:04:28.444 7 INFO neutron.plugins.ml2.drivers.ovn.mech_driver.mech_driver [None req-9398e3ba-e148-4b6a-88b4-fb75305d4806 - - - - - -] OVN reports status up for port: 19216973-5a27-4a77-9dc0-f98e240dd292
2026-04-02 18:04:28.460 7 INFO neutron.plugins.ml2.drivers.ovn.mech_driver.ovsdb.ovsdb_monitor [None req-abed9cdc-53e5-4728-837a-c4a1f48ac725 - - - - - -] Router c9813909-8ad2-4610-99bc-1d0c09cb76ff is bound to host instance [pid: 8|app: 0|req: 659/1262] 10.0.0.128 () {32 vars in 740 bytes} [Thu Apr 2 18:04:28 2026] DELETE /v2.0/security-groups/2e218c41-45ab-49fc-a51b-1c9348fe9b4a => generated 0 bytes in 324 msecs (HTTP/1.1 204) 2 headers in 112 bytes (1 switches on core 0)
2026-04-02 18:04:28.512 7 INFO neutron.plugins.ml2.plugin [None req-9398e3ba-e148-4b6a-88b4-fb75305d4806 - - - - - -] Attempt 1 to provision port 19216973-5a27-4a77-9dc0-f98e240dd292
2026-04-02 18:04:28.563 7 INFO neutron.db.ovn_revision_numbers_db [None req-2c618c98-d794-4826-9ac9-1dfce40ddaca 4fa3bf1c5f0f473f8f73330ee5fe3ea2 544ca73dd9554e479dc30269fb9a7855 - - default default] Successfully bumped revision number for resource 19216973-5a27-4a77-9dc0-f98e240dd292 (type: router_ports) to 1
2026-04-02 18:04:28.713 8 WARNING neutron.scheduler.dhcp_agent_scheduler [None req-d690118e-171d-42a7-9c62-7bbaa82ffb96 eb7e4f35713848ac941e8f16f08ab4f8 21bad27a06a44b04b4229e936bb22a09 - - default default] No more DHCP agents
2026-04-02 18:04:28.714 8 WARNING neutron.api.rpc.agentnotifiers.dhcp_rpc_agent_api [None req-d690118e-171d-42a7-9c62-7bbaa82ffb96 eb7e4f35713848ac941e8f16f08ab4f8 21bad27a06a44b04b4229e936bb22a09 - - default default] Unable to schedule network 5e665316-b151-4ca9-84d3-d234a799f7d8: no agents available; will retry on subsequent port and subnet creation events.
2026-04-02 18:04:28.780 7 INFO neutron.db.ovn_revision_numbers_db [None req-2c618c98-d794-4826-9ac9-1dfce40ddaca 4fa3bf1c5f0f473f8f73330ee5fe3ea2 544ca73dd9554e479dc30269fb9a7855 - - default default] Successfully bumped revision number for resource c9813909-8ad2-4610-99bc-1d0c09cb76ff (type: routers) to 2 [pid: 7|app: 0|req: 604/1263] 10.0.0.128 () {34 vars in 669 bytes} [Thu Apr 2 18:04:26 2026] POST /v2.0/routers => generated 963 bytes in 2438 msecs (HTTP/1.1 201) 4 headers in 162 bytes (1 switches on core 0)
2026-04-02 18:04:29.207 7 WARNING neutron.scheduler.dhcp_agent_scheduler [None req-f8654f0d-f7a2-48c6-af44-484645a42ea4 b6880807787545299f7d38f86ce121fd d16144f138754d0da24baed6adfa7b15 - - default default] No more DHCP agents
2026-04-02 18:04:29.210 7 WARNING neutron.api.rpc.agentnotifiers.dhcp_rpc_agent_api [None req-f8654f0d-f7a2-48c6-af44-484645a42ea4 b6880807787545299f7d38f86ce121fd d16144f138754d0da24baed6adfa7b15 - - default default] Unable to schedule network 462313e3-9146-4dc9-b977-3c9fe715e26d: no agents available; will retry on subsequent port and subnet creation events.
2026-04-02 18:04:29.236 8 INFO neutron.db.ovn_revision_numbers_db [None req-ad27f1fd-8991-42aa-b9fa-52e95b0c769c - - - - - -] Successfully bumped revision number for resource 6a7881d0-d6ea-45f2-a769-fd389289844d (type: ports) to 2
2026-04-02 18:04:29.266 7 INFO neutron.db.ovn_revision_numbers_db [None req-f8654f0d-f7a2-48c6-af44-484645a42ea4 b6880807787545299f7d38f86ce121fd d16144f138754d0da24baed6adfa7b15 - - default default] Successfully bumped revision number for resource fd534388-79d9-438d-8f6a-479f3b713b12 (type: subnets) to 0
2026-04-02 18:04:29.267 8 INFO neutron.db.ovn_revision_numbers_db [None req-ad27f1fd-8991-42aa-b9fa-52e95b0c769c - - - - - -] Successfully bumped revision number for resource c3a5b8fc-f782-44e5-bda1-4a2d9388d8f1 (type: subnets) to 0 [pid: 8|app: 0|req: 660/1264] 10.0.0.128 () {34 vars in 669 bytes} [Thu Apr 2 18:04:28 2026] POST /v2.0/subnets => generated 626 bytes in 788 msecs (HTTP/1.1 201) 4 headers in 162 bytes (1 switches on core 0) [pid: 7|app: 0|req: 605/1265] 10.0.0.128 () {34 vars in 669 bytes} [Thu Apr 2 18:04:28 2026] POST /v2.0/subnets => generated 646 bytes in 488 msecs (HTTP/1.1 201) 4 headers in 162 bytes (1 switches on core 0)
2026-04-02 18:04:29.790 8 WARNING neutron.scheduler.dhcp_agent_scheduler [None req-36c3da24-f315-41ab-b3ae-e24fc51724a3 4fa3bf1c5f0f473f8f73330ee5fe3ea2 544ca73dd9554e479dc30269fb9a7855 - - default default] No more DHCP agents
2026-04-02 18:04:29.791 8 WARNING neutron.api.rpc.agentnotifiers.dhcp_rpc_agent_api [None req-36c3da24-f315-41ab-b3ae-e24fc51724a3 4fa3bf1c5f0f473f8f73330ee5fe3ea2 544ca73dd9554e479dc30269fb9a7855 - - default default] Unable to schedule network 17332c62-975e-40ae-a9f8-251984d63313: no agents available; will retry on subsequent port and subnet creation events.
2026-04-02 18:04:29.873 7 WARNING neutron.scheduler.dhcp_agent_scheduler [None req-32c21559-8507-4793-91b2-fd14e107ec58 eb7e4f35713848ac941e8f16f08ab4f8 21bad27a06a44b04b4229e936bb22a09 - - default default] No more DHCP agents
2026-04-02 18:04:29.882 7 WARNING neutron.api.rpc.agentnotifiers.dhcp_rpc_agent_api [None req-32c21559-8507-4793-91b2-fd14e107ec58 eb7e4f35713848ac941e8f16f08ab4f8 21bad27a06a44b04b4229e936bb22a09 - - default default] Unable to schedule network 5e665316-b151-4ca9-84d3-d234a799f7d8: no agents available; will retry on subsequent port and subnet creation events.
2026-04-02 18:04:29.963 8 INFO neutron.plugins.ml2.drivers.ovn.mech_driver.mech_driver [None req-c170e60d-de7b-4d27-9b5f-01c384fed861 - - - - - -] OVN reports status down for port: 7a4a9af6-6002-487c-af17-74ba62ca86b2
2026-04-02 18:04:30.016 8 INFO neutron.db.ovn_revision_numbers_db [None req-36c3da24-f315-41ab-b3ae-e24fc51724a3 4fa3bf1c5f0f473f8f73330ee5fe3ea2 544ca73dd9554e479dc30269fb9a7855 - - default default] Successfully bumped revision number for resource 7a4a9af6-6002-487c-af17-74ba62ca86b2 (type: ports) to 1
2026-04-02 18:04:30.295 7 INFO neutron.db.ovn_revision_numbers_db [None req-219d9495-8b33-46bf-9ca7-22c765b0be8f - - - - - -] Successfully bumped revision number for resource 19216973-5a27-4a77-9dc0-f98e240dd292 (type: ports) to 4
2026-04-02 18:04:30.298 7 INFO neutron.db.ovn_revision_numbers_db [None req-32c21559-8507-4793-91b2-fd14e107ec58 eb7e4f35713848ac941e8f16f08ab4f8 21bad27a06a44b04b4229e936bb22a09 - - default default] Successfully bumped revision number for resource 2916c27b-48ee-4ba9-a124-98a1f100568f (type: ports) to 1 [pid: 7|app: 0|req: 606/1266] 10.0.0.128 () {34 vars in 665 bytes} [Thu Apr 2 18:04:29 2026] POST /v2.0/ports => generated 950 bytes in 1172 msecs (HTTP/1.1 201) 4 headers in 162 bytes (1 switches on core 0) /var/lib/openstack/lib/python3.12/site-packages/pycadf/identifier.py:70: UserWarning: Invalid uuid: neutron. To ensure interoperability, identifiers should be a valid uuid. warnings.warn(('Invalid uuid: %s. To ensure interoperability, '
2026-04-02 18:04:30.778 8 INFO neutron.plugins.ml2.drivers.ovn.mech_driver.mech_driver [None req-c170e60d-de7b-4d27-9b5f-01c384fed861 - - - - - -] OVN reports status up for port: 7a4a9af6-6002-487c-af17-74ba62ca86b2
2026-04-02 18:04:30.799 8 INFO neutron.plugins.ml2.plugin [None req-c170e60d-de7b-4d27-9b5f-01c384fed861 - - - - - -] Attempt 1 to provision port 7a4a9af6-6002-487c-af17-74ba62ca86b2
2026-04-02 18:04:30.953 8 WARNING neutron.scheduler.dhcp_agent_scheduler [None req-36c3da24-f315-41ab-b3ae-e24fc51724a3 4fa3bf1c5f0f473f8f73330ee5fe3ea2 544ca73dd9554e479dc30269fb9a7855 - - default default] No more DHCP agents
2026-04-02 18:04:30.958 8 WARNING neutron.api.rpc.agentnotifiers.dhcp_rpc_agent_api [None req-36c3da24-f315-41ab-b3ae-e24fc51724a3 4fa3bf1c5f0f473f8f73330ee5fe3ea2 544ca73dd9554e479dc30269fb9a7855 - - default default] Unable to schedule network 17332c62-975e-40ae-a9f8-251984d63313: no agents available; will retry on subsequent port and subnet creation events.
2026-04-02 18:04:30.962 7 INFO neutron.db.ovn_revision_numbers_db [None req-219d9495-8b33-46bf-9ca7-22c765b0be8f - - - - - -] Successfully bumped revision number for resource 19216973-5a27-4a77-9dc0-f98e240dd292 (type: ports) to 5
2026-04-02 18:04:31.449 7 INFO neutron.plugins.ml2.drivers.ovn.mech_driver.mech_driver [None req-9398e3ba-e148-4b6a-88b4-fb75305d4806 - - - - - -] OVN reports status down for port: 2916c27b-48ee-4ba9-a124-98a1f100568f
2026-04-02 18:04:31.450 7 INFO neutron.db.ovn_revision_numbers_db [None req-d7b242a0-7f97-4d6d-a19e-7d60ecbe7e6d - - - - - -] Successfully bumped revision number for resource b4e7f0f5-1be1-4dd7-8505-5251a3c3dc72 (type: ports) to 2
2026-04-02 18:04:31.525 7 INFO neutron.db.ovn_revision_numbers_db [None req-d7b242a0-7f97-4d6d-a19e-7d60ecbe7e6d - - - - - -] Successfully bumped revision number for resource fd534388-79d9-438d-8f6a-479f3b713b12 (type: subnets) to 1 [pid: 7|app: 0|req: 607/1267] 10.0.0.128 () {34 vars in 741 bytes} [Thu Apr 2 18:04:30 2026] PUT /v2.0/subnets/fd534388-79d9-438d-8f6a-479f3b713b12 => generated 656 bytes in 1056 msecs (HTTP/1.1 200) 4 headers in 157 bytes (1 switches on core 0)
2026-04-02 18:04:31.631 8 INFO neutron.db.ovn_revision_numbers_db [None req-c170e60d-de7b-4d27-9b5f-01c384fed861 - - - - - -] Successfully bumped revision number for resource 7a4a9af6-6002-487c-af17-74ba62ca86b2 (type: ports) to 2
2026-04-02 18:04:31.680 7 INFO neutron_taas.services.taas.taas_plugin [None req-5cabc64e-ec0e-46a2-8a36-5948149aa6ec eb7e4f35713848ac941e8f16f08ab4f8 21bad27a06a44b04b4229e936bb22a09 - - default default] TaaS: Handle Delete Port: 2916c27b-48ee-4ba9-a124-98a1f100568f
2026-04-02 18:04:31.683 7 INFO neutron_taas.services.taas.tap_mirror_plugin [None req-5cabc64e-ec0e-46a2-8a36-5948149aa6ec eb7e4f35713848ac941e8f16f08ab4f8 21bad27a06a44b04b4229e936bb22a09 - - default default] Tap Mirror: Handle Delete Port: 2916c27b-48ee-4ba9-a124-98a1f100568f [pid: 7|app: 0|req: 608/1268] 10.0.0.128 () {32 vars in 720 bytes} [Thu Apr 2 18:04:31 2026] DELETE /v2.0/ports/2916c27b-48ee-4ba9-a124-98a1f100568f => generated 0 bytes in 358 msecs (HTTP/1.1 204) 3 headers in 131 bytes (1 switches on core 0)
2026-04-02 18:04:31.944 8 INFO neutron.db.ovn_revision_numbers_db [None req-36c3da24-f315-41ab-b3ae-e24fc51724a3 4fa3bf1c5f0f473f8f73330ee5fe3ea2 544ca73dd9554e479dc30269fb9a7855 - - default default] Successfully bumped revision number for resource 7a4a9af6-6002-487c-af17-74ba62ca86b2 (type: router_ports) to 1 [pid: 8|app: 0|req: 661/1269] 10.0.0.128 () {34 vars in 783 bytes} [Thu Apr 2 18:04:29 2026] PUT /v2.0/routers/c9813909-8ad2-4610-99bc-1d0c09cb76ff/add_router_interface => generated 309 bytes in 2670 msecs (HTTP/1.1 200) 4 headers in 157 bytes (1 switches on core 0)
2026-04-02 18:04:31.970 8 INFO neutron.pecan_wsgi.hooks.translation [None req-c4ae7d3b-a200-4034-af4d-d9e0e573ab43 eb7e4f35713848ac941e8f16f08ab4f8 21bad27a06a44b04b4229e936bb22a09 - - default default] DELETE failed (client error): The resource could not be found. [pid: 8|app: 0|req: 662/1270] 10.0.0.128 () {32 vars in 720 bytes} [Thu Apr 2 18:04:31 2026] DELETE /v2.0/ports/2916c27b-48ee-4ba9-a124-98a1f100568f => generated 132 bytes in 20 msecs (HTTP/1.1 404) 4 headers in 164 bytes (1 switches on core 0)
2026-04-02 18:04:31.998 8 INFO neutron.pecan_wsgi.hooks.translation [None req-1236daf0-0c45-4fcf-9a6c-2008d3c65622 eb7e4f35713848ac941e8f16f08ab4f8 21bad27a06a44b04b4229e936bb22a09 - - default default] GET failed (client error): The resource could not be found. [pid: 8|app: 0|req: 663/1271] 10.0.0.128 () {32 vars in 717 bytes} [Thu Apr 2 18:04:31 2026] GET /v2.0/ports/2916c27b-48ee-4ba9-a124-98a1f100568f => generated 132 bytes in 20 msecs (HTTP/1.1 404) 4 headers in 164 bytes (1 switches on core 0)
2026-04-02 18:04:32.025 7 INFO neutron_taas.services.taas.taas_plugin [None req-64497392-d8a9-41c7-a72a-c9649c9efb29 b6880807787545299f7d38f86ce121fd d16144f138754d0da24baed6adfa7b15 - - default default] TaaS: Handle Delete Port: b4e7f0f5-1be1-4dd7-8505-5251a3c3dc72
2026-04-02 18:04:32.028 7 INFO neutron_taas.services.taas.tap_mirror_plugin [None req-64497392-d8a9-41c7-a72a-c9649c9efb29 b6880807787545299f7d38f86ce121fd d16144f138754d0da24baed6adfa7b15 - - default default] Tap Mirror: Handle Delete Port: b4e7f0f5-1be1-4dd7-8505-5251a3c3dc72 [pid: 8|app: 0|req: 664/1272] 10.0.0.128 () {32 vars in 724 bytes} [Thu Apr 2 18:04:32 2026] DELETE /v2.0/subnets/c3a5b8fc-f782-44e5-bda1-4a2d9388d8f1 => generated 0 bytes in 235 msecs (HTTP/1.1 204) 3 headers in 131 bytes (1 switches on core 0)
2026-04-02 18:04:32.347 7 INFO neutron.services.segments.plugin [-] Segment e8d7c197-b414-4fb3-80df-7ca67d660fc2 resource provider aggregate not found
2026-04-02 18:04:32.348 7 INFO neutron.services.segments.plugin [-] Segment e8d7c197-b414-4fb3-80df-7ca67d660fc2 resource provider aggregate not found
2026-04-02 18:04:32.370 7 INFO neutron.services.segments.plugin [-] Segment e8d7c197-b414-4fb3-80df-7ca67d660fc2 resource provider not found; error: Placement Client Error (4xx): {"errors": [{"status": 404, "title": "Not Found", "detail": "The resource could not be found.\n\n No resource provider with uuid e8d7c197-b414-4fb3-80df-7ca67d660fc2 found for delete ", "request_id": "req-cc6a7c9d-c1f8-4d06-8741-3cefa10a1fed"}]}
2026-04-02 18:04:32.379 7 INFO neutron.services.segments.plugin [-] Segment e8d7c197-b414-4fb3-80df-7ca67d660fc2 resource provider not found; error: Placement Client Error (4xx): {"errors": [{"status": 404, "title": "Not Found", "detail": "The resource could not be found.\n\n No resource provider with uuid e8d7c197-b414-4fb3-80df-7ca67d660fc2 found for delete ", "request_id": "req-da9e5921-e0ac-4dd4-968a-1ac2657ee50c"}]}
2026-04-02 18:04:32.387 8 INFO neutron_taas.services.taas.taas_plugin [None req-d114281b-d110-4be5-9688-9c99cdcd5ccc eb7e4f35713848ac941e8f16f08ab4f8 21bad27a06a44b04b4229e936bb22a09 - - default default] TaaS: Handle Delete Port: 6a7881d0-d6ea-45f2-a769-fd389289844d
2026-04-02 18:04:32.395 8 INFO neutron_taas.services.taas.tap_mirror_plugin [None req-d114281b-d110-4be5-9688-9c99cdcd5ccc eb7e4f35713848ac941e8f16f08ab4f8 21bad27a06a44b04b4229e936bb22a09 - - default default] Tap Mirror: Handle Delete Port: 6a7881d0-d6ea-45f2-a769-fd389289844d [pid: 7|app: 0|req: 609/1273] 10.0.0.128 () {32 vars in 726 bytes} [Thu Apr 2 18:04:31 2026] DELETE /v2.0/networks/462313e3-9146-4dc9-b977-3c9fe715e26d => generated 0 bytes in 516 msecs (HTTP/1.1 204) 3 headers in 131 bytes (1 switches on core 0)
2026-04-02 18:04:32.426 7 INFO neutron.pecan_wsgi.hooks.translation [None req-cc01f853-e49d-43b5-b199-4a0cb4792c68 b6880807787545299f7d38f86ce121fd d16144f138754d0da24baed6adfa7b15 - - default default] DELETE failed (client error): The resource could not be found. [pid: 7|app: 0|req: 610/1274] 10.0.0.128 () {32 vars in 726 bytes} [Thu Apr 2 18:04:32 2026] DELETE /v2.0/networks/462313e3-9146-4dc9-b977-3c9fe715e26d => generated 138 bytes in 14 msecs (HTTP/1.1 404) 4 headers in 164 bytes (1 switches on core 0) [pid: 7|app: 0|req: 611/1275] 10.0.0.128 () {32 vars in 694 bytes} [Thu Apr 2 18:04:32 2026] GET /v2.0/networks?router%3Aexternal=True => generated 689 bytes in 61 msecs (HTTP/1.1 200) 4 headers in 157 bytes (1 switches on core 0) [pid: 7|app: 0|req: 612/1276] 10.0.0.128 () {32 vars in 742 bytes} [Thu Apr 2 18:04:32 2026] GET /v2.0/subnets?network_id=fe720857-379f-418e-86b5-21aa52510b21 => generated 649 bytes in 52 msecs (HTTP/1.1 200) 4 headers in 157 bytes (1 switches on core 0)
2026-04-02 18:04:32.600 8 INFO neutron.services.segments.plugin [-] Segment 8c36680b-289a-48f2-9729-a0bcb9cf17b2 resource provider aggregate not found
2026-04-02 18:04:32.603 8 INFO neutron.services.segments.plugin [-] Segment 8c36680b-289a-48f2-9729-a0bcb9cf17b2 resource provider aggregate not found
2026-04-02 18:04:32.627 8 INFO neutron.services.segments.plugin [-] Segment 8c36680b-289a-48f2-9729-a0bcb9cf17b2 resource provider not found; error: Placement Client Error (4xx): {"errors": [{"status": 404, "title": "Not Found", "detail": "The resource could not be found.\n\n No resource provider with uuid 8c36680b-289a-48f2-9729-a0bcb9cf17b2 found for delete ", "request_id": "req-d573cbd0-0970-4d00-ae09-b6678f2372be"}]}
