2026-04-02 18:06:05.969 7 INFO neutron.db.ovn_revision_numbers_db [None req-c5e203b5-4e4f-4052-b060-636a2311721f 4fa3bf1c5f0f473f8f73330ee5fe3ea2 544ca73dd9554e479dc30269fb9a7855 - - default default] Successfully bumped revision number for resource db5b27ba-b5ed-405c-9c5e-894c9d81cca6 (type: ports) to 1 [pid: 7|app: 0|req: 934/1880] 10.0.0.128 () {34 vars in 671 bytes} [Thu Apr 2 18:06:05 2026] POST /v2.0/networks => generated 762 bytes in 734 msecs (HTTP/1.1 201) 4 headers in 162 bytes (1 switches on core 0)
2026-04-02 18:06:06.203 7 WARNING neutron.scheduler.dhcp_agent_scheduler [None req-87446a2a-71e9-4185-b7a2-5809bcf89b16 1a7fce1cb33244388af861c309d03db1 3ad33cc897b64d44a8f0a183918a541c - - default default] No more DHCP agents
2026-04-02 18:06:06.204 7 WARNING neutron.api.rpc.agentnotifiers.dhcp_rpc_agent_api [None req-87446a2a-71e9-4185-b7a2-5809bcf89b16 1a7fce1cb33244388af861c309d03db1 3ad33cc897b64d44a8f0a183918a541c - - default default] Unable to schedule network 17103ba9-92d1-423d-93c4-1200cec5be09: no agents available; will retry on subsequent port and subnet creation events.
2026-04-02 18:06:06.247 7 INFO neutron.db.ovn_revision_numbers_db [None req-87446a2a-71e9-4185-b7a2-5809bcf89b16 1a7fce1cb33244388af861c309d03db1 3ad33cc897b64d44a8f0a183918a541c - - default default] Successfully bumped revision number for resource 4598f38b-656b-44e2-8a93-19fa94b14bfe (type: subnets) to 0
2026-04-02 18:06:06.258 8 INFO neutron.db.ovn_revision_numbers_db [None req-9062f113-af07-4791-b111-10928d6bb454 - - - - - -] Successfully bumped revision number for resource 3cea8783-e397-4fc2-808f-8c5629b1ae2d (type: ports) to 2 [pid: 7|app: 0|req: 935/1881] 10.0.0.128 () {34 vars in 669 bytes} [Thu Apr 2 18:06:05 2026] POST /v2.0/subnets => generated 627 bytes in 268 msecs (HTTP/1.1 201) 4 headers in 162 bytes (1 switches on core 0)
2026-04-02 18:06:06.297 8 INFO neutron.db.ovn_revision_numbers_db [None req-9062f113-af07-4791-b111-10928d6bb454 - - - - - -] Successfully bumped revision number for resource bd81281c-d38b-4069-a8a9-64e00814c762 (type: subnets) to 0 [pid: 8|app: 0|req: 947/1882] 10.0.0.128 () {34 vars in 669 bytes} [Thu Apr 2 18:06:05 2026] POST /v2.0/subnets => generated 626 bytes in 745 msecs (HTTP/1.1 201) 4 headers in 162 bytes (1 switches on core 0) [pid: 7|app: 0|req: 936/1883] 10.0.0.15 () {28 vars in 582 bytes} [Thu Apr 2 18:06:06 2026] GET /v2.0/subnets => generated 3214 bytes in 72 msecs (HTTP/1.1 200) 4 headers in 158 bytes (1 switches on core 0)
2026-04-02 18:06:06.475 7 WARNING neutron.scheduler.dhcp_agent_scheduler [None req-7a54843d-0653-4cfd-afa5-c4bce49d6d49 4fa3bf1c5f0f473f8f73330ee5fe3ea2 544ca73dd9554e479dc30269fb9a7855 - - default default] No more DHCP agents
2026-04-02 18:06:06.477 7 WARNING neutron.api.rpc.agentnotifiers.dhcp_rpc_agent_api [None req-7a54843d-0653-4cfd-afa5-c4bce49d6d49 4fa3bf1c5f0f473f8f73330ee5fe3ea2 544ca73dd9554e479dc30269fb9a7855 - - default default] Unable to schedule network 29b16654-e338-4a69-bee2-862a3ede96f9: no agents available; will retry on subsequent port and subnet creation events. [pid: 8|app: 0|req: 948/1884] 10.0.0.128 () {34 vars in 681 bytes} [Thu Apr 2 18:06:06 2026] POST /v2.0/rbac-policies => generated 324 bytes in 233 msecs (HTTP/1.1 201) 4 headers in 162 bytes (1 switches on core 0)
2026-04-02 18:06:06.929 7 INFO neutron.db.ovn_revision_numbers_db [None req-b177231a-6bc0-40ab-9951-20dc1795587c - - - - - -] Successfully bumped revision number for resource db5b27ba-b5ed-405c-9c5e-894c9d81cca6 (type: ports) to 2
2026-04-02 18:06:06.971 7 INFO neutron.db.ovn_revision_numbers_db [None req-b177231a-6bc0-40ab-9951-20dc1795587c - - - - - -] Successfully bumped revision number for resource c0c7bd3d-0f4b-43f8-a121-855354fbd0bd (type: subnets) to 0
2026-04-02 18:06:06.985 8 WARNING neutron.scheduler.dhcp_agent_scheduler [None req-fbec63f4-6ce2-420d-a961-8821e10eaa12 1a7fce1cb33244388af861c309d03db1 3ad33cc897b64d44a8f0a183918a541c - - default default] No more DHCP agents
2026-04-02 18:06:06.987 8 WARNING neutron.api.rpc.agentnotifiers.dhcp_rpc_agent_api [None req-fbec63f4-6ce2-420d-a961-8821e10eaa12 1a7fce1cb33244388af861c309d03db1 3ad33cc897b64d44a8f0a183918a541c - - default default] Unable to schedule network fe720857-379f-418e-86b5-21aa52510b21: no agents available; will retry on subsequent port and subnet creation events. [pid: 7|app: 0|req: 937/1885] 10.0.0.128 () {34 vars in 669 bytes} [Thu Apr 2 18:06:06 2026] POST /v2.0/subnets => generated 687 bytes in 653 msecs (HTTP/1.1 201) 4 headers in 162 bytes (1 switches on core 0)
2026-04-02 18:06:07.132 7 INFO neutron.plugins.ml2.drivers.ovn.mech_driver.mech_driver [None req-760db2a1-629b-40dc-9ff5-0bed4cd9dd43 - - - - - -] OVN reports status down for port: f4ca0020-f800-4ab3-be67-552ff995b53c
2026-04-02 18:06:07.136 8 INFO neutron.db.ovn_revision_numbers_db [None req-fbec63f4-6ce2-420d-a961-8821e10eaa12 1a7fce1cb33244388af861c309d03db1 3ad33cc897b64d44a8f0a183918a541c - - default default] Successfully bumped revision number for resource f4ca0020-f800-4ab3-be67-552ff995b53c (type: ports) to 1
2026-04-02 18:06:07.496 7 WARNING neutron.scheduler.dhcp_agent_scheduler [None req-30c84d1a-4558-4153-ade4-b0645983df64 7ea2ff1cf59b43568dc6844c5c6f95f8 caf70a61e2f44bd596e5db3f62cf3117 - - default default] No more DHCP agents
2026-04-02 18:06:07.498 7 WARNING neutron.api.rpc.agentnotifiers.dhcp_rpc_agent_api [None req-30c84d1a-4558-4153-ade4-b0645983df64 7ea2ff1cf59b43568dc6844c5c6f95f8 caf70a61e2f44bd596e5db3f62cf3117 - - default default] Unable to schedule network fe720857-379f-418e-86b5-21aa52510b21: no agents available; will retry on subsequent port and subnet creation events.
2026-04-02 18:06:07.620 7 INFO neutron.plugins.ml2.drivers.ovn.mech_driver.mech_driver [None req-760db2a1-629b-40dc-9ff5-0bed4cd9dd43 - - - - - -] OVN reports status down for port: 7674ef91-db4d-466f-bb67-ab5663a3219c
2026-04-02 18:06:07.673 7 INFO neutron.db.ovn_revision_numbers_db [None req-30c84d1a-4558-4153-ade4-b0645983df64 7ea2ff1cf59b43568dc6844c5c6f95f8 caf70a61e2f44bd596e5db3f62cf3117 - - default default] Successfully bumped revision number for resource 7674ef91-db4d-466f-bb67-ab5663a3219c (type: ports) to 1
2026-04-02 18:06:07.716 8 INFO neutron.plugins.ml2.drivers.ovn.mech_driver.ovsdb.commands [None req-1eb569fb-2223-42e9-b4bd-9d82f926dcf7 - - - - - -] Schedule LRP lrp-f4ca0020-f800-4ab3-be67-552ff995b53c on gateway fd5c3231-cd52-4b53-8b2b-cdc0ff097d81 with priority 1
2026-04-02 18:06:07.776 8 INFO neutron.db.ovn_revision_numbers_db [None req-fbec63f4-6ce2-420d-a961-8821e10eaa12 1a7fce1cb33244388af861c309d03db1 3ad33cc897b64d44a8f0a183918a541c - - default default] Successfully bumped revision number for resource f4ca0020-f800-4ab3-be67-552ff995b53c (type: router_ports) to 1
2026-04-02 18:06:07.806 7 INFO neutron.plugins.ml2.drivers.ovn.mech_driver.mech_driver [None req-760db2a1-629b-40dc-9ff5-0bed4cd9dd43 - - - - - -] OVN reports status up for port: f4ca0020-f800-4ab3-be67-552ff995b53c
2026-04-02 18:06:07.834 7 INFO neutron.plugins.ml2.plugin [None req-760db2a1-629b-40dc-9ff5-0bed4cd9dd43 - - - - - -] Attempt 1 to provision port f4ca0020-f800-4ab3-be67-552ff995b53c
2026-04-02 18:06:07.846 8 INFO neutron.db.ovn_revision_numbers_db [None req-fbec63f4-6ce2-420d-a961-8821e10eaa12 1a7fce1cb33244388af861c309d03db1 3ad33cc897b64d44a8f0a183918a541c - - default default] Successfully bumped revision number for resource ef8a6787-82f7-4939-8cbf-99efc0fd7ac9 (type: routers) to 2 [pid: 8|app: 0|req: 949/1886] 10.0.0.128 () {34 vars in 669 bytes} [Thu Apr 2 18:06:06 2026] POST /v2.0/routers => generated 955 bytes in 1309 msecs (HTTP/1.1 201) 4 headers in 162 bytes (1 switches on core 0) [pid: 8|app: 0|req: 950/1887] 10.0.0.15 () {28 vars in 590 bytes} [Thu Apr 2 18:06:07 2026] GET /v2.0/subnetpools => generated 19 bytes in 9 msecs (HTTP/1.1 200) 4 headers in 156 bytes (1 switches on core 0) [pid: 8|app: 0|req: 951/1888] 10.0.0.128 () {32 vars in 723 bytes} [Thu Apr 2 18:06:07 2026] GET /v2.0/networks/d369fdcb-1fbf-4408-aabb-deb79e9a7976 => generated 693 bytes in 106 msecs (HTTP/1.1 200) 4 headers in 157 bytes (1 switches on core 0)
2026-04-02 18:06:08.426 8 WARNING neutron.scheduler.dhcp_agent_scheduler [None req-dc2162ff-b9d7-447d-ab2f-c3d25611cd44 4fa3bf1c5f0f473f8f73330ee5fe3ea2 544ca73dd9554e479dc30269fb9a7855 - - default default] No more DHCP agents
2026-04-02 18:06:08.428 8 WARNING neutron.api.rpc.agentnotifiers.dhcp_rpc_agent_api [None req-dc2162ff-b9d7-447d-ab2f-c3d25611cd44 4fa3bf1c5f0f473f8f73330ee5fe3ea2 544ca73dd9554e479dc30269fb9a7855 - - default default] Unable to schedule network fe720857-379f-418e-86b5-21aa52510b21: no agents available; will retry on subsequent port and subnet creation events.
2026-04-02 18:06:08.459 7 INFO neutron.plugins.ml2.drivers.ovn.mech_driver.ovsdb.commands [None req-7906d1dd-8bff-4494-855a-8bc7e6276423 - - - - - -] Schedule LRP lrp-7674ef91-db4d-466f-bb67-ab5663a3219c on gateway fd5c3231-cd52-4b53-8b2b-cdc0ff097d81 with priority 1
2026-04-02 18:06:08.528 7 INFO neutron.db.ovn_revision_numbers_db [None req-30c84d1a-4558-4153-ade4-b0645983df64 7ea2ff1cf59b43568dc6844c5c6f95f8 caf70a61e2f44bd596e5db3f62cf3117 - - default default] Successfully bumped revision number for resource 7674ef91-db4d-466f-bb67-ab5663a3219c (type: router_ports) to 1
2026-04-02 18:06:08.572 8 INFO neutron.plugins.ml2.drivers.ovn.mech_driver.mech_driver [None req-119d2b40-fb58-480d-a6ca-c7d399e5bea1 - - - - - -] OVN reports status down for port: b2ded10c-529d-4842-85b9-6a88f919a19f
2026-04-02 18:06:08.616 7 INFO neutron.db.ovn_revision_numbers_db [None req-30c84d1a-4558-4153-ade4-b0645983df64 7ea2ff1cf59b43568dc6844c5c6f95f8 caf70a61e2f44bd596e5db3f62cf3117 - - default default] Successfully bumped revision number for resource 3fbfb6e1-dba8-43fd-95c0-ec582abdd12e (type: routers) to 2 [pid: 7|app: 0|req: 938/1889] 10.0.0.128 () {34 vars in 669 bytes} [Thu Apr 2 18:06:06 2026] POST /v2.0/routers => generated 935 bytes in 1641 msecs (HTTP/1.1 201) 4 headers in 162 bytes (1 switches on core 0)
2026-04-02 18:06:08.635 8 INFO neutron.db.ovn_revision_numbers_db [None req-dc2162ff-b9d7-447d-ab2f-c3d25611cd44 4fa3bf1c5f0f473f8f73330ee5fe3ea2 544ca73dd9554e479dc30269fb9a7855 - - default default] Successfully bumped revision number for resource b2ded10c-529d-4842-85b9-6a88f919a19f (type: ports) to 1
2026-04-02 18:06:09.154 7 WARNING neutron.scheduler.dhcp_agent_scheduler [None req-c1877cec-6f9e-4286-8972-d1def73162cb 1a7fce1cb33244388af861c309d03db1 3ad33cc897b64d44a8f0a183918a541c - - default default] No more DHCP agents
2026-04-02 18:06:09.156 7 WARNING neutron.api.rpc.agentnotifiers.dhcp_rpc_agent_api [None req-c1877cec-6f9e-4286-8972-d1def73162cb 1a7fce1cb33244388af861c309d03db1 3ad33cc897b64d44a8f0a183918a541c - - default default] Unable to schedule network 17103ba9-92d1-423d-93c4-1200cec5be09: no agents available; will retry on subsequent port and subnet creation events.
2026-04-02 18:06:09.276 8 INFO neutron.plugins.ml2.drivers.ovn.mech_driver.ovsdb.commands [None req-1eb569fb-2223-42e9-b4bd-9d82f926dcf7 - - - - - -] Schedule LRP lrp-b2ded10c-529d-4842-85b9-6a88f919a19f on gateway fd5c3231-cd52-4b53-8b2b-cdc0ff097d81 with priority 1
2026-04-02 18:06:09.291 8 INFO neutron.plugins.ml2.drivers.ovn.mech_driver.mech_driver [None req-119d2b40-fb58-480d-a6ca-c7d399e5bea1 - - - - - -] OVN reports status up for port: b2ded10c-529d-4842-85b9-6a88f919a19f
2026-04-02 18:06:09.317 7 INFO neutron.plugins.ml2.drivers.ovn.mech_driver.ovsdb.ovsdb_monitor [None req-4e039b00-f5f4-4529-b7cc-fbc106a0e4da - - - - - -] Router 00069548-f106-492c-b153-0aaa92cda048 is bound to host instance
2026-04-02 18:06:09.334 8 INFO neutron.plugins.ml2.plugin [None req-119d2b40-fb58-480d-a6ca-c7d399e5bea1 - - - - - -] Attempt 1 to provision port b2ded10c-529d-4842-85b9-6a88f919a19f
2026-04-02 18:06:09.335 8 INFO neutron.db.ovn_revision_numbers_db [None req-dc2162ff-b9d7-447d-ab2f-c3d25611cd44 4fa3bf1c5f0f473f8f73330ee5fe3ea2 544ca73dd9554e479dc30269fb9a7855 - - default default] Successfully bumped revision number for resource b2ded10c-529d-4842-85b9-6a88f919a19f (type: router_ports) to 1
2026-04-02 18:06:09.361 7 INFO neutron.db.ovn_revision_numbers_db [None req-c1877cec-6f9e-4286-8972-d1def73162cb 1a7fce1cb33244388af861c309d03db1 3ad33cc897b64d44a8f0a183918a541c - - default default] Successfully bumped revision number for resource 50a88b0b-3ebd-4942-849f-6940d48faf58 (type: ports) to 1
2026-04-02 18:06:09.449 8 INFO neutron.db.ovn_revision_numbers_db [None req-dc2162ff-b9d7-447d-ab2f-c3d25611cd44 4fa3bf1c5f0f473f8f73330ee5fe3ea2 544ca73dd9554e479dc30269fb9a7855 - - default default] Successfully bumped revision number for resource 00069548-f106-492c-b153-0aaa92cda048 (type: routers) to 2 [pid: 8|app: 0|req: 952/1890] 10.0.0.128 () {34 vars in 669 bytes} [Thu Apr 2 18:06:07 2026] POST /v2.0/routers => generated 965 bytes in 1493 msecs (HTTP/1.1 201) 4 headers in 162 bytes (1 switches on core 0) [pid: 8|app: 0|req: 953/1891] 10.0.0.15 () {28 vars in 598 bytes} [Thu Apr 2 18:06:09 2026] GET /v2.0/security-groups => generated 29013 bytes in 39 msecs (HTTP/1.1 200) 4 headers in 159 bytes (1 switches on core 0)
2026-04-02 18:06:09.561 8 INFO neutron.pecan_wsgi.hooks.translation [None req-a5418e5f-6369-4c36-93ec-fe76206b2dfb 87c44acfd0a4460088bd3bed75409e3e e3d613faa7fc4422aa0af26ebde73491 - - default default] GET failed (client error): The resource could not be found. [pid: 8|app: 0|req: 954/1892] 10.0.0.128 () {32 vars in 723 bytes} [Thu Apr 2 18:06:09 2026] GET /v2.0/networks/d369fdcb-1fbf-4408-aabb-deb79e9a7976 => generated 138 bytes in 50 msecs (HTTP/1.1 404) 4 headers in 164 bytes (1 switches on core 0)
2026-04-02 18:06:10.032 8 WARNING neutron.scheduler.dhcp_agent_scheduler [None req-830faaa2-fcd5-4cb1-bad4-e00b7c1d79b8 7ea2ff1cf59b43568dc6844c5c6f95f8 caf70a61e2f44bd596e5db3f62cf3117 - - default default] No more DHCP agents
2026-04-02 18:06:10.033 8 WARNING neutron.api.rpc.agentnotifiers.dhcp_rpc_agent_api [None req-830faaa2-fcd5-4cb1-bad4-e00b7c1d79b8 7ea2ff1cf59b43568dc6844c5c6f95f8 caf70a61e2f44bd596e5db3f62cf3117 - - default default] Unable to schedule network 20d3f2ea-b75b-4dc7-9fee-2a8df5d87aad: no agents available; will retry on subsequent port and subnet creation events.
2026-04-02 18:06:10.171 8 INFO neutron.db.ovn_revision_numbers_db [None req-830faaa2-fcd5-4cb1-bad4-e00b7c1d79b8 7ea2ff1cf59b43568dc6844c5c6f95f8 caf70a61e2f44bd596e5db3f62cf3117 - - default default] Successfully bumped revision number for resource 9042d86f-aca6-4f72-a2f2-54b25d0177af (type: ports) to 1
2026-04-02 18:06:10.635 7 WARNING neutron.scheduler.dhcp_agent_scheduler [None req-c1877cec-6f9e-4286-8972-d1def73162cb 1a7fce1cb33244388af861c309d03db1 3ad33cc897b64d44a8f0a183918a541c - - default default] No more DHCP agents
2026-04-02 18:06:10.636 7 WARNING neutron.api.rpc.agentnotifiers.dhcp_rpc_agent_api [None req-c1877cec-6f9e-4286-8972-d1def73162cb 1a7fce1cb33244388af861c309d03db1 3ad33cc897b64d44a8f0a183918a541c - - default default] Unable to schedule network 17103ba9-92d1-423d-93c4-1200cec5be09: no agents available; will retry on subsequent port and subnet creation events.
2026-04-02 18:06:10.961 8 WARNING neutron.scheduler.dhcp_agent_scheduler [None req-830faaa2-fcd5-4cb1-bad4-e00b7c1d79b8 7ea2ff1cf59b43568dc6844c5c6f95f8 caf70a61e2f44bd596e5db3f62cf3117 - - default default] No more DHCP agents
2026-04-02 18:06:10.963 8 WARNING neutron.api.rpc.agentnotifiers.dhcp_rpc_agent_api [None req-830faaa2-fcd5-4cb1-bad4-e00b7c1d79b8 7ea2ff1cf59b43568dc6844c5c6f95f8 caf70a61e2f44bd596e5db3f62cf3117 - - default default] Unable to schedule network 20d3f2ea-b75b-4dc7-9fee-2a8df5d87aad: no agents available; will retry on subsequent port and subnet creation events.
2026-04-02 18:06:11.411 8 INFO neutron.db.ovn_revision_numbers_db [None req-830faaa2-fcd5-4cb1-bad4-e00b7c1d79b8 7ea2ff1cf59b43568dc6844c5c6f95f8 caf70a61e2f44bd596e5db3f62cf3117 - - default default] Successfully bumped revision number for resource 9042d86f-aca6-4f72-a2f2-54b25d0177af (type: router_ports) to 1 [pid: 8|app: 0|req: 955/1893] 10.0.0.128 () {34 vars in 783 bytes} [Thu Apr 2 18:06:09 2026] PUT /v2.0/routers/3fbfb6e1-dba8-43fd-95c0-ec582abdd12e/add_router_interface => generated 309 bytes in 1853 msecs (HTTP/1.1 200) 4 headers in 157 bytes (1 switches on core 0)
2026-04-02 18:06:11.578 7 INFO neutron.db.ovn_revision_numbers_db [None req-875a44f1-b27a-441e-a21a-397240c589d3 - - - - - -] Successfully bumped revision number for resource b2ded10c-529d-4842-85b9-6a88f919a19f (type: ports) to 4
2026-04-02 18:06:11.890 8 WARNING neutron.scheduler.dhcp_agent_scheduler [None req-73a61beb-296f-482f-9127-ae590f7b1f67 4fa3bf1c5f0f473f8f73330ee5fe3ea2 544ca73dd9554e479dc30269fb9a7855 - - default default] No more DHCP agents
2026-04-02 18:06:11.892 8 WARNING neutron.api.rpc.agentnotifiers.dhcp_rpc_agent_api [None req-73a61beb-296f-482f-9127-ae590f7b1f67 4fa3bf1c5f0f473f8f73330ee5fe3ea2 544ca73dd9554e479dc30269fb9a7855 - - default default] Unable to schedule network 29b16654-e338-4a69-bee2-862a3ede96f9: no agents available; will retry on subsequent port and subnet creation events.
2026-04-02 18:06:11.992 7 INFO neutron.db.ovn_revision_numbers_db [None req-c1877cec-6f9e-4286-8972-d1def73162cb 1a7fce1cb33244388af861c309d03db1 3ad33cc897b64d44a8f0a183918a541c - - default default] Successfully bumped revision number for resource 50a88b0b-3ebd-4942-849f-6940d48faf58 (type: router_ports) to 1 [pid: 7|app: 0|req: 939/1894] 10.0.0.128 () {34 vars in 783 bytes} [Thu Apr 2 18:06:08 2026] PUT /v2.0/routers/ef8a6787-82f7-4939-8cbf-99efc0fd7ac9/add_router_interface => generated 309 bytes in 3378 msecs (HTTP/1.1 200) 4 headers in 157 bytes (1 switches on core 0)
2026-04-02 18:06:12.042 8 INFO neutron.plugins.ml2.drivers.ovn.mech_driver.mech_driver [None req-119d2b40-fb58-480d-a6ca-c7d399e5bea1 - - - - - -] OVN reports status down for port: 9042d86f-aca6-4f72-a2f2-54b25d0177af
2026-04-02 18:06:12.043 8 INFO neutron.db.ovn_revision_numbers_db [None req-73a61beb-296f-482f-9127-ae590f7b1f67 4fa3bf1c5f0f473f8f73330ee5fe3ea2 544ca73dd9554e479dc30269fb9a7855 - - default default] Successfully bumped revision number for resource 283a08a9-0e68-490e-9215-1af8054b73f7 (type: ports) to 1
2026-04-02 18:06:12.164 8 WARNING neutron.plugins.ml2.drivers.ovn.mech_driver.ovsdb.ovn_client [None req-119d2b40-fb58-480d-a6ca-c7d399e5bea1 - - - - - -] Logical_Switch_Port %s host information not removed, the port state is up
2026-04-02 18:06:12.165 8 INFO neutron.plugins.ml2.drivers.ovn.mech_driver.mech_driver [None req-119d2b40-fb58-480d-a6ca-c7d399e5bea1 - - - - - -] OVN reports status up for port: 9042d86f-aca6-4f72-a2f2-54b25d0177af
2026-04-02 18:06:12.180 8 INFO neutron.plugins.ml2.plugin [None req-119d2b40-fb58-480d-a6ca-c7d399e5bea1 - - - - - -] Attempt 1 to provision port 9042d86f-aca6-4f72-a2f2-54b25d0177af
2026-04-02 18:06:12.251 7 INFO neutron.db.ovn_revision_numbers_db [None req-875a44f1-b27a-441e-a21a-397240c589d3 - - - - - -] Successfully bumped revision number for resource b2ded10c-529d-4842-85b9-6a88f919a19f (type: ports) to 5 [pid: 7|app: 0|req: 940/1895] 10.0.0.15 () {28 vars in 578 bytes} [Thu Apr 2 18:06:12 2026] GET /v2.0/ports => generated 15480 bytes in 252 msecs (HTTP/1.1 200) 4 headers in 159 bytes (1 switches on core 0)
2026-04-02 18:06:12.494 7 INFO neutron_taas.services.taas.taas_plugin [None req-c6c884bf-cb81-485e-a516-895f0c8a9bd4 7a17ece194db4446a0978318cc6d32d4 3e3ce0e740f248bf9c7db2def80f3448 - - default default] TaaS: Handle Delete Port: 22bff7ff-3239-4fa0-8220-9e1648104210
2026-04-02 18:06:12.497 7 INFO neutron_taas.services.taas.tap_mirror_plugin [None req-c6c884bf-cb81-485e-a516-895f0c8a9bd4 7a17ece194db4446a0978318cc6d32d4 3e3ce0e740f248bf9c7db2def80f3448 - - default default] Tap Mirror: Handle Delete Port: 22bff7ff-3239-4fa0-8220-9e1648104210
2026-04-02 18:06:12.822 7 INFO neutron.services.segments.plugin [-] Segment 44438a3c-26d6-4642-9d56-f7bc095b6a76 resource provider aggregate not found
2026-04-02 18:06:12.831 7 INFO neutron.services.segments.plugin [-] Segment 44438a3c-26d6-4642-9d56-f7bc095b6a76 resource provider aggregate not found
2026-04-02 18:06:12.843 7 INFO neutron.services.segments.plugin [-] Segment 44438a3c-26d6-4642-9d56-f7bc095b6a76 resource provider not found; error: Placement Client Error (4xx): {"errors": [{"status": 404, "title": "Not Found", "detail": "The resource could not be found.\n\n No resource provider with uuid 44438a3c-26d6-4642-9d56-f7bc095b6a76 found for delete ", "request_id": "req-5ba7a250-14cc-4873-81b6-e0bc57c1a64d"}]}
2026-04-02 18:06:12.847 7 INFO neutron.services.segments.plugin [-] Segment 44438a3c-26d6-4642-9d56-f7bc095b6a76 resource provider not found; error: Placement Client Error (4xx): {"errors": [{"status": 404, "title": "Not Found", "detail": "The resource could not be found.\n\n No resource provider with uuid 44438a3c-26d6-4642-9d56-f7bc095b6a76 found for delete ", "request_id": "req-84435d1d-bf1b-4a8b-bd44-05b410c42866"}]} [pid: 7|app: 0|req: 941/1896] 10.0.0.128 () {32 vars in 726 bytes} [Thu Apr 2 18:06:12 2026] DELETE /v2.0/networks/d369fdcb-1fbf-4408-aabb-deb79e9a7976 => generated 0 bytes in 608 msecs (HTTP/1.1 204) 3 headers in 131 bytes (1 switches on core 0)
2026-04-02 18:06:12.974 8 INFO neutron.db.ovn_revision_numbers_db [None req-119d2b40-fb58-480d-a6ca-c7d399e5bea1 - - - - - -] Successfully bumped revision number for resource 9042d86f-aca6-4f72-a2f2-54b25d0177af (type: ports) to 2
2026-04-02 18:06:13.214 8 WARNING neutron.scheduler.dhcp_agent_scheduler [None req-73a61beb-296f-482f-9127-ae590f7b1f67 4fa3bf1c5f0f473f8f73330ee5fe3ea2 544ca73dd9554e479dc30269fb9a7855 - - default default] No more DHCP agents
2026-04-02 18:06:13.215 8 WARNING neutron.api.rpc.agentnotifiers.dhcp_rpc_agent_api [None req-73a61beb-296f-482f-9127-ae590f7b1f67 4fa3bf1c5f0f473f8f73330ee5fe3ea2 544ca73dd9554e479dc30269fb9a7855 - - default default] Unable to schedule network 29b16654-e338-4a69-bee2-862a3ede96f9: no agents available; will retry on subsequent port and subnet creation events.
2026-04-02 18:06:13.492 7 WARNING neutron.scheduler.dhcp_agent_scheduler [None req-d6f582ab-0410-4b42-b5f1-0ef0c787dedb - - - - - -] No more DHCP agents
2026-04-02 18:06:13.494 7 WARNING neutron.api.rpc.agentnotifiers.dhcp_rpc_agent_api [None req-d6f582ab-0410-4b42-b5f1-0ef0c787dedb - - - - - -] Unable to schedule network fe720857-379f-418e-86b5-21aa52510b21: no agents available; will retry on subsequent port and subnet creation events.
2026-04-02 18:06:13.627 7 INFO neutron.db.ovn_revision_numbers_db [None req-d6f582ab-0410-4b42-b5f1-0ef0c787dedb - - - - - -] Successfully bumped revision number for resource decadbb1-87e6-43b8-b4a3-fde1fbba0bbc (type: ports) to 1
2026-04-02 18:06:13.702 7 WARNING neutron.plugins.ml2.drivers.ovn.mech_driver.ovsdb.ovn_client [None req-760db2a1-629b-40dc-9ff5-0bed4cd9dd43 - - - - - -] No hosting information found for port f4ca0020-f800-4ab3-be67-552ff995b53c: RuntimeError: No hosting information found for port f4ca0020-f800-4ab3-be67-552ff995b53c
2026-04-02 18:06:13.703 7 INFO neutron.plugins.ml2.drivers.ovn.mech_driver.mech_driver [None req-760db2a1-629b-40dc-9ff5-0bed4cd9dd43 - - - - - -] OVN reports status up for port: 7674ef91-db4d-466f-bb67-ab5663a3219c
2026-04-02 18:06:13.716 7 INFO neutron.plugins.ml2.plugin [None req-760db2a1-629b-40dc-9ff5-0bed4cd9dd43 - - - - - -] Attempt 1 to provision port 7674ef91-db4d-466f-bb67-ab5663a3219c
2026-04-02 18:06:13.738 8 INFO neutron.db.ovn_revision_numbers_db [None req-73a61beb-296f-482f-9127-ae590f7b1f67 4fa3bf1c5f0f473f8f73330ee5fe3ea2 544ca73dd9554e479dc30269fb9a7855 - - default default] Successfully bumped revision number for resource 283a08a9-0e68-490e-9215-1af8054b73f7 (type: router_ports) to 1 [pid: 8|app: 0|req: 956/1899] 10.0.0.128 () {34 vars in 783 bytes} [Thu Apr 2 18:06:11 2026] PUT /v2.0/routers/00069548-f106-492c-b153-0aaa92cda048/add_router_interface => generated 309 bytes in 2327 msecs (HTTP/1.1 200) 4 headers in 157 bytes (1 switches on core 0)
2026-04-02 18:06:13.904 7 INFO neutron.db.ovn_revision_numbers_db [None req-d6f582ab-0410-4b42-b5f1-0ef0c787dedb - - - - - -] Successfully bumped revision number for resource decadbb1-87e6-43b8-b4a3-fde1fbba0bbc (type: ports) to 3
2026-04-02 18:06:13.961 7 INFO neutron.db.segments_db [None req-d6f582ab-0410-4b42-b5f1-0ef0c787dedb - - - - - -] Added segment 007f04e3-2916-45a4-8bc7-23517c8b7b01 of type geneve for network 714c3dc3-722b-4a39-a794-48fd032ae052
2026-04-02 18:06:14.013 8 WARNING neutron.scheduler.dhcp_agent_scheduler [None req-d634112c-b576-49ee-b7f3-754afab8a6e6 1a7fce1cb33244388af861c309d03db1 3ad33cc897b64d44a8f0a183918a541c - - default default] No more DHCP agents
2026-04-02 18:06:14.014 8 WARNING neutron.api.rpc.agentnotifiers.dhcp_rpc_agent_api [None req-d634112c-b576-49ee-b7f3-754afab8a6e6 1a7fce1cb33244388af861c309d03db1 3ad33cc897b64d44a8f0a183918a541c - - default default] Unable to schedule network 17103ba9-92d1-423d-93c4-1200cec5be09: no agents available; will retry on subsequent port and subnet creation events.
2026-04-02 18:06:14.051 7 INFO neutron.db.ovn_revision_numbers_db [None req-69d99fce-241a-4354-a891-78d9fc5c6d25 - - - - - -] Successfully bumped revision number for resource 714c3dc3-722b-4a39-a794-48fd032ae052 (type: networks) to 1
2026-04-02 18:06:14.158 8 INFO neutron.db.ovn_revision_numbers_db [None req-d634112c-b576-49ee-b7f3-754afab8a6e6 1a7fce1cb33244388af861c309d03db1 3ad33cc897b64d44a8f0a183918a541c - - default default] Successfully bumped revision number for resource f6563e06-b589-40c8-b11c-873c6c9d7d24 (type: ports) to 1
2026-04-02 18:06:14.220 7 WARNING neutron.scheduler.dhcp_agent_scheduler [None req-69d99fce-241a-4354-a891-78d9fc5c6d25 - - - - - -] No more DHCP agents
2026-04-02 18:06:14.221 7 WARNING neutron.api.rpc.agentnotifiers.dhcp_rpc_agent_api [None req-69d99fce-241a-4354-a891-78d9fc5c6d25 - - - - - -] Unable to schedule network 714c3dc3-722b-4a39-a794-48fd032ae052: no agents available; will retry on subsequent port and subnet creation events. [pid: 8|app: 0|req: 957/1900] 10.0.0.128 () {34 vars in 665 bytes} [Thu Apr 2 18:06:13 2026] POST /v2.0/ports => generated 955 bytes in 483 msecs (HTTP/1.1 201) 4 headers in 162 bytes (1 switches on core 0) /var/lib/openstack/lib/python3.12/site-packages/pycadf/identifier.py:70: UserWarning: Invalid uuid: neutron. To ensure interoperability, identifiers should be a valid uuid. warnings.warn(('Invalid uuid: %s. To ensure interoperability, '
2026-04-02 18:06:14.299 7 INFO neutron.db.ovn_revision_numbers_db [None req-69d99fce-241a-4354-a891-78d9fc5c6d25 - - - - - -] Successfully bumped revision number for resource 34a5043b-0e9b-4b35-8378-5405bd7539af (type: ports) to 1 [pid: 8|app: 0|req: 958/1901] 10.0.0.15 () {28 vars in 582 bytes} [Thu Apr 2 18:06:14 2026] GET /v2.0/routers => generated 2880 bytes in 81 msecs (HTTP/1.1 200) 4 headers in 158 bytes (1 switches on core 0)
2026-04-02 18:06:14.321 8 INFO neutron.pecan_wsgi.hooks.translation [None req-d39a088b-2e28-4d1c-b863-ef6c9adb31b7 7a17ece194db4446a0978318cc6d32d4 3e3ce0e740f248bf9c7db2def80f3448 - - default default] DELETE failed (client error): The resource could not be found. [pid: 8|app: 0|req: 959/1902] 10.0.0.128 () {32 vars in 724 bytes} [Thu Apr 2 18:06:14 2026] DELETE /v2.0/subnets/2b68cc30-7276-4e59-a40c-2405252c0318 => generated 136 bytes in 13 msecs (HTTP/1.1 404) 4 headers in 164 bytes (1 switches on core 0)
2026-04-02 18:06:14.408 7 WARNING neutron.scheduler.dhcp_agent_scheduler [None req-69d99fce-241a-4354-a891-78d9fc5c6d25 - - - - - -] No more DHCP agents
2026-04-02 18:06:14.409 7 WARNING neutron.api.rpc.agentnotifiers.dhcp_rpc_agent_api [None req-69d99fce-241a-4354-a891-78d9fc5c6d25 - - - - - -] Unable to schedule network 714c3dc3-722b-4a39-a794-48fd032ae052: no agents available; will retry on subsequent port and subnet creation events.
2026-04-02 18:06:14.431 7 INFO neutron.db.ovn_revision_numbers_db [None req-69d99fce-241a-4354-a891-78d9fc5c6d25 - - - - - -] Successfully bumped revision number for resource 935add86-abf5-41af-ab45-c497116a451f (type: subnets) to 0
2026-04-02 18:06:14.592 8 WARNING neutron.scheduler.dhcp_agent_scheduler [None req-f6f599db-8252-478a-aff9-c9326653f363 1a7fce1cb33244388af861c309d03db1 3ad33cc897b64d44a8f0a183918a541c - - default default] No more DHCP agents
2026-04-02 18:06:14.593 8 WARNING neutron.api.rpc.agentnotifiers.dhcp_rpc_agent_api [None req-f6f599db-8252-478a-aff9-c9326653f363 1a7fce1cb33244388af861c309d03db1 3ad33cc897b64d44a8f0a183918a541c - - default default] Unable to schedule network 17103ba9-92d1-423d-93c4-1200cec5be09: no agents available; will retry on subsequent port and subnet creation events.
2026-04-02 18:06:14.730 8 INFO neutron.db.ovn_revision_numbers_db [None req-f6f599db-8252-478a-aff9-c9326653f363 1a7fce1cb33244388af861c309d03db1 3ad33cc897b64d44a8f0a183918a541c - - default default] Successfully bumped revision number for resource c88b0986-bc30-478b-8a9e-3c236768393b (type: ports) to 1 [pid: 8|app: 0|req: 960/1903] 10.0.0.128 () {34 vars in 665 bytes} [Thu Apr 2 18:06:14 2026] POST /v2.0/ports => generated 954 bytes in 438 msecs (HTTP/1.1 201) 4 headers in 162 bytes (1 switches on core 0) /var/lib/openstack/lib/python3.12/site-packages/pycadf/identifier.py:70: UserWarning: Invalid uuid: neutron. To ensure interoperability, identifiers should be a valid uuid. warnings.warn(('Invalid uuid: %s. To ensure interoperability, ' [pid: 8|app: 0|req: 961/1904] 10.0.0.15 () {28 vars in 623 bytes} [Thu Apr 2 18:06:14 2026] GET /v2.0/agents?binary=ovn-controller => generated 416 bytes in 12 msecs (HTTP/1.1 200) 4 headers in 157 bytes (1 switches on core 0)
2026-04-02 18:06:14.783 8 INFO neutron.pecan_wsgi.hooks.translation [None req-dba88b8a-38f1-416d-bca9-a2c45bab922b 7a17ece194db4446a0978318cc6d32d4 3e3ce0e740f248bf9c7db2def80f3448 - - default default] DELETE failed (client error): The resource could not be found. [pid: 8|app: 0|req: 962/1905] 10.0.0.128 () {32 vars in 724 bytes} [Thu Apr 2 18:06:14 2026] DELETE /v2.0/subnets/caeb42a6-dd81-4a41-b3b6-2a4850ca01c7 => generated 136 bytes in 11 msecs (HTTP/1.1 404) 4 headers in 164 bytes (1 switches on core 0)
2026-04-02 18:06:14.833 7 WARNING neutron.scheduler.dhcp_agent_scheduler [None req-69d99fce-241a-4354-a891-78d9fc5c6d25 - - - - - -] No more DHCP agents
2026-04-02 18:06:14.834 7 WARNING neutron.api.rpc.agentnotifiers.dhcp_rpc_agent_api [None req-69d99fce-241a-4354-a891-78d9fc5c6d25 - - - - - -] Unable to schedule network 714c3dc3-722b-4a39-a794-48fd032ae052: no agents available; will retry on subsequent port and subnet creation events.
2026-04-02 18:06:14.994 7 INFO neutron.db.ovn_revision_numbers_db [None req-69d99fce-241a-4354-a891-78d9fc5c6d25 - - - - - -] Successfully bumped revision number for resource d2ee67ad-17c7-4ce6-9ff9-3515c7440688 (type: ports) to 1
2026-04-02 18:06:15.034 8 WARNING neutron.scheduler.dhcp_agent_scheduler [None req-ff9eb894-7cbc-4dfe-82d5-24017b7d244b 1a7fce1cb33244388af861c309d03db1 3ad33cc897b64d44a8f0a183918a541c - - default default] No more DHCP agents
2026-04-02 18:06:15.035 8 WARNING neutron.api.rpc.agentnotifiers.dhcp_rpc_agent_api [None req-ff9eb894-7cbc-4dfe-82d5-24017b7d244b 1a7fce1cb33244388af861c309d03db1 3ad33cc897b64d44a8f0a183918a541c - - default default] Unable to schedule network fe720857-379f-418e-86b5-21aa52510b21: no agents available; will retry on subsequent port and subnet creation events.
2026-04-02 18:06:15.692 7 WARNING neutron.scheduler.dhcp_agent_scheduler [None req-69d99fce-241a-4354-a891-78d9fc5c6d25 - - - - - -] No more DHCP agents
2026-04-02 18:06:15.693 7 WARNING neutron.api.rpc.agentnotifiers.dhcp_rpc_agent_api [None req-69d99fce-241a-4354-a891-78d9fc5c6d25 - - - - - -] Unable to schedule network 714c3dc3-722b-4a39-a794-48fd032ae052: no agents available; will retry on subsequent port and subnet creation events.
2026-04-02 18:06:15.869 8 INFO neutron.db.ovn_revision_numbers_db [None req-ff9eb894-7cbc-4dfe-82d5-24017b7d244b 1a7fce1cb33244388af861c309d03db1 3ad33cc897b64d44a8f0a183918a541c - - default default] Successfully bumped revision number for resource e9fd64c0-5ea2-4103-99fe-6469c9f204e1 (type: floatingips) to 1
2026-04-02 18:06:15.869 8 INFO neutron.db.l3_db [None req-ff9eb894-7cbc-4dfe-82d5-24017b7d244b 1a7fce1cb33244388af861c309d03db1 3ad33cc897b64d44a8f0a183918a541c - - default default] Floating IP e9fd64c0-5ea2-4103-99fe-6469c9f204e1 associated. External IP: 10.96.250.207, port: c88b0986-bc30-478b-8a9e-3c236768393b. [pid: 8|app: 0|req: 963/1906] 10.0.0.128 () {34 vars in 677 bytes} [Thu Apr 2 18:06:14 2026] POST /v2.0/floatingips => generated 841 bytes in 1121 msecs (HTTP/1.1 201) 4 headers in 162 bytes (1 switches on core 0) [pid: 8|app: 0|req: 964/1907] 10.0.0.15 () {28 vars in 584 bytes} [Thu Apr 2 18:06:15 2026] GET /v2.0/networks => generated 5403 bytes in 58 msecs (HTTP/1.1 200) 4 headers in 158 bytes (1 switches on core 0)
2026-04-02 18:06:15.978 8 INFO neutron.pecan_wsgi.hooks.translation [None req-4d42e612-f210-45de-9a75-ba11275aaee0 7a17ece194db4446a0978318cc6d32d4 3e3ce0e740f248bf9c7db2def80f3448 - - default default] DELETE failed (client error): The resource could not be found. [pid: 8|app: 0|req: 965/1908] 10.0.0.128 () {32 vars in 724 bytes} [Thu Apr 2 18:06:15 2026] DELETE /v2.0/subnets/12aa1481-c680-4736-adca-9fc2b4c2d521 => generated 136 bytes in 15 msecs (HTTP/1.1 404) 4 headers in 164 bytes (1 switches on core 0)
2026-04-02 18:06:16.137 8 INFO neutron.db.ovn_revision_numbers_db [None req-62d907a3-9a58-41ee-a6ae-3309770eb174 4fa3bf1c5f0f473f8f73330ee5fe3ea2 544ca73dd9554e479dc30269fb9a7855 - - default default] Successfully bumped revision number for resource 6eb1ed3c-ade1-4c3d-9adc-1f4d9b35ad56 (type: security_groups) to 1
2026-04-02 18:06:16.183 8 INFO neutron.db.ovn_revision_numbers_db [None req-62d907a3-9a58-41ee-a6ae-3309770eb174 4fa3bf1c5f0f473f8f73330ee5fe3ea2 544ca73dd9554e479dc30269fb9a7855 - - default default] Successfully bumped revision number for resource 87161259-88cb-4aaf-ab69-2a4b87274ae8 (type: security_group_rules) to 0
2026-04-02 18:06:16.194 7 INFO neutron.db.ovn_revision_numbers_db [None req-69d99fce-241a-4354-a891-78d9fc5c6d25 - - - - - -] Successfully bumped revision number for resource d2ee67ad-17c7-4ce6-9ff9-3515c7440688 (type: router_ports) to 1
2026-04-02 18:06:16.221 8 INFO neutron.db.ovn_revision_numbers_db [None req-62d907a3-9a58-41ee-a6ae-3309770eb174 4fa3bf1c5f0f473f8f73330ee5fe3ea2 544ca73dd9554e479dc30269fb9a7855 - - default default] Successfully bumped revision number for resource bbdc469f-02d9-4c52-a795-f24df32264f2 (type: security_group_rules) to 0
2026-04-02 18:06:16.256 8 INFO neutron.db.ovn_revision_numbers_db [None req-62d907a3-9a58-41ee-a6ae-3309770eb174 4fa3bf1c5f0f473f8f73330ee5fe3ea2 544ca73dd9554e479dc30269fb9a7855 - - default default] Successfully bumped revision number for resource bd02ed7c-7562-43ac-ae65-aec7aecbf156 (type: security_group_rules) to 0
2026-04-02 18:06:16.279 8 INFO neutron.db.ovn_revision_numbers_db [None req-62d907a3-9a58-41ee-a6ae-3309770eb174 4fa3bf1c5f0f473f8f73330ee5fe3ea2 544ca73dd9554e479dc30269fb9a7855 - - default default] Successfully bumped revision number for resource c8e87cd3-8739-4787-a7ad-e6d166ffc5d4 (type: security_group_rules) to 0
2026-04-02 18:06:16.358 8 INFO neutron.db.segments_db [None req-62d907a3-9a58-41ee-a6ae-3309770eb174 4fa3bf1c5f0f473f8f73330ee5fe3ea2 544ca73dd9554e479dc30269fb9a7855 - - default default] Added segment 7f3f9f45-0782-4673-9b0c-24ebd99a739f of type geneve for network 5f9e1436-b970-4c7a-bceb-46797b0f99cd
2026-04-02 18:06:16.430 7 WARNING neutron.scheduler.dhcp_agent_scheduler [None req-69d99fce-241a-4354-a891-78d9fc5c6d25 - - - - - -] No more DHCP agents
2026-04-02 18:06:16.432 7 WARNING neutron.api.rpc.agentnotifiers.dhcp_rpc_agent_api [None req-69d99fce-241a-4354-a891-78d9fc5c6d25 - - - - - -] Unable to schedule network 714c3dc3-722b-4a39-a794-48fd032ae052: no agents available; will retry on subsequent port and subnet creation events.
2026-04-02 18:06:16.480 8 INFO neutron.db.ovn_revision_numbers_db [None req-62d907a3-9a58-41ee-a6ae-3309770eb174 4fa3bf1c5f0f473f8f73330ee5fe3ea2 544ca73dd9554e479dc30269fb9a7855 - - default default] Successfully bumped revision number for resource 5f9e1436-b970-4c7a-bceb-46797b0f99cd (type: networks) to 1
2026-04-02 18:06:16.553 7 INFO neutron.db.ovn_revision_numbers_db [None req-69d99fce-241a-4354-a891-78d9fc5c6d25 - - - - - -] Successfully bumped revision number for resource e6e8b0ea-f6e5-483d-a3c1-f05d23a19ed4 (type: ports) to 1
2026-04-02 18:06:16.665 8 WARNING neutron.scheduler.dhcp_agent_scheduler [None req-62d907a3-9a58-41ee-a6ae-3309770eb174 4fa3bf1c5f0f473f8f73330ee5fe3ea2 544ca73dd9554e479dc30269fb9a7855 - - default default] No more DHCP agents
2026-04-02 18:06:16.666 8 WARNING neutron.api.rpc.agentnotifiers.dhcp_rpc_agent_api [None req-62d907a3-9a58-41ee-a6ae-3309770eb174 4fa3bf1c5f0f473f8f73330ee5fe3ea2 544ca73dd9554e479dc30269fb9a7855 - - default default] Unable to schedule network 5f9e1436-b970-4c7a-bceb-46797b0f99cd: no agents available; will retry on subsequent port and subnet creation events.
2026-04-02 18:06:16.741 8 INFO neutron.db.ovn_revision_numbers_db [None req-62d907a3-9a58-41ee-a6ae-3309770eb174 4fa3bf1c5f0f473f8f73330ee5fe3ea2 544ca73dd9554e479dc30269fb9a7855 - - default default] Successfully bumped revision number for resource d43690a2-c599-4812-8e2d-f7322610caac (type: ports) to 1 [pid: 8|app: 0|req: 966/1909] 10.0.0.128 () {34 vars in 671 bytes} [Thu Apr 2 18:06:15 2026] POST /v2.0/networks => generated 763 bytes in 786 msecs (HTTP/1.1 201) 4 headers in 162 bytes (1 switches on core 0)
2026-04-02 18:06:16.791 7 INFO neutron.db.ovn_revision_numbers_db [None req-69d99fce-241a-4354-a891-78d9fc5c6d25 - - - - - -] Successfully bumped revision number for resource e6e8b0ea-f6e5-483d-a3c1-f05d23a19ed4 (type: ports) to 3
2026-04-02 18:06:16.926 8 INFO neutron.db.ovn_revision_numbers_db [None req-4485f60f-03bb-457d-8d7a-e80a5c5d280b 1a7fce1cb33244388af861c309d03db1 3ad33cc897b64d44a8f0a183918a541c - - default default] Successfully bumped revision number for resource e9fd64c0-5ea2-4103-99fe-6469c9f204e1 (type: floatingips) to 2
2026-04-02 18:06:16.983 8 INFO neutron.db.l3_db [None req-4485f60f-03bb-457d-8d7a-e80a5c5d280b 1a7fce1cb33244388af861c309d03db1 3ad33cc897b64d44a8f0a183918a541c - - default default] Floating IP e9fd64c0-5ea2-4103-99fe-6469c9f204e1 disassociated. External IP: 10.96.250.207, port: c88b0986-bc30-478b-8a9e-3c236768393b. [pid: 8|app: 0|req: 967/1910] 10.0.0.128 () {34 vars in 749 bytes} [Thu Apr 2 18:06:16 2026] PUT /v2.0/floatingips/e9fd64c0-5ea2-4103-99fe-6469c9f204e1 => generated 554 bytes in 248 msecs (HTTP/1.1 200) 4 headers in 157 bytes (1 switches on core 0) [pid: 8|app: 0|req: 968/1911] 10.0.0.15 () {28 vars in 580 bytes} [Thu Apr 2 18:06:17 2026] GET /v2.0/agents => generated 1214 bytes in 18 msecs (HTTP/1.1 200) 4 headers in 158 bytes (1 switches on core 0) [pid: 7|app: 0|req: 944/1912] 10.0.0.128 () {34 vars in 685 bytes} [Thu Apr 2 18:06:12 2026] POST /v2.0/vpn/vpnservices => generated 458 bytes in 4166 msecs (HTTP/1.1 201) 4 headers in 162 bytes (1 switches on core 0)
2026-04-02 18:06:17.176 8 WARNING neutron.scheduler.dhcp_agent_scheduler [None req-69181f30-9c4e-4a49-bb78-904ba6a2f302 4fa3bf1c5f0f473f8f73330ee5fe3ea2 544ca73dd9554e479dc30269fb9a7855 - - default default] No more DHCP agents
2026-04-02 18:06:17.178 8 WARNING neutron.api.rpc.agentnotifiers.dhcp_rpc_agent_api [None req-69181f30-9c4e-4a49-bb78-904ba6a2f302 4fa3bf1c5f0f473f8f73330ee5fe3ea2 544ca73dd9554e479dc30269fb9a7855 - - default default] Unable to schedule network 5f9e1436-b970-4c7a-bceb-46797b0f99cd: no agents available; will retry on subsequent port and subnet creation events. [pid: 7|app: 0|req: 945/1913] 10.0.0.128 () {32 vars in 774 bytes} [Thu Apr 2 18:06:17 2026] GET /v2.0/security-groups?tenant_id=3e3ce0e740f248bf9c7db2def80f3448&name=default => generated 2925 bytes in 193 msecs (HTTP/1.1 200) 4 headers in 158 bytes (1 switches on core 0)
2026-04-02 18:06:17.346 7 INFO neutron_taas.services.taas.taas_plugin [None req-620b417b-fc7b-43d8-acc0-9d1376688e39 1a7fce1cb33244388af861c309d03db1 3ad33cc897b64d44a8f0a183918a541c - - default default] TaaS: Handle Delete Port: cb72f35f-0890-4f14-ae3c-eef1af6ef8a2
2026-04-02 18:06:17.351 7 INFO neutron_taas.services.taas.tap_mirror_plugin [None req-620b417b-fc7b-43d8-acc0-9d1376688e39 1a7fce1cb33244388af861c309d03db1 3ad33cc897b64d44a8f0a183918a541c - - default default] Tap Mirror: Handle Delete Port: cb72f35f-0890-4f14-ae3c-eef1af6ef8a2 [pid: 7|app: 0|req: 946/1914] 10.0.0.128 () {32 vars in 732 bytes} [Thu Apr 2 18:06:17 2026] DELETE /v2.0/floatingips/e9fd64c0-5ea2-4103-99fe-6469c9f204e1 => generated 0 bytes in 280 msecs (HTTP/1.1 204) 2 headers in 112 bytes (1 switches on core 0) [pid: 7|app: 0|req: 947/1915] 10.0.0.15 () {28 vars in 590 bytes} [Thu Apr 2 18:06:17 2026] GET /v2.0/floatingips => generated 19 bytes in 18 msecs (HTTP/1.1 200) 4 headers in 156 bytes (1 switches on core 0)
2026-04-02 18:06:17.612 8 INFO neutron.db.ovn_revision_numbers_db [None req-24d3bed7-dba7-4a27-b35f-b208cb3cd7cb - - - - - -] Successfully bumped revision number for resource d43690a2-c599-4812-8e2d-f7322610caac (type: ports) to 2
2026-04-02 18:06:17.640 8 INFO neutron.db.ovn_revision_numbers_db [None req-24d3bed7-dba7-4a27-b35f-b208cb3cd7cb - - - - - -] Successfully bumped revision number for resource a399cff1-8ef6-4bf6-9959-3dbcbdb81772 (type: subnets) to 0 [pid: 8|app: 0|req: 969/1916] 10.0.0.128 () {34 vars in 669 bytes} [Thu Apr 2 18:06:17 2026] POST /v2.0/subnets => generated 688 bytes in 623 msecs (HTTP/1.1 201) 4 headers in 162 bytes (1 switches on core 0) [pid: 8|app: 0|req: 970/1917] 10.0.0.128 () {32 vars in 740 bytes} [Thu Apr 2 18:06:17 2026] DELETE /v2.0/security-groups/ca98ea6b-85fe-4186-9bfa-067164911f96 => generated 0 bytes in 217 msecs (HTTP/1.1 204) 2 headers in 112 bytes (1 switches on core 0) [pid: 7|app: 0|req: 948/1918] 10.0.0.128 () {34 vars in 685 bytes} [Thu Apr 2 18:06:17 2026] POST /v2.0/vpn/vpnservices => generated 424 bytes in 366 msecs (HTTP/1.1 201) 4 headers in 162 bytes (1 switches on core 0) [pid: 7|app: 0|req: 949/1919] 10.0.0.15 () {28 vars in 582 bytes} [Thu Apr 2 18:06:17 2026] GET /v2.0/subnets => generated 4626 bytes in 41 msecs (HTTP/1.1 200) 4 headers in 158 bytes (1 switches on core 0)
2026-04-02 18:06:18.090 8 WARNING neutron.scheduler.dhcp_agent_scheduler [None req-11105629-5747-4318-b2ed-3be80c9f54a9 1a7fce1cb33244388af861c309d03db1 3ad33cc897b64d44a8f0a183918a541c - - default default] No more DHCP agents
2026-04-02 18:06:18.092 8 WARNING neutron.api.rpc.agentnotifiers.dhcp_rpc_agent_api [None req-11105629-5747-4318-b2ed-3be80c9f54a9 1a7fce1cb33244388af861c309d03db1 3ad33cc897b64d44a8f0a183918a541c - - default default] Unable to schedule network fe720857-379f-418e-86b5-21aa52510b21: no agents available; will retry on subsequent port and subnet creation events.
2026-04-02 18:06:18.372 7 WARNING neutron.scheduler.dhcp_agent_scheduler [None req-ab410213-5c0f-4021-bacc-78966d243062 4fa3bf1c5f0f473f8f73330ee5fe3ea2 544ca73dd9554e479dc30269fb9a7855 - - default default] No more DHCP agents
2026-04-02 18:06:18.374 7 WARNING neutron.api.rpc.agentnotifiers.dhcp_rpc_agent_api [None req-ab410213-5c0f-4021-bacc-78966d243062 4fa3bf1c5f0f473f8f73330ee5fe3ea2 544ca73dd9554e479dc30269fb9a7855 - - default default] Unable to schedule network fe720857-379f-418e-86b5-21aa52510b21: no agents available; will retry on subsequent port and subnet creation events.
2026-04-02 18:06:18.533 7 INFO neutron.db.ovn_revision_numbers_db [None req-ab410213-5c0f-4021-bacc-78966d243062 4fa3bf1c5f0f473f8f73330ee5fe3ea2 544ca73dd9554e479dc30269fb9a7855 - - default default] Successfully bumped revision number for resource 16dcb465-f8a4-4ed3-aab9-cf26b83328b1 (type: ports) to 1
2026-04-02 18:06:18.627 8 WARNING neutron.plugins.ml2.drivers.ovn.mech_driver.ovsdb.ovn_client [None req-2add29e3-7853-4dd5-8d7a-e26599c3def7 - - - - - -] No hosting information found for port 9042d86f-aca6-4f72-a2f2-54b25d0177af: RuntimeError: No hosting information found for port 9042d86f-aca6-4f72-a2f2-54b25d0177af
2026-04-02 18:06:18.789 8 INFO neutron.db.ovn_revision_numbers_db [None req-2add29e3-7853-4dd5-8d7a-e26599c3def7 - - - - - -] Successfully bumped revision number for resource 9042d86f-aca6-4f72-a2f2-54b25d0177af (type: router_ports) to 2
2026-04-02 18:06:18.790 8 INFO neutron.plugins.ml2.drivers.ovn.mech_driver.mech_driver [None req-2add29e3-7853-4dd5-8d7a-e26599c3def7 - - - - - -] OVN reports status down for port: 283a08a9-0e68-490e-9215-1af8054b73f7
2026-04-02 18:06:18.893 8 WARNING neutron.plugins.ml2.drivers.ovn.mech_driver.ovsdb.ovn_client [None req-2add29e3-7853-4dd5-8d7a-e26599c3def7 - - - - - -] Logical_Switch_Port %s host information not removed, the port state is up
2026-04-02 18:06:18.966 8 INFO neutron.plugins.ml2.drivers.ovn.mech_driver.mech_driver [None req-2add29e3-7853-4dd5-8d7a-e26599c3def7 - - - - - -] OVN reports status up for port: 283a08a9-0e68-490e-9215-1af8054b73f7
2026-04-02 18:06:18.984 8 INFO neutron.plugins.ml2.plugin [None req-2add29e3-7853-4dd5-8d7a-e26599c3def7 - - - - - -] Attempt 1 to provision port 283a08a9-0e68-490e-9215-1af8054b73f7
2026-04-02 18:06:19.050 8 INFO neutron.db.ovn_revision_numbers_db [None req-11105629-5747-4318-b2ed-3be80c9f54a9 1a7fce1cb33244388af861c309d03db1 3ad33cc897b64d44a8f0a183918a541c - - default default] Successfully bumped revision number for resource 789df5d1-569f-45cb-a2d1-9f4475f511e5 (type: floatingips) to 1
2026-04-02 18:06:19.050 8 INFO neutron.db.l3_db [None req-11105629-5747-4318-b2ed-3be80c9f54a9 1a7fce1cb33244388af861c309d03db1 3ad33cc897b64d44a8f0a183918a541c - - default default] Floating IP 789df5d1-569f-45cb-a2d1-9f4475f511e5 associated. External IP: 10.96.250.211, port: f6563e06-b589-40c8-b11c-873c6c9d7d24. [pid: 8|app: 0|req: 971/1920] 10.0.0.128 () {34 vars in 677 bytes} [Thu Apr 2 18:06:17 2026] POST /v2.0/floatingips => generated 842 bytes in 1237 msecs (HTTP/1.1 201) 4 headers in 162 bytes (1 switches on core 0)
2026-04-02 18:06:19.135 7 INFO neutron.plugins.ml2.drivers.ovn.mech_driver.ovsdb.commands [None req-7906d1dd-8bff-4494-855a-8bc7e6276423 - - - - - -] Schedule LRP lrp-16dcb465-f8a4-4ed3-aab9-cf26b83328b1 on gateway fd5c3231-cd52-4b53-8b2b-cdc0ff097d81 with priority 1
2026-04-02 18:06:19.175 7 WARNING neutron.plugins.ml2.drivers.ovn.mech_driver.ovsdb.ovn_client [None req-760db2a1-629b-40dc-9ff5-0bed4cd9dd43 - - - - - -] No hosting information found for port 7674ef91-db4d-466f-bb67-ab5663a3219c: RuntimeError: No hosting information found for port 7674ef91-db4d-466f-bb67-ab5663a3219c
2026-04-02 18:06:19.175 7 INFO neutron.plugins.ml2.drivers.ovn.mech_driver.mech_driver [None req-760db2a1-629b-40dc-9ff5-0bed4cd9dd43 - - - - - -] OVN reports status down for port: 50a88b0b-3ebd-4942-849f-6940d48faf58
2026-04-02 18:06:19.176 8 INFO neutron.plugins.ml2.drivers.ovn.mech_driver.ovsdb.ovsdb_monitor [None req-2772c84e-b5ce-4fcb-a5e3-dd1b81447f2f - - - - - -] Router fe022631-9ad9-40b0-8692-d0bd1da0da97 is bound to host instance
2026-04-02 18:06:19.209 7 INFO neutron.db.ovn_revision_numbers_db [None req-ab410213-5c0f-4021-bacc-78966d243062 4fa3bf1c5f0f473f8f73330ee5fe3ea2 544ca73dd9554e479dc30269fb9a7855 - - default default] Successfully bumped revision number for resource 16dcb465-f8a4-4ed3-aab9-cf26b83328b1 (type: router_ports) to 1 [pid: 8|app: 0|req: 972/1921] 10.0.0.128 () {34 vars in 684 bytes} [Thu Apr 2 18:06:19 2026] POST /v2.0/vpn/ikepolicies => generated 402 bytes in 118 msecs (HTTP/1.1 201) 4 headers in 162 bytes (1 switches on core 0) [pid: 8|app: 0|req: 973/1922] 10.0.0.15 () {28 vars in 618 bytes} [Thu Apr 2 18:06:19 2026] GET /v2.0/network-ip-availabilities => generated 3319 bytes in 75 msecs (HTTP/1.1 200) 4 headers in 158 bytes (1 switches on core 0)
2026-04-02 18:06:19.313 7 WARNING neutron.plugins.ml2.drivers.ovn.mech_driver.ovsdb.ovn_client [None req-760db2a1-629b-40dc-9ff5-0bed4cd9dd43 - - - - - -] Logical_Switch_Port %s host information not removed, the port state is up
2026-04-02 18:06:19.314 7 INFO neutron.plugins.ml2.drivers.ovn.mech_driver.mech_driver [None req-760db2a1-629b-40dc-9ff5-0bed4cd9dd43 - - - - - -] OVN reports status up for port: 50a88b0b-3ebd-4942-849f-6940d48faf58
2026-04-02 18:06:19.317 7 INFO neutron.db.ovn_revision_numbers_db [None req-ab410213-5c0f-4021-bacc-78966d243062 4fa3bf1c5f0f473f8f73330ee5fe3ea2 544ca73dd9554e479dc30269fb9a7855 - - default default] Successfully bumped revision number for resource fe022631-9ad9-40b0-8692-d0bd1da0da97 (type: routers) to 2
2026-04-02 18:06:19.331 7 INFO neutron.plugins.ml2.plugin [None req-760db2a1-629b-40dc-9ff5-0bed4cd9dd43 - - - - - -] Attempt 1 to provision port 50a88b0b-3ebd-4942-849f-6940d48faf58 [pid: 7|app: 0|req: 950/1923] 10.0.0.128 () {34 vars in 669 bytes} [Thu Apr 2 18:06:17 2026] POST /v2.0/routers => generated 966 bytes in 1403 msecs (HTTP/1.1 201) 4 headers in 162 bytes (1 switches on core 0) [pid: 7|app: 0|req: 951/1924] 10.0.0.128 () {32 vars in 729 bytes} [Thu Apr 2 18:06:19 2026] GET /v2.0/floatingips/789df5d1-569f-45cb-a2d1-9f4475f511e5 => generated 844 bytes in 72 msecs (HTTP/1.1 200) 4 headers in 157 bytes (1 switches on core 0) [pid: 7|app: 0|req: 952/1925] 10.0.0.128 () {34 vars in 688 bytes} [Thu Apr 2 18:06:19 2026] POST /v2.0/vpn/ipsecpolicies => generated 413 bytes in 77 msecs (HTTP/1.1 201) 4 headers in 162 bytes (1 switches on core 0)
2026-04-02 18:06:19.708 8 INFO neutron.db.ovn_revision_numbers_db [None req-8d5aa27c-1a95-4d33-9478-b16a5edbe50c 4fa3bf1c5f0f473f8f73330ee5fe3ea2 544ca73dd9554e479dc30269fb9a7855 - - default default] Successfully bumped revision number for resource 9f8f1f39-5437-4cba-9ca8-327ff59e0d50 (type: security_groups) to 1
