2026-05-18 01:47:57.104 10 INFO neutron.db.ovn_revision_numbers_db [None req-8920d93d-9cb8-4ae5-82fa-a981d829a803 2e0bf81ffc104005bbfd0306974e2f0b ff340c3f0a1a469fa3a45ca9642e8551 - - default default] Successfully bumped revision number for resource 7731e576-3980-4712-87a3-725401761e5a (type: router_ports) to 1
2026-05-18 01:47:57.172 10 INFO neutron.db.ovn_revision_numbers_db [None req-8920d93d-9cb8-4ae5-82fa-a981d829a803 2e0bf81ffc104005bbfd0306974e2f0b ff340c3f0a1a469fa3a45ca9642e8551 - - default default] Successfully bumped revision number for resource 0a26a9e4-2686-4cfa-8374-3571fe73a0fb (type: routers) to 2
2026-05-18 01:47:57.188 10 INFO neutron.wsgi [None req-8920d93d-9cb8-4ae5-82fa-a981d829a803 2e0bf81ffc104005bbfd0306974e2f0b ff340c3f0a1a469fa3a45ca9642e8551 - - default default] 10.0.0.109 "POST /v2.0/routers HTTP/1.1" status: 201 len: 874 time: 1.2619135
2026-05-18 01:47:57.505 9 INFO neutron.wsgi [None req-d3343542-3119-4c8a-995a-d3a6f1e669a4 f98f2c9c7230428e8ff417d92c12332f 152cf242daca4e6c8ff8f34bba2d0271 - - default default] 10.0.0.109 "GET /v2.0/ports?project_id=3e1633ce13544f04b0e513836f952c66&network_id=0824afb6-7abf-4c84-b1b5-642090780c7e HTTP/1.1" status: 200 len: 3510 time: 0.0465796
2026-05-18 01:47:57.683 9 INFO neutron.db.ovn_revision_numbers_db [None req-86df10d2-db5a-4a96-bb98-a2c08410f538 - - - - - -] Successfully bumped revision number for resource 7731e576-3980-4712-87a3-725401761e5a (type: ports) to 1
2026-05-18 01:47:57.806 9 INFO neutron.wsgi [None req-8f212e78-85ff-4a33-bbd1-e503d9f404f1 f98f2c9c7230428e8ff417d92c12332f 152cf242daca4e6c8ff8f34bba2d0271 - - default default] 10.0.0.109 "GET /v2.0/subnets?network_id=2fee8833-d39e-423b-94ec-b16b3690261a HTTP/1.1" status: 200 len: 838 time: 0.0519514
2026-05-18 01:47:57.830 10 WARNING neutron.scheduler.dhcp_agent_scheduler [None req-a20bc59c-1a43-4a3b-a49b-915db860c54f 2e0bf81ffc104005bbfd0306974e2f0b ff340c3f0a1a469fa3a45ca9642e8551 - - default default] No more DHCP agents
2026-05-18 01:47:57.832 10 WARNING neutron.api.rpc.agentnotifiers.dhcp_rpc_agent_api [None req-a20bc59c-1a43-4a3b-a49b-915db860c54f 2e0bf81ffc104005bbfd0306974e2f0b ff340c3f0a1a469fa3a45ca9642e8551 - - default default] Unable to schedule network 4c271f4f-cfce-4a4d-8f71-6acfa82f4245: no agents available; will retry on subsequent port and subnet creation events.
2026-05-18 01:47:57.967 9 INFO neutron.db.ovn_revision_numbers_db [None req-86df10d2-db5a-4a96-bb98-a2c08410f538 - - - - - -] Successfully bumped revision number for resource 7731e576-3980-4712-87a3-725401761e5a (type: router_ports) to 3
2026-05-18 01:47:57.985 10 INFO neutron.db.ovn_revision_numbers_db [None req-a20bc59c-1a43-4a3b-a49b-915db860c54f 2e0bf81ffc104005bbfd0306974e2f0b ff340c3f0a1a469fa3a45ca9642e8551 - - default default] Successfully bumped revision number for resource 1c7a945d-3eae-4ca2-85ac-15d791914ac8 (type: ports) to 1
2026-05-18 01:47:58.323 10 INFO neutron.plugins.ml2.drivers.ovn.mech_driver.mech_driver [None req-40637c31-0121-4113-bf8c-a5fc8cada4ed - - - - - -] OVN reports status up for port: 1c7a945d-3eae-4ca2-85ac-15d791914ac8
2026-05-18 01:47:58.332 10 INFO neutron.plugins.ml2.plugin [None req-40637c31-0121-4113-bf8c-a5fc8cada4ed - - - - - -] Attempt 1 to provision port 1c7a945d-3eae-4ca2-85ac-15d791914ac8
2026-05-18 01:47:58.347 10 INFO neutron.db.ovn_revision_numbers_db [None req-a20bc59c-1a43-4a3b-a49b-915db860c54f 2e0bf81ffc104005bbfd0306974e2f0b ff340c3f0a1a469fa3a45ca9642e8551 - - default default] Successfully bumped revision number for resource 1c7a945d-3eae-4ca2-85ac-15d791914ac8 (type: router_ports) to 1
2026-05-18 01:47:58.399 9 INFO neutron.db.ovn_revision_numbers_db [None req-86df10d2-db5a-4a96-bb98-a2c08410f538 - - - - - -] Successfully bumped revision number for resource 7731e576-3980-4712-87a3-725401761e5a (type: ports) to 2
2026-05-18 01:47:58.401 9 INFO neutron.db.l3_db [None req-d18f2209-b113-4d4c-b328-ac5e924cca6a fbd5d8c3c086458bb715a0f544cc0e20 3e1633ce13544f04b0e513836f952c66 - - default default] Floating IP 4fb41131-9632-41f2-b10e-8d8c8968a872 disassociated. External IP: 10.96.250.214, port: 93b4c318-1448-4428-8520-678d99982a65.
2026-05-18 01:47:58.443 9 INFO neutron.db.ovn_revision_numbers_db [None req-d18f2209-b113-4d4c-b328-ac5e924cca6a fbd5d8c3c086458bb715a0f544cc0e20 3e1633ce13544f04b0e513836f952c66 - - default default] Successfully bumped revision number for resource 4fb41131-9632-41f2-b10e-8d8c8968a872 (type: floatingips) to 2
2026-05-18 01:47:58.513 10 INFO neutron.db.ovn_revision_numbers_db [None req-a20bc59c-1a43-4a3b-a49b-915db860c54f 2e0bf81ffc104005bbfd0306974e2f0b ff340c3f0a1a469fa3a45ca9642e8551 - - default default] Successfully bumped revision number for resource 1c7a945d-3eae-4ca2-85ac-15d791914ac8 (type: ports) to 1
2026-05-18 01:47:58.527 9 INFO neutron.wsgi [None req-d18f2209-b113-4d4c-b328-ac5e924cca6a fbd5d8c3c086458bb715a0f544cc0e20 3e1633ce13544f04b0e513836f952c66 - - default default] 10.0.0.109 "PUT /v2.0/floatingips/4fb41131-9632-41f2-b10e-8d8c8968a872 HTTP/1.1" status: 200 len: 748 time: 0.4915130
2026-05-18 01:47:58.567 9 INFO neutron.notifiers.nova [-] Nova event matching ['req-48b112cb-e455-43e0-9f83-27bb8a35dad8'] response: {'name': 'network-changed', 'server_uuid': '4c9a7ec2-4d88-49d9-a9b6-722d53129daa', 'tag': '93b4c318-1448-4428-8520-678d99982a65', 'status': 'completed', 'code': 200}
2026-05-18 01:47:58.587 10 INFO neutron.wsgi [None req-586a8e0f-ae89-4fe7-9403-e986655b263b fbd5d8c3c086458bb715a0f544cc0e20 3e1633ce13544f04b0e513836f952c66 - - default default] 10.0.0.109 "GET /v2.0/floatingips/4fb41131-9632-41f2-b10e-8d8c8968a872 HTTP/1.1" status: 200 len: 746 time: 0.0529394
2026-05-18 01:47:58.638 9 INFO neutron.wsgi [req-aacb4d61-7ffc-4b68-8566-6debd0ec898b req-2941d8e1-7e36-47dc-96e9-efa34d41283e beb8973fb110498a9387049987fdb2a9 b5fab706a5854c878f6f17933e2647d1 - - 962da104e0de4d17b46b13014ad5ab31 962da104e0de4d17b46b13014ad5ab31] 162.253.55.186 "GET /v2.0/ports?tenant_id=3e1633ce13544f04b0e513836f952c66&device_id=4c9a7ec2-4d88-49d9-a9b6-722d53129daa HTTP/1.1" status: 200 len: 1409 time: 0.0449808
2026-05-18 01:47:58.656 10 WARNING neutron.scheduler.dhcp_agent_scheduler [None req-a20bc59c-1a43-4a3b-a49b-915db860c54f 2e0bf81ffc104005bbfd0306974e2f0b ff340c3f0a1a469fa3a45ca9642e8551 - - default default] No more DHCP agents
2026-05-18 01:47:58.658 10 WARNING neutron.api.rpc.agentnotifiers.dhcp_rpc_agent_api [None req-a20bc59c-1a43-4a3b-a49b-915db860c54f 2e0bf81ffc104005bbfd0306974e2f0b ff340c3f0a1a469fa3a45ca9642e8551 - - default default] Unable to schedule network 4c271f4f-cfce-4a4d-8f71-6acfa82f4245: no agents available; will retry on subsequent port and subnet creation events.
2026-05-18 01:47:58.686 10 INFO neutron.db.ovn_revision_numbers_db [None req-40637c31-0121-4113-bf8c-a5fc8cada4ed - - - - - -] Successfully bumped revision number for resource 1c7a945d-3eae-4ca2-85ac-15d791914ac8 (type: ports) to 2
2026-05-18 01:47:58.727 9 INFO neutron.wsgi [req-aacb4d61-7ffc-4b68-8566-6debd0ec898b req-db24b7bf-28e0-4ecd-8d29-0a5c912f4643 beb8973fb110498a9387049987fdb2a9 b5fab706a5854c878f6f17933e2647d1 - - 962da104e0de4d17b46b13014ad5ab31 962da104e0de4d17b46b13014ad5ab31] 162.253.55.186 "GET /v2.0/networks?id=0824afb6-7abf-4c84-b1b5-642090780c7e HTTP/1.1" status: 200 len: 958 time: 0.0787373
2026-05-18 01:47:58.758 9 INFO neutron.wsgi [req-aacb4d61-7ffc-4b68-8566-6debd0ec898b req-d67c59a2-bf98-4098-9b32-03597c6ab33c beb8973fb110498a9387049987fdb2a9 b5fab706a5854c878f6f17933e2647d1 - - 962da104e0de4d17b46b13014ad5ab31 962da104e0de4d17b46b13014ad5ab31] 162.253.55.186 "GET /v2.0/floatingips?fixed_ip_address=10.100.0.4&port_id=93b4c318-1448-4428-8520-678d99982a65 HTTP/1.1" status: 200 len: 217 time: 0.0227051
2026-05-18 01:47:58.819 9 INFO neutron.wsgi [req-aacb4d61-7ffc-4b68-8566-6debd0ec898b req-a79e3743-3a2e-4a52-9881-53a251d82f55 beb8973fb110498a9387049987fdb2a9 b5fab706a5854c878f6f17933e2647d1 - - 962da104e0de4d17b46b13014ad5ab31 962da104e0de4d17b46b13014ad5ab31] 162.253.55.186 "GET /v2.0/subnets?id=1fa444e8-4dfb-4ac8-9c3b-2e8887f0b797 HTTP/1.1" status: 200 len: 851 time: 0.0551541
2026-05-18 01:47:58.823 9 INFO neutron.db.ovn_revision_numbers_db [None req-86df10d2-db5a-4a96-bb98-a2c08410f538 - - - - - -] Successfully bumped revision number for resource 7731e576-3980-4712-87a3-725401761e5a (type: ports) to 4
2026-05-18 01:47:58.851 9 INFO neutron.wsgi [req-aacb4d61-7ffc-4b68-8566-6debd0ec898b req-ae495b85-f644-4920-af85-a180c0038420 beb8973fb110498a9387049987fdb2a9 b5fab706a5854c878f6f17933e2647d1 - - 962da104e0de4d17b46b13014ad5ab31 962da104e0de4d17b46b13014ad5ab31] 162.253.55.186 "GET /v2.0/ports?network_id=0824afb6-7abf-4c84-b1b5-642090780c7e&device_owner=network%3Adhcp HTTP/1.1" status: 200 len: 210 time: 0.0236249
2026-05-18 01:47:58.862 10 INFO neutron.db.ovn_revision_numbers_db [None req-40637c31-0121-4113-bf8c-a5fc8cada4ed - - - - - -] Successfully bumped revision number for resource 1c7a945d-3eae-4ca2-85ac-15d791914ac8 (type: router_ports) to 2
2026-05-18 01:47:58.959 9 INFO neutron.wsgi [req-aacb4d61-7ffc-4b68-8566-6debd0ec898b req-ad5dd99f-415e-4875-b0c6-2cdd2ac0d529 beb8973fb110498a9387049987fdb2a9 b5fab706a5854c878f6f17933e2647d1 - - 962da104e0de4d17b46b13014ad5ab31 962da104e0de4d17b46b13014ad5ab31] 162.253.55.186 "GET /v2.0/networks/0824afb6-7abf-4c84-b1b5-642090780c7e?fields=segments HTTP/1.1" status: 200 len: 212 time: 0.0911894
2026-05-18 01:47:59.057 9 INFO neutron.wsgi [req-aacb4d61-7ffc-4b68-8566-6debd0ec898b req-cbc8f9f9-64f5-4cc3-93c2-17bd8f953905 beb8973fb110498a9387049987fdb2a9 b5fab706a5854c878f6f17933e2647d1 - - 962da104e0de4d17b46b13014ad5ab31 962da104e0de4d17b46b13014ad5ab31] 162.253.55.186 "GET /v2.0/networks/0824afb6-7abf-4c84-b1b5-642090780c7e?fields=provider%3Aphysical_network&fields=provider%3Anetwork_type HTTP/1.1" status: 200 len: 277 time: 0.0851703
2026-05-18 01:47:59.152 9 INFO neutron.db.ovn_revision_numbers_db [None req-86df10d2-db5a-4a96-bb98-a2c08410f538 - - - - - -] Successfully bumped revision number for resource 7731e576-3980-4712-87a3-725401761e5a (type: router_ports) to 4
2026-05-18 01:47:59.414 10 INFO neutron.db.ovn_revision_numbers_db [None req-a20bc59c-1a43-4a3b-a49b-915db860c54f 2e0bf81ffc104005bbfd0306974e2f0b ff340c3f0a1a469fa3a45ca9642e8551 - - default default] Successfully bumped revision number for resource 1c7a945d-3eae-4ca2-85ac-15d791914ac8 (type: router_ports) to 2
2026-05-18 01:47:59.417 10 INFO neutron.wsgi [None req-a20bc59c-1a43-4a3b-a49b-915db860c54f 2e0bf81ffc104005bbfd0306974e2f0b ff340c3f0a1a469fa3a45ca9642e8551 - - default default] 10.0.0.109 "PUT /v2.0/routers/0a26a9e4-2686-4cfa-8374-3571fe73a0fb/add_router_interface HTTP/1.1" status: 200 len: 503 time: 2.2239466
2026-05-18 01:47:59.747 10 INFO neutron.wsgi [req-19cad7aa-4c7a-4d41-90e8-6fc769aece14 req-7160773a-b882-420a-8ae2-fd22e0e55113 beb8973fb110498a9387049987fdb2a9 b5fab706a5854c878f6f17933e2647d1 - - 962da104e0de4d17b46b13014ad5ab31 962da104e0de4d17b46b13014ad5ab31] 10.0.0.76 "GET /v2.0/ports?device_id=acea97eb-e83c-408e-bf57-61b517b186f0 HTTP/1.1" status: 200 len: 1642 time: 0.0572343
2026-05-18 01:47:59.803 10 INFO neutron.wsgi [req-19cad7aa-4c7a-4d41-90e8-6fc769aece14 req-9de65a2a-14af-4170-a9c8-468d3ac790fa beb8973fb110498a9387049987fdb2a9 b5fab706a5854c878f6f17933e2647d1 - - 962da104e0de4d17b46b13014ad5ab31 962da104e0de4d17b46b13014ad5ab31] 10.0.0.76 "GET /v2.0/security-groups?id=11604ccd-1904-4a71-9fa0-4935a038a7a5&fields=id&fields=name HTTP/1.1" status: 200 len: 311 time: 0.0481064
2026-05-18 01:47:59.822 10 INFO neutron.db.ovn_revision_numbers_db [None req-25163561-52bd-41ab-9193-e16068f72683 fbd5d8c3c086458bb715a0f544cc0e20 3e1633ce13544f04b0e513836f952c66 - - default default] Successfully bumped revision number for resource b42cace6-f130-41c6-8153-094ec635673d (type: security_groups) to 1
2026-05-18 01:47:59.836 10 INFO neutron.db.ovn_revision_numbers_db [None req-25163561-52bd-41ab-9193-e16068f72683 fbd5d8c3c086458bb715a0f544cc0e20 3e1633ce13544f04b0e513836f952c66 - - default default] Successfully bumped revision number for resource 78d3bfbd-4248-418c-936b-875155431814 (type: security_group_rules) to 0
2026-05-18 01:47:59.852 10 INFO neutron.db.ovn_revision_numbers_db [None req-25163561-52bd-41ab-9193-e16068f72683 fbd5d8c3c086458bb715a0f544cc0e20 3e1633ce13544f04b0e513836f952c66 - - default default] Successfully bumped revision number for resource 7da24616-55f3-4dc7-b17c-fc3b47395fc6 (type: security_group_rules) to 0
2026-05-18 01:47:59.874 10 INFO neutron.wsgi [None req-25163561-52bd-41ab-9193-e16068f72683 fbd5d8c3c086458bb715a0f544cc0e20 3e1633ce13544f04b0e513836f952c66 - - default default] 10.0.0.109 "POST /v2.0/security-groups HTTP/1.1" status: 201 len: 1809 time: 0.2210088
2026-05-18 01:47:59.967 10 INFO neutron.db.ovn_revision_numbers_db [None req-fcabaa0d-3432-41f3-9cb4-bc54c62902aa fbd5d8c3c086458bb715a0f544cc0e20 3e1633ce13544f04b0e513836f952c66 - - default default] Successfully bumped revision number for resource 7cbc1334-de65-4b27-b3ca-830fbf534d16 (type: security_group_rules) to 0
2026-05-18 01:47:59.989 10 INFO neutron.wsgi [None req-fcabaa0d-3432-41f3-9cb4-bc54c62902aa fbd5d8c3c086458bb715a0f544cc0e20 3e1633ce13544f04b0e513836f952c66 - - default default] 10.0.0.109 "POST /v2.0/security-group-rules HTTP/1.1" status: 201 len: 764 time: 0.1097312
2026-05-18 01:48:00.096 10 INFO neutron.db.ovn_revision_numbers_db [None req-245143d3-36d4-4ba3-9358-c9c8b784b86c fbd5d8c3c086458bb715a0f544cc0e20 3e1633ce13544f04b0e513836f952c66 - - default default] Successfully bumped revision number for resource 11f3f4e0-cbd6-4412-be85-15d76d02c6e4 (type: security_group_rules) to 0
2026-05-18 01:48:00.121 10 INFO neutron.wsgi [None req-245143d3-36d4-4ba3-9358-c9c8b784b86c fbd5d8c3c086458bb715a0f544cc0e20 3e1633ce13544f04b0e513836f952c66 - - default default] 10.0.0.109 "POST /v2.0/security-group-rules HTTP/1.1" status: 201 len: 763 time: 0.1272464
2026-05-18 01:48:00.243 10 INFO neutron.db.ovn_revision_numbers_db [None req-841189ab-a2f5-4ed7-8f6b-bf8817978082 fbd5d8c3c086458bb715a0f544cc0e20 3e1633ce13544f04b0e513836f952c66 - - default default] Successfully bumped revision number for resource 03bd8919-3040-4d2a-a25e-6834a01e07ea (type: security_group_rules) to 0
2026-05-18 01:48:00.267 10 INFO neutron.wsgi [None req-841189ab-a2f5-4ed7-8f6b-bf8817978082 fbd5d8c3c086458bb715a0f544cc0e20 3e1633ce13544f04b0e513836f952c66 - - default default] 10.0.0.109 "POST /v2.0/security-group-rules HTTP/1.1" status: 201 len: 769 time: 0.1420236
2026-05-18 01:48:00.388 10 INFO neutron.db.ovn_revision_numbers_db [None req-2eea0f75-bbab-4504-85c5-c35f4817c714 fbd5d8c3c086458bb715a0f544cc0e20 3e1633ce13544f04b0e513836f952c66 - - default default] Successfully bumped revision number for resource 191960fa-fb5c-4360-b985-a4a0d8c46836 (type: security_group_rules) to 0
2026-05-18 01:48:00.411 10 INFO neutron.wsgi [None req-2eea0f75-bbab-4504-85c5-c35f4817c714 fbd5d8c3c086458bb715a0f544cc0e20 3e1633ce13544f04b0e513836f952c66 - - default default] 10.0.0.109 "POST /v2.0/security-group-rules HTTP/1.1" status: 201 len: 768 time: 0.1407080
2026-05-18 01:48:00.439 10 INFO neutron.db.securitygroups_db [None req-681fc446-5a3f-47e5-b598-ef08f5a194a9 fbd5d8c3c086458bb715a0f544cc0e20 3e1633ce13544f04b0e513836f952c66 - - default default] Project 3e1633ce13544f04b0e513836f952c66 added a security group rule with legacy IPv6 ICMP protocol name icmp, ipv6-icmp should be used instead. It was automatically converted.
2026-05-18 01:48:00.755 10 INFO neutron.db.ovn_revision_numbers_db [None req-681fc446-5a3f-47e5-b598-ef08f5a194a9 fbd5d8c3c086458bb715a0f544cc0e20 3e1633ce13544f04b0e513836f952c66 - - default default] Successfully bumped revision number for resource 401baf7b-9127-4fd6-b5d1-8e229eda4aac (type: security_group_rules) to 0
2026-05-18 01:48:00.786 10 INFO neutron.wsgi [None req-681fc446-5a3f-47e5-b598-ef08f5a194a9 fbd5d8c3c086458bb715a0f544cc0e20 3e1633ce13544f04b0e513836f952c66 - - default default] 10.0.0.109 "POST /v2.0/security-group-rules HTTP/1.1" status: 201 len: 774 time: 0.3690324
2026-05-18 01:48:00.811 10 INFO neutron.db.securitygroups_db [None req-43a0d6da-0fc4-4bd6-a8f1-7625e28f703d fbd5d8c3c086458bb715a0f544cc0e20 3e1633ce13544f04b0e513836f952c66 - - default default] Project 3e1633ce13544f04b0e513836f952c66 added a security group rule with legacy IPv6 ICMP protocol name icmp, ipv6-icmp should be used instead. It was automatically converted.
2026-05-18 01:48:00.907 10 INFO neutron.db.ovn_revision_numbers_db [None req-43a0d6da-0fc4-4bd6-a8f1-7625e28f703d fbd5d8c3c086458bb715a0f544cc0e20 3e1633ce13544f04b0e513836f952c66 - - default default] Successfully bumped revision number for resource 1caedb68-bae5-42a8-85ab-37f96fe7d03b (type: security_group_rules) to 0
2026-05-18 01:48:00.928 10 INFO neutron.wsgi [None req-43a0d6da-0fc4-4bd6-a8f1-7625e28f703d fbd5d8c3c086458bb715a0f544cc0e20 3e1633ce13544f04b0e513836f952c66 - - default default] 10.0.0.109 "POST /v2.0/security-group-rules HTTP/1.1" status: 201 len: 773 time: 0.1367316
2026-05-18 01:48:01.386 10 INFO neutron.wsgi [None req-92912cf3-36b1-4299-89ca-f8d7253e2811 fbd5d8c3c086458bb715a0f544cc0e20 3e1633ce13544f04b0e513836f952c66 - - default default] 10.0.0.109 "GET /v2.0/networks HTTP/1.1" status: 200 len: 1493 time: 0.1061232
2026-05-18 01:48:01.501 10 INFO neutron.wsgi [req-b677dd0e-8927-4092-8809-07533e5ed74a req-97a182e6-abad-4030-9e32-0f0310ef0289 fbd5d8c3c086458bb715a0f544cc0e20 3e1633ce13544f04b0e513836f952c66 - - default default] 10.0.0.105 "GET /v2.0/security-groups?name=tempest-secgroup-smoke-338916805&fields=id&tenant_id=3e1633ce13544f04b0e513836f952c66 HTTP/1.1" status: 200 len: 267 time: 0.0401652
2026-05-18 01:48:01.578 10 INFO neutron.wsgi [req-b677dd0e-8927-4092-8809-07533e5ed74a req-e7a14284-c2f5-483a-b775-b646bc0645fb fbd5d8c3c086458bb715a0f544cc0e20 3e1633ce13544f04b0e513836f952c66 - - default default] 10.0.0.105 "GET /v2.0/networks?id=0824afb6-7abf-4c84-b1b5-642090780c7e HTTP/1.1" status: 200 len: 860 time: 0.0688722
2026-05-18 01:48:01.595 10 INFO neutron.wsgi [req-b677dd0e-8927-4092-8809-07533e5ed74a req-61ca9094-2584-460e-beed-0df9514cf347 fbd5d8c3c086458bb715a0f544cc0e20 3e1633ce13544f04b0e513836f952c66 - - default default] 10.0.0.105 "GET /v2.0/quotas/3e1633ce13544f04b0e513836f952c66 HTTP/1.1" status: 200 len: 386 time: 0.0105934
2026-05-18 01:48:01.707 10 INFO neutron.wsgi [req-64352eca-4e05-460e-a2dd-68dbe1414bd7 req-b0975981-718b-49a1-92f5-4c538e44cf88 5d05764deb714c6588b0eeac9a0aeb50 a3cbd460852e47868e26aa32c07a4e62 - - default default] 10.0.0.105 "GET /v2.0/networks?id=4c271f4f-cfce-4a4d-8f71-6acfa82f4245 HTTP/1.1" status: 200 len: 872 time: 0.0849535
2026-05-18 01:48:01.713 10 INFO neutron.wsgi [req-b677dd0e-8927-4092-8809-07533e5ed74a req-c8ce238b-eb27-4ec7-93e6-2a6c016c1c79 fbd5d8c3c086458bb715a0f544cc0e20 3e1633ce13544f04b0e513836f952c66 - - default default] 10.0.0.105 "GET /v2.0/ports?tenant_id=3e1633ce13544f04b0e513836f952c66&fields=id HTTP/1.1" status: 200 len: 348 time: 0.1112607
2026-05-18 01:48:01.724 10 INFO neutron.wsgi [req-64352eca-4e05-460e-a2dd-68dbe1414bd7 req-72264bc0-4f3b-412d-ad58-d782821ce2d4 5d05764deb714c6588b0eeac9a0aeb50 a3cbd460852e47868e26aa32c07a4e62 - - default default] 10.0.0.105 "GET /v2.0/quotas/a3cbd460852e47868e26aa32c07a4e62 HTTP/1.1" status: 200 len: 386 time: 0.0091338
2026-05-18 01:48:01.802 10 INFO neutron.wsgi [req-b677dd0e-8927-4092-8809-07533e5ed74a req-7a81d2b4-2d08-46ac-abcb-3e9a9caa6ba1 beb8973fb110498a9387049987fdb2a9 b5fab706a5854c878f6f17933e2647d1 - - 962da104e0de4d17b46b13014ad5ab31 962da104e0de4d17b46b13014ad5ab31] 10.0.0.105 "GET /v2.0/networks/0824afb6-7abf-4c84-b1b5-642090780c7e?fields=segments HTTP/1.1" status: 200 len: 212 time: 0.0771787
2026-05-18 01:48:01.839 10 INFO neutron.wsgi [req-64352eca-4e05-460e-a2dd-68dbe1414bd7 req-c40ba617-ef52-484d-baf7-0d6a78c079ca 5d05764deb714c6588b0eeac9a0aeb50 a3cbd460852e47868e26aa32c07a4e62 - - default default] 10.0.0.105 "GET /v2.0/ports?tenant_id=a3cbd460852e47868e26aa32c07a4e62&fields=id HTTP/1.1" status: 200 len: 302 time: 0.1090539
2026-05-18 01:48:01.889 10 INFO neutron.wsgi [req-b677dd0e-8927-4092-8809-07533e5ed74a req-a3542a30-340e-40b2-8b06-443fac27be9f beb8973fb110498a9387049987fdb2a9 b5fab706a5854c878f6f17933e2647d1 - - 962da104e0de4d17b46b13014ad5ab31 962da104e0de4d17b46b13014ad5ab31] 10.0.0.105 "GET /v2.0/networks/0824afb6-7abf-4c84-b1b5-642090780c7e?fields=provider%3Aphysical_network&fields=provider%3Anetwork_type HTTP/1.1" status: 200 len: 277 time: 0.0794878
2026-05-18 01:48:01.909 10 INFO neutron.wsgi [req-64352eca-4e05-460e-a2dd-68dbe1414bd7 req-fb86b198-31bc-4df9-95a1-69061899b07b beb8973fb110498a9387049987fdb2a9 b5fab706a5854c878f6f17933e2647d1 - - 962da104e0de4d17b46b13014ad5ab31 962da104e0de4d17b46b13014ad5ab31] 10.0.0.105 "GET /v2.0/networks/4c271f4f-cfce-4a4d-8f71-6acfa82f4245?fields=segments HTTP/1.1" status: 200 len: 212 time: 0.0607564
2026-05-18 01:48:01.980 10 INFO neutron.wsgi [req-64352eca-4e05-460e-a2dd-68dbe1414bd7 req-5e3c9c57-3aff-495a-adba-f61eb7f7d08e beb8973fb110498a9387049987fdb2a9 b5fab706a5854c878f6f17933e2647d1 - - 962da104e0de4d17b46b13014ad5ab31 962da104e0de4d17b46b13014ad5ab31] 10.0.0.105 "GET /v2.0/networks/4c271f4f-cfce-4a4d-8f71-6acfa82f4245?fields=provider%3Aphysical_network&fields=provider%3Anetwork_type HTTP/1.1" status: 200 len: 277 time: 0.0626259
2026-05-18 01:48:02.008 10 INFO neutron.wsgi [req-ce887c30-3c01-447a-8aef-ed99c2ac0ece req-7c922f40-ba98-4c5a-904e-235c044e961a fbd5d8c3c086458bb715a0f544cc0e20 3e1633ce13544f04b0e513836f952c66 - - default default] 10.0.0.105 "GET /v2.0/ports?device_id=635c0d87-af5e-425c-807e-670a334d3347 HTTP/1.1" status: 200 len: 210 time: 0.0217569
2026-05-18 01:48:02.139 10 INFO neutron.wsgi [req-f69e3902-a6d1-43fb-bed9-c449ee66075c req-3603c9d0-41a3-4629-8292-54d841fa84a2 5d05764deb714c6588b0eeac9a0aeb50 a3cbd460852e47868e26aa32c07a4e62 - - default default] 10.0.0.105 "GET /v2.0/ports?device_id=27c0c7fd-8cac-4374-989d-5cfb2eb649fd HTTP/1.1" status: 200 len: 210 time: 0.0242112
2026-05-18 01:48:02.793 9 INFO neutron.wsgi [req-b677dd0e-8927-4092-8809-07533e5ed74a req-c2365a0a-e0e1-41c8-816a-882bbb74c4ae fbd5d8c3c086458bb715a0f544cc0e20 3e1633ce13544f04b0e513836f952c66 - - default default] 162.253.55.186 "GET /v2.0/networks?id=0824afb6-7abf-4c84-b1b5-642090780c7e HTTP/1.1" status: 200 len: 860 time: 0.0692296
2026-05-18 01:48:02.856 9 INFO neutron.wsgi [req-b677dd0e-8927-4092-8809-07533e5ed74a req-61829686-1392-429b-aad8-0a36cd153e1e fbd5d8c3c086458bb715a0f544cc0e20 3e1633ce13544f04b0e513836f952c66 - - default default] 162.253.55.186 "GET /v2.0/security-groups?fields=id&fields=name&tenant_id=3e1633ce13544f04b0e513836f952c66 HTTP/1.1" status: 200 len: 471 time: 0.0545721
2026-05-18 01:48:03.108 10 INFO neutron.wsgi [req-262bd1e3-e78f-47d1-b92a-87f5a9d9381f req-c6e9333b-eaac-42d1-8154-142d4590231d fbd5d8c3c086458bb715a0f544cc0e20 3e1633ce13544f04b0e513836f952c66 - - default default] 10.0.0.105 "GET /v2.0/ports?device_id=635c0d87-af5e-425c-807e-670a334d3347 HTTP/1.1" status: 200 len: 210 time: 0.0304210
2026-05-18 01:48:03.120 10 INFO neutron.wsgi [req-64352eca-4e05-460e-a2dd-68dbe1414bd7 req-679bdd2e-5307-437d-a032-76027aa4dea1 5d05764deb714c6588b0eeac9a0aeb50 a3cbd460852e47868e26aa32c07a4e62 - - default default] 162.253.55.186 "GET /v2.0/networks?id=4c271f4f-cfce-4a4d-8f71-6acfa82f4245 HTTP/1.1" status: 200 len: 872 time: 0.1015952
2026-05-18 01:48:03.231 10 INFO neutron.wsgi [req-86cbed7b-b982-4c6c-908e-cec3e67d867c req-cdf8c3b6-bb3f-4d12-ab45-05bdf94b339b 5d05764deb714c6588b0eeac9a0aeb50 a3cbd460852e47868e26aa32c07a4e62 - - default default] 10.0.0.105 "GET /v2.0/ports?device_id=27c0c7fd-8cac-4374-989d-5cfb2eb649fd HTTP/1.1" status: 200 len: 210 time: 0.0221663
2026-05-18 01:48:03.233 9 WARNING neutron.scheduler.dhcp_agent_scheduler [req-b677dd0e-8927-4092-8809-07533e5ed74a req-0bdea6fc-6898-4a3c-91f7-52cf844195e5 fbd5d8c3c086458bb715a0f544cc0e20 3e1633ce13544f04b0e513836f952c66 - - default default] No more DHCP agents
2026-05-18 01:48:03.235 9 WARNING neutron.api.rpc.agentnotifiers.dhcp_rpc_agent_api [req-b677dd0e-8927-4092-8809-07533e5ed74a req-0bdea6fc-6898-4a3c-91f7-52cf844195e5 fbd5d8c3c086458bb715a0f544cc0e20 3e1633ce13544f04b0e513836f952c66 - - default default] Unable to schedule network 0824afb6-7abf-4c84-b1b5-642090780c7e: no agents available; will retry on subsequent port and subnet creation events.
2026-05-18 01:48:03.392 9 INFO neutron.db.ovn_revision_numbers_db [req-b677dd0e-8927-4092-8809-07533e5ed74a req-0bdea6fc-6898-4a3c-91f7-52cf844195e5 fbd5d8c3c086458bb715a0f544cc0e20 3e1633ce13544f04b0e513836f952c66 - - default default] Successfully bumped revision number for resource 7d61e23b-e639-42dd-8671-beb037dd7554 (type: ports) to 1
2026-05-18 01:48:03.414 9 INFO neutron.wsgi [req-b677dd0e-8927-4092-8809-07533e5ed74a req-0bdea6fc-6898-4a3c-91f7-52cf844195e5 fbd5d8c3c086458bb715a0f544cc0e20 3e1633ce13544f04b0e513836f952c66 - - default default] 162.253.55.186 "POST /v2.0/ports HTTP/1.1" status: 201 len: 1158 time: 0.5527101 /var/lib/openstack/lib/python3.10/site-packages/pycadf/identifier.py:71: UserWarning: Invalid uuid: neutron. To ensure interoperability, identifiers should be a valid uuid. warnings.warn(('Invalid uuid: %s. To ensure interoperability, '
2026-05-18 01:48:03.466 10 WARNING neutron.scheduler.dhcp_agent_scheduler [req-64352eca-4e05-460e-a2dd-68dbe1414bd7 req-a0c5cd59-103a-4f46-bb14-e9f6d017e687 5d05764deb714c6588b0eeac9a0aeb50 a3cbd460852e47868e26aa32c07a4e62 - - default default] No more DHCP agents
2026-05-18 01:48:03.467 10 WARNING neutron.api.rpc.agentnotifiers.dhcp_rpc_agent_api [req-64352eca-4e05-460e-a2dd-68dbe1414bd7 req-a0c5cd59-103a-4f46-bb14-e9f6d017e687 5d05764deb714c6588b0eeac9a0aeb50 a3cbd460852e47868e26aa32c07a4e62 - - default default] Unable to schedule network 4c271f4f-cfce-4a4d-8f71-6acfa82f4245: no agents available; will retry on subsequent port and subnet creation events.
2026-05-18 01:48:03.634 10 INFO neutron.db.ovn_revision_numbers_db [req-64352eca-4e05-460e-a2dd-68dbe1414bd7 req-a0c5cd59-103a-4f46-bb14-e9f6d017e687 5d05764deb714c6588b0eeac9a0aeb50 a3cbd460852e47868e26aa32c07a4e62 - - default default] Successfully bumped revision number for resource 60d7f1bb-8e15-480e-a63c-b5dc470030be (type: ports) to 1
2026-05-18 01:48:03.657 10 INFO neutron.wsgi [req-64352eca-4e05-460e-a2dd-68dbe1414bd7 req-a0c5cd59-103a-4f46-bb14-e9f6d017e687 5d05764deb714c6588b0eeac9a0aeb50 a3cbd460852e47868e26aa32c07a4e62 - - default default] 162.253.55.186 "POST /v2.0/ports HTTP/1.1" status: 201 len: 1162 time: 0.5310721 /var/lib/openstack/lib/python3.10/site-packages/pycadf/identifier.py:71: UserWarning: Invalid uuid: neutron. To ensure interoperability, identifiers should be a valid uuid. warnings.warn(('Invalid uuid: %s. To ensure interoperability, '
2026-05-18 01:48:03.814 9 INFO neutron.db.ovn_revision_numbers_db [req-b677dd0e-8927-4092-8809-07533e5ed74a req-bfbe32ff-56d9-4238-879f-e709acb020cf beb8973fb110498a9387049987fdb2a9 b5fab706a5854c878f6f17933e2647d1 - - 962da104e0de4d17b46b13014ad5ab31 962da104e0de4d17b46b13014ad5ab31] Successfully bumped revision number for resource 7d61e23b-e639-42dd-8671-beb037dd7554 (type: ports) to 2
2026-05-18 01:48:03.949 10 INFO neutron.wsgi [-] 10.0.0.69 "GET / HTTP/1.1" status: 200 len: 247 time: 0.0016313
2026-05-18 01:48:03.951 10 INFO neutron.wsgi [-] 10.0.0.69 "GET / HTTP/1.1" status: 200 len: 247 time: 0.0011213
2026-05-18 01:48:04.011 9 INFO neutron.db.ovn_revision_numbers_db [req-b677dd0e-8927-4092-8809-07533e5ed74a req-bfbe32ff-56d9-4238-879f-e709acb020cf beb8973fb110498a9387049987fdb2a9 b5fab706a5854c878f6f17933e2647d1 - - 962da104e0de4d17b46b13014ad5ab31 962da104e0de4d17b46b13014ad5ab31] Successfully bumped revision number for resource 7d61e23b-e639-42dd-8671-beb037dd7554 (type: ports) to 2
2026-05-18 01:48:04.027 9 INFO neutron.wsgi [req-b677dd0e-8927-4092-8809-07533e5ed74a req-bfbe32ff-56d9-4238-879f-e709acb020cf beb8973fb110498a9387049987fdb2a9 b5fab706a5854c878f6f17933e2647d1 - - 962da104e0de4d17b46b13014ad5ab31 962da104e0de4d17b46b13014ad5ab31] 162.253.55.186 "PUT /v2.0/ports/7d61e23b-e639-42dd-8671-beb037dd7554 HTTP/1.1" status: 200 len: 1376 time: 0.6058123
2026-05-18 01:48:04.043 10 INFO neutron.db.ovn_revision_numbers_db [req-64352eca-4e05-460e-a2dd-68dbe1414bd7 req-8ce482e0-2998-489c-95f0-b867875c9dcd beb8973fb110498a9387049987fdb2a9 b5fab706a5854c878f6f17933e2647d1 - - 962da104e0de4d17b46b13014ad5ab31 962da104e0de4d17b46b13014ad5ab31] Successfully bumped revision number for resource 60d7f1bb-8e15-480e-a63c-b5dc470030be (type: ports) to 2 /var/lib/openstack/lib/python3.10/site-packages/pycadf/identifier.py:71: UserWarning: Invalid uuid: neutron. To ensure interoperability, identifiers should be a valid uuid. warnings.warn(('Invalid uuid: %s. To ensure interoperability, '
2026-05-18 01:48:04.070 9 INFO neutron.notifiers.nova [-] Nova event matching ['req-a6aaf9b0-2e47-4b62-b47e-11e6f66a7130'] response: {'name': 'network-changed', 'server_uuid': '635c0d87-af5e-425c-807e-670a334d3347', 'tag': '7d61e23b-e639-42dd-8671-beb037dd7554', 'status': 'completed', 'code': 200}
2026-05-18 01:48:04.095 9 INFO neutron.wsgi [req-b677dd0e-8927-4092-8809-07533e5ed74a req-931e5253-c615-423d-ae09-51fe0e0bd0ce beb8973fb110498a9387049987fdb2a9 b5fab706a5854c878f6f17933e2647d1 - - 962da104e0de4d17b46b13014ad5ab31 962da104e0de4d17b46b13014ad5ab31] 162.253.55.186 "GET /v2.0/ports?tenant_id=3e1633ce13544f04b0e513836f952c66&device_id=635c0d87-af5e-425c-807e-670a334d3347 HTTP/1.1" status: 200 len: 1407 time: 0.0393169
2026-05-18 01:48:04.124 9 INFO neutron.wsgi [req-b677dd0e-8927-4092-8809-07533e5ed74a req-f2d60c30-35a7-45d4-9ecb-70b826afd65e beb8973fb110498a9387049987fdb2a9 b5fab706a5854c878f6f17933e2647d1 - - 962da104e0de4d17b46b13014ad5ab31 962da104e0de4d17b46b13014ad5ab31] 162.253.55.186 "GET /v2.0/floatingips?fixed_ip_address=10.100.0.7&port_id=7d61e23b-e639-42dd-8671-beb037dd7554 HTTP/1.1" status: 200 len: 217 time: 0.0229206
2026-05-18 01:48:04.139 10 WARNING neutron.plugins.ml2.drivers.ovn.mech_driver.ovsdb.ovn_client [None req-40637c31-0121-4113-bf8c-a5fc8cada4ed - - - - - -] No hosting information found for port 1c7a945d-3eae-4ca2-85ac-15d791914ac8: RuntimeError: No hosting information found for port 1c7a945d-3eae-4ca2-85ac-15d791914ac8
2026-05-18 01:48:04.159 9 INFO neutron.wsgi [req-b677dd0e-8927-4092-8809-07533e5ed74a req-c513039d-405c-48c9-8b8a-7a1bb7b48c91 beb8973fb110498a9387049987fdb2a9 b5fab706a5854c878f6f17933e2647d1 - - 962da104e0de4d17b46b13014ad5ab31 962da104e0de4d17b46b13014ad5ab31] 162.253.55.186 "GET /v2.0/subnets?id=1fa444e8-4dfb-4ac8-9c3b-2e8887f0b797 HTTP/1.1" status: 200 len: 851 time: 0.0299919 /var/lib/openstack/lib/python3.10/site-packages/pycadf/identifier.py:71: UserWarning: Invalid uuid: neutron. To ensure interoperability, identifiers should be a valid uuid. warnings.warn(('Invalid uuid: %s. To ensure interoperability, '
2026-05-18 01:48:04.190 9 INFO neutron.wsgi [req-b677dd0e-8927-4092-8809-07533e5ed74a req-6fce8bf1-41d6-4e0f-bbb2-47448774a6f7 beb8973fb110498a9387049987fdb2a9 b5fab706a5854c878f6f17933e2647d1 - - 962da104e0de4d17b46b13014ad5ab31 962da104e0de4d17b46b13014ad5ab31] 162.253.55.186 "GET /v2.0/ports?network_id=0824afb6-7abf-4c84-b1b5-642090780c7e&device_owner=network%3Adhcp HTTP/1.1" status: 200 len: 210 time: 0.0228815
2026-05-18 01:48:04.238 10 INFO neutron.wsgi [req-1a95dd1a-7774-4092-8c12-89e2612c8661 req-340a512f-ec5d-430f-9d07-6c266adb8c7d fbd5d8c3c086458bb715a0f544cc0e20 3e1633ce13544f04b0e513836f952c66 - - default default] 10.0.0.105 "GET /v2.0/ports?device_id=635c0d87-af5e-425c-807e-670a334d3347 HTTP/1.1" status: 200 len: 1168 time: 0.0665886 /var/lib/openstack/lib/python3.10/site-packages/pycadf/identifier.py:71: UserWarning: Invalid uuid: neutron. To ensure interoperability, identifiers should be a valid uuid. warnings.warn(('Invalid uuid: %s. To ensure interoperability, '
2026-05-18 01:48:04.267 9 INFO neutron.wsgi [req-b677dd0e-8927-4092-8809-07533e5ed74a req-73f0e04b-322c-4884-9f48-9df7e0b66c14 beb8973fb110498a9387049987fdb2a9 b5fab706a5854c878f6f17933e2647d1 - - 962da104e0de4d17b46b13014ad5ab31 962da104e0de4d17b46b13014ad5ab31] 162.253.55.186 "GET /v2.0/networks/0824afb6-7abf-4c84-b1b5-642090780c7e?fields=segments HTTP/1.1" status: 200 len: 212 time: 0.0705395
2026-05-18 01:48:04.296 10 INFO neutron.wsgi [req-1a95dd1a-7774-4092-8c12-89e2612c8661 req-ef81ad8d-7313-47e6-9b69-c138858282a7 fbd5d8c3c086458bb715a0f544cc0e20 3e1633ce13544f04b0e513836f952c66 - - default default] 10.0.0.105 "GET /v2.0/security-groups?id=b42cace6-f130-41c6-8153-094ec635673d&fields=id&fields=name HTTP/1.1" status: 200 len: 312 time: 0.0517347
2026-05-18 01:48:04.331 9 INFO neutron.wsgi [req-b677dd0e-8927-4092-8809-07533e5ed74a req-b778145f-b595-401e-a4fc-f52db09668da beb8973fb110498a9387049987fdb2a9 b5fab706a5854c878f6f17933e2647d1 - - 962da104e0de4d17b46b13014ad5ab31 962da104e0de4d17b46b13014ad5ab31] 162.253.55.186 "GET /v2.0/networks/0824afb6-7abf-4c84-b1b5-642090780c7e?fields=provider%3Aphysical_network&fields=provider%3Anetwork_type HTTP/1.1" status: 200 len: 277 time: 0.0584967
2026-05-18 01:48:04.348 10 INFO neutron.wsgi [req-6eadf6b1-26ba-429f-9461-a2fe60575fba req-c2e9cb20-a923-411f-952b-b7f552e1b286 5d05764deb714c6588b0eeac9a0aeb50 a3cbd460852e47868e26aa32c07a4e62 - - default default] 10.0.0.105 "GET /v2.0/ports?device_id=27c0c7fd-8cac-4374-989d-5cfb2eb649fd HTTP/1.1" status: 200 len: 1172 time: 0.0514174
2026-05-18 01:48:04.352 10 INFO neutron.db.ovn_revision_numbers_db [req-64352eca-4e05-460e-a2dd-68dbe1414bd7 req-8ce482e0-2998-489c-95f0-b867875c9dcd beb8973fb110498a9387049987fdb2a9 b5fab706a5854c878f6f17933e2647d1 - - 962da104e0de4d17b46b13014ad5ab31 962da104e0de4d17b46b13014ad5ab31] Successfully bumped revision number for resource 60d7f1bb-8e15-480e-a63c-b5dc470030be (type: ports) to 2
2026-05-18 01:48:04.380 10 INFO neutron.wsgi [req-64352eca-4e05-460e-a2dd-68dbe1414bd7 req-8ce482e0-2998-489c-95f0-b867875c9dcd beb8973fb110498a9387049987fdb2a9 b5fab706a5854c878f6f17933e2647d1 - - 962da104e0de4d17b46b13014ad5ab31 962da104e0de4d17b46b13014ad5ab31] 162.253.55.186 "PUT /v2.0/ports/60d7f1bb-8e15-480e-a63c-b5dc470030be HTTP/1.1" status: 200 len: 1380 time: 0.7151940
2026-05-18 01:48:04.410 10 INFO neutron.wsgi [req-6eadf6b1-26ba-429f-9461-a2fe60575fba req-169a3b23-8232-4d3f-81cf-c54f0d0a24d2 5d05764deb714c6588b0eeac9a0aeb50 a3cbd460852e47868e26aa32c07a4e62 - - default default] 10.0.0.105 "GET /v2.0/security-groups?id=6e014051-481b-45ce-a165-f97a3490369a&fields=id&fields=name HTTP/1.1" status: 200 len: 286 time: 0.0524700
2026-05-18 01:48:04.411 9 INFO neutron.wsgi [req-03cfceec-7ab0-432a-a152-b2a14f0051dd req-11f396cd-e0a1-458f-9221-41139dd6fcdf beb8973fb110498a9387049987fdb2a9 b5fab706a5854c878f6f17933e2647d1 - - 962da104e0de4d17b46b13014ad5ab31 962da104e0de4d17b46b13014ad5ab31] 162.253.55.186 "GET /v2.0/ports?tenant_id=3e1633ce13544f04b0e513836f952c66&device_id=635c0d87-af5e-425c-807e-670a334d3347 HTTP/1.1" status: 200 len: 1407 time: 0.0372763
2026-05-18 01:48:04.418 10 INFO neutron.notifiers.nova [-] Nova event matching ['req-c6340c1e-cf2a-44bc-99c4-6977adf774ff'] response: {'name': 'network-changed', 'server_uuid': '27c0c7fd-8cac-4374-989d-5cfb2eb649fd', 'tag': '60d7f1bb-8e15-480e-a63c-b5dc470030be', 'status': 'completed', 'code': 200}
2026-05-18 01:48:04.466 10 INFO neutron.wsgi [req-64352eca-4e05-460e-a2dd-68dbe1414bd7 req-b4b8a36a-e8b0-4b1f-90fe-ed7a3f11ba65 beb8973fb110498a9387049987fdb2a9 b5fab706a5854c878f6f17933e2647d1 - - 962da104e0de4d17b46b13014ad5ab31 962da104e0de4d17b46b13014ad5ab31] 162.253.55.186 "GET /v2.0/ports?tenant_id=a3cbd460852e47868e26aa32c07a4e62&device_id=27c0c7fd-8cac-4374-989d-5cfb2eb649fd HTTP/1.1" status: 200 len: 1411 time: 0.0469503
2026-05-18 01:48:04.486 9 INFO neutron.wsgi [req-03cfceec-7ab0-432a-a152-b2a14f0051dd req-25e10c22-89a6-4cb1-91f0-6961c4c9fb38 beb8973fb110498a9387049987fdb2a9 b5fab706a5854c878f6f17933e2647d1 - - 962da104e0de4d17b46b13014ad5ab31 962da104e0de4d17b46b13014ad5ab31] 162.253.55.186 "GET /v2.0/networks?id=0824afb6-7abf-4c84-b1b5-642090780c7e HTTP/1.1" status: 200 len: 958 time: 0.0660322
2026-05-18 01:48:04.498 10 INFO neutron.wsgi [req-64352eca-4e05-460e-a2dd-68dbe1414bd7 req-3d4d9d0c-f566-451a-9449-77ff222127ad beb8973fb110498a9387049987fdb2a9 b5fab706a5854c878f6f17933e2647d1 - - 962da104e0de4d17b46b13014ad5ab31 962da104e0de4d17b46b13014ad5ab31] 162.253.55.186 "GET /v2.0/floatingips?fixed_ip_address=10.100.0.12&port_id=60d7f1bb-8e15-480e-a63c-b5dc470030be HTTP/1.1" status: 200 len: 217 time: 0.0230498
2026-05-18 01:48:04.525 9 INFO neutron.wsgi [req-03cfceec-7ab0-432a-a152-b2a14f0051dd req-c7304ae0-e32e-44d6-b4b8-e7ddc0eef89f beb8973fb110498a9387049987fdb2a9 b5fab706a5854c878f6f17933e2647d1 - - 962da104e0de4d17b46b13014ad5ab31 962da104e0de4d17b46b13014ad5ab31] 162.253.55.186 "GET /v2.0/floatingips?fixed_ip_address=10.100.0.7&port_id=7d61e23b-e639-42dd-8671-beb037dd7554 HTTP/1.1" status: 200 len: 217 time: 0.0325999
2026-05-18 01:48:04.536 10 INFO neutron.wsgi [req-64352eca-4e05-460e-a2dd-68dbe1414bd7 req-c08ae67c-ccb2-434f-a0b1-c038e3688ba0 beb8973fb110498a9387049987fdb2a9 b5fab706a5854c878f6f17933e2647d1 - - 962da104e0de4d17b46b13014ad5ab31 962da104e0de4d17b46b13014ad5ab31] 162.253.55.186 "GET /v2.0/subnets?id=6f307ef2-f4ed-47af-9fd6-a9b0fca0169e HTTP/1.1" status: 200 len: 866 time: 0.0327594
2026-05-18 01:48:04.559 10 INFO neutron.plugins.ml2.drivers.ovn.mech_driver.mech_driver [None req-40637c31-0121-4113-bf8c-a5fc8cada4ed - - - - - -] OVN reports status up for port: 7d61e23b-e639-42dd-8671-beb037dd7554
2026-05-18 01:48:04.560 9 INFO neutron.wsgi [req-03cfceec-7ab0-432a-a152-b2a14f0051dd req-327a5bb1-b8b6-4f9a-8b89-b0dbc120ee1b beb8973fb110498a9387049987fdb2a9 b5fab706a5854c878f6f17933e2647d1 - - 962da104e0de4d17b46b13014ad5ab31 962da104e0de4d17b46b13014ad5ab31] 162.253.55.186 "GET /v2.0/subnets?id=1fa444e8-4dfb-4ac8-9c3b-2e8887f0b797 HTTP/1.1" status: 200 len: 851 time: 0.0293357
2026-05-18 01:48:04.563 10 INFO neutron.wsgi [req-64352eca-4e05-460e-a2dd-68dbe1414bd7 req-7d65369a-54f5-459a-8c95-02303dca71a4 beb8973fb110498a9387049987fdb2a9 b5fab706a5854c878f6f17933e2647d1 - - 962da104e0de4d17b46b13014ad5ab31 962da104e0de4d17b46b13014ad5ab31] 162.253.55.186 "GET /v2.0/ports?network_id=4c271f4f-cfce-4a4d-8f71-6acfa82f4245&device_owner=network%3Adhcp HTTP/1.1" status: 200 len: 210 time: 0.0238001
2026-05-18 01:48:04.575 10 INFO neutron.plugins.ml2.plugin [None req-40637c31-0121-4113-bf8c-a5fc8cada4ed - - - - - -] Attempt 1 to provision port 7d61e23b-e639-42dd-8671-beb037dd7554
2026-05-18 01:48:04.590 9 INFO neutron.wsgi [req-03cfceec-7ab0-432a-a152-b2a14f0051dd req-66e7bc03-09d9-4e08-87ea-7a3bae6c16d0 beb8973fb110498a9387049987fdb2a9 b5fab706a5854c878f6f17933e2647d1 - - 962da104e0de4d17b46b13014ad5ab31 962da104e0de4d17b46b13014ad5ab31] 162.253.55.186 "GET /v2.0/ports?network_id=0824afb6-7abf-4c84-b1b5-642090780c7e&device_owner=network%3Adhcp HTTP/1.1" status: 200 len: 210 time: 0.0219195
2026-05-18 01:48:04.630 10 INFO neutron.wsgi [req-64352eca-4e05-460e-a2dd-68dbe1414bd7 req-a4123f21-6c40-4293-8051-b36eba548651 beb8973fb110498a9387049987fdb2a9 b5fab706a5854c878f6f17933e2647d1 - - 962da104e0de4d17b46b13014ad5ab31 962da104e0de4d17b46b13014ad5ab31] 162.253.55.186 "GET /v2.0/networks/4c271f4f-cfce-4a4d-8f71-6acfa82f4245?fields=segments HTTP/1.1" status: 200 len: 212 time: 0.0623286
2026-05-18 01:48:04.691 9 INFO neutron.wsgi [req-03cfceec-7ab0-432a-a152-b2a14f0051dd req-909915de-e042-4fe3-9d5d-f895de40ee15 beb8973fb110498a9387049987fdb2a9 b5fab706a5854c878f6f17933e2647d1 - - 962da104e0de4d17b46b13014ad5ab31 962da104e0de4d17b46b13014ad5ab31] 162.253.55.186 "GET /v2.0/networks/0824afb6-7abf-4c84-b1b5-642090780c7e?fields=segments HTTP/1.1" status: 200 len: 212 time: 0.0954316
2026-05-18 01:48:04.717 10 INFO neutron.wsgi [req-64352eca-4e05-460e-a2dd-68dbe1414bd7 req-ab4536d9-d81c-4daa-b9fe-7d01c9aa50ed beb8973fb110498a9387049987fdb2a9 b5fab706a5854c878f6f17933e2647d1 - - 962da104e0de4d17b46b13014ad5ab31 962da104e0de4d17b46b13014ad5ab31] 162.253.55.186 "GET /v2.0/networks/4c271f4f-cfce-4a4d-8f71-6acfa82f4245?fields=provider%3Aphysical_network&fields=provider%3Anetwork_type HTTP/1.1" status: 200 len: 277 time: 0.0804057
2026-05-18 01:48:04.765 9 INFO neutron.wsgi [req-03cfceec-7ab0-432a-a152-b2a14f0051dd req-f8b9bdeb-7fa3-4a4f-839c-b9a1a5e61025 beb8973fb110498a9387049987fdb2a9 b5fab706a5854c878f6f17933e2647d1 - - 962da104e0de4d17b46b13014ad5ab31 962da104e0de4d17b46b13014ad5ab31] 162.253.55.186 "GET /v2.0/networks/0824afb6-7abf-4c84-b1b5-642090780c7e?fields=provider%3Aphysical_network&fields=provider%3Anetwork_type HTTP/1.1" status: 200 len: 277 time: 0.0671179
2026-05-18 01:48:04.801 10 INFO neutron.wsgi [req-cba666e8-ae25-40bc-8546-00f773a74d33 req-bf0bfeee-245e-496c-9e22-25f0a4553b9e beb8973fb110498a9387049987fdb2a9 b5fab706a5854c878f6f17933e2647d1 - - 962da104e0de4d17b46b13014ad5ab31 962da104e0de4d17b46b13014ad5ab31] 162.253.55.186 "GET /v2.0/ports?tenant_id=a3cbd460852e47868e26aa32c07a4e62&device_id=27c0c7fd-8cac-4374-989d-5cfb2eb649fd HTTP/1.1" status: 200 len: 1411 time: 0.0370293
2026-05-18 01:48:04.899 10 INFO neutron.wsgi [req-cba666e8-ae25-40bc-8546-00f773a74d33 req-17bb40f9-0c45-45d0-a6b0-05f0ecadd722 beb8973fb110498a9387049987fdb2a9 b5fab706a5854c878f6f17933e2647d1 - - 962da104e0de4d17b46b13014ad5ab31 962da104e0de4d17b46b13014ad5ab31] 162.253.55.186 "GET /v2.0/networks?id=4c271f4f-cfce-4a4d-8f71-6acfa82f4245 HTTP/1.1" status: 200 len: 971 time: 0.0898650
2026-05-18 01:48:04.937 10 INFO neutron.wsgi [req-cba666e8-ae25-40bc-8546-00f773a74d33 req-69d487fd-26de-41a0-ad24-43749cb6ad9c beb8973fb110498a9387049987fdb2a9 b5fab706a5854c878f6f17933e2647d1 - - 962da104e0de4d17b46b13014ad5ab31 962da104e0de4d17b46b13014ad5ab31] 162.253.55.186 "GET /v2.0/floatingips?fixed_ip_address=10.100.0.12&port_id=60d7f1bb-8e15-480e-a63c-b5dc470030be HTTP/1.1" status: 200 len: 217 time: 0.0285165
2026-05-18 01:48:04.966 10 INFO neutron.db.ovn_revision_numbers_db [None req-40637c31-0121-4113-bf8c-a5fc8cada4ed - - - - - -] Successfully bumped revision number for resource 7d61e23b-e639-42dd-8671-beb037dd7554 (type: ports) to 4
2026-05-18 01:48:04.981 10 INFO neutron.wsgi [req-cba666e8-ae25-40bc-8546-00f773a74d33 req-834c0b6c-02a4-46a3-b767-31861790c5aa beb8973fb110498a9387049987fdb2a9 b5fab706a5854c878f6f17933e2647d1 - - 962da104e0de4d17b46b13014ad5ab31 962da104e0de4d17b46b13014ad5ab31] 162.253.55.186 "GET /v2.0/subnets?id=6f307ef2-f4ed-47af-9fd6-a9b0fca0169e HTTP/1.1" status: 200 len: 866 time: 0.0371635
2026-05-18 01:48:05.019 10 INFO neutron.wsgi [req-cba666e8-ae25-40bc-8546-00f773a74d33 req-f959e3ce-1d42-44e7-bb0a-e3ed12a43de3 beb8973fb110498a9387049987fdb2a9 b5fab706a5854c878f6f17933e2647d1 - - 962da104e0de4d17b46b13014ad5ab31 962da104e0de4d17b46b13014ad5ab31] 162.253.55.186 "GET /v2.0/ports?network_id=4c271f4f-cfce-4a4d-8f71-6acfa82f4245&device_owner=network%3Adhcp HTTP/1.1" status: 200 len: 210 time: 0.0247462
2026-05-18 01:48:05.028 10 INFO neutron.plugins.ml2.drivers.ovn.mech_driver.mech_driver [None req-40637c31-0121-4113-bf8c-a5fc8cada4ed - - - - - -] OVN reports status up for port: 60d7f1bb-8e15-480e-a63c-b5dc470030be /var/lib/openstack/lib/python3.10/site-packages/pycadf/identifier.py:71: UserWarning: Invalid uuid: neutron. To ensure interoperability, identifiers should be a valid uuid. warnings.warn(('Invalid uuid: %s. To ensure interoperability, '
2026-05-18 01:48:05.049 10 INFO neutron.plugins.ml2.plugin [None req-40637c31-0121-4113-bf8c-a5fc8cada4ed - - - - - -] Attempt 1 to provision port 60d7f1bb-8e15-480e-a63c-b5dc470030be
2026-05-18 01:48:05.092 10 INFO neutron.wsgi [req-cba666e8-ae25-40bc-8546-00f773a74d33 req-1dcfad42-a762-4239-9c98-a27fe982af83 beb8973fb110498a9387049987fdb2a9 b5fab706a5854c878f6f17933e2647d1 - - 962da104e0de4d17b46b13014ad5ab31 962da104e0de4d17b46b13014ad5ab31] 162.253.55.186 "GET /v2.0/networks/4c271f4f-cfce-4a4d-8f71-6acfa82f4245?fields=segments HTTP/1.1" status: 200 len: 212 time: 0.0616875
2026-05-18 01:48:05.172 10 INFO neutron.wsgi [req-cba666e8-ae25-40bc-8546-00f773a74d33 req-a76cf515-9b3b-4aff-9a60-b4fe3f4f2675 beb8973fb110498a9387049987fdb2a9 b5fab706a5854c878f6f17933e2647d1 - - 962da104e0de4d17b46b13014ad5ab31 962da104e0de4d17b46b13014ad5ab31] 162.253.55.186 "GET /v2.0/networks/4c271f4f-cfce-4a4d-8f71-6acfa82f4245?fields=provider%3Aphysical_network&fields=provider%3Anetwork_type HTTP/1.1" status: 200 len: 277 time: 0.0691402
2026-05-18 01:48:05.346 10 INFO neutron.db.ovn_revision_numbers_db [None req-40637c31-0121-4113-bf8c-a5fc8cada4ed - - - - - -] Successfully bumped revision number for resource 60d7f1bb-8e15-480e-a63c-b5dc470030be (type: ports) to 4
2026-05-18 01:48:05.645 10 INFO neutron.wsgi [req-6c9f3279-3795-4b09-8740-a4593f8fa7d9 req-f991f8c4-926e-4bc5-98c3-84e1debf419c fbd5d8c3c086458bb715a0f544cc0e20 3e1633ce13544f04b0e513836f952c66 - - default default] 10.0.0.105 "GET /v2.0/ports?device_id=635c0d87-af5e-425c-807e-670a334d3347 HTTP/1.1" status: 200 len: 1170 time: 0.2721925
2026-05-18 01:48:05.655 10 INFO neutron.wsgi [req-f552d5e0-9e38-4189-8e40-594993b3197a req-95c60c68-920c-40c1-abc1-ddce8ddc3769 5d05764deb714c6588b0eeac9a0aeb50 a3cbd460852e47868e26aa32c07a4e62 - - default default] 10.0.0.105 "GET /v2.0/ports?device_id=27c0c7fd-8cac-4374-989d-5cfb2eb649fd HTTP/1.1" status: 200 len: 1174 time: 0.0453634 /var/lib/openstack/lib/python3.10/site-packages/pycadf/identifier.py:71: UserWarning: Invalid uuid: neutron. To ensure interoperability, identifiers should be a valid uuid. warnings.warn(('Invalid uuid: %s. To ensure interoperability, '
2026-05-18 01:48:05.698 10 INFO neutron.wsgi [req-f552d5e0-9e38-4189-8e40-594993b3197a req-03dca76a-829e-43c0-8187-a622ae6a6e10 5d05764deb714c6588b0eeac9a0aeb50 a3cbd460852e47868e26aa32c07a4e62 - - default default] 10.0.0.105 "GET /v2.0/security-groups?id=6e014051-481b-45ce-a165-f97a3490369a&fields=id&fields=name HTTP/1.1" status: 200 len: 286 time: 0.0370994
2026-05-18 01:48:05.701 10 INFO neutron.wsgi [req-6c9f3279-3795-4b09-8740-a4593f8fa7d9 req-f4ab8246-d8c9-4ec5-a4ac-32e7e1ec8ad8 fbd5d8c3c086458bb715a0f544cc0e20 3e1633ce13544f04b0e513836f952c66 - - default default] 10.0.0.105 "GET /v2.0/security-groups?id=b42cace6-f130-41c6-8153-094ec635673d&fields=id&fields=name HTTP/1.1" status: 200 len: 312 time: 0.0457687
2026-05-18 01:48:06.462 10 INFO neutron.notifiers.nova [-] Nova event matching ['req-af94c50b-7df9-4d1d-82d8-25cf6b47a971'] response: {'server_uuid': '635c0d87-af5e-425c-807e-670a334d3347', 'name': 'network-vif-plugged', 'status': 'completed', 'tag': '7d61e23b-e639-42dd-8671-beb037dd7554', 'code': 200}
2026-05-18 01:48:06.462 10 INFO neutron.notifiers.nova [-] Nova event matching ['req-af94c50b-7df9-4d1d-82d8-25cf6b47a971'] response: {'server_uuid': '635c0d87-af5e-425c-807e-670a334d3347', 'name': 'network-vif-plugged', 'status': 'completed', 'tag': '7d61e23b-e639-42dd-8671-beb037dd7554', 'code': 200}
2026-05-18 01:48:06.462 10 INFO neutron.notifiers.nova [-] Nova event matching ['req-af94c50b-7df9-4d1d-82d8-25cf6b47a971'] response: {'server_uuid': '27c0c7fd-8cac-4374-989d-5cfb2eb649fd', 'name': 'network-vif-plugged', 'status': 'completed', 'tag': '60d7f1bb-8e15-480e-a63c-b5dc470030be', 'code': 200}
2026-05-18 01:48:06.463 10 INFO neutron.notifiers.nova [-] Nova event matching ['req-af94c50b-7df9-4d1d-82d8-25cf6b47a971'] response: {'server_uuid': '27c0c7fd-8cac-4374-989d-5cfb2eb649fd', 'name': 'network-vif-plugged', 'status': 'completed', 'tag': '60d7f1bb-8e15-480e-a63c-b5dc470030be', 'code': 200}
2026-05-18 01:48:06.825 10 INFO neutron.wsgi [req-0087f66e-a0e4-4780-a000-887ccb01f286 req-ebcd2c5a-ad02-459c-a771-c18be1bda7df 5d05764deb714c6588b0eeac9a0aeb50 a3cbd460852e47868e26aa32c07a4e62 - - default default] 10.0.0.105 "GET /v2.0/ports?device_id=27c0c7fd-8cac-4374-989d-5cfb2eb649fd HTTP/1.1" status: 200 len: 1174 time: 0.0647118
2026-05-18 01:48:06.921 10 INFO neutron.wsgi [req-7a2df351-2861-4eae-b8e2-c2fdf7e8f47c req-e9a45b36-a94b-40af-9bda-b30ffdbc5786 fbd5d8c3c086458bb715a0f544cc0e20 3e1633ce13544f04b0e513836f952c66 - - default default] 10.0.0.105 "GET /v2.0/ports?device_id=635c0d87-af5e-425c-807e-670a334d3347 HTTP/1.1" status: 200 len: 1170 time: 0.1612349
2026-05-18 01:48:06.935 10 INFO neutron.wsgi [req-0087f66e-a0e4-4780-a000-887ccb01f286 req-d23caa94-e51b-4cc6-99c4-6700e003455a 5d05764deb714c6588b0eeac9a0aeb50 a3cbd460852e47868e26aa32c07a4e62 - - default default] 10.0.0.105 "GET /v2.0/security-groups?id=6e014051-481b-45ce-a165-f97a3490369a&fields=id&fields=name HTTP/1.1" status: 200 len: 286 time: 0.1027989
2026-05-18 01:48:06.969 10 INFO neutron.wsgi [req-7a2df351-2861-4eae-b8e2-c2fdf7e8f47c req-fa53576e-44c1-4c74-9093-05ecdfa8e5f1 fbd5d8c3c086458bb715a0f544cc0e20 3e1633ce13544f04b0e513836f952c66 - - default default] 10.0.0.105 "GET /v2.0/security-groups?id=b42cace6-f130-41c6-8153-094ec635673d&fields=id&fields=name HTTP/1.1" status: 200 len: 312 time: 0.0387247
2026-05-18 01:48:07.064 10 INFO neutron.wsgi [req-af78a1d8-7577-4769-a499-cdb33146dd2d req-7022636a-c5f6-45fa-9aeb-b96ef8ee03d9 fbd5d8c3c086458bb715a0f544cc0e20 3e1633ce13544f04b0e513836f952c66 - - default default] 10.0.0.105 "GET /v2.0/ports?device_id=635c0d87-af5e-425c-807e-670a334d3347 HTTP/1.1" status: 200 len: 1170 time: 0.0354714
2026-05-18 01:48:07.105 10 INFO neutron.wsgi [req-af78a1d8-7577-4769-a499-cdb33146dd2d req-705f401e-20ec-4f12-a85c-baab801355e5 fbd5d8c3c086458bb715a0f544cc0e20 3e1633ce13544f04b0e513836f952c66 - - default default] 10.0.0.105 "GET /v2.0/security-groups?id=b42cace6-f130-41c6-8153-094ec635673d&fields=id&fields=name HTTP/1.1" status: 200 len: 312 time: 0.0340834
2026-05-18 01:48:07.172 10 INFO neutron.wsgi [None req-1e323d4b-1d9c-43b2-a29d-460b30317ec4 f98f2c9c7230428e8ff417d92c12332f 152cf242daca4e6c8ff8f34bba2d0271 - - default default] 10.0.0.109 "GET /v2.0/ports?device_id=635c0d87-af5e-425c-807e-670a334d3347 HTTP/1.1" status: 200 len: 1404 time: 0.0312288
