2026-05-18 01:44:58.824 9 INFO neutron.wsgi [None req-bca698e2-2a9d-4530-923e-1f3741a74a7a 16a8a553bfd643a49d2030a98ee9e1dd b488259495424493a6ce30931652842b - - default default] 10.0.0.109 "POST /v2.0/security-groups HTTP/1.1" status: 201 len: 1797 time: 0.3502326 /var/lib/openstack/lib/python3.10/site-packages/pycadf/identifier.py:71: UserWarning: Invalid uuid: neutron. To ensure interoperability, identifiers should be a valid uuid. warnings.warn(('Invalid uuid: %s. To ensure interoperability, '
2026-05-18 01:44:58.853 10 INFO neutron.wsgi [None req-002d53ab-b8ad-4bbf-b222-0d45adf70e57 2e0bf81ffc104005bbfd0306974e2f0b ff340c3f0a1a469fa3a45ca9642e8551 - - default default] 10.0.0.109 "PUT /v2.0/routers/d68afb7a-7c3b-4a1e-8830-17b57f054066/remove_router_interface HTTP/1.1" status: 200 len: 503 time: 1.7154517
2026-05-18 01:44:59.027 9 WARNING neutron.plugins.ml2.drivers.ovn.mech_driver.ovsdb.ovn_client [None req-b055a58f-4280-4f88-8c47-1e547457082e - - - - - -] No hosting information found for port e9dc9c4c-ccd2-4cd7-9e11-cf0e8eec159c: RuntimeError: No hosting information found for port e9dc9c4c-ccd2-4cd7-9e11-cf0e8eec159c
2026-05-18 01:44:59.027 9 INFO neutron.plugins.ml2.drivers.ovn.mech_driver.mech_driver [None req-b055a58f-4280-4f88-8c47-1e547457082e - - - - - -] OVN reports status up for port: 9859a0c8-a664-4c40-9707-708379837184
2026-05-18 01:44:59.037 10 INFO neutron.db.ovn_revision_numbers_db [None req-ee654fd7-6eee-4c2d-acff-70b8745ea4bc 16a8a553bfd643a49d2030a98ee9e1dd b488259495424493a6ce30931652842b - - default default] Successfully bumped revision number for resource 1242727c-91f8-4aa6-9c55-f3927d277039 (type: security_group_rules) to 0
2026-05-18 01:44:59.058 9 INFO neutron.plugins.ml2.drivers.ovn.mech_driver.mech_driver [None req-b055a58f-4280-4f88-8c47-1e547457082e - - - - - -] OVN reports status up for port: d1974ae1-e55f-4640-aaef-5b68d706195c
2026-05-18 01:44:59.062 10 INFO neutron.wsgi [None req-ee654fd7-6eee-4c2d-acff-70b8745ea4bc 16a8a553bfd643a49d2030a98ee9e1dd b488259495424493a6ce30931652842b - - default default] 10.0.0.109 "POST /v2.0/security-group-rules HTTP/1.1" status: 201 len: 764 time: 0.2305388
2026-05-18 01:44:59.214 9 INFO neutron.plugins.ml2.plugin [None req-b055a58f-4280-4f88-8c47-1e547457082e - - - - - -] Attempt 1 to provision port d1974ae1-e55f-4640-aaef-5b68d706195c
2026-05-18 01:44:59.231 10 INFO neutron.db.ovn_revision_numbers_db [None req-9b7a13d4-a8a6-4a07-9ea9-69d8dc3084d6 16a8a553bfd643a49d2030a98ee9e1dd b488259495424493a6ce30931652842b - - default default] Successfully bumped revision number for resource 9d884b74-c06a-4eb9-8f62-013b8a2b79dd (type: security_group_rules) to 0
2026-05-18 01:44:59.267 10 INFO neutron.wsgi [None req-9b7a13d4-a8a6-4a07-9ea9-69d8dc3084d6 16a8a553bfd643a49d2030a98ee9e1dd b488259495424493a6ce30931652842b - - default default] 10.0.0.109 "POST /v2.0/security-group-rules HTTP/1.1" status: 201 len: 769 time: 0.1991401
2026-05-18 01:44:59.269 9 WARNING neutron.scheduler.dhcp_agent_scheduler [req-515ddce2-8b39-4b17-87a2-00e3d9cda395 req-228052eb-83b7-432c-8525-590033c06740 0fd8e92625a74ff8a2d3602607e8b410 cbad66b48182448fba5d15e21dc9948d - - default default] No more DHCP agents
2026-05-18 01:44:59.278 9 WARNING neutron.api.rpc.agentnotifiers.dhcp_rpc_agent_api [req-515ddce2-8b39-4b17-87a2-00e3d9cda395 req-228052eb-83b7-432c-8525-590033c06740 0fd8e92625a74ff8a2d3602607e8b410 cbad66b48182448fba5d15e21dc9948d - - default default] Unable to schedule network 85c1ee13-981a-4664-a8cd-628119eecea9: no agents available; will retry on subsequent port and subnet creation events. /var/lib/openstack/lib/python3.10/site-packages/pycadf/identifier.py:71: UserWarning: Invalid uuid: neutron. To ensure interoperability, identifiers should be a valid uuid. warnings.warn(('Invalid uuid: %s. To ensure interoperability, '
2026-05-18 01:44:59.288 9 INFO neutron.wsgi [None req-406c516d-8d9a-464a-a8c0-2842a3d51fe0 2e0bf81ffc104005bbfd0306974e2f0b ff340c3f0a1a469fa3a45ca9642e8551 - - default default] 10.0.0.109 "PUT /v2.0/routers/13a418ce-8a94-43c7-9e7c-73ab3eb28b10/remove_router_interface HTTP/1.1" status: 200 len: 503 time: 2.0247374
2026-05-18 01:44:59.401 9 INFO neutron.plugins.ml2.drivers.ovn.mech_driver.mech_driver [None req-b055a58f-4280-4f88-8c47-1e547457082e - - - - - -] OVN reports status up for port: e0dd165c-bab5-4fac-afad-ae521e5d1df4
2026-05-18 01:44:59.409 9 INFO neutron.plugins.ml2.plugin [None req-b055a58f-4280-4f88-8c47-1e547457082e - - - - - -] Attempt 1 to provision port e0dd165c-bab5-4fac-afad-ae521e5d1df4
2026-05-18 01:44:59.501 9 INFO neutron.db.ovn_revision_numbers_db [req-515ddce2-8b39-4b17-87a2-00e3d9cda395 req-228052eb-83b7-432c-8525-590033c06740 0fd8e92625a74ff8a2d3602607e8b410 cbad66b48182448fba5d15e21dc9948d - - default default] Successfully bumped revision number for resource f533bdb4-3628-4275-b8ea-79ee25549cc5 (type: ports) to 1
2026-05-18 01:44:59.531 10 INFO neutron.wsgi [req-c4abf829-0017-413b-a689-518e43fa2855 req-089afae3-5832-4239-bd9d-4de4303d59b6 0fd8e92625a74ff8a2d3602607e8b410 cbad66b48182448fba5d15e21dc9948d - - default default] 10.0.0.105 "GET /v2.0/ports?device_id=9f6d30fd-bb32-478f-8c7b-a93f03bc6c46 HTTP/1.1" status: 200 len: 1156 time: 0.0900960
2026-05-18 01:44:59.536 9 INFO neutron.wsgi [req-515ddce2-8b39-4b17-87a2-00e3d9cda395 req-228052eb-83b7-432c-8525-590033c06740 0fd8e92625a74ff8a2d3602607e8b410 cbad66b48182448fba5d15e21dc9948d - - default default] 162.253.55.186 "POST /v2.0/ports HTTP/1.1" status: 201 len: 1158 time: 0.9435837
2026-05-18 01:44:59.553 9 INFO neutron.wsgi [req-515ddce2-8b39-4b17-87a2-00e3d9cda395 req-48cf5b50-7cd0-49f2-be0f-ece03fd2648f 0fd8e92625a74ff8a2d3602607e8b410 cbad66b48182448fba5d15e21dc9948d - - default default] 162.253.55.186 "GET /v2.0/extensions HTTP/1.1" status: 200 len: 16525 time: 0.0085757
2026-05-18 01:44:59.590 10 INFO neutron.wsgi [req-c4abf829-0017-413b-a689-518e43fa2855 req-27468d28-714c-45c3-a302-4f3f8faf8ca3 0fd8e92625a74ff8a2d3602607e8b410 cbad66b48182448fba5d15e21dc9948d - - default default] 10.0.0.105 "GET /v2.0/security-groups?id=9d3a33db-ab94-48d2-adf2-b57a045a9bbc&fields=id&fields=name HTTP/1.1" status: 200 len: 311 time: 0.0500953
2026-05-18 01:44:59.618 10 INFO neutron.wsgi [None req-b2a160bc-3d48-41b8-9dab-f981d51c513a 2e0bf81ffc104005bbfd0306974e2f0b ff340c3f0a1a469fa3a45ca9642e8551 - - default default] 10.0.0.109 "DELETE /v2.0/routers/d68afb7a-7c3b-4a1e-8830-17b57f054066 HTTP/1.1" status: 204 len: 168 time: 0.7590625
2026-05-18 01:44:59.685 9 WARNING neutron.scheduler.dhcp_agent_scheduler [None req-b978a071-23e7-4dda-a67d-8a23696885eb 16a8a553bfd643a49d2030a98ee9e1dd b488259495424493a6ce30931652842b - - default default] No more DHCP agents
2026-05-18 01:44:59.690 9 WARNING neutron.api.rpc.agentnotifiers.dhcp_rpc_agent_api [None req-b978a071-23e7-4dda-a67d-8a23696885eb 16a8a553bfd643a49d2030a98ee9e1dd b488259495424493a6ce30931652842b - - default default] Unable to schedule network 2fee8833-d39e-423b-94ec-b16b3690261a: no agents available; will retry on subsequent port and subnet creation events.
2026-05-18 01:44:59.796 9 INFO neutron.db.ovn_revision_numbers_db [None req-b055a58f-4280-4f88-8c47-1e547457082e - - - - - -] Successfully bumped revision number for resource e0dd165c-bab5-4fac-afad-ae521e5d1df4 (type: ports) to 2
2026-05-18 01:44:59.953 10 INFO neutron.wsgi [None req-4a7343f3-382d-4810-a3bb-cef1947a02cf 2e0bf81ffc104005bbfd0306974e2f0b ff340c3f0a1a469fa3a45ca9642e8551 - - default default] 10.0.0.109 "DELETE /v2.0/subnets/b7f2cf33-95ff-4d88-bc81-9ae1c92026df HTTP/1.1" status: 204 len: 168 time: 0.3295298
2026-05-18 01:44:59.996 9 INFO neutron.db.ovn_revision_numbers_db [None req-b055a58f-4280-4f88-8c47-1e547457082e - - - - - -] Successfully bumped revision number for resource e0dd165c-bab5-4fac-afad-ae521e5d1df4 (type: router_ports) to 2
2026-05-18 01:45:00.093 9 INFO neutron.db.ovn_revision_numbers_db [None req-b978a071-23e7-4dda-a67d-8a23696885eb 16a8a553bfd643a49d2030a98ee9e1dd b488259495424493a6ce30931652842b - - default default] Successfully bumped revision number for resource 7439106e-6929-44d8-a6bf-c529faa6ad33 (type: floatingips) to 0
2026-05-18 01:45:00.111 9 INFO neutron.wsgi [None req-b978a071-23e7-4dda-a67d-8a23696885eb 16a8a553bfd643a49d2030a98ee9e1dd b488259495424493a6ce30931652842b - - default default] 10.0.0.109 "POST /v2.0/floatingips HTTP/1.1" status: 201 len: 751 time: 0.8339021
2026-05-18 01:45:00.200 10 INFO neutron.wsgi [None req-14ea04dc-1923-441b-8a03-94dad164e8ec 2e0bf81ffc104005bbfd0306974e2f0b ff340c3f0a1a469fa3a45ca9642e8551 - - default default] 10.0.0.109 "DELETE /v2.0/routers/13a418ce-8a94-43c7-9e7c-73ab3eb28b10 HTTP/1.1" status: 204 len: 168 time: 0.9053121
2026-05-18 01:45:00.411 9 INFO neutron.db.ovn_revision_numbers_db [req-515ddce2-8b39-4b17-87a2-00e3d9cda395 req-8eb31f2c-c836-4f29-ba54-56b1bfbd3f30 beb8973fb110498a9387049987fdb2a9 b5fab706a5854c878f6f17933e2647d1 - - 962da104e0de4d17b46b13014ad5ab31 962da104e0de4d17b46b13014ad5ab31] Successfully bumped revision number for resource f533bdb4-3628-4275-b8ea-79ee25549cc5 (type: ports) to 2
2026-05-18 01:45:00.460 10 INFO neutron.wsgi [None req-4d3a0b59-b2d3-4aae-b09b-b3bafc80b9ba 2e0bf81ffc104005bbfd0306974e2f0b ff340c3f0a1a469fa3a45ca9642e8551 - - default default] 10.0.0.109 "DELETE /v2.0/subnets/54178b56-60ee-4842-a782-490b0d5a9ffb HTTP/1.1" status: 204 len: 168 time: 0.2522671
2026-05-18 01:45:00.513 10 INFO neutron.wsgi [None req-093131b2-491e-4772-a7e3-58195f99c1d5 2e0bf81ffc104005bbfd0306974e2f0b ff340c3f0a1a469fa3a45ca9642e8551 - - default default] 10.0.0.109 "DELETE /v2.0/networks/106bcf09-e7cc-488c-b9cc-7bb9a5b620cc HTTP/1.1" status: 204 len: 168 time: 0.5539079
2026-05-18 01:45:00.576 10 WARNING neutron.plugins.ml2.drivers.ovn.mech_driver.ovsdb.ovn_client [None req-40637c31-0121-4113-bf8c-a5fc8cada4ed - - - - - -] No port found with ID 499991db-1dc3-4e8a-961b-b4979c12c393: RuntimeError: No port found with ID 499991db-1dc3-4e8a-961b-b4979c12c393
2026-05-18 01:45:00.661 9 INFO neutron.db.ovn_revision_numbers_db [req-515ddce2-8b39-4b17-87a2-00e3d9cda395 req-8eb31f2c-c836-4f29-ba54-56b1bfbd3f30 beb8973fb110498a9387049987fdb2a9 b5fab706a5854c878f6f17933e2647d1 - - 962da104e0de4d17b46b13014ad5ab31 962da104e0de4d17b46b13014ad5ab31] Successfully bumped revision number for resource f533bdb4-3628-4275-b8ea-79ee25549cc5 (type: ports) to 2 /var/lib/openstack/lib/python3.10/site-packages/pycadf/identifier.py:71: UserWarning: Invalid uuid: neutron. To ensure interoperability, identifiers should be a valid uuid. warnings.warn(('Invalid uuid: %s. To ensure interoperability, '
2026-05-18 01:45:00.687 9 INFO neutron.wsgi [req-515ddce2-8b39-4b17-87a2-00e3d9cda395 req-8eb31f2c-c836-4f29-ba54-56b1bfbd3f30 beb8973fb110498a9387049987fdb2a9 b5fab706a5854c878f6f17933e2647d1 - - 962da104e0de4d17b46b13014ad5ab31 962da104e0de4d17b46b13014ad5ab31] 162.253.55.186 "PUT /v2.0/ports/f533bdb4-3628-4275-b8ea-79ee25549cc5 HTTP/1.1" status: 200 len: 1376 time: 0.7839663
2026-05-18 01:45:00.706 9 INFO neutron.wsgi [None req-654649ef-1386-4570-a731-cfe33779ac89 2e0bf81ffc104005bbfd0306974e2f0b ff340c3f0a1a469fa3a45ca9642e8551 - - default default] 10.0.0.109 "GET /v2.0/security-groups?tenant_id=8e50d553b0e64b3db9d184aaffb281d1&name=default HTTP/1.1" status: 200 len: 2992 time: 0.0410264
2026-05-18 01:45:00.783 9 INFO neutron.wsgi [req-515ddce2-8b39-4b17-87a2-00e3d9cda395 req-da9e114a-44ed-4d40-84c5-38223a8bb535 beb8973fb110498a9387049987fdb2a9 b5fab706a5854c878f6f17933e2647d1 - - 962da104e0de4d17b46b13014ad5ab31 962da104e0de4d17b46b13014ad5ab31] 162.253.55.186 "GET /v2.0/ports?tenant_id=cbad66b48182448fba5d15e21dc9948d&device_id=9f6d30fd-bb32-478f-8c7b-a93f03bc6c46 HTTP/1.1" status: 200 len: 1407 time: 0.0449378
2026-05-18 01:45:00.818 9 INFO neutron.wsgi [req-515ddce2-8b39-4b17-87a2-00e3d9cda395 req-05247a94-26c6-4d43-8d6f-e4bd5db76616 beb8973fb110498a9387049987fdb2a9 b5fab706a5854c878f6f17933e2647d1 - - 962da104e0de4d17b46b13014ad5ab31 962da104e0de4d17b46b13014ad5ab31] 162.253.55.186 "GET /v2.0/floatingips?fixed_ip_address=10.100.0.5&port_id=f533bdb4-3628-4275-b8ea-79ee25549cc5 HTTP/1.1" status: 200 len: 217 time: 0.0275395
2026-05-18 01:45:00.899 9 INFO neutron.wsgi [req-515ddce2-8b39-4b17-87a2-00e3d9cda395 req-d75b3210-ee85-4473-b79d-265cafec209a beb8973fb110498a9387049987fdb2a9 b5fab706a5854c878f6f17933e2647d1 - - 962da104e0de4d17b46b13014ad5ab31 962da104e0de4d17b46b13014ad5ab31] 162.253.55.186 "GET /v2.0/subnets?id=2b46a0fc-ad72-411a-afff-9473f43cb36d HTTP/1.1" status: 200 len: 875 time: 0.0700176
2026-05-18 01:45:00.904 10 INFO neutron.wsgi [req-c2848b89-0935-4780-84d5-67b98f1d529a req-14bbb070-e0a1-4682-bade-007b058e5619 0fd8e92625a74ff8a2d3602607e8b410 cbad66b48182448fba5d15e21dc9948d - - default default] 10.0.0.105 "GET /v2.0/ports?device_id=9f6d30fd-bb32-478f-8c7b-a93f03bc6c46 HTTP/1.1" status: 200 len: 1168 time: 0.0615799
2026-05-18 01:45:00.934 10 INFO neutron.wsgi [None req-ebe4f246-3ec3-412a-a8e2-d7cc332fb761 2e0bf81ffc104005bbfd0306974e2f0b ff340c3f0a1a469fa3a45ca9642e8551 - - default default] 10.0.0.109 "DELETE /v2.0/networks/fc521df5-872c-4f7c-8215-1baed94eae1e HTTP/1.1" status: 204 len: 168 time: 0.4697790
2026-05-18 01:45:00.941 9 INFO neutron.wsgi [req-515ddce2-8b39-4b17-87a2-00e3d9cda395 req-4c90f26e-8245-4316-819b-d870faa8ad31 beb8973fb110498a9387049987fdb2a9 b5fab706a5854c878f6f17933e2647d1 - - 962da104e0de4d17b46b13014ad5ab31 962da104e0de4d17b46b13014ad5ab31] 162.253.55.186 "GET /v2.0/ports?network_id=85c1ee13-981a-4664-a8cd-628119eecea9&device_owner=network%3Adhcp HTTP/1.1" status: 200 len: 210 time: 0.0319109
2026-05-18 01:45:00.957 10 INFO neutron.wsgi [req-c2848b89-0935-4780-84d5-67b98f1d529a req-7eb1e312-0fb5-4766-bdbd-9d57ad5269d6 0fd8e92625a74ff8a2d3602607e8b410 cbad66b48182448fba5d15e21dc9948d - - default default] 10.0.0.105 "GET /v2.0/security-groups?id=9d3a33db-ab94-48d2-adf2-b57a045a9bbc&fields=id&fields=name HTTP/1.1" status: 200 len: 311 time: 0.0472500
2026-05-18 01:45:00.998 10 INFO neutron.services.segments.plugin [-] Segment acf75a9a-44f6-45c2-b268-5e09e793a12c resource provider aggregate not found
2026-05-18 01:45:01.016 9 INFO neutron.wsgi [req-515ddce2-8b39-4b17-87a2-00e3d9cda395 req-da24a323-0693-485f-8110-551ebce82bd7 beb8973fb110498a9387049987fdb2a9 b5fab706a5854c878f6f17933e2647d1 - - 962da104e0de4d17b46b13014ad5ab31 962da104e0de4d17b46b13014ad5ab31] 162.253.55.186 "GET /v2.0/networks/85c1ee13-981a-4664-a8cd-628119eecea9?fields=segments HTTP/1.1" status: 200 len: 212 time: 0.0697012
2026-05-18 01:45:01.023 10 INFO neutron.services.segments.plugin [-] Segment acf75a9a-44f6-45c2-b268-5e09e793a12c resource provider aggregate not found
2026-05-18 01:45:01.032 10 INFO neutron.services.segments.plugin [-] Segment acf75a9a-44f6-45c2-b268-5e09e793a12c resource provider not found; error: Placement Client Error (4xx): {"errors": [{"status": 404, "title": "Not Found", "detail": "The resource could not be found.\n\n No resource provider with uuid acf75a9a-44f6-45c2-b268-5e09e793a12c found for delete ", "request_id": "req-f42b2bc8-0abd-4754-b842-d15a5e7cbfca"}]}
2026-05-18 01:45:01.042 10 INFO neutron.services.segments.plugin [-] Segment acf75a9a-44f6-45c2-b268-5e09e793a12c resource provider not found; error: Placement Client Error (4xx): {"errors": [{"status": 404, "title": "Not Found", "detail": "The resource could not be found.\n\n No resource provider with uuid acf75a9a-44f6-45c2-b268-5e09e793a12c found for delete ", "request_id": "req-9c223dde-cb28-45b4-9f2e-7c3bf7d10141"}]}
2026-05-18 01:45:01.079 9 INFO neutron.wsgi [req-515ddce2-8b39-4b17-87a2-00e3d9cda395 req-9d47e0ac-e64e-4dca-a860-86f1e4b2272b beb8973fb110498a9387049987fdb2a9 b5fab706a5854c878f6f17933e2647d1 - - 962da104e0de4d17b46b13014ad5ab31 962da104e0de4d17b46b13014ad5ab31] 162.253.55.186 "GET /v2.0/networks/85c1ee13-981a-4664-a8cd-628119eecea9?fields=provider%3Aphysical_network&fields=provider%3Anetwork_type HTTP/1.1" status: 200 len: 277 time: 0.0529807
2026-05-18 01:45:01.089 9 INFO neutron.wsgi [None req-a3b9656b-bf43-4de7-964f-ce4d0408635f 2e0bf81ffc104005bbfd0306974e2f0b ff340c3f0a1a469fa3a45ca9642e8551 - - default default] 10.0.0.109 "DELETE /v2.0/security-groups/36980519-67f3-43a0-91ad-69be21fb4daf HTTP/1.1" status: 204 len: 168 time: 0.3772573
2026-05-18 01:45:01.218 9 INFO neutron.notifiers.nova [-] Nova event matching ['req-a1103ad5-9d8d-49f4-89ae-66dd4ee7979b'] response: {'name': 'network-changed', 'server_uuid': '9f6d30fd-bb32-478f-8c7b-a93f03bc6c46', 'tag': 'f533bdb4-3628-4275-b8ea-79ee25549cc5', 'status': 'completed', 'code': 200}
2026-05-18 01:45:01.259 10 INFO neutron.wsgi [None req-f7ab1e8e-b17e-4ad9-9a8e-88448525f5dd 2e0bf81ffc104005bbfd0306974e2f0b ff340c3f0a1a469fa3a45ca9642e8551 - - default default] 10.0.0.109 "GET /v2.0/security-groups?tenant_id=5e62d52c79be40aa911e1cc88f09b5a1&name=default HTTP/1.1" status: 200 len: 2992 time: 0.0379014
2026-05-18 01:45:01.280 9 INFO neutron.wsgi [req-945ea406-9f5c-4f6f-946d-7b5f169d2514 req-fc6c3604-0bde-4927-9f05-7050c1951a50 beb8973fb110498a9387049987fdb2a9 b5fab706a5854c878f6f17933e2647d1 - - 962da104e0de4d17b46b13014ad5ab31 962da104e0de4d17b46b13014ad5ab31] 162.253.55.186 "GET /v2.0/ports?tenant_id=cbad66b48182448fba5d15e21dc9948d&device_id=9f6d30fd-bb32-478f-8c7b-a93f03bc6c46 HTTP/1.1" status: 200 len: 1407 time: 0.0442712
2026-05-18 01:45:01.491 9 INFO neutron.wsgi [req-945ea406-9f5c-4f6f-946d-7b5f169d2514 req-e3c32193-3fbf-44cb-9f62-fef10c48a1a3 beb8973fb110498a9387049987fdb2a9 b5fab706a5854c878f6f17933e2647d1 - - 962da104e0de4d17b46b13014ad5ab31 962da104e0de4d17b46b13014ad5ab31] 162.253.55.186 "GET /v2.0/networks?id=85c1ee13-981a-4664-a8cd-628119eecea9 HTTP/1.1" status: 200 len: 980 time: 0.2028160
2026-05-18 01:45:01.530 9 INFO neutron.wsgi [req-945ea406-9f5c-4f6f-946d-7b5f169d2514 req-1e4e3bc1-e9b5-4039-b7c3-93d902f4a272 beb8973fb110498a9387049987fdb2a9 b5fab706a5854c878f6f17933e2647d1 - - 962da104e0de4d17b46b13014ad5ab31 962da104e0de4d17b46b13014ad5ab31] 162.253.55.186 "GET /v2.0/floatingips?fixed_ip_address=10.100.0.5&port_id=f533bdb4-3628-4275-b8ea-79ee25549cc5 HTTP/1.1" status: 200 len: 217 time: 0.0311632
2026-05-18 01:45:01.582 9 INFO neutron.wsgi [req-945ea406-9f5c-4f6f-946d-7b5f169d2514 req-3c9c00a7-9a93-41f3-a544-d4d2000e3e69 beb8973fb110498a9387049987fdb2a9 b5fab706a5854c878f6f17933e2647d1 - - 962da104e0de4d17b46b13014ad5ab31 962da104e0de4d17b46b13014ad5ab31] 162.253.55.186 "GET /v2.0/subnets?id=2b46a0fc-ad72-411a-afff-9473f43cb36d HTTP/1.1" status: 200 len: 875 time: 0.0369186
2026-05-18 01:45:01.682 9 INFO neutron.wsgi [None req-00ae25d8-3743-46d1-a302-b5901064fa0f 2e0bf81ffc104005bbfd0306974e2f0b ff340c3f0a1a469fa3a45ca9642e8551 - - default default] 10.0.0.109 "DELETE /v2.0/security-groups/001c3d09-8808-4967-9cba-1df428cbadbe HTTP/1.1" status: 204 len: 168 time: 0.4186368
2026-05-18 01:45:01.700 9 INFO neutron.wsgi [req-945ea406-9f5c-4f6f-946d-7b5f169d2514 req-5d256484-bab2-496b-98c5-066026177ad1 beb8973fb110498a9387049987fdb2a9 b5fab706a5854c878f6f17933e2647d1 - - 962da104e0de4d17b46b13014ad5ab31 962da104e0de4d17b46b13014ad5ab31] 162.253.55.186 "GET /v2.0/ports?network_id=85c1ee13-981a-4664-a8cd-628119eecea9&device_owner=network%3Adhcp HTTP/1.1" status: 200 len: 210 time: 0.0169160
2026-05-18 01:45:01.817 9 INFO neutron.wsgi [req-945ea406-9f5c-4f6f-946d-7b5f169d2514 req-7334a3c9-0379-4b19-9a08-736e4badc24b beb8973fb110498a9387049987fdb2a9 b5fab706a5854c878f6f17933e2647d1 - - 962da104e0de4d17b46b13014ad5ab31 962da104e0de4d17b46b13014ad5ab31] 162.253.55.186 "GET /v2.0/networks/85c1ee13-981a-4664-a8cd-628119eecea9?fields=segments HTTP/1.1" status: 200 len: 212 time: 0.0728884
2026-05-18 01:45:01.880 9 INFO neutron.wsgi [req-945ea406-9f5c-4f6f-946d-7b5f169d2514 req-6d078ef2-8342-4881-85f3-5aaa368deb80 beb8973fb110498a9387049987fdb2a9 b5fab706a5854c878f6f17933e2647d1 - - 962da104e0de4d17b46b13014ad5ab31 962da104e0de4d17b46b13014ad5ab31] 162.253.55.186 "GET /v2.0/networks/85c1ee13-981a-4664-a8cd-628119eecea9?fields=provider%3Aphysical_network&fields=provider%3Anetwork_type HTTP/1.1" status: 200 len: 277 time: 0.0561335
2026-05-18 01:45:02.115 10 INFO neutron.wsgi [req-a2ec1e05-c24c-4342-a7bf-d99a0fdd6354 req-3a99555c-efc5-466c-83aa-319194e146e4 0fd8e92625a74ff8a2d3602607e8b410 cbad66b48182448fba5d15e21dc9948d - - default default] 10.0.0.105 "GET /v2.0/ports?device_id=9f6d30fd-bb32-478f-8c7b-a93f03bc6c46 HTTP/1.1" status: 200 len: 1168 time: 0.0890536
2026-05-18 01:45:02.163 10 INFO neutron.wsgi [req-a2ec1e05-c24c-4342-a7bf-d99a0fdd6354 req-2607d4c5-1308-4910-bc67-62e3c2affd8a 0fd8e92625a74ff8a2d3602607e8b410 cbad66b48182448fba5d15e21dc9948d - - default default] 10.0.0.105 "GET /v2.0/security-groups?id=9d3a33db-ab94-48d2-adf2-b57a045a9bbc&fields=id&fields=name HTTP/1.1" status: 200 len: 311 time: 0.0400290
2026-05-18 01:45:03.059 10 INFO neutron.services.segments.plugin [-] Segment a04db6bc-b706-450f-9576-97f4938ec64f resource provider aggregate not found
2026-05-18 01:45:03.064 10 INFO neutron.services.segments.plugin [-] Segment a04db6bc-b706-450f-9576-97f4938ec64f resource provider aggregate not found
2026-05-18 01:45:03.083 10 INFO neutron.services.segments.plugin [-] Segment a04db6bc-b706-450f-9576-97f4938ec64f resource provider not found; error: Placement Client Error (4xx): {"errors": [{"status": 404, "title": "Not Found", "detail": "The resource could not be found.\n\n No resource provider with uuid a04db6bc-b706-450f-9576-97f4938ec64f found for delete ", "request_id": "req-71c682df-571a-44a0-b789-dd46a5d595b5"}]}
2026-05-18 01:45:03.084 10 INFO neutron.services.segments.plugin [-] Segment a04db6bc-b706-450f-9576-97f4938ec64f resource provider not found; error: Placement Client Error (4xx): {"errors": [{"status": 404, "title": "Not Found", "detail": "The resource could not be found.\n\n No resource provider with uuid a04db6bc-b706-450f-9576-97f4938ec64f found for delete ", "request_id": "req-0033e300-aea9-4cac-8eb6-b9b47d860ed4"}]}
2026-05-18 01:45:03.116 10 INFO neutron.db.ovn_revision_numbers_db [None req-ce85f65f-7116-45a8-a7de-1366b3520f65 2e0bf81ffc104005bbfd0306974e2f0b ff340c3f0a1a469fa3a45ca9642e8551 - - default default] Successfully bumped revision number for resource 0e77f6e7-719d-433a-af1f-574e77048c30 (type: security_groups) to 1
2026-05-18 01:45:03.135 10 INFO neutron.db.ovn_revision_numbers_db [None req-ce85f65f-7116-45a8-a7de-1366b3520f65 2e0bf81ffc104005bbfd0306974e2f0b ff340c3f0a1a469fa3a45ca9642e8551 - - default default] Successfully bumped revision number for resource 1fd70941-2c4f-4c5e-9e48-154c2b48e38b (type: security_group_rules) to 0
2026-05-18 01:45:03.154 10 INFO neutron.db.ovn_revision_numbers_db [None req-ce85f65f-7116-45a8-a7de-1366b3520f65 2e0bf81ffc104005bbfd0306974e2f0b ff340c3f0a1a469fa3a45ca9642e8551 - - default default] Successfully bumped revision number for resource 2f655db7-7383-4578-b15b-730ebfdd6b6f (type: security_group_rules) to 0
2026-05-18 01:45:03.177 10 INFO neutron.db.ovn_revision_numbers_db [None req-ce85f65f-7116-45a8-a7de-1366b3520f65 2e0bf81ffc104005bbfd0306974e2f0b ff340c3f0a1a469fa3a45ca9642e8551 - - default default] Successfully bumped revision number for resource 3b55de3e-305a-4739-8300-06af8e11ade3 (type: security_group_rules) to 0
2026-05-18 01:45:03.275 10 INFO neutron.wsgi [req-2ac2346a-6560-499a-96fc-ba6896f31ed9 req-7c26fc57-1ac6-4dd1-ba1a-1da4b3c014f9 0fd8e92625a74ff8a2d3602607e8b410 cbad66b48182448fba5d15e21dc9948d - - default default] 10.0.0.105 "GET /v2.0/ports?device_id=9f6d30fd-bb32-478f-8c7b-a93f03bc6c46 HTTP/1.1" status: 200 len: 1168 time: 0.0314901
2026-05-18 01:45:03.308 10 INFO neutron.db.ovn_revision_numbers_db [None req-ce85f65f-7116-45a8-a7de-1366b3520f65 2e0bf81ffc104005bbfd0306974e2f0b ff340c3f0a1a469fa3a45ca9642e8551 - - default default] Successfully bumped revision number for resource b9c7f900-54e2-4105-b34f-61e930beb7b4 (type: security_group_rules) to 0
2026-05-18 01:45:03.337 10 INFO neutron.wsgi [req-2ac2346a-6560-499a-96fc-ba6896f31ed9 req-8b7a36d5-1996-4f88-9bf4-6346119a326f 0fd8e92625a74ff8a2d3602607e8b410 cbad66b48182448fba5d15e21dc9948d - - default default] 10.0.0.105 "GET /v2.0/security-groups?id=9d3a33db-ab94-48d2-adf2-b57a045a9bbc&fields=id&fields=name HTTP/1.1" status: 200 len: 311 time: 0.0517719
2026-05-18 01:45:03.368 10 INFO neutron.db.segments_db [None req-ce85f65f-7116-45a8-a7de-1366b3520f65 2e0bf81ffc104005bbfd0306974e2f0b ff340c3f0a1a469fa3a45ca9642e8551 - - default default] Added segment a644caa8-8da5-47b6-b0e5-4adb676f0c9c of type geneve for network a9850f17-fba8-4ffa-893f-2f7a500992ba
2026-05-18 01:45:03.505 10 INFO neutron.db.ovn_revision_numbers_db [None req-ce85f65f-7116-45a8-a7de-1366b3520f65 2e0bf81ffc104005bbfd0306974e2f0b ff340c3f0a1a469fa3a45ca9642e8551 - - default default] Successfully bumped revision number for resource a9850f17-fba8-4ffa-893f-2f7a500992ba (type: networks) to 1
2026-05-18 01:45:03.689 10 WARNING neutron.scheduler.dhcp_agent_scheduler [None req-ce85f65f-7116-45a8-a7de-1366b3520f65 2e0bf81ffc104005bbfd0306974e2f0b ff340c3f0a1a469fa3a45ca9642e8551 - - default default] No more DHCP agents
2026-05-18 01:45:03.692 10 WARNING neutron.api.rpc.agentnotifiers.dhcp_rpc_agent_api [None req-ce85f65f-7116-45a8-a7de-1366b3520f65 2e0bf81ffc104005bbfd0306974e2f0b ff340c3f0a1a469fa3a45ca9642e8551 - - default default] Unable to schedule network a9850f17-fba8-4ffa-893f-2f7a500992ba: no agents available; will retry on subsequent port and subnet creation events.
2026-05-18 01:45:03.713 9 INFO neutron.db.ovn_revision_numbers_db [None req-159ae871-e674-423f-af72-5ca964c358df 2e0bf81ffc104005bbfd0306974e2f0b ff340c3f0a1a469fa3a45ca9642e8551 - - default default] Successfully bumped revision number for resource 0f9a9ced-3384-45ff-be1d-af806e11a0fa (type: security_groups) to 1
2026-05-18 01:45:03.727 9 INFO neutron.db.ovn_revision_numbers_db [None req-159ae871-e674-423f-af72-5ca964c358df 2e0bf81ffc104005bbfd0306974e2f0b ff340c3f0a1a469fa3a45ca9642e8551 - - default default] Successfully bumped revision number for resource 0bf93b53-0791-4c5a-96ed-318f641193a1 (type: security_group_rules) to 0
2026-05-18 01:45:03.745 9 INFO neutron.db.ovn_revision_numbers_db [None req-159ae871-e674-423f-af72-5ca964c358df 2e0bf81ffc104005bbfd0306974e2f0b ff340c3f0a1a469fa3a45ca9642e8551 - - default default] Successfully bumped revision number for resource 1edb6301-1ba8-4535-9d96-2f6203e74de0 (type: security_group_rules) to 0
2026-05-18 01:45:03.757 9 INFO neutron.db.ovn_revision_numbers_db [None req-159ae871-e674-423f-af72-5ca964c358df 2e0bf81ffc104005bbfd0306974e2f0b ff340c3f0a1a469fa3a45ca9642e8551 - - default default] Successfully bumped revision number for resource 7abcebbb-c4d5-42b3-8886-9677d3c9bc72 (type: security_group_rules) to 0
2026-05-18 01:45:03.764 10 INFO neutron.db.ovn_revision_numbers_db [None req-ce85f65f-7116-45a8-a7de-1366b3520f65 2e0bf81ffc104005bbfd0306974e2f0b ff340c3f0a1a469fa3a45ca9642e8551 - - default default] Successfully bumped revision number for resource b6428dde-dee9-483a-ba3f-11710e14d8c5 (type: ports) to 1
2026-05-18 01:45:03.771 9 INFO neutron.db.ovn_revision_numbers_db [None req-159ae871-e674-423f-af72-5ca964c358df 2e0bf81ffc104005bbfd0306974e2f0b ff340c3f0a1a469fa3a45ca9642e8551 - - default default] Successfully bumped revision number for resource 99cf9720-bb6e-4022-b111-5e743c27781d (type: security_group_rules) to 0
2026-05-18 01:45:03.781 10 INFO neutron.wsgi [None req-ce85f65f-7116-45a8-a7de-1366b3520f65 2e0bf81ffc104005bbfd0306974e2f0b ff340c3f0a1a469fa3a45ca9642e8551 - - default default] 10.0.0.109 "POST /v2.0/networks HTTP/1.1" status: 201 len: 945 time: 0.9497571
2026-05-18 01:45:03.818 9 INFO neutron.db.segments_db [None req-159ae871-e674-423f-af72-5ca964c358df 2e0bf81ffc104005bbfd0306974e2f0b ff340c3f0a1a469fa3a45ca9642e8551 - - default default] Added segment f4454cd9-0dd5-46ac-9d3b-732a80d48217 of type geneve for network cd432258-1552-4eae-aaf8-9fd36f125caf
2026-05-18 01:45:03.938 10 WARNING neutron.scheduler.dhcp_agent_scheduler [None req-41667299-e687-4855-b703-4de7507b7a48 2e0bf81ffc104005bbfd0306974e2f0b ff340c3f0a1a469fa3a45ca9642e8551 - - default default] No more DHCP agents
2026-05-18 01:45:03.941 10 WARNING neutron.api.rpc.agentnotifiers.dhcp_rpc_agent_api [None req-41667299-e687-4855-b703-4de7507b7a48 2e0bf81ffc104005bbfd0306974e2f0b ff340c3f0a1a469fa3a45ca9642e8551 - - default default] Unable to schedule network a9850f17-fba8-4ffa-893f-2f7a500992ba: no agents available; will retry on subsequent port and subnet creation events.
2026-05-18 01:45:03.941 9 INFO neutron.db.ovn_revision_numbers_db [None req-159ae871-e674-423f-af72-5ca964c358df 2e0bf81ffc104005bbfd0306974e2f0b ff340c3f0a1a469fa3a45ca9642e8551 - - default default] Successfully bumped revision number for resource cd432258-1552-4eae-aaf8-9fd36f125caf (type: networks) to 1
2026-05-18 01:45:03.951 10 INFO neutron.wsgi [-] 10.0.0.69 "GET / HTTP/1.1" status: 200 len: 247 time: 0.0013649
2026-05-18 01:45:03.952 10 INFO neutron.wsgi [-] 10.0.0.69 "GET / HTTP/1.1" status: 200 len: 247 time: 0.0008299
2026-05-18 01:45:04.104 9 WARNING neutron.scheduler.dhcp_agent_scheduler [None req-159ae871-e674-423f-af72-5ca964c358df 2e0bf81ffc104005bbfd0306974e2f0b ff340c3f0a1a469fa3a45ca9642e8551 - - default default] No more DHCP agents
2026-05-18 01:45:04.108 9 WARNING neutron.api.rpc.agentnotifiers.dhcp_rpc_agent_api [None req-159ae871-e674-423f-af72-5ca964c358df 2e0bf81ffc104005bbfd0306974e2f0b ff340c3f0a1a469fa3a45ca9642e8551 - - default default] Unable to schedule network cd432258-1552-4eae-aaf8-9fd36f125caf: no agents available; will retry on subsequent port and subnet creation events.
2026-05-18 01:45:04.210 9 INFO neutron.db.ovn_revision_numbers_db [None req-159ae871-e674-423f-af72-5ca964c358df 2e0bf81ffc104005bbfd0306974e2f0b ff340c3f0a1a469fa3a45ca9642e8551 - - default default] Successfully bumped revision number for resource 3f3f5ba3-a5d5-4151-af3c-64eb8780c9f0 (type: ports) to 1
2026-05-18 01:45:04.237 9 INFO neutron.wsgi [None req-159ae871-e674-423f-af72-5ca964c358df 2e0bf81ffc104005bbfd0306974e2f0b ff340c3f0a1a469fa3a45ca9642e8551 - - default default] 10.0.0.109 "POST /v2.0/networks HTTP/1.1" status: 201 len: 940 time: 0.7589750
2026-05-18 01:45:04.442 10 INFO neutron.db.ovn_revision_numbers_db [None req-41667299-e687-4855-b703-4de7507b7a48 2e0bf81ffc104005bbfd0306974e2f0b ff340c3f0a1a469fa3a45ca9642e8551 - - default default] Successfully bumped revision number for resource b6428dde-dee9-483a-ba3f-11710e14d8c5 (type: ports) to 2
2026-05-18 01:45:04.451 10 INFO neutron.wsgi [req-2ed3f752-3c7d-4c42-a412-8001455ddc5b req-b0963d9c-e149-4b0d-aec0-7b27df0c9721 0fd8e92625a74ff8a2d3602607e8b410 cbad66b48182448fba5d15e21dc9948d - - default default] 10.0.0.105 "GET /v2.0/ports?device_id=9f6d30fd-bb32-478f-8c7b-a93f03bc6c46 HTTP/1.1" status: 200 len: 1168 time: 0.0360267
2026-05-18 01:45:04.482 9 WARNING neutron.scheduler.dhcp_agent_scheduler [None req-6b0f85a6-2413-4a48-8e57-924d306d3588 2e0bf81ffc104005bbfd0306974e2f0b ff340c3f0a1a469fa3a45ca9642e8551 - - default default] No more DHCP agents
2026-05-18 01:45:04.484 9 WARNING neutron.api.rpc.agentnotifiers.dhcp_rpc_agent_api [None req-6b0f85a6-2413-4a48-8e57-924d306d3588 2e0bf81ffc104005bbfd0306974e2f0b ff340c3f0a1a469fa3a45ca9642e8551 - - default default] Unable to schedule network cd432258-1552-4eae-aaf8-9fd36f125caf: no agents available; will retry on subsequent port and subnet creation events.
2026-05-18 01:45:04.501 10 INFO neutron.db.ovn_revision_numbers_db [None req-41667299-e687-4855-b703-4de7507b7a48 2e0bf81ffc104005bbfd0306974e2f0b ff340c3f0a1a469fa3a45ca9642e8551 - - default default] Successfully bumped revision number for resource 0c71cecd-9b79-460d-9aa8-158d0f064258 (type: subnets) to 0
2026-05-18 01:45:04.509 10 INFO neutron.wsgi [req-2ed3f752-3c7d-4c42-a412-8001455ddc5b req-cdfe2785-58f1-4e47-bc33-1514f84b185f 0fd8e92625a74ff8a2d3602607e8b410 cbad66b48182448fba5d15e21dc9948d - - default default] 10.0.0.105 "GET /v2.0/security-groups?id=9d3a33db-ab94-48d2-adf2-b57a045a9bbc&fields=id&fields=name HTTP/1.1" status: 200 len: 311 time: 0.0387521
2026-05-18 01:45:04.517 10 INFO neutron.wsgi [None req-41667299-e687-4855-b703-4de7507b7a48 2e0bf81ffc104005bbfd0306974e2f0b ff340c3f0a1a469fa3a45ca9642e8551 - - default default] 10.0.0.109 "POST /v2.0/subnets HTTP/1.1" status: 201 len: 865 time: 0.7191505
2026-05-18 01:45:04.845 10 INFO neutron.wsgi [req-6170f688-3d38-4ee5-ad45-28d5c817d488 req-eabd5b5c-1560-4540-a60f-21e2d8ef9d10 16a8a553bfd643a49d2030a98ee9e1dd b488259495424493a6ce30931652842b - - default default] 10.0.0.105 "GET /v2.0/security-groups?name=tempest-securitygroup--1869041570&fields=id&tenant_id=b488259495424493a6ce30931652842b HTTP/1.1" status: 200 len: 267 time: 0.0438914
2026-05-18 01:45:04.880 9 WARNING neutron.plugins.ml2.drivers.ovn.mech_driver.ovsdb.ovn_client [None req-b055a58f-4280-4f88-8c47-1e547457082e - - - - - -] No hosting information found for port e0dd165c-bab5-4fac-afad-ae521e5d1df4: RuntimeError: No hosting information found for port e0dd165c-bab5-4fac-afad-ae521e5d1df4
2026-05-18 01:45:04.881 9 INFO neutron.plugins.ml2.drivers.ovn.mech_driver.mech_driver [None req-b055a58f-4280-4f88-8c47-1e547457082e - - - - - -] OVN reports status up for port: f533bdb4-3628-4275-b8ea-79ee25549cc5
2026-05-18 01:45:04.894 9 INFO neutron.plugins.ml2.plugin [None req-b055a58f-4280-4f88-8c47-1e547457082e - - - - - -] Attempt 1 to provision port f533bdb4-3628-4275-b8ea-79ee25549cc5
2026-05-18 01:45:04.935 10 INFO neutron.wsgi [req-6170f688-3d38-4ee5-ad45-28d5c817d488 req-e41e4a04-083b-4d4d-995e-2bcb31333a85 16a8a553bfd643a49d2030a98ee9e1dd b488259495424493a6ce30931652842b - - default default] 10.0.0.105 "GET /v2.0/networks?id=4d854bdd-492f-4b78-9325-516821773742 HTTP/1.1" status: 200 len: 879 time: 0.0765343
2026-05-18 01:45:04.966 10 INFO neutron.wsgi [req-6170f688-3d38-4ee5-ad45-28d5c817d488 req-0a7c8b99-11fd-456e-bbdd-91e922531846 16a8a553bfd643a49d2030a98ee9e1dd b488259495424493a6ce30931652842b - - default default] 10.0.0.105 "GET /v2.0/quotas/b488259495424493a6ce30931652842b HTTP/1.1" status: 200 len: 386 time: 0.0219383
2026-05-18 01:45:04.994 9 INFO neutron.db.ovn_revision_numbers_db [None req-6b0f85a6-2413-4a48-8e57-924d306d3588 2e0bf81ffc104005bbfd0306974e2f0b ff340c3f0a1a469fa3a45ca9642e8551 - - default default] Successfully bumped revision number for resource 3f3f5ba3-a5d5-4151-af3c-64eb8780c9f0 (type: ports) to 2
2026-05-18 01:45:05.044 9 INFO neutron.db.ovn_revision_numbers_db [None req-6b0f85a6-2413-4a48-8e57-924d306d3588 2e0bf81ffc104005bbfd0306974e2f0b ff340c3f0a1a469fa3a45ca9642e8551 - - default default] Successfully bumped revision number for resource c0063af2-e3b9-4372-8ccb-6361bb39e4ef (type: subnets) to 0
2026-05-18 01:45:05.047 9 INFO neutron.notifiers.nova [-] Nova event matching ['req-c80d1256-a970-4766-8e66-a13c7885c02f'] response: {'server_uuid': '9f6d30fd-bb32-478f-8c7b-a93f03bc6c46', 'name': 'network-vif-plugged', 'status': 'completed', 'tag': 'f533bdb4-3628-4275-b8ea-79ee25549cc5', 'code': 200}
2026-05-18 01:45:05.062 9 INFO neutron.wsgi [None req-6b0f85a6-2413-4a48-8e57-924d306d3588 2e0bf81ffc104005bbfd0306974e2f0b ff340c3f0a1a469fa3a45ca9642e8551 - - default default] 10.0.0.109 "POST /v2.0/subnets HTTP/1.1" status: 201 len: 860 time: 0.8137412
2026-05-18 01:45:05.084 10 INFO neutron.wsgi [req-6170f688-3d38-4ee5-ad45-28d5c817d488 req-74d9846e-9e40-4095-82a0-657b47d51ce5 16a8a553bfd643a49d2030a98ee9e1dd b488259495424493a6ce30931652842b - - default default] 10.0.0.105 "GET /v2.0/ports?tenant_id=b488259495424493a6ce30931652842b&fields=id HTTP/1.1" status: 200 len: 302 time: 0.1090150
2026-05-18 01:45:05.159 10 WARNING neutron.scheduler.dhcp_agent_scheduler [None req-29f33edd-fe67-4455-b001-8696ea4feff9 2e0bf81ffc104005bbfd0306974e2f0b ff340c3f0a1a469fa3a45ca9642e8551 - - default default] No more DHCP agents
2026-05-18 01:45:05.163 10 WARNING neutron.api.rpc.agentnotifiers.dhcp_rpc_agent_api [None req-29f33edd-fe67-4455-b001-8696ea4feff9 2e0bf81ffc104005bbfd0306974e2f0b ff340c3f0a1a469fa3a45ca9642e8551 - - default default] Unable to schedule network 2fee8833-d39e-423b-94ec-b16b3690261a: no agents available; will retry on subsequent port and subnet creation events.
2026-05-18 01:45:05.229 9 INFO neutron.db.ovn_revision_numbers_db [None req-b055a58f-4280-4f88-8c47-1e547457082e - - - - - -] Successfully bumped revision number for resource f533bdb4-3628-4275-b8ea-79ee25549cc5 (type: ports) to 4
2026-05-18 01:45:05.492 10 INFO neutron.db.ovn_revision_numbers_db [None req-29f33edd-fe67-4455-b001-8696ea4feff9 2e0bf81ffc104005bbfd0306974e2f0b ff340c3f0a1a469fa3a45ca9642e8551 - - default default] Successfully bumped revision number for resource 435a657e-6648-4a00-97df-05efc368975b (type: ports) to 1
2026-05-18 01:45:05.528 10 INFO neutron.wsgi [req-6170f688-3d38-4ee5-ad45-28d5c817d488 req-ba1c3b3a-1587-4207-8f98-3b360e23c159 beb8973fb110498a9387049987fdb2a9 b5fab706a5854c878f6f17933e2647d1 - - 962da104e0de4d17b46b13014ad5ab31 962da104e0de4d17b46b13014ad5ab31] 10.0.0.105 "GET /v2.0/extensions HTTP/1.1" status: 200 len: 16525 time: 0.0504081
2026-05-18 01:45:05.757 10 INFO neutron.wsgi [req-560db21b-3258-447c-acd7-b13ed3a231c5 req-fcdd5238-f3fe-41ee-b976-d07e9f467fa5 0fd8e92625a74ff8a2d3602607e8b410 cbad66b48182448fba5d15e21dc9948d - - default default] 10.0.0.105 "GET /v2.0/ports?device_id=9f6d30fd-bb32-478f-8c7b-a93f03bc6c46 HTTP/1.1" status: 200 len: 1170 time: 0.1822689
2026-05-18 01:45:05.826 10 INFO neutron.wsgi [req-6170f688-3d38-4ee5-ad45-28d5c817d488 req-9c1d0eb1-d721-4a18-9da4-6fd5f7af52bb beb8973fb110498a9387049987fdb2a9 b5fab706a5854c878f6f17933e2647d1 - - 962da104e0de4d17b46b13014ad5ab31 962da104e0de4d17b46b13014ad5ab31] 10.0.0.105 "GET /v2.0/networks/4d854bdd-492f-4b78-9325-516821773742?fields=segments HTTP/1.1" status: 200 len: 212 time: 0.2803457
2026-05-18 01:45:05.882 10 INFO neutron.wsgi [req-560db21b-3258-447c-acd7-b13ed3a231c5 req-b7b08bba-f06f-4a82-bf82-871a5ff8d184 0fd8e92625a74ff8a2d3602607e8b410 cbad66b48182448fba5d15e21dc9948d - - default default] 10.0.0.105 "GET /v2.0/security-groups?id=9d3a33db-ab94-48d2-adf2-b57a045a9bbc&fields=id&fields=name HTTP/1.1" status: 200 len: 311 time: 0.1045599
2026-05-18 01:45:05.963 10 INFO neutron.wsgi [req-6170f688-3d38-4ee5-ad45-28d5c817d488 req-700345ea-5e59-4349-bfcd-7111483f26ca beb8973fb110498a9387049987fdb2a9 b5fab706a5854c878f6f17933e2647d1 - - 962da104e0de4d17b46b13014ad5ab31 962da104e0de4d17b46b13014ad5ab31] 10.0.0.105 "GET /v2.0/networks/4d854bdd-492f-4b78-9325-516821773742?fields=provider%3Aphysical_network&fields=provider%3Anetwork_type HTTP/1.1" status: 200 len: 277 time: 0.1275706
2026-05-18 01:45:06.026 10 WARNING neutron.scheduler.dhcp_agent_scheduler [None req-7543fdb2-b47e-46f3-aaae-10f335b5ef0a 2e0bf81ffc104005bbfd0306974e2f0b ff340c3f0a1a469fa3a45ca9642e8551 - - default default] No more DHCP agents
2026-05-18 01:45:06.032 10 INFO neutron.wsgi [req-e10ba671-75d3-49fb-95a5-8cab1f3bb815 req-86c431f7-d8db-4dd0-a540-f7977774970a 0fd8e92625a74ff8a2d3602607e8b410 cbad66b48182448fba5d15e21dc9948d - - default default] 10.0.0.105 "GET /v2.0/ports?device_id=9f6d30fd-bb32-478f-8c7b-a93f03bc6c46 HTTP/1.1" status: 200 len: 1170 time: 0.0624413
2026-05-18 01:45:06.048 10 WARNING neutron.api.rpc.agentnotifiers.dhcp_rpc_agent_api [None req-7543fdb2-b47e-46f3-aaae-10f335b5ef0a 2e0bf81ffc104005bbfd0306974e2f0b ff340c3f0a1a469fa3a45ca9642e8551 - - default default] Unable to schedule network 2fee8833-d39e-423b-94ec-b16b3690261a: no agents available; will retry on subsequent port and subnet creation events. /var/lib/openstack/lib/python3.10/site-packages/pycadf/identifier.py:71: UserWarning: Invalid uuid: neutron. To ensure interoperability, identifiers should be a valid uuid. warnings.warn(('Invalid uuid: %s. To ensure interoperability, '
2026-05-18 01:45:06.283 10 INFO neutron.wsgi [req-203842d2-0b55-4eb8-bada-23b230c33ca5 req-692c0588-d767-42ca-9cdf-ba7e1a1e64e8 16a8a553bfd643a49d2030a98ee9e1dd b488259495424493a6ce30931652842b - - default default] 10.0.0.105 "GET /v2.0/ports?device_id=619632da-88b5-4de3-b2e4-6b83152076d7 HTTP/1.1" status: 200 len: 210 time: 0.0379109
2026-05-18 01:45:06.328 10 INFO neutron.db.ovn_revision_numbers_db [None req-7543fdb2-b47e-46f3-aaae-10f335b5ef0a 2e0bf81ffc104005bbfd0306974e2f0b ff340c3f0a1a469fa3a45ca9642e8551 - - default default] Successfully bumped revision number for resource 4d8dd96e-32fa-4bed-b1f7-ea686e0cae7f (type: ports) to 1
2026-05-18 01:45:06.407 9 INFO neutron.db.l3_db [None req-bbce5a55-d2cd-46b3-a809-ad56134bdf0c 0fd8e92625a74ff8a2d3602607e8b410 cbad66b48182448fba5d15e21dc9948d - - default default] Floating IP 897650c2-e6b4-4341-b616-4c71f2dfdd1a associated. External IP: 10.96.250.213, port: f533bdb4-3628-4275-b8ea-79ee25549cc5.
2026-05-18 01:45:06.730 9 INFO neutron.plugins.ml2.drivers.ovn.mech_driver.mech_driver [None req-b055a58f-4280-4f88-8c47-1e547457082e - - - - - -] OVN reports status up for port: 435a657e-6648-4a00-97df-05efc368975b
2026-05-18 01:45:06.757 9 INFO neutron.plugins.ml2.plugin [None req-b055a58f-4280-4f88-8c47-1e547457082e - - - - - -] Attempt 1 to provision port 435a657e-6648-4a00-97df-05efc368975b
2026-05-18 01:45:06.773 10 INFO neutron.plugins.ml2.drivers.ovn.mech_driver.ovsdb.ovsdb_monitor [-] Router e300ec8a-9283-40ad-b378-3fa723f948da is bound to host instance
2026-05-18 01:45:06.792 9 INFO neutron.db.ovn_revision_numbers_db [None req-bbce5a55-d2cd-46b3-a809-ad56134bdf0c 0fd8e92625a74ff8a2d3602607e8b410 cbad66b48182448fba5d15e21dc9948d - - default default] Successfully bumped revision number for resource 897650c2-e6b4-4341-b616-4c71f2dfdd1a (type: floatingips) to 1
2026-05-18 01:45:06.823 10 INFO neutron.db.ovn_revision_numbers_db [None req-29f33edd-fe67-4455-b001-8696ea4feff9 2e0bf81ffc104005bbfd0306974e2f0b ff340c3f0a1a469fa3a45ca9642e8551 - - default default] Successfully bumped revision number for resource 435a657e-6648-4a00-97df-05efc368975b (type: router_ports) to 1
2026-05-18 01:45:06.926 10 INFO neutron.db.ovn_revision_numbers_db [None req-29f33edd-fe67-4455-b001-8696ea4feff9 2e0bf81ffc104005bbfd0306974e2f0b ff340c3f0a1a469fa3a45ca9642e8551 - - default default] Successfully bumped revision number for resource e300ec8a-9283-40ad-b378-3fa723f948da (type: routers) to 2
2026-05-18 01:45:06.927 9 INFO neutron.db.ovn_revision_numbers_db [None req-bbce5a55-d2cd-46b3-a809-ad56134bdf0c 0fd8e92625a74ff8a2d3602607e8b410 cbad66b48182448fba5d15e21dc9948d - - default default] Successfully bumped revision number for resource 897650c2-e6b4-4341-b616-4c71f2dfdd1a (type: floatingips) to 2
2026-05-18 01:45:06.956 10 INFO neutron.wsgi [None req-29f33edd-fe67-4455-b001-8696ea4feff9 2e0bf81ffc104005bbfd0306974e2f0b ff340c3f0a1a469fa3a45ca9642e8551 - - default default] 10.0.0.109 "POST /v2.0/routers HTTP/1.1" status: 201 len: 876 time: 2.4346554
2026-05-18 01:45:06.963 9 INFO neutron.wsgi [None req-bbce5a55-d2cd-46b3-a809-ad56134bdf0c 0fd8e92625a74ff8a2d3602607e8b410 cbad66b48182448fba5d15e21dc9948d - - default default] 10.0.0.109 "PUT /v2.0/floatingips/897650c2-e6b4-4341-b616-4c71f2dfdd1a HTTP/1.1" status: 200 len: 1049 time: 0.9102080 /var/lib/openstack/lib/python3.10/site-packages/pycadf/identifier.py:71: UserWarning: Invalid uuid: neutron. To ensure interoperability, identifiers should be a valid uuid. warnings.warn(('Invalid uuid: %s. To ensure interoperability, '
2026-05-18 01:45:07.084 9 INFO neutron.notifiers.nova [-] Nova event matching ['req-1aa60ee2-6808-4e15-bb0f-c20560dff71d'] response: {'server_uuid': '9f6d30fd-bb32-478f-8c7b-a93f03bc6c46', 'name': 'network-vif-plugged', 'status': 'completed', 'tag': 'f533bdb4-3628-4275-b8ea-79ee25549cc5', 'code': 200}
2026-05-18 01:45:07.084 9 INFO neutron.notifiers.nova [-] Nova event matching ['req-1aa60ee2-6808-4e15-bb0f-c20560dff71d'] response: {'name': 'network-changed', 'server_uuid': '9f6d30fd-bb32-478f-8c7b-a93f03bc6c46', 'tag': 'f533bdb4-3628-4275-b8ea-79ee25549cc5', 'status': 'completed', 'code': 200}
2026-05-18 01:45:07.088 10 INFO neutron.wsgi [req-6f0c2159-19c8-4cab-9efd-ba78869ac11b req-ed8a45fb-5117-4c6d-8a43-ec36268dae7f 0fd8e92625a74ff8a2d3602607e8b410 cbad66b48182448fba5d15e21dc9948d - - default default] 10.0.0.105 "GET /v2.0/ports?device_id=9f6d30fd-bb32-478f-8c7b-a93f03bc6c46 HTTP/1.1" status: 200 len: 1170 time: 0.0527835
2026-05-18 01:45:07.147 9 INFO neutron.wsgi [req-3e415256-3b6b-4753-8498-6f32663027e9 req-ff059f56-0eab-4796-b133-3d375df5541f beb8973fb110498a9387049987fdb2a9 b5fab706a5854c878f6f17933e2647d1 - - 962da104e0de4d17b46b13014ad5ab31 962da104e0de4d17b46b13014ad5ab31] 162.253.55.186 "GET /v2.0/ports?tenant_id=cbad66b48182448fba5d15e21dc9948d&device_id=9f6d30fd-bb32-478f-8c7b-a93f03bc6c46 HTTP/1.1" status: 200 len: 1409 time: 0.0404968
2026-05-18 01:45:07.204 10 INFO neutron.wsgi [req-6f0c2159-19c8-4cab-9efd-ba78869ac11b req-3cca0136-6d3a-41b7-9f96-5e0bc5650e16 0fd8e92625a74ff8a2d3602607e8b410 cbad66b48182448fba5d15e21dc9948d - - default default] 10.0.0.105 "GET /v2.0/security-groups?id=9d3a33db-ab94-48d2-adf2-b57a045a9bbc&fields=id&fields=name HTTP/1.1" status: 200 len: 311 time: 0.0997565
2026-05-18 01:45:07.223 9 INFO neutron.wsgi [req-3e415256-3b6b-4753-8498-6f32663027e9 req-2924e24c-d947-4a97-ba90-634bb217d917 beb8973fb110498a9387049987fdb2a9 b5fab706a5854c878f6f17933e2647d1 - - 962da104e0de4d17b46b13014ad5ab31 962da104e0de4d17b46b13014ad5ab31] 162.253.55.186 "GET /v2.0/networks?id=85c1ee13-981a-4664-a8cd-628119eecea9 HTTP/1.1" status: 200 len: 980 time: 0.0644653
2026-05-18 01:45:07.275 9 INFO neutron.wsgi [req-3e415256-3b6b-4753-8498-6f32663027e9 req-23e4b65b-7798-445c-a6ea-daff450aa218 beb8973fb110498a9387049987fdb2a9 b5fab706a5854c878f6f17933e2647d1 - - 962da104e0de4d17b46b13014ad5ab31 962da104e0de4d17b46b13014ad5ab31] 162.253.55.186 "GET /v2.0/floatingips?fixed_ip_address=10.100.0.5&port_id=f533bdb4-3628-4275-b8ea-79ee25549cc5 HTTP/1.1" status: 200 len: 1059 time: 0.0453141
2026-05-18 01:45:07.315 9 INFO neutron.wsgi [req-3e415256-3b6b-4753-8498-6f32663027e9 req-350cd9a4-b3aa-4f3e-9e8d-7f537974065c beb8973fb110498a9387049987fdb2a9 b5fab706a5854c878f6f17933e2647d1 - - 962da104e0de4d17b46b13014ad5ab31 962da104e0de4d17b46b13014ad5ab31] 162.253.55.186 "GET /v2.0/subnets?id=2b46a0fc-ad72-411a-afff-9473f43cb36d HTTP/1.1" status: 200 len: 875 time: 0.0311747
2026-05-18 01:45:07.322 10 INFO neutron.wsgi [req-6170f688-3d38-4ee5-ad45-28d5c817d488 req-ba7839f8-43b8-404e-9b67-531b29a1b321 16a8a553bfd643a49d2030a98ee9e1dd b488259495424493a6ce30931652842b - - default default] 162.253.55.186 "GET /v2.0/networks?id=4d854bdd-492f-4b78-9325-516821773742 HTTP/1.1" status: 200 len: 879 time: 0.1437259
2026-05-18 01:45:07.380 9 INFO neutron.wsgi [req-3e415256-3b6b-4753-8498-6f32663027e9 req-a877bd7a-0189-41b5-988d-a680b25ce10e beb8973fb110498a9387049987fdb2a9 b5fab706a5854c878f6f17933e2647d1 - - 962da104e0de4d17b46b13014ad5ab31 962da104e0de4d17b46b13014ad5ab31] 162.253.55.186 "GET /v2.0/ports?network_id=85c1ee13-981a-4664-a8cd-628119eecea9&device_owner=network%3Adhcp HTTP/1.1" status: 200 len: 210 time: 0.0268869
2026-05-18 01:45:07.451 9 INFO neutron.wsgi [req-3e415256-3b6b-4753-8498-6f32663027e9 req-f5170ad3-d7a8-4e5c-b148-8d8ceab9fd53 beb8973fb110498a9387049987fdb2a9 b5fab706a5854c878f6f17933e2647d1 - - 962da104e0de4d17b46b13014ad5ab31 962da104e0de4d17b46b13014ad5ab31] 162.253.55.186 "GET /v2.0/networks/85c1ee13-981a-4664-a8cd-628119eecea9?fields=segments HTTP/1.1" status: 200 len: 212 time: 0.0632927
2026-05-18 01:45:07.507 9 INFO neutron.wsgi [req-3e415256-3b6b-4753-8498-6f32663027e9 req-d340daca-12e9-4a7f-a18c-2fb59f92a9fe beb8973fb110498a9387049987fdb2a9 b5fab706a5854c878f6f17933e2647d1 - - 962da104e0de4d17b46b13014ad5ab31 962da104e0de4d17b46b13014ad5ab31] 162.253.55.186 "GET /v2.0/networks/85c1ee13-981a-4664-a8cd-628119eecea9?fields=provider%3Aphysical_network&fields=provider%3Anetwork_type HTTP/1.1" status: 200 len: 277 time: 0.0503654
2026-05-18 01:45:07.537 10 INFO neutron.wsgi [req-e06d7414-4dfd-4c87-96ac-b9cf9b896fb3 req-cf68976b-64c2-4bb5-880e-ce3a84acda05 16a8a553bfd643a49d2030a98ee9e1dd b488259495424493a6ce30931652842b - - default default] 10.0.0.105 "GET /v2.0/ports?device_id=619632da-88b5-4de3-b2e4-6b83152076d7 HTTP/1.1" status: 200 len: 210 time: 0.1555834
2026-05-18 01:45:07.567 10 INFO neutron.wsgi [req-6170f688-3d38-4ee5-ad45-28d5c817d488 req-b6cd8ad5-d9c8-4b76-9573-0e33a126730a 16a8a553bfd643a49d2030a98ee9e1dd b488259495424493a6ce30931652842b - - default default] 162.253.55.186 "GET /v2.0/security-groups?fields=id&fields=name&tenant_id=b488259495424493a6ce30931652842b HTTP/1.1" status: 200 len: 380 time: 0.2117221
2026-05-18 01:45:07.669 9 INFO neutron.plugins.ml2.drivers.ovn.mech_driver.ovsdb.ovsdb_monitor [None req-86df10d2-db5a-4a96-bb98-a2c08410f538 - - - - - -] Router cf31e21a-fdbd-442b-8bcf-24956315462e is bound to host instance
2026-05-18 01:45:07.726 10 INFO neutron.plugins.ml2.drivers.ovn.mech_driver.mech_driver [None req-40637c31-0121-4113-bf8c-a5fc8cada4ed - - - - - -] OVN reports status up for port: 4d8dd96e-32fa-4bed-b1f7-ea686e0cae7f
2026-05-18 01:45:07.772 10 INFO neutron.plugins.ml2.plugin [None req-40637c31-0121-4113-bf8c-a5fc8cada4ed - - - - - -] Attempt 1 to provision port 4d8dd96e-32fa-4bed-b1f7-ea686e0cae7f
2026-05-18 01:45:07.796 10 INFO neutron.db.ovn_revision_numbers_db [None req-7543fdb2-b47e-46f3-aaae-10f335b5ef0a 2e0bf81ffc104005bbfd0306974e2f0b ff340c3f0a1a469fa3a45ca9642e8551 - - default default] Successfully bumped revision number for resource 4d8dd96e-32fa-4bed-b1f7-ea686e0cae7f (type: router_ports) to 1
2026-05-18 01:45:07.983 10 INFO neutron.db.ovn_revision_numbers_db [None req-7543fdb2-b47e-46f3-aaae-10f335b5ef0a 2e0bf81ffc104005bbfd0306974e2f0b ff340c3f0a1a469fa3a45ca9642e8551 - - default default] Successfully bumped revision number for resource cf31e21a-fdbd-442b-8bcf-24956315462e (type: routers) to 2
