2026-05-18 01:49:38.937 9 INFO neutron.wsgi [None req-ada1e86f-7f49-4457-a4b6-29465b4054dc 2e0bf81ffc104005bbfd0306974e2f0b ff340c3f0a1a469fa3a45ca9642e8551 - - default default] 162.253.55.186 "GET /v2.0/extensions/dns-integration HTTP/1.1" status: 200 len: 371 time: 0.0029621
2026-05-18 01:49:38.943 9 INFO neutron.wsgi [None req-73117ae7-2b8c-4e16-b8e0-160327d47962 2e0bf81ffc104005bbfd0306974e2f0b ff340c3f0a1a469fa3a45ca9642e8551 - - default default] 162.253.55.186 "GET /v2.0/extensions/qos HTTP/1.1" status: 200 len: 365 time: 0.0036733
2026-05-18 01:49:38.951 9 INFO neutron.wsgi [None req-613c7b23-6ef4-4903-b48f-13f807f56d48 2e0bf81ffc104005bbfd0306974e2f0b ff340c3f0a1a469fa3a45ca9642e8551 - - default default] 162.253.55.186 "GET /v2.0/extensions/allowed-address-pairs HTTP/1.1" status: 200 len: 383 time: 0.0044076
2026-05-18 01:49:38.954 10 INFO neutron.wsgi [req-c7bfc25d-6fc5-4af9-a38e-ec2c1105c232 req-5de7d766-6bf5-41de-8f4e-10ce124be074 beb8973fb110498a9387049987fdb2a9 b5fab706a5854c878f6f17933e2647d1 - - 962da104e0de4d17b46b13014ad5ab31 962da104e0de4d17b46b13014ad5ab31] 162.253.55.186 "GET /v2.0/floatingips?fixed_ip_address=10.2.2.96&port_id=0bcd81d2-49b4-44c2-8b0b-2e41bb8a48f9 HTTP/1.1" status: 200 len: 217 time: 0.0273089
2026-05-18 01:49:38.991 9 INFO neutron.wsgi [None req-4fbaee8a-449c-4cbb-826f-d7619e498013 2e0bf81ffc104005bbfd0306974e2f0b ff340c3f0a1a469fa3a45ca9642e8551 - - default default] 162.253.55.186 "GET /v2.0/subnets/eedce41b-2563-4b9e-aa06-c09bf2546de9 HTTP/1.1" status: 200 len: 851 time: 0.0361624
2026-05-18 01:49:39.004 10 INFO neutron.wsgi [req-c7bfc25d-6fc5-4af9-a38e-ec2c1105c232 req-da5afb3f-6df2-4338-9f32-6b8032f6abee beb8973fb110498a9387049987fdb2a9 b5fab706a5854c878f6f17933e2647d1 - - 962da104e0de4d17b46b13014ad5ab31 962da104e0de4d17b46b13014ad5ab31] 162.253.55.186 "GET /v2.0/subnets?id=c2ea478f-e043-4166-8c3e-9f6e68664684 HTTP/1.1" status: 200 len: 851 time: 0.0435345
2026-05-18 01:49:39.033 9 INFO neutron.wsgi [None req-da6008ca-ca42-4bda-8f50-1372296789c6 2e0bf81ffc104005bbfd0306974e2f0b ff340c3f0a1a469fa3a45ca9642e8551 - - default default] 162.253.55.186 "GET /v2.0/ports/77a50d89-1ebe-4e64-b82a-e4bb8011bfc1 HTTP/1.1" status: 200 len: 1340 time: 0.0372181
2026-05-18 01:49:39.037 10 INFO neutron.wsgi [req-c7bfc25d-6fc5-4af9-a38e-ec2c1105c232 req-56700899-cbb1-44fc-b190-5be1239ef577 beb8973fb110498a9387049987fdb2a9 b5fab706a5854c878f6f17933e2647d1 - - 962da104e0de4d17b46b13014ad5ab31 962da104e0de4d17b46b13014ad5ab31] 162.253.55.186 "GET /v2.0/ports?network_id=3cb6b22b-4892-4f84-b05a-6dd986d17ea4&device_owner=network%3Adhcp HTTP/1.1" status: 200 len: 210 time: 0.0262027
2026-05-18 01:49:39.066 9 INFO neutron.wsgi [None req-cba6fe24-6414-4e5e-a906-d2241dabf7a6 2e0bf81ffc104005bbfd0306974e2f0b ff340c3f0a1a469fa3a45ca9642e8551 - - default default] 162.253.55.186 "GET /v2.0/ports/12b0af73-f99d-41c6-a271-d342a620c442 HTTP/1.1" status: 200 len: 1515 time: 0.0271738
2026-05-18 01:49:39.100 9 INFO neutron.wsgi [None req-0fbf1d40-124b-480c-be65-78bc94856ee0 2e0bf81ffc104005bbfd0306974e2f0b ff340c3f0a1a469fa3a45ca9642e8551 - - default default] 162.253.55.186 "GET /v2.0/subnets/eedce41b-2563-4b9e-aa06-c09bf2546de9 HTTP/1.1" status: 200 len: 851 time: 0.0273812
2026-05-18 01:49:39.101 10 INFO neutron.wsgi [req-c7bfc25d-6fc5-4af9-a38e-ec2c1105c232 req-7ea91015-053b-44c7-8ac3-fea14c705e9e beb8973fb110498a9387049987fdb2a9 b5fab706a5854c878f6f17933e2647d1 - - 962da104e0de4d17b46b13014ad5ab31 962da104e0de4d17b46b13014ad5ab31] 162.253.55.186 "GET /v2.0/networks/3cb6b22b-4892-4f84-b05a-6dd986d17ea4?fields=segments HTTP/1.1" status: 200 len: 212 time: 0.0570865
2026-05-18 01:49:39.159 9 INFO neutron.wsgi [None req-037038ed-c5f6-4d96-a216-07825a76fc33 2e0bf81ffc104005bbfd0306974e2f0b ff340c3f0a1a469fa3a45ca9642e8551 - - default default] 162.253.55.186 "GET /v2.0/networks/ce3d7a57-2c0e-44ee-b282-dba4cb9ab019 HTTP/1.1" status: 200 len: 1001 time: 0.0537355
2026-05-18 01:49:39.172 10 INFO neutron.wsgi [req-c7bfc25d-6fc5-4af9-a38e-ec2c1105c232 req-e56950d5-a01f-4744-be11-8660d4bf420c beb8973fb110498a9387049987fdb2a9 b5fab706a5854c878f6f17933e2647d1 - - 962da104e0de4d17b46b13014ad5ab31 962da104e0de4d17b46b13014ad5ab31] 162.253.55.186 "GET /v2.0/networks/3cb6b22b-4892-4f84-b05a-6dd986d17ea4?fields=provider%3Aphysical_network&fields=provider%3Anetwork_type HTTP/1.1" status: 200 len: 277 time: 0.0637634
2026-05-18 01:49:39.190 9 INFO neutron.wsgi [None req-ddc3bb48-8623-4a7e-a344-0b153652063d 2e0bf81ffc104005bbfd0306974e2f0b ff340c3f0a1a469fa3a45ca9642e8551 - - default default] 162.253.55.186 "GET /v2.0/ports/77a50d89-1ebe-4e64-b82a-e4bb8011bfc1 HTTP/1.1" status: 200 len: 1340 time: 0.0253437
2026-05-18 01:49:39.221 9 INFO neutron.wsgi [None req-c4f49c2d-fc59-4da0-b152-74ca4456cc60 2e0bf81ffc104005bbfd0306974e2f0b ff340c3f0a1a469fa3a45ca9642e8551 - - default default] 162.253.55.186 "GET /v2.0/subnets/eedce41b-2563-4b9e-aa06-c09bf2546de9 HTTP/1.1" status: 200 len: 851 time: 0.0282207
2026-05-18 01:49:39.420 10 INFO neutron.wsgi [req-3270d110-f9e6-4fe4-8957-3a10abff5fdf req-62167e34-9281-4095-a7fd-ecc6980b3d78 beb8973fb110498a9387049987fdb2a9 b5fab706a5854c878f6f17933e2647d1 - - 962da104e0de4d17b46b13014ad5ab31 962da104e0de4d17b46b13014ad5ab31] 162.253.55.186 "GET /v2.0/ports?device_id=acea97eb-e83c-408e-bf57-61b517b186f0&fields=binding%3Ahost_id&fields=binding%3Avif_type HTTP/1.1" status: 200 len: 265 time: 0.0400844
2026-05-18 01:49:39.478 10 INFO neutron.wsgi [req-3270d110-f9e6-4fe4-8957-3a10abff5fdf req-27a71324-c26f-4c62-b561-7ac59aab49f1 beb8973fb110498a9387049987fdb2a9 b5fab706a5854c878f6f17933e2647d1 - - 962da104e0de4d17b46b13014ad5ab31 962da104e0de4d17b46b13014ad5ab31] 162.253.55.186 "GET /v2.0/ports?tenant_id=bef97cf5d9134e84a9f602d7b2b0528e&device_id=acea97eb-e83c-408e-bf57-61b517b186f0 HTTP/1.1" status: 200 len: 1642 time: 0.0417528
2026-05-18 01:49:39.575 10 INFO neutron.wsgi [req-3270d110-f9e6-4fe4-8957-3a10abff5fdf req-9e46052f-efef-4d70-8102-c190f9f0ee3a beb8973fb110498a9387049987fdb2a9 b5fab706a5854c878f6f17933e2647d1 - - 962da104e0de4d17b46b13014ad5ab31 962da104e0de4d17b46b13014ad5ab31] 162.253.55.186 "GET /v2.0/networks?id=3cb6b22b-4892-4f84-b05a-6dd986d17ea4 HTTP/1.1" status: 200 len: 1002 time: 0.0788114
2026-05-18 01:49:39.632 10 INFO neutron.wsgi [req-3270d110-f9e6-4fe4-8957-3a10abff5fdf req-1c1edd8c-e448-4828-a03d-442a7f3ab501 beb8973fb110498a9387049987fdb2a9 b5fab706a5854c878f6f17933e2647d1 - - 962da104e0de4d17b46b13014ad5ab31 962da104e0de4d17b46b13014ad5ab31] 162.253.55.186 "GET /v2.0/floatingips?fixed_ip_address=10.2.2.130&port_id=3bda97d3-0ade-4557-bb66-80191945783b HTTP/1.1" status: 200 len: 1059 time: 0.0496578
2026-05-18 01:49:39.671 10 INFO neutron.wsgi [req-3270d110-f9e6-4fe4-8957-3a10abff5fdf req-3260fced-a53a-4fde-868a-99f16f8670d3 beb8973fb110498a9387049987fdb2a9 b5fab706a5854c878f6f17933e2647d1 - - 962da104e0de4d17b46b13014ad5ab31 962da104e0de4d17b46b13014ad5ab31] 162.253.55.186 "GET /v2.0/floatingips?fixed_ip_address=fd77%3A1457%3A4cf0%3A26a8%3A%3A3cc&port_id=3bda97d3-0ade-4557-bb66-80191945783b HTTP/1.1" status: 200 len: 217 time: 0.0306959
2026-05-18 01:49:39.719 10 INFO neutron.wsgi [req-3270d110-f9e6-4fe4-8957-3a10abff5fdf req-55e255a4-e5b6-4be1-9d27-f783ee49b869 beb8973fb110498a9387049987fdb2a9 b5fab706a5854c878f6f17933e2647d1 - - 962da104e0de4d17b46b13014ad5ab31 962da104e0de4d17b46b13014ad5ab31] 162.253.55.186 "GET /v2.0/subnets?id=c2ea478f-e043-4166-8c3e-9f6e68664684&id=4eea1a15-3187-4fb0-904e-0399814dd7ef HTTP/1.1" status: 200 len: 1566 time: 0.0421479
2026-05-18 01:49:39.759 10 INFO neutron.wsgi [req-3270d110-f9e6-4fe4-8957-3a10abff5fdf req-435cc38b-a717-4363-b8fa-aaa77bb24b35 beb8973fb110498a9387049987fdb2a9 b5fab706a5854c878f6f17933e2647d1 - - 962da104e0de4d17b46b13014ad5ab31 962da104e0de4d17b46b13014ad5ab31] 162.253.55.186 "GET /v2.0/ports?network_id=3cb6b22b-4892-4f84-b05a-6dd986d17ea4&device_owner=network%3Adhcp HTTP/1.1" status: 200 len: 210 time: 0.0311294
2026-05-18 01:49:39.810 10 INFO neutron.wsgi [req-3270d110-f9e6-4fe4-8957-3a10abff5fdf req-91bd32d5-3723-4423-a41c-d78e0ea25d5c beb8973fb110498a9387049987fdb2a9 b5fab706a5854c878f6f17933e2647d1 - - 962da104e0de4d17b46b13014ad5ab31 962da104e0de4d17b46b13014ad5ab31] 162.253.55.186 "GET /v2.0/ports?network_id=3cb6b22b-4892-4f84-b05a-6dd986d17ea4&device_owner=network%3Adhcp HTTP/1.1" status: 200 len: 210 time: 0.0450261
2026-05-18 01:49:39.887 10 INFO neutron.wsgi [req-3270d110-f9e6-4fe4-8957-3a10abff5fdf req-5e9a0c8a-0c57-412f-bba8-002978d5046f beb8973fb110498a9387049987fdb2a9 b5fab706a5854c878f6f17933e2647d1 - - 962da104e0de4d17b46b13014ad5ab31 962da104e0de4d17b46b13014ad5ab31] 162.253.55.186 "GET /v2.0/networks/3cb6b22b-4892-4f84-b05a-6dd986d17ea4?fields=segments HTTP/1.1" status: 200 len: 212 time: 0.0701766
2026-05-18 01:49:39.949 10 INFO neutron.wsgi [req-3270d110-f9e6-4fe4-8957-3a10abff5fdf req-fb051652-08ff-409d-9899-29e0060429c6 beb8973fb110498a9387049987fdb2a9 b5fab706a5854c878f6f17933e2647d1 - - 962da104e0de4d17b46b13014ad5ab31 962da104e0de4d17b46b13014ad5ab31] 162.253.55.186 "GET /v2.0/networks/3cb6b22b-4892-4f84-b05a-6dd986d17ea4?fields=provider%3Aphysical_network&fields=provider%3Anetwork_type HTTP/1.1" status: 200 len: 277 time: 0.0580065
2026-05-18 01:49:42.824 9 INFO neutron.db.ovn_revision_numbers_db [None req-458ca90c-aae6-4c46-a3b3-b5ad23d1f0bc 613ad5380adf4daa816f3ee2cbe5d5bf 526044672a34425a89794ac1ceee65e5 - - default default] Successfully bumped revision number for resource 781cb37d-3d65-42dc-a91b-4686dd240b72 (type: security_groups) to 1
2026-05-18 01:49:42.845 9 INFO neutron.db.ovn_revision_numbers_db [None req-458ca90c-aae6-4c46-a3b3-b5ad23d1f0bc 613ad5380adf4daa816f3ee2cbe5d5bf 526044672a34425a89794ac1ceee65e5 - - default default] Successfully bumped revision number for resource 192c3de4-e2f2-495c-9f8b-43c561c94bc5 (type: security_group_rules) to 0
2026-05-18 01:49:42.861 9 INFO neutron.db.ovn_revision_numbers_db [None req-458ca90c-aae6-4c46-a3b3-b5ad23d1f0bc 613ad5380adf4daa816f3ee2cbe5d5bf 526044672a34425a89794ac1ceee65e5 - - default default] Successfully bumped revision number for resource 34e5bb2a-5728-456f-abfd-c32dc5968c8b (type: security_group_rules) to 0
2026-05-18 01:49:42.873 9 INFO neutron.db.ovn_revision_numbers_db [None req-458ca90c-aae6-4c46-a3b3-b5ad23d1f0bc 613ad5380adf4daa816f3ee2cbe5d5bf 526044672a34425a89794ac1ceee65e5 - - default default] Successfully bumped revision number for resource 89ce32c1-45cc-4f81-9f83-a2ad46c8b8c4 (type: security_group_rules) to 0
2026-05-18 01:49:42.885 9 INFO neutron.db.ovn_revision_numbers_db [None req-458ca90c-aae6-4c46-a3b3-b5ad23d1f0bc 613ad5380adf4daa816f3ee2cbe5d5bf 526044672a34425a89794ac1ceee65e5 - - default default] Successfully bumped revision number for resource de143ad2-a2d2-4375-a78f-de1e86df0d85 (type: security_group_rules) to 0
2026-05-18 01:49:42.943 9 INFO neutron.db.segments_db [None req-458ca90c-aae6-4c46-a3b3-b5ad23d1f0bc 613ad5380adf4daa816f3ee2cbe5d5bf 526044672a34425a89794ac1ceee65e5 - - default default] Added segment a936721a-509e-40dd-9541-54c173e3b26d of type geneve for network 943c66d1-202a-473e-854b-0b4cf3064178
2026-05-18 01:49:43.379 9 INFO neutron.db.ovn_revision_numbers_db [None req-458ca90c-aae6-4c46-a3b3-b5ad23d1f0bc 613ad5380adf4daa816f3ee2cbe5d5bf 526044672a34425a89794ac1ceee65e5 - - default default] Successfully bumped revision number for resource 943c66d1-202a-473e-854b-0b4cf3064178 (type: networks) to 1
2026-05-18 01:49:43.582 9 WARNING neutron.scheduler.dhcp_agent_scheduler [None req-458ca90c-aae6-4c46-a3b3-b5ad23d1f0bc 613ad5380adf4daa816f3ee2cbe5d5bf 526044672a34425a89794ac1ceee65e5 - - default default] No more DHCP agents
2026-05-18 01:49:43.585 9 WARNING neutron.api.rpc.agentnotifiers.dhcp_rpc_agent_api [None req-458ca90c-aae6-4c46-a3b3-b5ad23d1f0bc 613ad5380adf4daa816f3ee2cbe5d5bf 526044672a34425a89794ac1ceee65e5 - - default default] Unable to schedule network 943c66d1-202a-473e-854b-0b4cf3064178: no agents available; will retry on subsequent port and subnet creation events.
2026-05-18 01:49:43.671 9 INFO neutron.db.ovn_revision_numbers_db [None req-458ca90c-aae6-4c46-a3b3-b5ad23d1f0bc 613ad5380adf4daa816f3ee2cbe5d5bf 526044672a34425a89794ac1ceee65e5 - - default default] Successfully bumped revision number for resource 772a0383-9301-4ac8-a358-80c61c83612e (type: ports) to 1
2026-05-18 01:49:43.691 9 INFO neutron.wsgi [None req-458ca90c-aae6-4c46-a3b3-b5ad23d1f0bc 613ad5380adf4daa816f3ee2cbe5d5bf 526044672a34425a89794ac1ceee65e5 - - default default] 10.0.0.109 "POST /v2.0/networks HTTP/1.1" status: 201 len: 831 time: 1.1742976
2026-05-18 01:49:43.948 9 WARNING neutron.scheduler.dhcp_agent_scheduler [None req-a53e822c-e2bc-486c-a088-38793841fb4d 613ad5380adf4daa816f3ee2cbe5d5bf 526044672a34425a89794ac1ceee65e5 - - default default] No more DHCP agents
2026-05-18 01:49:43.951 9 WARNING neutron.api.rpc.agentnotifiers.dhcp_rpc_agent_api [None req-a53e822c-e2bc-486c-a088-38793841fb4d 613ad5380adf4daa816f3ee2cbe5d5bf 526044672a34425a89794ac1ceee65e5 - - default default] Unable to schedule network 943c66d1-202a-473e-854b-0b4cf3064178: no agents available; will retry on subsequent port and subnet creation events.
2026-05-18 01:49:44.037 9 INFO neutron.db.ovn_revision_numbers_db [None req-a53e822c-e2bc-486c-a088-38793841fb4d 613ad5380adf4daa816f3ee2cbe5d5bf 526044672a34425a89794ac1ceee65e5 - - default default] Successfully bumped revision number for resource eb081d09-d830-4fb1-ae8b-e28447a0906c (type: ports) to 1
2026-05-18 01:49:44.060 9 INFO neutron.wsgi [None req-a53e822c-e2bc-486c-a088-38793841fb4d 613ad5380adf4daa816f3ee2cbe5d5bf 526044672a34425a89794ac1ceee65e5 - - default default] 10.0.0.109 "POST /v2.0/ports HTTP/1.1" status: 201 len: 942 time: 0.3617883 /var/lib/openstack/lib/python3.10/site-packages/pycadf/identifier.py:71: UserWarning: Invalid uuid: neutron. To ensure interoperability, identifiers should be a valid uuid. warnings.warn(('Invalid uuid: %s. To ensure interoperability, '
2026-05-18 01:49:44.283 9 INFO neutron.wsgi [None req-8e62e369-a34b-4be7-90de-6795035c0925 613ad5380adf4daa816f3ee2cbe5d5bf 526044672a34425a89794ac1ceee65e5 - - default default] 10.0.0.109 "POST /v2.0/trunks HTTP/1.1" status: 201 len: 608 time: 0.2170343
2026-05-18 01:49:44.371 9 INFO neutron.db.segments_db [None req-2b99c33a-1f3b-4cac-b3a5-5c273c167c73 613ad5380adf4daa816f3ee2cbe5d5bf 526044672a34425a89794ac1ceee65e5 - - default default] Added segment ed763822-0943-4e8a-8d02-427361f08c65 of type geneve for network e00a2d5a-da86-49ba-9825-e0d0b4c55c9d
2026-05-18 01:49:44.515 9 INFO neutron.db.ovn_revision_numbers_db [None req-2b99c33a-1f3b-4cac-b3a5-5c273c167c73 613ad5380adf4daa816f3ee2cbe5d5bf 526044672a34425a89794ac1ceee65e5 - - default default] Successfully bumped revision number for resource e00a2d5a-da86-49ba-9825-e0d0b4c55c9d (type: networks) to 1
2026-05-18 01:49:44.710 9 WARNING neutron.scheduler.dhcp_agent_scheduler [None req-2b99c33a-1f3b-4cac-b3a5-5c273c167c73 613ad5380adf4daa816f3ee2cbe5d5bf 526044672a34425a89794ac1ceee65e5 - - default default] No more DHCP agents
2026-05-18 01:49:44.713 9 WARNING neutron.api.rpc.agentnotifiers.dhcp_rpc_agent_api [None req-2b99c33a-1f3b-4cac-b3a5-5c273c167c73 613ad5380adf4daa816f3ee2cbe5d5bf 526044672a34425a89794ac1ceee65e5 - - default default] Unable to schedule network e00a2d5a-da86-49ba-9825-e0d0b4c55c9d: no agents available; will retry on subsequent port and subnet creation events.
2026-05-18 01:49:44.814 9 INFO neutron.db.ovn_revision_numbers_db [None req-2b99c33a-1f3b-4cac-b3a5-5c273c167c73 613ad5380adf4daa816f3ee2cbe5d5bf 526044672a34425a89794ac1ceee65e5 - - default default] Successfully bumped revision number for resource 6b4e35d5-488f-421d-a8d9-7974c3846a27 (type: ports) to 1
2026-05-18 01:49:44.841 9 INFO neutron.wsgi [None req-2b99c33a-1f3b-4cac-b3a5-5c273c167c73 613ad5380adf4daa816f3ee2cbe5d5bf 526044672a34425a89794ac1ceee65e5 - - default default] 10.0.0.109 "POST /v2.0/networks HTTP/1.1" status: 201 len: 831 time: 0.5510852
2026-05-18 01:49:45.102 9 WARNING neutron.scheduler.dhcp_agent_scheduler [None req-bed661e4-d681-47fe-a384-cdaf43e365dc 613ad5380adf4daa816f3ee2cbe5d5bf 526044672a34425a89794ac1ceee65e5 - - default default] No more DHCP agents
2026-05-18 01:49:45.104 9 WARNING neutron.api.rpc.agentnotifiers.dhcp_rpc_agent_api [None req-bed661e4-d681-47fe-a384-cdaf43e365dc 613ad5380adf4daa816f3ee2cbe5d5bf 526044672a34425a89794ac1ceee65e5 - - default default] Unable to schedule network e00a2d5a-da86-49ba-9825-e0d0b4c55c9d: no agents available; will retry on subsequent port and subnet creation events.
2026-05-18 01:49:45.182 9 INFO neutron.db.ovn_revision_numbers_db [None req-bed661e4-d681-47fe-a384-cdaf43e365dc 613ad5380adf4daa816f3ee2cbe5d5bf 526044672a34425a89794ac1ceee65e5 - - default default] Successfully bumped revision number for resource 4defad93-51ba-4f53-9ee4-ea3dcc5d9161 (type: ports) to 1
2026-05-18 01:49:45.205 9 INFO neutron.wsgi [None req-bed661e4-d681-47fe-a384-cdaf43e365dc 613ad5380adf4daa816f3ee2cbe5d5bf 526044672a34425a89794ac1ceee65e5 - - default default] 10.0.0.109 "POST /v2.0/ports HTTP/1.1" status: 201 len: 942 time: 0.3589063 /var/lib/openstack/lib/python3.10/site-packages/pycadf/identifier.py:71: UserWarning: Invalid uuid: neutron. To ensure interoperability, identifiers should be a valid uuid. warnings.warn(('Invalid uuid: %s. To ensure interoperability, '
2026-05-18 01:49:45.403 9 INFO neutron.wsgi [None req-cac9bbbe-d66f-49c3-b48d-0b9d2f3af8eb 613ad5380adf4daa816f3ee2cbe5d5bf 526044672a34425a89794ac1ceee65e5 - - default default] 10.0.0.109 "POST /v2.0/trunks HTTP/1.1" status: 201 len: 608 time: 0.1917629
2026-05-18 01:49:45.501 9 INFO neutron.db.segments_db [None req-78385316-94db-40a7-bdb9-9acf6c5996a8 613ad5380adf4daa816f3ee2cbe5d5bf 526044672a34425a89794ac1ceee65e5 - - default default] Added segment d912d332-e063-41b5-b20c-1b01f80cd367 of type geneve for network 41784e09-1836-4b54-bdfa-d89c413143c3
2026-05-18 01:49:45.663 9 INFO neutron.db.ovn_revision_numbers_db [None req-78385316-94db-40a7-bdb9-9acf6c5996a8 613ad5380adf4daa816f3ee2cbe5d5bf 526044672a34425a89794ac1ceee65e5 - - default default] Successfully bumped revision number for resource 41784e09-1836-4b54-bdfa-d89c413143c3 (type: networks) to 1
2026-05-18 01:49:45.833 9 WARNING neutron.scheduler.dhcp_agent_scheduler [None req-78385316-94db-40a7-bdb9-9acf6c5996a8 613ad5380adf4daa816f3ee2cbe5d5bf 526044672a34425a89794ac1ceee65e5 - - default default] No more DHCP agents
2026-05-18 01:49:45.836 9 WARNING neutron.api.rpc.agentnotifiers.dhcp_rpc_agent_api [None req-78385316-94db-40a7-bdb9-9acf6c5996a8 613ad5380adf4daa816f3ee2cbe5d5bf 526044672a34425a89794ac1ceee65e5 - - default default] Unable to schedule network 41784e09-1836-4b54-bdfa-d89c413143c3: no agents available; will retry on subsequent port and subnet creation events.
2026-05-18 01:49:45.909 9 INFO neutron.db.ovn_revision_numbers_db [None req-78385316-94db-40a7-bdb9-9acf6c5996a8 613ad5380adf4daa816f3ee2cbe5d5bf 526044672a34425a89794ac1ceee65e5 - - default default] Successfully bumped revision number for resource ec113492-415d-45ad-b050-2812f492228e (type: ports) to 1
2026-05-18 01:49:45.927 9 INFO neutron.wsgi [None req-78385316-94db-40a7-bdb9-9acf6c5996a8 613ad5380adf4daa816f3ee2cbe5d5bf 526044672a34425a89794ac1ceee65e5 - - default default] 10.0.0.109 "POST /v2.0/networks HTTP/1.1" status: 201 len: 830 time: 0.5185115
2026-05-18 01:49:46.133 9 WARNING neutron.scheduler.dhcp_agent_scheduler [None req-d9e517dc-b4f3-48c0-8e50-261b3b043892 613ad5380adf4daa816f3ee2cbe5d5bf 526044672a34425a89794ac1ceee65e5 - - default default] No more DHCP agents
2026-05-18 01:49:46.136 9 WARNING neutron.api.rpc.agentnotifiers.dhcp_rpc_agent_api [None req-d9e517dc-b4f3-48c0-8e50-261b3b043892 613ad5380adf4daa816f3ee2cbe5d5bf 526044672a34425a89794ac1ceee65e5 - - default default] Unable to schedule network 41784e09-1836-4b54-bdfa-d89c413143c3: no agents available; will retry on subsequent port and subnet creation events.
2026-05-18 01:49:46.237 9 INFO neutron.db.ovn_revision_numbers_db [None req-d9e517dc-b4f3-48c0-8e50-261b3b043892 613ad5380adf4daa816f3ee2cbe5d5bf 526044672a34425a89794ac1ceee65e5 - - default default] Successfully bumped revision number for resource e6d3f96c-6b4b-4102-abbe-1cf438f707f8 (type: ports) to 1
2026-05-18 01:49:46.261 9 INFO neutron.wsgi [None req-d9e517dc-b4f3-48c0-8e50-261b3b043892 613ad5380adf4daa816f3ee2cbe5d5bf 526044672a34425a89794ac1ceee65e5 - - default default] 10.0.0.109 "POST /v2.0/ports HTTP/1.1" status: 201 len: 942 time: 0.3287289 /var/lib/openstack/lib/python3.10/site-packages/pycadf/identifier.py:71: UserWarning: Invalid uuid: neutron. To ensure interoperability, identifiers should be a valid uuid. warnings.warn(('Invalid uuid: %s. To ensure interoperability, '
2026-05-18 01:49:46.454 9 INFO neutron.wsgi [None req-5034ebbe-ac94-43be-a6d3-110129cf62ac 613ad5380adf4daa816f3ee2cbe5d5bf 526044672a34425a89794ac1ceee65e5 - - default default] 10.0.0.109 "POST /v2.0/trunks HTTP/1.1" status: 201 len: 608 time: 0.1861215
2026-05-18 01:49:46.542 9 INFO neutron.db.segments_db [None req-30bdeb5d-4b26-49e3-abc8-2456aff255f3 613ad5380adf4daa816f3ee2cbe5d5bf 526044672a34425a89794ac1ceee65e5 - - default default] Added segment 4d2d0ab3-6d81-4d45-abd1-19533b1403d2 of type geneve for network 96a6361a-025e-4469-a90f-32cd520e87e6
2026-05-18 01:49:46.679 9 INFO neutron.db.ovn_revision_numbers_db [None req-30bdeb5d-4b26-49e3-abc8-2456aff255f3 613ad5380adf4daa816f3ee2cbe5d5bf 526044672a34425a89794ac1ceee65e5 - - default default] Successfully bumped revision number for resource 96a6361a-025e-4469-a90f-32cd520e87e6 (type: networks) to 1
2026-05-18 01:49:46.852 9 WARNING neutron.scheduler.dhcp_agent_scheduler [None req-30bdeb5d-4b26-49e3-abc8-2456aff255f3 613ad5380adf4daa816f3ee2cbe5d5bf 526044672a34425a89794ac1ceee65e5 - - default default] No more DHCP agents
2026-05-18 01:49:46.854 9 WARNING neutron.api.rpc.agentnotifiers.dhcp_rpc_agent_api [None req-30bdeb5d-4b26-49e3-abc8-2456aff255f3 613ad5380adf4daa816f3ee2cbe5d5bf 526044672a34425a89794ac1ceee65e5 - - default default] Unable to schedule network 96a6361a-025e-4469-a90f-32cd520e87e6: no agents available; will retry on subsequent port and subnet creation events.
2026-05-18 01:49:46.920 9 INFO neutron.db.ovn_revision_numbers_db [None req-30bdeb5d-4b26-49e3-abc8-2456aff255f3 613ad5380adf4daa816f3ee2cbe5d5bf 526044672a34425a89794ac1ceee65e5 - - default default] Successfully bumped revision number for resource a94b2e7f-68c6-4b99-ba0b-dd9d54799166 (type: ports) to 1
2026-05-18 01:49:46.940 9 INFO neutron.wsgi [None req-30bdeb5d-4b26-49e3-abc8-2456aff255f3 613ad5380adf4daa816f3ee2cbe5d5bf 526044672a34425a89794ac1ceee65e5 - - default default] 10.0.0.109 "POST /v2.0/networks HTTP/1.1" status: 201 len: 830 time: 0.4811106
2026-05-18 01:49:47.180 9 WARNING neutron.scheduler.dhcp_agent_scheduler [None req-d16e5dc5-5cb4-45f6-8f2a-1d449426eff9 613ad5380adf4daa816f3ee2cbe5d5bf 526044672a34425a89794ac1ceee65e5 - - default default] No more DHCP agents
2026-05-18 01:49:47.182 9 WARNING neutron.api.rpc.agentnotifiers.dhcp_rpc_agent_api [None req-d16e5dc5-5cb4-45f6-8f2a-1d449426eff9 613ad5380adf4daa816f3ee2cbe5d5bf 526044672a34425a89794ac1ceee65e5 - - default default] Unable to schedule network 96a6361a-025e-4469-a90f-32cd520e87e6: no agents available; will retry on subsequent port and subnet creation events.
2026-05-18 01:49:47.266 9 INFO neutron.db.ovn_revision_numbers_db [None req-d16e5dc5-5cb4-45f6-8f2a-1d449426eff9 613ad5380adf4daa816f3ee2cbe5d5bf 526044672a34425a89794ac1ceee65e5 - - default default] Successfully bumped revision number for resource 419e3d90-d7a2-4e10-92c9-e3c18e579a97 (type: ports) to 1
2026-05-18 01:49:47.288 9 INFO neutron.wsgi [None req-d16e5dc5-5cb4-45f6-8f2a-1d449426eff9 613ad5380adf4daa816f3ee2cbe5d5bf 526044672a34425a89794ac1ceee65e5 - - default default] 10.0.0.109 "POST /v2.0/ports HTTP/1.1" status: 201 len: 942 time: 0.3429732 /var/lib/openstack/lib/python3.10/site-packages/pycadf/identifier.py:71: UserWarning: Invalid uuid: neutron. To ensure interoperability, identifiers should be a valid uuid. warnings.warn(('Invalid uuid: %s. To ensure interoperability, '
2026-05-18 01:49:47.476 9 INFO neutron.wsgi [None req-5bb45c91-9cce-4340-9a2b-77c2a45d56ba 613ad5380adf4daa816f3ee2cbe5d5bf 526044672a34425a89794ac1ceee65e5 - - default default] 10.0.0.109 "POST /v2.0/trunks HTTP/1.1" status: 201 len: 608 time: 0.1833291
2026-05-18 01:49:47.569 9 INFO neutron.db.segments_db [None req-33236809-5b6d-42a2-9fe6-5050489e5efe 613ad5380adf4daa816f3ee2cbe5d5bf 526044672a34425a89794ac1ceee65e5 - - default default] Added segment 3499c033-e158-4598-91b2-33907e7a8355 of type geneve for network 6738aeed-cae6-4698-b281-d42adccd06ff
2026-05-18 01:49:47.717 9 INFO neutron.db.ovn_revision_numbers_db [None req-33236809-5b6d-42a2-9fe6-5050489e5efe 613ad5380adf4daa816f3ee2cbe5d5bf 526044672a34425a89794ac1ceee65e5 - - default default] Successfully bumped revision number for resource 6738aeed-cae6-4698-b281-d42adccd06ff (type: networks) to 1
2026-05-18 01:49:48.101 9 WARNING neutron.scheduler.dhcp_agent_scheduler [None req-33236809-5b6d-42a2-9fe6-5050489e5efe 613ad5380adf4daa816f3ee2cbe5d5bf 526044672a34425a89794ac1ceee65e5 - - default default] No more DHCP agents
2026-05-18 01:49:48.103 9 WARNING neutron.api.rpc.agentnotifiers.dhcp_rpc_agent_api [None req-33236809-5b6d-42a2-9fe6-5050489e5efe 613ad5380adf4daa816f3ee2cbe5d5bf 526044672a34425a89794ac1ceee65e5 - - default default] Unable to schedule network 6738aeed-cae6-4698-b281-d42adccd06ff: no agents available; will retry on subsequent port and subnet creation events.
2026-05-18 01:49:48.195 9 INFO neutron.db.ovn_revision_numbers_db [None req-33236809-5b6d-42a2-9fe6-5050489e5efe 613ad5380adf4daa816f3ee2cbe5d5bf 526044672a34425a89794ac1ceee65e5 - - default default] Successfully bumped revision number for resource c5422e9a-2270-4a1c-9667-e024f0ea7c44 (type: ports) to 1
2026-05-18 01:49:48.218 9 INFO neutron.wsgi [None req-33236809-5b6d-42a2-9fe6-5050489e5efe 613ad5380adf4daa816f3ee2cbe5d5bf 526044672a34425a89794ac1ceee65e5 - - default default] 10.0.0.109 "POST /v2.0/networks HTTP/1.1" status: 201 len: 830 time: 0.7365391
2026-05-18 01:49:48.478 9 WARNING neutron.scheduler.dhcp_agent_scheduler [None req-646d5651-4c5d-493c-98cd-c7edfa4c26af 613ad5380adf4daa816f3ee2cbe5d5bf 526044672a34425a89794ac1ceee65e5 - - default default] No more DHCP agents
2026-05-18 01:49:48.481 9 WARNING neutron.api.rpc.agentnotifiers.dhcp_rpc_agent_api [None req-646d5651-4c5d-493c-98cd-c7edfa4c26af 613ad5380adf4daa816f3ee2cbe5d5bf 526044672a34425a89794ac1ceee65e5 - - default default] Unable to schedule network 6738aeed-cae6-4698-b281-d42adccd06ff: no agents available; will retry on subsequent port and subnet creation events.
2026-05-18 01:49:48.577 9 INFO neutron.db.ovn_revision_numbers_db [None req-646d5651-4c5d-493c-98cd-c7edfa4c26af 613ad5380adf4daa816f3ee2cbe5d5bf 526044672a34425a89794ac1ceee65e5 - - default default] Successfully bumped revision number for resource 196113f2-cfdc-43f2-a645-64c887b51a96 (type: ports) to 1
2026-05-18 01:49:48.581 10 INFO neutron.wsgi [None req-3019d3f6-7c63-4843-8475-e32d32591551 2e0bf81ffc104005bbfd0306974e2f0b ff340c3f0a1a469fa3a45ca9642e8551 - - default default] 162.253.55.186 "GET /v2.0/extensions/security-group HTTP/1.1" status: 200 len: 369 time: 0.0071959
2026-05-18 01:49:48.592 10 INFO neutron.wsgi [None req-4cebf1de-2465-466a-818c-173ef80b3dd7 2e0bf81ffc104005bbfd0306974e2f0b ff340c3f0a1a469fa3a45ca9642e8551 - - default default] 162.253.55.186 "GET /v2.0/extensions/dns-integration HTTP/1.1" status: 200 len: 371 time: 0.0056510
2026-05-18 01:49:48.601 9 INFO neutron.wsgi [None req-646d5651-4c5d-493c-98cd-c7edfa4c26af 613ad5380adf4daa816f3ee2cbe5d5bf 526044672a34425a89794ac1ceee65e5 - - default default] 10.0.0.109 "POST /v2.0/ports HTTP/1.1" status: 201 len: 942 time: 0.3771722
2026-05-18 01:49:48.602 10 INFO neutron.wsgi [None req-ed0e8dfa-c581-4ef9-a0ff-5bf2555ad680 2e0bf81ffc104005bbfd0306974e2f0b ff340c3f0a1a469fa3a45ca9642e8551 - - default default] 162.253.55.186 "GET /v2.0/extensions/qos HTTP/1.1" status: 200 len: 365 time: 0.0047734 /var/lib/openstack/lib/python3.10/site-packages/pycadf/identifier.py:71: UserWarning: Invalid uuid: neutron. To ensure interoperability, identifiers should be a valid uuid. warnings.warn(('Invalid uuid: %s. To ensure interoperability, '
2026-05-18 01:49:48.610 10 INFO neutron.wsgi [None req-46a95186-43d9-456a-8f18-6997ddf2602e 2e0bf81ffc104005bbfd0306974e2f0b ff340c3f0a1a469fa3a45ca9642e8551 - - default default] 162.253.55.186 "GET /v2.0/extensions/allowed-address-pairs HTTP/1.1" status: 200 len: 383 time: 0.0040553
2026-05-18 01:49:48.647 10 INFO neutron.wsgi [None req-b0354f3e-6044-4116-a1cf-fa5172450f71 2e0bf81ffc104005bbfd0306974e2f0b ff340c3f0a1a469fa3a45ca9642e8551 - - default default] 162.253.55.186 "GET /v2.0/subnets/486f0adb-6728-4c53-9589-235f34b46a9b HTTP/1.1" status: 200 len: 849 time: 0.0311997
2026-05-18 01:49:48.689 10 INFO neutron.wsgi [None req-9a6239e9-4daf-4b73-bb0e-becc64125b0f 2e0bf81ffc104005bbfd0306974e2f0b ff340c3f0a1a469fa3a45ca9642e8551 - - default default] 162.253.55.186 "GET /v2.0/ports?device_id=cd311f88-ce8d-4d8e-a917-a4aa221c2e16 HTTP/1.1" status: 200 len: 5116 time: 0.0343645
2026-05-18 01:49:48.809 9 INFO neutron.wsgi [None req-9b14ebd1-09b5-49ef-8afd-55f00f1842c7 613ad5380adf4daa816f3ee2cbe5d5bf 526044672a34425a89794ac1ceee65e5 - - default default] 10.0.0.109 "POST /v2.0/trunks HTTP/1.1" status: 201 len: 608 time: 0.2025075
2026-05-18 01:49:48.831 10 INFO neutron.wsgi [None req-a8547c1b-a761-40ae-a161-90d8f49226f9 2e0bf81ffc104005bbfd0306974e2f0b ff340c3f0a1a469fa3a45ca9642e8551 - - default default] 162.253.55.186 "GET /v2.0/extensions/security-group HTTP/1.1" status: 200 len: 369 time: 0.0073345
2026-05-18 01:49:48.838 9 INFO neutron.wsgi [None req-f3ab59c5-c75d-4d77-96e9-be5a79bd54f2 613ad5380adf4daa816f3ee2cbe5d5bf 526044672a34425a89794ac1ceee65e5 - - default default] 10.0.0.109 "PUT /v2.0/trunks/5f752f76-1efc-44a2-b86c-7e272a17fed4/tags HTTP/1.1" status: 200 len: 210 time: 0.0241966
2026-05-18 01:49:48.841 10 INFO neutron.wsgi [None req-06251fd2-d4c3-425e-9573-05a94d5816fe 2e0bf81ffc104005bbfd0306974e2f0b ff340c3f0a1a469fa3a45ca9642e8551 - - default default] 162.253.55.186 "GET /v2.0/extensions/dns-integration HTTP/1.1" status: 200 len: 371 time: 0.0042527
2026-05-18 01:49:48.849 10 INFO neutron.wsgi [None req-6477bbba-1012-4c65-873e-9c4a8240ab1d 2e0bf81ffc104005bbfd0306974e2f0b ff340c3f0a1a469fa3a45ca9642e8551 - - default default] 162.253.55.186 "GET /v2.0/extensions/qos HTTP/1.1" status: 200 len: 365 time: 0.0042009
2026-05-18 01:49:48.858 10 INFO neutron.wsgi [None req-8299f2d1-9dea-45cb-bd62-d8c936f26425 2e0bf81ffc104005bbfd0306974e2f0b ff340c3f0a1a469fa3a45ca9642e8551 - - default default] 162.253.55.186 "GET /v2.0/extensions/allowed-address-pairs HTTP/1.1" status: 200 len: 383 time: 0.0046389
2026-05-18 01:49:48.868 9 INFO neutron.wsgi [None req-e3fa7a87-db13-4e5e-8a94-bc48d30242d9 613ad5380adf4daa816f3ee2cbe5d5bf 526044672a34425a89794ac1ceee65e5 - - default default] 10.0.0.109 "PUT /v2.0/trunks/3dba17e0-a0f6-40a7-92e3-ac5083aef3a9/tags HTTP/1.1" status: 200 len: 218 time: 0.0253577
2026-05-18 01:49:48.891 10 INFO neutron.wsgi [None req-a040f2af-10d5-4d96-9a14-5078b500faff 2e0bf81ffc104005bbfd0306974e2f0b ff340c3f0a1a469fa3a45ca9642e8551 - - default default] 162.253.55.186 "GET /v2.0/ports/0bcd81d2-49b4-44c2-8b0b-2e41bb8a48f9 HTTP/1.1" status: 200 len: 1402 time: 0.0278978
2026-05-18 01:49:48.898 9 INFO neutron.wsgi [None req-8b8d774d-4c9d-4ca6-a09e-d24a8a903e9a 613ad5380adf4daa816f3ee2cbe5d5bf 526044672a34425a89794ac1ceee65e5 - - default default] 10.0.0.109 "PUT /v2.0/trunks/193aadff-3e2b-4725-9696-c770e054db46/tags HTTP/1.1" status: 200 len: 227 time: 0.0271468
2026-05-18 01:49:48.925 9 INFO neutron.wsgi [None req-711f393f-59ee-44d2-bd73-e53765358daa 613ad5380adf4daa816f3ee2cbe5d5bf 526044672a34425a89794ac1ceee65e5 - - default default] 10.0.0.109 "PUT /v2.0/trunks/020c4cbc-bb87-4fdc-a3de-4da20819929e/tags HTTP/1.1" status: 200 len: 212 time: 0.0219138
2026-05-18 01:49:48.948 9 INFO neutron.wsgi [-] 10.0.0.69 "GET / HTTP/1.1" status: 200 len: 247 time: 0.0014155
2026-05-18 01:49:48.950 10 INFO neutron.wsgi [-] 10.0.0.69 "GET / HTTP/1.1" status: 200 len: 247 time: 0.0035708
2026-05-18 01:49:48.953 9 INFO neutron.wsgi [None req-ff5629b7-6735-43ab-a896-1109fdb21614 613ad5380adf4daa816f3ee2cbe5d5bf 526044672a34425a89794ac1ceee65e5 - - default default] 10.0.0.109 "GET /v2.0/trunks?tags=red HTTP/1.1" status: 200 len: 1447 time: 0.0221334
2026-05-18 01:49:48.980 9 INFO neutron.wsgi [None req-9fd52f74-4136-4415-8e12-6969ad530be3 613ad5380adf4daa816f3ee2cbe5d5bf 526044672a34425a89794ac1ceee65e5 - - default default] 10.0.0.109 "GET /v2.0/trunks?tags=red%2Cblue HTTP/1.1" status: 200 len: 1041 time: 0.0222113
2026-05-18 01:49:49.003 9 INFO neutron.wsgi [None req-1f495928-914b-44d7-aa6a-cff9490a45ab 613ad5380adf4daa816f3ee2cbe5d5bf 526044672a34425a89794ac1ceee65e5 - - default default] 10.0.0.109 "GET /v2.0/trunks?tags-any=blue HTTP/1.1" status: 200 len: 1041 time: 0.0179873
2026-05-18 01:49:49.024 9 INFO neutron.wsgi [None req-f713e7ab-b883-427e-822b-7bb554d03c1f 613ad5380adf4daa816f3ee2cbe5d5bf 526044672a34425a89794ac1ceee65e5 - - default default] 10.0.0.109 "GET /v2.0/trunks?tags-any=red%2Cblue HTTP/1.1" status: 200 len: 1447 time: 0.0167985
2026-05-18 01:49:49.047 9 INFO neutron.wsgi [None req-cddef346-a17b-4597-b174-dcd86b87e3ea 613ad5380adf4daa816f3ee2cbe5d5bf 526044672a34425a89794ac1ceee65e5 - - default default] 10.0.0.109 "GET /v2.0/trunks?not-tags=red HTTP/1.1" status: 200 len: 1013 time: 0.0184665
2026-05-18 01:49:49.073 9 INFO neutron.wsgi [None req-6e185ad1-784b-46b6-abe4-28c865c09502 613ad5380adf4daa816f3ee2cbe5d5bf 526044672a34425a89794ac1ceee65e5 - - default default] 10.0.0.109 "GET /v2.0/trunks?not-tags=red%2Cblue HTTP/1.1" status: 200 len: 1419 time: 0.0210626
2026-05-18 01:49:49.097 9 INFO neutron.wsgi [None req-2894b021-6631-44ad-b3fb-9368e336be86 613ad5380adf4daa816f3ee2cbe5d5bf 526044672a34425a89794ac1ceee65e5 - - default default] 10.0.0.109 "GET /v2.0/trunks?not-tags-any=blue HTTP/1.1" status: 200 len: 1419 time: 0.0188310
2026-05-18 01:49:49.123 9 INFO neutron.wsgi [None req-259defd5-8e58-4464-8788-7f4ae1ca9575 613ad5380adf4daa816f3ee2cbe5d5bf 526044672a34425a89794ac1ceee65e5 - - default default] 10.0.0.109 "GET /v2.0/trunks?not-tags-any=red%2Cblue HTTP/1.1" status: 200 len: 1013 time: 0.0185995
2026-05-18 01:49:49.146 9 INFO neutron.wsgi [None req-0501efaf-28f9-4739-877b-afc88312663d 613ad5380adf4daa816f3ee2cbe5d5bf 526044672a34425a89794ac1ceee65e5 - - default default] 10.0.0.109 "GET /v2.0/trunks/5f752f76-1efc-44a2-b86c-7e272a17fed4 HTTP/1.1" status: 200 len: 608 time: 0.0163517
2026-05-18 01:49:49.249 9 INFO neutron.wsgi [None req-8dd769b7-505d-4559-ba2d-f906a1ac5f47 613ad5380adf4daa816f3ee2cbe5d5bf 526044672a34425a89794ac1ceee65e5 - - default default] 10.0.0.109 "GET /v2.0/ports/eb081d09-d830-4fb1-ae8b-e28447a0906c HTTP/1.1" status: 200 len: 1020 time: 0.0976019
2026-05-18 01:49:49.266 10 INFO neutron.db.ovn_revision_numbers_db [None req-0d8c2cef-d512-41a0-b54b-928a0d49bd76 2e0bf81ffc104005bbfd0306974e2f0b ff340c3f0a1a469fa3a45ca9642e8551 - - default default] Successfully bumped revision number for resource 0bcd81d2-49b4-44c2-8b0b-2e41bb8a48f9 (type: ports) to 6
2026-05-18 01:49:49.275 10 INFO neutron.wsgi [None req-0d8c2cef-d512-41a0-b54b-928a0d49bd76 2e0bf81ffc104005bbfd0306974e2f0b ff340c3f0a1a469fa3a45ca9642e8551 - - default default] 162.253.55.186 "PUT /v2.0/ports/0bcd81d2-49b4-44c2-8b0b-2e41bb8a48f9 HTTP/1.1" status: 200 len: 1203 time: 0.3763247 /var/lib/openstack/lib/python3.10/site-packages/pycadf/identifier.py:71: UserWarning: Invalid uuid: neutron. To ensure interoperability, identifiers should be a valid uuid. warnings.warn(('Invalid uuid: %s. To ensure interoperability, '
2026-05-18 01:49:49.318 10 INFO neutron.notifiers.nova [-] Nova event matching ['req-28a786b4-d0cc-47e8-99f1-82b6b570026c'] response: {'name': 'network-changed', 'server_uuid': 'cd311f88-ce8d-4d8e-a917-a4aa221c2e16', 'tag': '0bcd81d2-49b4-44c2-8b0b-2e41bb8a48f9', 'status': 'completed', 'code': 200}
2026-05-18 01:49:49.353 9 INFO neutron.wsgi [None req-8a315e98-4e17-4034-b05c-b94c571dfae4 613ad5380adf4daa816f3ee2cbe5d5bf 526044672a34425a89794ac1ceee65e5 - - default default] 10.0.0.109 "DELETE /v2.0/trunks/5f752f76-1efc-44a2-b86c-7e272a17fed4 HTTP/1.1" status: 204 len: 168 time: 0.0999832
2026-05-18 01:49:49.374 10 INFO neutron.wsgi [None req-d6abd173-d78d-4740-90fa-9c0e154516bc 2e0bf81ffc104005bbfd0306974e2f0b ff340c3f0a1a469fa3a45ca9642e8551 - - default default] 162.253.55.186 "GET /v2.0/networks/3cb6b22b-4892-4f84-b05a-6dd986d17ea4 HTTP/1.1" status: 200 len: 999 time: 0.0915289
2026-05-18 01:49:49.379 9 INFO neutron.wsgi [None req-cc35d50d-6861-4b3b-8a62-c81de026307d 613ad5380adf4daa816f3ee2cbe5d5bf 526044672a34425a89794ac1ceee65e5 - - default default] 10.0.0.109 "GET /v2.0/trunks/3dba17e0-a0f6-40a7-92e3-ac5083aef3a9 HTTP/1.1" status: 200 len: 616 time: 0.0209064
2026-05-18 01:49:49.380 10 INFO neutron.wsgi [req-e703be6b-e6a2-4d34-ada3-97f9f4cc6b43 req-03d5328f-81d2-434e-8e45-bc1d1ad3ec1e beb8973fb110498a9387049987fdb2a9 b5fab706a5854c878f6f17933e2647d1 - - 962da104e0de4d17b46b13014ad5ab31 962da104e0de4d17b46b13014ad5ab31] 162.253.55.186 "GET /v2.0/ports?tenant_id=ff340c3f0a1a469fa3a45ca9642e8551&device_id=cd311f88-ce8d-4d8e-a917-a4aa221c2e16 HTTP/1.1" status: 200 len: 4945 time: 0.0468168
2026-05-18 01:49:49.440 10 INFO neutron.wsgi [None req-95cdaf0a-42da-4043-b302-da5bc328e0bd 2e0bf81ffc104005bbfd0306974e2f0b ff340c3f0a1a469fa3a45ca9642e8551 - - default default] 162.253.55.186 "GET /v2.0/ports?device_id=cd311f88-ce8d-4d8e-a917-a4aa221c2e16 HTTP/1.1" status: 200 len: 4945 time: 0.0598741
2026-05-18 01:49:49.476 10 INFO neutron.wsgi [req-e703be6b-e6a2-4d34-ada3-97f9f4cc6b43 req-b053429f-eb85-4e9c-823f-dc09ec2516db beb8973fb110498a9387049987fdb2a9 b5fab706a5854c878f6f17933e2647d1 - - 962da104e0de4d17b46b13014ad5ab31 962da104e0de4d17b46b13014ad5ab31] 162.253.55.186 "GET /v2.0/networks?id=3cb6b22b-4892-4f84-b05a-6dd986d17ea4 HTTP/1.1" status: 200 len: 1002 time: 0.0894783
2026-05-18 01:49:49.491 9 INFO neutron.wsgi [None req-98496495-68af-4467-9ba1-411d3d1b5877 613ad5380adf4daa816f3ee2cbe5d5bf 526044672a34425a89794ac1ceee65e5 - - default default] 10.0.0.109 "GET /v2.0/ports/4defad93-51ba-4f53-9ee4-ea3dcc5d9161 HTTP/1.1" status: 200 len: 1020 time: 0.1050348
2026-05-18 01:49:49.568 10 INFO neutron.wsgi [None req-9dbf640f-3372-4d60-8bca-5bc57ede903f 2e0bf81ffc104005bbfd0306974e2f0b ff340c3f0a1a469fa3a45ca9642e8551 - - default default] 162.253.55.186 "GET /v2.0/ports?device_id=cd311f88-ce8d-4d8e-a917-a4aa221c2e16 HTTP/1.1" status: 200 len: 4945 time: 0.0436497
2026-05-18 01:49:49.576 10 INFO neutron.wsgi [req-e703be6b-e6a2-4d34-ada3-97f9f4cc6b43 req-2406084a-a076-4fe5-ac38-e4c35ec67065 beb8973fb110498a9387049987fdb2a9 b5fab706a5854c878f6f17933e2647d1 - - 962da104e0de4d17b46b13014ad5ab31 962da104e0de4d17b46b13014ad5ab31] 162.253.55.186 "GET /v2.0/networks/3cb6b22b-4892-4f84-b05a-6dd986d17ea4?fields=segments HTTP/1.1" status: 200 len: 212 time: 0.0923507
2026-05-18 01:49:49.595 9 INFO neutron.wsgi [None req-10f3a3ef-5a1b-4942-9ea2-17abc526fbd1 613ad5380adf4daa816f3ee2cbe5d5bf 526044672a34425a89794ac1ceee65e5 - - default default] 10.0.0.109 "DELETE /v2.0/trunks/3dba17e0-a0f6-40a7-92e3-ac5083aef3a9 HTTP/1.1" status: 204 len: 168 time: 0.0997148
2026-05-18 01:49:49.875 10 INFO neutron.plugins.ml2.drivers.ovn.mech_driver.mech_driver [None req-40637c31-0121-4113-bf8c-a5fc8cada4ed - - - - - -] OVN reports status down for port: 0bcd81d2-49b4-44c2-8b0b-2e41bb8a48f9
2026-05-18 01:49:49.880 10 INFO neutron.wsgi [None req-f9aaa7cd-7cc5-45b5-80da-251f2954f093 613ad5380adf4daa816f3ee2cbe5d5bf 526044672a34425a89794ac1ceee65e5 - - default default] 10.0.0.109 "GET /v2.0/trunks/193aadff-3e2b-4725-9696-c770e054db46 HTTP/1.1" status: 200 len: 625 time: 0.2814898
2026-05-18 01:49:49.926 10 INFO neutron.wsgi [req-e703be6b-e6a2-4d34-ada3-97f9f4cc6b43 req-8d13fef6-75cd-4fa6-93ff-9aaa1b61508e beb8973fb110498a9387049987fdb2a9 b5fab706a5854c878f6f17933e2647d1 - - 962da104e0de4d17b46b13014ad5ab31 962da104e0de4d17b46b13014ad5ab31] 162.253.55.186 "GET /v2.0/networks/3cb6b22b-4892-4f84-b05a-6dd986d17ea4?fields=provider%3Aphysical_network&fields=provider%3Anetwork_type HTTP/1.1" status: 200 len: 277 time: 0.3459764
2026-05-18 01:49:50.010 9 INFO neutron.wsgi [req-079e2861-a34b-4a41-9d34-170c3aa2e1d2 req-47ec13eb-3e78-47f1-9675-676ab9b6968b beb8973fb110498a9387049987fdb2a9 b5fab706a5854c878f6f17933e2647d1 - - 962da104e0de4d17b46b13014ad5ab31 962da104e0de4d17b46b13014ad5ab31] 162.253.55.186 "GET /v2.0/ports/0bcd81d2-49b4-44c2-8b0b-2e41bb8a48f9 HTTP/1.1" status: 200 len: 1231 time: 0.1277268
2026-05-18 01:49:50.081 9 INFO neutron.wsgi [None req-e81b7fae-01e7-46e1-a288-2709871c4a85 613ad5380adf4daa816f3ee2cbe5d5bf 526044672a34425a89794ac1ceee65e5 - - default default] 10.0.0.109 "GET /v2.0/ports/e6d3f96c-6b4b-4102-abbe-1cf438f707f8 HTTP/1.1" status: 200 len: 1020 time: 0.1954424
2026-05-18 01:49:50.176 9 INFO neutron.wsgi [None req-6d187de7-4486-47b9-a0a8-72a341700936 613ad5380adf4daa816f3ee2cbe5d5bf 526044672a34425a89794ac1ceee65e5 - - default default] 10.0.0.109 "DELETE /v2.0/trunks/193aadff-3e2b-4725-9696-c770e054db46 HTTP/1.1" status: 204 len: 168 time: 0.0892644
2026-05-18 01:49:50.207 10 INFO neutron.wsgi [None req-abecfcc5-e764-4065-8f93-67f28994ad7a 613ad5380adf4daa816f3ee2cbe5d5bf 526044672a34425a89794ac1ceee65e5 - - default default] 10.0.0.109 "GET /v2.0/trunks/020c4cbc-bb87-4fdc-a3de-4da20819929e HTTP/1.1" status: 200 len: 610 time: 0.0239093
2026-05-18 01:49:50.236 10 INFO neutron.db.ovn_revision_numbers_db [None req-40637c31-0121-4113-bf8c-a5fc8cada4ed - - - - - -] Successfully bumped revision number for resource 0bcd81d2-49b4-44c2-8b0b-2e41bb8a48f9 (type: ports) to 7
2026-05-18 01:49:50.297 9 INFO neutron.wsgi [req-079e2861-a34b-4a41-9d34-170c3aa2e1d2 req-6006fb72-45b3-4679-8bb6-48f927e3ca2d 2e0bf81ffc104005bbfd0306974e2f0b ff340c3f0a1a469fa3a45ca9642e8551 - - default default] 162.253.55.186 "DELETE /v2.0/ports/0bcd81d2-49b4-44c2-8b0b-2e41bb8a48f9 HTTP/1.1" status: 204 len: 173 time: 0.2783144
2026-05-18 01:49:50.310 10 INFO neutron.wsgi [None req-6ac9a554-1f40-4362-9143-295f74bbf4a4 613ad5380adf4daa816f3ee2cbe5d5bf 526044672a34425a89794ac1ceee65e5 - - default default] 10.0.0.109 "GET /v2.0/ports/419e3d90-d7a2-4e10-92c9-e3c18e579a97 HTTP/1.1" status: 200 len: 1020 time: 0.0979726
2026-05-18 01:49:50.337 9 INFO neutron.notifiers.nova [-] Nova event matching ['req-25102fcc-129d-4feb-b0d7-9905f5e8e168'] response: {'server_uuid': 'cd311f88-ce8d-4d8e-a917-a4aa221c2e16', 'name': 'network-vif-deleted', 'tag': '0bcd81d2-49b4-44c2-8b0b-2e41bb8a48f9', 'status': 'completed', 'code': 200}
2026-05-18 01:49:50.406 9 INFO neutron.wsgi [req-079e2861-a34b-4a41-9d34-170c3aa2e1d2 req-a4111b8d-3d7d-4969-9e53-0e5c1b205a6e beb8973fb110498a9387049987fdb2a9 b5fab706a5854c878f6f17933e2647d1 - - 962da104e0de4d17b46b13014ad5ab31 962da104e0de4d17b46b13014ad5ab31] 162.253.55.186 "GET /v2.0/ports?tenant_id=ff340c3f0a1a469fa3a45ca9642e8551&device_id=cd311f88-ce8d-4d8e-a917-a4aa221c2e16 HTTP/1.1" status: 200 len: 3922 time: 0.0519779
2026-05-18 01:49:50.412 10 INFO neutron.wsgi [None req-91ab86cb-6aff-43a9-8a49-e1198064506f 613ad5380adf4daa816f3ee2cbe5d5bf 526044672a34425a89794ac1ceee65e5 - - default default] 10.0.0.109 "DELETE /v2.0/trunks/020c4cbc-bb87-4fdc-a3de-4da20819929e HTTP/1.1" status: 204 len: 168 time: 0.0962369
2026-05-18 01:49:50.437 10 INFO neutron.wsgi [None req-c046ea92-a9c4-4f9d-a7cf-18fe51a650c9 613ad5380adf4daa816f3ee2cbe5d5bf 526044672a34425a89794ac1ceee65e5 - - default default] 10.0.0.109 "GET /v2.0/trunks/6c6c4a91-6888-4e8a-bb93-3323ca596626 HTTP/1.1" status: 200 len: 603 time: 0.0191338
2026-05-18 01:49:50.482 9 INFO neutron.wsgi [req-079e2861-a34b-4a41-9d34-170c3aa2e1d2 req-c130e9f9-fb50-4b15-9839-5cb8dedf488e beb8973fb110498a9387049987fdb2a9 b5fab706a5854c878f6f17933e2647d1 - - 962da104e0de4d17b46b13014ad5ab31 962da104e0de4d17b46b13014ad5ab31] 162.253.55.186 "GET /v2.0/networks?id=2addeaaf-b352-4949-a0e4-5652b2f94c06&id=ce3d7a57-2c0e-44ee-b282-dba4cb9ab019&id=1ca4d9c0-0920-467e-ac59-19f89f7f972a&id=3cb6b22b-4892-4f84-b05a-6dd986d17ea4 HTTP/1.1" status: 200 len: 3307 time: 0.0710192
2026-05-18 01:49:50.526 9 INFO neutron.wsgi [req-079e2861-a34b-4a41-9d34-170c3aa2e1d2 req-ba1a5ef5-c0ae-44d8-8de7-a7165ab2cb6d beb8973fb110498a9387049987fdb2a9 b5fab706a5854c878f6f17933e2647d1 - - 962da104e0de4d17b46b13014ad5ab31 962da104e0de4d17b46b13014ad5ab31] 162.253.55.186 "GET /v2.0/floatingips?fixed_ip_address=172.24.0.108&port_id=dd0e5e48-75b6-47a2-ada7-33ea5d4cdec7 HTTP/1.1" status: 200 len: 217 time: 0.0350311
2026-05-18 01:49:50.537 10 INFO neutron.wsgi [None req-0a38d100-a974-4c5d-aaf0-5ea71d2dab85 613ad5380adf4daa816f3ee2cbe5d5bf 526044672a34425a89794ac1ceee65e5 - - default default] 10.0.0.109 "GET /v2.0/ports/196113f2-cfdc-43f2-a645-64c887b51a96 HTTP/1.1" status: 200 len: 1020 time: 0.0945342
2026-05-18 01:49:50.568 9 INFO neutron.wsgi [req-079e2861-a34b-4a41-9d34-170c3aa2e1d2 req-cc7e79fc-8854-41ea-a16f-f0aa6daacd27 beb8973fb110498a9387049987fdb2a9 b5fab706a5854c878f6f17933e2647d1 - - 962da104e0de4d17b46b13014ad5ab31 962da104e0de4d17b46b13014ad5ab31] 162.253.55.186 "GET /v2.0/subnets?id=4c85d4c8-777d-428e-b1ff-294ed6062eec HTTP/1.1" status: 200 len: 829 time: 0.0348809
2026-05-18 01:49:50.601 9 INFO neutron.wsgi [req-079e2861-a34b-4a41-9d34-170c3aa2e1d2 req-4d3e5547-81cf-4f66-9b43-dea8bff00635 beb8973fb110498a9387049987fdb2a9 b5fab706a5854c878f6f17933e2647d1 - - 962da104e0de4d17b46b13014ad5ab31 962da104e0de4d17b46b13014ad5ab31] 162.253.55.186 "GET /v2.0/ports?network_id=2addeaaf-b352-4949-a0e4-5652b2f94c06&device_owner=network%3Adhcp HTTP/1.1" status: 200 len: 210 time: 0.0269625
2026-05-18 01:49:50.620 10 INFO neutron.wsgi [None req-a242bc48-0a80-4304-a967-3287ddd1e72b 2e0bf81ffc104005bbfd0306974e2f0b ff340c3f0a1a469fa3a45ca9642e8551 - - default default] 162.253.55.186 "GET /v2.0/ports?device_id=cd311f88-ce8d-4d8e-a917-a4aa221c2e16 HTTP/1.1" status: 200 len: 3922 time: 0.0441422
2026-05-18 01:49:50.639 10 INFO neutron.pecan_wsgi.hooks.translation [None req-f5826ca0-aa05-4152-aa3f-ad4a9c805822 2e0bf81ffc104005bbfd0306974e2f0b ff340c3f0a1a469fa3a45ca9642e8551 - - default default] DELETE failed (client error): The resource could not be found.
2026-05-18 01:49:50.641 10 INFO neutron.wsgi [None req-f5826ca0-aa05-4152-aa3f-ad4a9c805822 2e0bf81ffc104005bbfd0306974e2f0b ff340c3f0a1a469fa3a45ca9642e8551 - - default default] 162.253.55.186 "DELETE /v2.0/ports/0bcd81d2-49b4-44c2-8b0b-2e41bb8a48f9 HTTP/1.1" status: 404 len: 338 time: 0.0145218
2026-05-18 01:49:50.668 10 INFO neutron.wsgi [None req-f35a3c91-d43b-4ffa-836c-e4e7f47b04ae 613ad5380adf4daa816f3ee2cbe5d5bf 526044672a34425a89794ac1ceee65e5 - - default default] 10.0.0.109 "DELETE /v2.0/trunks/6c6c4a91-6888-4e8a-bb93-3323ca596626 HTTP/1.1" status: 204 len: 168 time: 0.1252711
2026-05-18 01:49:50.678 9 INFO neutron.wsgi [req-079e2861-a34b-4a41-9d34-170c3aa2e1d2 req-07f26bec-7cdc-4900-81f8-9f1b415646cf beb8973fb110498a9387049987fdb2a9 b5fab706a5854c878f6f17933e2647d1 - - 962da104e0de4d17b46b13014ad5ab31 962da104e0de4d17b46b13014ad5ab31] 162.253.55.186 "GET /v2.0/networks/2addeaaf-b352-4949-a0e4-5652b2f94c06?fields=segments HTTP/1.1" status: 200 len: 212 time: 0.0707335
2026-05-18 01:49:50.755 10 INFO neutron.wsgi [None req-743841fd-0ef5-42ce-a1fa-9552a7b7d08a 2e0bf81ffc104005bbfd0306974e2f0b ff340c3f0a1a469fa3a45ca9642e8551 - - default default] 162.253.55.186 "GET /v2.0/extensions/security-group HTTP/1.1" status: 200 len: 369 time: 0.0066595
2026-05-18 01:49:50.765 10 INFO neutron.wsgi [None req-8ef99815-bbde-48d4-a155-6ef0eac2d5bb 2e0bf81ffc104005bbfd0306974e2f0b ff340c3f0a1a469fa3a45ca9642e8551 - - default default] 162.253.55.186 "GET /v2.0/extensions/dns-integration HTTP/1.1" status: 200 len: 371 time: 0.0055356
2026-05-18 01:49:50.772 10 INFO neutron.wsgi [None req-4c128711-0574-497f-bcfb-90ddb20f9730 2e0bf81ffc104005bbfd0306974e2f0b ff340c3f0a1a469fa3a45ca9642e8551 - - default default] 162.253.55.186 "GET /v2.0/extensions/qos HTTP/1.1" status: 200 len: 365 time: 0.0037563
2026-05-18 01:49:50.783 9 INFO neutron.wsgi [req-079e2861-a34b-4a41-9d34-170c3aa2e1d2 req-20d40bb3-667d-43ac-9ead-d20d65d3b926 beb8973fb110498a9387049987fdb2a9 b5fab706a5854c878f6f17933e2647d1 - - 962da104e0de4d17b46b13014ad5ab31 962da104e0de4d17b46b13014ad5ab31] 162.253.55.186 "GET /v2.0/networks/2addeaaf-b352-4949-a0e4-5652b2f94c06?fields=provider%3Aphysical_network&fields=provider%3Anetwork_type HTTP/1.1" status: 200 len: 277 time: 0.0974267
2026-05-18 01:49:50.785 10 INFO neutron.wsgi [None req-989352f7-2308-4aa2-b01c-76dcd9640db9 2e0bf81ffc104005bbfd0306974e2f0b ff340c3f0a1a469fa3a45ca9642e8551 - - default default] 162.253.55.186 "GET /v2.0/extensions/allowed-address-pairs HTTP/1.1" status: 200 len: 383 time: 0.0048153
2026-05-18 01:49:50.818 9 INFO neutron.wsgi [req-079e2861-a34b-4a41-9d34-170c3aa2e1d2 req-7c0671bb-2c02-4120-b8fa-ebb6c001094d beb8973fb110498a9387049987fdb2a9 b5fab706a5854c878f6f17933e2647d1 - - 962da104e0de4d17b46b13014ad5ab31 962da104e0de4d17b46b13014ad5ab31] 162.253.55.186 "GET /v2.0/floatingips?fixed_ip_address=10.1.1.45&port_id=12b0af73-f99d-41c6-a271-d342a620c442 HTTP/1.1" status: 200 len: 217 time: 0.0302682
2026-05-18 01:49:50.836 10 INFO neutron.wsgi [None req-b7fb7ad0-e3d6-40af-8e00-50e09fc5cbcd 2e0bf81ffc104005bbfd0306974e2f0b ff340c3f0a1a469fa3a45ca9642e8551 - - default default] 162.253.55.186 "GET /v2.0/subnets/eedce41b-2563-4b9e-aa06-c09bf2546de9 HTTP/1.1" status: 200 len: 851 time: 0.0431049
