2026-05-18 01:46:29.252 10 WARNING neutron.scheduler.dhcp_agent_scheduler [None req-1e4bc0d2-76dd-47e7-be9a-eeb2c7a3deed 358eb5e28b6b4a238751b89c4950ac29 e4d8e39ad27a45a8b1f159aeba0598c4 - - default default] No more DHCP agents
2026-05-18 01:46:29.255 10 WARNING neutron.api.rpc.agentnotifiers.dhcp_rpc_agent_api [None req-1e4bc0d2-76dd-47e7-be9a-eeb2c7a3deed 358eb5e28b6b4a238751b89c4950ac29 e4d8e39ad27a45a8b1f159aeba0598c4 - - default default] Unable to schedule network 6d2bea27-f439-4d1f-b8ea-d5025941ae8a: no agents available; will retry on subsequent port and subnet creation events.
2026-05-18 01:46:29.341 10 INFO neutron.db.ovn_revision_numbers_db [None req-1e4bc0d2-76dd-47e7-be9a-eeb2c7a3deed 358eb5e28b6b4a238751b89c4950ac29 e4d8e39ad27a45a8b1f159aeba0598c4 - - default default] Successfully bumped revision number for resource 2c2891b3-8691-4de9-899d-6a52c2c9bf59 (type: ports) to 1
2026-05-18 01:46:29.361 10 INFO neutron.wsgi [None req-1e4bc0d2-76dd-47e7-be9a-eeb2c7a3deed 358eb5e28b6b4a238751b89c4950ac29 e4d8e39ad27a45a8b1f159aeba0598c4 - - default default] 10.0.0.109 "POST /v2.0/networks HTTP/1.1" status: 201 len: 830 time: 0.6770101
2026-05-18 01:46:29.369 10 INFO neutron.wsgi [None req-2129119c-8ad2-441f-95c5-19384c5882bf 2e0bf81ffc104005bbfd0306974e2f0b ff340c3f0a1a469fa3a45ca9642e8551 - - default default] 10.0.0.109 "DELETE /v2.0/security-groups/ef155618-063c-4c49-b6b7-6644406765f1 HTTP/1.1" status: 204 len: 168 time: 0.2558587
2026-05-18 01:46:29.443 10 INFO neutron.db.segments_db [None req-eb197b15-f75b-40d0-93e2-0daf4a6fa524 358eb5e28b6b4a238751b89c4950ac29 e4d8e39ad27a45a8b1f159aeba0598c4 - - default default] Added segment 956db023-6be2-4fbb-b42c-0d0cc95a06aa of type geneve for network 012f6eb5-bd62-49bd-8903-c29d9fd53eb2
2026-05-18 01:46:29.516 9 INFO neutron.db.ovn_revision_numbers_db [None req-b055a58f-4280-4f88-8c47-1e547457082e - - - - - -] Successfully bumped revision number for resource 61c4cdf7-184f-48d5-b6a7-303ae4a13038 (type: router_ports) to 3
2026-05-18 01:46:29.578 10 INFO neutron.db.ovn_revision_numbers_db [None req-eb197b15-f75b-40d0-93e2-0daf4a6fa524 358eb5e28b6b4a238751b89c4950ac29 e4d8e39ad27a45a8b1f159aeba0598c4 - - default default] Successfully bumped revision number for resource 012f6eb5-bd62-49bd-8903-c29d9fd53eb2 (type: networks) to 1
2026-05-18 01:46:29.749 10 WARNING neutron.scheduler.dhcp_agent_scheduler [None req-eb197b15-f75b-40d0-93e2-0daf4a6fa524 358eb5e28b6b4a238751b89c4950ac29 e4d8e39ad27a45a8b1f159aeba0598c4 - - default default] No more DHCP agents
2026-05-18 01:46:29.751 10 WARNING neutron.api.rpc.agentnotifiers.dhcp_rpc_agent_api [None req-eb197b15-f75b-40d0-93e2-0daf4a6fa524 358eb5e28b6b4a238751b89c4950ac29 e4d8e39ad27a45a8b1f159aeba0598c4 - - default default] Unable to schedule network 012f6eb5-bd62-49bd-8903-c29d9fd53eb2: no agents available; will retry on subsequent port and subnet creation events.
2026-05-18 01:46:29.840 10 INFO neutron.db.ovn_revision_numbers_db [None req-eb197b15-f75b-40d0-93e2-0daf4a6fa524 358eb5e28b6b4a238751b89c4950ac29 e4d8e39ad27a45a8b1f159aeba0598c4 - - default default] Successfully bumped revision number for resource d83c8f6f-10a4-47f7-9320-c3939e855739 (type: ports) to 1
2026-05-18 01:46:29.856 9 INFO neutron.db.ovn_revision_numbers_db [None req-19e42ff4-1764-47b4-8062-c12a4a29b23a ad99f012b08b4ba1ab0be78e5187799d e5bcca2faefd474d8316460513d23c8c - - default default] Successfully bumped revision number for resource 61c4cdf7-184f-48d5-b6a7-303ae4a13038 (type: ports) to 3
2026-05-18 01:46:29.867 10 INFO neutron.wsgi [None req-eb197b15-f75b-40d0-93e2-0daf4a6fa524 358eb5e28b6b4a238751b89c4950ac29 e4d8e39ad27a45a8b1f159aeba0598c4 - - default default] 10.0.0.109 "POST /v2.0/networks HTTP/1.1" status: 201 len: 831 time: 0.4970646
2026-05-18 01:46:29.957 9 WARNING neutron.scheduler.dhcp_agent_scheduler [None req-19e42ff4-1764-47b4-8062-c12a4a29b23a ad99f012b08b4ba1ab0be78e5187799d e5bcca2faefd474d8316460513d23c8c - - default default] No more DHCP agents
2026-05-18 01:46:29.959 9 WARNING neutron.api.rpc.agentnotifiers.dhcp_rpc_agent_api [None req-19e42ff4-1764-47b4-8062-c12a4a29b23a ad99f012b08b4ba1ab0be78e5187799d e5bcca2faefd474d8316460513d23c8c - - default default] Unable to schedule network ce580900-a948-4e6d-803a-d5928f0e61d7: no agents available; will retry on subsequent port and subnet creation events.
2026-05-18 01:46:29.965 10 INFO neutron.db.segments_db [None req-21fd9d67-3ada-4725-b9e3-5b53beb4fe2d 358eb5e28b6b4a238751b89c4950ac29 e4d8e39ad27a45a8b1f159aeba0598c4 - - default default] Added segment 7357c29c-2840-43d6-9bcf-6baf113a887d of type geneve for network 15d185b9-860d-4d6b-9c82-a883d43bae4c
2026-05-18 01:46:30.101 10 INFO neutron.db.ovn_revision_numbers_db [None req-21fd9d67-3ada-4725-b9e3-5b53beb4fe2d 358eb5e28b6b4a238751b89c4950ac29 e4d8e39ad27a45a8b1f159aeba0598c4 - - default default] Successfully bumped revision number for resource 15d185b9-860d-4d6b-9c82-a883d43bae4c (type: networks) to 1
2026-05-18 01:46:30.162 9 INFO neutron.wsgi [None req-b6e378d8-709b-429a-bb54-700b8b56640f 2e0bf81ffc104005bbfd0306974e2f0b ff340c3f0a1a469fa3a45ca9642e8551 - - default default] 10.0.0.109 "DELETE /v2.0/routers/7cae2abe-859f-4b8a-b3f3-afa05b38f6a1 HTTP/1.1" status: 204 len: 168 time: 1.0628364 /var/lib/openstack/lib/python3.10/site-packages/pycadf/identifier.py:71: UserWarning: Invalid uuid: neutron. To ensure interoperability, identifiers should be a valid uuid. warnings.warn(('Invalid uuid: %s. To ensure interoperability, '
2026-05-18 01:46:30.200 9 INFO neutron.db.ovn_revision_numbers_db [None req-19e42ff4-1764-47b4-8062-c12a4a29b23a ad99f012b08b4ba1ab0be78e5187799d e5bcca2faefd474d8316460513d23c8c - - default default] Successfully bumped revision number for resource 61c4cdf7-184f-48d5-b6a7-303ae4a13038 (type: router_ports) to 3
2026-05-18 01:46:30.202 9 INFO neutron.wsgi [None req-19e42ff4-1764-47b4-8062-c12a4a29b23a ad99f012b08b4ba1ab0be78e5187799d e5bcca2faefd474d8316460513d23c8c - - default default] 10.0.0.109 "PUT /v2.0/routers/776b6ac5-49fa-43d6-956c-3fa666783373/add_router_interface HTTP/1.1" status: 200 len: 503 time: 2.1614311
2026-05-18 01:46:30.252 10 INFO neutron.wsgi [None req-8bf6c541-aee5-417b-bbb6-7e145cfc3395 ad99f012b08b4ba1ab0be78e5187799d e5bcca2faefd474d8316460513d23c8c - - default default] 10.0.0.109 "GET /v2.0/ports/61c4cdf7-184f-48d5-b6a7-303ae4a13038 HTTP/1.1" status: 200 len: 1217 time: 0.0436361
2026-05-18 01:46:30.332 10 WARNING neutron.scheduler.dhcp_agent_scheduler [None req-21fd9d67-3ada-4725-b9e3-5b53beb4fe2d 358eb5e28b6b4a238751b89c4950ac29 e4d8e39ad27a45a8b1f159aeba0598c4 - - default default] No more DHCP agents
2026-05-18 01:46:30.339 10 WARNING neutron.api.rpc.agentnotifiers.dhcp_rpc_agent_api [None req-21fd9d67-3ada-4725-b9e3-5b53beb4fe2d 358eb5e28b6b4a238751b89c4950ac29 e4d8e39ad27a45a8b1f159aeba0598c4 - - default default] Unable to schedule network 15d185b9-860d-4d6b-9c82-a883d43bae4c: no agents available; will retry on subsequent port and subnet creation events.
2026-05-18 01:46:30.384 9 INFO neutron.wsgi [None req-1f0c2502-b241-4cb3-8975-fb60eb36b343 2e0bf81ffc104005bbfd0306974e2f0b ff340c3f0a1a469fa3a45ca9642e8551 - - default default] 10.0.0.109 "DELETE /v2.0/subnets/7ba36387-d735-4c7d-a4f9-de7d6ef4dfd2 HTTP/1.1" status: 204 len: 168 time: 0.2179797
2026-05-18 01:46:30.474 10 INFO neutron.db.ovn_revision_numbers_db [None req-21fd9d67-3ada-4725-b9e3-5b53beb4fe2d 358eb5e28b6b4a238751b89c4950ac29 e4d8e39ad27a45a8b1f159aeba0598c4 - - default default] Successfully bumped revision number for resource 08c0017b-14a3-4bb8-9a06-68006a8a51f7 (type: ports) to 1
2026-05-18 01:46:30.498 10 INFO neutron.wsgi [None req-21fd9d67-3ada-4725-b9e3-5b53beb4fe2d 358eb5e28b6b4a238751b89c4950ac29 e4d8e39ad27a45a8b1f159aeba0598c4 - - default default] 10.0.0.109 "POST /v2.0/networks HTTP/1.1" status: 201 len: 830 time: 0.6258299
2026-05-18 01:46:30.620 9 INFO neutron.db.segments_db [None req-79ee41fd-a7fb-449d-a36a-94668d506d82 358eb5e28b6b4a238751b89c4950ac29 e4d8e39ad27a45a8b1f159aeba0598c4 - - default default] Added segment b0ccabfb-f44a-4db6-88d3-b7c56f700606 of type geneve for network 0c9f5296-c386-4c05-b23a-eb5902761989
2026-05-18 01:46:30.787 9 INFO neutron.services.segments.plugin [-] Segment 79b5cf13-ae78-4963-a608-dade03265e8e resource provider aggregate not found
2026-05-18 01:46:30.802 9 INFO neutron.services.segments.plugin [-] Segment 79b5cf13-ae78-4963-a608-dade03265e8e resource provider aggregate not found
2026-05-18 01:46:30.822 9 INFO neutron.services.segments.plugin [-] Segment 79b5cf13-ae78-4963-a608-dade03265e8e resource provider not found; error: Placement Client Error (4xx): {"errors": [{"status": 404, "title": "Not Found", "detail": "The resource could not be found.\n\n No resource provider with uuid 79b5cf13-ae78-4963-a608-dade03265e8e found for delete ", "request_id": "req-6dc8784e-cf00-4915-80e4-8c46de31f4e3"}]}
2026-05-18 01:46:30.825 10 INFO neutron.wsgi [None req-d7177e3b-b3eb-4c9a-9add-aaee9c8b9f49 ad99f012b08b4ba1ab0be78e5187799d e5bcca2faefd474d8316460513d23c8c - - default default] 10.0.0.109 "PUT /v2.0/routers/776b6ac5-49fa-43d6-956c-3fa666783373/remove_router_interface HTTP/1.1" status: 200 len: 503 time: 0.5690508
2026-05-18 01:46:30.828 9 INFO neutron.services.segments.plugin [-] Segment 79b5cf13-ae78-4963-a608-dade03265e8e resource provider not found; error: Placement Client Error (4xx): {"errors": [{"status": 404, "title": "Not Found", "detail": "The resource could not be found.\n\n No resource provider with uuid 79b5cf13-ae78-4963-a608-dade03265e8e found for delete ", "request_id": "req-d442aa72-f7bc-4697-a49c-a4e4a8ff62bd"}]}
2026-05-18 01:46:30.834 9 INFO neutron.db.ovn_revision_numbers_db [None req-79ee41fd-a7fb-449d-a36a-94668d506d82 358eb5e28b6b4a238751b89c4950ac29 e4d8e39ad27a45a8b1f159aeba0598c4 - - default default] Successfully bumped revision number for resource 0c9f5296-c386-4c05-b23a-eb5902761989 (type: networks) to 1 /var/lib/openstack/lib/python3.10/site-packages/pycadf/identifier.py:71: UserWarning: Invalid uuid: neutron. To ensure interoperability, identifiers should be a valid uuid. warnings.warn(('Invalid uuid: %s. To ensure interoperability, '
2026-05-18 01:46:30.865 9 INFO neutron.wsgi [None req-e5630a88-15c1-46fc-9ae7-0703caec128b 2e0bf81ffc104005bbfd0306974e2f0b ff340c3f0a1a469fa3a45ca9642e8551 - - default default] 10.0.0.109 "DELETE /v2.0/networks/fc95c0cb-94e7-41ae-a8da-014e077f93ff HTTP/1.1" status: 204 len: 168 time: 0.4760942
2026-05-18 01:46:30.911 10 INFO neutron.api.v2.resource [None req-b2f6ec0c-7e5a-47cc-b5f3-2e617375469f ad99f012b08b4ba1ab0be78e5187799d e5bcca2faefd474d8316460513d23c8c - - default default] remove_router_interface failed (client error): The resource could not be found.
2026-05-18 01:46:30.912 10 INFO neutron.wsgi [None req-b2f6ec0c-7e5a-47cc-b5f3-2e617375469f ad99f012b08b4ba1ab0be78e5187799d e5bcca2faefd474d8316460513d23c8c - - default default] 10.0.0.109 "PUT /v2.0/routers/776b6ac5-49fa-43d6-956c-3fa666783373/remove_router_interface HTTP/1.1" status: 404 len: 398 time: 0.0796402
2026-05-18 01:46:30.939 10 INFO neutron.wsgi [None req-983d77b2-496c-4e88-bffb-b9e8879f0c36 ad99f012b08b4ba1ab0be78e5187799d e5bcca2faefd474d8316460513d23c8c - - default default] 10.0.0.109 "GET /v2.0/ports?device_id=776b6ac5-49fa-43d6-956c-3fa666783373 HTTP/1.1" status: 200 len: 205 time: 0.0205591
2026-05-18 01:46:31.000 9 WARNING neutron.scheduler.dhcp_agent_scheduler [None req-79ee41fd-a7fb-449d-a36a-94668d506d82 358eb5e28b6b4a238751b89c4950ac29 e4d8e39ad27a45a8b1f159aeba0598c4 - - default default] No more DHCP agents
2026-05-18 01:46:31.002 9 WARNING neutron.api.rpc.agentnotifiers.dhcp_rpc_agent_api [None req-79ee41fd-a7fb-449d-a36a-94668d506d82 358eb5e28b6b4a238751b89c4950ac29 e4d8e39ad27a45a8b1f159aeba0598c4 - - default default] Unable to schedule network 0c9f5296-c386-4c05-b23a-eb5902761989: no agents available; will retry on subsequent port and subnet creation events.
2026-05-18 01:46:31.085 9 INFO neutron.wsgi [None req-4eb2c74b-636d-4a04-8362-a9019425d9fa 2e0bf81ffc104005bbfd0306974e2f0b ff340c3f0a1a469fa3a45ca9642e8551 - - default default] 10.0.0.109 "GET /v2.0/security-groups?tenant_id=71ec771072d7435387855571ff36dbe7&name=default HTTP/1.1" status: 200 len: 2996 time: 0.0488586
2026-05-18 01:46:31.113 9 INFO neutron.db.ovn_revision_numbers_db [None req-79ee41fd-a7fb-449d-a36a-94668d506d82 358eb5e28b6b4a238751b89c4950ac29 e4d8e39ad27a45a8b1f159aeba0598c4 - - default default] Successfully bumped revision number for resource fb08e107-537e-4788-ae21-2c14546d87cc (type: ports) to 1
2026-05-18 01:46:31.138 9 INFO neutron.wsgi [None req-79ee41fd-a7fb-449d-a36a-94668d506d82 358eb5e28b6b4a238751b89c4950ac29 e4d8e39ad27a45a8b1f159aeba0598c4 - - default default] 10.0.0.109 "POST /v2.0/networks HTTP/1.1" status: 201 len: 831 time: 0.6331363
2026-05-18 01:46:31.190 9 INFO neutron.wsgi [None req-4acc5812-de92-48d2-9170-5c8a1cd3b8d3 358eb5e28b6b4a238751b89c4950ac29 e4d8e39ad27a45a8b1f159aeba0598c4 - - default default] 10.0.0.109 "PUT /v2.0/networks/4b8f5fa3-ffcc-4ea0-af79-b3b9310f05f4/tags HTTP/1.1" status: 200 len: 210 time: 0.0470002
2026-05-18 01:46:31.260 9 INFO neutron.wsgi [None req-4cb54f85-89a7-4291-a527-d699818cfc5b 358eb5e28b6b4a238751b89c4950ac29 e4d8e39ad27a45a8b1f159aeba0598c4 - - default default] 10.0.0.109 "PUT /v2.0/networks/6d2bea27-f439-4d1f-b8ea-d5025941ae8a/tags HTTP/1.1" status: 200 len: 218 time: 0.0642984
2026-05-18 01:46:31.314 9 INFO neutron.wsgi [None req-509036c9-b138-4245-a98e-7dc56af6c225 358eb5e28b6b4a238751b89c4950ac29 e4d8e39ad27a45a8b1f159aeba0598c4 - - default default] 10.0.0.109 "PUT /v2.0/networks/012f6eb5-bd62-49bd-8903-c29d9fd53eb2/tags HTTP/1.1" status: 200 len: 227 time: 0.0496693
2026-05-18 01:46:31.365 9 INFO neutron.wsgi [None req-26594ffa-c12d-4adf-b620-588ab134ab38 358eb5e28b6b4a238751b89c4950ac29 e4d8e39ad27a45a8b1f159aeba0598c4 - - default default] 10.0.0.109 "PUT /v2.0/networks/15d185b9-860d-4d6b-9c82-a883d43bae4c/tags HTTP/1.1" status: 200 len: 212 time: 0.0462079
2026-05-18 01:46:31.372 10 INFO neutron.wsgi [None req-aec85362-4805-4c08-b9f9-a8363ebdfca1 ad99f012b08b4ba1ab0be78e5187799d e5bcca2faefd474d8316460513d23c8c - - default default] 10.0.0.109 "DELETE /v2.0/routers/776b6ac5-49fa-43d6-956c-3fa666783373 HTTP/1.1" status: 204 len: 168 time: 0.4276278
2026-05-18 01:46:31.425 9 INFO neutron.wsgi [None req-6292c1f2-375c-4326-ac56-7e01c82121b7 2e0bf81ffc104005bbfd0306974e2f0b ff340c3f0a1a469fa3a45ca9642e8551 - - default default] 10.0.0.109 "DELETE /v2.0/security-groups/92974b23-5bfa-4fe0-98e6-d58b5945dace HTTP/1.1" status: 204 len: 168 time: 0.3338223
2026-05-18 01:46:31.442 9 INFO neutron.wsgi [None req-225df70e-5371-49b8-817c-bc15343baa25 358eb5e28b6b4a238751b89c4950ac29 e4d8e39ad27a45a8b1f159aeba0598c4 - - default default] 10.0.0.109 "GET /v2.0/networks?tags=red HTTP/1.1" status: 200 len: 2069 time: 0.0720544
2026-05-18 01:46:31.514 9 INFO neutron.wsgi [None req-5958c693-b857-4b24-8c4f-c6c8b115c41a 358eb5e28b6b4a238751b89c4950ac29 e4d8e39ad27a45a8b1f159aeba0598c4 - - default default] 10.0.0.109 "GET /v2.0/networks?tags=red%2Cblue HTTP/1.1" status: 200 len: 1456 time: 0.0669358
2026-05-18 01:46:31.574 10 INFO neutron.wsgi [None req-ce68ef3b-003a-4d7e-8f8d-5779fd234efc ad99f012b08b4ba1ab0be78e5187799d e5bcca2faefd474d8316460513d23c8c - - default default] 10.0.0.109 "DELETE /v2.0/subnets/9796da6c-f4c7-48e4-9398-186080d40182 HTTP/1.1" status: 204 len: 168 time: 0.1976149
2026-05-18 01:46:31.584 9 INFO neutron.wsgi [None req-6d005ec5-1aa3-4b9b-a65c-0993cea6df5a 358eb5e28b6b4a238751b89c4950ac29 e4d8e39ad27a45a8b1f159aeba0598c4 - - default default] 10.0.0.109 "GET /v2.0/networks?tags-any=blue HTTP/1.1" status: 200 len: 1456 time: 0.0644736
2026-05-18 01:46:31.658 9 INFO neutron.wsgi [None req-3048be75-b565-4cc6-9c2a-c736fabc41d5 358eb5e28b6b4a238751b89c4950ac29 e4d8e39ad27a45a8b1f159aeba0598c4 - - default default] 10.0.0.109 "GET /v2.0/networks?tags-any=red%2Cblue HTTP/1.1" status: 200 len: 2069 time: 0.0596814
2026-05-18 01:46:31.749 9 INFO neutron.wsgi [None req-2a883d0c-9889-4448-af66-5b6a28745661 358eb5e28b6b4a238751b89c4950ac29 e4d8e39ad27a45a8b1f159aeba0598c4 - - default default] 10.0.0.109 "GET /v2.0/networks?not-tags=red HTTP/1.1" status: 200 len: 2068 time: 0.0863853
2026-05-18 01:46:31.928 10 INFO neutron.services.segments.plugin [-] Segment b77db7da-4f95-4b45-a23e-4a36f2287979 resource provider aggregate not found
2026-05-18 01:46:31.934 10 INFO neutron.services.segments.plugin [-] Segment b77db7da-4f95-4b45-a23e-4a36f2287979 resource provider aggregate not found
2026-05-18 01:46:31.950 10 INFO neutron.services.segments.plugin [-] Segment b77db7da-4f95-4b45-a23e-4a36f2287979 resource provider not found; error: Placement Client Error (4xx): {"errors": [{"status": 404, "title": "Not Found", "detail": "The resource could not be found.\n\n No resource provider with uuid b77db7da-4f95-4b45-a23e-4a36f2287979 found for delete ", "request_id": "req-f4478ee3-bf84-45b9-95d9-325d414622cb"}]}
2026-05-18 01:46:31.953 10 INFO neutron.services.segments.plugin [-] Segment b77db7da-4f95-4b45-a23e-4a36f2287979 resource provider not found; error: Placement Client Error (4xx): {"errors": [{"status": 404, "title": "Not Found", "detail": "The resource could not be found.\n\n No resource provider with uuid b77db7da-4f95-4b45-a23e-4a36f2287979 found for delete ", "request_id": "req-01fd3305-4134-4449-b8a1-8f16a7a6fdbf"}]}
2026-05-18 01:46:31.976 10 INFO neutron.wsgi [None req-c50fb923-f69a-47aa-aea0-430928a2a956 ad99f012b08b4ba1ab0be78e5187799d e5bcca2faefd474d8316460513d23c8c - - default default] 10.0.0.109 "DELETE /v2.0/networks/ce580900-a948-4e6d-803a-d5928f0e61d7 HTTP/1.1" status: 204 len: 168 time: 0.3937771
2026-05-18 01:46:32.099 10 INFO neutron.db.segments_db [None req-a7e8e5a1-2f15-43e5-88c0-975cd8a54b36 ad99f012b08b4ba1ab0be78e5187799d e5bcca2faefd474d8316460513d23c8c - - default default] Added segment e0bc140c-cd82-44c6-8c2a-ee42bc59e6a8 of type geneve for network 54e24c99-6b92-4071-8b55-927e5da39999
2026-05-18 01:46:32.131 9 INFO neutron.wsgi [None req-8e5328b9-4ee2-4497-b102-e1045c809e7b 358eb5e28b6b4a238751b89c4950ac29 e4d8e39ad27a45a8b1f159aeba0598c4 - - default default] 10.0.0.109 "GET /v2.0/networks?not-tags=red%2Cblue HTTP/1.1" status: 200 len: 2681 time: 0.3730984
2026-05-18 01:46:32.285 9 INFO neutron.wsgi [None req-1962bc85-3a2f-45ea-ab97-d6e5be0e6849 358eb5e28b6b4a238751b89c4950ac29 e4d8e39ad27a45a8b1f159aeba0598c4 - - default default] 10.0.0.109 "GET /v2.0/networks?not-tags-any=blue HTTP/1.1" status: 200 len: 2681 time: 0.1394475
2026-05-18 01:46:32.300 10 INFO neutron.db.ovn_revision_numbers_db [None req-a7e8e5a1-2f15-43e5-88c0-975cd8a54b36 ad99f012b08b4ba1ab0be78e5187799d e5bcca2faefd474d8316460513d23c8c - - default default] Successfully bumped revision number for resource 54e24c99-6b92-4071-8b55-927e5da39999 (type: networks) to 1
2026-05-18 01:46:32.427 10 INFO neutron.wsgi [None req-4192b5ca-3d65-4f4d-9e56-1b3b06023076 358eb5e28b6b4a238751b89c4950ac29 e4d8e39ad27a45a8b1f159aeba0598c4 - - default default] 10.0.0.109 "GET /v2.0/networks?not-tags-any=red%2Cblue HTTP/1.1" status: 200 len: 2068 time: 0.1359451
2026-05-18 01:46:32.534 10 WARNING neutron.scheduler.dhcp_agent_scheduler [None req-a7e8e5a1-2f15-43e5-88c0-975cd8a54b36 ad99f012b08b4ba1ab0be78e5187799d e5bcca2faefd474d8316460513d23c8c - - default default] No more DHCP agents
2026-05-18 01:46:32.538 10 WARNING neutron.api.rpc.agentnotifiers.dhcp_rpc_agent_api [None req-a7e8e5a1-2f15-43e5-88c0-975cd8a54b36 ad99f012b08b4ba1ab0be78e5187799d e5bcca2faefd474d8316460513d23c8c - - default default] Unable to schedule network 54e24c99-6b92-4071-8b55-927e5da39999: no agents available; will retry on subsequent port and subnet creation events.
2026-05-18 01:46:32.615 10 INFO neutron.db.ovn_revision_numbers_db [None req-a7e8e5a1-2f15-43e5-88c0-975cd8a54b36 ad99f012b08b4ba1ab0be78e5187799d e5bcca2faefd474d8316460513d23c8c - - default default] Successfully bumped revision number for resource 7ed5be50-52cd-48ed-bff2-5b08fa8b9480 (type: ports) to 1
2026-05-18 01:46:32.635 10 INFO neutron.wsgi [None req-a7e8e5a1-2f15-43e5-88c0-975cd8a54b36 ad99f012b08b4ba1ab0be78e5187799d e5bcca2faefd474d8316460513d23c8c - - default default] 10.0.0.109 "POST /v2.0/networks HTTP/1.1" status: 201 len: 832 time: 0.6527524
2026-05-18 01:46:32.798 9 INFO neutron.wsgi [None req-5fa4320d-e558-49de-947c-30178efc5d57 358eb5e28b6b4a238751b89c4950ac29 e4d8e39ad27a45a8b1f159aeba0598c4 - - default default] 10.0.0.109 "DELETE /v2.0/networks/4b8f5fa3-ffcc-4ea0-af79-b3b9310f05f4 HTTP/1.1" status: 204 len: 168 time: 0.3625784
2026-05-18 01:46:32.850 9 INFO neutron.services.segments.plugin [-] Segment 2198e2fd-695a-4be9-8234-e8554047686c resource provider aggregate not found
2026-05-18 01:46:32.854 9 INFO neutron.services.segments.plugin [-] Segment 2198e2fd-695a-4be9-8234-e8554047686c resource provider aggregate not found
2026-05-18 01:46:32.870 9 INFO neutron.services.segments.plugin [-] Segment 2198e2fd-695a-4be9-8234-e8554047686c resource provider not found; error: Placement Client Error (4xx): {"errors": [{"status": 404, "title": "Not Found", "detail": "The resource could not be found.\n\n No resource provider with uuid 2198e2fd-695a-4be9-8234-e8554047686c found for delete ", "request_id": "req-881123aa-4f30-48f5-bd5f-898054dda9ec"}]}
2026-05-18 01:46:32.870 9 INFO neutron.services.segments.plugin [-] Segment 2198e2fd-695a-4be9-8234-e8554047686c resource provider not found; error: Placement Client Error (4xx): {"errors": [{"status": 404, "title": "Not Found", "detail": "The resource could not be found.\n\n No resource provider with uuid 2198e2fd-695a-4be9-8234-e8554047686c found for delete ", "request_id": "req-4bd2cad5-a303-43dc-a683-f4f85a5a1719"}]}
2026-05-18 01:46:32.877 10 WARNING neutron.scheduler.dhcp_agent_scheduler [None req-11d0c9ec-f591-4813-9ec1-83a70ef84308 ad99f012b08b4ba1ab0be78e5187799d e5bcca2faefd474d8316460513d23c8c - - default default] No more DHCP agents
2026-05-18 01:46:32.878 10 WARNING neutron.api.rpc.agentnotifiers.dhcp_rpc_agent_api [None req-11d0c9ec-f591-4813-9ec1-83a70ef84308 ad99f012b08b4ba1ab0be78e5187799d e5bcca2faefd474d8316460513d23c8c - - default default] Unable to schedule network 54e24c99-6b92-4071-8b55-927e5da39999: no agents available; will retry on subsequent port and subnet creation events.
2026-05-18 01:46:32.926 10 INFO neutron.db.ovn_revision_numbers_db [None req-11d0c9ec-f591-4813-9ec1-83a70ef84308 ad99f012b08b4ba1ab0be78e5187799d e5bcca2faefd474d8316460513d23c8c - - default default] Successfully bumped revision number for resource 6320655e-b1f5-4b3f-8984-bb1f81778e09 (type: subnets) to 0
2026-05-18 01:46:32.941 10 INFO neutron.wsgi [None req-11d0c9ec-f591-4813-9ec1-83a70ef84308 ad99f012b08b4ba1ab0be78e5187799d e5bcca2faefd474d8316460513d23c8c - - default default] 10.0.0.109 "POST /v2.0/subnets HTTP/1.1" status: 201 len: 821 time: 0.2985263
2026-05-18 01:46:33.103 10 INFO neutron.db.ovn_revision_numbers_db [None req-63ff0364-67ea-4db5-ac29-584c874ef798 ad99f012b08b4ba1ab0be78e5187799d e5bcca2faefd474d8316460513d23c8c - - default default] Successfully bumped revision number for resource 275a4bda-88ae-4eaa-af2f-6a527bfcd0c7 (type: routers) to 1
2026-05-18 01:46:33.122 10 INFO neutron.wsgi [None req-63ff0364-67ea-4db5-ac29-584c874ef798 ad99f012b08b4ba1ab0be78e5187799d e5bcca2faefd474d8316460513d23c8c - - default default] 10.0.0.109 "POST /v2.0/routers HTTP/1.1" status: 201 len: 691 time: 0.1749117
2026-05-18 01:46:33.203 9 INFO neutron.wsgi [None req-42382502-6982-43fc-afe0-18f0c9d385a8 358eb5e28b6b4a238751b89c4950ac29 e4d8e39ad27a45a8b1f159aeba0598c4 - - default default] 10.0.0.109 "DELETE /v2.0/networks/6d2bea27-f439-4d1f-b8ea-d5025941ae8a HTTP/1.1" status: 204 len: 168 time: 0.4005744
2026-05-18 01:46:33.496 10 WARNING neutron.scheduler.dhcp_agent_scheduler [None req-ef9f395d-49a3-49de-a034-ffddef074313 ad99f012b08b4ba1ab0be78e5187799d e5bcca2faefd474d8316460513d23c8c - - default default] No more DHCP agents
2026-05-18 01:46:33.499 10 WARNING neutron.api.rpc.agentnotifiers.dhcp_rpc_agent_api [None req-ef9f395d-49a3-49de-a034-ffddef074313 ad99f012b08b4ba1ab0be78e5187799d e5bcca2faefd474d8316460513d23c8c - - default default] Unable to schedule network 54e24c99-6b92-4071-8b55-927e5da39999: no agents available; will retry on subsequent port and subnet creation events.
2026-05-18 01:46:33.563 9 INFO neutron.wsgi [None req-2d79633f-2df1-4156-87d9-efd9a132b498 358eb5e28b6b4a238751b89c4950ac29 e4d8e39ad27a45a8b1f159aeba0598c4 - - default default] 10.0.0.109 "DELETE /v2.0/networks/012f6eb5-bd62-49bd-8903-c29d9fd53eb2 HTTP/1.1" status: 204 len: 168 time: 0.3533568
2026-05-18 01:46:33.610 10 INFO neutron.db.ovn_revision_numbers_db [None req-ef9f395d-49a3-49de-a034-ffddef074313 ad99f012b08b4ba1ab0be78e5187799d e5bcca2faefd474d8316460513d23c8c - - default default] Successfully bumped revision number for resource b83f619d-5a63-4a5f-a5e1-4f8529985bc4 (type: ports) to 1
2026-05-18 01:46:33.751 10 INFO neutron.db.ovn_revision_numbers_db [None req-1d52d5ea-76fc-48f8-8086-44d2aa170b28 44bebc042d0641e5b3fba533bd2df1aa e5426fe12de64013b17ede98886d5e62 - - default default] Successfully bumped revision number for resource 70cfe59a-793c-4131-b15e-2b09c3ebad0e (type: security_groups) to 1
2026-05-18 01:46:33.787 10 INFO neutron.db.ovn_revision_numbers_db [None req-1d52d5ea-76fc-48f8-8086-44d2aa170b28 44bebc042d0641e5b3fba533bd2df1aa e5426fe12de64013b17ede98886d5e62 - - default default] Successfully bumped revision number for resource 00de8187-6263-40aa-a9aa-e70c1cf439d6 (type: security_group_rules) to 0
2026-05-18 01:46:33.803 10 INFO neutron.db.ovn_revision_numbers_db [None req-1d52d5ea-76fc-48f8-8086-44d2aa170b28 44bebc042d0641e5b3fba533bd2df1aa e5426fe12de64013b17ede98886d5e62 - - default default] Successfully bumped revision number for resource 211d3e05-bda1-45f2-af3e-0fd8c5d13d59 (type: security_group_rules) to 0
2026-05-18 01:46:33.829 10 INFO neutron.db.ovn_revision_numbers_db [None req-1d52d5ea-76fc-48f8-8086-44d2aa170b28 44bebc042d0641e5b3fba533bd2df1aa e5426fe12de64013b17ede98886d5e62 - - default default] Successfully bumped revision number for resource 495278ed-7226-4e97-8f04-dd4d7d8c8159 (type: security_group_rules) to 0
2026-05-18 01:46:33.847 10 INFO neutron.db.ovn_revision_numbers_db [None req-1d52d5ea-76fc-48f8-8086-44d2aa170b28 44bebc042d0641e5b3fba533bd2df1aa e5426fe12de64013b17ede98886d5e62 - - default default] Successfully bumped revision number for resource a3f47df6-2c4b-4ebf-8d60-eb5f886b5264 (type: security_group_rules) to 0
2026-05-18 01:46:33.914 10 INFO neutron.db.segments_db [None req-1d52d5ea-76fc-48f8-8086-44d2aa170b28 44bebc042d0641e5b3fba533bd2df1aa e5426fe12de64013b17ede98886d5e62 - - default default] Added segment 37258242-f667-4ac2-a6d2-bcf4b7ea3dc8 of type geneve for network 0011eb29-90dd-48d2-ad4c-3e9b1e0ce85a
2026-05-18 01:46:33.941 9 INFO neutron.wsgi [None req-1d6aa545-b664-44ff-90f4-ae6e109774f2 358eb5e28b6b4a238751b89c4950ac29 e4d8e39ad27a45a8b1f159aeba0598c4 - - default default] 10.0.0.109 "DELETE /v2.0/networks/15d185b9-860d-4d6b-9c82-a883d43bae4c HTTP/1.1" status: 204 len: 168 time: 0.3721824
2026-05-18 01:46:33.949 10 INFO neutron.wsgi [-] 10.0.0.69 "GET / HTTP/1.1" status: 200 len: 247 time: 0.0011737
2026-05-18 01:46:33.950 10 INFO neutron.wsgi [-] 10.0.0.69 "GET / HTTP/1.1" status: 200 len: 247 time: 0.0008423
2026-05-18 01:46:34.020 10 INFO neutron.plugins.ml2.drivers.ovn.mech_driver.mech_driver [None req-40637c31-0121-4113-bf8c-a5fc8cada4ed - - - - - -] OVN reports status up for port: b83f619d-5a63-4a5f-a5e1-4f8529985bc4
2026-05-18 01:46:34.042 10 INFO neutron.plugins.ml2.plugin [None req-40637c31-0121-4113-bf8c-a5fc8cada4ed - - - - - -] Attempt 1 to provision port b83f619d-5a63-4a5f-a5e1-4f8529985bc4
2026-05-18 01:46:34.077 10 INFO neutron.db.ovn_revision_numbers_db [None req-ef9f395d-49a3-49de-a034-ffddef074313 ad99f012b08b4ba1ab0be78e5187799d e5bcca2faefd474d8316460513d23c8c - - default default] Successfully bumped revision number for resource b83f619d-5a63-4a5f-a5e1-4f8529985bc4 (type: router_ports) to 1
2026-05-18 01:46:34.174 10 INFO neutron.db.ovn_revision_numbers_db [None req-1d52d5ea-76fc-48f8-8086-44d2aa170b28 44bebc042d0641e5b3fba533bd2df1aa e5426fe12de64013b17ede98886d5e62 - - default default] Successfully bumped revision number for resource 0011eb29-90dd-48d2-ad4c-3e9b1e0ce85a (type: networks) to 1
2026-05-18 01:46:34.333 10 INFO neutron.db.ovn_revision_numbers_db [None req-ef9f395d-49a3-49de-a034-ffddef074313 ad99f012b08b4ba1ab0be78e5187799d e5bcca2faefd474d8316460513d23c8c - - default default] Successfully bumped revision number for resource b83f619d-5a63-4a5f-a5e1-4f8529985bc4 (type: ports) to 1
2026-05-18 01:46:34.499 10 WARNING neutron.scheduler.dhcp_agent_scheduler [None req-ef9f395d-49a3-49de-a034-ffddef074313 ad99f012b08b4ba1ab0be78e5187799d e5bcca2faefd474d8316460513d23c8c - - default default] No more DHCP agents
2026-05-18 01:46:34.517 10 WARNING neutron.api.rpc.agentnotifiers.dhcp_rpc_agent_api [None req-ef9f395d-49a3-49de-a034-ffddef074313 ad99f012b08b4ba1ab0be78e5187799d e5bcca2faefd474d8316460513d23c8c - - default default] Unable to schedule network 54e24c99-6b92-4071-8b55-927e5da39999: no agents available; will retry on subsequent port and subnet creation events.
2026-05-18 01:46:34.521 10 WARNING neutron.scheduler.dhcp_agent_scheduler [None req-1d52d5ea-76fc-48f8-8086-44d2aa170b28 44bebc042d0641e5b3fba533bd2df1aa e5426fe12de64013b17ede98886d5e62 - - default default] No more DHCP agents
2026-05-18 01:46:34.533 10 WARNING neutron.api.rpc.agentnotifiers.dhcp_rpc_agent_api [None req-1d52d5ea-76fc-48f8-8086-44d2aa170b28 44bebc042d0641e5b3fba533bd2df1aa e5426fe12de64013b17ede98886d5e62 - - default default] Unable to schedule network 0011eb29-90dd-48d2-ad4c-3e9b1e0ce85a: no agents available; will retry on subsequent port and subnet creation events.
2026-05-18 01:46:34.800 9 WARNING neutron.plugins.ml2.drivers.ovn.mech_driver.ovsdb.ovn_client [None req-b055a58f-4280-4f88-8c47-1e547457082e - - - - - -] No port found with ID 61c4cdf7-184f-48d5-b6a7-303ae4a13038: RuntimeError: No port found with ID 61c4cdf7-184f-48d5-b6a7-303ae4a13038
2026-05-18 01:46:34.894 9 INFO neutron.services.segments.plugin [-] Segment d37a9ec6-48bb-4d9d-8b09-d0d3a6f85cc6 resource provider aggregate not found
2026-05-18 01:46:34.902 9 INFO neutron.services.segments.plugin [-] Segment d37a9ec6-48bb-4d9d-8b09-d0d3a6f85cc6 resource provider aggregate not found
2026-05-18 01:46:34.912 9 INFO neutron.services.segments.plugin [-] Segment d37a9ec6-48bb-4d9d-8b09-d0d3a6f85cc6 resource provider not found; error: Placement Client Error (4xx): {"errors": [{"status": 404, "title": "Not Found", "detail": "The resource could not be found.\n\n No resource provider with uuid d37a9ec6-48bb-4d9d-8b09-d0d3a6f85cc6 found for delete ", "request_id": "req-9283633b-df12-4a4c-bc20-4091fbb6f250"}]}
2026-05-18 01:46:34.920 10 INFO neutron.services.segments.plugin [-] Segment b0ccabfb-f44a-4db6-88d3-b7c56f700606 resource provider aggregate not found
2026-05-18 01:46:34.923 9 INFO neutron.services.segments.plugin [-] Segment d37a9ec6-48bb-4d9d-8b09-d0d3a6f85cc6 resource provider not found; error: Placement Client Error (4xx): {"errors": [{"status": 404, "title": "Not Found", "detail": "The resource could not be found.\n\n No resource provider with uuid d37a9ec6-48bb-4d9d-8b09-d0d3a6f85cc6 found for delete ", "request_id": "req-24246435-e0d2-4c42-a224-b79aef0317b4"}]}
2026-05-18 01:46:34.928 10 INFO neutron.services.segments.plugin [-] Segment b0ccabfb-f44a-4db6-88d3-b7c56f700606 resource provider aggregate not found
2026-05-18 01:46:34.928 9 INFO neutron.services.segments.plugin [-] Segment 956db023-6be2-4fbb-b42c-0d0cc95a06aa resource provider aggregate not found
2026-05-18 01:46:34.948 9 INFO neutron.services.segments.plugin [-] Segment 956db023-6be2-4fbb-b42c-0d0cc95a06aa resource provider not found; error: Placement Client Error (4xx): {"errors": [{"status": 404, "title": "Not Found", "detail": "The resource could not be found.\n\n No resource provider with uuid 956db023-6be2-4fbb-b42c-0d0cc95a06aa found for delete ", "request_id": "req-7f85a4f7-4094-4347-b0ed-d52ccd629a53"}]}
2026-05-18 01:46:34.956 9 INFO neutron.services.segments.plugin [-] Segment 956db023-6be2-4fbb-b42c-0d0cc95a06aa resource provider aggregate not found
2026-05-18 01:46:34.958 10 INFO neutron.services.segments.plugin [-] Segment b0ccabfb-f44a-4db6-88d3-b7c56f700606 resource provider not found; error: Placement Client Error (4xx): {"errors": [{"status": 404, "title": "Not Found", "detail": "The resource could not be found.\n\n No resource provider with uuid b0ccabfb-f44a-4db6-88d3-b7c56f700606 found for delete ", "request_id": "req-11fc9e67-e04f-4f7a-8781-947a09698d4d"}]}
2026-05-18 01:46:34.962 10 INFO neutron.services.segments.plugin [-] Segment b0ccabfb-f44a-4db6-88d3-b7c56f700606 resource provider not found; error: Placement Client Error (4xx): {"errors": [{"status": 404, "title": "Not Found", "detail": "The resource could not be found.\n\n No resource provider with uuid b0ccabfb-f44a-4db6-88d3-b7c56f700606 found for delete ", "request_id": "req-6be80493-adfe-4f40-bfb2-611baae86eb8"}]}
2026-05-18 01:46:34.965 10 INFO neutron.db.ovn_revision_numbers_db [None req-1d52d5ea-76fc-48f8-8086-44d2aa170b28 44bebc042d0641e5b3fba533bd2df1aa e5426fe12de64013b17ede98886d5e62 - - default default] Successfully bumped revision number for resource b12a6e1f-da1b-4ed0-b424-648b7347b6db (type: ports) to 1
2026-05-18 01:46:34.969 9 INFO neutron.services.segments.plugin [-] Segment 956db023-6be2-4fbb-b42c-0d0cc95a06aa resource provider not found; error: Placement Client Error (4xx): {"errors": [{"status": 404, "title": "Not Found", "detail": "The resource could not be found.\n\n No resource provider with uuid 956db023-6be2-4fbb-b42c-0d0cc95a06aa found for delete ", "request_id": "req-d989138c-48e5-43dc-b194-a4b5a7551435"}]}
2026-05-18 01:46:34.970 10 INFO neutron.db.ovn_revision_numbers_db [None req-40637c31-0121-4113-bf8c-a5fc8cada4ed - - - - - -] Successfully bumped revision number for resource b83f619d-5a63-4a5f-a5e1-4f8529985bc4 (type: ports) to 2
2026-05-18 01:46:34.979 9 INFO neutron.services.segments.plugin [-] Segment 7357c29c-2840-43d6-9bcf-6baf113a887d resource provider aggregate not found
2026-05-18 01:46:34.993 9 INFO neutron.services.segments.plugin [-] Segment 7357c29c-2840-43d6-9bcf-6baf113a887d resource provider aggregate not found
2026-05-18 01:46:34.999 9 INFO neutron.services.segments.plugin [-] Segment 7357c29c-2840-43d6-9bcf-6baf113a887d resource provider not found; error: Placement Client Error (4xx): {"errors": [{"status": 404, "title": "Not Found", "detail": "The resource could not be found.\n\n No resource provider with uuid 7357c29c-2840-43d6-9bcf-6baf113a887d found for delete ", "request_id": "req-90b07799-9134-42c7-bde7-a59dc05ce6ae"}]}
2026-05-18 01:46:35.012 9 INFO neutron.services.segments.plugin [-] Segment 7357c29c-2840-43d6-9bcf-6baf113a887d resource provider not found; error: Placement Client Error (4xx): {"errors": [{"status": 404, "title": "Not Found", "detail": "The resource could not be found.\n\n No resource provider with uuid 7357c29c-2840-43d6-9bcf-6baf113a887d found for delete ", "request_id": "req-82699d46-0a71-48b6-9cfb-10782ab8607f"}]}
2026-05-18 01:46:35.029 10 INFO neutron.wsgi [None req-8fa2c671-cade-479a-8315-5dbc41f7afa2 358eb5e28b6b4a238751b89c4950ac29 e4d8e39ad27a45a8b1f159aeba0598c4 - - default default] 10.0.0.109 "DELETE /v2.0/networks/0c9f5296-c386-4c05-b23a-eb5902761989 HTTP/1.1" status: 204 len: 168 time: 1.0824010
2026-05-18 01:46:35.048 10 INFO neutron.wsgi [None req-1d52d5ea-76fc-48f8-8086-44d2aa170b28 44bebc042d0641e5b3fba533bd2df1aa e5426fe12de64013b17ede98886d5e62 - - default default] 10.0.0.109 "POST /v2.0/networks HTTP/1.1" status: 201 len: 831 time: 1.5918841
2026-05-18 01:46:35.114 10 INFO neutron.db.ovn_revision_numbers_db [None req-ef9f395d-49a3-49de-a034-ffddef074313 ad99f012b08b4ba1ab0be78e5187799d e5bcca2faefd474d8316460513d23c8c - - default default] Successfully bumped revision number for resource b83f619d-5a63-4a5f-a5e1-4f8529985bc4 (type: router_ports) to 2
2026-05-18 01:46:35.116 10 INFO neutron.wsgi [None req-ef9f395d-49a3-49de-a034-ffddef074313 ad99f012b08b4ba1ab0be78e5187799d e5bcca2faefd474d8316460513d23c8c - - default default] 10.0.0.109 "PUT /v2.0/routers/275a4bda-88ae-4eaa-af2f-6a527bfcd0c7/add_router_interface HTTP/1.1" status: 200 len: 503 time: 1.9892976
2026-05-18 01:46:35.254 9 INFO neutron.wsgi [None req-768368eb-c0cf-4bf8-b130-47f3048f2c2c ad99f012b08b4ba1ab0be78e5187799d e5bcca2faefd474d8316460513d23c8c - - default default] 10.0.0.109 "GET /v2.0/ports/b83f619d-5a63-4a5f-a5e1-4f8529985bc4 HTTP/1.1" status: 200 len: 1141 time: 0.1192460
2026-05-18 01:46:35.291 10 INFO neutron.wsgi [None req-d67179c2-e3a0-4c18-b558-99011bb238f6 ad99f012b08b4ba1ab0be78e5187799d e5bcca2faefd474d8316460513d23c8c - - default default] 10.0.0.109 "GET /v2.0/ports/b83f619d-5a63-4a5f-a5e1-4f8529985bc4 HTTP/1.1" status: 200 len: 1141 time: 0.0325155
2026-05-18 01:46:35.367 9 WARNING neutron.scheduler.dhcp_agent_scheduler [None req-70877c76-e79c-4b8f-a06c-822d971b4f5c 44bebc042d0641e5b3fba533bd2df1aa e5426fe12de64013b17ede98886d5e62 - - default default] No more DHCP agents
2026-05-18 01:46:35.371 9 WARNING neutron.api.rpc.agentnotifiers.dhcp_rpc_agent_api [None req-70877c76-e79c-4b8f-a06c-822d971b4f5c 44bebc042d0641e5b3fba533bd2df1aa e5426fe12de64013b17ede98886d5e62 - - default default] Unable to schedule network 0011eb29-90dd-48d2-ad4c-3e9b1e0ce85a: no agents available; will retry on subsequent port and subnet creation events.
2026-05-18 01:46:35.467 9 INFO neutron.db.ovn_revision_numbers_db [None req-70877c76-e79c-4b8f-a06c-822d971b4f5c 44bebc042d0641e5b3fba533bd2df1aa e5426fe12de64013b17ede98886d5e62 - - default default] Successfully bumped revision number for resource 9cba9813-4367-4091-8beb-c9566876c437 (type: ports) to 1
2026-05-18 01:46:35.494 9 INFO neutron.wsgi [None req-70877c76-e79c-4b8f-a06c-822d971b4f5c 44bebc042d0641e5b3fba533bd2df1aa e5426fe12de64013b17ede98886d5e62 - - default default] 10.0.0.109 "POST /v2.0/ports HTTP/1.1" status: 201 len: 942 time: 0.4393795 /var/lib/openstack/lib/python3.10/site-packages/pycadf/identifier.py:71: UserWarning: Invalid uuid: neutron. To ensure interoperability, identifiers should be a valid uuid. warnings.warn(('Invalid uuid: %s. To ensure interoperability, '
2026-05-18 01:46:35.504 10 INFO neutron.db.ovn_revision_numbers_db [None req-06acea26-283e-443a-8b20-db24f0f171ca 2e0bf81ffc104005bbfd0306974e2f0b ff340c3f0a1a469fa3a45ca9642e8551 - - default default] Successfully bumped revision number for resource 5b52065b-0dca-4907-9456-81b91ccbba65 (type: security_groups) to 1
2026-05-18 01:46:35.524 10 INFO neutron.db.ovn_revision_numbers_db [None req-06acea26-283e-443a-8b20-db24f0f171ca 2e0bf81ffc104005bbfd0306974e2f0b ff340c3f0a1a469fa3a45ca9642e8551 - - default default] Successfully bumped revision number for resource 2d889ab6-03f7-4751-a78f-8ca68cf5c98c (type: security_group_rules) to 0
2026-05-18 01:46:35.540 10 INFO neutron.db.ovn_revision_numbers_db [None req-06acea26-283e-443a-8b20-db24f0f171ca 2e0bf81ffc104005bbfd0306974e2f0b ff340c3f0a1a469fa3a45ca9642e8551 - - default default] Successfully bumped revision number for resource 320f89d3-f843-4855-905a-60bccd698bc2 (type: security_group_rules) to 0
2026-05-18 01:46:35.556 10 INFO neutron.db.ovn_revision_numbers_db [None req-06acea26-283e-443a-8b20-db24f0f171ca 2e0bf81ffc104005bbfd0306974e2f0b ff340c3f0a1a469fa3a45ca9642e8551 - - default default] Successfully bumped revision number for resource d0b9b151-5226-4d94-9315-eddd2ee56d79 (type: security_group_rules) to 0
2026-05-18 01:46:35.598 10 INFO neutron.db.ovn_revision_numbers_db [None req-06acea26-283e-443a-8b20-db24f0f171ca 2e0bf81ffc104005bbfd0306974e2f0b ff340c3f0a1a469fa3a45ca9642e8551 - - default default] Successfully bumped revision number for resource d5255717-d5af-4672-8fb1-e90642277966 (type: security_group_rules) to 0
2026-05-18 01:46:35.605 9 INFO neutron.db.segments_db [None req-5efa6d6f-df0c-4031-a26b-3da99f049f6e 44bebc042d0641e5b3fba533bd2df1aa e5426fe12de64013b17ede98886d5e62 - - default default] Added segment 251cfcfe-cef0-4544-8c10-c818c6965d00 of type geneve for network a28039c1-2ce3-4e44-97aa-89338698e7ce
2026-05-18 01:46:35.627 10 INFO neutron.wsgi [None req-06acea26-283e-443a-8b20-db24f0f171ca 2e0bf81ffc104005bbfd0306974e2f0b ff340c3f0a1a469fa3a45ca9642e8551 - - default default] 10.0.0.109 "GET /v2.0/security-groups?tenant_id=91662981079947f9b33f4caa89219c84&name=default HTTP/1.1" status: 200 len: 2996 time: 0.4493885
2026-05-18 01:46:35.780 9 INFO neutron.db.ovn_revision_numbers_db [None req-5efa6d6f-df0c-4031-a26b-3da99f049f6e 44bebc042d0641e5b3fba533bd2df1aa e5426fe12de64013b17ede98886d5e62 - - default default] Successfully bumped revision number for resource a28039c1-2ce3-4e44-97aa-89338698e7ce (type: networks) to 1
2026-05-18 01:46:35.900 10 INFO neutron.wsgi [None req-93ffadf1-6adc-42de-b04a-2401343e0d48 ad99f012b08b4ba1ab0be78e5187799d e5bcca2faefd474d8316460513d23c8c - - default default] 10.0.0.109 "PUT /v2.0/routers/275a4bda-88ae-4eaa-af2f-6a527bfcd0c7/remove_router_interface HTTP/1.1" status: 200 len: 503 time: 0.6023016 /var/lib/openstack/lib/python3.10/site-packages/pycadf/identifier.py:71: UserWarning: Invalid uuid: neutron. To ensure interoperability, identifiers should be a valid uuid. warnings.warn(('Invalid uuid: %s. To ensure interoperability, '
2026-05-18 01:46:35.932 10 INFO neutron.wsgi [None req-6ff27e41-96c3-4f77-811e-ceadced86e37 ad99f012b08b4ba1ab0be78e5187799d e5bcca2faefd474d8316460513d23c8c - - default default] 10.0.0.109 "GET /v2.0/ports?device_id=275a4bda-88ae-4eaa-af2f-6a527bfcd0c7 HTTP/1.1" status: 200 len: 205 time: 0.0253930
2026-05-18 01:46:35.992 9 INFO neutron.wsgi [None req-0ae4a563-1775-4428-a747-7e3325d89987 2e0bf81ffc104005bbfd0306974e2f0b ff340c3f0a1a469fa3a45ca9642e8551 - - default default] 10.0.0.109 "DELETE /v2.0/security-groups/5b52065b-0dca-4907-9456-81b91ccbba65 HTTP/1.1" status: 204 len: 168 time: 0.3540330
2026-05-18 01:46:36.019 9 WARNING neutron.scheduler.dhcp_agent_scheduler [None req-5efa6d6f-df0c-4031-a26b-3da99f049f6e 44bebc042d0641e5b3fba533bd2df1aa e5426fe12de64013b17ede98886d5e62 - - default default] No more DHCP agents
2026-05-18 01:46:36.022 9 WARNING neutron.api.rpc.agentnotifiers.dhcp_rpc_agent_api [None req-5efa6d6f-df0c-4031-a26b-3da99f049f6e 44bebc042d0641e5b3fba533bd2df1aa e5426fe12de64013b17ede98886d5e62 - - default default] Unable to schedule network a28039c1-2ce3-4e44-97aa-89338698e7ce: no agents available; will retry on subsequent port and subnet creation events.
2026-05-18 01:46:36.156 10 INFO neutron.wsgi [None req-bde487da-8568-4587-b8cd-a014ac1026d7 2e0bf81ffc104005bbfd0306974e2f0b ff340c3f0a1a469fa3a45ca9642e8551 - - default default] 10.0.0.109 "GET /v2.0/security-groups?tenant_id=e4d8e39ad27a45a8b1f159aeba0598c4&name=default HTTP/1.1" status: 200 len: 2996 time: 0.2176905
2026-05-18 01:46:36.187 9 INFO neutron.db.ovn_revision_numbers_db [None req-5efa6d6f-df0c-4031-a26b-3da99f049f6e 44bebc042d0641e5b3fba533bd2df1aa e5426fe12de64013b17ede98886d5e62 - - default default] Successfully bumped revision number for resource e8b4430b-5859-46ac-af79-6c816dc00cef (type: ports) to 1
2026-05-18 01:46:36.207 9 INFO neutron.wsgi [None req-9be40873-ad8f-4c17-ac90-b496998fd286 ad99f012b08b4ba1ab0be78e5187799d e5bcca2faefd474d8316460513d23c8c - - default default] 10.0.0.109 "DELETE /v2.0/routers/275a4bda-88ae-4eaa-af2f-6a527bfcd0c7 HTTP/1.1" status: 204 len: 168 time: 0.2660968
2026-05-18 01:46:36.234 9 INFO neutron.wsgi [None req-5efa6d6f-df0c-4031-a26b-3da99f049f6e 44bebc042d0641e5b3fba533bd2df1aa e5426fe12de64013b17ede98886d5e62 - - default default] 10.0.0.109 "POST /v2.0/networks HTTP/1.1" status: 201 len: 830 time: 0.7337239
2026-05-18 01:46:36.324 9 INFO neutron.db.ovn_revision_numbers_db [None req-46724ff6-60f4-41f8-84fe-38957fa6f56e 2e0bf81ffc104005bbfd0306974e2f0b ff340c3f0a1a469fa3a45ca9642e8551 - - default default] Successfully bumped revision number for resource dc2b9595-634f-4bf3-813d-dea490e66646 (type: security_groups) to 1
2026-05-18 01:46:36.348 9 INFO neutron.db.ovn_revision_numbers_db [None req-46724ff6-60f4-41f8-84fe-38957fa6f56e 2e0bf81ffc104005bbfd0306974e2f0b ff340c3f0a1a469fa3a45ca9642e8551 - - default default] Successfully bumped revision number for resource 358163f9-2814-4b6f-a053-0c3eb7a91b8d (type: security_group_rules) to 0
2026-05-18 01:46:36.372 9 INFO neutron.db.ovn_revision_numbers_db [None req-46724ff6-60f4-41f8-84fe-38957fa6f56e 2e0bf81ffc104005bbfd0306974e2f0b ff340c3f0a1a469fa3a45ca9642e8551 - - default default] Successfully bumped revision number for resource 4a43d190-63cf-4a37-90e1-5fefecd6bc7c (type: security_group_rules) to 0
2026-05-18 01:46:36.382 10 INFO neutron.wsgi [None req-0e62d323-6d31-4ecc-8515-14c9a46a09b0 2e0bf81ffc104005bbfd0306974e2f0b ff340c3f0a1a469fa3a45ca9642e8551 - - default default] 10.0.0.109 "DELETE /v2.0/security-groups/70ad214b-8346-48a6-aafe-0cef0dd514bc HTTP/1.1" status: 204 len: 168 time: 0.2201512
2026-05-18 01:46:36.404 9 INFO neutron.db.ovn_revision_numbers_db [None req-46724ff6-60f4-41f8-84fe-38957fa6f56e 2e0bf81ffc104005bbfd0306974e2f0b ff340c3f0a1a469fa3a45ca9642e8551 - - default default] Successfully bumped revision number for resource 602b4602-223d-49f1-8736-beee0acc966c (type: security_group_rules) to 0
2026-05-18 01:46:36.439 9 INFO neutron.db.ovn_revision_numbers_db [None req-46724ff6-60f4-41f8-84fe-38957fa6f56e 2e0bf81ffc104005bbfd0306974e2f0b ff340c3f0a1a469fa3a45ca9642e8551 - - default default] Successfully bumped revision number for resource be863e29-03df-4eaa-ae68-14e498dfbc28 (type: security_group_rules) to 0
2026-05-18 01:46:36.473 9 INFO neutron.wsgi [None req-46724ff6-60f4-41f8-84fe-38957fa6f56e 2e0bf81ffc104005bbfd0306974e2f0b ff340c3f0a1a469fa3a45ca9642e8551 - - default default] 10.0.0.109 "GET /v2.0/security-groups?tenant_id=936f6900593a42aca0206ea99aaf9481&name=default HTTP/1.1" status: 200 len: 2996 time: 0.3830619
2026-05-18 01:46:36.533 9 INFO neutron.wsgi [None req-d8ecc4de-16e9-4cd1-b8b4-45b39cefb418 ad99f012b08b4ba1ab0be78e5187799d e5bcca2faefd474d8316460513d23c8c - - default default] 10.0.0.109 "DELETE /v2.0/subnets/6320655e-b1f5-4b3f-8984-bb1f81778e09 HTTP/1.1" status: 204 len: 168 time: 0.3199983
2026-05-18 01:46:36.654 9 WARNING neutron.scheduler.dhcp_agent_scheduler [None req-ea96a5dc-dc9b-4137-bfd7-0f5ba858ec95 44bebc042d0641e5b3fba533bd2df1aa e5426fe12de64013b17ede98886d5e62 - - default default] No more DHCP agents
2026-05-18 01:46:36.655 10 INFO neutron.db.ovn_revision_numbers_db [None req-9435a8d3-a311-4005-8340-2c073c2ed7f7 2e0bf81ffc104005bbfd0306974e2f0b ff340c3f0a1a469fa3a45ca9642e8551 - - default default] Successfully bumped revision number for resource 32324a8a-a589-4113-8b5d-b899545d003f (type: security_groups) to 1
2026-05-18 01:46:36.656 9 WARNING neutron.api.rpc.agentnotifiers.dhcp_rpc_agent_api [None req-ea96a5dc-dc9b-4137-bfd7-0f5ba858ec95 44bebc042d0641e5b3fba533bd2df1aa e5426fe12de64013b17ede98886d5e62 - - default default] Unable to schedule network a28039c1-2ce3-4e44-97aa-89338698e7ce: no agents available; will retry on subsequent port and subnet creation events.
2026-05-18 01:46:36.672 10 INFO neutron.db.ovn_revision_numbers_db [None req-9435a8d3-a311-4005-8340-2c073c2ed7f7 2e0bf81ffc104005bbfd0306974e2f0b ff340c3f0a1a469fa3a45ca9642e8551 - - default default] Successfully bumped revision number for resource 66c38154-69ef-481a-92e2-4aae0719053d (type: security_group_rules) to 0
2026-05-18 01:46:36.683 10 INFO neutron.db.ovn_revision_numbers_db [None req-9435a8d3-a311-4005-8340-2c073c2ed7f7 2e0bf81ffc104005bbfd0306974e2f0b ff340c3f0a1a469fa3a45ca9642e8551 - - default default] Successfully bumped revision number for resource 6c78b9ba-fdf6-42a0-bd93-09ae83093988 (type: security_group_rules) to 0
2026-05-18 01:46:36.697 10 INFO neutron.db.ovn_revision_numbers_db [None req-9435a8d3-a311-4005-8340-2c073c2ed7f7 2e0bf81ffc104005bbfd0306974e2f0b ff340c3f0a1a469fa3a45ca9642e8551 - - default default] Successfully bumped revision number for resource abb07a46-4aff-4f51-8fa1-22d6aab8c44e (type: security_group_rules) to 0
2026-05-18 01:46:36.711 10 INFO neutron.wsgi [None req-ec187a94-10a9-41eb-9710-3f70840dab67 2e0bf81ffc104005bbfd0306974e2f0b ff340c3f0a1a469fa3a45ca9642e8551 - - default default] 10.0.0.109 "DELETE /v2.0/security-groups/dc2b9595-634f-4bf3-813d-dea490e66646 HTTP/1.1" status: 204 len: 168 time: 0.2312639
2026-05-18 01:46:36.712 10 INFO neutron.db.ovn_revision_numbers_db [None req-9435a8d3-a311-4005-8340-2c073c2ed7f7 2e0bf81ffc104005bbfd0306974e2f0b ff340c3f0a1a469fa3a45ca9642e8551 - - default default] Successfully bumped revision number for resource db617823-f910-4138-bf1a-d48d5d4eb1c7 (type: security_group_rules) to 0
2026-05-18 01:46:36.739 10 INFO neutron.wsgi [None req-9435a8d3-a311-4005-8340-2c073c2ed7f7 2e0bf81ffc104005bbfd0306974e2f0b ff340c3f0a1a469fa3a45ca9642e8551 - - default default] 10.0.0.109 "GET /v2.0/security-groups?tenant_id=fc70481c34cb4dbfafe9ba64e2d73bf7&name=default HTTP/1.1" status: 200 len: 2996 time: 0.2114334
2026-05-18 01:46:36.783 9 INFO neutron.db.ovn_revision_numbers_db [None req-ea96a5dc-dc9b-4137-bfd7-0f5ba858ec95 44bebc042d0641e5b3fba533bd2df1aa e5426fe12de64013b17ede98886d5e62 - - default default] Successfully bumped revision number for resource c4d6a1b6-ba85-44bb-97b0-8a2e232d1878 (type: ports) to 1
2026-05-18 01:46:36.812 9 INFO neutron.wsgi [None req-ea96a5dc-dc9b-4137-bfd7-0f5ba858ec95 44bebc042d0641e5b3fba533bd2df1aa e5426fe12de64013b17ede98886d5e62 - - default default] 10.0.0.109 "POST /v2.0/ports HTTP/1.1" status: 201 len: 942 time: 0.5730548
