2026-05-18 01:30:29.729 9 INFO neutron.db.ovn_revision_numbers_db [None req-2540156d-e9af-466d-9725-20c8d13dc533 4ff11bf2899548ad805cd1cdadc0db7e b5fab706a5854c878f6f17933e2647d1 - - 962da104e0de4d17b46b13014ad5ab31 962da104e0de4d17b46b13014ad5ab31] Successfully bumped revision number for resource e2102c59-288b-45d2-b0ad-806bba206b7e (type: networks) to 1
2026-05-18 01:30:29.875 9 WARNING neutron.scheduler.dhcp_agent_scheduler [None req-2540156d-e9af-466d-9725-20c8d13dc533 4ff11bf2899548ad805cd1cdadc0db7e b5fab706a5854c878f6f17933e2647d1 - - 962da104e0de4d17b46b13014ad5ab31 962da104e0de4d17b46b13014ad5ab31] No more DHCP agents
2026-05-18 01:30:29.877 9 WARNING neutron.api.rpc.agentnotifiers.dhcp_rpc_agent_api [None req-2540156d-e9af-466d-9725-20c8d13dc533 4ff11bf2899548ad805cd1cdadc0db7e b5fab706a5854c878f6f17933e2647d1 - - 962da104e0de4d17b46b13014ad5ab31 962da104e0de4d17b46b13014ad5ab31] Unable to schedule network e2102c59-288b-45d2-b0ad-806bba206b7e: no agents available; will retry on subsequent port and subnet creation events.
2026-05-18 01:30:29.955 9 INFO neutron.db.ovn_revision_numbers_db [None req-2540156d-e9af-466d-9725-20c8d13dc533 4ff11bf2899548ad805cd1cdadc0db7e b5fab706a5854c878f6f17933e2647d1 - - 962da104e0de4d17b46b13014ad5ab31 962da104e0de4d17b46b13014ad5ab31] Successfully bumped revision number for resource 98641052-0fca-4fe2-a208-77eb5c6d9a1d (type: ports) to 1
2026-05-18 01:30:29.979 9 INFO neutron.wsgi [None req-2540156d-e9af-466d-9725-20c8d13dc533 4ff11bf2899548ad805cd1cdadc0db7e b5fab706a5854c878f6f17933e2647d1 - - 962da104e0de4d17b46b13014ad5ab31 962da104e0de4d17b46b13014ad5ab31] 162.253.55.186 "POST /v2.0/networks HTTP/1.1" status: 201 len: 925 time: 0.5159645
2026-05-18 01:30:30.019 9 INFO neutron.wsgi [None req-f65fa748-a7be-4be8-bd8e-1534679c6b95 4ff11bf2899548ad805cd1cdadc0db7e b5fab706a5854c878f6f17933e2647d1 - - 962da104e0de4d17b46b13014ad5ab31 962da104e0de4d17b46b13014ad5ab31] 162.253.55.186 "GET /v2.0/ports?device_id=manila-share&binding%3Ahost_id=instance HTTP/1.1" status: 200 len: 210 time: 0.0305901
2026-05-18 01:30:30.030 9 INFO neutron.wsgi [None req-022df955-2538-41d2-b5a8-8c7d00ee8280 4ff11bf2899548ad805cd1cdadc0db7e b5fab706a5854c878f6f17933e2647d1 - - 962da104e0de4d17b46b13014ad5ab31 962da104e0de4d17b46b13014ad5ab31] 162.253.55.186 "GET /v2.0/extensions HTTP/1.1" status: 200 len: 16525 time: 0.0046036
2026-05-18 01:30:30.230 9 WARNING neutron.scheduler.dhcp_agent_scheduler [None req-fb020ea0-e97c-4ae0-9417-1072744f6515 4ff11bf2899548ad805cd1cdadc0db7e b5fab706a5854c878f6f17933e2647d1 - - 962da104e0de4d17b46b13014ad5ab31 962da104e0de4d17b46b13014ad5ab31] No more DHCP agents
2026-05-18 01:30:30.232 9 WARNING neutron.api.rpc.agentnotifiers.dhcp_rpc_agent_api [None req-fb020ea0-e97c-4ae0-9417-1072744f6515 4ff11bf2899548ad805cd1cdadc0db7e b5fab706a5854c878f6f17933e2647d1 - - 962da104e0de4d17b46b13014ad5ab31 962da104e0de4d17b46b13014ad5ab31] Unable to schedule network e2102c59-288b-45d2-b0ad-806bba206b7e: no agents available; will retry on subsequent port and subnet creation events.
2026-05-18 01:30:30.317 9 INFO neutron.db.ovn_revision_numbers_db [None req-fb020ea0-e97c-4ae0-9417-1072744f6515 4ff11bf2899548ad805cd1cdadc0db7e b5fab706a5854c878f6f17933e2647d1 - - 962da104e0de4d17b46b13014ad5ab31 962da104e0de4d17b46b13014ad5ab31] Successfully bumped revision number for resource cade5f1e-f998-46ed-a3da-19c7e9307bbd (type: ports) to 1
2026-05-18 01:30:30.491 9 INFO neutron.db.ovn_revision_numbers_db [None req-fb020ea0-e97c-4ae0-9417-1072744f6515 4ff11bf2899548ad805cd1cdadc0db7e b5fab706a5854c878f6f17933e2647d1 - - 962da104e0de4d17b46b13014ad5ab31 962da104e0de4d17b46b13014ad5ab31] Successfully bumped revision number for resource cade5f1e-f998-46ed-a3da-19c7e9307bbd (type: ports) to 1
2026-05-18 01:30:30.518 9 INFO neutron.wsgi [None req-fb020ea0-e97c-4ae0-9417-1072744f6515 4ff11bf2899548ad805cd1cdadc0db7e b5fab706a5854c878f6f17933e2647d1 - - 962da104e0de4d17b46b13014ad5ab31 962da104e0de4d17b46b13014ad5ab31] 162.253.55.186 "POST /v2.0/ports HTTP/1.1" status: 201 len: 1144 time: 0.4830651
2026-05-18 01:30:30.568 9 INFO neutron.wsgi [None req-2b6c5145-514f-4776-a9e0-aee2e56ff114 4ff11bf2899548ad805cd1cdadc0db7e b5fab706a5854c878f6f17933e2647d1 - - 962da104e0de4d17b46b13014ad5ab31 962da104e0de4d17b46b13014ad5ab31] 162.253.55.186 "GET /v2.0/networks/e2102c59-288b-45d2-b0ad-806bba206b7e HTTP/1.1" status: 200 len: 907 time: 0.0419011
2026-05-18 01:30:31.330 9 INFO neutron.plugins.ml2.drivers.ovn.mech_driver.mech_driver [-] OVN reports status up for port: cade5f1e-f998-46ed-a3da-19c7e9307bbd
2026-05-18 01:30:31.343 9 INFO neutron.plugins.ml2.plugin [None req-b055a58f-4280-4f88-8c47-1e547457082e - - - - - -] Attempt 1 to provision port cade5f1e-f998-46ed-a3da-19c7e9307bbd
2026-05-18 01:30:31.578 9 INFO neutron.db.ovn_revision_numbers_db [None req-b055a58f-4280-4f88-8c47-1e547457082e - - - - - -] Successfully bumped revision number for resource cade5f1e-f998-46ed-a3da-19c7e9307bbd (type: ports) to 3
2026-05-18 01:30:32.936 9 INFO neutron.wsgi [None req-29694730-45d3-4db6-bd86-46f7d4282f4c 4ff11bf2899548ad805cd1cdadc0db7e b5fab706a5854c878f6f17933e2647d1 - - 962da104e0de4d17b46b13014ad5ab31 962da104e0de4d17b46b13014ad5ab31] 162.253.55.186 "GET /v2.0/ports?device_id=manila-share&binding%3Ahost_id=instance HTTP/1.1" status: 200 len: 1172 time: 0.0349135
2026-05-18 01:30:32.983 9 INFO neutron.wsgi [None req-6c49f361-c12d-47e2-b075-2cf11e5c50af 4ff11bf2899548ad805cd1cdadc0db7e b5fab706a5854c878f6f17933e2647d1 - - 962da104e0de4d17b46b13014ad5ab31 962da104e0de4d17b46b13014ad5ab31] 162.253.55.186 "GET /v2.0/networks/e2102c59-288b-45d2-b0ad-806bba206b7e HTTP/1.1" status: 200 len: 907 time: 0.0401266
2026-05-18 01:30:33.950 9 INFO neutron.wsgi [-] 10.0.0.69 "GET / HTTP/1.1" status: 200 len: 247 time: 0.0024529
2026-05-18 01:30:33.952 9 INFO neutron.wsgi [-] 10.0.0.69 "GET / HTTP/1.1" status: 200 len: 247 time: 0.0013955
2026-05-18 01:30:43.028 10 INFO neutron.wsgi [None req-2d2bf9b6-e728-4559-b661-fe5d15b34d30 2e0bf81ffc104005bbfd0306974e2f0b ff340c3f0a1a469fa3a45ca9642e8551 - - default default] 162.253.55.186,10.0.0.69 "GET /v2.0/quotas/b5fab706a5854c878f6f17933e2647d1 HTTP/1.1" status: 200 len: 362 time: 0.0161312 /var/lib/openstack/lib/python3.10/site-packages/neutron/extensions/quotasv2.py:140: UserWarning: Neutron quota engine will require "--force" parameter to set a quota limit without checking the resource usage. warnings.warn('Neutron quota engine will require "--force" '
2026-05-18 01:30:43.414 10 INFO neutron.wsgi [None req-72777ac7-97f7-4fbd-b32e-a6fa5d78241f 2e0bf81ffc104005bbfd0306974e2f0b ff340c3f0a1a469fa3a45ca9642e8551 - - default default] 162.253.55.186,10.0.0.69 "PUT /v2.0/quotas/b5fab706a5854c878f6f17933e2647d1 HTTP/1.1" status: 200 len: 361 time: 0.0278234
2026-05-18 01:30:43.719 10 INFO neutron.wsgi [None req-91ebb222-e93f-4ede-b0c0-812a06499ca8 2e0bf81ffc104005bbfd0306974e2f0b ff340c3f0a1a469fa3a45ca9642e8551 - - default default] 162.253.55.186,10.0.0.69 "GET /v2.0/quotas/b5fab706a5854c878f6f17933e2647d1 HTTP/1.1" status: 200 len: 361 time: 0.0114591
2026-05-18 01:30:48.950 10 INFO neutron.wsgi [-] 10.0.0.69 "GET / HTTP/1.1" status: 200 len: 247 time: 0.0026047
2026-05-18 01:30:48.950 9 INFO neutron.wsgi [-] 10.0.0.69 "GET / HTTP/1.1" status: 200 len: 247 time: 0.0025780
2026-05-18 01:31:03.949 10 INFO neutron.wsgi [-] 10.0.0.69 "GET / HTTP/1.1" status: 200 len: 247 time: 0.0022731
2026-05-18 01:31:03.955 9 INFO neutron.wsgi [-] 10.0.0.69 "GET / HTTP/1.1" status: 200 len: 247 time: 0.0023994
2026-05-18 01:31:18.949 10 INFO neutron.wsgi [-] 10.0.0.69 "GET / HTTP/1.1" status: 200 len: 247 time: 0.0025313
2026-05-18 01:31:18.953 10 INFO neutron.wsgi [-] 10.0.0.69 "GET / HTTP/1.1" status: 200 len: 247 time: 0.0027549
2026-05-18 01:31:33.949 10 INFO neutron.wsgi [-] 10.0.0.69 "GET / HTTP/1.1" status: 200 len: 247 time: 0.0022943
2026-05-18 01:31:33.949 9 INFO neutron.wsgi [-] 10.0.0.69 "GET / HTTP/1.1" status: 200 len: 247 time: 0.0023515
2026-05-18 01:31:37.256 9 INFO neutron.wsgi [None req-87d6ef6b-c80b-4f51-8a49-d33a6ea557f5 2e0bf81ffc104005bbfd0306974e2f0b ff340c3f0a1a469fa3a45ca9642e8551 - - default default] 10.0.0.188 "GET /v2.0/floatingips HTTP/1.1" status: 200 len: 193 time: 0.0923014
2026-05-18 01:31:37.305 9 INFO neutron.wsgi [None req-5f8426f9-1195-47ce-afba-8630708b4b2e 2e0bf81ffc104005bbfd0306974e2f0b ff340c3f0a1a469fa3a45ca9642e8551 - - default default] 10.0.0.188 "GET /v2.0/subnets HTTP/1.1" status: 200 len: 1437 time: 0.0484662
2026-05-18 01:31:37.454 9 INFO neutron.wsgi [None req-4b873edf-e60d-45fa-acda-dc8a463fa8d9 2e0bf81ffc104005bbfd0306974e2f0b ff340c3f0a1a469fa3a45ca9642e8551 - - default default] 10.0.0.188 "GET /v2.0/networks HTTP/1.1" status: 200 len: 2350 time: 0.1479239
2026-05-18 01:31:37.491 9 INFO neutron.wsgi [None req-1ff3edc8-e476-443a-80a5-d249cf1529dd 2e0bf81ffc104005bbfd0306974e2f0b ff340c3f0a1a469fa3a45ca9642e8551 - - default default] 10.0.0.188 "GET /v2.0/routers HTTP/1.1" status: 200 len: 189 time: 0.0339177
2026-05-18 01:31:37.541 9 INFO neutron.wsgi [None req-9f199157-1f28-46bf-a28d-6aeeaccee670 2e0bf81ffc104005bbfd0306974e2f0b ff340c3f0a1a469fa3a45ca9642e8551 - - default default] 10.0.0.188 "GET /v2.0/agents?binary=ovn-controller HTTP/1.1" status: 200 len: 591 time: 0.0480106
2026-05-18 01:31:37.557 9 INFO neutron.wsgi [None req-b320f145-ecf6-4058-ac5b-39b864702644 2e0bf81ffc104005bbfd0306974e2f0b ff340c3f0a1a469fa3a45ca9642e8551 - - default default] 10.0.0.188 "GET /v2.0/agents HTTP/1.1" status: 200 len: 997 time: 0.0111065
2026-05-18 01:31:37.577 9 INFO neutron.wsgi [None req-6de54d68-7402-4094-ad32-34e03f284d03 2e0bf81ffc104005bbfd0306974e2f0b ff340c3f0a1a469fa3a45ca9642e8551 - - default default] 10.0.0.188 "GET /v2.0/network-ip-availabilities HTTP/1.1" status: 200 len: 1280 time: 0.0188789
2026-05-18 01:31:37.613 9 INFO neutron.wsgi [None req-d9808ce6-3fef-41e3-919a-de120e565b74 2e0bf81ffc104005bbfd0306974e2f0b ff340c3f0a1a469fa3a45ca9642e8551 - - default default] 10.0.0.188 "GET /v2.0/subnets HTTP/1.1" status: 200 len: 1437 time: 0.0347004
2026-05-18 01:31:37.622 9 INFO neutron.wsgi [None req-27d396cf-9796-4af3-ac28-0b3cacfd5054 2e0bf81ffc104005bbfd0306974e2f0b ff340c3f0a1a469fa3a45ca9642e8551 - - default default] 10.0.0.188 "GET /v2.0/subnetpools HTTP/1.1" status: 200 len: 193 time: 0.0083680
2026-05-18 01:31:37.661 9 INFO neutron.wsgi [None req-41ffccb0-f2b3-447c-8b7d-181d00ea17c4 2e0bf81ffc104005bbfd0306974e2f0b ff340c3f0a1a469fa3a45ca9642e8551 - - default default] 10.0.0.188 "GET /v2.0/security-groups HTTP/1.1" status: 200 len: 16803 time: 0.0384879
2026-05-18 01:31:37.716 9 INFO neutron.wsgi [None req-17624224-ec00-4730-85ba-666eadae4ace 2e0bf81ffc104005bbfd0306974e2f0b ff340c3f0a1a469fa3a45ca9642e8551 - - default default] 10.0.0.188 "GET /v2.0/ports HTTP/1.1" status: 200 len: 5351 time: 0.0489783
2026-05-18 01:31:48.949 10 INFO neutron.wsgi [-] 10.0.0.69 "GET / HTTP/1.1" status: 200 len: 247 time: 0.0023773
2026-05-18 01:31:48.952 10 INFO neutron.wsgi [-] 10.0.0.69 "GET / HTTP/1.1" status: 200 len: 247 time: 0.0018499
2026-05-18 01:32:03.950 10 INFO neutron.wsgi [-] 10.0.0.69 "GET / HTTP/1.1" status: 200 len: 247 time: 0.0024152
2026-05-18 01:32:03.950 9 INFO neutron.wsgi [-] 10.0.0.69 "GET / HTTP/1.1" status: 200 len: 247 time: 0.0029159
2026-05-18 01:32:18.950 9 INFO neutron.wsgi [-] 10.0.0.69 "GET / HTTP/1.1" status: 200 len: 247 time: 0.0035098
2026-05-18 01:32:18.951 10 INFO neutron.wsgi [-] 10.0.0.69 "GET / HTTP/1.1" status: 200 len: 247 time: 0.0046365
2026-05-18 01:32:33.950 10 INFO neutron.wsgi [-] 10.0.0.69 "GET / HTTP/1.1" status: 200 len: 247 time: 0.0025380
2026-05-18 01:32:33.951 9 INFO neutron.wsgi [-] 10.0.0.69 "GET / HTTP/1.1" status: 200 len: 247 time: 0.0043585
2026-05-18 01:32:37.201 9 INFO neutron.wsgi [None req-962f6cb1-4d0d-4a90-888a-a68836556c89 2e0bf81ffc104005bbfd0306974e2f0b ff340c3f0a1a469fa3a45ca9642e8551 - - default default] 10.0.0.188 "GET /v2.0/floatingips HTTP/1.1" status: 200 len: 193 time: 0.0727589
2026-05-18 01:32:37.228 9 INFO neutron.wsgi [None req-7931563e-8d06-469c-bb9e-751cda9e9faf 2e0bf81ffc104005bbfd0306974e2f0b ff340c3f0a1a469fa3a45ca9642e8551 - - default default] 10.0.0.188 "GET /v2.0/subnets HTTP/1.1" status: 200 len: 1437 time: 0.0259409
2026-05-18 01:32:37.260 9 INFO neutron.wsgi [None req-a8dfb081-54c6-4861-943e-c2603918704e 2e0bf81ffc104005bbfd0306974e2f0b ff340c3f0a1a469fa3a45ca9642e8551 - - default default] 10.0.0.188 "GET /v2.0/ports HTTP/1.1" status: 200 len: 5351 time: 0.0309730
2026-05-18 01:32:37.306 9 INFO neutron.wsgi [None req-ba640faa-7c2e-40e6-89e6-805bcb7914fa 2e0bf81ffc104005bbfd0306974e2f0b ff340c3f0a1a469fa3a45ca9642e8551 - - default default] 10.0.0.188 "GET /v2.0/security-groups HTTP/1.1" status: 200 len: 16803 time: 0.0401366
2026-05-18 01:32:37.337 9 INFO neutron.wsgi [None req-2914caa9-a965-43ff-a8da-c2f51549d591 2e0bf81ffc104005bbfd0306974e2f0b ff340c3f0a1a469fa3a45ca9642e8551 - - default default] 10.0.0.188 "GET /v2.0/agents HTTP/1.1" status: 200 len: 997 time: 0.0273681
2026-05-18 01:32:37.362 9 INFO neutron.wsgi [None req-6ac09a5f-34ca-4a67-bdd1-4a55f73faeec 2e0bf81ffc104005bbfd0306974e2f0b ff340c3f0a1a469fa3a45ca9642e8551 - - default default] 10.0.0.188 "GET /v2.0/subnets HTTP/1.1" status: 200 len: 1437 time: 0.0240698
2026-05-18 01:32:37.371 9 INFO neutron.wsgi [None req-c05ea232-81a3-4b0c-92c4-33d548fc69e1 2e0bf81ffc104005bbfd0306974e2f0b ff340c3f0a1a469fa3a45ca9642e8551 - - default default] 10.0.0.188 "GET /v2.0/subnetpools HTTP/1.1" status: 200 len: 193 time: 0.0081801
2026-05-18 01:32:37.434 9 INFO neutron.wsgi [None req-23b53ec6-c14f-4c26-8f39-6091568c5f20 2e0bf81ffc104005bbfd0306974e2f0b ff340c3f0a1a469fa3a45ca9642e8551 - - default default] 10.0.0.188 "GET /v2.0/networks HTTP/1.1" status: 200 len: 2350 time: 0.0625916
2026-05-18 01:32:37.456 9 INFO neutron.wsgi [None req-a9c18d33-6ffd-4fa8-a2c6-29756cfb70c5 2e0bf81ffc104005bbfd0306974e2f0b ff340c3f0a1a469fa3a45ca9642e8551 - - default default] 10.0.0.188 "GET /v2.0/routers HTTP/1.1" status: 200 len: 189 time: 0.0194736
2026-05-18 01:32:37.465 9 INFO neutron.wsgi [None req-9b980825-4622-4576-9825-27252c785bab 2e0bf81ffc104005bbfd0306974e2f0b ff340c3f0a1a469fa3a45ca9642e8551 - - default default] 10.0.0.188 "GET /v2.0/agents?binary=ovn-controller HTTP/1.1" status: 200 len: 591 time: 0.0084944
2026-05-18 01:32:37.476 9 INFO neutron.wsgi [None req-9ca60340-2e6c-49be-ab8e-acccba41bf75 2e0bf81ffc104005bbfd0306974e2f0b ff340c3f0a1a469fa3a45ca9642e8551 - - default default] 10.0.0.188 "GET /v2.0/network-ip-availabilities HTTP/1.1" status: 200 len: 1280 time: 0.0098584
2026-05-18 01:32:42.616 15 INFO neutron.db.ovn_revision_numbers_db [None req-5c80031e-4615-415f-9fe9-ca250a3446e8 - - - - - -] Successfully bumped revision number for resource bd4e6f2f-3978-4432-9417-3e19f607ce8f (type: security_groups) to 5
2026-05-18 01:32:42.616 15 INFO neutron.plugins.ml2.drivers.ovn.mech_driver.ovsdb.maintenance [None req-5c80031e-4615-415f-9fe9-ca250a3446e8 - - - - - -] Maintenance task: Synchronization finished (took 0.04 seconds)
2026-05-18 01:32:48.950 10 INFO neutron.wsgi [-] 10.0.0.69 "GET / HTTP/1.1" status: 200 len: 247 time: 0.0023332
2026-05-18 01:32:48.950 9 INFO neutron.wsgi [-] 10.0.0.69 "GET / HTTP/1.1" status: 200 len: 247 time: 0.0028563
2026-05-18 01:33:03.949 10 INFO neutron.wsgi [-] 10.0.0.69 "GET / HTTP/1.1" status: 200 len: 247 time: 0.0024223
2026-05-18 01:33:03.950 9 INFO neutron.wsgi [-] 10.0.0.69 "GET / HTTP/1.1" status: 200 len: 247 time: 0.0031397
2026-05-18 01:33:18.950 9 INFO neutron.wsgi [-] 10.0.0.69 "GET / HTTP/1.1" status: 200 len: 247 time: 0.0022955
2026-05-18 01:33:18.952 9 INFO neutron.wsgi [-] 10.0.0.69 "GET / HTTP/1.1" status: 200 len: 247 time: 0.0012813
2026-05-18 01:33:33.948 10 INFO neutron.wsgi [-] 10.0.0.69 "GET / HTTP/1.1" status: 200 len: 247 time: 0.0016642
2026-05-18 01:33:33.950 9 INFO neutron.wsgi [-] 10.0.0.69 "GET / HTTP/1.1" status: 200 len: 247 time: 0.0033631
2026-05-18 01:33:37.196 9 INFO neutron.wsgi [None req-de7b1cc3-1823-4195-b81a-6592e5183864 2e0bf81ffc104005bbfd0306974e2f0b ff340c3f0a1a469fa3a45ca9642e8551 - - default default] 10.0.0.188 "GET /v2.0/floatingips HTTP/1.1" status: 200 len: 193 time: 0.1080585
2026-05-18 01:33:37.250 9 INFO neutron.wsgi [None req-6601dfe0-b5b0-4b85-aebd-f9b60519bd1d 2e0bf81ffc104005bbfd0306974e2f0b ff340c3f0a1a469fa3a45ca9642e8551 - - default default] 10.0.0.188 "GET /v2.0/networks HTTP/1.1" status: 200 len: 2350 time: 0.0532515
2026-05-18 01:33:37.285 9 INFO neutron.wsgi [None req-4ae9985a-1828-4d38-b05d-12c46ce6bc9b 2e0bf81ffc104005bbfd0306974e2f0b ff340c3f0a1a469fa3a45ca9642e8551 - - default default] 10.0.0.188 "GET /v2.0/ports HTTP/1.1" status: 200 len: 5351 time: 0.0329781
2026-05-18 01:33:37.319 9 INFO neutron.wsgi [None req-7f19c16f-6800-4473-a89c-e7bcace254eb 2e0bf81ffc104005bbfd0306974e2f0b ff340c3f0a1a469fa3a45ca9642e8551 - - default default] 10.0.0.188 "GET /v2.0/agents HTTP/1.1" status: 200 len: 997 time: 0.0299447
2026-05-18 01:33:37.368 9 INFO neutron.wsgi [None req-5e54efc2-5a15-4668-bed3-92f5b5c8c5ab 2e0bf81ffc104005bbfd0306974e2f0b ff340c3f0a1a469fa3a45ca9642e8551 - - default default] 10.0.0.188 "GET /v2.0/security-groups HTTP/1.1" status: 200 len: 16803 time: 0.0486717
2026-05-18 01:33:37.398 9 INFO neutron.wsgi [None req-dc21fa53-3c69-44f9-942d-ca259cb71d27 2e0bf81ffc104005bbfd0306974e2f0b ff340c3f0a1a469fa3a45ca9642e8551 - - default default] 10.0.0.188 "GET /v2.0/routers HTTP/1.1" status: 200 len: 189 time: 0.0226190
2026-05-18 01:33:37.407 9 INFO neutron.wsgi [None req-2612491c-3c48-40ec-8df4-a6f24c59f525 2e0bf81ffc104005bbfd0306974e2f0b ff340c3f0a1a469fa3a45ca9642e8551 - - default default] 10.0.0.188 "GET /v2.0/agents?binary=ovn-controller HTTP/1.1" status: 200 len: 591 time: 0.0084553
2026-05-18 01:33:37.438 9 INFO neutron.wsgi [None req-7ac98c37-2c09-42d5-b90f-5225e7316ff8 2e0bf81ffc104005bbfd0306974e2f0b ff340c3f0a1a469fa3a45ca9642e8551 - - default default] 10.0.0.188 "GET /v2.0/subnets HTTP/1.1" status: 200 len: 1437 time: 0.0302215
2026-05-18 01:33:37.449 9 INFO neutron.wsgi [None req-2179d81b-f853-45d7-b5a3-fb587ceb9f85 2e0bf81ffc104005bbfd0306974e2f0b ff340c3f0a1a469fa3a45ca9642e8551 - - default default] 10.0.0.188 "GET /v2.0/network-ip-availabilities HTTP/1.1" status: 200 len: 1280 time: 0.0104609
2026-05-18 01:33:37.483 9 INFO neutron.wsgi [None req-258d320a-f8be-47f7-94b4-05727bfe4d5a 2e0bf81ffc104005bbfd0306974e2f0b ff340c3f0a1a469fa3a45ca9642e8551 - - default default] 10.0.0.188 "GET /v2.0/subnets HTTP/1.1" status: 200 len: 1437 time: 0.0332410
2026-05-18 01:33:37.493 9 INFO neutron.wsgi [None req-2de38267-c8e6-407b-a46d-366aa48a4acb 2e0bf81ffc104005bbfd0306974e2f0b ff340c3f0a1a469fa3a45ca9642e8551 - - default default] 10.0.0.188 "GET /v2.0/subnetpools HTTP/1.1" status: 200 len: 193 time: 0.0082035
2026-05-18 01:33:48.949 9 INFO neutron.wsgi [-] 10.0.0.69 "GET / HTTP/1.1" status: 200 len: 247 time: 0.0020151
2026-05-18 01:33:48.950 10 INFO neutron.wsgi [-] 10.0.0.69 "GET / HTTP/1.1" status: 200 len: 247 time: 0.0027425
2026-05-18 01:34:03.950 10 INFO neutron.wsgi [-] 10.0.0.69 "GET / HTTP/1.1" status: 200 len: 247 time: 0.0024586
2026-05-18 01:34:03.955 9 INFO neutron.wsgi [-] 10.0.0.69 "GET / HTTP/1.1" status: 200 len: 247 time: 0.0072441
2026-05-18 01:34:18.949 9 INFO neutron.wsgi [-] 10.0.0.69 "GET / HTTP/1.1" status: 200 len: 247 time: 0.0025573
2026-05-18 01:34:18.952 10 INFO neutron.wsgi [-] 10.0.0.69 "GET / HTTP/1.1" status: 200 len: 247 time: 0.0048649
2026-05-18 01:34:33.950 9 INFO neutron.wsgi [-] 10.0.0.69 "GET / HTTP/1.1" status: 200 len: 247 time: 0.0025873
2026-05-18 01:34:33.950 10 INFO neutron.wsgi [-] 10.0.0.69 "GET / HTTP/1.1" status: 200 len: 247 time: 0.0026858
2026-05-18 01:34:37.186 9 INFO neutron.wsgi [None req-ee631278-8d50-41c9-8f35-ec723bee2e34 2e0bf81ffc104005bbfd0306974e2f0b ff340c3f0a1a469fa3a45ca9642e8551 - - default default] 10.0.0.188 "GET /v2.0/networks HTTP/1.1" status: 200 len: 2350 time: 0.0971420
2026-05-18 01:34:37.214 9 INFO neutron.wsgi [None req-9d42b404-3ac1-47c0-b0ad-9a7d2fa853a6 2e0bf81ffc104005bbfd0306974e2f0b ff340c3f0a1a469fa3a45ca9642e8551 - - default default] 10.0.0.188 "GET /v2.0/subnets HTTP/1.1" status: 200 len: 1437 time: 0.0265887
2026-05-18 01:34:37.236 9 INFO neutron.wsgi [None req-f5b68e3e-f170-4071-a0f5-2348754c1425 2e0bf81ffc104005bbfd0306974e2f0b ff340c3f0a1a469fa3a45ca9642e8551 - - default default] 10.0.0.188 "GET /v2.0/routers HTTP/1.1" status: 200 len: 189 time: 0.0204906
2026-05-18 01:34:37.262 9 INFO neutron.wsgi [None req-afcf1f07-cf51-4aa4-83e5-18da988b8bc6 2e0bf81ffc104005bbfd0306974e2f0b ff340c3f0a1a469fa3a45ca9642e8551 - - default default] 10.0.0.188 "GET /v2.0/agents?binary=ovn-controller HTTP/1.1" status: 200 len: 591 time: 0.0256679
2026-05-18 01:34:37.280 9 INFO neutron.wsgi [None req-56e09f40-617d-45df-be5f-63291fd35c78 2e0bf81ffc104005bbfd0306974e2f0b ff340c3f0a1a469fa3a45ca9642e8551 - - default default] 10.0.0.188 "GET /v2.0/floatingips HTTP/1.1" status: 200 len: 193 time: 0.0171120
2026-05-18 01:34:37.309 9 INFO neutron.wsgi [None req-f86a6416-c0f9-407d-93aa-d13907934aad 2e0bf81ffc104005bbfd0306974e2f0b ff340c3f0a1a469fa3a45ca9642e8551 - - default default] 10.0.0.188 "GET /v2.0/subnets HTTP/1.1" status: 200 len: 1437 time: 0.0274806
2026-05-18 01:34:37.318 9 INFO neutron.wsgi [None req-ed288ebf-b0c1-4ce2-8204-5c4de87d4523 2e0bf81ffc104005bbfd0306974e2f0b ff340c3f0a1a469fa3a45ca9642e8551 - - default default] 10.0.0.188 "GET /v2.0/subnetpools HTTP/1.1" status: 200 len: 193 time: 0.0085218
2026-05-18 01:34:37.328 9 INFO neutron.wsgi [None req-4a205a24-790e-4e78-9eca-bba44ea3ee5d 2e0bf81ffc104005bbfd0306974e2f0b ff340c3f0a1a469fa3a45ca9642e8551 - - default default] 10.0.0.188 "GET /v2.0/agents HTTP/1.1" status: 200 len: 997 time: 0.0096185
2026-05-18 01:34:37.378 9 INFO neutron.wsgi [None req-cbe4e1c2-6909-4939-9f05-38bf8050d2d0 2e0bf81ffc104005bbfd0306974e2f0b ff340c3f0a1a469fa3a45ca9642e8551 - - default default] 10.0.0.188 "GET /v2.0/security-groups HTTP/1.1" status: 200 len: 16803 time: 0.0491381
2026-05-18 01:34:37.422 9 INFO neutron.wsgi [None req-64f05e06-7e37-464c-aad1-53c595dfa9c0 2e0bf81ffc104005bbfd0306974e2f0b ff340c3f0a1a469fa3a45ca9642e8551 - - default default] 10.0.0.188 "GET /v2.0/ports HTTP/1.1" status: 200 len: 5351 time: 0.0357337
2026-05-18 01:34:37.444 9 INFO neutron.wsgi [None req-026e84c2-9237-47bc-9f71-24da9fac67a1 2e0bf81ffc104005bbfd0306974e2f0b ff340c3f0a1a469fa3a45ca9642e8551 - - default default] 10.0.0.188 "GET /v2.0/network-ip-availabilities HTTP/1.1" status: 200 len: 1280 time: 0.0185547
2026-05-18 01:34:48.950 10 INFO neutron.wsgi [-] 10.0.0.69 "GET / HTTP/1.1" status: 200 len: 247 time: 0.0030830
2026-05-18 01:34:48.953 10 INFO neutron.wsgi [-] 10.0.0.69 "GET / HTTP/1.1" status: 200 len: 247 time: 0.0019128
2026-05-18 01:35:03.950 10 INFO neutron.wsgi [-] 10.0.0.69 "GET / HTTP/1.1" status: 200 len: 247 time: 0.0025327
2026-05-18 01:35:03.951 9 INFO neutron.wsgi [-] 10.0.0.69 "GET / HTTP/1.1" status: 200 len: 247 time: 0.0026119
2026-05-18 01:35:18.949 10 INFO neutron.wsgi [-] 10.0.0.69 "GET / HTTP/1.1" status: 200 len: 247 time: 0.0016510
2026-05-18 01:35:18.951 9 INFO neutron.wsgi [-] 10.0.0.69 "GET / HTTP/1.1" status: 200 len: 247 time: 0.0034027
2026-05-18 01:35:33.949 9 INFO neutron.wsgi [-] 10.0.0.69 "GET / HTTP/1.1" status: 200 len: 247 time: 0.0014961
2026-05-18 01:35:33.949 10 INFO neutron.wsgi [-] 10.0.0.69 "GET / HTTP/1.1" status: 200 len: 247 time: 0.0022147
2026-05-18 01:35:37.166 9 INFO neutron.wsgi [None req-33d62ced-509d-43d2-8985-04710da52d78 2e0bf81ffc104005bbfd0306974e2f0b ff340c3f0a1a469fa3a45ca9642e8551 - - default default] 10.0.0.188 "GET /v2.0/floatingips HTTP/1.1" status: 200 len: 193 time: 0.0740044
2026-05-18 01:35:37.226 9 INFO neutron.wsgi [None req-1407b854-7c72-4462-a302-35a0f4194742 2e0bf81ffc104005bbfd0306974e2f0b ff340c3f0a1a469fa3a45ca9642e8551 - - default default] 10.0.0.188 "GET /v2.0/networks HTTP/1.1" status: 200 len: 2350 time: 0.0587063
2026-05-18 01:35:37.269 9 INFO neutron.wsgi [None req-15ce94ea-cba9-456b-b663-f3d77783f4a8 2e0bf81ffc104005bbfd0306974e2f0b ff340c3f0a1a469fa3a45ca9642e8551 - - default default] 10.0.0.188 "GET /v2.0/security-groups HTTP/1.1" status: 200 len: 16803 time: 0.0402157
2026-05-18 01:35:37.303 9 INFO neutron.wsgi [None req-5dfc9359-3bf8-4f54-ad02-014a6364b079 2e0bf81ffc104005bbfd0306974e2f0b ff340c3f0a1a469fa3a45ca9642e8551 - - default default] 10.0.0.188 "GET /v2.0/subnets HTTP/1.1" status: 200 len: 1437 time: 0.0275340
2026-05-18 01:35:37.334 9 INFO neutron.wsgi [None req-385c2031-4784-4499-9bab-732dd1f70f93 2e0bf81ffc104005bbfd0306974e2f0b ff340c3f0a1a469fa3a45ca9642e8551 - - default default] 10.0.0.188 "GET /v2.0/ports HTTP/1.1" status: 200 len: 5351 time: 0.0294006
2026-05-18 01:35:37.363 9 INFO neutron.wsgi [None req-3ce49b95-aa70-430a-ad50-743aad0ae8f2 2e0bf81ffc104005bbfd0306974e2f0b ff340c3f0a1a469fa3a45ca9642e8551 - - default default] 10.0.0.188 "GET /v2.0/routers HTTP/1.1" status: 200 len: 189 time: 0.0258129
2026-05-18 01:35:37.392 9 INFO neutron.wsgi [None req-b3294763-77e4-4fd9-980f-5e25aa2ccd74 2e0bf81ffc104005bbfd0306974e2f0b ff340c3f0a1a469fa3a45ca9642e8551 - - default default] 10.0.0.188 "GET /v2.0/agents?binary=ovn-controller HTTP/1.1" status: 200 len: 591 time: 0.0288606
2026-05-18 01:35:37.405 9 INFO neutron.wsgi [None req-4aa705ce-dba8-48fb-9e35-f859f9dfca49 2e0bf81ffc104005bbfd0306974e2f0b ff340c3f0a1a469fa3a45ca9642e8551 - - default default] 10.0.0.188 "GET /v2.0/agents HTTP/1.1" status: 200 len: 997 time: 0.0116656
2026-05-18 01:35:37.439 9 INFO neutron.wsgi [None req-f419dda4-b2ec-4bc6-8b5f-5ab3e4852480 2e0bf81ffc104005bbfd0306974e2f0b ff340c3f0a1a469fa3a45ca9642e8551 - - default default] 10.0.0.188 "GET /v2.0/subnets HTTP/1.1" status: 200 len: 1437 time: 0.0334759
2026-05-18 01:35:37.451 9 INFO neutron.wsgi [None req-2414260c-fb72-48d5-978a-dcbf5aa39214 2e0bf81ffc104005bbfd0306974e2f0b ff340c3f0a1a469fa3a45ca9642e8551 - - default default] 10.0.0.188 "GET /v2.0/subnetpools HTTP/1.1" status: 200 len: 193 time: 0.0104620
2026-05-18 01:35:37.464 9 INFO neutron.wsgi [None req-5537dd1e-d13b-4c9e-a340-1027ed7a174b 2e0bf81ffc104005bbfd0306974e2f0b ff340c3f0a1a469fa3a45ca9642e8551 - - default default] 10.0.0.188 "GET /v2.0/network-ip-availabilities HTTP/1.1" status: 200 len: 1280 time: 0.0115554
2026-05-18 01:35:48.949 10 INFO neutron.wsgi [-] 10.0.0.69 "GET / HTTP/1.1" status: 200 len: 247 time: 0.0025618
2026-05-18 01:35:48.954 10 INFO neutron.wsgi [-] 10.0.0.69 "GET / HTTP/1.1" status: 200 len: 247 time: 0.0031798
2026-05-18 01:36:03.950 10 INFO neutron.wsgi [-] 10.0.0.69 "GET / HTTP/1.1" status: 200 len: 247 time: 0.0030932
2026-05-18 01:36:03.951 9 INFO neutron.wsgi [-] 10.0.0.69 "GET / HTTP/1.1" status: 200 len: 247 time: 0.0033200
2026-05-18 01:36:18.948 9 INFO neutron.wsgi [-] 10.0.0.69 "GET / HTTP/1.1" status: 200 len: 247 time: 0.0018206
2026-05-18 01:36:18.949 10 INFO neutron.wsgi [-] 10.0.0.69 "GET / HTTP/1.1" status: 200 len: 247 time: 0.0026114
2026-05-18 01:36:33.950 10 INFO neutron.wsgi [-] 10.0.0.69 "GET / HTTP/1.1" status: 200 len: 247 time: 0.0024240
2026-05-18 01:36:33.950 9 INFO neutron.wsgi [-] 10.0.0.69 "GET / HTTP/1.1" status: 200 len: 247 time: 0.0023568
2026-05-18 01:36:37.151 9 INFO neutron.wsgi [None req-f0bce2d9-d2b6-4436-823a-ee44f10b836d 2e0bf81ffc104005bbfd0306974e2f0b ff340c3f0a1a469fa3a45ca9642e8551 - - default default] 10.0.0.188 "GET /v2.0/floatingips HTTP/1.1" status: 200 len: 193 time: 0.0665507
2026-05-18 01:36:37.179 9 INFO neutron.wsgi [None req-a83d60d8-f6fb-4253-9ac6-45db1a47fbd2 2e0bf81ffc104005bbfd0306974e2f0b ff340c3f0a1a469fa3a45ca9642e8551 - - default default] 10.0.0.188 "GET /v2.0/subnets HTTP/1.1" status: 200 len: 1437 time: 0.0270488
2026-05-18 01:36:37.208 9 INFO neutron.wsgi [None req-c6c18539-3cc2-49b7-a4cc-99f61492721d 2e0bf81ffc104005bbfd0306974e2f0b ff340c3f0a1a469fa3a45ca9642e8551 - - default default] 10.0.0.188 "GET /v2.0/agents HTTP/1.1" status: 200 len: 997 time: 0.0281417
2026-05-18 01:36:37.255 9 INFO neutron.wsgi [None req-6c5cb101-1418-45b5-b116-a781cfe44d15 2e0bf81ffc104005bbfd0306974e2f0b ff340c3f0a1a469fa3a45ca9642e8551 - - default default] 10.0.0.188 "GET /v2.0/security-groups HTTP/1.1" status: 200 len: 16803 time: 0.0448563
2026-05-18 01:36:37.274 9 INFO neutron.wsgi [None req-10e38dfd-f349-40ee-a122-748aa8db0030 2e0bf81ffc104005bbfd0306974e2f0b ff340c3f0a1a469fa3a45ca9642e8551 - - default default] 10.0.0.188 "GET /v2.0/network-ip-availabilities HTTP/1.1" status: 200 len: 1280 time: 0.0133305
2026-05-18 01:36:37.387 9 INFO neutron.wsgi [None req-18ad3a40-0fa6-4135-8a1c-e4e5758cfcdc 2e0bf81ffc104005bbfd0306974e2f0b ff340c3f0a1a469fa3a45ca9642e8551 - - default default] 10.0.0.188 "GET /v2.0/networks HTTP/1.1" status: 200 len: 2350 time: 0.1121976
2026-05-18 01:36:37.420 9 INFO neutron.wsgi [None req-0c4d2c23-f8e8-495f-88e0-a83dfcf92a9e 2e0bf81ffc104005bbfd0306974e2f0b ff340c3f0a1a469fa3a45ca9642e8551 - - default default] 10.0.0.188 "GET /v2.0/ports HTTP/1.1" status: 200 len: 5351 time: 0.0305026
2026-05-18 01:36:37.444 9 INFO neutron.wsgi [None req-b6bf12a6-d9fb-4bf8-b189-87117e3546a6 2e0bf81ffc104005bbfd0306974e2f0b ff340c3f0a1a469fa3a45ca9642e8551 - - default default] 10.0.0.188 "GET /v2.0/routers HTTP/1.1" status: 200 len: 189 time: 0.0215392
2026-05-18 01:36:37.461 9 INFO neutron.wsgi [None req-6a3453fe-3e67-466d-9d43-5efedc2ff12e 2e0bf81ffc104005bbfd0306974e2f0b ff340c3f0a1a469fa3a45ca9642e8551 - - default default] 10.0.0.188 "GET /v2.0/agents?binary=ovn-controller HTTP/1.1" status: 200 len: 591 time: 0.0169261
2026-05-18 01:36:37.489 9 INFO neutron.wsgi [None req-7023561d-04af-4586-ac8e-ff703342d11b 2e0bf81ffc104005bbfd0306974e2f0b ff340c3f0a1a469fa3a45ca9642e8551 - - default default] 10.0.0.188 "GET /v2.0/subnets HTTP/1.1" status: 200 len: 1437 time: 0.0262067
2026-05-18 01:36:37.497 9 INFO neutron.wsgi [None req-18e5808c-7c84-4e9f-b607-86a5bfd0384b 2e0bf81ffc104005bbfd0306974e2f0b ff340c3f0a1a469fa3a45ca9642e8551 - - default default] 10.0.0.188 "GET /v2.0/subnetpools HTTP/1.1" status: 200 len: 193 time: 0.0073254
2026-05-18 01:36:48.949 9 INFO neutron.wsgi [-] 10.0.0.69 "GET / HTTP/1.1" status: 200 len: 247 time: 0.0018265
2026-05-18 01:36:48.950 10 INFO neutron.wsgi [-] 10.0.0.69 "GET / HTTP/1.1" status: 200 len: 247 time: 0.0027936
2026-05-18 01:37:03.949 10 INFO neutron.wsgi [-] 10.0.0.69 "GET / HTTP/1.1" status: 200 len: 247 time: 0.0023584
2026-05-18 01:37:03.950 9 INFO neutron.wsgi [-] 10.0.0.69 "GET / HTTP/1.1" status: 200 len: 247 time: 0.0034676
2026-05-18 01:37:18.950 10 INFO neutron.wsgi [-] 10.0.0.69 "GET / HTTP/1.1" status: 200 len: 247 time: 0.0032947
2026-05-18 01:37:18.952 10 INFO neutron.wsgi [-] 10.0.0.69 "GET / HTTP/1.1" status: 200 len: 247 time: 0.0011427
2026-05-18 01:37:33.949 10 INFO neutron.wsgi [-] 10.0.0.69 "GET / HTTP/1.1" status: 200 len: 247 time: 0.0016613
2026-05-18 01:37:33.949 9 INFO neutron.wsgi [-] 10.0.0.69 "GET / HTTP/1.1" status: 200 len: 247 time: 0.0019946
2026-05-18 01:37:37.170 9 INFO neutron.wsgi [None req-e1b6c388-31df-4d86-ab6a-d5f3f984d005 2e0bf81ffc104005bbfd0306974e2f0b ff340c3f0a1a469fa3a45ca9642e8551 - - default default] 10.0.0.188 "GET /v2.0/network-ip-availabilities HTTP/1.1" status: 200 len: 1280 time: 0.0557127
2026-05-18 01:37:37.200 9 INFO neutron.wsgi [None req-97c67184-e5de-450d-96be-124eba34c4d8 2e0bf81ffc104005bbfd0306974e2f0b ff340c3f0a1a469fa3a45ca9642e8551 - - default default] 10.0.0.188 "GET /v2.0/subnets HTTP/1.1" status: 200 len: 1437 time: 0.0290558
2026-05-18 01:37:37.209 9 INFO neutron.wsgi [None req-2dd91414-3556-40e9-8b4e-e65be09f350c 2e0bf81ffc104005bbfd0306974e2f0b ff340c3f0a1a469fa3a45ca9642e8551 - - default default] 10.0.0.188 "GET /v2.0/subnetpools HTTP/1.1" status: 200 len: 193 time: 0.0083170
2026-05-18 01:37:37.226 9 INFO neutron.wsgi [None req-b4c43794-e690-462e-9bee-e926f2a3a1a2 2e0bf81ffc104005bbfd0306974e2f0b ff340c3f0a1a469fa3a45ca9642e8551 - - default default] 10.0.0.188 "GET /v2.0/floatingips HTTP/1.1" status: 200 len: 193 time: 0.0158296
2026-05-18 01:37:37.251 9 INFO neutron.wsgi [None req-b84d2f97-59df-403e-887b-e8e8abd35364 2e0bf81ffc104005bbfd0306974e2f0b ff340c3f0a1a469fa3a45ca9642e8551 - - default default] 10.0.0.188 "GET /v2.0/routers HTTP/1.1" status: 200 len: 189 time: 0.0245717
2026-05-18 01:37:37.273 9 INFO neutron.wsgi [None req-1f25ae13-ff99-41eb-a0ad-800990047ddc 2e0bf81ffc104005bbfd0306974e2f0b ff340c3f0a1a469fa3a45ca9642e8551 - - default default] 10.0.0.188 "GET /v2.0/agents?binary=ovn-controller HTTP/1.1" status: 200 len: 591 time: 0.0218019
2026-05-18 01:37:37.286 9 INFO neutron.wsgi [None req-9163db3f-ee47-481a-ab48-68de25218af2 2e0bf81ffc104005bbfd0306974e2f0b ff340c3f0a1a469fa3a45ca9642e8551 - - default default] 10.0.0.188 "GET /v2.0/agents HTTP/1.1" status: 200 len: 997 time: 0.0103047
2026-05-18 01:37:37.344 9 INFO neutron.wsgi [None req-125ab479-6e1e-4b29-b389-912427b26ba2 2e0bf81ffc104005bbfd0306974e2f0b ff340c3f0a1a469fa3a45ca9642e8551 - - default default] 10.0.0.188 "GET /v2.0/networks HTTP/1.1" status: 200 len: 2350 time: 0.0566399
2026-05-18 01:37:37.392 9 INFO neutron.wsgi [None req-ce62fa40-df1c-4924-b1bc-3dc90a5c6e47 2e0bf81ffc104005bbfd0306974e2f0b ff340c3f0a1a469fa3a45ca9642e8551 - - default default] 10.0.0.188 "GET /v2.0/security-groups HTTP/1.1" status: 200 len: 16803 time: 0.0461679
2026-05-18 01:37:37.427 9 INFO neutron.wsgi [None req-95b52dd9-13fb-4b21-b3eb-43fa34495f53 2e0bf81ffc104005bbfd0306974e2f0b ff340c3f0a1a469fa3a45ca9642e8551 - - default default] 10.0.0.188 "GET /v2.0/subnets HTTP/1.1" status: 200 len: 1437 time: 0.0311730
2026-05-18 01:37:37.453 9 INFO neutron.wsgi [None req-ebc6616c-88e0-42ae-bec1-119795ed1db0 2e0bf81ffc104005bbfd0306974e2f0b ff340c3f0a1a469fa3a45ca9642e8551 - - default default] 10.0.0.188 "GET /v2.0/ports HTTP/1.1" status: 200 len: 5351 time: 0.0251846
2026-05-18 01:37:48.950 9 INFO neutron.wsgi [-] 10.0.0.69 "GET / HTTP/1.1" status: 200 len: 247 time: 0.0024107
2026-05-18 01:37:48.950 10 INFO neutron.wsgi [-] 10.0.0.69 "GET / HTTP/1.1" status: 200 len: 247 time: 0.0024126
2026-05-18 01:38:03.949 10 INFO neutron.wsgi [-] 10.0.0.69 "GET / HTTP/1.1" status: 200 len: 247 time: 0.0017135
2026-05-18 01:38:03.950 9 INFO neutron.wsgi [-] 10.0.0.69 "GET / HTTP/1.1" status: 200 len: 247 time: 0.0022480
2026-05-18 01:38:18.949 10 INFO neutron.wsgi [-] 10.0.0.69 "GET / HTTP/1.1" status: 200 len: 247 time: 0.0016921
2026-05-18 01:38:18.949 9 INFO neutron.wsgi [-] 10.0.0.69 "GET / HTTP/1.1" status: 200 len: 247 time: 0.0023077
2026-05-18 01:38:33.950 10 INFO neutron.wsgi [-] 10.0.0.69 "GET / HTTP/1.1" status: 200 len: 247 time: 0.0024800
2026-05-18 01:38:33.950 9 INFO neutron.wsgi [-] 10.0.0.69 "GET / HTTP/1.1" status: 200 len: 247 time: 0.0025613
2026-05-18 01:38:37.186 9 INFO neutron.wsgi [None req-13500436-f571-4790-892a-03ed983ba995 2e0bf81ffc104005bbfd0306974e2f0b ff340c3f0a1a469fa3a45ca9642e8551 - - default default] 10.0.0.188 "GET /v2.0/subnets HTTP/1.1" status: 200 len: 1437 time: 0.0795183
2026-05-18 01:38:37.197 9 INFO neutron.wsgi [None req-7ab6ae25-0c4c-4d24-b3f6-a28ebc4332c2 2e0bf81ffc104005bbfd0306974e2f0b ff340c3f0a1a469fa3a45ca9642e8551 - - default default] 10.0.0.188 "GET /v2.0/subnetpools HTTP/1.1" status: 200 len: 193 time: 0.0103273
2026-05-18 01:38:37.264 9 INFO neutron.wsgi [None req-74b4c254-c01d-4536-9da0-0643bea88811 2e0bf81ffc104005bbfd0306974e2f0b ff340c3f0a1a469fa3a45ca9642e8551 - - default default] 10.0.0.188 "GET /v2.0/networks HTTP/1.1" status: 200 len: 2350 time: 0.0661809
2026-05-18 01:38:37.301 9 INFO neutron.wsgi [None req-4d918622-46ae-4c50-a0d8-be81a218fb62 2e0bf81ffc104005bbfd0306974e2f0b ff340c3f0a1a469fa3a45ca9642e8551 - - default default] 10.0.0.188 "GET /v2.0/subnets HTTP/1.1" status: 200 len: 1437 time: 0.0337460
2026-05-18 01:38:37.321 9 INFO neutron.wsgi [None req-afcbc42e-4ee3-43f0-befe-75fac6d02f68 2e0bf81ffc104005bbfd0306974e2f0b ff340c3f0a1a469fa3a45ca9642e8551 - - default default] 10.0.0.188 "GET /v2.0/routers HTTP/1.1" status: 200 len: 189 time: 0.0190575
2026-05-18 01:38:37.350 9 INFO neutron.wsgi [None req-03092eb9-241e-4d2f-868c-8495095700ed 2e0bf81ffc104005bbfd0306974e2f0b ff340c3f0a1a469fa3a45ca9642e8551 - - default default] 10.0.0.188 "GET /v2.0/agents?binary=ovn-controller HTTP/1.1" status: 200 len: 591 time: 0.0280371
2026-05-18 01:38:37.361 9 INFO neutron.wsgi [None req-e292f4cb-cba0-48e0-9c65-01f80a907265 2e0bf81ffc104005bbfd0306974e2f0b ff340c3f0a1a469fa3a45ca9642e8551 - - default default] 10.0.0.188 "GET /v2.0/agents HTTP/1.1" status: 200 len: 997 time: 0.0105293
2026-05-18 01:38:37.385 9 INFO neutron.wsgi [None req-9c4f1064-3a1c-4ac9-9273-5ba86ec73e7a 2e0bf81ffc104005bbfd0306974e2f0b ff340c3f0a1a469fa3a45ca9642e8551 - - default default] 10.0.0.188 "GET /v2.0/floatingips HTTP/1.1" status: 200 len: 193 time: 0.0227118
2026-05-18 01:38:37.394 9 INFO neutron.wsgi [None req-ed4b97ec-60d0-4eed-b17d-00e278dcdc0d 2e0bf81ffc104005bbfd0306974e2f0b ff340c3f0a1a469fa3a45ca9642e8551 - - default default] 10.0.0.188 "GET /v2.0/network-ip-availabilities HTTP/1.1" status: 200 len: 1280 time: 0.0087433
2026-05-18 01:38:37.441 9 INFO neutron.wsgi [None req-375ccb72-f32c-4cf3-ae0f-2eb2879e228e 2e0bf81ffc104005bbfd0306974e2f0b ff340c3f0a1a469fa3a45ca9642e8551 - - default default] 10.0.0.188 "GET /v2.0/security-groups HTTP/1.1" status: 200 len: 16803 time: 0.0460517
2026-05-18 01:38:37.475 9 INFO neutron.wsgi [None req-9dfddcde-b6e2-4c86-b63d-7a0f801d552d 2e0bf81ffc104005bbfd0306974e2f0b ff340c3f0a1a469fa3a45ca9642e8551 - - default default] 10.0.0.188 "GET /v2.0/ports HTTP/1.1" status: 200 len: 5351 time: 0.0285504
2026-05-18 01:38:48.950 10 INFO neutron.wsgi [-] 10.0.0.69 "GET / HTTP/1.1" status: 200 len: 247 time: 0.0025308
2026-05-18 01:38:48.950 9 INFO neutron.wsgi [-] 10.0.0.69 "GET / HTTP/1.1" status: 200 len: 247 time: 0.0024922
2026-05-18 01:39:03.950 10 INFO neutron.wsgi [-] 10.0.0.69 "GET / HTTP/1.1" status: 200 len: 247 time: 0.0030549
2026-05-18 01:39:03.953 10 INFO neutron.wsgi [-] 10.0.0.69 "GET / HTTP/1.1" status: 200 len: 247 time: 0.0019152
2026-05-18 01:39:18.950 10 INFO neutron.wsgi [-] 10.0.0.69 "GET / HTTP/1.1" status: 200 len: 247 time: 0.0025759
2026-05-18 01:39:18.950 9 INFO neutron.wsgi [-] 10.0.0.69 "GET / HTTP/1.1" status: 200 len: 247 time: 0.0024705
2026-05-18 01:39:33.951 10 INFO neutron.wsgi [-] 10.0.0.69 "GET / HTTP/1.1" status: 200 len: 247 time: 0.0029552
2026-05-18 01:39:33.952 9 INFO neutron.wsgi [-] 10.0.0.69 "GET / HTTP/1.1" status: 200 len: 247 time: 0.0042784
2026-05-18 01:39:37.156 9 INFO neutron.wsgi [None req-bef6afb4-6888-41b2-9a71-041ef4694d48 2e0bf81ffc104005bbfd0306974e2f0b ff340c3f0a1a469fa3a45ca9642e8551 - - default default] 10.0.0.188 "GET /v2.0/routers HTTP/1.1" status: 200 len: 189 time: 0.0618069
2026-05-18 01:39:37.185 9 INFO neutron.wsgi [None req-2521632f-ad8d-449a-9f97-794b682e2a03 2e0bf81ffc104005bbfd0306974e2f0b ff340c3f0a1a469fa3a45ca9642e8551 - - default default] 10.0.0.188 "GET /v2.0/agents?binary=ovn-controller HTTP/1.1" status: 200 len: 591 time: 0.0290990
2026-05-18 01:39:37.202 9 INFO neutron.wsgi [None req-f64ee37b-d96f-410a-8367-d33210a9e604 2e0bf81ffc104005bbfd0306974e2f0b ff340c3f0a1a469fa3a45ca9642e8551 - - default default] 10.0.0.188 "GET /v2.0/floatingips HTTP/1.1" status: 200 len: 193 time: 0.0160046
2026-05-18 01:39:37.212 9 INFO neutron.wsgi [None req-0cc8a738-af22-4a7e-a269-3a9eababb6cd 2e0bf81ffc104005bbfd0306974e2f0b ff340c3f0a1a469fa3a45ca9642e8551 - - default default] 10.0.0.188 "GET /v2.0/network-ip-availabilities HTTP/1.1" status: 200 len: 1280 time: 0.0091884
2026-05-18 01:39:37.242 9 INFO neutron.wsgi [None req-c63d7679-9429-4dff-97a1-9f78d6fed284 2e0bf81ffc104005bbfd0306974e2f0b ff340c3f0a1a469fa3a45ca9642e8551 - - default default] 10.0.0.188 "GET /v2.0/subnets HTTP/1.1" status: 200 len: 1437 time: 0.0291882
2026-05-18 01:39:37.253 9 INFO neutron.wsgi [None req-635c140d-0309-4669-ba99-5885791266b6 2e0bf81ffc104005bbfd0306974e2f0b ff340c3f0a1a469fa3a45ca9642e8551 - - default default] 10.0.0.188 "GET /v2.0/subnetpools HTTP/1.1" status: 200 len: 193 time: 0.0101416
2026-05-18 01:39:37.285 9 INFO neutron.wsgi [None req-54e57cd8-47fc-4e37-abeb-d886da159d74 2e0bf81ffc104005bbfd0306974e2f0b ff340c3f0a1a469fa3a45ca9642e8551 - - default default] 10.0.0.188 "GET /v2.0/subnets HTTP/1.1" status: 200 len: 1437 time: 0.0312755
2026-05-18 01:39:37.294 9 INFO neutron.wsgi [None req-dd80e685-0f53-42a7-96ad-fd3ff670f8b0 2e0bf81ffc104005bbfd0306974e2f0b ff340c3f0a1a469fa3a45ca9642e8551 - - default default] 10.0.0.188 "GET /v2.0/agents HTTP/1.1" status: 200 len: 997 time: 0.0081093
2026-05-18 01:39:37.350 9 INFO neutron.wsgi [None req-84ad5b14-0267-4f3d-9d22-5dbbcfa42c4d 2e0bf81ffc104005bbfd0306974e2f0b ff340c3f0a1a469fa3a45ca9642e8551 - - default default] 10.0.0.188 "GET /v2.0/networks HTTP/1.1" status: 200 len: 2350 time: 0.0545635
2026-05-18 01:39:37.397 9 INFO neutron.wsgi [None req-d7b3e24c-a853-4e81-b5c1-f25671ad1c09 2e0bf81ffc104005bbfd0306974e2f0b ff340c3f0a1a469fa3a45ca9642e8551 - - default default] 10.0.0.188 "GET /v2.0/security-groups HTTP/1.1" status: 200 len: 16803 time: 0.0446360
2026-05-18 01:39:37.434 9 INFO neutron.wsgi [None req-a3445a25-a37c-4598-a9aa-1cc32ad3ffa7 2e0bf81ffc104005bbfd0306974e2f0b ff340c3f0a1a469fa3a45ca9642e8551 - - default default] 10.0.0.188 "GET /v2.0/ports HTTP/1.1" status: 200 len: 5351 time: 0.0312402
2026-05-18 01:39:48.949 10 INFO neutron.wsgi [-] 10.0.0.69 "GET / HTTP/1.1" status: 200 len: 247 time: 0.0018640
2026-05-18 01:39:48.950 9 INFO neutron.wsgi [-] 10.0.0.69 "GET / HTTP/1.1" status: 200 len: 247 time: 0.0024719
2026-05-18 01:40:03.948 10 INFO neutron.wsgi [-] 10.0.0.69 "GET / HTTP/1.1" status: 200 len: 247 time: 0.0017219
2026-05-18 01:40:03.951 10 INFO neutron.wsgi [-] 10.0.0.69 "GET / HTTP/1.1" status: 200 len: 247 time: 0.0016806
2026-05-18 01:40:18.948 10 INFO neutron.wsgi [-] 10.0.0.69 "GET / HTTP/1.1" status: 200 len: 247 time: 0.0014486
2026-05-18 01:40:18.949 9 INFO neutron.wsgi [-] 10.0.0.69 "GET / HTTP/1.1" status: 200 len: 247 time: 0.0018668
2026-05-18 01:40:33.949 9 INFO neutron.wsgi [-] 10.0.0.69 "GET / HTTP/1.1" status: 200 len: 247 time: 0.0024800
2026-05-18 01:40:33.950 10 INFO neutron.wsgi [-] 10.0.0.69 "GET / HTTP/1.1" status: 200 len: 247 time: 0.0027056
2026-05-18 01:40:37.298 9 INFO neutron.wsgi [None req-363f1b6d-80a1-45c5-9e54-dabde040f88a 2e0bf81ffc104005bbfd0306974e2f0b ff340c3f0a1a469fa3a45ca9642e8551 - - default default] 10.0.0.188 "GET /v2.0/security-groups HTTP/1.1" status: 200 len: 16803 time: 0.1563904
2026-05-18 01:40:37.332 9 INFO neutron.wsgi [None req-87162977-15b9-4d10-971b-175ee55a41a6 2e0bf81ffc104005bbfd0306974e2f0b ff340c3f0a1a469fa3a45ca9642e8551 - - default default] 10.0.0.188 "GET /v2.0/subnets HTTP/1.1" status: 200 len: 1437 time: 0.0276618
2026-05-18 01:40:37.354 9 INFO neutron.wsgi [None req-206b2c86-3496-41a2-b147-a7659e31f08e 2e0bf81ffc104005bbfd0306974e2f0b ff340c3f0a1a469fa3a45ca9642e8551 - - default default] 10.0.0.188 "GET /v2.0/routers HTTP/1.1" status: 200 len: 189 time: 0.0205021
2026-05-18 01:40:37.392 9 INFO neutron.wsgi [None req-933f2930-e5cd-4c84-b850-47e1704e5f8a 2e0bf81ffc104005bbfd0306974e2f0b ff340c3f0a1a469fa3a45ca9642e8551 - - default default] 10.0.0.188 "GET /v2.0/agents?binary=ovn-controller HTTP/1.1" status: 200 len: 591 time: 0.0379503
2026-05-18 01:40:37.436 9 INFO neutron.wsgi [None req-7c970d02-8b02-4760-8031-46f0a59a1e17 2e0bf81ffc104005bbfd0306974e2f0b ff340c3f0a1a469fa3a45ca9642e8551 - - default default] 10.0.0.188 "GET /v2.0/ports HTTP/1.1" status: 200 len: 5351 time: 0.0427899
2026-05-18 01:40:37.454 9 INFO neutron.wsgi [None req-269733e8-2e00-4018-8ca8-6f0fbdc77b65 2e0bf81ffc104005bbfd0306974e2f0b ff340c3f0a1a469fa3a45ca9642e8551 - - default default] 10.0.0.188 "GET /v2.0/network-ip-availabilities HTTP/1.1" status: 200 len: 1280 time: 0.0122964
2026-05-18 01:40:37.474 9 INFO neutron.wsgi [None req-2031d9ae-c562-4901-933b-0e742a68f1bd 2e0bf81ffc104005bbfd0306974e2f0b ff340c3f0a1a469fa3a45ca9642e8551 - - default default] 10.0.0.188 "GET /v2.0/floatingips HTTP/1.1" status: 200 len: 193 time: 0.0190835
2026-05-18 01:40:37.530 9 INFO neutron.wsgi [None req-b2f02dd0-79cf-44bd-87a1-92fb12d01a1a 2e0bf81ffc104005bbfd0306974e2f0b ff340c3f0a1a469fa3a45ca9642e8551 - - default default] 10.0.0.188 "GET /v2.0/networks HTTP/1.1" status: 200 len: 2350 time: 0.0555875
2026-05-18 01:40:37.540 9 INFO neutron.wsgi [None req-5331cb68-e9e3-4994-9ca7-5f9091595ad0 2e0bf81ffc104005bbfd0306974e2f0b ff340c3f0a1a469fa3a45ca9642e8551 - - default default] 10.0.0.188 "GET /v2.0/agents HTTP/1.1" status: 200 len: 997 time: 0.0086169
2026-05-18 01:40:37.572 9 INFO neutron.wsgi [None req-99e34b01-0e86-444f-aab3-d7976ac2c43c 2e0bf81ffc104005bbfd0306974e2f0b ff340c3f0a1a469fa3a45ca9642e8551 - - default default] 10.0.0.188 "GET /v2.0/subnets HTTP/1.1" status: 200 len: 1437 time: 0.0314224
2026-05-18 01:40:37.581 9 INFO neutron.wsgi [None req-b77cd2de-ed2a-4a2f-a3c5-1d77f208eaae 2e0bf81ffc104005bbfd0306974e2f0b ff340c3f0a1a469fa3a45ca9642e8551 - - default default] 10.0.0.188 "GET /v2.0/subnetpools HTTP/1.1" status: 200 len: 193 time: 0.0083404
2026-05-18 01:40:48.949 10 INFO neutron.wsgi [-] 10.0.0.69 "GET / HTTP/1.1" status: 200 len: 247 time: 0.0018442
2026-05-18 01:40:48.955 9 INFO neutron.wsgi [-] 10.0.0.69 "GET / HTTP/1.1" status: 200 len: 247 time: 0.0068951
2026-05-18 01:41:03.950 10 INFO neutron.wsgi [-] 10.0.0.69 "GET / HTTP/1.1" status: 200 len: 247 time: 0.0027053
2026-05-18 01:41:03.951 9 INFO neutron.wsgi [-] 10.0.0.69 "GET / HTTP/1.1" status: 200 len: 247 time: 0.0033445
2026-05-18 01:41:06.651 9 INFO neutron.wsgi [None req-b701b283-61d4-4f92-bd2f-ca7e03f71f19 2e0bf81ffc104005bbfd0306974e2f0b ff340c3f0a1a469fa3a45ca9642e8551 - - default default] 162.253.55.186,10.0.0.69 "GET /v2.0/networks HTTP/1.1" status: 200 len: 2350 time: 0.1024070
2026-05-18 01:41:07.727 9 INFO neutron.wsgi [None req-22b4326f-4bf2-46ba-9824-cdd79d54f6bc 2e0bf81ffc104005bbfd0306974e2f0b ff340c3f0a1a469fa3a45ca9642e8551 - - default default] 162.253.55.186,10.0.0.69 "GET /v2.0/subnets HTTP/1.1" status: 200 len: 1437 time: 0.0649018
2026-05-18 01:41:07.795 9 INFO neutron.wsgi [None req-5d845fc5-e252-4b85-b4ca-d137fe96b22f 2e0bf81ffc104005bbfd0306974e2f0b ff340c3f0a1a469fa3a45ca9642e8551 - - default default] 162.253.55.186,10.0.0.69 "GET /v2.0/networks HTTP/1.1" status: 200 len: 2350 time: 0.0615087
2026-05-18 01:41:18.949 9 INFO neutron.wsgi [-] 10.0.0.69 "GET / HTTP/1.1" status: 200 len: 247 time: 0.0018690
2026-05-18 01:41:18.950 10 INFO neutron.wsgi [-] 10.0.0.69 "GET / HTTP/1.1" status: 200 len: 247 time: 0.0026026
2026-05-18 01:41:33.950 9 INFO neutron.wsgi [-] 10.0.0.69 "GET / HTTP/1.1" status: 200 len: 247 time: 0.0024512
2026-05-18 01:41:33.951 10 INFO neutron.wsgi [-] 10.0.0.69 "GET / HTTP/1.1" status: 200 len: 247 time: 0.0023410
2026-05-18 01:41:37.227 9 INFO neutron.wsgi [None req-ff5398df-4202-44e3-880d-ed57a281b989 2e0bf81ffc104005bbfd0306974e2f0b ff340c3f0a1a469fa3a45ca9642e8551 - - default default] 10.0.0.188 "GET /v2.0/floatingips HTTP/1.1" status: 200 len: 193 time: 0.0664141
2026-05-18 01:41:37.253 9 INFO neutron.wsgi [None req-16d35a4d-5d94-47bd-b398-27a4163c8af0 2e0bf81ffc104005bbfd0306974e2f0b ff340c3f0a1a469fa3a45ca9642e8551 - - default default] 10.0.0.188 "GET /v2.0/subnets HTTP/1.1" status: 200 len: 1437 time: 0.0249004
2026-05-18 01:41:37.270 9 INFO neutron.wsgi [None req-985b0316-5a83-4d76-8974-2a701e722fd1 2e0bf81ffc104005bbfd0306974e2f0b ff340c3f0a1a469fa3a45ca9642e8551 - - default default] 10.0.0.188 "GET /v2.0/routers HTTP/1.1" status: 200 len: 189 time: 0.0164144
2026-05-18 01:41:37.304 9 INFO neutron.wsgi [None req-767bc0f9-1b34-4a03-814c-596e248666e6 2e0bf81ffc104005bbfd0306974e2f0b ff340c3f0a1a469fa3a45ca9642e8551 - - default default] 10.0.0.188 "GET /v2.0/agents?binary=ovn-controller HTTP/1.1" status: 200 len: 591 time: 0.0330782
2026-05-18 01:41:37.314 9 INFO neutron.wsgi [None req-af58b63a-2e07-4231-810b-e3865e738ae3 2e0bf81ffc104005bbfd0306974e2f0b ff340c3f0a1a469fa3a45ca9642e8551 - - default default] 10.0.0.188 "GET /v2.0/agents HTTP/1.1" status: 200 len: 997 time: 0.0096860
2026-05-18 01:41:37.324 9 INFO neutron.wsgi [None req-40b6b3a2-fa58-46a4-8d8b-e46096974e89 2e0bf81ffc104005bbfd0306974e2f0b ff340c3f0a1a469fa3a45ca9642e8551 - - default default] 10.0.0.188 "GET /v2.0/network-ip-availabilities HTTP/1.1" status: 200 len: 1280 time: 0.0088143
2026-05-18 01:41:37.379 9 INFO neutron.wsgi [None req-b18cb5a2-f967-4831-9c1c-88b2bf035b28 2e0bf81ffc104005bbfd0306974e2f0b ff340c3f0a1a469fa3a45ca9642e8551 - - default default] 10.0.0.188 "GET /v2.0/security-groups HTTP/1.1" status: 200 len: 16803 time: 0.0543015
2026-05-18 01:41:37.427 9 INFO neutron.wsgi [None req-a9239a3d-a10e-4eec-a053-6e02e494d969 2e0bf81ffc104005bbfd0306974e2f0b ff340c3f0a1a469fa3a45ca9642e8551 - - default default] 10.0.0.188 "GET /v2.0/ports HTTP/1.1" status: 200 len: 5351 time: 0.0439293
2026-05-18 01:41:37.490 9 INFO neutron.wsgi [None req-f1842f1b-4ff3-4755-8378-3c35f9e96ab5 2e0bf81ffc104005bbfd0306974e2f0b ff340c3f0a1a469fa3a45ca9642e8551 - - default default] 10.0.0.188 "GET /v2.0/networks HTTP/1.1" status: 200 len: 2350 time: 0.0587814
2026-05-18 01:41:37.522 9 INFO neutron.wsgi [None req-0ed7c252-ba5b-44fc-99b8-b5ee2169974b 2e0bf81ffc104005bbfd0306974e2f0b ff340c3f0a1a469fa3a45ca9642e8551 - - default default] 10.0.0.188 "GET /v2.0/subnets HTTP/1.1" status: 200 len: 1437 time: 0.0300367
2026-05-18 01:41:37.532 9 INFO neutron.wsgi [None req-6c21e8b6-11ef-4af9-9c03-96f2716f3c21 2e0bf81ffc104005bbfd0306974e2f0b ff340c3f0a1a469fa3a45ca9642e8551 - - default default] 10.0.0.188 "GET /v2.0/subnetpools HTTP/1.1" status: 200 len: 193 time: 0.0083296
