2026-05-18 01:50:02.848 9 INFO neutron.db.ovn_revision_numbers_db [None req-202bcddc-99d3-4211-977f-13766fe76fa1 2e0bf81ffc104005bbfd0306974e2f0b ff340c3f0a1a469fa3a45ca9642e8551 - - default default] Successfully bumped revision number for resource 5bd7221d-c744-4973-8ec6-099ebc8c4e3d (type: security_group_rules) to 0
2026-05-18 01:50:02.863 9 INFO neutron.db.ovn_revision_numbers_db [None req-202bcddc-99d3-4211-977f-13766fe76fa1 2e0bf81ffc104005bbfd0306974e2f0b ff340c3f0a1a469fa3a45ca9642e8551 - - default default] Successfully bumped revision number for resource af22fe27-f23c-4b2d-ab9a-78a122eefa9d (type: security_group_rules) to 0
2026-05-18 01:50:02.885 9 INFO neutron.db.ovn_revision_numbers_db [None req-202bcddc-99d3-4211-977f-13766fe76fa1 2e0bf81ffc104005bbfd0306974e2f0b ff340c3f0a1a469fa3a45ca9642e8551 - - default default] Successfully bumped revision number for resource de8b3b7c-6f0c-4446-8033-cb2094b83a1e (type: security_group_rules) to 0
2026-05-18 01:50:02.902 9 INFO neutron.db.ovn_revision_numbers_db [None req-202bcddc-99d3-4211-977f-13766fe76fa1 2e0bf81ffc104005bbfd0306974e2f0b ff340c3f0a1a469fa3a45ca9642e8551 - - default default] Successfully bumped revision number for resource f7982976-1700-4382-9f77-136ba28ebe71 (type: security_group_rules) to 0
2026-05-18 01:50:02.927 9 INFO neutron.wsgi [None req-202bcddc-99d3-4211-977f-13766fe76fa1 2e0bf81ffc104005bbfd0306974e2f0b ff340c3f0a1a469fa3a45ca9642e8551 - - default default] 10.0.0.109 "GET /v2.0/security-groups?tenant_id=f19ed43d37934cbeadecc1db2c8ac47c&name=default HTTP/1.1" status: 200 len: 3000 time: 0.2833762
2026-05-18 01:50:03.124 9 INFO neutron.wsgi [None req-89440033-f43e-4771-866a-8ca056ece8f3 2e0bf81ffc104005bbfd0306974e2f0b ff340c3f0a1a469fa3a45ca9642e8551 - - default default] 10.0.0.109 "DELETE /v2.0/security-groups/1a5e64bf-0661-4aff-ae28-80b7fb92f73f HTTP/1.1" status: 204 len: 168 time: 0.1919782
2026-05-18 01:50:03.359 9 INFO neutron.db.ovn_revision_numbers_db [None req-454e46a9-50ab-46a7-8b64-b64177d7db95 2e0bf81ffc104005bbfd0306974e2f0b ff340c3f0a1a469fa3a45ca9642e8551 - - default default] Successfully bumped revision number for resource e8a1726c-2b67-460b-9720-bb4051239be3 (type: security_groups) to 1
2026-05-18 01:50:03.376 9 INFO neutron.db.ovn_revision_numbers_db [None req-454e46a9-50ab-46a7-8b64-b64177d7db95 2e0bf81ffc104005bbfd0306974e2f0b ff340c3f0a1a469fa3a45ca9642e8551 - - default default] Successfully bumped revision number for resource 84e67f38-8c28-480a-8dac-7b0f9b38ddff (type: security_group_rules) to 0
2026-05-18 01:50:03.393 9 INFO neutron.db.ovn_revision_numbers_db [None req-454e46a9-50ab-46a7-8b64-b64177d7db95 2e0bf81ffc104005bbfd0306974e2f0b ff340c3f0a1a469fa3a45ca9642e8551 - - default default] Successfully bumped revision number for resource 896d35ba-26ca-4eb1-8b10-e3b2f74709c1 (type: security_group_rules) to 0
2026-05-18 01:50:03.409 9 INFO neutron.db.ovn_revision_numbers_db [None req-454e46a9-50ab-46a7-8b64-b64177d7db95 2e0bf81ffc104005bbfd0306974e2f0b ff340c3f0a1a469fa3a45ca9642e8551 - - default default] Successfully bumped revision number for resource e11d560d-7f94-4f55-b4a7-545430bd5927 (type: security_group_rules) to 0
2026-05-18 01:50:03.425 9 INFO neutron.db.ovn_revision_numbers_db [None req-454e46a9-50ab-46a7-8b64-b64177d7db95 2e0bf81ffc104005bbfd0306974e2f0b ff340c3f0a1a469fa3a45ca9642e8551 - - default default] Successfully bumped revision number for resource ea161235-192b-4405-9c2a-164b1d569dbe (type: security_group_rules) to 0
2026-05-18 01:50:03.448 9 INFO neutron.wsgi [None req-454e46a9-50ab-46a7-8b64-b64177d7db95 2e0bf81ffc104005bbfd0306974e2f0b ff340c3f0a1a469fa3a45ca9642e8551 - - default default] 10.0.0.109 "GET /v2.0/security-groups?tenant_id=16d69328bac54e00b5476bbec5ccabde&name=default HTTP/1.1" status: 200 len: 3000 time: 0.2129827
2026-05-18 01:50:03.638 9 INFO neutron.wsgi [None req-7aa732b5-657f-4958-ba2b-3a5e1a629e52 2e0bf81ffc104005bbfd0306974e2f0b ff340c3f0a1a469fa3a45ca9642e8551 - - default default] 10.0.0.109 "DELETE /v2.0/security-groups/e8a1726c-2b67-460b-9720-bb4051239be3 HTTP/1.1" status: 204 len: 168 time: 0.1846511
2026-05-18 01:50:03.950 9 INFO neutron.wsgi [-] 10.0.0.69 "GET / HTTP/1.1" status: 200 len: 247 time: 0.0026729
2026-05-18 01:50:03.953 9 INFO neutron.wsgi [-] 10.0.0.69 "GET / HTTP/1.1" status: 200 len: 247 time: 0.0022416
2026-05-18 01:50:05.365 9 INFO neutron.wsgi [None req-ade501a3-81b3-490e-9c3f-bd4190316a63 2e0bf81ffc104005bbfd0306974e2f0b ff340c3f0a1a469fa3a45ca9642e8551 - - default default] 162.253.55.186 "GET /v2.0/extensions/security-group HTTP/1.1" status: 200 len: 369 time: 0.0070863
2026-05-18 01:50:05.375 9 INFO neutron.wsgi [None req-3d900091-9946-4a71-9015-77ab4a5f2e6a 2e0bf81ffc104005bbfd0306974e2f0b ff340c3f0a1a469fa3a45ca9642e8551 - - default default] 162.253.55.186 "GET /v2.0/extensions/dns-integration HTTP/1.1" status: 200 len: 371 time: 0.0050886
2026-05-18 01:50:05.382 9 INFO neutron.wsgi [None req-bb586720-ee06-49a7-88f9-c447a09e85ba 2e0bf81ffc104005bbfd0306974e2f0b ff340c3f0a1a469fa3a45ca9642e8551 - - default default] 162.253.55.186 "GET /v2.0/extensions/qos HTTP/1.1" status: 200 len: 365 time: 0.0041878
2026-05-18 01:50:05.396 9 INFO neutron.wsgi [None req-5a49109b-63ac-45ab-94ea-5ce7764117de 2e0bf81ffc104005bbfd0306974e2f0b ff340c3f0a1a469fa3a45ca9642e8551 - - default default] 162.253.55.186 "GET /v2.0/extensions/allowed-address-pairs HTTP/1.1" status: 200 len: 383 time: 0.0065536
2026-05-18 01:50:05.470 9 INFO neutron.wsgi [None req-a1674dd4-fc24-4de3-ae39-37e906050b83 2e0bf81ffc104005bbfd0306974e2f0b ff340c3f0a1a469fa3a45ca9642e8551 - - default default] 162.253.55.186 "GET /v2.0/security-groups?name=lb-caaade72-493f-4c49-9ee0-0c370de45b50 HTTP/1.1" status: 200 len: 2939 time: 0.0669358
2026-05-18 01:50:05.512 9 INFO neutron.wsgi [None req-4a3b7bb2-20e5-4b3a-9275-2dd1b8553a11 2e0bf81ffc104005bbfd0306974e2f0b ff340c3f0a1a469fa3a45ca9642e8551 - - default default] 162.253.55.186 "GET /v2.0/security-group-rules?security_group_id=3689d63d-2474-43e6-916e-b99ee8a05902 HTTP/1.1" status: 200 len: 2406 time: 0.0356638
2026-05-18 01:50:05.624 9 INFO neutron.wsgi [None req-6946d08a-4bf0-487f-9e71-622d4e635a98 2e0bf81ffc104005bbfd0306974e2f0b ff340c3f0a1a469fa3a45ca9642e8551 - - default default] 162.253.55.186 "DELETE /v2.0/security-group-rules/5ca0d4c5-fdd7-4f78-bb1d-6ba613c470a3 HTTP/1.1" status: 204 len: 173 time: 0.1046793
2026-05-18 01:50:05.744 9 INFO neutron.wsgi [None req-5142e245-d2a0-4f8f-87cb-0f3928ae20e8 2e0bf81ffc104005bbfd0306974e2f0b ff340c3f0a1a469fa3a45ca9642e8551 - - default default] 162.253.55.186 "DELETE /v2.0/security-group-rules/f3c99835-42ff-45d5-9c76-8358e036fb70 HTTP/1.1" status: 204 len: 173 time: 0.1112728
2026-05-18 01:50:07.154 10 INFO neutron.wsgi [None req-726ce668-c24c-4bd3-84d0-317d2bdbe63d 870d8661d33644c1b2ce452ab798148b d5b1578207824967a053f156eff1849b - - default default] 10.0.0.109 "POST /v2.0/qos/policies HTTP/1.1" status: 201 len: 558 time: 0.2304416
2026-05-18 01:50:07.183 10 INFO neutron.wsgi [None req-8d4ea2b8-c7ee-4164-be49-37c7c00e378d 870d8661d33644c1b2ce452ab798148b d5b1578207824967a053f156eff1849b - - default default] 10.0.0.109 "PUT /v2.0/policies/d419ba7a-6861-40e1-beb2-1ba143608ba7/tags HTTP/1.1" status: 200 len: 218 time: 0.0239389
2026-05-18 01:50:07.202 10 INFO neutron.wsgi [None req-d98cda9a-441c-4e24-bd8c-403005d310ef 870d8661d33644c1b2ce452ab798148b d5b1578207824967a053f156eff1849b - - default default] 10.0.0.109 "GET /v2.0/policies/d419ba7a-6861-40e1-beb2-1ba143608ba7/tags HTTP/1.1" status: 200 len: 218 time: 0.0140665
2026-05-18 01:50:07.230 10 INFO neutron.wsgi [None req-160b29f3-bdb0-461d-a225-fea02ae9e8d9 870d8661d33644c1b2ce452ab798148b d5b1578207824967a053f156eff1849b - - default default] 10.0.0.109 "PUT /v2.0/policies/d419ba7a-6861-40e1-beb2-1ba143608ba7/tags/green HTTP/1.1" status: 201 len: 201 time: 0.0239458
2026-05-18 01:50:07.249 10 INFO neutron.wsgi [None req-c4963ff2-f7c7-4dd9-9eec-45ce7dda8ba3 870d8661d33644c1b2ce452ab798148b d5b1578207824967a053f156eff1849b - - default default] 10.0.0.109 "GET /v2.0/policies/d419ba7a-6861-40e1-beb2-1ba143608ba7/tags HTTP/1.1" status: 200 len: 227 time: 0.0148180
2026-05-18 01:50:07.269 10 INFO neutron.wsgi [None req-04b21ecc-201b-40f4-ba44-fced1eb9ad71 870d8661d33644c1b2ce452ab798148b d5b1578207824967a053f156eff1849b - - default default] 10.0.0.109 "PUT /v2.0/policies/d419ba7a-6861-40e1-beb2-1ba143608ba7/tags/red HTTP/1.1" status: 201 len: 201 time: 0.0150392
2026-05-18 01:50:07.288 10 INFO neutron.wsgi [None req-d8a6aa90-60a7-4400-9911-3ba38f481f09 870d8661d33644c1b2ce452ab798148b d5b1578207824967a053f156eff1849b - - default default] 10.0.0.109 "GET /v2.0/policies/d419ba7a-6861-40e1-beb2-1ba143608ba7/tags HTTP/1.1" status: 200 len: 227 time: 0.0160508
2026-05-18 01:50:07.317 10 INFO neutron.wsgi [None req-fc1009d5-3bad-448d-82d8-256d82b50d0e 870d8661d33644c1b2ce452ab798148b d5b1578207824967a053f156eff1849b - - default default] 10.0.0.109 "PUT /v2.0/policies/d419ba7a-6861-40e1-beb2-1ba143608ba7/tags/black.or.white HTTP/1.1" status: 201 len: 201 time: 0.0249338
2026-05-18 01:50:07.334 10 INFO neutron.wsgi [None req-85a0b362-e69a-4c19-bd3d-1645ec9dd05c 870d8661d33644c1b2ce452ab798148b d5b1578207824967a053f156eff1849b - - default default] 10.0.0.109 "GET /v2.0/policies/d419ba7a-6861-40e1-beb2-1ba143608ba7/tags HTTP/1.1" status: 200 len: 245 time: 0.0125926
2026-05-18 01:50:07.364 10 INFO neutron.wsgi [None req-5c1545ce-9110-49f1-a9dc-8ead204c7b69 870d8661d33644c1b2ce452ab798148b d5b1578207824967a053f156eff1849b - - default default] 10.0.0.109 "PUT /v2.0/policies/d419ba7a-6861-40e1-beb2-1ba143608ba7/tags HTTP/1.1" status: 200 len: 230 time: 0.0263977
2026-05-18 01:50:07.383 10 INFO neutron.wsgi [None req-6aaeb5ed-4b15-485c-a48e-e5c5a0c925d9 870d8661d33644c1b2ce452ab798148b d5b1578207824967a053f156eff1849b - - default default] 10.0.0.109 "GET /v2.0/policies/d419ba7a-6861-40e1-beb2-1ba143608ba7/tags HTTP/1.1" status: 200 len: 230 time: 0.0142694
2026-05-18 01:50:07.399 10 INFO neutron.wsgi [None req-d2f5ef77-f980-4675-b829-195a30ad933b 870d8661d33644c1b2ce452ab798148b d5b1578207824967a053f156eff1849b - - default default] 10.0.0.109 "GET /v2.0/policies/d419ba7a-6861-40e1-beb2-1ba143608ba7/tags/red HTTP/1.1" status: 204 len: 168 time: 0.0120816
2026-05-18 01:50:07.412 10 INFO neutron.api.v2.resource [None req-59d11d6b-3e81-4e77-ae58-9213f926a685 870d8661d33644c1b2ce452ab798148b d5b1578207824967a053f156eff1849b - - default default] show failed (client error): The resource could not be found.
2026-05-18 01:50:07.413 10 INFO neutron.wsgi [None req-59d11d6b-3e81-4e77-ae58-9213f926a685 870d8661d33644c1b2ce452ab798148b d5b1578207824967a053f156eff1849b - - default default] 10.0.0.109 "GET /v2.0/policies/d419ba7a-6861-40e1-beb2-1ba143608ba7/tags/green HTTP/1.1" status: 404 len: 299 time: 0.0106812
2026-05-18 01:50:07.443 10 INFO neutron.wsgi [None req-15e494d6-bf0b-4b12-a980-217cf244c0a0 870d8661d33644c1b2ce452ab798148b d5b1578207824967a053f156eff1849b - - default default] 10.0.0.109 "DELETE /v2.0/policies/d419ba7a-6861-40e1-beb2-1ba143608ba7/tags/red HTTP/1.1" status: 204 len: 168 time: 0.0253980
2026-05-18 01:50:07.462 10 INFO neutron.wsgi [None req-6c3c6a10-63f3-413d-b480-ab5a1dabe398 870d8661d33644c1b2ce452ab798148b d5b1578207824967a053f156eff1849b - - default default] 10.0.0.109 "GET /v2.0/policies/d419ba7a-6861-40e1-beb2-1ba143608ba7/tags HTTP/1.1" status: 200 len: 223 time: 0.0155106
2026-05-18 01:50:07.484 10 INFO neutron.api.v2.resource [None req-ca0ad150-74d5-4eda-8da8-2428d75a3e3b 870d8661d33644c1b2ce452ab798148b d5b1578207824967a053f156eff1849b - - default default] delete failed (client error): The resource could not be found.
2026-05-18 01:50:07.486 10 INFO neutron.wsgi [None req-ca0ad150-74d5-4eda-8da8-2428d75a3e3b 870d8661d33644c1b2ce452ab798148b d5b1578207824967a053f156eff1849b - - default default] 10.0.0.109 "DELETE /v2.0/policies/d419ba7a-6861-40e1-beb2-1ba143608ba7/tags/green HTTP/1.1" status: 404 len: 299 time: 0.0182264
2026-05-18 01:50:07.520 10 INFO neutron.wsgi [None req-9250e0ea-9ee7-4ebb-9d69-93d0ceb71edc 870d8661d33644c1b2ce452ab798148b d5b1578207824967a053f156eff1849b - - default default] 10.0.0.109 "DELETE /v2.0/policies/d419ba7a-6861-40e1-beb2-1ba143608ba7/tags HTTP/1.1" status: 204 len: 168 time: 0.0306752
2026-05-18 01:50:07.545 9 INFO neutron.wsgi [None req-b35b3cbb-55db-4dfd-9875-987b6d23ae8d 870d8661d33644c1b2ce452ab798148b d5b1578207824967a053f156eff1849b - - default default] 10.0.0.109 "GET /v2.0/policies/d419ba7a-6861-40e1-beb2-1ba143608ba7/tags HTTP/1.1" status: 200 len: 205 time: 0.0203617
2026-05-18 01:50:07.609 9 INFO neutron.wsgi [None req-6cc9a59f-2208-48bd-867b-9462b9a93eb5 870d8661d33644c1b2ce452ab798148b d5b1578207824967a053f156eff1849b - - default default] 10.0.0.109 "DELETE /v2.0/qos/policies/d419ba7a-6861-40e1-beb2-1ba143608ba7 HTTP/1.1" status: 204 len: 168 time: 0.0592699
2026-05-18 01:50:08.456 10 INFO neutron.db.ovn_revision_numbers_db [None req-064c3aa7-a586-4315-8912-ae0ce62f97a5 2e0bf81ffc104005bbfd0306974e2f0b ff340c3f0a1a469fa3a45ca9642e8551 - - default default] Successfully bumped revision number for resource cb301157-9560-4856-9ff9-125a5936e054 (type: security_groups) to 1
2026-05-18 01:50:08.470 10 INFO neutron.db.ovn_revision_numbers_db [None req-064c3aa7-a586-4315-8912-ae0ce62f97a5 2e0bf81ffc104005bbfd0306974e2f0b ff340c3f0a1a469fa3a45ca9642e8551 - - default default] Successfully bumped revision number for resource 3c72be97-6248-4a79-886b-fd584e5e8389 (type: security_group_rules) to 0
2026-05-18 01:50:08.484 10 INFO neutron.db.ovn_revision_numbers_db [None req-064c3aa7-a586-4315-8912-ae0ce62f97a5 2e0bf81ffc104005bbfd0306974e2f0b ff340c3f0a1a469fa3a45ca9642e8551 - - default default] Successfully bumped revision number for resource a528370f-7e3b-44c1-bcf0-cbfac0d7bf2b (type: security_group_rules) to 0
2026-05-18 01:50:08.500 10 INFO neutron.db.ovn_revision_numbers_db [None req-064c3aa7-a586-4315-8912-ae0ce62f97a5 2e0bf81ffc104005bbfd0306974e2f0b ff340c3f0a1a469fa3a45ca9642e8551 - - default default] Successfully bumped revision number for resource eb81bb50-7aa9-4364-8842-328c1c871c37 (type: security_group_rules) to 0
2026-05-18 01:50:08.515 10 INFO neutron.db.ovn_revision_numbers_db [None req-064c3aa7-a586-4315-8912-ae0ce62f97a5 2e0bf81ffc104005bbfd0306974e2f0b ff340c3f0a1a469fa3a45ca9642e8551 - - default default] Successfully bumped revision number for resource f90208ef-4fc6-4d2e-9229-723a8b3914a5 (type: security_group_rules) to 0
2026-05-18 01:50:08.540 10 INFO neutron.wsgi [None req-064c3aa7-a586-4315-8912-ae0ce62f97a5 2e0bf81ffc104005bbfd0306974e2f0b ff340c3f0a1a469fa3a45ca9642e8551 - - default default] 10.0.0.109 "GET /v2.0/security-groups?tenant_id=5e4d32b4628945ffbd40c7f84e78d909&name=default HTTP/1.1" status: 200 len: 3000 time: 0.2964602
2026-05-18 01:50:08.757 10 INFO neutron.wsgi [None req-be8e6521-ec7c-464f-8f5c-5feca3ff3f3f 2e0bf81ffc104005bbfd0306974e2f0b ff340c3f0a1a469fa3a45ca9642e8551 - - default default] 10.0.0.109 "DELETE /v2.0/security-groups/cb301157-9560-4856-9ff9-125a5936e054 HTTP/1.1" status: 204 len: 168 time: 0.2124662
2026-05-18 01:50:08.960 10 INFO neutron.db.ovn_revision_numbers_db [None req-6d93be6f-b937-47d8-894e-4dbe298d40eb 2e0bf81ffc104005bbfd0306974e2f0b ff340c3f0a1a469fa3a45ca9642e8551 - - default default] Successfully bumped revision number for resource 6343fead-8cf8-4f7b-bd31-36fe505ad3d4 (type: security_groups) to 1
2026-05-18 01:50:08.980 10 INFO neutron.db.ovn_revision_numbers_db [None req-6d93be6f-b937-47d8-894e-4dbe298d40eb 2e0bf81ffc104005bbfd0306974e2f0b ff340c3f0a1a469fa3a45ca9642e8551 - - default default] Successfully bumped revision number for resource 0b2937a8-7fff-4079-ab27-ce933a6b36ec (type: security_group_rules) to 0
2026-05-18 01:50:09.001 10 INFO neutron.db.ovn_revision_numbers_db [None req-6d93be6f-b937-47d8-894e-4dbe298d40eb 2e0bf81ffc104005bbfd0306974e2f0b ff340c3f0a1a469fa3a45ca9642e8551 - - default default] Successfully bumped revision number for resource 671b6d9b-af0a-4b1c-8c4c-5cd283ef9a5d (type: security_group_rules) to 0
2026-05-18 01:50:09.013 10 INFO neutron.db.ovn_revision_numbers_db [None req-6d93be6f-b937-47d8-894e-4dbe298d40eb 2e0bf81ffc104005bbfd0306974e2f0b ff340c3f0a1a469fa3a45ca9642e8551 - - default default] Successfully bumped revision number for resource 7fd4d1a1-85d2-43e0-a8ff-d633d7d81dd1 (type: security_group_rules) to 0
2026-05-18 01:50:09.024 10 INFO neutron.db.ovn_revision_numbers_db [None req-6d93be6f-b937-47d8-894e-4dbe298d40eb 2e0bf81ffc104005bbfd0306974e2f0b ff340c3f0a1a469fa3a45ca9642e8551 - - default default] Successfully bumped revision number for resource ff6c387b-b611-49cd-8738-40446e37ccbb (type: security_group_rules) to 0
2026-05-18 01:50:09.042 10 INFO neutron.wsgi [None req-6d93be6f-b937-47d8-894e-4dbe298d40eb 2e0bf81ffc104005bbfd0306974e2f0b ff340c3f0a1a469fa3a45ca9642e8551 - - default default] 10.0.0.109 "GET /v2.0/security-groups?tenant_id=d5b1578207824967a053f156eff1849b&name=default HTTP/1.1" status: 200 len: 3000 time: 0.1851289
2026-05-18 01:50:09.233 10 INFO neutron.wsgi [None req-b005e920-83be-4f6e-a9e3-72da37cde485 2e0bf81ffc104005bbfd0306974e2f0b ff340c3f0a1a469fa3a45ca9642e8551 - - default default] 10.0.0.109 "DELETE /v2.0/security-groups/6343fead-8cf8-4f7b-bd31-36fe505ad3d4 HTTP/1.1" status: 204 len: 168 time: 0.1861501
2026-05-18 01:50:10.245 10 INFO neutron.db.l3_db [None req-96048675-f3f3-4124-b6f3-d2786b9fea9a 801e7925043b4a299a516e8fb5a42eef bef97cf5d9134e84a9f602d7b2b0528e - - default default] Floating IP 6dbd74bf-d581-4bc6-96fa-c6f03a16f02c disassociated (deleted). External IP: 10.96.250.212, port: 77a50d89-1ebe-4e64-b82a-e4bb8011bfc1.
2026-05-18 01:50:10.287 10 INFO neutron.wsgi [None req-96048675-f3f3-4124-b6f3-d2786b9fea9a 801e7925043b4a299a516e8fb5a42eef bef97cf5d9134e84a9f602d7b2b0528e - - default default] 10.0.0.109 "DELETE /v2.0/floatingips/6dbd74bf-d581-4bc6-96fa-c6f03a16f02c HTTP/1.1" status: 204 len: 168 time: 0.4969025
2026-05-18 01:50:10.309 10 INFO neutron.api.v2.resource [None req-2d24bae5-3d45-4cad-b86d-0b3e9d8b04ee 801e7925043b4a299a516e8fb5a42eef bef97cf5d9134e84a9f602d7b2b0528e - - default default] show failed (client error): The resource could not be found.
2026-05-18 01:50:10.311 10 INFO neutron.wsgi [None req-2d24bae5-3d45-4cad-b86d-0b3e9d8b04ee 801e7925043b4a299a516e8fb5a42eef bef97cf5d9134e84a9f602d7b2b0528e - - default default] 10.0.0.109 "GET /v2.0/floatingips/6dbd74bf-d581-4bc6-96fa-c6f03a16f02c HTTP/1.1" status: 404 len: 345 time: 0.0195355
2026-05-18 01:50:10.598 10 INFO neutron.wsgi [None req-b3079c88-3970-47c2-9e52-9ce72fc5cea6 2e0bf81ffc104005bbfd0306974e2f0b ff340c3f0a1a469fa3a45ca9642e8551 - - default default] 162.253.55.186 "GET /v2.0/extensions/security-group HTTP/1.1" status: 200 len: 369 time: 0.0110590
2026-05-18 01:50:10.612 10 INFO neutron.wsgi [None req-331970d9-4dc9-4e54-950d-da7996dc5c2c 2e0bf81ffc104005bbfd0306974e2f0b ff340c3f0a1a469fa3a45ca9642e8551 - - default default] 162.253.55.186 "GET /v2.0/extensions/dns-integration HTTP/1.1" status: 200 len: 371 time: 0.0080278
2026-05-18 01:50:10.625 10 INFO neutron.wsgi [None req-ed36fd6c-1b63-420c-974c-504ca84acb99 2e0bf81ffc104005bbfd0306974e2f0b ff340c3f0a1a469fa3a45ca9642e8551 - - default default] 162.253.55.186 "GET /v2.0/extensions/qos HTTP/1.1" status: 200 len: 365 time: 0.0065098
2026-05-18 01:50:10.640 10 INFO neutron.wsgi [None req-421b06e5-21f9-4509-bc56-73358559d6b0 2e0bf81ffc104005bbfd0306974e2f0b ff340c3f0a1a469fa3a45ca9642e8551 - - default default] 162.253.55.186 "GET /v2.0/extensions/allowed-address-pairs HTTP/1.1" status: 200 len: 383 time: 0.0078115
2026-05-18 01:50:10.679 10 INFO neutron.wsgi [None req-08c00515-65b2-444a-bcc5-588b518e7015 2e0bf81ffc104005bbfd0306974e2f0b ff340c3f0a1a469fa3a45ca9642e8551 - - default default] 162.253.55.186 "GET /v2.0/subnets/eedce41b-2563-4b9e-aa06-c09bf2546de9 HTTP/1.1" status: 200 len: 851 time: 0.0330832
2026-05-18 01:50:10.726 10 INFO neutron.wsgi [None req-91d7464e-22cd-4fe6-b850-f5e356b86978 2e0bf81ffc104005bbfd0306974e2f0b ff340c3f0a1a469fa3a45ca9642e8551 - - default default] 162.253.55.186 "GET /v2.0/ports?device_id=cd311f88-ce8d-4d8e-a917-a4aa221c2e16 HTTP/1.1" status: 200 len: 2724 time: 0.0401978
2026-05-18 01:50:10.769 10 INFO neutron.wsgi [None req-b363975d-8c8b-4879-9c5b-674dd400fed2 2e0bf81ffc104005bbfd0306974e2f0b ff340c3f0a1a469fa3a45ca9642e8551 - - default default] 162.253.55.186 "GET /v2.0/ports?device_id=cd311f88-ce8d-4d8e-a917-a4aa221c2e16 HTTP/1.1" status: 200 len: 2724 time: 0.0369260
2026-05-18 01:50:10.892 10 INFO neutron.wsgi [None req-9b80c4b6-883e-4e14-9696-0eb966572683 2e0bf81ffc104005bbfd0306974e2f0b ff340c3f0a1a469fa3a45ca9642e8551 - - default default] 162.253.55.186 "GET /v2.0/ports?device_id=cd311f88-ce8d-4d8e-a917-a4aa221c2e16 HTTP/1.1" status: 200 len: 2724 time: 0.0432022
2026-05-18 01:50:11.130 10 INFO neutron.plugins.ml2.drivers.ovn.mech_driver.mech_driver [None req-40637c31-0121-4113-bf8c-a5fc8cada4ed - - - - - -] OVN reports status down for port: 12b0af73-f99d-41c6-a271-d342a620c442
2026-05-18 01:50:11.253 9 INFO neutron.db.ovn_revision_numbers_db [None req-86df10d2-db5a-4a96-bb98-a2c08410f538 - - - - - -] Successfully bumped revision number for resource 77a50d89-1ebe-4e64-b82a-e4bb8011bfc1 (type: ports) to 6
2026-05-18 01:50:11.418 10 INFO neutron.notifiers.nova [-] Nova event matching ['req-96245795-5cea-4c43-83fe-93fef774dbb4'] response: {'server_uuid': 'cd311f88-ce8d-4d8e-a917-a4aa221c2e16', 'name': 'network-vif-unplugged', 'status': 'completed', 'tag': '12b0af73-f99d-41c6-a271-d342a620c442', 'code': 200}
2026-05-18 01:50:11.444 10 INFO neutron.db.ovn_revision_numbers_db [None req-40637c31-0121-4113-bf8c-a5fc8cada4ed - - - - - -] Successfully bumped revision number for resource 12b0af73-f99d-41c6-a271-d342a620c442 (type: ports) to 7 /var/lib/openstack/lib/python3.10/site-packages/pycadf/identifier.py:71: UserWarning: Invalid uuid: neutron. To ensure interoperability, identifiers should be a valid uuid. warnings.warn(('Invalid uuid: %s. To ensure interoperability, '
2026-05-18 01:50:11.469 10 INFO neutron.plugins.ml2.drivers.ovn.mech_driver.mech_driver [None req-40637c31-0121-4113-bf8c-a5fc8cada4ed - - - - - -] OVN reports status down for port: 77a50d89-1ebe-4e64-b82a-e4bb8011bfc1
2026-05-18 01:50:11.500 9 INFO neutron.wsgi [req-ec72832b-882c-4935-9dff-0f3e971cff98 req-092b48cf-7bb7-442c-a4cb-9301f3ac03f5 beb8973fb110498a9387049987fdb2a9 b5fab706a5854c878f6f17933e2647d1 - - 962da104e0de4d17b46b13014ad5ab31 962da104e0de4d17b46b13014ad5ab31] 162.253.55.186 "GET /v2.0/ports/12b0af73-f99d-41c6-a271-d342a620c442 HTTP/1.1" status: 200 len: 1513 time: 0.3084841
2026-05-18 01:50:11.539 9 INFO neutron.wsgi [req-ec72832b-882c-4935-9dff-0f3e971cff98 req-76ac5b86-f3b8-4935-b49e-9dfdae8b8dfa 2e0bf81ffc104005bbfd0306974e2f0b ff340c3f0a1a469fa3a45ca9642e8551 - - default default] 162.253.55.186 "GET /v2.0/ports/12b0af73-f99d-41c6-a271-d342a620c442?fields=binding%3Aprofile&fields=network_id HTTP/1.1" status: 200 len: 281 time: 0.0342383
2026-05-18 01:50:11.607 9 INFO neutron.wsgi [req-ec72832b-882c-4935-9dff-0f3e971cff98 req-74c01e88-5a8a-4086-be80-ac52152289eb 2e0bf81ffc104005bbfd0306974e2f0b ff340c3f0a1a469fa3a45ca9642e8551 - - default default] 162.253.55.186 "GET /v2.0/networks/ce3d7a57-2c0e-44ee-b282-dba4cb9ab019?fields=dns_domain HTTP/1.1" status: 200 len: 227 time: 0.0629387 /var/lib/openstack/lib/python3.10/site-packages/pycadf/identifier.py:71: UserWarning: Invalid uuid: neutron. To ensure interoperability, identifiers should be a valid uuid. warnings.warn(('Invalid uuid: %s. To ensure interoperability, '
2026-05-18 01:50:11.932 10 INFO neutron.wsgi [None req-02212dac-bb44-483c-b9c0-9ece70ac426a 2e0bf81ffc104005bbfd0306974e2f0b ff340c3f0a1a469fa3a45ca9642e8551 - - default default] 162.253.55.186 "GET /v2.0/ports?device_id=cd311f88-ce8d-4d8e-a917-a4aa221c2e16 HTTP/1.1" status: 200 len: 1417 time: 0.0333481
2026-05-18 01:50:11.991 9 INFO neutron.db.ovn_revision_numbers_db [req-ec72832b-882c-4935-9dff-0f3e971cff98 req-1e0dcc59-1128-47d9-81db-a6cdaf5e2142 beb8973fb110498a9387049987fdb2a9 b5fab706a5854c878f6f17933e2647d1 - - 962da104e0de4d17b46b13014ad5ab31 962da104e0de4d17b46b13014ad5ab31] Successfully bumped revision number for resource 12b0af73-f99d-41c6-a271-d342a620c442 (type: ports) to 8
2026-05-18 01:50:12.010 9 INFO neutron.wsgi [req-ec72832b-882c-4935-9dff-0f3e971cff98 req-1e0dcc59-1128-47d9-81db-a6cdaf5e2142 beb8973fb110498a9387049987fdb2a9 b5fab706a5854c878f6f17933e2647d1 - - 962da104e0de4d17b46b13014ad5ab31 962da104e0de4d17b46b13014ad5ab31] 162.253.55.186 "PUT /v2.0/ports/12b0af73-f99d-41c6-a271-d342a620c442 HTTP/1.1" status: 200 len: 1347 time: 0.3962166 /var/lib/openstack/lib/python3.10/site-packages/pycadf/identifier.py:71: UserWarning: Invalid uuid: neutron. To ensure interoperability, identifiers should be a valid uuid. warnings.warn(('Invalid uuid: %s. To ensure interoperability, '
2026-05-18 01:50:12.095 9 INFO neutron.wsgi [req-ec72832b-882c-4935-9dff-0f3e971cff98 req-37196196-1511-4ac3-ab79-cbe74e6248ea beb8973fb110498a9387049987fdb2a9 b5fab706a5854c878f6f17933e2647d1 - - 962da104e0de4d17b46b13014ad5ab31 962da104e0de4d17b46b13014ad5ab31] 162.253.55.186 "GET /v2.0/ports?tenant_id=ff340c3f0a1a469fa3a45ca9642e8551&device_id=cd311f88-ce8d-4d8e-a917-a4aa221c2e16 HTTP/1.1" status: 200 len: 1417 time: 0.0366361
2026-05-18 01:50:12.164 9 INFO neutron.wsgi [req-ec72832b-882c-4935-9dff-0f3e971cff98 req-360750e2-8347-4196-aeb0-a4113ce89680 beb8973fb110498a9387049987fdb2a9 b5fab706a5854c878f6f17933e2647d1 - - 962da104e0de4d17b46b13014ad5ab31 962da104e0de4d17b46b13014ad5ab31] 162.253.55.186 "GET /v2.0/networks?id=2addeaaf-b352-4949-a0e4-5652b2f94c06&id=ce3d7a57-2c0e-44ee-b282-dba4cb9ab019 HTTP/1.1" status: 200 len: 1729 time: 0.0625169
2026-05-18 01:50:12.197 9 INFO neutron.wsgi [req-ec72832b-882c-4935-9dff-0f3e971cff98 req-b38e891c-1114-455e-8f41-f9c7b5bcbb50 beb8973fb110498a9387049987fdb2a9 b5fab706a5854c878f6f17933e2647d1 - - 962da104e0de4d17b46b13014ad5ab31 962da104e0de4d17b46b13014ad5ab31] 162.253.55.186 "GET /v2.0/floatingips?fixed_ip_address=172.24.0.108&port_id=dd0e5e48-75b6-47a2-ada7-33ea5d4cdec7 HTTP/1.1" status: 200 len: 217 time: 0.0259407
2026-05-18 01:50:12.232 9 INFO neutron.wsgi [req-ec72832b-882c-4935-9dff-0f3e971cff98 req-12015c5d-c9ad-4b42-98cb-0b415bd9a932 beb8973fb110498a9387049987fdb2a9 b5fab706a5854c878f6f17933e2647d1 - - 962da104e0de4d17b46b13014ad5ab31 962da104e0de4d17b46b13014ad5ab31] 162.253.55.186 "GET /v2.0/subnets?id=4c85d4c8-777d-428e-b1ff-294ed6062eec HTTP/1.1" status: 200 len: 829 time: 0.0300770
2026-05-18 01:50:12.252 9 INFO neutron.wsgi [req-ec72832b-882c-4935-9dff-0f3e971cff98 req-693bc20d-dd06-4b1b-bb68-cc5e6ed04d22 beb8973fb110498a9387049987fdb2a9 b5fab706a5854c878f6f17933e2647d1 - - 962da104e0de4d17b46b13014ad5ab31 962da104e0de4d17b46b13014ad5ab31] 162.253.55.186 "GET /v2.0/ports?network_id=2addeaaf-b352-4949-a0e4-5652b2f94c06&device_owner=network%3Adhcp HTTP/1.1" status: 200 len: 210 time: 0.0156577
2026-05-18 01:50:12.316 10 INFO neutron.db.ovn_revision_numbers_db [None req-2b3bb162-800d-4610-92a2-d06f1d653372 2e0bf81ffc104005bbfd0306974e2f0b ff340c3f0a1a469fa3a45ca9642e8551 - - default default] Successfully bumped revision number for resource 12b0af73-f99d-41c6-a271-d342a620c442 (type: ports) to 9
2026-05-18 01:50:12.333 10 INFO neutron.wsgi [None req-2b3bb162-800d-4610-92a2-d06f1d653372 2e0bf81ffc104005bbfd0306974e2f0b ff340c3f0a1a469fa3a45ca9642e8551 - - default default] 162.253.55.186 "PUT /v2.0/ports/12b0af73-f99d-41c6-a271-d342a620c442 HTTP/1.1" status: 200 len: 1286 time: 0.3942811 /var/lib/openstack/lib/python3.10/site-packages/pycadf/identifier.py:71: UserWarning: Invalid uuid: neutron. To ensure interoperability, identifiers should be a valid uuid. warnings.warn(('Invalid uuid: %s. To ensure interoperability, '
2026-05-18 01:50:12.340 9 INFO neutron.wsgi [req-ec72832b-882c-4935-9dff-0f3e971cff98 req-4c89d0a8-b1cb-4273-9b2a-bf1bfc5a7b1e beb8973fb110498a9387049987fdb2a9 b5fab706a5854c878f6f17933e2647d1 - - 962da104e0de4d17b46b13014ad5ab31 962da104e0de4d17b46b13014ad5ab31] 162.253.55.186 "GET /v2.0/networks/2addeaaf-b352-4949-a0e4-5652b2f94c06?fields=segments HTTP/1.1" status: 200 len: 212 time: 0.0815177
2026-05-18 01:50:12.364 10 INFO neutron.wsgi [None req-c75e8a51-66f6-4b9e-8820-b781e36db1db 2e0bf81ffc104005bbfd0306974e2f0b ff340c3f0a1a469fa3a45ca9642e8551 - - default default] 162.253.55.186 "GET /v2.0/ports/12b0af73-f99d-41c6-a271-d342a620c442 HTTP/1.1" status: 200 len: 1286 time: 0.0265164
2026-05-18 01:50:12.442 9 INFO neutron.db.ovn_revision_numbers_db [None req-86df10d2-db5a-4a96-bb98-a2c08410f538 - - - - - -] Successfully bumped revision number for resource 77a50d89-1ebe-4e64-b82a-e4bb8011bfc1 (type: ports) to 8
2026-05-18 01:50:12.447 9 INFO neutron.wsgi [req-ec72832b-882c-4935-9dff-0f3e971cff98 req-4fa6b101-ad9b-4672-8505-8fff3335914d beb8973fb110498a9387049987fdb2a9 b5fab706a5854c878f6f17933e2647d1 - - 962da104e0de4d17b46b13014ad5ab31 962da104e0de4d17b46b13014ad5ab31] 162.253.55.186 "GET /v2.0/networks/2addeaaf-b352-4949-a0e4-5652b2f94c06?fields=provider%3Aphysical_network&fields=provider%3Anetwork_type HTTP/1.1" status: 200 len: 277 time: 0.1023624
2026-05-18 01:50:12.660 10 INFO neutron.wsgi [None req-24fca515-4e78-46bc-8004-c01e2c908102 2e0bf81ffc104005bbfd0306974e2f0b ff340c3f0a1a469fa3a45ca9642e8551 - - default default] 162.253.55.186 "DELETE /v2.0/ports/12b0af73-f99d-41c6-a271-d342a620c442 HTTP/1.1" status: 204 len: 173 time: 0.2921271
2026-05-18 01:50:12.702 10 INFO neutron.wsgi [None req-69bc8007-3cf2-4e6f-a53d-6c29257a2c6c 2e0bf81ffc104005bbfd0306974e2f0b ff340c3f0a1a469fa3a45ca9642e8551 - - default default] 162.253.55.186 "GET /v2.0/extensions/security-group HTTP/1.1" status: 200 len: 369 time: 0.0063767
2026-05-18 01:50:12.709 10 INFO neutron.wsgi [None req-65890b72-8bc3-437c-a995-a8f4b15ba60b 2e0bf81ffc104005bbfd0306974e2f0b ff340c3f0a1a469fa3a45ca9642e8551 - - default default] 162.253.55.186 "GET /v2.0/extensions/dns-integration HTTP/1.1" status: 200 len: 371 time: 0.0039816
2026-05-18 01:50:12.719 10 INFO neutron.wsgi [None req-8ba224ed-9c30-457d-a9e0-434625365e5b 2e0bf81ffc104005bbfd0306974e2f0b ff340c3f0a1a469fa3a45ca9642e8551 - - default default] 162.253.55.186 "GET /v2.0/extensions/qos HTTP/1.1" status: 200 len: 365 time: 0.0056903
2026-05-18 01:50:12.737 10 INFO neutron.wsgi [None req-d46792a1-871c-4b3e-bb74-a7f43384c540 2e0bf81ffc104005bbfd0306974e2f0b ff340c3f0a1a469fa3a45ca9642e8551 - - default default] 162.253.55.186 "GET /v2.0/extensions/allowed-address-pairs HTTP/1.1" status: 200 len: 383 time: 0.0085616
2026-05-18 01:50:12.762 10 INFO neutron.pecan_wsgi.hooks.translation [None req-e912efc8-538e-47ff-ae0d-0d63314ec64f 2e0bf81ffc104005bbfd0306974e2f0b ff340c3f0a1a469fa3a45ca9642e8551 - - default default] DELETE failed (client error): The resource could not be found.
2026-05-18 01:50:12.764 10 INFO neutron.wsgi [None req-e912efc8-538e-47ff-ae0d-0d63314ec64f 2e0bf81ffc104005bbfd0306974e2f0b ff340c3f0a1a469fa3a45ca9642e8551 - - default default] 162.253.55.186 "DELETE /v2.0/ports/12b0af73-f99d-41c6-a271-d342a620c442 HTTP/1.1" status: 404 len: 338 time: 0.0192440
2026-05-18 01:50:12.797 10 INFO neutron.wsgi [None req-9d24bc20-878b-4cb9-b095-b9813196d0df 2e0bf81ffc104005bbfd0306974e2f0b ff340c3f0a1a469fa3a45ca9642e8551 - - default default] 162.253.55.186 "GET /v2.0/ports/77a50d89-1ebe-4e64-b82a-e4bb8011bfc1 HTTP/1.1" status: 200 len: 1332 time: 0.0291817
2026-05-18 01:50:12.842 9 INFO neutron.db.ovn_revision_numbers_db [None req-f81fe49d-3849-489c-a0e7-57b7cc2ffd7b 9fb660c683474ecdb7a1bacc2808f6f5 bfe684ec81404b26bbf7a783e7288af4 - - default default] Successfully bumped revision number for resource 2c22890e-0335-49ff-a476-6c24c219de84 (type: security_groups) to 1
2026-05-18 01:50:12.842 10 INFO neutron.wsgi [None req-16023692-553a-45e9-a54f-771faf50ad89 2e0bf81ffc104005bbfd0306974e2f0b ff340c3f0a1a469fa3a45ca9642e8551 - - default default] 162.253.55.186 "GET /v2.0/security-groups?name=lb-caaade72-493f-4c49-9ee0-0c370de45b50 HTTP/1.1" status: 200 len: 1775 time: 0.0372038
2026-05-18 01:50:12.859 9 INFO neutron.db.ovn_revision_numbers_db [None req-f81fe49d-3849-489c-a0e7-57b7cc2ffd7b 9fb660c683474ecdb7a1bacc2808f6f5 bfe684ec81404b26bbf7a783e7288af4 - - default default] Successfully bumped revision number for resource 2f157ed3-ce38-4c22-b4c2-30fa83da1725 (type: security_group_rules) to 0
2026-05-18 01:50:12.878 9 INFO neutron.db.ovn_revision_numbers_db [None req-f81fe49d-3849-489c-a0e7-57b7cc2ffd7b 9fb660c683474ecdb7a1bacc2808f6f5 bfe684ec81404b26bbf7a783e7288af4 - - default default] Successfully bumped revision number for resource 8757da3b-e454-4e80-b504-06af838d7bb9 (type: security_group_rules) to 0
2026-05-18 01:50:12.881 10 INFO neutron.wsgi [None req-175302cd-9db5-4d64-9f4a-b0433e1e21c2 2e0bf81ffc104005bbfd0306974e2f0b ff340c3f0a1a469fa3a45ca9642e8551 - - default default] 162.253.55.186 "GET /v2.0/ports/77a50d89-1ebe-4e64-b82a-e4bb8011bfc1 HTTP/1.1" status: 200 len: 1332 time: 0.0299706
2026-05-18 01:50:12.893 9 INFO neutron.db.ovn_revision_numbers_db [None req-f81fe49d-3849-489c-a0e7-57b7cc2ffd7b 9fb660c683474ecdb7a1bacc2808f6f5 bfe684ec81404b26bbf7a783e7288af4 - - default default] Successfully bumped revision number for resource d79fb4c8-cd93-4811-b0c2-0e52df8d69dc (type: security_group_rules) to 0
2026-05-18 01:50:12.908 9 INFO neutron.db.ovn_revision_numbers_db [None req-f81fe49d-3849-489c-a0e7-57b7cc2ffd7b 9fb660c683474ecdb7a1bacc2808f6f5 bfe684ec81404b26bbf7a783e7288af4 - - default default] Successfully bumped revision number for resource e27f343c-7fd4-40dd-90d2-dd51f26632b6 (type: security_group_rules) to 0
2026-05-18 01:50:12.988 9 INFO neutron.db.ovn_revision_numbers_db [None req-f81fe49d-3849-489c-a0e7-57b7cc2ffd7b 9fb660c683474ecdb7a1bacc2808f6f5 bfe684ec81404b26bbf7a783e7288af4 - - default default] Successfully bumped revision number for resource 38adc500-f78f-41b5-8493-d0d9a1c94a26 (type: security_groups) to 1
2026-05-18 01:50:13.004 9 INFO neutron.db.ovn_revision_numbers_db [None req-f81fe49d-3849-489c-a0e7-57b7cc2ffd7b 9fb660c683474ecdb7a1bacc2808f6f5 bfe684ec81404b26bbf7a783e7288af4 - - default default] Successfully bumped revision number for resource 42e9a785-2674-4758-b471-ef994313291e (type: security_group_rules) to 0
2026-05-18 01:50:13.020 9 INFO neutron.db.ovn_revision_numbers_db [None req-f81fe49d-3849-489c-a0e7-57b7cc2ffd7b 9fb660c683474ecdb7a1bacc2808f6f5 bfe684ec81404b26bbf7a783e7288af4 - - default default] Successfully bumped revision number for resource 8f556604-244d-498a-84a9-8557a6b1b77a (type: security_group_rules) to 0
2026-05-18 01:50:13.039 9 INFO neutron.wsgi [None req-f81fe49d-3849-489c-a0e7-57b7cc2ffd7b 9fb660c683474ecdb7a1bacc2808f6f5 bfe684ec81404b26bbf7a783e7288af4 - - default default] 10.0.0.109 "POST /v2.0/security-groups HTTP/1.1" status: 201 len: 1739 time: 0.4692955
2026-05-18 01:50:13.078 9 INFO neutron.wsgi [None req-dc16b838-2ed9-41b0-97f7-99298271a58c 9fb660c683474ecdb7a1bacc2808f6f5 bfe684ec81404b26bbf7a783e7288af4 - - default default] 10.0.0.109 "PUT /v2.0/security-groups/38adc500-f78f-41b5-8493-d0d9a1c94a26/tags HTTP/1.1" status: 200 len: 218 time: 0.0330155
2026-05-18 01:50:13.101 9 INFO neutron.wsgi [None req-f7b8f245-e497-48d9-af66-95ca1beda163 9fb660c683474ecdb7a1bacc2808f6f5 bfe684ec81404b26bbf7a783e7288af4 - - default default] 10.0.0.109 "GET /v2.0/security-groups/38adc500-f78f-41b5-8493-d0d9a1c94a26/tags HTTP/1.1" status: 200 len: 218 time: 0.0186841
2026-05-18 01:50:13.138 9 INFO neutron.wsgi [None req-2a209298-953f-4c5e-8414-81bd5f7253b7 9fb660c683474ecdb7a1bacc2808f6f5 bfe684ec81404b26bbf7a783e7288af4 - - default default] 10.0.0.109 "PUT /v2.0/security-groups/38adc500-f78f-41b5-8493-d0d9a1c94a26/tags/green HTTP/1.1" status: 201 len: 201 time: 0.0331969
2026-05-18 01:50:13.169 9 INFO neutron.wsgi [None req-ec236625-5ee3-4f42-b852-65239efd8bf6 9fb660c683474ecdb7a1bacc2808f6f5 bfe684ec81404b26bbf7a783e7288af4 - - default default] 10.0.0.109 "GET /v2.0/security-groups/38adc500-f78f-41b5-8493-d0d9a1c94a26/tags HTTP/1.1" status: 200 len: 227 time: 0.0274286
2026-05-18 01:50:13.216 9 INFO neutron.wsgi [None req-f1393c60-c7d3-40c4-942f-79d8817af873 9fb660c683474ecdb7a1bacc2808f6f5 bfe684ec81404b26bbf7a783e7288af4 - - default default] 10.0.0.109 "PUT /v2.0/security-groups/38adc500-f78f-41b5-8493-d0d9a1c94a26/tags/red HTTP/1.1" status: 201 len: 201 time: 0.0427287
2026-05-18 01:50:13.246 9 INFO neutron.wsgi [None req-562808a8-bc17-4999-9fc2-5710d9dc13a8 9fb660c683474ecdb7a1bacc2808f6f5 bfe684ec81404b26bbf7a783e7288af4 - - default default] 10.0.0.109 "GET /v2.0/security-groups/38adc500-f78f-41b5-8493-d0d9a1c94a26/tags HTTP/1.1" status: 200 len: 227 time: 0.0248072
2026-05-18 01:50:13.288 9 INFO neutron.wsgi [None req-b11f9b49-690e-4051-b982-d2b725a17c36 9fb660c683474ecdb7a1bacc2808f6f5 bfe684ec81404b26bbf7a783e7288af4 - - default default] 10.0.0.109 "PUT /v2.0/security-groups/38adc500-f78f-41b5-8493-d0d9a1c94a26/tags/black.or.white HTTP/1.1" status: 201 len: 201 time: 0.0336406
2026-05-18 01:50:13.314 9 INFO neutron.wsgi [None req-75f388d6-4255-49fc-8193-b806c2228f71 9fb660c683474ecdb7a1bacc2808f6f5 bfe684ec81404b26bbf7a783e7288af4 - - default default] 10.0.0.109 "GET /v2.0/security-groups/38adc500-f78f-41b5-8493-d0d9a1c94a26/tags HTTP/1.1" status: 200 len: 245 time: 0.0212061
2026-05-18 01:50:13.351 9 INFO neutron.wsgi [None req-85feed21-fd0f-4f52-a799-859cf1c1a107 9fb660c683474ecdb7a1bacc2808f6f5 bfe684ec81404b26bbf7a783e7288af4 - - default default] 10.0.0.109 "PUT /v2.0/security-groups/38adc500-f78f-41b5-8493-d0d9a1c94a26/tags HTTP/1.1" status: 200 len: 230 time: 0.0320394
2026-05-18 01:50:13.375 9 INFO neutron.wsgi [None req-09391c63-0b36-4757-905c-f476664e4c69 9fb660c683474ecdb7a1bacc2808f6f5 bfe684ec81404b26bbf7a783e7288af4 - - default default] 10.0.0.109 "GET /v2.0/security-groups/38adc500-f78f-41b5-8493-d0d9a1c94a26/tags HTTP/1.1" status: 200 len: 230 time: 0.0193529
2026-05-18 01:50:13.397 9 INFO neutron.wsgi [None req-01d3512a-61fa-4523-bfa0-fb801398038e 9fb660c683474ecdb7a1bacc2808f6f5 bfe684ec81404b26bbf7a783e7288af4 - - default default] 10.0.0.109 "GET /v2.0/security-groups/38adc500-f78f-41b5-8493-d0d9a1c94a26/tags/red HTTP/1.1" status: 204 len: 168 time: 0.0169644
2026-05-18 01:50:13.420 9 INFO neutron.api.v2.resource [None req-36d54aec-1522-4fc0-80cb-0f03d0f333db 9fb660c683474ecdb7a1bacc2808f6f5 bfe684ec81404b26bbf7a783e7288af4 - - default default] show failed (client error): The resource could not be found.
2026-05-18 01:50:13.421 9 INFO neutron.wsgi [None req-36d54aec-1522-4fc0-80cb-0f03d0f333db 9fb660c683474ecdb7a1bacc2808f6f5 bfe684ec81404b26bbf7a783e7288af4 - - default default] 10.0.0.109 "GET /v2.0/security-groups/38adc500-f78f-41b5-8493-d0d9a1c94a26/tags/green HTTP/1.1" status: 404 len: 299 time: 0.0195045
2026-05-18 01:50:13.472 10 INFO neutron.wsgi [None req-f9fcba37-021e-4f76-955e-3bcecb81c03e 9fb660c683474ecdb7a1bacc2808f6f5 bfe684ec81404b26bbf7a783e7288af4 - - default default] 10.0.0.109 "DELETE /v2.0/security-groups/38adc500-f78f-41b5-8493-d0d9a1c94a26/tags/red HTTP/1.1" status: 204 len: 168 time: 0.0455375
2026-05-18 01:50:13.473 10 INFO neutron.notifiers.nova [-] Nova event matching ['req-b933a800-3911-4d8b-9010-68f9450ab841'] response: {'server_uuid': 'cd311f88-ce8d-4d8e-a917-a4aa221c2e16', 'name': 'network-vif-plugged', 'status': 'completed', 'tag': '12b0af73-f99d-41c6-a271-d342a620c442', 'code': 200}
2026-05-18 01:50:13.479 10 INFO neutron.db.ovn_revision_numbers_db [None req-707c37a0-8eec-4003-b658-066059452f8d 2e0bf81ffc104005bbfd0306974e2f0b ff340c3f0a1a469fa3a45ca9642e8551 - - default default] Successfully bumped revision number for resource 77a50d89-1ebe-4e64-b82a-e4bb8011bfc1 (type: ports) to 9
2026-05-18 01:50:13.492 10 INFO neutron.wsgi [None req-707c37a0-8eec-4003-b658-066059452f8d 2e0bf81ffc104005bbfd0306974e2f0b ff340c3f0a1a469fa3a45ca9642e8551 - - default default] 162.253.55.186 "PUT /v2.0/ports/77a50d89-1ebe-4e64-b82a-e4bb8011bfc1 HTTP/1.1" status: 200 len: 1294 time: 0.6052942
2026-05-18 01:50:13.502 9 INFO neutron.wsgi [None req-7ccfb1c2-1be6-4073-8028-722b2c7275ea 9fb660c683474ecdb7a1bacc2808f6f5 bfe684ec81404b26bbf7a783e7288af4 - - default default] 10.0.0.109 "GET /v2.0/security-groups/38adc500-f78f-41b5-8493-d0d9a1c94a26/tags HTTP/1.1" status: 200 len: 223 time: 0.0247750
2026-05-18 01:50:13.545 9 INFO neutron.api.v2.resource [None req-3f47c71e-3025-4e38-898b-3d9b7234e081 9fb660c683474ecdb7a1bacc2808f6f5 bfe684ec81404b26bbf7a783e7288af4 - - default default] delete failed (client error): The resource could not be found.
2026-05-18 01:50:13.547 9 INFO neutron.wsgi [None req-3f47c71e-3025-4e38-898b-3d9b7234e081 9fb660c683474ecdb7a1bacc2808f6f5 bfe684ec81404b26bbf7a783e7288af4 - - default default] 10.0.0.109 "DELETE /v2.0/security-groups/38adc500-f78f-41b5-8493-d0d9a1c94a26/tags/green HTTP/1.1" status: 404 len: 299 time: 0.0263541
2026-05-18 01:50:13.584 9 INFO neutron.wsgi [None req-1c4cf718-7a5e-41e8-9bfd-46fd8b2e41e0 9fb660c683474ecdb7a1bacc2808f6f5 bfe684ec81404b26bbf7a783e7288af4 - - default default] 10.0.0.109 "DELETE /v2.0/security-groups/38adc500-f78f-41b5-8493-d0d9a1c94a26/tags HTTP/1.1" status: 204 len: 168 time: 0.0324366
2026-05-18 01:50:13.607 9 INFO neutron.wsgi [None req-6afc19a7-e5c6-4656-846d-66280f62a93b 9fb660c683474ecdb7a1bacc2808f6f5 bfe684ec81404b26bbf7a783e7288af4 - - default default] 10.0.0.109 "GET /v2.0/security-groups/38adc500-f78f-41b5-8493-d0d9a1c94a26/tags HTTP/1.1" status: 200 len: 205 time: 0.0195396
2026-05-18 01:50:13.624 10 INFO neutron.wsgi [None req-9a9e0fb0-8875-4c51-b6f3-2cd61f91e2b5 2e0bf81ffc104005bbfd0306974e2f0b ff340c3f0a1a469fa3a45ca9642e8551 - - default default] 162.253.55.186 "DELETE /v2.0/security-groups/3689d63d-2474-43e6-916e-b99ee8a05902 HTTP/1.1" status: 204 len: 173 time: 0.1291873
2026-05-18 01:50:13.718 9 INFO neutron.wsgi [None req-b042de43-6f85-4d9e-845b-44583d803d31 9fb660c683474ecdb7a1bacc2808f6f5 bfe684ec81404b26bbf7a783e7288af4 - - default default] 10.0.0.109 "DELETE /v2.0/security-groups/38adc500-f78f-41b5-8493-d0d9a1c94a26 HTTP/1.1" status: 204 len: 168 time: 0.1060827
2026-05-18 01:50:13.911 10 INFO neutron.wsgi [None req-500b0fb8-893a-4ddd-ae06-81f62c339cc0 2e0bf81ffc104005bbfd0306974e2f0b ff340c3f0a1a469fa3a45ca9642e8551 - - default default] 162.253.55.186 "DELETE /v2.0/ports/77a50d89-1ebe-4e64-b82a-e4bb8011bfc1 HTTP/1.1" status: 204 len: 173 time: 0.2819655
2026-05-18 01:50:14.195 9 INFO neutron.plugins.ml2.drivers.ovn.mech_driver.mech_driver [None req-b055a58f-4280-4f88-8c47-1e547457082e - - - - - -] OVN reports status down for port: dd0e5e48-75b6-47a2-ada7-33ea5d4cdec7
2026-05-18 01:50:14.487 9 INFO neutron.wsgi [req-0414167a-6234-4c9c-bc29-e1f1e30eb7f5 req-3e1f3773-b87a-4841-b464-024215941b32 2e0bf81ffc104005bbfd0306974e2f0b ff340c3f0a1a469fa3a45ca9642e8551 - - default default] 162.253.55.186 "GET /v2.0/ports?device_id=cd311f88-ce8d-4d8e-a917-a4aa221c2e16 HTTP/1.1" status: 200 len: 1415 time: 0.0516081
2026-05-18 01:50:14.540 9 INFO neutron.notifiers.nova [-] Nova event matching ['req-c2e27941-7fa2-4039-b260-b676ac9a57bb'] response: {'server_uuid': 'cd311f88-ce8d-4d8e-a917-a4aa221c2e16', 'name': 'network-vif-unplugged', 'status': 'completed', 'tag': 'dd0e5e48-75b6-47a2-ada7-33ea5d4cdec7', 'code': 200}
2026-05-18 01:50:14.631 9 INFO neutron.db.ovn_revision_numbers_db [None req-b055a58f-4280-4f88-8c47-1e547457082e - - - - - -] Successfully bumped revision number for resource dd0e5e48-75b6-47a2-ada7-33ea5d4cdec7 (type: ports) to 5
2026-05-18 01:50:14.643 9 INFO neutron.wsgi [None req-df4ce4c4-4af6-445c-86e6-8c704e1055b6 2e0bf81ffc104005bbfd0306974e2f0b ff340c3f0a1a469fa3a45ca9642e8551 - - default default] 10.0.0.109 "GET /v2.0/security-groups?tenant_id=bfe684ec81404b26bbf7a783e7288af4&name=default HTTP/1.1" status: 200 len: 3000 time: 0.2161655
2026-05-18 01:50:14.840 9 INFO neutron.wsgi [req-0414167a-6234-4c9c-bc29-e1f1e30eb7f5 req-bf28d0f7-36ec-431d-abac-cd815a6a251a 2e0bf81ffc104005bbfd0306974e2f0b ff340c3f0a1a469fa3a45ca9642e8551 - - default default] 162.253.55.186 "DELETE /v2.0/ports/dd0e5e48-75b6-47a2-ada7-33ea5d4cdec7 HTTP/1.1" status: 204 len: 173 time: 0.3475883
2026-05-18 01:50:14.915 10 INFO neutron.wsgi [None req-feb8f87c-0d2e-4ab7-a1d7-986b95ef1115 2e0bf81ffc104005bbfd0306974e2f0b ff340c3f0a1a469fa3a45ca9642e8551 - - default default] 10.0.0.109 "DELETE /v2.0/security-groups/2c22890e-0335-49ff-a476-6c24c219de84 HTTP/1.1" status: 204 len: 168 time: 0.2665920
2026-05-18 01:50:15.156 10 INFO neutron.db.ovn_revision_numbers_db [None req-1ea8c477-55c3-4197-a53f-216269d6c9c1 2e0bf81ffc104005bbfd0306974e2f0b ff340c3f0a1a469fa3a45ca9642e8551 - - default default] Successfully bumped revision number for resource 85032280-492d-47b5-98bc-c961a215dac7 (type: security_groups) to 1
2026-05-18 01:50:15.170 10 INFO neutron.db.ovn_revision_numbers_db [None req-1ea8c477-55c3-4197-a53f-216269d6c9c1 2e0bf81ffc104005bbfd0306974e2f0b ff340c3f0a1a469fa3a45ca9642e8551 - - default default] Successfully bumped revision number for resource 30d9283e-796c-49b8-ac80-d8d54c17f0c5 (type: security_group_rules) to 0
2026-05-18 01:50:15.187 10 INFO neutron.db.ovn_revision_numbers_db [None req-1ea8c477-55c3-4197-a53f-216269d6c9c1 2e0bf81ffc104005bbfd0306974e2f0b ff340c3f0a1a469fa3a45ca9642e8551 - - default default] Successfully bumped revision number for resource 85998a03-c435-46c4-a622-1dc4337ce277 (type: security_group_rules) to 0
2026-05-18 01:50:15.231 10 INFO neutron.db.ovn_revision_numbers_db [None req-1ea8c477-55c3-4197-a53f-216269d6c9c1 2e0bf81ffc104005bbfd0306974e2f0b ff340c3f0a1a469fa3a45ca9642e8551 - - default default] Successfully bumped revision number for resource d00e1e4c-53da-4bc5-aa1d-bd032c8d5d07 (type: security_group_rules) to 0
2026-05-18 01:50:15.248 10 INFO neutron.db.ovn_revision_numbers_db [None req-1ea8c477-55c3-4197-a53f-216269d6c9c1 2e0bf81ffc104005bbfd0306974e2f0b ff340c3f0a1a469fa3a45ca9642e8551 - - default default] Successfully bumped revision number for resource fbae40f3-92eb-4327-ab3d-3b7e4d3b1a9e (type: security_group_rules) to 0
2026-05-18 01:50:15.280 10 INFO neutron.wsgi [None req-1ea8c477-55c3-4197-a53f-216269d6c9c1 2e0bf81ffc104005bbfd0306974e2f0b ff340c3f0a1a469fa3a45ca9642e8551 - - default default] 10.0.0.109 "GET /v2.0/security-groups?tenant_id=eedba065bdda424690323b97382cde2a&name=default HTTP/1.1" status: 200 len: 3000 time: 0.2433670
2026-05-18 01:50:15.513 10 INFO neutron.wsgi [None req-d816b871-4669-4c43-8ac5-653c23d10030 2e0bf81ffc104005bbfd0306974e2f0b ff340c3f0a1a469fa3a45ca9642e8551 - - default default] 10.0.0.109 "DELETE /v2.0/security-groups/85032280-492d-47b5-98bc-c961a215dac7 HTTP/1.1" status: 204 len: 168 time: 0.2259979
2026-05-18 01:50:15.845 10 INFO neutron.db.l3_db [None req-6681660c-f582-41c1-8003-e9540995bbcf 801e7925043b4a299a516e8fb5a42eef bef97cf5d9134e84a9f602d7b2b0528e - - default default] Floating IP d370b3d0-5d96-48e9-98bc-93e02ea52ef0 disassociated (deleted). External IP: 10.96.250.209, port: 3bda97d3-0ade-4557-bb66-80191945783b.
2026-05-18 01:50:15.909 10 INFO neutron.wsgi [None req-6681660c-f582-41c1-8003-e9540995bbcf 801e7925043b4a299a516e8fb5a42eef bef97cf5d9134e84a9f602d7b2b0528e - - default default] 10.0.0.109 "DELETE /v2.0/floatingips/d370b3d0-5d96-48e9-98bc-93e02ea52ef0 HTTP/1.1" status: 204 len: 168 time: 0.3917348 /var/lib/openstack/lib/python3.10/site-packages/pycadf/identifier.py:71: UserWarning: Invalid uuid: neutron. To ensure interoperability, identifiers should be a valid uuid. warnings.warn(('Invalid uuid: %s. To ensure interoperability, '
2026-05-18 01:50:15.936 9 INFO neutron.api.v2.resource [None req-8a1a44a1-5ba1-42da-bf4d-77f115d78c9c 801e7925043b4a299a516e8fb5a42eef bef97cf5d9134e84a9f602d7b2b0528e - - default default] show failed (client error): The resource could not be found.
2026-05-18 01:50:15.939 9 INFO neutron.wsgi [None req-8a1a44a1-5ba1-42da-bf4d-77f115d78c9c 801e7925043b4a299a516e8fb5a42eef bef97cf5d9134e84a9f602d7b2b0528e - - default default] 10.0.0.109 "GET /v2.0/floatingips/d370b3d0-5d96-48e9-98bc-93e02ea52ef0 HTTP/1.1" status: 404 len: 345 time: 0.0236185
2026-05-18 01:50:15.943 10 INFO neutron.notifiers.nova [-] Nova event matching ['req-07a86596-ad57-4271-96cf-62bdd266ac0b'] response: {'name': 'network-changed', 'server_uuid': 'acea97eb-e83c-408e-bf57-61b517b186f0', 'tag': '3bda97d3-0ade-4557-bb66-80191945783b', 'status': 'completed', 'code': 200}
2026-05-18 01:50:16.015 9 INFO neutron.wsgi [req-41c3d7ff-8063-45d2-98f7-537e8049fa79 req-ee2cb01d-33b6-4bd7-baeb-f75750922b5c beb8973fb110498a9387049987fdb2a9 b5fab706a5854c878f6f17933e2647d1 - - 962da104e0de4d17b46b13014ad5ab31 962da104e0de4d17b46b13014ad5ab31] 162.253.55.186 "GET /v2.0/ports?tenant_id=bef97cf5d9134e84a9f602d7b2b0528e&device_id=acea97eb-e83c-408e-bf57-61b517b186f0 HTTP/1.1" status: 200 len: 1642 time: 0.0504007
2026-05-18 01:50:16.082 9 INFO neutron.wsgi [req-41c3d7ff-8063-45d2-98f7-537e8049fa79 req-96d699ae-89fc-4148-8a80-ddb704e86f09 beb8973fb110498a9387049987fdb2a9 b5fab706a5854c878f6f17933e2647d1 - - 962da104e0de4d17b46b13014ad5ab31 962da104e0de4d17b46b13014ad5ab31] 162.253.55.186 "GET /v2.0/networks?id=3cb6b22b-4892-4f84-b05a-6dd986d17ea4 HTTP/1.1" status: 200 len: 1002 time: 0.0628366
2026-05-18 01:50:16.115 9 INFO neutron.wsgi [req-41c3d7ff-8063-45d2-98f7-537e8049fa79 req-0c898979-81c6-4184-8b00-1babb3866b6a beb8973fb110498a9387049987fdb2a9 b5fab706a5854c878f6f17933e2647d1 - - 962da104e0de4d17b46b13014ad5ab31 962da104e0de4d17b46b13014ad5ab31] 162.253.55.186 "GET /v2.0/floatingips?fixed_ip_address=10.2.2.130&port_id=3bda97d3-0ade-4557-bb66-80191945783b HTTP/1.1" status: 200 len: 217 time: 0.0274169
2026-05-18 01:50:16.151 10 INFO neutron.plugins.ml2.drivers.ovn.mech_driver.mech_driver [None req-40637c31-0121-4113-bf8c-a5fc8cada4ed - - - - - -] OVN reports status down for port: 3bda97d3-0ade-4557-bb66-80191945783b
