2026-05-18 01:49:28.519 10 INFO neutron.wsgi [req-7b011385-066d-48ac-9c73-049cbd6aea14 req-16eee5e8-b2ee-4411-b89c-f1cbc2c0ba28 beb8973fb110498a9387049987fdb2a9 b5fab706a5854c878f6f17933e2647d1 - - 962da104e0de4d17b46b13014ad5ab31 962da104e0de4d17b46b13014ad5ab31] 162.253.55.186 "GET /v2.0/networks/1ca4d9c0-0920-467e-ac59-19f89f7f972a?fields=provider%3Aphysical_network&fields=provider%3Anetwork_type HTTP/1.1" status: 200 len: 277 time: 0.0618074
2026-05-18 01:49:29.173 9 INFO neutron.notifiers.nova [-] Nova event matching ['req-3e023219-3dbe-4bee-aed5-283735d965c4'] response: {'server_uuid': 'cd311f88-ce8d-4d8e-a917-a4aa221c2e16', 'name': 'network-vif-plugged', 'status': 'completed', 'tag': '86b6a002-f0d9-40f9-9546-9fca33217da8', 'code': 200}
2026-05-18 01:49:29.330 9 INFO neutron.wsgi [None req-6e343f67-1118-44a0-a34d-4e7ecd2b9aa8 2e0bf81ffc104005bbfd0306974e2f0b ff340c3f0a1a469fa3a45ca9642e8551 - - default default] 10.0.0.109 "GET /v2.0/security-groups?tenant_id=e28ef369bfe34085b0c41a8383962f9e&name=default HTTP/1.1" status: 200 len: 3000 time: 0.1815836
2026-05-18 01:49:29.514 9 INFO neutron.wsgi [None req-57b482c8-544c-435e-8a2a-73f044b80e22 2e0bf81ffc104005bbfd0306974e2f0b ff340c3f0a1a469fa3a45ca9642e8551 - - default default] 10.0.0.109 "DELETE /v2.0/security-groups/ddd6803c-7321-48fa-b0f6-fe998e638856 HTTP/1.1" status: 204 len: 168 time: 0.1780241
2026-05-18 01:49:29.697 9 INFO neutron.db.ovn_revision_numbers_db [None req-98a64c69-89b6-4038-8a28-0cb72bbafa0f 2e0bf81ffc104005bbfd0306974e2f0b ff340c3f0a1a469fa3a45ca9642e8551 - - default default] Successfully bumped revision number for resource c702a9df-be81-4ff4-a292-01baecd3fff3 (type: security_groups) to 1
2026-05-18 01:49:29.709 9 INFO neutron.db.ovn_revision_numbers_db [None req-98a64c69-89b6-4038-8a28-0cb72bbafa0f 2e0bf81ffc104005bbfd0306974e2f0b ff340c3f0a1a469fa3a45ca9642e8551 - - default default] Successfully bumped revision number for resource 99199958-e3ad-4b6c-9a00-98899857b62a (type: security_group_rules) to 0
2026-05-18 01:49:29.722 9 INFO neutron.db.ovn_revision_numbers_db [None req-98a64c69-89b6-4038-8a28-0cb72bbafa0f 2e0bf81ffc104005bbfd0306974e2f0b ff340c3f0a1a469fa3a45ca9642e8551 - - default default] Successfully bumped revision number for resource acc93f50-61c9-4c61-8728-c233765b09db (type: security_group_rules) to 0
2026-05-18 01:49:29.735 9 INFO neutron.db.ovn_revision_numbers_db [None req-98a64c69-89b6-4038-8a28-0cb72bbafa0f 2e0bf81ffc104005bbfd0306974e2f0b ff340c3f0a1a469fa3a45ca9642e8551 - - default default] Successfully bumped revision number for resource b535972a-3ee0-41cd-bc08-bec13a3d306d (type: security_group_rules) to 0
2026-05-18 01:49:29.750 9 INFO neutron.db.ovn_revision_numbers_db [None req-98a64c69-89b6-4038-8a28-0cb72bbafa0f 2e0bf81ffc104005bbfd0306974e2f0b ff340c3f0a1a469fa3a45ca9642e8551 - - default default] Successfully bumped revision number for resource edd9b701-de48-4178-b6cf-5f740060b1e1 (type: security_group_rules) to 0
2026-05-18 01:49:29.771 9 INFO neutron.wsgi [None req-98a64c69-89b6-4038-8a28-0cb72bbafa0f 2e0bf81ffc104005bbfd0306974e2f0b ff340c3f0a1a469fa3a45ca9642e8551 - - default default] 10.0.0.109 "GET /v2.0/security-groups?tenant_id=1bbb5ab11272469f95c4b94f26d02f4e&name=default HTTP/1.1" status: 200 len: 3000 time: 0.1758254
2026-05-18 01:49:29.963 9 INFO neutron.wsgi [None req-7433aa6c-712e-40b7-b0a3-b0fdaa4c2fe8 2e0bf81ffc104005bbfd0306974e2f0b ff340c3f0a1a469fa3a45ca9642e8551 - - default default] 10.0.0.109 "DELETE /v2.0/security-groups/c702a9df-be81-4ff4-a292-01baecd3fff3 HTTP/1.1" status: 204 len: 168 time: 0.1857512
2026-05-18 01:49:30.199 9 INFO neutron.db.ovn_revision_numbers_db [None req-4dd4dade-71de-47ed-bd7d-b0a84ac6bce5 2e0bf81ffc104005bbfd0306974e2f0b ff340c3f0a1a469fa3a45ca9642e8551 - - default default] Successfully bumped revision number for resource 809906a5-328a-4a60-867c-d32750ee2763 (type: security_groups) to 1
2026-05-18 01:49:30.214 9 INFO neutron.db.ovn_revision_numbers_db [None req-4dd4dade-71de-47ed-bd7d-b0a84ac6bce5 2e0bf81ffc104005bbfd0306974e2f0b ff340c3f0a1a469fa3a45ca9642e8551 - - default default] Successfully bumped revision number for resource 2b4c2bbd-3516-40d2-87aa-6de0e62f3487 (type: security_group_rules) to 0
2026-05-18 01:49:30.227 9 INFO neutron.db.ovn_revision_numbers_db [None req-4dd4dade-71de-47ed-bd7d-b0a84ac6bce5 2e0bf81ffc104005bbfd0306974e2f0b ff340c3f0a1a469fa3a45ca9642e8551 - - default default] Successfully bumped revision number for resource 3b39ef07-6583-4514-98ac-d230c76ff18b (type: security_group_rules) to 0
2026-05-18 01:49:30.242 9 INFO neutron.db.ovn_revision_numbers_db [None req-4dd4dade-71de-47ed-bd7d-b0a84ac6bce5 2e0bf81ffc104005bbfd0306974e2f0b ff340c3f0a1a469fa3a45ca9642e8551 - - default default] Successfully bumped revision number for resource 9111f880-55d3-4ca2-9aa4-695c769f2b11 (type: security_group_rules) to 0
2026-05-18 01:49:30.258 9 INFO neutron.db.ovn_revision_numbers_db [None req-4dd4dade-71de-47ed-bd7d-b0a84ac6bce5 2e0bf81ffc104005bbfd0306974e2f0b ff340c3f0a1a469fa3a45ca9642e8551 - - default default] Successfully bumped revision number for resource da6eabf2-c1e8-45a1-a43e-55477d346961 (type: security_group_rules) to 0
2026-05-18 01:49:30.281 9 INFO neutron.wsgi [None req-4dd4dade-71de-47ed-bd7d-b0a84ac6bce5 2e0bf81ffc104005bbfd0306974e2f0b ff340c3f0a1a469fa3a45ca9642e8551 - - default default] 10.0.0.109 "GET /v2.0/security-groups?tenant_id=a124abb62be942b89f0db51e725a51e9&name=default HTTP/1.1" status: 200 len: 3000 time: 0.1836138
2026-05-18 01:49:30.479 9 INFO neutron.wsgi [None req-e7b55977-dd73-4aeb-8065-200c2f79222b 2e0bf81ffc104005bbfd0306974e2f0b ff340c3f0a1a469fa3a45ca9642e8551 - - default default] 10.0.0.109 "DELETE /v2.0/security-groups/809906a5-328a-4a60-867c-d32750ee2763 HTTP/1.1" status: 204 len: 168 time: 0.1920941
2026-05-18 01:49:33.843 10 INFO neutron.wsgi [None req-afea610b-f039-4f9b-bdcb-ac371475e219 2e0bf81ffc104005bbfd0306974e2f0b ff340c3f0a1a469fa3a45ca9642e8551 - - default default] 10.0.0.246 "GET /v2.0/extensions/security-group HTTP/1.1" status: 200 len: 369 time: 0.0083358
2026-05-18 01:49:33.853 10 INFO neutron.wsgi [None req-e69c1568-97ed-4e6c-bd7c-92b51c6458e3 2e0bf81ffc104005bbfd0306974e2f0b ff340c3f0a1a469fa3a45ca9642e8551 - - default default] 10.0.0.246 "GET /v2.0/extensions/dns-integration HTTP/1.1" status: 200 len: 371 time: 0.0049047
2026-05-18 01:49:33.861 10 INFO neutron.wsgi [None req-2d9d2923-3ab9-4cb3-84d4-c3eb5e913823 2e0bf81ffc104005bbfd0306974e2f0b ff340c3f0a1a469fa3a45ca9642e8551 - - default default] 10.0.0.246 "GET /v2.0/extensions/qos HTTP/1.1" status: 200 len: 365 time: 0.0045824
2026-05-18 01:49:33.873 10 INFO neutron.wsgi [None req-b887953c-040a-48e5-a1b4-cfd1b11fde19 2e0bf81ffc104005bbfd0306974e2f0b ff340c3f0a1a469fa3a45ca9642e8551 - - default default] 10.0.0.246 "GET /v2.0/extensions/allowed-address-pairs HTTP/1.1" status: 200 len: 383 time: 0.0067940
2026-05-18 01:49:33.948 9 INFO neutron.wsgi [-] 10.0.0.69 "GET / HTTP/1.1" status: 200 len: 247 time: 0.0013437
2026-05-18 01:49:33.954 10 INFO neutron.wsgi [-] 10.0.0.69 "GET / HTTP/1.1" status: 200 len: 247 time: 0.0062811
2026-05-18 01:49:34.251 9 INFO neutron.wsgi [-] 10.0.0.246 "GET / HTTP/1.1" status: 200 len: 284 time: 0.0018449
2026-05-18 01:49:34.291 9 INFO neutron.wsgi [None req-767a78aa-5f94-4026-a87b-9bd8ae430cc6 801e7925043b4a299a516e8fb5a42eef bef97cf5d9134e84a9f602d7b2b0528e - - default default] 10.0.0.246 "GET /v2.0/subnets/c2ea478f-e043-4166-8c3e-9f6e68664684 HTTP/1.1" status: 200 len: 830 time: 0.0360336
2026-05-18 01:49:34.688 9 INFO neutron.wsgi [None req-6fba5149-e750-44d2-a32b-edf9ce5a191d feaaa7f332c5444f8928579f8f36a7ba 7dd47e14b1384413803db22d24a306ad - - default default] 10.0.0.109 "POST /v2.0/subnetpools HTTP/1.1" status: 201 len: 715 time: 0.1625419
2026-05-18 01:49:34.747 9 INFO neutron.wsgi [None req-1541f4fb-f22c-4b30-974f-4089a70f587e feaaa7f332c5444f8928579f8f36a7ba 7dd47e14b1384413803db22d24a306ad - - default default] 10.0.0.109 "POST /v2.0/subnetpools HTTP/1.1" status: 201 len: 715 time: 0.0538006
2026-05-18 01:49:34.753 9 INFO neutron.wsgi [None req-96c58c2e-f8be-4666-bfdf-4969320c079a 2e0bf81ffc104005bbfd0306974e2f0b ff340c3f0a1a469fa3a45ca9642e8551 - - default default] 162.253.55.186 "GET /v2.0/extensions/security-group HTTP/1.1" status: 200 len: 369 time: 0.0051405
2026-05-18 01:49:34.763 9 INFO neutron.wsgi [None req-183955cf-0052-4692-8418-c46258913cb2 2e0bf81ffc104005bbfd0306974e2f0b ff340c3f0a1a469fa3a45ca9642e8551 - - default default] 162.253.55.186 "GET /v2.0/extensions/dns-integration HTTP/1.1" status: 200 len: 371 time: 0.0043967
2026-05-18 01:49:34.771 9 INFO neutron.wsgi [None req-0c228dea-7615-442a-909c-3d3926edaad2 2e0bf81ffc104005bbfd0306974e2f0b ff340c3f0a1a469fa3a45ca9642e8551 - - default default] 162.253.55.186 "GET /v2.0/extensions/qos HTTP/1.1" status: 200 len: 365 time: 0.0043056
2026-05-18 01:49:34.780 9 INFO neutron.wsgi [None req-251ad94c-0165-47e4-9629-2b526b6684a9 2e0bf81ffc104005bbfd0306974e2f0b ff340c3f0a1a469fa3a45ca9642e8551 - - default default] 162.253.55.186 "GET /v2.0/extensions/allowed-address-pairs HTTP/1.1" status: 200 len: 383 time: 0.0045896
2026-05-18 01:49:34.821 9 INFO neutron.wsgi [None req-40364c06-b5b7-4b61-a181-d0d9909940b9 2e0bf81ffc104005bbfd0306974e2f0b ff340c3f0a1a469fa3a45ca9642e8551 - - default default] 162.253.55.186 "GET /v2.0/subnets/486f0adb-6728-4c53-9589-235f34b46a9b HTTP/1.1" status: 200 len: 849 time: 0.0349689
2026-05-18 01:49:34.824 10 INFO neutron.wsgi [None req-5134c049-06bc-4c67-90b1-3390db532713 feaaa7f332c5444f8928579f8f36a7ba 7dd47e14b1384413803db22d24a306ad - - default default] 10.0.0.109 "POST /v2.0/subnetpools HTTP/1.1" status: 201 len: 715 time: 0.0705895
2026-05-18 01:49:34.858 9 INFO neutron.wsgi [None req-f4a7ab0b-4796-4b10-ba0b-0655f034223a 2e0bf81ffc104005bbfd0306974e2f0b ff340c3f0a1a469fa3a45ca9642e8551 - - default default] 162.253.55.186 "GET /v2.0/subnets/c2ea478f-e043-4166-8c3e-9f6e68664684 HTTP/1.1" status: 200 len: 848 time: 0.0306108
2026-05-18 01:49:34.883 10 INFO neutron.wsgi [None req-93f481be-dde3-4388-bbfe-8190e45185b4 feaaa7f332c5444f8928579f8f36a7ba 7dd47e14b1384413803db22d24a306ad - - default default] 10.0.0.109 "POST /v2.0/subnetpools HTTP/1.1" status: 201 len: 715 time: 0.0548587
2026-05-18 01:49:34.899 9 INFO neutron.wsgi [None req-620f4dd3-c44c-48ed-9b50-2fc1d2075144 2e0bf81ffc104005bbfd0306974e2f0b ff340c3f0a1a469fa3a45ca9642e8551 - - default default] 162.253.55.186 "GET /v2.0/ports?device_id=cd311f88-ce8d-4d8e-a917-a4aa221c2e16 HTTP/1.1" status: 200 len: 3922 time: 0.0332744
2026-05-18 01:49:34.937 10 INFO neutron.wsgi [None req-9d309069-bd83-48e4-a339-9d28325e7be1 feaaa7f332c5444f8928579f8f36a7ba 7dd47e14b1384413803db22d24a306ad - - default default] 10.0.0.109 "POST /v2.0/subnetpools HTTP/1.1" status: 201 len: 715 time: 0.0483205
2026-05-18 01:49:34.971 10 INFO neutron.wsgi [None req-08b7a9a0-7da0-497c-87e6-c51e23c9fde3 feaaa7f332c5444f8928579f8f36a7ba 7dd47e14b1384413803db22d24a306ad - - default default] 10.0.0.109 "PUT /v2.0/subnetpools/4c573ee5-2cdf-4698-8941-d2ad1e327d79/tags HTTP/1.1" status: 200 len: 210 time: 0.0298829
2026-05-18 01:49:35.003 10 INFO neutron.wsgi [None req-57b166e6-87e4-4e85-81e7-52b691236519 feaaa7f332c5444f8928579f8f36a7ba 7dd47e14b1384413803db22d24a306ad - - default default] 10.0.0.109 "PUT /v2.0/subnetpools/3c6ca8ab-07ea-48a6-b7ea-35cdf7ec81ec/tags HTTP/1.1" status: 200 len: 218 time: 0.0264401
2026-05-18 01:49:35.021 9 INFO neutron.wsgi [None req-c8dcfe10-4eed-42b1-8b93-27ff88152708 2e0bf81ffc104005bbfd0306974e2f0b ff340c3f0a1a469fa3a45ca9642e8551 - - default default] 162.253.55.186 "GET /v2.0/extensions/security-group HTTP/1.1" status: 200 len: 369 time: 0.0063601
2026-05-18 01:49:35.030 9 INFO neutron.wsgi [None req-516dbd52-9af8-4204-9a2a-c2a2677e7347 2e0bf81ffc104005bbfd0306974e2f0b ff340c3f0a1a469fa3a45ca9642e8551 - - default default] 162.253.55.186 "GET /v2.0/extensions/dns-integration HTTP/1.1" status: 200 len: 371 time: 0.0040128
2026-05-18 01:49:35.033 10 INFO neutron.wsgi [None req-352d4b47-9d43-4333-a962-2237e24d9d52 feaaa7f332c5444f8928579f8f36a7ba 7dd47e14b1384413803db22d24a306ad - - default default] 10.0.0.109 "PUT /v2.0/subnetpools/541a0e7a-4e3c-488a-82ee-613342f495e5/tags HTTP/1.1" status: 200 len: 227 time: 0.0268333
2026-05-18 01:49:35.038 9 INFO neutron.wsgi [None req-33b5bee3-86d4-43d9-a7d6-5f7b2138bc06 2e0bf81ffc104005bbfd0306974e2f0b ff340c3f0a1a469fa3a45ca9642e8551 - - default default] 162.253.55.186 "GET /v2.0/extensions/qos HTTP/1.1" status: 200 len: 365 time: 0.0043340
2026-05-18 01:49:35.052 9 INFO neutron.wsgi [None req-420a227b-d5ba-4296-b179-52fce062112a 2e0bf81ffc104005bbfd0306974e2f0b ff340c3f0a1a469fa3a45ca9642e8551 - - default default] 162.253.55.186 "GET /v2.0/extensions/allowed-address-pairs HTTP/1.1" status: 200 len: 383 time: 0.0083125
2026-05-18 01:49:35.072 10 INFO neutron.wsgi [None req-b3e7d1ca-fe9c-4036-a709-043ec9e25035 feaaa7f332c5444f8928579f8f36a7ba 7dd47e14b1384413803db22d24a306ad - - default default] 10.0.0.109 "PUT /v2.0/subnetpools/71b6619d-11be-4436-be3e-4ccd1cbd0403/tags HTTP/1.1" status: 200 len: 212 time: 0.0344670
2026-05-18 01:49:35.102 10 INFO neutron.wsgi [None req-734a0c07-ddae-425c-8796-403df3d9c6c9 feaaa7f332c5444f8928579f8f36a7ba 7dd47e14b1384413803db22d24a306ad - - default default] 10.0.0.109 "GET /v2.0/subnetpools?tags=red HTTP/1.1" status: 200 len: 1758 time: 0.0251892
2026-05-18 01:49:35.151 10 INFO neutron.wsgi [None req-12cfa78e-2661-4543-a313-e8fee00aeb84 feaaa7f332c5444f8928579f8f36a7ba 7dd47e14b1384413803db22d24a306ad - - default default] 10.0.0.109 "GET /v2.0/subnetpools?tags=red%2Cblue HTTP/1.1" status: 200 len: 1251 time: 0.0342515
2026-05-18 01:49:35.193 10 INFO neutron.wsgi [None req-1ff5a46c-c486-4b96-9410-9351ff120a11 feaaa7f332c5444f8928579f8f36a7ba 7dd47e14b1384413803db22d24a306ad - - default default] 10.0.0.109 "GET /v2.0/subnetpools?tags-any=blue HTTP/1.1" status: 200 len: 1251 time: 0.0377903
2026-05-18 01:49:35.225 10 INFO neutron.wsgi [req-b7926b54-c40a-43aa-b576-bf5fe64c42cd req-bac589fa-3268-433a-b749-7c120c89cfed beb8973fb110498a9387049987fdb2a9 b5fab706a5854c878f6f17933e2647d1 - - 962da104e0de4d17b46b13014ad5ab31 962da104e0de4d17b46b13014ad5ab31] 162.253.55.186 "GET /v2.0/networks/3cb6b22b-4892-4f84-b05a-6dd986d17ea4?fields=segments HTTP/1.1" status: 200 len: 212 time: 0.0646670
2026-05-18 01:49:35.226 9 INFO neutron.wsgi [None req-e7d09d63-f1dd-41ec-8dad-1cc377d34143 feaaa7f332c5444f8928579f8f36a7ba 7dd47e14b1384413803db22d24a306ad - - default default] 10.0.0.109 "GET /v2.0/subnetpools?tags-any=red%2Cblue HTTP/1.1" status: 200 len: 1758 time: 0.0264454
2026-05-18 01:49:35.256 9 INFO neutron.wsgi [None req-8ffb1744-e939-4cbe-adf4-4eb82d2a8312 feaaa7f332c5444f8928579f8f36a7ba 7dd47e14b1384413803db22d24a306ad - - default default] 10.0.0.109 "GET /v2.0/subnetpools?not-tags=red HTTP/1.1" status: 200 len: 1223 time: 0.0244927
2026-05-18 01:49:35.283 10 INFO neutron.wsgi [req-b7926b54-c40a-43aa-b576-bf5fe64c42cd req-7377d603-d49e-4acd-bf33-ca0e036ae7b3 beb8973fb110498a9387049987fdb2a9 b5fab706a5854c878f6f17933e2647d1 - - 962da104e0de4d17b46b13014ad5ab31 962da104e0de4d17b46b13014ad5ab31] 162.253.55.186 "GET /v2.0/networks/3cb6b22b-4892-4f84-b05a-6dd986d17ea4?fields=provider%3Aphysical_network&fields=provider%3Anetwork_type HTTP/1.1" status: 200 len: 277 time: 0.0500116
2026-05-18 01:49:35.288 9 INFO neutron.wsgi [None req-b890f543-ab39-4b7d-93b3-74a6a8055e97 feaaa7f332c5444f8928579f8f36a7ba 7dd47e14b1384413803db22d24a306ad - - default default] 10.0.0.109 "GET /v2.0/subnetpools?not-tags=red%2Cblue HTTP/1.1" status: 200 len: 1730 time: 0.0272939
2026-05-18 01:49:35.313 9 INFO neutron.wsgi [None req-c802a6d7-a56a-429f-9e29-3df2774c7e34 feaaa7f332c5444f8928579f8f36a7ba 7dd47e14b1384413803db22d24a306ad - - default default] 10.0.0.109 "GET /v2.0/subnetpools?not-tags-any=blue HTTP/1.1" status: 200 len: 1730 time: 0.0210507
2026-05-18 01:49:35.336 9 INFO neutron.wsgi [None req-06f01556-31b5-4d89-9d80-ff0b406c6b0e feaaa7f332c5444f8928579f8f36a7ba 7dd47e14b1384413803db22d24a306ad - - default default] 10.0.0.109 "GET /v2.0/subnetpools?not-tags-any=red%2Cblue HTTP/1.1" status: 200 len: 1223 time: 0.0187497
2026-05-18 01:49:35.352 10 INFO neutron.wsgi [req-b7926b54-c40a-43aa-b576-bf5fe64c42cd req-eefc7f5f-41e5-42e5-b609-33dda0568f61 2e0bf81ffc104005bbfd0306974e2f0b ff340c3f0a1a469fa3a45ca9642e8551 - - default default] 162.253.55.186 "GET /v2.0/networks?id=3cb6b22b-4892-4f84-b05a-6dd986d17ea4 HTTP/1.1" status: 200 len: 1002 time: 0.0542076
2026-05-18 01:49:35.404 9 INFO neutron.wsgi [None req-d32849f3-a998-4e36-b716-8f7077a1b383 feaaa7f332c5444f8928579f8f36a7ba 7dd47e14b1384413803db22d24a306ad - - default default] 10.0.0.109 "DELETE /v2.0/subnetpools/4c573ee5-2cdf-4698-8941-d2ad1e327d79 HTTP/1.1" status: 204 len: 168 time: 0.0624163
2026-05-18 01:49:35.485 9 INFO neutron.wsgi [None req-d4843938-339b-4efd-8864-e42087b69a5b feaaa7f332c5444f8928579f8f36a7ba 7dd47e14b1384413803db22d24a306ad - - default default] 10.0.0.109 "DELETE /v2.0/subnetpools/3c6ca8ab-07ea-48a6-b7ea-35cdf7ec81ec HTTP/1.1" status: 204 len: 168 time: 0.0755105
2026-05-18 01:49:35.543 9 INFO neutron.wsgi [None req-30300e38-4d7b-4ea1-818c-18aa1ddd1f5d feaaa7f332c5444f8928579f8f36a7ba 7dd47e14b1384413803db22d24a306ad - - default default] 10.0.0.109 "DELETE /v2.0/subnetpools/541a0e7a-4e3c-488a-82ee-613342f495e5 HTTP/1.1" status: 204 len: 168 time: 0.0526707
2026-05-18 01:49:35.620 10 INFO neutron.wsgi [None req-d0561c98-95f5-4feb-bfa7-158f6320c053 feaaa7f332c5444f8928579f8f36a7ba 7dd47e14b1384413803db22d24a306ad - - default default] 10.0.0.109 "DELETE /v2.0/subnetpools/71b6619d-11be-4436-be3e-4ccd1cbd0403 HTTP/1.1" status: 204 len: 168 time: 0.0707705
2026-05-18 01:49:35.660 10 WARNING neutron.scheduler.dhcp_agent_scheduler [req-b7926b54-c40a-43aa-b576-bf5fe64c42cd req-b2600051-23f4-45d9-af15-cc7da3b5dbeb 2e0bf81ffc104005bbfd0306974e2f0b ff340c3f0a1a469fa3a45ca9642e8551 - - default default] No more DHCP agents
2026-05-18 01:49:35.662 10 WARNING neutron.api.rpc.agentnotifiers.dhcp_rpc_agent_api [req-b7926b54-c40a-43aa-b576-bf5fe64c42cd req-b2600051-23f4-45d9-af15-cc7da3b5dbeb 2e0bf81ffc104005bbfd0306974e2f0b ff340c3f0a1a469fa3a45ca9642e8551 - - default default] Unable to schedule network 3cb6b22b-4892-4f84-b05a-6dd986d17ea4: no agents available; will retry on subsequent port and subnet creation events.
2026-05-18 01:49:35.674 9 INFO neutron.wsgi [None req-3048ae6a-70ec-4300-80da-74eb18a7eb66 feaaa7f332c5444f8928579f8f36a7ba 7dd47e14b1384413803db22d24a306ad - - default default] 10.0.0.109 "DELETE /v2.0/subnetpools/b0d9a290-6270-4fa6-823f-3639cc50529e HTTP/1.1" status: 204 len: 168 time: 0.0491097
2026-05-18 01:49:35.840 10 INFO neutron.db.ovn_revision_numbers_db [req-b7926b54-c40a-43aa-b576-bf5fe64c42cd req-b2600051-23f4-45d9-af15-cc7da3b5dbeb 2e0bf81ffc104005bbfd0306974e2f0b ff340c3f0a1a469fa3a45ca9642e8551 - - default default] Successfully bumped revision number for resource 0bcd81d2-49b4-44c2-8b0b-2e41bb8a48f9 (type: ports) to 1
2026-05-18 01:49:35.860 10 INFO neutron.wsgi [req-b7926b54-c40a-43aa-b576-bf5fe64c42cd req-b2600051-23f4-45d9-af15-cc7da3b5dbeb 2e0bf81ffc104005bbfd0306974e2f0b ff340c3f0a1a469fa3a45ca9642e8551 - - default default] 162.253.55.186 "POST /v2.0/ports HTTP/1.1" status: 201 len: 1504 time: 0.5018795 /var/lib/openstack/lib/python3.10/site-packages/pycadf/identifier.py:71: UserWarning: Invalid uuid: neutron. To ensure interoperability, identifiers should be a valid uuid. warnings.warn(('Invalid uuid: %s. To ensure interoperability, '
2026-05-18 01:49:36.518 10 INFO neutron.db.ovn_revision_numbers_db [req-b7926b54-c40a-43aa-b576-bf5fe64c42cd req-9e2dd03c-f1d5-4f1c-b5f0-c46cb42539c7 beb8973fb110498a9387049987fdb2a9 b5fab706a5854c878f6f17933e2647d1 - - 962da104e0de4d17b46b13014ad5ab31 962da104e0de4d17b46b13014ad5ab31] Successfully bumped revision number for resource 0bcd81d2-49b4-44c2-8b0b-2e41bb8a48f9 (type: ports) to 2 /var/lib/openstack/lib/python3.10/site-packages/pycadf/identifier.py:71: UserWarning: Invalid uuid: neutron. To ensure interoperability, identifiers should be a valid uuid. warnings.warn(('Invalid uuid: %s. To ensure interoperability, '
2026-05-18 01:49:36.771 10 INFO neutron.db.ovn_revision_numbers_db [None req-cc707ab5-d2c1-408e-8e79-e70ab8c4a664 2e0bf81ffc104005bbfd0306974e2f0b ff340c3f0a1a469fa3a45ca9642e8551 - - default default] Successfully bumped revision number for resource 6725910c-d5bf-46d1-be2b-49c9cb1e9811 (type: security_groups) to 1
2026-05-18 01:49:36.773 10 INFO neutron.db.ovn_revision_numbers_db [req-b7926b54-c40a-43aa-b576-bf5fe64c42cd req-9e2dd03c-f1d5-4f1c-b5f0-c46cb42539c7 beb8973fb110498a9387049987fdb2a9 b5fab706a5854c878f6f17933e2647d1 - - 962da104e0de4d17b46b13014ad5ab31 962da104e0de4d17b46b13014ad5ab31] Successfully bumped revision number for resource 0bcd81d2-49b4-44c2-8b0b-2e41bb8a48f9 (type: ports) to 2
2026-05-18 01:49:36.789 10 INFO neutron.wsgi [req-b7926b54-c40a-43aa-b576-bf5fe64c42cd req-9e2dd03c-f1d5-4f1c-b5f0-c46cb42539c7 beb8973fb110498a9387049987fdb2a9 b5fab706a5854c878f6f17933e2647d1 - - 962da104e0de4d17b46b13014ad5ab31 962da104e0de4d17b46b13014ad5ab31] 162.253.55.186 "PUT /v2.0/ports/0bcd81d2-49b4-44c2-8b0b-2e41bb8a48f9 HTTP/1.1" status: 200 len: 1601 time: 0.9226942
2026-05-18 01:49:36.799 10 INFO neutron.db.ovn_revision_numbers_db [None req-cc707ab5-d2c1-408e-8e79-e70ab8c4a664 2e0bf81ffc104005bbfd0306974e2f0b ff340c3f0a1a469fa3a45ca9642e8551 - - default default] Successfully bumped revision number for resource 52f44ab5-4497-41f4-a3a1-de992150749b (type: security_group_rules) to 0
2026-05-18 01:49:36.813 10 INFO neutron.db.ovn_revision_numbers_db [None req-cc707ab5-d2c1-408e-8e79-e70ab8c4a664 2e0bf81ffc104005bbfd0306974e2f0b ff340c3f0a1a469fa3a45ca9642e8551 - - default default] Successfully bumped revision number for resource 5304cf44-4aae-4c91-91a2-184502639491 (type: security_group_rules) to 0
2026-05-18 01:49:36.835 10 INFO neutron.notifiers.nova [-] Nova event matching ['req-976eda0b-9106-4fc7-8f91-2b569a3cade1'] response: {'name': 'network-changed', 'server_uuid': 'cd311f88-ce8d-4d8e-a917-a4aa221c2e16', 'tag': '0bcd81d2-49b4-44c2-8b0b-2e41bb8a48f9', 'status': 'completed', 'code': 200}
2026-05-18 01:49:36.836 10 INFO neutron.db.ovn_revision_numbers_db [None req-cc707ab5-d2c1-408e-8e79-e70ab8c4a664 2e0bf81ffc104005bbfd0306974e2f0b ff340c3f0a1a469fa3a45ca9642e8551 - - default default] Successfully bumped revision number for resource 7fb67f45-2fce-4eea-a34b-2124028327b4 (type: security_group_rules) to 0 /var/lib/openstack/lib/python3.10/site-packages/pycadf/identifier.py:71: UserWarning: Invalid uuid: neutron. To ensure interoperability, identifiers should be a valid uuid. warnings.warn(('Invalid uuid: %s. To ensure interoperability, '
2026-05-18 01:49:36.863 10 INFO neutron.db.ovn_revision_numbers_db [None req-cc707ab5-d2c1-408e-8e79-e70ab8c4a664 2e0bf81ffc104005bbfd0306974e2f0b ff340c3f0a1a469fa3a45ca9642e8551 - - default default] Successfully bumped revision number for resource c25c9e16-4cb4-4818-8c9b-5ef8cecf5fb2 (type: security_group_rules) to 0
2026-05-18 01:49:36.879 10 INFO neutron.wsgi [req-b7926b54-c40a-43aa-b576-bf5fe64c42cd req-cb2e8b2a-57ed-484d-b859-7201a0f5cf7c beb8973fb110498a9387049987fdb2a9 b5fab706a5854c878f6f17933e2647d1 - - 962da104e0de4d17b46b13014ad5ab31 962da104e0de4d17b46b13014ad5ab31] 162.253.55.186 "GET /v2.0/ports?tenant_id=ff340c3f0a1a469fa3a45ca9642e8551&device_id=cd311f88-ce8d-4d8e-a917-a4aa221c2e16 HTTP/1.1" status: 200 len: 5343 time: 0.0389254
2026-05-18 01:49:36.889 10 INFO neutron.wsgi [None req-cc707ab5-d2c1-408e-8e79-e70ab8c4a664 2e0bf81ffc104005bbfd0306974e2f0b ff340c3f0a1a469fa3a45ca9642e8551 - - default default] 10.0.0.109 "GET /v2.0/security-groups?tenant_id=f2324f03a6af4a5eaee67c5151ced77c&name=default HTTP/1.1" status: 200 len: 3000 time: 0.3978481
2026-05-18 01:49:36.909 10 INFO neutron.wsgi [req-b7926b54-c40a-43aa-b576-bf5fe64c42cd req-180f8576-db71-4658-a7b7-f5e4e2265d49 beb8973fb110498a9387049987fdb2a9 b5fab706a5854c878f6f17933e2647d1 - - 962da104e0de4d17b46b13014ad5ab31 962da104e0de4d17b46b13014ad5ab31] 162.253.55.186 "GET /v2.0/floatingips?fixed_ip_address=172.24.0.108&port_id=dd0e5e48-75b6-47a2-ada7-33ea5d4cdec7 HTTP/1.1" status: 200 len: 217 time: 0.0236111
2026-05-18 01:49:36.950 10 INFO neutron.wsgi [req-b7926b54-c40a-43aa-b576-bf5fe64c42cd req-a3e1dd40-2870-4e71-9c9c-31e968a30db3 beb8973fb110498a9387049987fdb2a9 b5fab706a5854c878f6f17933e2647d1 - - 962da104e0de4d17b46b13014ad5ab31 962da104e0de4d17b46b13014ad5ab31] 162.253.55.186 "GET /v2.0/subnets?id=4c85d4c8-777d-428e-b1ff-294ed6062eec HTTP/1.1" status: 200 len: 829 time: 0.0364251
2026-05-18 01:49:36.974 10 INFO neutron.wsgi [req-b7926b54-c40a-43aa-b576-bf5fe64c42cd req-2ee2295f-d1cb-43ed-ad9d-56c1d48d9beb beb8973fb110498a9387049987fdb2a9 b5fab706a5854c878f6f17933e2647d1 - - 962da104e0de4d17b46b13014ad5ab31 962da104e0de4d17b46b13014ad5ab31] 162.253.55.186 "GET /v2.0/ports?network_id=2addeaaf-b352-4949-a0e4-5652b2f94c06&device_owner=network%3Adhcp HTTP/1.1" status: 200 len: 210 time: 0.0180247
2026-05-18 01:49:37.037 10 INFO neutron.wsgi [req-b7926b54-c40a-43aa-b576-bf5fe64c42cd req-7cc9b674-b0ac-40d2-9b4c-42e7375220c2 beb8973fb110498a9387049987fdb2a9 b5fab706a5854c878f6f17933e2647d1 - - 962da104e0de4d17b46b13014ad5ab31 962da104e0de4d17b46b13014ad5ab31] 162.253.55.186 "GET /v2.0/networks/2addeaaf-b352-4949-a0e4-5652b2f94c06?fields=segments HTTP/1.1" status: 200 len: 212 time: 0.0588176
2026-05-18 01:49:37.074 9 INFO neutron.wsgi [None req-6f268fb5-ff96-406c-965e-42202d4660a2 2e0bf81ffc104005bbfd0306974e2f0b ff340c3f0a1a469fa3a45ca9642e8551 - - default default] 10.0.0.109 "DELETE /v2.0/security-groups/6725910c-d5bf-46d1-be2b-49c9cb1e9811 HTTP/1.1" status: 204 len: 168 time: 0.1776502
2026-05-18 01:49:37.120 10 INFO neutron.wsgi [req-b7926b54-c40a-43aa-b576-bf5fe64c42cd req-fc901641-f56e-4d4b-b2b0-156fa2111a9e beb8973fb110498a9387049987fdb2a9 b5fab706a5854c878f6f17933e2647d1 - - 962da104e0de4d17b46b13014ad5ab31 962da104e0de4d17b46b13014ad5ab31] 162.253.55.186 "GET /v2.0/networks/2addeaaf-b352-4949-a0e4-5652b2f94c06?fields=provider%3Aphysical_network&fields=provider%3Anetwork_type HTTP/1.1" status: 200 len: 277 time: 0.0766695
2026-05-18 01:49:37.151 10 INFO neutron.wsgi [req-b7926b54-c40a-43aa-b576-bf5fe64c42cd req-85bafaba-92d5-4ef4-ae8d-477d6fc05140 beb8973fb110498a9387049987fdb2a9 b5fab706a5854c878f6f17933e2647d1 - - 962da104e0de4d17b46b13014ad5ab31 962da104e0de4d17b46b13014ad5ab31] 162.253.55.186 "GET /v2.0/floatingips?fixed_ip_address=10.1.1.45&port_id=12b0af73-f99d-41c6-a271-d342a620c442 HTTP/1.1" status: 200 len: 217 time: 0.0236039
2026-05-18 01:49:37.185 10 INFO neutron.wsgi [req-b7926b54-c40a-43aa-b576-bf5fe64c42cd req-e816b329-c489-4496-8d63-6e4ff9bb0424 beb8973fb110498a9387049987fdb2a9 b5fab706a5854c878f6f17933e2647d1 - - 962da104e0de4d17b46b13014ad5ab31 962da104e0de4d17b46b13014ad5ab31] 162.253.55.186 "GET /v2.0/subnets?id=eedce41b-2563-4b9e-aa06-c09bf2546de9 HTTP/1.1" status: 200 len: 854 time: 0.0276046
2026-05-18 01:49:37.214 10 INFO neutron.wsgi [req-b7926b54-c40a-43aa-b576-bf5fe64c42cd req-0133d49a-68ee-4848-b985-833ccdcc7058 beb8973fb110498a9387049987fdb2a9 b5fab706a5854c878f6f17933e2647d1 - - 962da104e0de4d17b46b13014ad5ab31 962da104e0de4d17b46b13014ad5ab31] 162.253.55.186 "GET /v2.0/ports?network_id=ce3d7a57-2c0e-44ee-b282-dba4cb9ab019&device_owner=network%3Adhcp HTTP/1.1" status: 200 len: 210 time: 0.0201485
2026-05-18 01:49:37.238 9 INFO neutron.wsgi [None req-cf4e5263-becf-43af-bc01-de4c28495252 2e0bf81ffc104005bbfd0306974e2f0b ff340c3f0a1a469fa3a45ca9642e8551 - - default default] 10.0.0.188 "GET /v2.0/routers HTTP/1.1" status: 200 len: 850 time: 0.1335607
2026-05-18 01:49:37.271 9 INFO neutron.wsgi [None req-f6d4d331-e86e-4092-bdff-6b1027180d74 2e0bf81ffc104005bbfd0306974e2f0b ff340c3f0a1a469fa3a45ca9642e8551 - - default default] 10.0.0.188 "GET /v2.0/agents?binary=ovn-controller HTTP/1.1" status: 200 len: 591 time: 0.0315781
2026-05-18 01:49:37.285 9 INFO neutron.wsgi [None req-d60b4e70-5d8d-4f53-a15a-6e9e003b7b4b 2e0bf81ffc104005bbfd0306974e2f0b ff340c3f0a1a469fa3a45ca9642e8551 - - default default] 10.0.0.188 "GET /v2.0/network-ip-availabilities HTTP/1.1" status: 200 len: 3362 time: 0.0120800
2026-05-18 01:49:37.288 10 INFO neutron.wsgi [req-b7926b54-c40a-43aa-b576-bf5fe64c42cd req-2cf581ab-d553-484e-bbac-b0d13e2bbdff beb8973fb110498a9387049987fdb2a9 b5fab706a5854c878f6f17933e2647d1 - - 962da104e0de4d17b46b13014ad5ab31 962da104e0de4d17b46b13014ad5ab31] 162.253.55.186 "GET /v2.0/networks/ce3d7a57-2c0e-44ee-b282-dba4cb9ab019?fields=segments HTTP/1.1" status: 200 len: 212 time: 0.0656734
2026-05-18 01:49:37.358 9 INFO neutron.wsgi [None req-34618f95-7ddb-43a7-9abc-bdedaab41a19 2e0bf81ffc104005bbfd0306974e2f0b ff340c3f0a1a469fa3a45ca9642e8551 - - default default] 10.0.0.188 "GET /v2.0/floatingips HTTP/1.1" status: 200 len: 2766 time: 0.0710919
2026-05-18 01:49:37.364 9 INFO neutron.db.ovn_revision_numbers_db [None req-b1c0a36b-cd89-46cf-8c92-3c2adf0a8b72 2e0bf81ffc104005bbfd0306974e2f0b ff340c3f0a1a469fa3a45ca9642e8551 - - default default] Successfully bumped revision number for resource b62f4fc2-c770-4686-93c0-1ca49cef816d (type: security_groups) to 1
2026-05-18 01:49:37.376 10 INFO neutron.wsgi [req-b7926b54-c40a-43aa-b576-bf5fe64c42cd req-3d5af078-11ac-4f8c-99e6-c0b4fb93d225 beb8973fb110498a9387049987fdb2a9 b5fab706a5854c878f6f17933e2647d1 - - 962da104e0de4d17b46b13014ad5ab31 962da104e0de4d17b46b13014ad5ab31] 162.253.55.186 "GET /v2.0/networks/ce3d7a57-2c0e-44ee-b282-dba4cb9ab019?fields=provider%3Aphysical_network&fields=provider%3Anetwork_type HTTP/1.1" status: 200 len: 277 time: 0.0779040
2026-05-18 01:49:37.397 9 INFO neutron.db.ovn_revision_numbers_db [None req-b1c0a36b-cd89-46cf-8c92-3c2adf0a8b72 2e0bf81ffc104005bbfd0306974e2f0b ff340c3f0a1a469fa3a45ca9642e8551 - - default default] Successfully bumped revision number for resource 21d0a0a4-d724-4354-a53d-2601a5279cba (type: security_group_rules) to 0
2026-05-18 01:49:37.411 10 INFO neutron.wsgi [req-b7926b54-c40a-43aa-b576-bf5fe64c42cd req-1086b3ca-b1d0-4a4b-865c-b087f35a3408 beb8973fb110498a9387049987fdb2a9 b5fab706a5854c878f6f17933e2647d1 - - 962da104e0de4d17b46b13014ad5ab31 962da104e0de4d17b46b13014ad5ab31] 162.253.55.186 "GET /v2.0/floatingips?fixed_ip_address=10.2.1.106&port_id=86b6a002-f0d9-40f9-9546-9fca33217da8 HTTP/1.1" status: 200 len: 217 time: 0.0298629
2026-05-18 01:49:37.416 9 INFO neutron.db.ovn_revision_numbers_db [None req-b1c0a36b-cd89-46cf-8c92-3c2adf0a8b72 2e0bf81ffc104005bbfd0306974e2f0b ff340c3f0a1a469fa3a45ca9642e8551 - - default default] Successfully bumped revision number for resource 4daf6bc6-1386-4b26-84de-3ac7c0fcf697 (type: security_group_rules) to 0
2026-05-18 01:49:37.431 9 INFO neutron.wsgi [None req-e1a10b77-28b0-425e-b616-41b80b5710fc 2e0bf81ffc104005bbfd0306974e2f0b ff340c3f0a1a469fa3a45ca9642e8551 - - default default] 10.0.0.188 "GET /v2.0/networks HTTP/1.1" status: 200 len: 4719 time: 0.0725100
2026-05-18 01:49:37.439 9 INFO neutron.db.ovn_revision_numbers_db [None req-b1c0a36b-cd89-46cf-8c92-3c2adf0a8b72 2e0bf81ffc104005bbfd0306974e2f0b ff340c3f0a1a469fa3a45ca9642e8551 - - default default] Successfully bumped revision number for resource dfeab40b-e162-4828-80d6-f53c8dbbfa41 (type: security_group_rules) to 0
2026-05-18 01:49:37.448 10 INFO neutron.wsgi [req-b7926b54-c40a-43aa-b576-bf5fe64c42cd req-a6d3d82e-f0fc-4e81-b0a8-5b2b4b76b9ab beb8973fb110498a9387049987fdb2a9 b5fab706a5854c878f6f17933e2647d1 - - 962da104e0de4d17b46b13014ad5ab31 962da104e0de4d17b46b13014ad5ab31] 162.253.55.186 "GET /v2.0/subnets?id=486f0adb-6728-4c53-9589-235f34b46a9b HTTP/1.1" status: 200 len: 852 time: 0.0324466
2026-05-18 01:49:37.448 9 INFO neutron.wsgi [None req-308c50d1-3ea8-45ed-a06a-e264e001d537 2e0bf81ffc104005bbfd0306974e2f0b ff340c3f0a1a469fa3a45ca9642e8551 - - default default] 10.0.0.188 "GET /v2.0/agents HTTP/1.1" status: 200 len: 997 time: 0.0132658
2026-05-18 01:49:37.475 9 INFO neutron.db.ovn_revision_numbers_db [None req-b1c0a36b-cd89-46cf-8c92-3c2adf0a8b72 2e0bf81ffc104005bbfd0306974e2f0b ff340c3f0a1a469fa3a45ca9642e8551 - - default default] Successfully bumped revision number for resource f32a31ba-c019-424a-a9f4-2da24e3b7580 (type: security_group_rules) to 0
2026-05-18 01:49:37.477 10 INFO neutron.wsgi [req-b7926b54-c40a-43aa-b576-bf5fe64c42cd req-8a80e5f4-12b6-4f19-861c-b10f8d525b0c beb8973fb110498a9387049987fdb2a9 b5fab706a5854c878f6f17933e2647d1 - - 962da104e0de4d17b46b13014ad5ab31 962da104e0de4d17b46b13014ad5ab31] 162.253.55.186 "GET /v2.0/ports?network_id=1ca4d9c0-0920-467e-ac59-19f89f7f972a&device_owner=network%3Adhcp HTTP/1.1" status: 200 len: 210 time: 0.0211413
2026-05-18 01:49:37.499 9 INFO neutron.wsgi [None req-b1c0a36b-cd89-46cf-8c92-3c2adf0a8b72 2e0bf81ffc104005bbfd0306974e2f0b ff340c3f0a1a469fa3a45ca9642e8551 - - default default] 10.0.0.109 "GET /v2.0/security-groups?tenant_id=7dd47e14b1384413803db22d24a306ad&name=default HTTP/1.1" status: 200 len: 3000 time: 0.3240550
2026-05-18 01:49:37.504 9 INFO neutron.wsgi [None req-efaee15d-8c1d-4b35-981b-289a8f215435 2e0bf81ffc104005bbfd0306974e2f0b ff340c3f0a1a469fa3a45ca9642e8551 - - default default] 10.0.0.188 "GET /v2.0/subnets HTTP/1.1" status: 200 len: 5497 time: 0.0537214
2026-05-18 01:49:37.556 9 INFO neutron.wsgi [None req-7a29a3cd-f564-422b-8c2b-4eef655bfdce 2e0bf81ffc104005bbfd0306974e2f0b ff340c3f0a1a469fa3a45ca9642e8551 - - default default] 10.0.0.188 "GET /v2.0/ports HTTP/1.1" status: 200 len: 24841 time: 0.0499818
2026-05-18 01:49:37.557 10 INFO neutron.wsgi [req-b7926b54-c40a-43aa-b576-bf5fe64c42cd req-7965aee5-9db0-43d6-a106-951bf19015b8 beb8973fb110498a9387049987fdb2a9 b5fab706a5854c878f6f17933e2647d1 - - 962da104e0de4d17b46b13014ad5ab31 962da104e0de4d17b46b13014ad5ab31] 162.253.55.186 "GET /v2.0/networks/1ca4d9c0-0920-467e-ac59-19f89f7f972a?fields=segments HTTP/1.1" status: 200 len: 212 time: 0.0748553
2026-05-18 01:49:37.607 9 INFO neutron.wsgi [None req-2ceb4145-45d5-40f2-9ce3-4605b256b443 2e0bf81ffc104005bbfd0306974e2f0b ff340c3f0a1a469fa3a45ca9642e8551 - - default default] 10.0.0.188 "GET /v2.0/subnets HTTP/1.1" status: 200 len: 5497 time: 0.0336261
2026-05-18 01:49:37.618 9 INFO neutron.wsgi [None req-8bc3e533-1ef7-4f17-96d6-a83e1cd2c244 2e0bf81ffc104005bbfd0306974e2f0b ff340c3f0a1a469fa3a45ca9642e8551 - - default default] 10.0.0.188 "GET /v2.0/subnetpools HTTP/1.1" status: 200 len: 193 time: 0.0086036
2026-05-18 01:49:37.649 10 INFO neutron.wsgi [req-b7926b54-c40a-43aa-b576-bf5fe64c42cd req-79fc370f-0ad8-42b7-9b93-6e8659511676 beb8973fb110498a9387049987fdb2a9 b5fab706a5854c878f6f17933e2647d1 - - 962da104e0de4d17b46b13014ad5ab31 962da104e0de4d17b46b13014ad5ab31] 162.253.55.186 "GET /v2.0/networks/1ca4d9c0-0920-467e-ac59-19f89f7f972a?fields=provider%3Aphysical_network&fields=provider%3Anetwork_type HTTP/1.1" status: 200 len: 277 time: 0.0851884
2026-05-18 01:49:37.667 9 INFO neutron.wsgi [None req-dd152741-c9ad-44d5-99cf-ed443e5efd11 2e0bf81ffc104005bbfd0306974e2f0b ff340c3f0a1a469fa3a45ca9642e8551 - - default default] 10.0.0.188 "GET /v2.0/security-groups HTTP/1.1" status: 200 len: 33017 time: 0.0480530
2026-05-18 01:49:37.680 10 INFO neutron.wsgi [req-b7926b54-c40a-43aa-b576-bf5fe64c42cd req-f1390f53-e6ef-4207-a7e9-ab9ec3a0f722 beb8973fb110498a9387049987fdb2a9 b5fab706a5854c878f6f17933e2647d1 - - 962da104e0de4d17b46b13014ad5ab31 962da104e0de4d17b46b13014ad5ab31] 162.253.55.186 "GET /v2.0/floatingips?fixed_ip_address=10.2.2.96&port_id=0bcd81d2-49b4-44c2-8b0b-2e41bb8a48f9 HTTP/1.1" status: 200 len: 217 time: 0.0219860
2026-05-18 01:49:37.707 10 INFO neutron.wsgi [req-b7926b54-c40a-43aa-b576-bf5fe64c42cd req-aaebe219-c5e1-444b-9872-cb915517dcaa beb8973fb110498a9387049987fdb2a9 b5fab706a5854c878f6f17933e2647d1 - - 962da104e0de4d17b46b13014ad5ab31 962da104e0de4d17b46b13014ad5ab31] 162.253.55.186 "GET /v2.0/floatingips?fixed_ip_address=fd77%3A1457%3A4cf0%3A26a8%3A%3A8f&port_id=0bcd81d2-49b4-44c2-8b0b-2e41bb8a48f9 HTTP/1.1" status: 200 len: 217 time: 0.0207913
2026-05-18 01:49:37.750 10 INFO neutron.wsgi [req-b7926b54-c40a-43aa-b576-bf5fe64c42cd req-c46d0f73-fcbf-4f4d-94c4-a1b0eea5c41f beb8973fb110498a9387049987fdb2a9 b5fab706a5854c878f6f17933e2647d1 - - 962da104e0de4d17b46b13014ad5ab31 962da104e0de4d17b46b13014ad5ab31] 162.253.55.186 "GET /v2.0/subnets?id=c2ea478f-e043-4166-8c3e-9f6e68664684&id=4eea1a15-3187-4fb0-904e-0399814dd7ef HTTP/1.1" status: 200 len: 1566 time: 0.0358343
2026-05-18 01:49:37.774 10 INFO neutron.wsgi [req-b7926b54-c40a-43aa-b576-bf5fe64c42cd req-757dd6a5-23b6-4c30-b57d-2ed8d3a74eff beb8973fb110498a9387049987fdb2a9 b5fab706a5854c878f6f17933e2647d1 - - 962da104e0de4d17b46b13014ad5ab31 962da104e0de4d17b46b13014ad5ab31] 162.253.55.186 "GET /v2.0/ports?network_id=3cb6b22b-4892-4f84-b05a-6dd986d17ea4&device_owner=network%3Adhcp HTTP/1.1" status: 200 len: 210 time: 0.0179594
2026-05-18 01:49:37.797 10 INFO neutron.wsgi [None req-5d204fc6-f63e-4864-bc4f-c52c23f5f310 2e0bf81ffc104005bbfd0306974e2f0b ff340c3f0a1a469fa3a45ca9642e8551 - - default default] 10.0.0.109 "DELETE /v2.0/security-groups/b62f4fc2-c770-4686-93c0-1ca49cef816d HTTP/1.1" status: 204 len: 168 time: 0.2927933
2026-05-18 01:49:37.799 10 INFO neutron.wsgi [req-b7926b54-c40a-43aa-b576-bf5fe64c42cd req-7ee55e81-8c32-4d51-9710-4634c7267838 beb8973fb110498a9387049987fdb2a9 b5fab706a5854c878f6f17933e2647d1 - - 962da104e0de4d17b46b13014ad5ab31 962da104e0de4d17b46b13014ad5ab31] 162.253.55.186 "GET /v2.0/ports?network_id=3cb6b22b-4892-4f84-b05a-6dd986d17ea4&device_owner=network%3Adhcp HTTP/1.1" status: 200 len: 210 time: 0.0210977
2026-05-18 01:49:37.860 10 INFO neutron.wsgi [req-b7926b54-c40a-43aa-b576-bf5fe64c42cd req-0dce9a86-1cf7-472c-8f2a-0dd9a259c94e beb8973fb110498a9387049987fdb2a9 b5fab706a5854c878f6f17933e2647d1 - - 962da104e0de4d17b46b13014ad5ab31 962da104e0de4d17b46b13014ad5ab31] 162.253.55.186 "GET /v2.0/networks/3cb6b22b-4892-4f84-b05a-6dd986d17ea4?fields=segments HTTP/1.1" status: 200 len: 212 time: 0.0550549
2026-05-18 01:49:37.921 10 INFO neutron.wsgi [req-b7926b54-c40a-43aa-b576-bf5fe64c42cd req-65cd30e4-ae29-4a78-906c-21eb80054c90 beb8973fb110498a9387049987fdb2a9 b5fab706a5854c878f6f17933e2647d1 - - 962da104e0de4d17b46b13014ad5ab31 962da104e0de4d17b46b13014ad5ab31] 162.253.55.186 "GET /v2.0/networks/3cb6b22b-4892-4f84-b05a-6dd986d17ea4?fields=provider%3Aphysical_network&fields=provider%3Anetwork_type HTTP/1.1" status: 200 len: 277 time: 0.0543144
2026-05-18 01:49:38.000 9 INFO neutron.db.ovn_revision_numbers_db [None req-e70c3e4d-02a3-48c1-84b3-4a3f554c34b9 2e0bf81ffc104005bbfd0306974e2f0b ff340c3f0a1a469fa3a45ca9642e8551 - - default default] Successfully bumped revision number for resource 71f1e187-f1f2-4ce9-8071-de945cf74c84 (type: security_groups) to 1
2026-05-18 01:49:38.014 9 INFO neutron.db.ovn_revision_numbers_db [None req-e70c3e4d-02a3-48c1-84b3-4a3f554c34b9 2e0bf81ffc104005bbfd0306974e2f0b ff340c3f0a1a469fa3a45ca9642e8551 - - default default] Successfully bumped revision number for resource 0b0847fb-196e-44c8-8940-fa03b66ed2d9 (type: security_group_rules) to 0
2026-05-18 01:49:38.014 10 INFO neutron.wsgi [req-da97aad4-863c-49d7-9aa1-4501a3cbd369 req-8df0cbb4-1e4c-4572-8cf6-a99dd418636d beb8973fb110498a9387049987fdb2a9 b5fab706a5854c878f6f17933e2647d1 - - 962da104e0de4d17b46b13014ad5ab31 962da104e0de4d17b46b13014ad5ab31] 162.253.55.186 "GET /v2.0/ports?tenant_id=ff340c3f0a1a469fa3a45ca9642e8551&device_id=cd311f88-ce8d-4d8e-a917-a4aa221c2e16 HTTP/1.1" status: 200 len: 5343 time: 0.0437949
2026-05-18 01:49:38.018 10 INFO neutron.plugins.ml2.drivers.ovn.mech_driver.mech_driver [None req-40637c31-0121-4113-bf8c-a5fc8cada4ed - - - - - -] OVN reports status up for port: 0bcd81d2-49b4-44c2-8b0b-2e41bb8a48f9
2026-05-18 01:49:38.041 9 INFO neutron.db.ovn_revision_numbers_db [None req-e70c3e4d-02a3-48c1-84b3-4a3f554c34b9 2e0bf81ffc104005bbfd0306974e2f0b ff340c3f0a1a469fa3a45ca9642e8551 - - default default] Successfully bumped revision number for resource 543fdc84-b82b-4b62-a9a8-41473531ca62 (type: security_group_rules) to 0
2026-05-18 01:49:38.043 10 INFO neutron.plugins.ml2.plugin [None req-40637c31-0121-4113-bf8c-a5fc8cada4ed - - - - - -] Attempt 1 to provision port 0bcd81d2-49b4-44c2-8b0b-2e41bb8a48f9
2026-05-18 01:49:38.057 9 INFO neutron.db.ovn_revision_numbers_db [None req-e70c3e4d-02a3-48c1-84b3-4a3f554c34b9 2e0bf81ffc104005bbfd0306974e2f0b ff340c3f0a1a469fa3a45ca9642e8551 - - default default] Successfully bumped revision number for resource 8dd586df-8ae6-481e-8d10-d53b5ebd4d5f (type: security_group_rules) to 0
2026-05-18 01:49:38.077 9 INFO neutron.db.ovn_revision_numbers_db [None req-e70c3e4d-02a3-48c1-84b3-4a3f554c34b9 2e0bf81ffc104005bbfd0306974e2f0b ff340c3f0a1a469fa3a45ca9642e8551 - - default default] Successfully bumped revision number for resource d36ba280-6001-456d-8c78-32cc41edb7de (type: security_group_rules) to 0
2026-05-18 01:49:38.099 9 INFO neutron.wsgi [None req-e70c3e4d-02a3-48c1-84b3-4a3f554c34b9 2e0bf81ffc104005bbfd0306974e2f0b ff340c3f0a1a469fa3a45ca9642e8551 - - default default] 10.0.0.109 "GET /v2.0/security-groups?tenant_id=a6b9267d4b7e45c0aaf71f129b1ca71e&name=default HTTP/1.1" status: 200 len: 3000 time: 0.2075348
2026-05-18 01:49:38.107 10 INFO neutron.wsgi [req-da97aad4-863c-49d7-9aa1-4501a3cbd369 req-2ef327c7-7869-4ae1-9103-45d1d34fd7d9 beb8973fb110498a9387049987fdb2a9 b5fab706a5854c878f6f17933e2647d1 - - 962da104e0de4d17b46b13014ad5ab31 962da104e0de4d17b46b13014ad5ab31] 162.253.55.186 "GET /v2.0/networks?id=3cb6b22b-4892-4f84-b05a-6dd986d17ea4 HTTP/1.1" status: 200 len: 1002 time: 0.0833375
2026-05-18 01:49:38.142 10 INFO neutron.wsgi [req-da97aad4-863c-49d7-9aa1-4501a3cbd369 req-aaff417f-c883-4b8f-a45a-0d72862f6a60 beb8973fb110498a9387049987fdb2a9 b5fab706a5854c878f6f17933e2647d1 - - 962da104e0de4d17b46b13014ad5ab31 962da104e0de4d17b46b13014ad5ab31] 162.253.55.186 "GET /v2.0/floatingips?fixed_ip_address=10.2.2.96&port_id=0bcd81d2-49b4-44c2-8b0b-2e41bb8a48f9 HTTP/1.1" status: 200 len: 217 time: 0.0280981
2026-05-18 01:49:38.169 10 INFO neutron.wsgi [req-da97aad4-863c-49d7-9aa1-4501a3cbd369 req-9f89b4dc-3436-43ab-9fd8-319c4ec2f230 beb8973fb110498a9387049987fdb2a9 b5fab706a5854c878f6f17933e2647d1 - - 962da104e0de4d17b46b13014ad5ab31 962da104e0de4d17b46b13014ad5ab31] 162.253.55.186 "GET /v2.0/floatingips?fixed_ip_address=fd77%3A1457%3A4cf0%3A26a8%3A%3A8f&port_id=0bcd81d2-49b4-44c2-8b0b-2e41bb8a48f9 HTTP/1.1" status: 200 len: 217 time: 0.0201414
2026-05-18 01:49:38.245 10 INFO neutron.wsgi [req-da97aad4-863c-49d7-9aa1-4501a3cbd369 req-d9f74672-0521-44ec-be79-4952db8dc1eb beb8973fb110498a9387049987fdb2a9 b5fab706a5854c878f6f17933e2647d1 - - 962da104e0de4d17b46b13014ad5ab31 962da104e0de4d17b46b13014ad5ab31] 162.253.55.186 "GET /v2.0/subnets?id=c2ea478f-e043-4166-8c3e-9f6e68664684&id=4eea1a15-3187-4fb0-904e-0399814dd7ef HTTP/1.1" status: 200 len: 1566 time: 0.0706153
2026-05-18 01:49:38.275 10 INFO neutron.wsgi [req-b7926b54-c40a-43aa-b576-bf5fe64c42cd req-ce357f88-03e5-4e72-ae4d-4b5c75497cbe 2e0bf81ffc104005bbfd0306974e2f0b ff340c3f0a1a469fa3a45ca9642e8551 - - default default] 10.0.0.105 "GET /v2.0/ports/0bcd81d2-49b4-44c2-8b0b-2e41bb8a48f9 HTTP/1.1" status: 200 len: 1631 time: 0.0824296
2026-05-18 01:49:38.283 10 INFO neutron.wsgi [req-da97aad4-863c-49d7-9aa1-4501a3cbd369 req-d5642723-a997-4d2e-91d4-f7ee8c7f2c96 beb8973fb110498a9387049987fdb2a9 b5fab706a5854c878f6f17933e2647d1 - - 962da104e0de4d17b46b13014ad5ab31 962da104e0de4d17b46b13014ad5ab31] 162.253.55.186 "GET /v2.0/ports?network_id=3cb6b22b-4892-4f84-b05a-6dd986d17ea4&device_owner=network%3Adhcp HTTP/1.1" status: 200 len: 210 time: 0.0265050
2026-05-18 01:49:38.311 9 INFO neutron.wsgi [None req-fb2ec4cd-0662-4e65-8111-fb8016da9a4d 2e0bf81ffc104005bbfd0306974e2f0b ff340c3f0a1a469fa3a45ca9642e8551 - - default default] 162.253.55.186 "GET /v2.0/ports/0bcd81d2-49b4-44c2-8b0b-2e41bb8a48f9 HTTP/1.1" status: 200 len: 1631 time: 0.0278895
2026-05-18 01:49:38.322 10 INFO neutron.wsgi [req-da97aad4-863c-49d7-9aa1-4501a3cbd369 req-22a37fd3-ee40-4787-b698-b4e777c38689 beb8973fb110498a9387049987fdb2a9 b5fab706a5854c878f6f17933e2647d1 - - 962da104e0de4d17b46b13014ad5ab31 962da104e0de4d17b46b13014ad5ab31] 162.253.55.186 "GET /v2.0/ports?network_id=3cb6b22b-4892-4f84-b05a-6dd986d17ea4&device_owner=network%3Adhcp HTTP/1.1" status: 200 len: 210 time: 0.0284827
2026-05-18 01:49:38.338 9 INFO neutron.wsgi [None req-290d8a27-2345-4fe0-b012-4d3338f06691 2e0bf81ffc104005bbfd0306974e2f0b ff340c3f0a1a469fa3a45ca9642e8551 - - default default] 10.0.0.109 "DELETE /v2.0/security-groups/71f1e187-f1f2-4ce9-8071-de945cf74c84 HTTP/1.1" status: 204 len: 168 time: 0.2336357
2026-05-18 01:49:38.346 9 INFO neutron.wsgi [None req-6aeb2aa0-d0db-4547-9439-5008929eb3bb 2e0bf81ffc104005bbfd0306974e2f0b ff340c3f0a1a469fa3a45ca9642e8551 - - default default] 162.253.55.186 "GET /v2.0/ports/0bcd81d2-49b4-44c2-8b0b-2e41bb8a48f9 HTTP/1.1" status: 200 len: 1631 time: 0.0289567
2026-05-18 01:49:38.424 10 INFO neutron.wsgi [req-da97aad4-863c-49d7-9aa1-4501a3cbd369 req-9e9ed931-1b92-4709-8df6-0a92804686a6 beb8973fb110498a9387049987fdb2a9 b5fab706a5854c878f6f17933e2647d1 - - 962da104e0de4d17b46b13014ad5ab31 962da104e0de4d17b46b13014ad5ab31] 162.253.55.186 "GET /v2.0/networks/3cb6b22b-4892-4f84-b05a-6dd986d17ea4?fields=segments HTTP/1.1" status: 200 len: 212 time: 0.0922177
2026-05-18 01:49:38.510 10 INFO neutron.db.ovn_revision_numbers_db [None req-40637c31-0121-4113-bf8c-a5fc8cada4ed - - - - - -] Successfully bumped revision number for resource 0bcd81d2-49b4-44c2-8b0b-2e41bb8a48f9 (type: ports) to 4
2026-05-18 01:49:38.521 10 INFO neutron.wsgi [req-da97aad4-863c-49d7-9aa1-4501a3cbd369 req-d54f32f4-272d-4e61-8431-d617eb04640e beb8973fb110498a9387049987fdb2a9 b5fab706a5854c878f6f17933e2647d1 - - 962da104e0de4d17b46b13014ad5ab31 962da104e0de4d17b46b13014ad5ab31] 162.253.55.186 "GET /v2.0/networks/3cb6b22b-4892-4f84-b05a-6dd986d17ea4?fields=provider%3Aphysical_network&fields=provider%3Anetwork_type HTTP/1.1" status: 200 len: 277 time: 0.0910754
2026-05-18 01:49:38.737 9 INFO neutron.db.ovn_revision_numbers_db [None req-0e20ec38-7d16-407b-8726-17f48fe32eff 2e0bf81ffc104005bbfd0306974e2f0b ff340c3f0a1a469fa3a45ca9642e8551 - - default default] Successfully bumped revision number for resource 0bcd81d2-49b4-44c2-8b0b-2e41bb8a48f9 (type: ports) to 5
2026-05-18 01:49:38.746 9 INFO neutron.wsgi [None req-0e20ec38-7d16-407b-8726-17f48fe32eff 2e0bf81ffc104005bbfd0306974e2f0b ff340c3f0a1a469fa3a45ca9642e8551 - - default default] 162.253.55.186 "PUT /v2.0/ports/0bcd81d2-49b4-44c2-8b0b-2e41bb8a48f9 HTTP/1.1" status: 200 len: 1374 time: 0.3936229 /var/lib/openstack/lib/python3.10/site-packages/pycadf/identifier.py:71: UserWarning: Invalid uuid: neutron. To ensure interoperability, identifiers should be a valid uuid. warnings.warn(('Invalid uuid: %s. To ensure interoperability, '
2026-05-18 01:49:38.784 9 INFO neutron.notifiers.nova [-] Nova event matching ['req-b769fe3c-db77-4582-b67b-101e7b27de9b'] response: {'name': 'network-changed', 'server_uuid': 'cd311f88-ce8d-4d8e-a917-a4aa221c2e16', 'tag': '0bcd81d2-49b4-44c2-8b0b-2e41bb8a48f9', 'status': 'completed', 'code': 200} /var/lib/openstack/lib/python3.10/site-packages/pycadf/identifier.py:71: UserWarning: Invalid uuid: neutron. To ensure interoperability, identifiers should be a valid uuid. warnings.warn(('Invalid uuid: %s. To ensure interoperability, '
2026-05-18 01:49:38.812 9 INFO neutron.wsgi [None req-173fd191-5c84-4ad9-8e8f-c2f70cf2ba77 2e0bf81ffc104005bbfd0306974e2f0b ff340c3f0a1a469fa3a45ca9642e8551 - - default default] 162.253.55.186 "GET /v2.0/networks/3cb6b22b-4892-4f84-b05a-6dd986d17ea4 HTTP/1.1" status: 200 len: 999 time: 0.0585845
2026-05-18 01:49:38.848 10 INFO neutron.wsgi [req-c7bfc25d-6fc5-4af9-a38e-ec2c1105c232 req-f0d03afa-16b2-4d4e-9507-73e31419f669 beb8973fb110498a9387049987fdb2a9 b5fab706a5854c878f6f17933e2647d1 - - 962da104e0de4d17b46b13014ad5ab31 962da104e0de4d17b46b13014ad5ab31] 162.253.55.186 "GET /v2.0/ports?tenant_id=ff340c3f0a1a469fa3a45ca9642e8551&device_id=cd311f88-ce8d-4d8e-a917-a4aa221c2e16 HTTP/1.1" status: 200 len: 5116 time: 0.0477753
2026-05-18 01:49:38.852 9 INFO neutron.wsgi [None req-55c5ac38-1df8-47bf-aae4-50379aa41902 2e0bf81ffc104005bbfd0306974e2f0b ff340c3f0a1a469fa3a45ca9642e8551 - - default default] 162.253.55.186 "GET /v2.0/subnets/c2ea478f-e043-4166-8c3e-9f6e68664684 HTTP/1.1" status: 200 len: 848 time: 0.0336452
2026-05-18 01:49:38.873 10 INFO neutron.notifiers.nova [-] Nova event matching ['req-538cefc1-fe06-4d1e-bfa5-7a48c68c9444'] response: {'server_uuid': 'cd311f88-ce8d-4d8e-a917-a4aa221c2e16', 'name': 'network-vif-plugged', 'status': 'completed', 'tag': '0bcd81d2-49b4-44c2-8b0b-2e41bb8a48f9', 'code': 200}
2026-05-18 01:49:38.873 10 INFO neutron.notifiers.nova [-] Nova event matching ['req-538cefc1-fe06-4d1e-bfa5-7a48c68c9444'] response: {'server_uuid': 'cd311f88-ce8d-4d8e-a917-a4aa221c2e16', 'name': 'network-vif-plugged', 'status': 'completed', 'tag': '0bcd81d2-49b4-44c2-8b0b-2e41bb8a48f9', 'code': 200}
2026-05-18 01:49:38.919 10 INFO neutron.wsgi [req-c7bfc25d-6fc5-4af9-a38e-ec2c1105c232 req-1cc504c5-61aa-4c6d-8022-84cf83cf0cb8 beb8973fb110498a9387049987fdb2a9 b5fab706a5854c878f6f17933e2647d1 - - 962da104e0de4d17b46b13014ad5ab31 962da104e0de4d17b46b13014ad5ab31] 162.253.55.186 "GET /v2.0/networks?id=3cb6b22b-4892-4f84-b05a-6dd986d17ea4 HTTP/1.1" status: 200 len: 1002 time: 0.0652349
2026-05-18 01:49:38.931 9 INFO neutron.wsgi [None req-311b24da-545c-4b3a-813d-b7de70809fc4 2e0bf81ffc104005bbfd0306974e2f0b ff340c3f0a1a469fa3a45ca9642e8551 - - default default] 162.253.55.186 "GET /v2.0/extensions/security-group HTTP/1.1" status: 200 len: 369 time: 0.0079708
