2026-05-18 01:41:42.941 9 INFO neutron.wsgi [None req-c68f97ab-28fc-4e3d-a59d-bc8a5d075a90 2e0bf81ffc104005bbfd0306974e2f0b ff340c3f0a1a469fa3a45ca9642e8551 - - default default] 162.253.55.186,10.0.0.69 "GET /v2.0/networks HTTP/1.1" status: 200 len: 2350 time: 0.0923488
2026-05-18 01:41:43.847 10 INFO neutron.wsgi [None req-7be9a049-de31-49a0-922e-1b16b1b4555b 2e0bf81ffc104005bbfd0306974e2f0b ff340c3f0a1a469fa3a45ca9642e8551 - - default default] 162.253.55.186,10.0.0.69 "GET /v2.0/subnets HTTP/1.1" status: 200 len: 1437 time: 0.0896261
2026-05-18 01:41:43.908 10 INFO neutron.wsgi [None req-3fe108c0-ae3d-4ceb-bd81-7fa52d038520 2e0bf81ffc104005bbfd0306974e2f0b ff340c3f0a1a469fa3a45ca9642e8551 - - default default] 162.253.55.186,10.0.0.69 "GET /v2.0/networks HTTP/1.1" status: 200 len: 2350 time: 0.0546103
2026-05-18 01:41:44.948 9 INFO neutron.wsgi [None req-a0051a3c-dcc1-46c3-bde9-24c1e625195c 2e0bf81ffc104005bbfd0306974e2f0b ff340c3f0a1a469fa3a45ca9642e8551 - - default default] 162.253.55.186,10.0.0.69 "GET /v2.0/security-groups?tenant_id=ff340c3f0a1a469fa3a45ca9642e8551 HTTP/1.1" status: 200 len: 10161 time: 0.0775449
2026-05-18 01:41:46.072 10 INFO neutron.wsgi [None req-7242f09a-2191-4d5e-8175-27f6d5228f23 2e0bf81ffc104005bbfd0306974e2f0b ff340c3f0a1a469fa3a45ca9642e8551 - - default default] 162.253.55.186,10.0.0.69 "GET /v2.0/security-groups?tenant_id=ff340c3f0a1a469fa3a45ca9642e8551 HTTP/1.1" status: 200 len: 10161 time: 0.1111140
2026-05-18 01:41:46.905 9 INFO neutron.wsgi [None req-97147451-4678-4ea1-9698-9f5239479560 2e0bf81ffc104005bbfd0306974e2f0b ff340c3f0a1a469fa3a45ca9642e8551 - - default default] 162.253.55.186,10.0.0.69 "GET /v2.0/security-groups?tenant_id=ff340c3f0a1a469fa3a45ca9642e8551 HTTP/1.1" status: 200 len: 10161 time: 0.0801849
2026-05-18 01:41:47.736 10 INFO neutron.wsgi [None req-6a2ad7fe-1805-4f76-a4f0-3cbea245f52f 2e0bf81ffc104005bbfd0306974e2f0b ff340c3f0a1a469fa3a45ca9642e8551 - - default default] 162.253.55.186,10.0.0.69 "GET /v2.0/security-groups?tenant_id=ff340c3f0a1a469fa3a45ca9642e8551 HTTP/1.1" status: 200 len: 10161 time: 0.0898433
2026-05-18 01:41:48.581 10 INFO neutron.wsgi [None req-e1607213-9f9b-48bc-af22-f957717608ef 2e0bf81ffc104005bbfd0306974e2f0b ff340c3f0a1a469fa3a45ca9642e8551 - - default default] 162.253.55.186,10.0.0.69 "GET /v2.0/security-groups?tenant_id=ff340c3f0a1a469fa3a45ca9642e8551 HTTP/1.1" status: 200 len: 10161 time: 0.0786598
2026-05-18 01:41:48.950 10 INFO neutron.wsgi [-] 10.0.0.69 "GET / HTTP/1.1" status: 200 len: 247 time: 0.0025501
2026-05-18 01:41:48.951 9 INFO neutron.wsgi [-] 10.0.0.69 "GET / HTTP/1.1" status: 200 len: 247 time: 0.0028520
2026-05-18 01:41:49.378 9 INFO neutron.wsgi [None req-0f516da3-71ad-4c60-b862-951593e718d8 2e0bf81ffc104005bbfd0306974e2f0b ff340c3f0a1a469fa3a45ca9642e8551 - - default default] 162.253.55.186,10.0.0.69 "GET /v2.0/security-groups?tenant_id=ff340c3f0a1a469fa3a45ca9642e8551 HTTP/1.1" status: 200 len: 10161 time: 0.0703733
2026-05-18 01:41:50.508 9 INFO neutron.wsgi [None req-d33ebd6e-0b95-491b-a28c-ecf542980c21 2e0bf81ffc104005bbfd0306974e2f0b ff340c3f0a1a469fa3a45ca9642e8551 - - default default] 162.253.55.186,10.0.0.69 "GET /v2.0/security-groups HTTP/1.1" status: 200 len: 16803 time: 0.0783026
2026-05-18 01:41:50.549 9 INFO neutron.wsgi [None req-2a800245-2407-43dd-b120-64f1f0410e93 2e0bf81ffc104005bbfd0306974e2f0b ff340c3f0a1a469fa3a45ca9642e8551 - - default default] 162.253.55.186,10.0.0.69 "GET /v2.0/ports HTTP/1.1" status: 200 len: 5351 time: 0.0338809
2026-05-18 01:41:56.662 10 INFO neutron.pecan_wsgi.hooks.translation [None req-4e149457-a9b4-4e6b-82e0-22bfd535d2c9 2e0bf81ffc104005bbfd0306974e2f0b ff340c3f0a1a469fa3a45ca9642e8551 - - default default] GET failed (client error): The resource could not be found.
2026-05-18 01:41:56.664 10 INFO neutron.wsgi [None req-4e149457-a9b4-4e6b-82e0-22bfd535d2c9 2e0bf81ffc104005bbfd0306974e2f0b ff340c3f0a1a469fa3a45ca9642e8551 - - default default] 162.253.55.186,10.0.0.69 "GET /v2.0/ports/octavia-health-manager-port-instance HTTP/1.1" status: 404 len: 314 time: 0.0617976
2026-05-18 01:41:56.702 10 INFO neutron.wsgi [None req-f25de929-8c32-4b5b-9669-d6703bfae65c 2e0bf81ffc104005bbfd0306974e2f0b ff340c3f0a1a469fa3a45ca9642e8551 - - default default] 162.253.55.186,10.0.0.69 "GET /v2.0/ports?name=octavia-health-manager-port-instance HTTP/1.1" status: 200 len: 1399 time: 0.0355635
2026-05-18 01:41:58.079 10 INFO neutron.wsgi [None req-8ba74f0e-14e1-4262-9b5b-5e627b3a477c 2e0bf81ffc104005bbfd0306974e2f0b ff340c3f0a1a469fa3a45ca9642e8551 - - default default] 162.253.55.186,10.0.0.69 "GET /v2.0/ports HTTP/1.1" status: 200 len: 5351 time: 0.0629115
2026-05-18 01:41:59.039 9 INFO neutron.wsgi [None req-ba2e4239-dab6-4523-946b-b3b841ef011a 2e0bf81ffc104005bbfd0306974e2f0b ff340c3f0a1a469fa3a45ca9642e8551 - - default default] 162.253.55.186,10.0.0.69 "GET /v2.0/security-groups?tenant_id=ff340c3f0a1a469fa3a45ca9642e8551 HTTP/1.1" status: 200 len: 10161 time: 0.0770886
2026-05-18 01:41:59.950 9 INFO neutron.wsgi [None req-2041b0ee-9494-42f8-b899-f2132ffcfad6 2e0bf81ffc104005bbfd0306974e2f0b ff340c3f0a1a469fa3a45ca9642e8551 - - default default] 162.253.55.186,10.0.0.69 "GET /v2.0/security-groups?tenant_id=ff340c3f0a1a469fa3a45ca9642e8551 HTTP/1.1" status: 200 len: 10161 time: 0.0810535
2026-05-18 01:42:00.775 9 INFO neutron.wsgi [None req-994b6247-d19d-4731-9db9-51a2e75cde9d 2e0bf81ffc104005bbfd0306974e2f0b ff340c3f0a1a469fa3a45ca9642e8551 - - default default] 162.253.55.186,10.0.0.69 "GET /v2.0/security-groups?tenant_id=ff340c3f0a1a469fa3a45ca9642e8551 HTTP/1.1" status: 200 len: 10161 time: 0.0933785
2026-05-18 01:42:03.949 9 INFO neutron.wsgi [-] 10.0.0.69 "GET / HTTP/1.1" status: 200 len: 247 time: 0.0017242
2026-05-18 01:42:03.950 10 INFO neutron.wsgi [-] 10.0.0.69 "GET / HTTP/1.1" status: 200 len: 247 time: 0.0023663
2026-05-18 01:42:11.007 10 INFO neutron.wsgi [None req-ee747391-99f7-4c99-a6ae-243b2822f799 2e0bf81ffc104005bbfd0306974e2f0b ff340c3f0a1a469fa3a45ca9642e8551 - - default default] 162.253.55.186,10.0.0.69 "GET /v2.0/quotas/ff340c3f0a1a469fa3a45ca9642e8551 HTTP/1.1" status: 200 len: 361 time: 0.0114226
2026-05-18 01:42:18.949 9 INFO neutron.wsgi [-] 10.0.0.69 "GET / HTTP/1.1" status: 200 len: 247 time: 0.0016856
2026-05-18 01:42:18.950 10 INFO neutron.wsgi [-] 10.0.0.69 "GET / HTTP/1.1" status: 200 len: 247 time: 0.0023525
2026-05-18 01:42:33.948 10 INFO neutron.wsgi [-] 10.0.0.69 "GET / HTTP/1.1" status: 200 len: 247 time: 0.0015833
2026-05-18 01:42:33.951 9 INFO neutron.wsgi [-] 10.0.0.69 "GET / HTTP/1.1" status: 200 len: 247 time: 0.0033009
2026-05-18 01:42:37.205 9 INFO neutron.wsgi [None req-4b5f1a3d-0f1e-4453-8c83-667f305e8ad1 2e0bf81ffc104005bbfd0306974e2f0b ff340c3f0a1a469fa3a45ca9642e8551 - - default default] 10.0.0.188 "GET /v2.0/subnets HTTP/1.1" status: 200 len: 1437 time: 0.0797787
2026-05-18 01:42:37.241 9 INFO neutron.wsgi [None req-e7405670-461d-4d17-9227-f7e19955b064 2e0bf81ffc104005bbfd0306974e2f0b ff340c3f0a1a469fa3a45ca9642e8551 - - default default] 10.0.0.188 "GET /v2.0/agents HTTP/1.1" status: 200 len: 997 time: 0.0348027
2026-05-18 01:42:37.254 9 INFO neutron.wsgi [None req-ee03cd98-147d-4449-b67b-979c7aedbbcb 2e0bf81ffc104005bbfd0306974e2f0b ff340c3f0a1a469fa3a45ca9642e8551 - - default default] 10.0.0.188 "GET /v2.0/network-ip-availabilities HTTP/1.1" status: 200 len: 1280 time: 0.0110095
2026-05-18 01:42:37.305 9 INFO neutron.wsgi [None req-de43d7b8-ef5a-4d55-a16f-e87698ce3404 2e0bf81ffc104005bbfd0306974e2f0b ff340c3f0a1a469fa3a45ca9642e8551 - - default default] 10.0.0.188 "GET /v2.0/security-groups HTTP/1.1" status: 200 len: 16803 time: 0.0503845
2026-05-18 01:42:37.341 9 INFO neutron.wsgi [None req-1bd73d01-b687-41ed-b2b4-fc68341de23b 2e0bf81ffc104005bbfd0306974e2f0b ff340c3f0a1a469fa3a45ca9642e8551 - - default default] 10.0.0.188 "GET /v2.0/ports HTTP/1.1" status: 200 len: 5351 time: 0.0328634
2026-05-18 01:42:37.372 9 INFO neutron.wsgi [None req-a07ac583-829f-4c07-b47a-55e8a6edf108 2e0bf81ffc104005bbfd0306974e2f0b ff340c3f0a1a469fa3a45ca9642e8551 - - default default] 10.0.0.188 "GET /v2.0/routers HTTP/1.1" status: 200 len: 189 time: 0.0233614
2026-05-18 01:42:37.382 9 INFO neutron.wsgi [None req-df81fe93-e6f9-49a2-9b6c-8d32647179d6 2e0bf81ffc104005bbfd0306974e2f0b ff340c3f0a1a469fa3a45ca9642e8551 - - default default] 10.0.0.188 "GET /v2.0/agents?binary=ovn-controller HTTP/1.1" status: 200 len: 591 time: 0.0088513
2026-05-18 01:42:37.410 9 INFO neutron.wsgi [None req-ca994872-616c-4729-a4ee-83d0e5ca3502 2e0bf81ffc104005bbfd0306974e2f0b ff340c3f0a1a469fa3a45ca9642e8551 - - default default] 10.0.0.188 "GET /v2.0/subnets HTTP/1.1" status: 200 len: 1437 time: 0.0283048
2026-05-18 01:42:37.421 9 INFO neutron.wsgi [None req-46bdde62-6ef2-4dae-b8a4-f9342d2c1a9c 2e0bf81ffc104005bbfd0306974e2f0b ff340c3f0a1a469fa3a45ca9642e8551 - - default default] 10.0.0.188 "GET /v2.0/subnetpools HTTP/1.1" status: 200 len: 193 time: 0.0101376
2026-05-18 01:42:37.447 9 INFO neutron.wsgi [None req-ad515331-a9f2-4722-bba9-3fdf20235391 2e0bf81ffc104005bbfd0306974e2f0b ff340c3f0a1a469fa3a45ca9642e8551 - - default default] 10.0.0.188 "GET /v2.0/floatingips HTTP/1.1" status: 200 len: 193 time: 0.0251279
2026-05-18 01:42:37.509 9 INFO neutron.wsgi [None req-56c661e0-a81f-4ddd-84a6-4aebbf1dcd11 2e0bf81ffc104005bbfd0306974e2f0b ff340c3f0a1a469fa3a45ca9642e8551 - - default default] 10.0.0.188 "GET /v2.0/networks HTTP/1.1" status: 200 len: 2350 time: 0.0599120
2026-05-18 01:42:48.949 9 INFO neutron.wsgi [-] 10.0.0.69 "GET / HTTP/1.1" status: 200 len: 247 time: 0.0024056
2026-05-18 01:42:48.950 10 INFO neutron.wsgi [-] 10.0.0.69 "GET / HTTP/1.1" status: 200 len: 247 time: 0.0029025
2026-05-18 01:42:57.810 9 INFO neutron.wsgi [None req-bc5fa046-cc93-4d94-bc7c-12aedda639ee 2e0bf81ffc104005bbfd0306974e2f0b ff340c3f0a1a469fa3a45ca9642e8551 - - default default] 162.253.55.186,10.0.0.69 "GET /v2.0/security-groups?tenant_id=b5fab706a5854c878f6f17933e2647d1 HTTP/1.1" status: 200 len: 6838 time: 0.0715480
2026-05-18 01:42:58.774 10 INFO neutron.wsgi [None req-3863ac55-e577-422c-8d5c-b249ea3645f5 2e0bf81ffc104005bbfd0306974e2f0b ff340c3f0a1a469fa3a45ca9642e8551 - - default default] 162.253.55.186,10.0.0.69 "GET /v2.0/security-groups?tenant_id=b5fab706a5854c878f6f17933e2647d1 HTTP/1.1" status: 200 len: 6838 time: 0.0859656
2026-05-18 01:42:59.626 10 INFO neutron.wsgi [None req-38c6d94d-81a3-41de-9301-f43ef2efada2 2e0bf81ffc104005bbfd0306974e2f0b ff340c3f0a1a469fa3a45ca9642e8551 - - default default] 162.253.55.186,10.0.0.69 "GET /v2.0/security-groups?tenant_id=b5fab706a5854c878f6f17933e2647d1 HTTP/1.1" status: 200 len: 6838 time: 0.0680914
2026-05-18 01:43:00.455 10 INFO neutron.wsgi [None req-7dc85b1f-d89e-4d6b-81db-82eb99a2d9ff 2e0bf81ffc104005bbfd0306974e2f0b ff340c3f0a1a469fa3a45ca9642e8551 - - default default] 162.253.55.186,10.0.0.69 "GET /v2.0/security-groups?tenant_id=b5fab706a5854c878f6f17933e2647d1 HTTP/1.1" status: 200 len: 6838 time: 0.0741210
2026-05-18 01:43:01.348 10 INFO neutron.wsgi [None req-58caa571-2d71-4b4a-a0d4-36c89057f41c 2e0bf81ffc104005bbfd0306974e2f0b ff340c3f0a1a469fa3a45ca9642e8551 - - default default] 162.253.55.186,10.0.0.69 "GET /v2.0/security-groups?tenant_id=b5fab706a5854c878f6f17933e2647d1 HTTP/1.1" status: 200 len: 6838 time: 0.0822058
2026-05-18 01:43:03.950 10 INFO neutron.wsgi [-] 10.0.0.69 "GET / HTTP/1.1" status: 200 len: 247 time: 0.0026584
2026-05-18 01:43:03.951 9 INFO neutron.wsgi [-] 10.0.0.69 "GET / HTTP/1.1" status: 200 len: 247 time: 0.0027711
2026-05-18 01:43:08.399 10 INFO neutron.wsgi [None req-5d47137a-51d1-4acc-ad68-377039313f04 2e0bf81ffc104005bbfd0306974e2f0b ff340c3f0a1a469fa3a45ca9642e8551 - - default default] 162.253.55.186,10.0.0.69 "GET /v2.0/quotas/b5fab706a5854c878f6f17933e2647d1 HTTP/1.1" status: 200 len: 361 time: 0.0126200
2026-05-18 01:43:18.950 9 INFO neutron.wsgi [-] 10.0.0.69 "GET / HTTP/1.1" status: 200 len: 247 time: 0.0022821
2026-05-18 01:43:18.950 10 INFO neutron.wsgi [-] 10.0.0.69 "GET / HTTP/1.1" status: 200 len: 247 time: 0.0028789
2026-05-18 01:43:33.951 10 INFO neutron.wsgi [-] 10.0.0.69 "GET / HTTP/1.1" status: 200 len: 247 time: 0.0034783
2026-05-18 01:43:33.953 9 INFO neutron.wsgi [-] 10.0.0.69 "GET / HTTP/1.1" status: 200 len: 247 time: 0.0060408
2026-05-18 01:43:37.194 9 INFO neutron.wsgi [None req-0d49425f-3ba2-4fa4-90c9-68658f338515 2e0bf81ffc104005bbfd0306974e2f0b ff340c3f0a1a469fa3a45ca9642e8551 - - default default] 10.0.0.188 "GET /v2.0/security-groups HTTP/1.1" status: 200 len: 16803 time: 0.0950751
2026-05-18 01:43:37.241 9 INFO neutron.wsgi [None req-2cd52f14-256a-437c-a206-8fa6a14e1317 2e0bf81ffc104005bbfd0306974e2f0b ff340c3f0a1a469fa3a45ca9642e8551 - - default default] 10.0.0.188 "GET /v2.0/subnets HTTP/1.1" status: 200 len: 1437 time: 0.0425103
2026-05-18 01:43:37.249 9 INFO neutron.wsgi [None req-1227391c-67d6-4bd5-8145-d0e45167a46a 2e0bf81ffc104005bbfd0306974e2f0b ff340c3f0a1a469fa3a45ca9642e8551 - - default default] 10.0.0.188 "GET /v2.0/subnetpools HTTP/1.1" status: 200 len: 193 time: 0.0066636
2026-05-18 01:43:37.267 9 INFO neutron.wsgi [None req-59a507ea-d951-4ad1-85c4-682dc0b83cd4 2e0bf81ffc104005bbfd0306974e2f0b ff340c3f0a1a469fa3a45ca9642e8551 - - default default] 10.0.0.188 "GET /v2.0/routers HTTP/1.1" status: 200 len: 189 time: 0.0176258
2026-05-18 01:43:37.293 9 INFO neutron.wsgi [None req-fbb841be-78ec-40d8-b8d0-0edeade16b2a 2e0bf81ffc104005bbfd0306974e2f0b ff340c3f0a1a469fa3a45ca9642e8551 - - default default] 10.0.0.188 "GET /v2.0/agents?binary=ovn-controller HTTP/1.1" status: 200 len: 591 time: 0.0249169
2026-05-18 01:43:37.302 9 INFO neutron.wsgi [None req-64146570-68ca-498b-b28f-38691aa6c7ca 2e0bf81ffc104005bbfd0306974e2f0b ff340c3f0a1a469fa3a45ca9642e8551 - - default default] 10.0.0.188 "GET /v2.0/agents HTTP/1.1" status: 200 len: 997 time: 0.0083103
2026-05-18 01:43:37.312 9 INFO neutron.wsgi [None req-524b3674-2412-42b1-b5dd-c46bbd66fe8a 2e0bf81ffc104005bbfd0306974e2f0b ff340c3f0a1a469fa3a45ca9642e8551 - - default default] 10.0.0.188 "GET /v2.0/network-ip-availabilities HTTP/1.1" status: 200 len: 1280 time: 0.0088518
2026-05-18 01:43:37.373 9 INFO neutron.wsgi [None req-a8a8d2f7-8b54-4287-a507-c7fad2dda9a8 2e0bf81ffc104005bbfd0306974e2f0b ff340c3f0a1a469fa3a45ca9642e8551 - - default default] 10.0.0.188 "GET /v2.0/networks HTTP/1.1" status: 200 len: 2350 time: 0.0607789
2026-05-18 01:43:37.408 9 INFO neutron.wsgi [None req-7f8c2c40-d360-4049-89f1-a085645bf52c 2e0bf81ffc104005bbfd0306974e2f0b ff340c3f0a1a469fa3a45ca9642e8551 - - default default] 10.0.0.188 "GET /v2.0/ports HTTP/1.1" status: 200 len: 5351 time: 0.0314283
2026-05-18 01:43:37.443 9 INFO neutron.wsgi [None req-8b18db4a-d869-46db-897a-349467d53ebd 2e0bf81ffc104005bbfd0306974e2f0b ff340c3f0a1a469fa3a45ca9642e8551 - - default default] 10.0.0.188 "GET /v2.0/subnets HTTP/1.1" status: 200 len: 1437 time: 0.0306044
2026-05-18 01:43:37.465 9 INFO neutron.wsgi [None req-ff252e44-cd2d-4f3e-9aaf-0cf18c8b64ae 2e0bf81ffc104005bbfd0306974e2f0b ff340c3f0a1a469fa3a45ca9642e8551 - - default default] 10.0.0.188 "GET /v2.0/floatingips HTTP/1.1" status: 200 len: 193 time: 0.0212474
2026-05-18 01:43:48.950 9 INFO neutron.wsgi [-] 10.0.0.69 "GET / HTTP/1.1" status: 200 len: 247 time: 0.0023024
2026-05-18 01:43:48.950 10 INFO neutron.wsgi [-] 10.0.0.69 "GET / HTTP/1.1" status: 200 len: 247 time: 0.0027187
2026-05-18 01:43:56.497 10 INFO neutron.wsgi [None req-eed21a36-538c-41e0-9c39-1228f40c36e0 2e0bf81ffc104005bbfd0306974e2f0b ff340c3f0a1a469fa3a45ca9642e8551 - - default default] 162.253.55.186,10.0.0.69 "GET /v2.0/networks HTTP/1.1" status: 200 len: 2350 time: 0.1074977
2026-05-18 01:44:03.950 10 INFO neutron.wsgi [-] 10.0.0.69 "GET / HTTP/1.1" status: 200 len: 247 time: 0.0024064
2026-05-18 01:44:03.953 10 INFO neutron.wsgi [-] 10.0.0.69 "GET / HTTP/1.1" status: 200 len: 247 time: 0.0023444
2026-05-18 01:44:18.950 9 INFO neutron.wsgi [-] 10.0.0.69 "GET / HTTP/1.1" status: 200 len: 247 time: 0.0027280
2026-05-18 01:44:18.952 9 INFO neutron.wsgi [-] 10.0.0.69 "GET / HTTP/1.1" status: 200 len: 247 time: 0.0011771
2026-05-18 01:44:33.949 10 INFO neutron.wsgi [-] 10.0.0.69 "GET / HTTP/1.1" status: 200 len: 247 time: 0.0024443
2026-05-18 01:44:33.951 9 INFO neutron.wsgi [-] 10.0.0.69 "GET / HTTP/1.1" status: 200 len: 247 time: 0.0038998 /var/lib/openstack/lib/python3.10/site-packages/pycadf/identifier.py:71: UserWarning: Invalid uuid: neutron. To ensure interoperability, identifiers should be a valid uuid. warnings.warn(('Invalid uuid: %s. To ensure interoperability, '
2026-05-18 01:44:34.427 10 INFO neutron.wsgi [None req-0d895e93-5286-434e-832e-e9057ba285af 2e0bf81ffc104005bbfd0306974e2f0b ff340c3f0a1a469fa3a45ca9642e8551 - - default default] 10.0.0.109 "GET /v2.0/networks HTTP/1.1" status: 200 len: 2369 time: 0.2172127
2026-05-18 01:44:35.563 9 INFO neutron.wsgi [None req-77a06777-b7de-4164-a094-58c328474487 2e0bf81ffc104005bbfd0306974e2f0b ff340c3f0a1a469fa3a45ca9642e8551 - - default default] 10.0.0.109 "GET /v2.0/floatingips HTTP/1.1" status: 200 len: 212 time: 0.0227818
2026-05-18 01:44:35.587 9 INFO neutron.wsgi [None req-7519fcf5-84aa-4385-a279-1f1beb65f70a 2e0bf81ffc104005bbfd0306974e2f0b ff340c3f0a1a469fa3a45ca9642e8551 - - default default] 10.0.0.109 "GET /v2.0/routers HTTP/1.1" status: 200 len: 208 time: 0.0203135
2026-05-18 01:44:35.614 10 INFO neutron.wsgi [None req-db9db9ec-3935-4826-8bc7-29ce64df466b 2e0bf81ffc104005bbfd0306974e2f0b ff340c3f0a1a469fa3a45ca9642e8551 - - default default] 10.0.0.109 "GET /v2.0/ports HTTP/1.1" status: 200 len: 5370 time: 0.0249777
2026-05-18 01:44:35.651 10 INFO neutron.wsgi [None req-b42047a6-5873-4b4c-ab25-be9d7072b71e 2e0bf81ffc104005bbfd0306974e2f0b ff340c3f0a1a469fa3a45ca9642e8551 - - default default] 10.0.0.109 "GET /v2.0/subnets HTTP/1.1" status: 200 len: 1456 time: 0.0320387
2026-05-18 01:44:35.714 10 INFO neutron.wsgi [None req-f8530daa-5bc2-4e9a-89e3-80bb4b571883 2e0bf81ffc104005bbfd0306974e2f0b ff340c3f0a1a469fa3a45ca9642e8551 - - default default] 10.0.0.109 "GET /v2.0/networks HTTP/1.1" status: 200 len: 2369 time: 0.0589585
2026-05-18 01:44:35.766 10 INFO neutron.wsgi [None req-f76c8319-4979-4d27-a660-0d897664c54e 2e0bf81ffc104005bbfd0306974e2f0b ff340c3f0a1a469fa3a45ca9642e8551 - - default default] 10.0.0.109 "GET /v2.0/security-groups HTTP/1.1" status: 200 len: 16822 time: 0.0470152
2026-05-18 01:44:35.780 10 INFO neutron.wsgi [None req-9809855b-5c18-429e-b87c-10b5e9411298 2e0bf81ffc104005bbfd0306974e2f0b ff340c3f0a1a469fa3a45ca9642e8551 - - default default] 10.0.0.109 "GET /v2.0/subnetpools HTTP/1.1" status: 200 len: 212 time: 0.0105500
2026-05-18 01:44:37.146 9 INFO neutron.wsgi [None req-197a4334-ab68-4365-bfe1-060ecd2a1a50 2e0bf81ffc104005bbfd0306974e2f0b ff340c3f0a1a469fa3a45ca9642e8551 - - default default] 10.0.0.188 "GET /v2.0/network-ip-availabilities HTTP/1.1" status: 200 len: 1280 time: 0.0639355
2026-05-18 01:44:37.260 9 INFO neutron.wsgi [None req-05bef736-10b3-41be-9ea3-7d8e412b8f27 2e0bf81ffc104005bbfd0306974e2f0b ff340c3f0a1a469fa3a45ca9642e8551 - - default default] 10.0.0.188 "GET /v2.0/networks HTTP/1.1" status: 200 len: 2350 time: 0.1129920
2026-05-18 01:44:37.295 9 INFO neutron.wsgi [None req-e2df54a7-8499-49eb-b037-999bb316824e 2e0bf81ffc104005bbfd0306974e2f0b ff340c3f0a1a469fa3a45ca9642e8551 - - default default] 10.0.0.188 "GET /v2.0/ports HTTP/1.1" status: 200 len: 5351 time: 0.0332689
2026-05-18 01:44:37.317 9 INFO neutron.wsgi [None req-2936ff50-f473-43ef-a1be-b2abbd3c6ace 2e0bf81ffc104005bbfd0306974e2f0b ff340c3f0a1a469fa3a45ca9642e8551 - - default default] 10.0.0.188 "GET /v2.0/routers HTTP/1.1" status: 200 len: 189 time: 0.0191486
2026-05-18 01:44:37.346 9 INFO neutron.wsgi [None req-bee26b38-c514-4235-a4f7-dc719a4836ae 2e0bf81ffc104005bbfd0306974e2f0b ff340c3f0a1a469fa3a45ca9642e8551 - - default default] 10.0.0.188 "GET /v2.0/agents?binary=ovn-controller HTTP/1.1" status: 200 len: 591 time: 0.0290117
2026-05-18 01:44:37.373 9 INFO neutron.wsgi [None req-91a040e4-f007-4dbf-93af-33213a34dc7f 2e0bf81ffc104005bbfd0306974e2f0b ff340c3f0a1a469fa3a45ca9642e8551 - - default default] 10.0.0.188 "GET /v2.0/agents HTTP/1.1" status: 200 len: 997 time: 0.0250626
2026-05-18 01:44:37.438 9 INFO neutron.wsgi [None req-795b89e9-b249-46a4-9882-051731e62a74 2e0bf81ffc104005bbfd0306974e2f0b ff340c3f0a1a469fa3a45ca9642e8551 - - default default] 10.0.0.188 "GET /v2.0/security-groups HTTP/1.1" status: 200 len: 16803 time: 0.0641544
2026-05-18 01:44:37.484 9 INFO neutron.wsgi [None req-36527606-af26-4b4c-8930-34c4506d92f6 2e0bf81ffc104005bbfd0306974e2f0b ff340c3f0a1a469fa3a45ca9642e8551 - - default default] 10.0.0.188 "GET /v2.0/subnets HTTP/1.1" status: 200 len: 1437 time: 0.0370090
2026-05-18 01:44:37.497 9 INFO neutron.wsgi [None req-bb62b08e-1258-4d63-a63a-4c4cdf587dea 2e0bf81ffc104005bbfd0306974e2f0b ff340c3f0a1a469fa3a45ca9642e8551 - - default default] 10.0.0.188 "GET /v2.0/subnetpools HTTP/1.1" status: 200 len: 193 time: 0.0118208
2026-05-18 01:44:37.515 9 INFO neutron.wsgi [None req-d73a3022-b566-472f-9a52-e83d83539e7b 2e0bf81ffc104005bbfd0306974e2f0b ff340c3f0a1a469fa3a45ca9642e8551 - - default default] 10.0.0.188 "GET /v2.0/floatingips HTTP/1.1" status: 200 len: 193 time: 0.0177467
2026-05-18 01:44:37.546 9 INFO neutron.wsgi [None req-19d06f9f-a456-4814-8f3f-bedafc0d0d55 2e0bf81ffc104005bbfd0306974e2f0b ff340c3f0a1a469fa3a45ca9642e8551 - - default default] 10.0.0.188 "GET /v2.0/subnets HTTP/1.1" status: 200 len: 1437 time: 0.0298340
2026-05-18 01:44:46.236 10 INFO neutron.db.ovn_revision_numbers_db [None req-e37d8f90-094b-4ff9-9beb-2aeb775213bf 2e0bf81ffc104005bbfd0306974e2f0b ff340c3f0a1a469fa3a45ca9642e8551 - - default default] Successfully bumped revision number for resource 0ea0aa45-2d04-4aff-94f6-c9475cd1fce7 (type: security_groups) to 1
2026-05-18 01:44:46.251 9 INFO neutron.db.ovn_revision_numbers_db [None req-eb71b467-f56e-42f0-98ca-8f24eb57247a 2e0bf81ffc104005bbfd0306974e2f0b ff340c3f0a1a469fa3a45ca9642e8551 - - default default] Successfully bumped revision number for resource 001c3d09-8808-4967-9cba-1df428cbadbe (type: security_groups) to 1
2026-05-18 01:44:46.253 10 INFO neutron.db.ovn_revision_numbers_db [None req-e37d8f90-094b-4ff9-9beb-2aeb775213bf 2e0bf81ffc104005bbfd0306974e2f0b ff340c3f0a1a469fa3a45ca9642e8551 - - default default] Successfully bumped revision number for resource 2a0c7d85-cb71-484e-8b14-8483cc515470 (type: security_group_rules) to 0
2026-05-18 01:44:46.267 9 INFO neutron.db.ovn_revision_numbers_db [None req-eb71b467-f56e-42f0-98ca-8f24eb57247a 2e0bf81ffc104005bbfd0306974e2f0b ff340c3f0a1a469fa3a45ca9642e8551 - - default default] Successfully bumped revision number for resource 5093ac6c-18b1-49a2-b3dd-7c7ad5c93853 (type: security_group_rules) to 0
2026-05-18 01:44:46.269 10 INFO neutron.db.ovn_revision_numbers_db [None req-e37d8f90-094b-4ff9-9beb-2aeb775213bf 2e0bf81ffc104005bbfd0306974e2f0b ff340c3f0a1a469fa3a45ca9642e8551 - - default default] Successfully bumped revision number for resource 57d80881-4c2c-47fe-87ff-0acfa46f84ad (type: security_group_rules) to 0
2026-05-18 01:44:46.282 10 INFO neutron.db.ovn_revision_numbers_db [None req-e37d8f90-094b-4ff9-9beb-2aeb775213bf 2e0bf81ffc104005bbfd0306974e2f0b ff340c3f0a1a469fa3a45ca9642e8551 - - default default] Successfully bumped revision number for resource d461815a-6594-4ef0-80a8-ba29ab84991d (type: security_group_rules) to 0
2026-05-18 01:44:46.287 9 INFO neutron.db.ovn_revision_numbers_db [None req-eb71b467-f56e-42f0-98ca-8f24eb57247a 2e0bf81ffc104005bbfd0306974e2f0b ff340c3f0a1a469fa3a45ca9642e8551 - - default default] Successfully bumped revision number for resource 56760b15-60dd-435c-9ce2-4490e33ecfc2 (type: security_group_rules) to 0
2026-05-18 01:44:46.289 9 INFO neutron.db.ovn_revision_numbers_db [None req-a66902d5-d900-4be1-94f7-c0b68af6b412 2e0bf81ffc104005bbfd0306974e2f0b ff340c3f0a1a469fa3a45ca9642e8551 - - default default] Successfully bumped revision number for resource 36980519-67f3-43a0-91ad-69be21fb4daf (type: security_groups) to 1
2026-05-18 01:44:46.298 10 INFO neutron.db.ovn_revision_numbers_db [None req-e37d8f90-094b-4ff9-9beb-2aeb775213bf 2e0bf81ffc104005bbfd0306974e2f0b ff340c3f0a1a469fa3a45ca9642e8551 - - default default] Successfully bumped revision number for resource dff90328-95a9-4aa0-93b2-28ee7d52ff4c (type: security_group_rules) to 0
2026-05-18 01:44:46.305 9 INFO neutron.db.ovn_revision_numbers_db [None req-eb71b467-f56e-42f0-98ca-8f24eb57247a 2e0bf81ffc104005bbfd0306974e2f0b ff340c3f0a1a469fa3a45ca9642e8551 - - default default] Successfully bumped revision number for resource 71e798d0-d831-4984-ab6e-87a7009d22e5 (type: security_group_rules) to 0
2026-05-18 01:44:46.307 9 INFO neutron.db.ovn_revision_numbers_db [None req-a66902d5-d900-4be1-94f7-c0b68af6b412 2e0bf81ffc104005bbfd0306974e2f0b ff340c3f0a1a469fa3a45ca9642e8551 - - default default] Successfully bumped revision number for resource 0cf59dda-8719-472f-ac02-06682f8795ae (type: security_group_rules) to 0
2026-05-18 01:44:46.323 9 INFO neutron.db.ovn_revision_numbers_db [None req-eb71b467-f56e-42f0-98ca-8f24eb57247a 2e0bf81ffc104005bbfd0306974e2f0b ff340c3f0a1a469fa3a45ca9642e8551 - - default default] Successfully bumped revision number for resource cb4cee34-aa32-4887-83ea-7740cc349765 (type: security_group_rules) to 0
2026-05-18 01:44:46.326 9 INFO neutron.db.ovn_revision_numbers_db [None req-a66902d5-d900-4be1-94f7-c0b68af6b412 2e0bf81ffc104005bbfd0306974e2f0b ff340c3f0a1a469fa3a45ca9642e8551 - - default default] Successfully bumped revision number for resource 1707eae6-0975-4eb9-a7b8-0a63f40d8d28 (type: security_group_rules) to 0
2026-05-18 01:44:46.357 10 INFO neutron.db.segments_db [None req-e37d8f90-094b-4ff9-9beb-2aeb775213bf 2e0bf81ffc104005bbfd0306974e2f0b ff340c3f0a1a469fa3a45ca9642e8551 - - default default] Added segment db0490cd-a3ac-4d00-b741-af72bb01f685 of type geneve for network 85c1ee13-981a-4664-a8cd-628119eecea9
2026-05-18 01:44:46.357 9 INFO neutron.db.ovn_revision_numbers_db [None req-a66902d5-d900-4be1-94f7-c0b68af6b412 2e0bf81ffc104005bbfd0306974e2f0b ff340c3f0a1a469fa3a45ca9642e8551 - - default default] Successfully bumped revision number for resource 9f4854bd-450e-45f8-a952-8487915d2fc0 (type: security_group_rules) to 0
2026-05-18 01:44:46.370 9 INFO neutron.db.segments_db [None req-eb71b467-f56e-42f0-98ca-8f24eb57247a 2e0bf81ffc104005bbfd0306974e2f0b ff340c3f0a1a469fa3a45ca9642e8551 - - default default] Added segment a04db6bc-b706-450f-9576-97f4938ec64f of type geneve for network fc521df5-872c-4f7c-8215-1baed94eae1e
2026-05-18 01:44:46.374 9 INFO neutron.db.ovn_revision_numbers_db [None req-a66902d5-d900-4be1-94f7-c0b68af6b412 2e0bf81ffc104005bbfd0306974e2f0b ff340c3f0a1a469fa3a45ca9642e8551 - - default default] Successfully bumped revision number for resource f9f0fe53-4455-4f51-b712-d670290ecae3 (type: security_group_rules) to 0
2026-05-18 01:44:46.446 9 INFO neutron.db.segments_db [None req-a66902d5-d900-4be1-94f7-c0b68af6b412 2e0bf81ffc104005bbfd0306974e2f0b ff340c3f0a1a469fa3a45ca9642e8551 - - default default] Added segment acf75a9a-44f6-45c2-b268-5e09e793a12c of type geneve for network 106bcf09-e7cc-488c-b9cc-7bb9a5b620cc
2026-05-18 01:44:46.511 10 INFO neutron.db.ovn_revision_numbers_db [None req-e37d8f90-094b-4ff9-9beb-2aeb775213bf 2e0bf81ffc104005bbfd0306974e2f0b ff340c3f0a1a469fa3a45ca9642e8551 - - default default] Successfully bumped revision number for resource 85c1ee13-981a-4664-a8cd-628119eecea9 (type: networks) to 1
2026-05-18 01:44:46.532 9 INFO neutron.db.ovn_revision_numbers_db [None req-eb71b467-f56e-42f0-98ca-8f24eb57247a 2e0bf81ffc104005bbfd0306974e2f0b ff340c3f0a1a469fa3a45ca9642e8551 - - default default] Successfully bumped revision number for resource fc521df5-872c-4f7c-8215-1baed94eae1e (type: networks) to 1
2026-05-18 01:44:46.672 9 INFO neutron.db.ovn_revision_numbers_db [None req-a66902d5-d900-4be1-94f7-c0b68af6b412 2e0bf81ffc104005bbfd0306974e2f0b ff340c3f0a1a469fa3a45ca9642e8551 - - default default] Successfully bumped revision number for resource 106bcf09-e7cc-488c-b9cc-7bb9a5b620cc (type: networks) to 1
2026-05-18 01:44:46.741 10 WARNING neutron.scheduler.dhcp_agent_scheduler [None req-e37d8f90-094b-4ff9-9beb-2aeb775213bf 2e0bf81ffc104005bbfd0306974e2f0b ff340c3f0a1a469fa3a45ca9642e8551 - - default default] No more DHCP agents
2026-05-18 01:44:46.745 10 WARNING neutron.api.rpc.agentnotifiers.dhcp_rpc_agent_api [None req-e37d8f90-094b-4ff9-9beb-2aeb775213bf 2e0bf81ffc104005bbfd0306974e2f0b ff340c3f0a1a469fa3a45ca9642e8551 - - default default] Unable to schedule network 85c1ee13-981a-4664-a8cd-628119eecea9: no agents available; will retry on subsequent port and subnet creation events.
2026-05-18 01:44:46.758 9 WARNING neutron.scheduler.dhcp_agent_scheduler [None req-eb71b467-f56e-42f0-98ca-8f24eb57247a 2e0bf81ffc104005bbfd0306974e2f0b ff340c3f0a1a469fa3a45ca9642e8551 - - default default] No more DHCP agents
2026-05-18 01:44:46.761 9 WARNING neutron.api.rpc.agentnotifiers.dhcp_rpc_agent_api [None req-eb71b467-f56e-42f0-98ca-8f24eb57247a 2e0bf81ffc104005bbfd0306974e2f0b ff340c3f0a1a469fa3a45ca9642e8551 - - default default] Unable to schedule network fc521df5-872c-4f7c-8215-1baed94eae1e: no agents available; will retry on subsequent port and subnet creation events.
2026-05-18 01:44:46.853 10 INFO neutron.db.ovn_revision_numbers_db [None req-e37d8f90-094b-4ff9-9beb-2aeb775213bf 2e0bf81ffc104005bbfd0306974e2f0b ff340c3f0a1a469fa3a45ca9642e8551 - - default default] Successfully bumped revision number for resource 47023736-c421-4d40-b06d-158623d21b32 (type: ports) to 1
2026-05-18 01:44:46.873 9 WARNING neutron.scheduler.dhcp_agent_scheduler [None req-a66902d5-d900-4be1-94f7-c0b68af6b412 2e0bf81ffc104005bbfd0306974e2f0b ff340c3f0a1a469fa3a45ca9642e8551 - - default default] No more DHCP agents
2026-05-18 01:44:46.875 10 INFO neutron.wsgi [None req-e37d8f90-094b-4ff9-9beb-2aeb775213bf 2e0bf81ffc104005bbfd0306974e2f0b ff340c3f0a1a469fa3a45ca9642e8551 - - default default] 10.0.0.109 "POST /v2.0/networks HTTP/1.1" status: 201 len: 952 time: 0.8654320
2026-05-18 01:44:46.875 9 WARNING neutron.api.rpc.agentnotifiers.dhcp_rpc_agent_api [None req-a66902d5-d900-4be1-94f7-c0b68af6b412 2e0bf81ffc104005bbfd0306974e2f0b ff340c3f0a1a469fa3a45ca9642e8551 - - default default] Unable to schedule network 106bcf09-e7cc-488c-b9cc-7bb9a5b620cc: no agents available; will retry on subsequent port and subnet creation events.
2026-05-18 01:44:46.886 9 INFO neutron.db.ovn_revision_numbers_db [None req-eb71b467-f56e-42f0-98ca-8f24eb57247a 2e0bf81ffc104005bbfd0306974e2f0b ff340c3f0a1a469fa3a45ca9642e8551 - - default default] Successfully bumped revision number for resource 63a51092-2cdc-474f-bb4c-f45e71b40e9c (type: ports) to 1
2026-05-18 01:44:46.921 9 INFO neutron.wsgi [None req-eb71b467-f56e-42f0-98ca-8f24eb57247a 2e0bf81ffc104005bbfd0306974e2f0b ff340c3f0a1a469fa3a45ca9642e8551 - - default default] 10.0.0.109 "POST /v2.0/networks HTTP/1.1" status: 201 len: 947 time: 0.9117148
2026-05-18 01:44:46.959 10 INFO neutron.db.ovn_revision_numbers_db [None req-9d079a11-c51d-4f7c-af48-d9c84d52289e 2e0bf81ffc104005bbfd0306974e2f0b ff340c3f0a1a469fa3a45ca9642e8551 - - default default] Successfully bumped revision number for resource 0f053dee-de0b-4533-aab8-7f28b89cd2da (type: security_groups) to 1
2026-05-18 01:44:46.977 10 INFO neutron.db.ovn_revision_numbers_db [None req-9d079a11-c51d-4f7c-af48-d9c84d52289e 2e0bf81ffc104005bbfd0306974e2f0b ff340c3f0a1a469fa3a45ca9642e8551 - - default default] Successfully bumped revision number for resource 0b482edf-755d-4f61-83bd-df410fa3076d (type: security_group_rules) to 0
2026-05-18 01:44:46.987 9 INFO neutron.db.ovn_revision_numbers_db [None req-a66902d5-d900-4be1-94f7-c0b68af6b412 2e0bf81ffc104005bbfd0306974e2f0b ff340c3f0a1a469fa3a45ca9642e8551 - - default default] Successfully bumped revision number for resource dfc126fd-51bb-4fa0-a80e-d46ea5d12aaa (type: ports) to 1
2026-05-18 01:44:46.998 10 INFO neutron.db.ovn_revision_numbers_db [None req-9d079a11-c51d-4f7c-af48-d9c84d52289e 2e0bf81ffc104005bbfd0306974e2f0b ff340c3f0a1a469fa3a45ca9642e8551 - - default default] Successfully bumped revision number for resource 2e7546b6-ad06-4dfa-aa89-f800f66ffc90 (type: security_group_rules) to 0
2026-05-18 01:44:47.007 9 INFO neutron.wsgi [None req-a66902d5-d900-4be1-94f7-c0b68af6b412 2e0bf81ffc104005bbfd0306974e2f0b ff340c3f0a1a469fa3a45ca9642e8551 - - default default] 10.0.0.109 "POST /v2.0/networks HTTP/1.1" status: 201 len: 950 time: 0.9606845
2026-05-18 01:44:47.020 10 INFO neutron.db.ovn_revision_numbers_db [None req-9d079a11-c51d-4f7c-af48-d9c84d52289e 2e0bf81ffc104005bbfd0306974e2f0b ff340c3f0a1a469fa3a45ca9642e8551 - - default default] Successfully bumped revision number for resource b8dc66a4-5e3c-4640-bcf9-45b8ff6d1ef4 (type: security_group_rules) to 0
2026-05-18 01:44:47.042 10 INFO neutron.db.ovn_revision_numbers_db [None req-9d079a11-c51d-4f7c-af48-d9c84d52289e 2e0bf81ffc104005bbfd0306974e2f0b ff340c3f0a1a469fa3a45ca9642e8551 - - default default] Successfully bumped revision number for resource ec656813-3faa-49f1-a7a8-5385f7ccab83 (type: security_group_rules) to 0
2026-05-18 01:44:47.052 10 WARNING neutron.scheduler.dhcp_agent_scheduler [None req-4073ea5a-e03a-483c-be01-30873c97326e 2e0bf81ffc104005bbfd0306974e2f0b ff340c3f0a1a469fa3a45ca9642e8551 - - default default] No more DHCP agents
2026-05-18 01:44:47.057 10 WARNING neutron.api.rpc.agentnotifiers.dhcp_rpc_agent_api [None req-4073ea5a-e03a-483c-be01-30873c97326e 2e0bf81ffc104005bbfd0306974e2f0b ff340c3f0a1a469fa3a45ca9642e8551 - - default default] Unable to schedule network 85c1ee13-981a-4664-a8cd-628119eecea9: no agents available; will retry on subsequent port and subnet creation events.
2026-05-18 01:44:47.085 10 INFO neutron.wsgi [None req-9d079a11-c51d-4f7c-af48-d9c84d52289e 2e0bf81ffc104005bbfd0306974e2f0b ff340c3f0a1a469fa3a45ca9642e8551 - - default default] 10.0.0.109 "GET /v2.0/security-groups?tenant_id=ef4e6a25f8494e378bc826a2c7e226b6&name=default HTTP/1.1" status: 200 len: 2992 time: 0.3784854
2026-05-18 01:44:47.122 9 WARNING neutron.scheduler.dhcp_agent_scheduler [None req-7d8c2b11-d8c0-4b07-a8f9-b97428a1af9f 2e0bf81ffc104005bbfd0306974e2f0b ff340c3f0a1a469fa3a45ca9642e8551 - - default default] No more DHCP agents
2026-05-18 01:44:47.126 9 WARNING neutron.api.rpc.agentnotifiers.dhcp_rpc_agent_api [None req-7d8c2b11-d8c0-4b07-a8f9-b97428a1af9f 2e0bf81ffc104005bbfd0306974e2f0b ff340c3f0a1a469fa3a45ca9642e8551 - - default default] Unable to schedule network fc521df5-872c-4f7c-8215-1baed94eae1e: no agents available; will retry on subsequent port and subnet creation events.
2026-05-18 01:44:47.237 9 WARNING neutron.scheduler.dhcp_agent_scheduler [None req-d6f49cfb-4bbe-4809-a1ae-cf7e740ff401 2e0bf81ffc104005bbfd0306974e2f0b ff340c3f0a1a469fa3a45ca9642e8551 - - default default] No more DHCP agents
2026-05-18 01:44:47.242 9 WARNING neutron.api.rpc.agentnotifiers.dhcp_rpc_agent_api [None req-d6f49cfb-4bbe-4809-a1ae-cf7e740ff401 2e0bf81ffc104005bbfd0306974e2f0b ff340c3f0a1a469fa3a45ca9642e8551 - - default default] Unable to schedule network 106bcf09-e7cc-488c-b9cc-7bb9a5b620cc: no agents available; will retry on subsequent port and subnet creation events.
2026-05-18 01:44:47.471 10 INFO neutron.wsgi [None req-f638ca31-5d3e-431f-8867-83953fa58398 2e0bf81ffc104005bbfd0306974e2f0b ff340c3f0a1a469fa3a45ca9642e8551 - - default default] 10.0.0.109 "DELETE /v2.0/security-groups/0f053dee-de0b-4533-aab8-7f28b89cd2da HTTP/1.1" status: 204 len: 168 time: 0.3758700
2026-05-18 01:44:47.633 10 INFO neutron.db.ovn_revision_numbers_db [None req-4073ea5a-e03a-483c-be01-30873c97326e 2e0bf81ffc104005bbfd0306974e2f0b ff340c3f0a1a469fa3a45ca9642e8551 - - default default] Successfully bumped revision number for resource 47023736-c421-4d40-b06d-158623d21b32 (type: ports) to 2
2026-05-18 01:44:47.677 10 INFO neutron.db.ovn_revision_numbers_db [None req-4073ea5a-e03a-483c-be01-30873c97326e 2e0bf81ffc104005bbfd0306974e2f0b ff340c3f0a1a469fa3a45ca9642e8551 - - default default] Successfully bumped revision number for resource 2b46a0fc-ad72-411a-afff-9473f43cb36d (type: subnets) to 0
2026-05-18 01:44:47.694 10 INFO neutron.wsgi [None req-4073ea5a-e03a-483c-be01-30873c97326e 2e0bf81ffc104005bbfd0306974e2f0b ff340c3f0a1a469fa3a45ca9642e8551 - - default default] 10.0.0.109 "POST /v2.0/subnets HTTP/1.1" status: 201 len: 872 time: 0.8119774
2026-05-18 01:44:47.806 9 INFO neutron.db.ovn_revision_numbers_db [None req-7d8c2b11-d8c0-4b07-a8f9-b97428a1af9f 2e0bf81ffc104005bbfd0306974e2f0b ff340c3f0a1a469fa3a45ca9642e8551 - - default default] Successfully bumped revision number for resource 63a51092-2cdc-474f-bb4c-f45e71b40e9c (type: ports) to 2
2026-05-18 01:44:47.848 9 INFO neutron.db.ovn_revision_numbers_db [None req-7d8c2b11-d8c0-4b07-a8f9-b97428a1af9f 2e0bf81ffc104005bbfd0306974e2f0b ff340c3f0a1a469fa3a45ca9642e8551 - - default default] Successfully bumped revision number for resource 54178b56-60ee-4842-a782-490b0d5a9ffb (type: subnets) to 0
2026-05-18 01:44:47.867 9 INFO neutron.wsgi [None req-7d8c2b11-d8c0-4b07-a8f9-b97428a1af9f 2e0bf81ffc104005bbfd0306974e2f0b ff340c3f0a1a469fa3a45ca9642e8551 - - default default] 10.0.0.109 "POST /v2.0/subnets HTTP/1.1" status: 201 len: 867 time: 0.9400969
2026-05-18 01:44:47.937 9 INFO neutron.db.ovn_revision_numbers_db [None req-d6f49cfb-4bbe-4809-a1ae-cf7e740ff401 2e0bf81ffc104005bbfd0306974e2f0b ff340c3f0a1a469fa3a45ca9642e8551 - - default default] Successfully bumped revision number for resource dfc126fd-51bb-4fa0-a80e-d46ea5d12aaa (type: ports) to 2
2026-05-18 01:44:47.974 9 INFO neutron.db.ovn_revision_numbers_db [None req-d6f49cfb-4bbe-4809-a1ae-cf7e740ff401 2e0bf81ffc104005bbfd0306974e2f0b ff340c3f0a1a469fa3a45ca9642e8551 - - default default] Successfully bumped revision number for resource b7f2cf33-95ff-4d88-bc81-9ae1c92026df (type: subnets) to 0
2026-05-18 01:44:47.989 9 INFO neutron.wsgi [None req-d6f49cfb-4bbe-4809-a1ae-cf7e740ff401 2e0bf81ffc104005bbfd0306974e2f0b ff340c3f0a1a469fa3a45ca9642e8551 - - default default] 10.0.0.109 "POST /v2.0/subnets HTTP/1.1" status: 201 len: 870 time: 0.9772246
2026-05-18 01:44:48.460 10 WARNING neutron.scheduler.dhcp_agent_scheduler [None req-fb7d4b7c-77e9-4532-acd6-f3a1059ca082 2e0bf81ffc104005bbfd0306974e2f0b ff340c3f0a1a469fa3a45ca9642e8551 - - default default] No more DHCP agents
2026-05-18 01:44:48.472 10 WARNING neutron.api.rpc.agentnotifiers.dhcp_rpc_agent_api [None req-fb7d4b7c-77e9-4532-acd6-f3a1059ca082 2e0bf81ffc104005bbfd0306974e2f0b ff340c3f0a1a469fa3a45ca9642e8551 - - default default] Unable to schedule network 2fee8833-d39e-423b-94ec-b16b3690261a: no agents available; will retry on subsequent port and subnet creation events.
2026-05-18 01:44:48.549 9 WARNING neutron.scheduler.dhcp_agent_scheduler [None req-bdb750d3-6eb6-493b-bdaa-19b054467971 2e0bf81ffc104005bbfd0306974e2f0b ff340c3f0a1a469fa3a45ca9642e8551 - - default default] No more DHCP agents
2026-05-18 01:44:48.551 9 WARNING neutron.api.rpc.agentnotifiers.dhcp_rpc_agent_api [None req-bdb750d3-6eb6-493b-bdaa-19b054467971 2e0bf81ffc104005bbfd0306974e2f0b ff340c3f0a1a469fa3a45ca9642e8551 - - default default] Unable to schedule network 2fee8833-d39e-423b-94ec-b16b3690261a: no agents available; will retry on subsequent port and subnet creation events.
2026-05-18 01:44:48.615 10 WARNING neutron.scheduler.dhcp_agent_scheduler [None req-a825879d-e9a9-46cf-97b3-c78ccf6ce22a 2e0bf81ffc104005bbfd0306974e2f0b ff340c3f0a1a469fa3a45ca9642e8551 - - default default] No more DHCP agents
2026-05-18 01:44:48.624 10 WARNING neutron.api.rpc.agentnotifiers.dhcp_rpc_agent_api [None req-a825879d-e9a9-46cf-97b3-c78ccf6ce22a 2e0bf81ffc104005bbfd0306974e2f0b ff340c3f0a1a469fa3a45ca9642e8551 - - default default] Unable to schedule network 2fee8833-d39e-423b-94ec-b16b3690261a: no agents available; will retry on subsequent port and subnet creation events.
2026-05-18 01:44:48.672 9 INFO neutron.db.ovn_revision_numbers_db [None req-bdb750d3-6eb6-493b-bdaa-19b054467971 2e0bf81ffc104005bbfd0306974e2f0b ff340c3f0a1a469fa3a45ca9642e8551 - - default default] Successfully bumped revision number for resource 60d3dd24-f6b5-458c-ab72-a824f743f9a1 (type: ports) to 1
2026-05-18 01:44:48.674 10 INFO neutron.db.ovn_revision_numbers_db [None req-fb7d4b7c-77e9-4532-acd6-f3a1059ca082 2e0bf81ffc104005bbfd0306974e2f0b ff340c3f0a1a469fa3a45ca9642e8551 - - default default] Successfully bumped revision number for resource 572f7330-5b80-4612-928f-796673292c9c (type: ports) to 1
2026-05-18 01:44:48.896 10 INFO neutron.db.ovn_revision_numbers_db [None req-a825879d-e9a9-46cf-97b3-c78ccf6ce22a 2e0bf81ffc104005bbfd0306974e2f0b ff340c3f0a1a469fa3a45ca9642e8551 - - default default] Successfully bumped revision number for resource d129ddf7-4f45-44ef-863c-f39c9d22759e (type: ports) to 1
2026-05-18 01:44:48.931 9 INFO neutron.plugins.ml2.drivers.ovn.mech_driver.ovsdb.extensions.qos [None req-bdb750d3-6eb6-493b-bdaa-19b054467971 2e0bf81ffc104005bbfd0306974e2f0b ff340c3f0a1a469fa3a45ca9642e8551 - - default default] Starting OVNClientQosExtension
2026-05-18 01:44:48.950 10 INFO neutron.wsgi [-] 10.0.0.69 "GET / HTTP/1.1" status: 200 len: 247 time: 0.0014572
2026-05-18 01:44:48.951 10 INFO neutron.wsgi [-] 10.0.0.69 "GET / HTTP/1.1" status: 200 len: 247 time: 0.0011163
2026-05-18 01:44:49.075 10 INFO neutron.plugins.ml2.drivers.ovn.mech_driver.ovsdb.extensions.qos [None req-fb7d4b7c-77e9-4532-acd6-f3a1059ca082 2e0bf81ffc104005bbfd0306974e2f0b ff340c3f0a1a469fa3a45ca9642e8551 - - default default] Starting OVNClientQosExtension
2026-05-18 01:44:49.240 9 INFO neutron.plugins.ml2.drivers.ovn.mech_driver.mech_driver [None req-b055a58f-4280-4f88-8c47-1e547457082e - - - - - -] OVN reports status up for port: 60d3dd24-f6b5-458c-ab72-a824f743f9a1
2026-05-18 01:44:49.256 9 INFO neutron.plugins.ml2.drivers.ovn.mech_driver.ovsdb.ovsdb_monitor [-] Router d68afb7a-7c3b-4a1e-8830-17b57f054066 is bound to host instance
2026-05-18 01:44:49.280 9 INFO neutron.plugins.ml2.plugin [None req-b055a58f-4280-4f88-8c47-1e547457082e - - - - - -] Attempt 1 to provision port 60d3dd24-f6b5-458c-ab72-a824f743f9a1
2026-05-18 01:44:49.315 9 INFO neutron.db.ovn_revision_numbers_db [None req-bdb750d3-6eb6-493b-bdaa-19b054467971 2e0bf81ffc104005bbfd0306974e2f0b ff340c3f0a1a469fa3a45ca9642e8551 - - default default] Successfully bumped revision number for resource 60d3dd24-f6b5-458c-ab72-a824f743f9a1 (type: router_ports) to 1
2026-05-18 01:44:49.500 10 INFO neutron.db.ovn_revision_numbers_db [None req-fb7d4b7c-77e9-4532-acd6-f3a1059ca082 2e0bf81ffc104005bbfd0306974e2f0b ff340c3f0a1a469fa3a45ca9642e8551 - - default default] Successfully bumped revision number for resource 572f7330-5b80-4612-928f-796673292c9c (type: router_ports) to 1
2026-05-18 01:44:49.529 9 INFO neutron.db.ovn_revision_numbers_db [None req-bdb750d3-6eb6-493b-bdaa-19b054467971 2e0bf81ffc104005bbfd0306974e2f0b ff340c3f0a1a469fa3a45ca9642e8551 - - default default] Successfully bumped revision number for resource d68afb7a-7c3b-4a1e-8830-17b57f054066 (type: routers) to 2
2026-05-18 01:44:49.561 9 INFO neutron.wsgi [None req-bdb750d3-6eb6-493b-bdaa-19b054467971 2e0bf81ffc104005bbfd0306974e2f0b ff340c3f0a1a469fa3a45ca9642e8551 - - default default] 10.0.0.109 "POST /v2.0/routers HTTP/1.1" status: 201 len: 881 time: 1.5662131
2026-05-18 01:44:49.639 10 INFO neutron.db.ovn_revision_numbers_db [None req-fb7d4b7c-77e9-4532-acd6-f3a1059ca082 2e0bf81ffc104005bbfd0306974e2f0b ff340c3f0a1a469fa3a45ca9642e8551 - - default default] Successfully bumped revision number for resource 32e014fe-3136-4b7b-bf27-2b7a507e09e5 (type: routers) to 2
2026-05-18 01:44:49.644 9 INFO neutron.db.ovn_revision_numbers_db [None req-04fd85c1-9ab6-4eb3-9666-8040f742a5c7 2e0bf81ffc104005bbfd0306974e2f0b ff340c3f0a1a469fa3a45ca9642e8551 - - default default] Successfully bumped revision number for resource b8c29239-e480-4e50-9912-f08be4afaaaf (type: security_groups) to 1
2026-05-18 01:44:49.651 10 INFO neutron.plugins.ml2.drivers.ovn.mech_driver.mech_driver [None req-40637c31-0121-4113-bf8c-a5fc8cada4ed - - - - - -] OVN reports status up for port: d129ddf7-4f45-44ef-863c-f39c9d22759e
2026-05-18 01:44:49.665 10 INFO neutron.wsgi [None req-fb7d4b7c-77e9-4532-acd6-f3a1059ca082 2e0bf81ffc104005bbfd0306974e2f0b ff340c3f0a1a469fa3a45ca9642e8551 - - default default] 10.0.0.109 "POST /v2.0/routers HTTP/1.1" status: 201 len: 883 time: 1.9656179
2026-05-18 01:44:49.670 10 INFO neutron.plugins.ml2.plugin [None req-40637c31-0121-4113-bf8c-a5fc8cada4ed - - - - - -] Attempt 1 to provision port d129ddf7-4f45-44ef-863c-f39c9d22759e
2026-05-18 01:44:49.685 9 INFO neutron.db.ovn_revision_numbers_db [None req-04fd85c1-9ab6-4eb3-9666-8040f742a5c7 2e0bf81ffc104005bbfd0306974e2f0b ff340c3f0a1a469fa3a45ca9642e8551 - - default default] Successfully bumped revision number for resource 52c4f012-ecbe-435c-8fc5-8a7b450f49a1 (type: security_group_rules) to 0
2026-05-18 01:44:49.710 10 INFO neutron.db.ovn_revision_numbers_db [None req-a825879d-e9a9-46cf-97b3-c78ccf6ce22a 2e0bf81ffc104005bbfd0306974e2f0b ff340c3f0a1a469fa3a45ca9642e8551 - - default default] Successfully bumped revision number for resource d129ddf7-4f45-44ef-863c-f39c9d22759e (type: router_ports) to 1
2026-05-18 01:44:49.715 9 INFO neutron.db.ovn_revision_numbers_db [None req-04fd85c1-9ab6-4eb3-9666-8040f742a5c7 2e0bf81ffc104005bbfd0306974e2f0b ff340c3f0a1a469fa3a45ca9642e8551 - - default default] Successfully bumped revision number for resource 5e823168-4844-45b0-b3f8-db7ad672df96 (type: security_group_rules) to 0
2026-05-18 01:44:49.747 9 INFO neutron.db.ovn_revision_numbers_db [None req-04fd85c1-9ab6-4eb3-9666-8040f742a5c7 2e0bf81ffc104005bbfd0306974e2f0b ff340c3f0a1a469fa3a45ca9642e8551 - - default default] Successfully bumped revision number for resource 94b766ff-2bc2-4497-b9e6-5795ff3ca58e (type: security_group_rules) to 0
2026-05-18 01:44:49.776 9 INFO neutron.db.ovn_revision_numbers_db [None req-04fd85c1-9ab6-4eb3-9666-8040f742a5c7 2e0bf81ffc104005bbfd0306974e2f0b ff340c3f0a1a469fa3a45ca9642e8551 - - default default] Successfully bumped revision number for resource be60b74e-5c4d-49d2-a27e-8270b42bab5f (type: security_group_rules) to 0
2026-05-18 01:44:49.876 10 INFO neutron.db.ovn_revision_numbers_db [None req-a825879d-e9a9-46cf-97b3-c78ccf6ce22a 2e0bf81ffc104005bbfd0306974e2f0b ff340c3f0a1a469fa3a45ca9642e8551 - - default default] Successfully bumped revision number for resource 13a418ce-8a94-43c7-9e7c-73ab3eb28b10 (type: routers) to 2
2026-05-18 01:44:49.893 10 INFO neutron.wsgi [None req-a825879d-e9a9-46cf-97b3-c78ccf6ce22a 2e0bf81ffc104005bbfd0306974e2f0b ff340c3f0a1a469fa3a45ca9642e8551 - - default default] 10.0.0.109 "POST /v2.0/routers HTTP/1.1" status: 201 len: 878 time: 2.0220559
2026-05-18 01:44:49.905 9 INFO neutron.db.segments_db [None req-04fd85c1-9ab6-4eb3-9666-8040f742a5c7 2e0bf81ffc104005bbfd0306974e2f0b ff340c3f0a1a469fa3a45ca9642e8551 - - default default] Added segment 3fa4366b-923e-4aad-a462-cb953a000610 of type geneve for network 4d854bdd-492f-4b78-9325-516821773742
2026-05-18 01:44:50.139 9 INFO neutron.db.ovn_revision_numbers_db [None req-04fd85c1-9ab6-4eb3-9666-8040f742a5c7 2e0bf81ffc104005bbfd0306974e2f0b ff340c3f0a1a469fa3a45ca9642e8551 - - default default] Successfully bumped revision number for resource 4d854bdd-492f-4b78-9325-516821773742 (type: networks) to 1
2026-05-18 01:44:50.302 10 WARNING neutron.scheduler.dhcp_agent_scheduler [None req-939e74ca-9caa-47bc-bf4c-7b25f0a2db1a 2e0bf81ffc104005bbfd0306974e2f0b ff340c3f0a1a469fa3a45ca9642e8551 - - default default] No more DHCP agents
2026-05-18 01:44:50.306 10 WARNING neutron.api.rpc.agentnotifiers.dhcp_rpc_agent_api [None req-939e74ca-9caa-47bc-bf4c-7b25f0a2db1a 2e0bf81ffc104005bbfd0306974e2f0b ff340c3f0a1a469fa3a45ca9642e8551 - - default default] Unable to schedule network 85c1ee13-981a-4664-a8cd-628119eecea9: no agents available; will retry on subsequent port and subnet creation events.
2026-05-18 01:44:50.314 9 INFO neutron.db.ovn_revision_numbers_db [None req-86df10d2-db5a-4a96-bb98-a2c08410f538 - - - - - -] Successfully bumped revision number for resource 60d3dd24-f6b5-458c-ab72-a824f743f9a1 (type: ports) to 1
2026-05-18 01:44:50.353 9 WARNING neutron.scheduler.dhcp_agent_scheduler [None req-2c43f4fd-0636-4222-a32d-e9bb646e301b 2e0bf81ffc104005bbfd0306974e2f0b ff340c3f0a1a469fa3a45ca9642e8551 - - default default] No more DHCP agents
2026-05-18 01:44:50.359 9 WARNING neutron.api.rpc.agentnotifiers.dhcp_rpc_agent_api [None req-2c43f4fd-0636-4222-a32d-e9bb646e301b 2e0bf81ffc104005bbfd0306974e2f0b ff340c3f0a1a469fa3a45ca9642e8551 - - default default] Unable to schedule network 106bcf09-e7cc-488c-b9cc-7bb9a5b620cc: no agents available; will retry on subsequent port and subnet creation events.
2026-05-18 01:44:50.406 9 WARNING neutron.scheduler.dhcp_agent_scheduler [None req-04fd85c1-9ab6-4eb3-9666-8040f742a5c7 2e0bf81ffc104005bbfd0306974e2f0b ff340c3f0a1a469fa3a45ca9642e8551 - - default default] No more DHCP agents
2026-05-18 01:44:50.411 9 WARNING neutron.api.rpc.agentnotifiers.dhcp_rpc_agent_api [None req-04fd85c1-9ab6-4eb3-9666-8040f742a5c7 2e0bf81ffc104005bbfd0306974e2f0b ff340c3f0a1a469fa3a45ca9642e8551 - - default default] Unable to schedule network 4d854bdd-492f-4b78-9325-516821773742: no agents available; will retry on subsequent port and subnet creation events.
2026-05-18 01:44:50.441 10 WARNING neutron.scheduler.dhcp_agent_scheduler [None req-153fb359-27a8-4492-8813-69edeb6fcf16 2e0bf81ffc104005bbfd0306974e2f0b ff340c3f0a1a469fa3a45ca9642e8551 - - default default] No more DHCP agents
