2026-05-18 01:44:50.448 10 WARNING neutron.api.rpc.agentnotifiers.dhcp_rpc_agent_api [None req-153fb359-27a8-4492-8813-69edeb6fcf16 2e0bf81ffc104005bbfd0306974e2f0b ff340c3f0a1a469fa3a45ca9642e8551 - - default default] Unable to schedule network fc521df5-872c-4f7c-8215-1baed94eae1e: no agents available; will retry on subsequent port and subnet creation events.
2026-05-18 01:44:50.473 10 INFO neutron.db.ovn_revision_numbers_db [None req-939e74ca-9caa-47bc-bf4c-7b25f0a2db1a 2e0bf81ffc104005bbfd0306974e2f0b ff340c3f0a1a469fa3a45ca9642e8551 - - default default] Successfully bumped revision number for resource e9dc9c4c-ccd2-4cd7-9e11-cf0e8eec159c (type: ports) to 1
2026-05-18 01:44:50.656 9 INFO neutron.db.ovn_revision_numbers_db [None req-04fd85c1-9ab6-4eb3-9666-8040f742a5c7 2e0bf81ffc104005bbfd0306974e2f0b ff340c3f0a1a469fa3a45ca9642e8551 - - default default] Successfully bumped revision number for resource 3678740a-9eea-418e-a789-118aedcb44c4 (type: ports) to 1
2026-05-18 01:44:50.679 9 INFO neutron.db.ovn_revision_numbers_db [None req-2c43f4fd-0636-4222-a32d-e9bb646e301b 2e0bf81ffc104005bbfd0306974e2f0b ff340c3f0a1a469fa3a45ca9642e8551 - - default default] Successfully bumped revision number for resource 499991db-1dc3-4e8a-961b-b4979c12c393 (type: ports) to 1
2026-05-18 01:44:50.695 9 INFO neutron.wsgi [None req-04fd85c1-9ab6-4eb3-9666-8040f742a5c7 2e0bf81ffc104005bbfd0306974e2f0b ff340c3f0a1a469fa3a45ca9642e8551 - - default default] 10.0.0.109 "POST /v2.0/networks HTTP/1.1" status: 201 len: 950 time: 1.6185625
2026-05-18 01:44:50.766 10 INFO neutron.db.ovn_revision_numbers_db [None req-153fb359-27a8-4492-8813-69edeb6fcf16 2e0bf81ffc104005bbfd0306974e2f0b ff340c3f0a1a469fa3a45ca9642e8551 - - default default] Successfully bumped revision number for resource 9859a0c8-a664-4c40-9707-708379837184 (type: ports) to 1
2026-05-18 01:44:50.844 9 INFO neutron.db.ovn_revision_numbers_db [None req-86df10d2-db5a-4a96-bb98-a2c08410f538 - - - - - -] Successfully bumped revision number for resource 60d3dd24-f6b5-458c-ab72-a824f743f9a1 (type: router_ports) to 3
2026-05-18 01:44:50.979 10 WARNING neutron.scheduler.dhcp_agent_scheduler [None req-7ed9b990-b75a-4398-9886-627569804140 2e0bf81ffc104005bbfd0306974e2f0b ff340c3f0a1a469fa3a45ca9642e8551 - - default default] No more DHCP agents
2026-05-18 01:44:50.990 9 INFO neutron.db.ovn_revision_numbers_db [None req-86df10d2-db5a-4a96-bb98-a2c08410f538 - - - - - -] Successfully bumped revision number for resource 60d3dd24-f6b5-458c-ab72-a824f743f9a1 (type: ports) to 2
2026-05-18 01:44:50.991 10 WARNING neutron.api.rpc.agentnotifiers.dhcp_rpc_agent_api [None req-7ed9b990-b75a-4398-9886-627569804140 2e0bf81ffc104005bbfd0306974e2f0b ff340c3f0a1a469fa3a45ca9642e8551 - - default default] Unable to schedule network 4d854bdd-492f-4b78-9325-516821773742: no agents available; will retry on subsequent port and subnet creation events.
2026-05-18 01:44:51.238 9 INFO neutron.db.ovn_revision_numbers_db [None req-2c43f4fd-0636-4222-a32d-e9bb646e301b 2e0bf81ffc104005bbfd0306974e2f0b ff340c3f0a1a469fa3a45ca9642e8551 - - default default] Successfully bumped revision number for resource 499991db-1dc3-4e8a-961b-b4979c12c393 (type: router_ports) to 1
2026-05-18 01:44:51.260 9 INFO neutron.db.ovn_revision_numbers_db [None req-86df10d2-db5a-4a96-bb98-a2c08410f538 - - - - - -] Successfully bumped revision number for resource 60d3dd24-f6b5-458c-ab72-a824f743f9a1 (type: ports) to 4
2026-05-18 01:44:51.314 10 INFO neutron.db.ovn_revision_numbers_db [None req-939e74ca-9caa-47bc-bf4c-7b25f0a2db1a 2e0bf81ffc104005bbfd0306974e2f0b ff340c3f0a1a469fa3a45ca9642e8551 - - default default] Successfully bumped revision number for resource e9dc9c4c-ccd2-4cd7-9e11-cf0e8eec159c (type: router_ports) to 1
2026-05-18 01:44:51.495 9 INFO neutron.db.ovn_revision_numbers_db [None req-2c43f4fd-0636-4222-a32d-e9bb646e301b 2e0bf81ffc104005bbfd0306974e2f0b ff340c3f0a1a469fa3a45ca9642e8551 - - default default] Successfully bumped revision number for resource 499991db-1dc3-4e8a-961b-b4979c12c393 (type: ports) to 1
2026-05-18 01:44:51.582 10 INFO neutron.db.ovn_revision_numbers_db [None req-153fb359-27a8-4492-8813-69edeb6fcf16 2e0bf81ffc104005bbfd0306974e2f0b ff340c3f0a1a469fa3a45ca9642e8551 - - default default] Successfully bumped revision number for resource 9859a0c8-a664-4c40-9707-708379837184 (type: router_ports) to 1
2026-05-18 01:44:51.606 9 WARNING neutron.scheduler.dhcp_agent_scheduler [None req-2c43f4fd-0636-4222-a32d-e9bb646e301b 2e0bf81ffc104005bbfd0306974e2f0b ff340c3f0a1a469fa3a45ca9642e8551 - - default default] No more DHCP agents
2026-05-18 01:44:51.609 9 WARNING neutron.api.rpc.agentnotifiers.dhcp_rpc_agent_api [None req-2c43f4fd-0636-4222-a32d-e9bb646e301b 2e0bf81ffc104005bbfd0306974e2f0b ff340c3f0a1a469fa3a45ca9642e8551 - - default default] Unable to schedule network 106bcf09-e7cc-488c-b9cc-7bb9a5b620cc: no agents available; will retry on subsequent port and subnet creation events.
2026-05-18 01:44:51.623 10 INFO neutron.db.ovn_revision_numbers_db [None req-939e74ca-9caa-47bc-bf4c-7b25f0a2db1a 2e0bf81ffc104005bbfd0306974e2f0b ff340c3f0a1a469fa3a45ca9642e8551 - - default default] Successfully bumped revision number for resource e9dc9c4c-ccd2-4cd7-9e11-cf0e8eec159c (type: ports) to 1
2026-05-18 01:44:51.669 9 INFO neutron.db.ovn_revision_numbers_db [None req-86df10d2-db5a-4a96-bb98-a2c08410f538 - - - - - -] Successfully bumped revision number for resource 60d3dd24-f6b5-458c-ab72-a824f743f9a1 (type: router_ports) to 4
2026-05-18 01:44:51.691 9 INFO neutron.plugins.ml2.drivers.ovn.mech_driver.ovsdb.ovsdb_monitor [None req-86df10d2-db5a-4a96-bb98-a2c08410f538 - - - - - -] Router 32e014fe-3136-4b7b-bf27-2b7a507e09e5 is bound to host instance
2026-05-18 01:44:51.737 10 WARNING neutron.scheduler.dhcp_agent_scheduler [None req-939e74ca-9caa-47bc-bf4c-7b25f0a2db1a 2e0bf81ffc104005bbfd0306974e2f0b ff340c3f0a1a469fa3a45ca9642e8551 - - default default] No more DHCP agents
2026-05-18 01:44:51.739 10 WARNING neutron.api.rpc.agentnotifiers.dhcp_rpc_agent_api [None req-939e74ca-9caa-47bc-bf4c-7b25f0a2db1a 2e0bf81ffc104005bbfd0306974e2f0b ff340c3f0a1a469fa3a45ca9642e8551 - - default default] Unable to schedule network 85c1ee13-981a-4664-a8cd-628119eecea9: no agents available; will retry on subsequent port and subnet creation events.
2026-05-18 01:44:51.804 10 INFO neutron.db.ovn_revision_numbers_db [None req-153fb359-27a8-4492-8813-69edeb6fcf16 2e0bf81ffc104005bbfd0306974e2f0b ff340c3f0a1a469fa3a45ca9642e8551 - - default default] Successfully bumped revision number for resource 9859a0c8-a664-4c40-9707-708379837184 (type: ports) to 1
2026-05-18 01:44:51.877 10 INFO neutron.db.ovn_revision_numbers_db [None req-7ed9b990-b75a-4398-9886-627569804140 2e0bf81ffc104005bbfd0306974e2f0b ff340c3f0a1a469fa3a45ca9642e8551 - - default default] Successfully bumped revision number for resource 3678740a-9eea-418e-a789-118aedcb44c4 (type: ports) to 2
2026-05-18 01:44:51.934 10 WARNING neutron.scheduler.dhcp_agent_scheduler [None req-153fb359-27a8-4492-8813-69edeb6fcf16 2e0bf81ffc104005bbfd0306974e2f0b ff340c3f0a1a469fa3a45ca9642e8551 - - default default] No more DHCP agents
2026-05-18 01:44:51.938 10 WARNING neutron.api.rpc.agentnotifiers.dhcp_rpc_agent_api [None req-153fb359-27a8-4492-8813-69edeb6fcf16 2e0bf81ffc104005bbfd0306974e2f0b ff340c3f0a1a469fa3a45ca9642e8551 - - default default] Unable to schedule network fc521df5-872c-4f7c-8215-1baed94eae1e: no agents available; will retry on subsequent port and subnet creation events.
2026-05-18 01:44:51.942 10 INFO neutron.db.ovn_revision_numbers_db [None req-7ed9b990-b75a-4398-9886-627569804140 2e0bf81ffc104005bbfd0306974e2f0b ff340c3f0a1a469fa3a45ca9642e8551 - - default default] Successfully bumped revision number for resource c6513e19-b907-4853-a9cf-9dff036fe7ed (type: subnets) to 0
2026-05-18 01:44:51.965 10 INFO neutron.wsgi [None req-7ed9b990-b75a-4398-9886-627569804140 2e0bf81ffc104005bbfd0306974e2f0b ff340c3f0a1a469fa3a45ca9642e8551 - - default default] 10.0.0.109 "POST /v2.0/subnets HTTP/1.1" status: 201 len: 870 time: 1.2529159
2026-05-18 01:44:52.237 9 INFO neutron.plugins.ml2.drivers.ovn.mech_driver.mech_driver [None req-b055a58f-4280-4f88-8c47-1e547457082e - - - - - -] OVN reports status up for port: 572f7330-5b80-4612-928f-796673292c9c
2026-05-18 01:44:52.285 9 INFO neutron.plugins.ml2.plugin [None req-b055a58f-4280-4f88-8c47-1e547457082e - - - - - -] Attempt 1 to provision port 572f7330-5b80-4612-928f-796673292c9c
2026-05-18 01:44:52.431 9 INFO neutron.plugins.ml2.drivers.ovn.mech_driver.mech_driver [None req-b055a58f-4280-4f88-8c47-1e547457082e - - - - - -] OVN reports status up for port: e9dc9c4c-ccd2-4cd7-9e11-cf0e8eec159c
2026-05-18 01:44:52.454 9 INFO neutron.plugins.ml2.plugin [None req-b055a58f-4280-4f88-8c47-1e547457082e - - - - - -] Attempt 1 to provision port e9dc9c4c-ccd2-4cd7-9e11-cf0e8eec159c
2026-05-18 01:44:52.715 10 INFO neutron.db.ovn_revision_numbers_db [None req-939e74ca-9caa-47bc-bf4c-7b25f0a2db1a 2e0bf81ffc104005bbfd0306974e2f0b ff340c3f0a1a469fa3a45ca9642e8551 - - default default] Successfully bumped revision number for resource e9dc9c4c-ccd2-4cd7-9e11-cf0e8eec159c (type: router_ports) to 1
2026-05-18 01:44:52.717 10 INFO neutron.wsgi [None req-939e74ca-9caa-47bc-bf4c-7b25f0a2db1a 2e0bf81ffc104005bbfd0306974e2f0b ff340c3f0a1a469fa3a45ca9642e8551 - - default default] 10.0.0.109 "PUT /v2.0/routers/32e014fe-3136-4b7b-bf27-2b7a507e09e5/add_router_interface HTTP/1.1" status: 200 len: 503 time: 3.0479212
2026-05-18 01:44:52.868 10 INFO neutron.db.ovn_revision_numbers_db [None req-153fb359-27a8-4492-8813-69edeb6fcf16 2e0bf81ffc104005bbfd0306974e2f0b ff340c3f0a1a469fa3a45ca9642e8551 - - default default] Successfully bumped revision number for resource 9859a0c8-a664-4c40-9707-708379837184 (type: router_ports) to 1
2026-05-18 01:44:52.871 10 INFO neutron.wsgi [None req-153fb359-27a8-4492-8813-69edeb6fcf16 2e0bf81ffc104005bbfd0306974e2f0b ff340c3f0a1a469fa3a45ca9642e8551 - - default default] 10.0.0.109 "PUT /v2.0/routers/13a418ce-8a94-43c7-9e7c-73ab3eb28b10/add_router_interface HTTP/1.1" status: 200 len: 503 time: 2.9718306
2026-05-18 01:44:52.877 9 INFO neutron.db.ovn_revision_numbers_db [None req-86df10d2-db5a-4a96-bb98-a2c08410f538 - - - - - -] Successfully bumped revision number for resource 572f7330-5b80-4612-928f-796673292c9c (type: ports) to 1
2026-05-18 01:44:53.107 9 INFO neutron.db.ovn_revision_numbers_db [None req-2c43f4fd-0636-4222-a32d-e9bb646e301b 2e0bf81ffc104005bbfd0306974e2f0b ff340c3f0a1a469fa3a45ca9642e8551 - - default default] Successfully bumped revision number for resource 499991db-1dc3-4e8a-961b-b4979c12c393 (type: router_ports) to 1
2026-05-18 01:44:53.109 9 INFO neutron.wsgi [None req-2c43f4fd-0636-4222-a32d-e9bb646e301b 2e0bf81ffc104005bbfd0306974e2f0b ff340c3f0a1a469fa3a45ca9642e8551 - - default default] 10.0.0.109 "PUT /v2.0/routers/d68afb7a-7c3b-4a1e-8830-17b57f054066/add_router_interface HTTP/1.1" status: 200 len: 503 time: 3.5395191
2026-05-18 01:44:53.119 9 WARNING neutron.scheduler.dhcp_agent_scheduler [None req-1a2693dc-db74-4b76-bd51-5e1950551d40 2e0bf81ffc104005bbfd0306974e2f0b ff340c3f0a1a469fa3a45ca9642e8551 - - default default] No more DHCP agents
2026-05-18 01:44:53.123 9 WARNING neutron.api.rpc.agentnotifiers.dhcp_rpc_agent_api [None req-1a2693dc-db74-4b76-bd51-5e1950551d40 2e0bf81ffc104005bbfd0306974e2f0b ff340c3f0a1a469fa3a45ca9642e8551 - - default default] Unable to schedule network 2fee8833-d39e-423b-94ec-b16b3690261a: no agents available; will retry on subsequent port and subnet creation events.
2026-05-18 01:44:53.178 9 INFO neutron.db.ovn_revision_numbers_db [None req-b055a58f-4280-4f88-8c47-1e547457082e - - - - - -] Successfully bumped revision number for resource e9dc9c4c-ccd2-4cd7-9e11-cf0e8eec159c (type: ports) to 2
2026-05-18 01:44:53.359 10 INFO neutron.db.ovn_revision_numbers_db [None req-58cd3778-a5dd-4d72-9692-c374a231d344 0fd8e92625a74ff8a2d3602607e8b410 cbad66b48182448fba5d15e21dc9948d - - default default] Successfully bumped revision number for resource 9d3a33db-ab94-48d2-adf2-b57a045a9bbc (type: security_groups) to 1
2026-05-18 01:44:53.372 10 INFO neutron.db.ovn_revision_numbers_db [None req-58cd3778-a5dd-4d72-9692-c374a231d344 0fd8e92625a74ff8a2d3602607e8b410 cbad66b48182448fba5d15e21dc9948d - - default default] Successfully bumped revision number for resource 0d333c57-e1c6-463a-ab87-f8166b738d05 (type: security_group_rules) to 0
2026-05-18 01:44:53.385 10 INFO neutron.db.ovn_revision_numbers_db [None req-58cd3778-a5dd-4d72-9692-c374a231d344 0fd8e92625a74ff8a2d3602607e8b410 cbad66b48182448fba5d15e21dc9948d - - default default] Successfully bumped revision number for resource bc23e3ac-ce8d-4dd6-92a0-4c8d62506dd9 (type: security_group_rules) to 0
2026-05-18 01:44:53.402 9 INFO neutron.db.ovn_revision_numbers_db [None req-1a2693dc-db74-4b76-bd51-5e1950551d40 2e0bf81ffc104005bbfd0306974e2f0b ff340c3f0a1a469fa3a45ca9642e8551 - - default default] Successfully bumped revision number for resource d1974ae1-e55f-4640-aaef-5b68d706195c (type: ports) to 1
2026-05-18 01:44:53.406 10 INFO neutron.wsgi [None req-58cd3778-a5dd-4d72-9692-c374a231d344 0fd8e92625a74ff8a2d3602607e8b410 cbad66b48182448fba5d15e21dc9948d - - default default] 10.0.0.109 "POST /v2.0/security-groups HTTP/1.1" status: 201 len: 1793 time: 0.1526396
2026-05-18 01:44:53.441 9 INFO neutron.db.ovn_revision_numbers_db [None req-b055a58f-4280-4f88-8c47-1e547457082e - - - - - -] Successfully bumped revision number for resource e9dc9c4c-ccd2-4cd7-9e11-cf0e8eec159c (type: router_ports) to 2
2026-05-18 01:44:53.525 9 INFO neutron.db.ovn_revision_numbers_db [None req-86df10d2-db5a-4a96-bb98-a2c08410f538 - - - - - -] Successfully bumped revision number for resource 572f7330-5b80-4612-928f-796673292c9c (type: router_ports) to 3
2026-05-18 01:44:53.552 10 INFO neutron.db.ovn_revision_numbers_db [None req-17deb5fd-b9d0-465b-b8d6-4d799475e1d9 0fd8e92625a74ff8a2d3602607e8b410 cbad66b48182448fba5d15e21dc9948d - - default default] Successfully bumped revision number for resource e5ea0905-275e-40dc-b7cb-cca7480d1e58 (type: security_group_rules) to 0
2026-05-18 01:44:53.598 10 INFO neutron.wsgi [None req-17deb5fd-b9d0-465b-b8d6-4d799475e1d9 0fd8e92625a74ff8a2d3602607e8b410 cbad66b48182448fba5d15e21dc9948d - - default default] 10.0.0.109 "POST /v2.0/security-group-rules HTTP/1.1" status: 201 len: 764 time: 0.1873491
2026-05-18 01:44:53.734 9 INFO neutron.db.ovn_revision_numbers_db [None req-86df10d2-db5a-4a96-bb98-a2c08410f538 - - - - - -] Successfully bumped revision number for resource 572f7330-5b80-4612-928f-796673292c9c (type: ports) to 2
2026-05-18 01:44:53.825 10 INFO neutron.db.ovn_revision_numbers_db [req-e5d67771-7add-4910-b4a1-34985c1ace13 req-7423a965-15d3-4119-8789-dd54a3e30573 cf966f710e2f489c86b0eb63cf0e6cbb 5e62d52c79be40aa911e1cc88f09b5a1 - - default default] Successfully bumped revision number for resource 60be6ab3-9884-4010-8c62-c62e5fd2436e (type: security_groups) to 1
2026-05-18 01:44:53.839 10 INFO neutron.db.ovn_revision_numbers_db [req-e5d67771-7add-4910-b4a1-34985c1ace13 req-7423a965-15d3-4119-8789-dd54a3e30573 cf966f710e2f489c86b0eb63cf0e6cbb 5e62d52c79be40aa911e1cc88f09b5a1 - - default default] Successfully bumped revision number for resource 953afb5c-313e-403b-8dc5-b432da8ad00c (type: security_group_rules) to 0
2026-05-18 01:44:53.857 10 INFO neutron.db.ovn_revision_numbers_db [req-e5d67771-7add-4910-b4a1-34985c1ace13 req-7423a965-15d3-4119-8789-dd54a3e30573 cf966f710e2f489c86b0eb63cf0e6cbb 5e62d52c79be40aa911e1cc88f09b5a1 - - default default] Successfully bumped revision number for resource abc835d6-37b3-41e5-9561-15cfa88013bc (type: security_group_rules) to 0
2026-05-18 01:44:53.889 10 INFO neutron.wsgi [req-e5d67771-7add-4910-b4a1-34985c1ace13 req-7423a965-15d3-4119-8789-dd54a3e30573 cf966f710e2f489c86b0eb63cf0e6cbb 5e62d52c79be40aa911e1cc88f09b5a1 - - default default] 10.0.0.105 "POST /v2.0/security-groups HTTP/1.1" status: 201 len: 1822 time: 0.2151682
2026-05-18 01:44:53.953 9 INFO neutron.db.ovn_revision_numbers_db [None req-e37bbd55-a840-47f5-b101-6816e6327960 0fd8e92625a74ff8a2d3602607e8b410 cbad66b48182448fba5d15e21dc9948d - - default default] Successfully bumped revision number for resource fdd26531-e620-4cc0-a5da-285af77172fe (type: security_group_rules) to 0
2026-05-18 01:44:53.993 9 INFO neutron.wsgi [None req-e37bbd55-a840-47f5-b101-6816e6327960 0fd8e92625a74ff8a2d3602607e8b410 cbad66b48182448fba5d15e21dc9948d - - default default] 10.0.0.109 "POST /v2.0/security-group-rules HTTP/1.1" status: 201 len: 769 time: 0.3847411
2026-05-18 01:44:54.037 10 INFO neutron.db.ovn_revision_numbers_db [req-168d9565-437b-4563-b49e-f2742b31caf8 req-ef1bd73f-4ad4-4635-b87a-39979deffccd e92bb31fe07041879cae8a063e0e2eb6 8e50d553b0e64b3db9d184aaffb281d1 - - default default] Successfully bumped revision number for resource 7ffdd7d7-1f67-4944-9f8f-05d86c0c24c9 (type: security_groups) to 1
2026-05-18 01:44:54.046 10 INFO neutron.db.ovn_revision_numbers_db [req-4552939a-fcce-4c09-9dfa-60f17cd42baf req-2554cd87-9aa2-49b8-9bff-c4956ddba581 cf966f710e2f489c86b0eb63cf0e6cbb 5e62d52c79be40aa911e1cc88f09b5a1 - - default default] Successfully bumped revision number for resource 23a86728-43d8-4973-9093-d5fb37109166 (type: security_groups) to 1
2026-05-18 01:44:54.056 10 INFO neutron.db.ovn_revision_numbers_db [req-168d9565-437b-4563-b49e-f2742b31caf8 req-ef1bd73f-4ad4-4635-b87a-39979deffccd e92bb31fe07041879cae8a063e0e2eb6 8e50d553b0e64b3db9d184aaffb281d1 - - default default] Successfully bumped revision number for resource 38ee8e14-c92d-45b1-a0d3-adea63ac85cc (type: security_group_rules) to 0
2026-05-18 01:44:54.061 10 INFO neutron.db.ovn_revision_numbers_db [req-4552939a-fcce-4c09-9dfa-60f17cd42baf req-2554cd87-9aa2-49b8-9bff-c4956ddba581 cf966f710e2f489c86b0eb63cf0e6cbb 5e62d52c79be40aa911e1cc88f09b5a1 - - default default] Successfully bumped revision number for resource 55d20186-0ca3-40e4-a92f-4e84cccd4f1f (type: security_group_rules) to 0
2026-05-18 01:44:54.071 10 INFO neutron.db.ovn_revision_numbers_db [req-168d9565-437b-4563-b49e-f2742b31caf8 req-ef1bd73f-4ad4-4635-b87a-39979deffccd e92bb31fe07041879cae8a063e0e2eb6 8e50d553b0e64b3db9d184aaffb281d1 - - default default] Successfully bumped revision number for resource f1ac0889-76d3-45ab-b7e1-eb328bdeaa9b (type: security_group_rules) to 0
2026-05-18 01:44:54.094 10 INFO neutron.db.ovn_revision_numbers_db [req-4552939a-fcce-4c09-9dfa-60f17cd42baf req-2554cd87-9aa2-49b8-9bff-c4956ddba581 cf966f710e2f489c86b0eb63cf0e6cbb 5e62d52c79be40aa911e1cc88f09b5a1 - - default default] Successfully bumped revision number for resource 8a1928ad-2c13-431b-9538-aadafc022f15 (type: security_group_rules) to 0
2026-05-18 01:44:54.099 10 INFO neutron.wsgi [req-168d9565-437b-4563-b49e-f2742b31caf8 req-ef1bd73f-4ad4-4635-b87a-39979deffccd e92bb31fe07041879cae8a063e0e2eb6 8e50d553b0e64b3db9d184aaffb281d1 - - default default] 10.0.0.105 "POST /v2.0/security-groups HTTP/1.1" status: 201 len: 1826 time: 0.2520492
2026-05-18 01:44:54.114 10 INFO neutron.wsgi [req-4552939a-fcce-4c09-9dfa-60f17cd42baf req-2554cd87-9aa2-49b8-9bff-c4956ddba581 cf966f710e2f489c86b0eb63cf0e6cbb 5e62d52c79be40aa911e1cc88f09b5a1 - - default default] 10.0.0.105 "POST /v2.0/security-groups HTTP/1.1" status: 201 len: 1823 time: 0.1996045
2026-05-18 01:44:54.153 10 INFO neutron.wsgi [req-f6716a0f-6e61-4e87-8586-9f2cbbd56bb9 req-13c51a71-c320-4b80-b123-5819faec98ee e92bb31fe07041879cae8a063e0e2eb6 8e50d553b0e64b3db9d184aaffb281d1 - - default default] 10.0.0.105 "GET /v2.0/security-groups/7ffdd7d7-1f67-4944-9f8f-05d86c0c24c9 HTTP/1.1" status: 200 len: 1821 time: 0.0310960
2026-05-18 01:44:54.248 9 INFO neutron.db.ovn_revision_numbers_db [None req-86df10d2-db5a-4a96-bb98-a2c08410f538 - - - - - -] Successfully bumped revision number for resource 572f7330-5b80-4612-928f-796673292c9c (type: ports) to 4
2026-05-18 01:44:54.366 10 INFO neutron.db.ovn_revision_numbers_db [req-9adf4e9c-262e-49b6-99f5-a90b69505d65 req-65b00238-8ae0-47e4-92d7-72959ece21ba cf966f710e2f489c86b0eb63cf0e6cbb 5e62d52c79be40aa911e1cc88f09b5a1 - - default default] Successfully bumped revision number for resource 2b118e34-ebcd-489e-b6f5-e8fe8c435c93 (type: security_groups) to 1
2026-05-18 01:44:54.382 10 INFO neutron.db.ovn_revision_numbers_db [req-9adf4e9c-262e-49b6-99f5-a90b69505d65 req-65b00238-8ae0-47e4-92d7-72959ece21ba cf966f710e2f489c86b0eb63cf0e6cbb 5e62d52c79be40aa911e1cc88f09b5a1 - - default default] Successfully bumped revision number for resource 29d68905-faae-4939-9190-76e97503b35e (type: security_group_rules) to 0
2026-05-18 01:44:54.399 10 INFO neutron.db.ovn_revision_numbers_db [req-f6716a0f-6e61-4e87-8586-9f2cbbd56bb9 req-7896fa80-6335-4119-a54f-3f43a999ca1d e92bb31fe07041879cae8a063e0e2eb6 8e50d553b0e64b3db9d184aaffb281d1 - - default default] Successfully bumped revision number for resource 58c85338-f391-4423-972f-c2b7da8defd9 (type: security_group_rules) to 0
2026-05-18 01:44:54.402 10 INFO neutron.db.ovn_revision_numbers_db [req-9adf4e9c-262e-49b6-99f5-a90b69505d65 req-65b00238-8ae0-47e4-92d7-72959ece21ba cf966f710e2f489c86b0eb63cf0e6cbb 5e62d52c79be40aa911e1cc88f09b5a1 - - default default] Successfully bumped revision number for resource b79d8047-3734-4232-9a14-a4761e8b46e0 (type: security_group_rules) to 0
2026-05-18 01:44:54.427 10 INFO neutron.wsgi [req-9adf4e9c-262e-49b6-99f5-a90b69505d65 req-65b00238-8ae0-47e4-92d7-72959ece21ba cf966f710e2f489c86b0eb63cf0e6cbb 5e62d52c79be40aa911e1cc88f09b5a1 - - default default] 10.0.0.105 "POST /v2.0/security-groups HTTP/1.1" status: 201 len: 1821 time: 0.2894208
2026-05-18 01:44:54.436 10 INFO neutron.wsgi [req-f6716a0f-6e61-4e87-8586-9f2cbbd56bb9 req-7896fa80-6335-4119-a54f-3f43a999ca1d e92bb31fe07041879cae8a063e0e2eb6 8e50d553b0e64b3db9d184aaffb281d1 - - default default] 10.0.0.105 "POST /v2.0/security-group-rules HTTP/1.1" status: 201 len: 786 time: 0.2745001
2026-05-18 01:44:54.493 9 WARNING neutron.scheduler.dhcp_agent_scheduler [None req-27bb28eb-1f8e-4cee-bb94-c86413874e6c 0fd8e92625a74ff8a2d3602607e8b410 cbad66b48182448fba5d15e21dc9948d - - default default] No more DHCP agents
2026-05-18 01:44:54.500 9 WARNING neutron.api.rpc.agentnotifiers.dhcp_rpc_agent_api [None req-27bb28eb-1f8e-4cee-bb94-c86413874e6c 0fd8e92625a74ff8a2d3602607e8b410 cbad66b48182448fba5d15e21dc9948d - - default default] Unable to schedule network 2fee8833-d39e-423b-94ec-b16b3690261a: no agents available; will retry on subsequent port and subnet creation events.
2026-05-18 01:44:54.513 10 WARNING neutron.plugins.ml2.drivers.ovn.mech_driver.ovsdb.ovn_client [None req-40637c31-0121-4113-bf8c-a5fc8cada4ed - - - - - -] No hosting information found for port d129ddf7-4f45-44ef-863c-f39c9d22759e: RuntimeError: No hosting information found for port d129ddf7-4f45-44ef-863c-f39c9d22759e
2026-05-18 01:44:54.513 10 INFO neutron.plugins.ml2.drivers.ovn.mech_driver.mech_driver [None req-40637c31-0121-4113-bf8c-a5fc8cada4ed - - - - - -] OVN reports status up for port: 499991db-1dc3-4e8a-961b-b4979c12c393
2026-05-18 01:44:54.524 9 INFO neutron.db.ovn_revision_numbers_db [None req-1a2693dc-db74-4b76-bd51-5e1950551d40 2e0bf81ffc104005bbfd0306974e2f0b ff340c3f0a1a469fa3a45ca9642e8551 - - default default] Successfully bumped revision number for resource d1974ae1-e55f-4640-aaef-5b68d706195c (type: router_ports) to 1
2026-05-18 01:44:54.529 10 INFO neutron.plugins.ml2.plugin [None req-40637c31-0121-4113-bf8c-a5fc8cada4ed - - - - - -] Attempt 1 to provision port 499991db-1dc3-4e8a-961b-b4979c12c393
2026-05-18 01:44:54.537 10 INFO neutron.wsgi [req-ef94c9cc-a693-4146-b73f-fa2070fad955 req-4dd72a8c-98a5-42b6-8677-ee088596160b cf966f710e2f489c86b0eb63cf0e6cbb 5e62d52c79be40aa911e1cc88f09b5a1 - - default default] 10.0.0.105 "GET /v2.0/security-groups?tenant_id=5e62d52c79be40aa911e1cc88f09b5a1 HTTP/1.1" status: 200 len: 7794 time: 0.0792007
2026-05-18 01:44:54.594 10 INFO neutron.wsgi [req-ef94c9cc-a693-4146-b73f-fa2070fad955 req-9fbbdf24-ffb7-43e9-917c-cfd87ae03b6b cf966f710e2f489c86b0eb63cf0e6cbb 5e62d52c79be40aa911e1cc88f09b5a1 - - default default] 10.0.0.105 "GET /v2.0/security-groups/001c3d09-8808-4967-9cba-1df428cbadbe HTTP/1.1" status: 200 len: 2994 time: 0.0484202
2026-05-18 01:44:54.639 9 INFO neutron.db.ovn_revision_numbers_db [None req-1a2693dc-db74-4b76-bd51-5e1950551d40 2e0bf81ffc104005bbfd0306974e2f0b ff340c3f0a1a469fa3a45ca9642e8551 - - default default] Successfully bumped revision number for resource ccfce934-834f-4726-a4d4-31388135c77f (type: routers) to 2
2026-05-18 01:44:54.647 10 INFO neutron.wsgi [req-ef94c9cc-a693-4146-b73f-fa2070fad955 req-c879d12f-daf9-4eff-b527-89daac8d3b03 cf966f710e2f489c86b0eb63cf0e6cbb 5e62d52c79be40aa911e1cc88f09b5a1 - - default default] 10.0.0.105 "GET /v2.0/security-groups/001c3d09-8808-4967-9cba-1df428cbadbe HTTP/1.1" status: 200 len: 2994 time: 0.0448031
2026-05-18 01:44:54.656 9 INFO neutron.wsgi [None req-1a2693dc-db74-4b76-bd51-5e1950551d40 2e0bf81ffc104005bbfd0306974e2f0b ff340c3f0a1a469fa3a45ca9642e8551 - - default default] 10.0.0.109 "POST /v2.0/routers HTTP/1.1" status: 201 len: 881 time: 2.6817989
2026-05-18 01:44:54.665 9 INFO neutron.db.ovn_revision_numbers_db [None req-86df10d2-db5a-4a96-bb98-a2c08410f538 - - - - - -] Successfully bumped revision number for resource 572f7330-5b80-4612-928f-796673292c9c (type: router_ports) to 4
2026-05-18 01:44:54.680 10 INFO neutron.db.ovn_revision_numbers_db [req-f1d3eea4-047d-4c47-ad0b-de50f58b93c7 req-77373017-8645-4364-b86b-1a82a7b5a9d0 e92bb31fe07041879cae8a063e0e2eb6 8e50d553b0e64b3db9d184aaffb281d1 - - default default] Successfully bumped revision number for resource 91262d14-1cad-46d1-a9bb-7d620be0d2c1 (type: security_groups) to 1
2026-05-18 01:44:54.692 9 INFO neutron.plugins.ml2.drivers.ovn.mech_driver.ovsdb.ovsdb_monitor [None req-86df10d2-db5a-4a96-bb98-a2c08410f538 - - - - - -] Router 13a418ce-8a94-43c7-9e7c-73ab3eb28b10 is bound to host instance
2026-05-18 01:44:54.721 10 INFO neutron.db.ovn_revision_numbers_db [req-f1d3eea4-047d-4c47-ad0b-de50f58b93c7 req-77373017-8645-4364-b86b-1a82a7b5a9d0 e92bb31fe07041879cae8a063e0e2eb6 8e50d553b0e64b3db9d184aaffb281d1 - - default default] Successfully bumped revision number for resource 5b8af4e6-50a9-44a6-a254-af6a2772007e (type: security_group_rules) to 0
2026-05-18 01:44:54.757 10 INFO neutron.db.ovn_revision_numbers_db [req-f1d3eea4-047d-4c47-ad0b-de50f58b93c7 req-77373017-8645-4364-b86b-1a82a7b5a9d0 e92bb31fe07041879cae8a063e0e2eb6 8e50d553b0e64b3db9d184aaffb281d1 - - default default] Successfully bumped revision number for resource f899f1bb-a747-45c0-a01c-485c876448b6 (type: security_group_rules) to 0
2026-05-18 01:44:54.772 10 INFO neutron.wsgi [req-90ee7522-8a99-4b99-9a1d-0e9c11d10b11 req-5719aa94-2e5d-4a88-999d-51ef463f2e7b cf966f710e2f489c86b0eb63cf0e6cbb 5e62d52c79be40aa911e1cc88f09b5a1 - - default default] 10.0.0.105 "GET /v2.0/security-groups/60be6ab3-9884-4010-8c62-c62e5fd2436e HTTP/1.1" status: 200 len: 1817 time: 0.0928180
2026-05-18 01:44:54.799 10 INFO neutron.wsgi [req-f1d3eea4-047d-4c47-ad0b-de50f58b93c7 req-77373017-8645-4364-b86b-1a82a7b5a9d0 e92bb31fe07041879cae8a063e0e2eb6 8e50d553b0e64b3db9d184aaffb281d1 - - default default] 10.0.0.105 "POST /v2.0/security-groups HTTP/1.1" status: 201 len: 1826 time: 0.3365474
2026-05-18 01:44:54.897 10 INFO neutron.wsgi [req-70cdc812-8d61-482b-9012-a659ce5d9a3f req-60a5dd47-6fdd-4745-a8d1-192726bf0ace e92bb31fe07041879cae8a063e0e2eb6 8e50d553b0e64b3db9d184aaffb281d1 - - default default] 10.0.0.105 "GET /v2.0/security-groups/91262d14-1cad-46d1-a9bb-7d620be0d2c1 HTTP/1.1" status: 200 len: 1821 time: 0.0676167
2026-05-18 01:44:54.998 9 INFO neutron.db.ovn_revision_numbers_db [None req-27bb28eb-1f8e-4cee-bb94-c86413874e6c 0fd8e92625a74ff8a2d3602607e8b410 cbad66b48182448fba5d15e21dc9948d - - default default] Successfully bumped revision number for resource 897650c2-e6b4-4341-b616-4c71f2dfdd1a (type: floatingips) to 0
2026-05-18 01:44:55.025 9 INFO neutron.wsgi [None req-27bb28eb-1f8e-4cee-bb94-c86413874e6c 0fd8e92625a74ff8a2d3602607e8b410 cbad66b48182448fba5d15e21dc9948d - - default default] 10.0.0.109 "POST /v2.0/floatingips HTTP/1.1" status: 201 len: 751 time: 1.0286024
2026-05-18 01:44:55.030 10 INFO neutron.db.ovn_revision_numbers_db [None req-40637c31-0121-4113-bf8c-a5fc8cada4ed - - - - - -] Successfully bumped revision number for resource 499991db-1dc3-4e8a-961b-b4979c12c393 (type: ports) to 2
2026-05-18 01:44:55.057 10 INFO neutron.wsgi [req-90ee7522-8a99-4b99-9a1d-0e9c11d10b11 req-739e0a85-ceb9-43da-b28e-4d8ecedb9867 cf966f710e2f489c86b0eb63cf0e6cbb 5e62d52c79be40aa911e1cc88f09b5a1 - - default default] 10.0.0.105 "DELETE /v2.0/security-groups/60be6ab3-9884-4010-8c62-c62e5fd2436e HTTP/1.1" status: 204 len: 173 time: 0.2700589
2026-05-18 01:44:55.115 10 INFO neutron.api.v2.resource [req-0c202c57-321b-4e3d-ab94-bca65f73c2ba req-31370700-db0c-48c1-bfe5-16b315ffa4db cf966f710e2f489c86b0eb63cf0e6cbb 5e62d52c79be40aa911e1cc88f09b5a1 - - default default] show failed (client error): The resource could not be found.
2026-05-18 01:44:55.116 10 INFO neutron.wsgi [req-0c202c57-321b-4e3d-ab94-bca65f73c2ba req-31370700-db0c-48c1-bfe5-16b315ffa4db cf966f710e2f489c86b0eb63cf0e6cbb 5e62d52c79be40aa911e1cc88f09b5a1 - - default default] 10.0.0.105 "GET /v2.0/security-groups/60be6ab3-9884-4010-8c62-c62e5fd2436e HTTP/1.1" status: 404 len: 352 time: 0.0301769
2026-05-18 01:44:55.220 10 INFO neutron.wsgi [req-87a84908-e575-4b62-9879-02b9a30195d1 req-0a2929b9-76e3-4be8-a7cc-a3aba7af886d cf966f710e2f489c86b0eb63cf0e6cbb 5e62d52c79be40aa911e1cc88f09b5a1 - - default default] 10.0.0.105 "GET /v2.0/security-groups/23a86728-43d8-4973-9093-d5fb37109166 HTTP/1.1" status: 200 len: 1818 time: 0.0805564
2026-05-18 01:44:55.251 10 INFO neutron.db.ovn_revision_numbers_db [req-70cdc812-8d61-482b-9012-a659ce5d9a3f req-496e950a-35a6-4416-b7c9-81ee7a43006a e92bb31fe07041879cae8a063e0e2eb6 8e50d553b0e64b3db9d184aaffb281d1 - - default default] Successfully bumped revision number for resource c774491d-1160-4486-abc7-af7482d532a5 (type: security_group_rules) to 0
2026-05-18 01:44:55.315 10 INFO neutron.wsgi [req-70cdc812-8d61-482b-9012-a659ce5d9a3f req-496e950a-35a6-4416-b7c9-81ee7a43006a e92bb31fe07041879cae8a063e0e2eb6 8e50d553b0e64b3db9d184aaffb281d1 - - default default] 10.0.0.105 "POST /v2.0/security-group-rules HTTP/1.1" status: 201 len: 786 time: 0.4075480
2026-05-18 01:44:55.315 10 INFO neutron.db.ovn_revision_numbers_db [None req-40637c31-0121-4113-bf8c-a5fc8cada4ed - - - - - -] Successfully bumped revision number for resource 499991db-1dc3-4e8a-961b-b4979c12c393 (type: router_ports) to 2
2026-05-18 01:44:55.378 9 INFO neutron.db.ovn_revision_numbers_db [None req-86df10d2-db5a-4a96-bb98-a2c08410f538 - - - - - -] Successfully bumped revision number for resource d129ddf7-4f45-44ef-863c-f39c9d22759e (type: ports) to 1
2026-05-18 01:44:55.411 10 INFO neutron.wsgi [req-ef62c396-a0ec-4328-b42b-bba0e76268e6 req-df3c1fff-2a65-4154-8ae7-5b3783075425 e92bb31fe07041879cae8a063e0e2eb6 8e50d553b0e64b3db9d184aaffb281d1 - - default default] 10.0.0.105 "GET /v2.0/security-groups/91262d14-1cad-46d1-a9bb-7d620be0d2c1 HTTP/1.1" status: 200 len: 2414 time: 0.0721710
2026-05-18 01:44:55.450 10 WARNING neutron.scheduler.dhcp_agent_scheduler [None req-8320e722-48e9-4429-95a2-f34c2ca0ffd3 2e0bf81ffc104005bbfd0306974e2f0b ff340c3f0a1a469fa3a45ca9642e8551 - - default default] No more DHCP agents
2026-05-18 01:44:55.454 10 WARNING neutron.api.rpc.agentnotifiers.dhcp_rpc_agent_api [None req-8320e722-48e9-4429-95a2-f34c2ca0ffd3 2e0bf81ffc104005bbfd0306974e2f0b ff340c3f0a1a469fa3a45ca9642e8551 - - default default] Unable to schedule network 4d854bdd-492f-4b78-9325-516821773742: no agents available; will retry on subsequent port and subnet creation events.
2026-05-18 01:44:55.552 10 INFO neutron.wsgi [req-87a84908-e575-4b62-9879-02b9a30195d1 req-885ec083-63c4-477e-8ab9-16b9d781849f cf966f710e2f489c86b0eb63cf0e6cbb 5e62d52c79be40aa911e1cc88f09b5a1 - - default default] 10.0.0.105 "DELETE /v2.0/security-groups/23a86728-43d8-4973-9093-d5fb37109166 HTTP/1.1" status: 204 len: 173 time: 0.3202446
2026-05-18 01:44:55.660 9 INFO neutron.db.ovn_revision_numbers_db [None req-86df10d2-db5a-4a96-bb98-a2c08410f538 - - - - - -] Successfully bumped revision number for resource d129ddf7-4f45-44ef-863c-f39c9d22759e (type: router_ports) to 3
2026-05-18 01:44:55.689 10 INFO neutron.wsgi [req-515ddce2-8b39-4b17-87a2-00e3d9cda395 req-1f76c655-6d1b-490d-9f13-6e5e4eb3b712 0fd8e92625a74ff8a2d3602607e8b410 cbad66b48182448fba5d15e21dc9948d - - default default] 10.0.0.105 "GET /v2.0/security-groups?name=tempest-securitygroup--15171103&fields=id&tenant_id=cbad66b48182448fba5d15e21dc9948d HTTP/1.1" status: 200 len: 267 time: 0.0591373
2026-05-18 01:44:55.694 10 INFO neutron.db.ovn_revision_numbers_db [req-ef62c396-a0ec-4328-b42b-bba0e76268e6 req-7a86c429-f4bd-489f-8901-783a57434460 e92bb31fe07041879cae8a063e0e2eb6 8e50d553b0e64b3db9d184aaffb281d1 - - default default] Successfully bumped revision number for resource c90c4e41-a5d4-443b-b794-f5999ccea8e4 (type: security_group_rules) to 0
2026-05-18 01:44:55.712 10 INFO neutron.db.ovn_revision_numbers_db [None req-8320e722-48e9-4429-95a2-f34c2ca0ffd3 2e0bf81ffc104005bbfd0306974e2f0b ff340c3f0a1a469fa3a45ca9642e8551 - - default default] Successfully bumped revision number for resource e0dd165c-bab5-4fac-afad-ae521e5d1df4 (type: ports) to 1
2026-05-18 01:44:55.767 10 INFO neutron.wsgi [req-ef62c396-a0ec-4328-b42b-bba0e76268e6 req-7a86c429-f4bd-489f-8901-783a57434460 e92bb31fe07041879cae8a063e0e2eb6 8e50d553b0e64b3db9d184aaffb281d1 - - default default] 10.0.0.105 "POST /v2.0/security-group-rules HTTP/1.1" status: 201 len: 791 time: 0.3400676
2026-05-18 01:44:55.801 10 INFO neutron.api.v2.resource [req-ab0008dd-e612-4643-8f39-866c3a4caa90 req-92351683-6663-40b7-b7c4-366cd1f05211 cf966f710e2f489c86b0eb63cf0e6cbb 5e62d52c79be40aa911e1cc88f09b5a1 - - default default] show failed (client error): The resource could not be found.
2026-05-18 01:44:55.802 10 INFO neutron.wsgi [req-ab0008dd-e612-4643-8f39-866c3a4caa90 req-92351683-6663-40b7-b7c4-366cd1f05211 cf966f710e2f489c86b0eb63cf0e6cbb 5e62d52c79be40aa911e1cc88f09b5a1 - - default default] 10.0.0.105 "GET /v2.0/security-groups/23a86728-43d8-4973-9093-d5fb37109166 HTTP/1.1" status: 404 len: 352 time: 0.0234990
2026-05-18 01:44:55.802 9 INFO neutron.db.ovn_revision_numbers_db [None req-86df10d2-db5a-4a96-bb98-a2c08410f538 - - - - - -] Successfully bumped revision number for resource d129ddf7-4f45-44ef-863c-f39c9d22759e (type: ports) to 2
2026-05-18 01:44:55.833 10 INFO neutron.wsgi [req-515ddce2-8b39-4b17-87a2-00e3d9cda395 req-fecd16f0-c805-424d-96f2-bdf11e49a84d 0fd8e92625a74ff8a2d3602607e8b410 cbad66b48182448fba5d15e21dc9948d - - default default] 10.0.0.105 "GET /v2.0/networks?id=85c1ee13-981a-4664-a8cd-628119eecea9 HTTP/1.1" status: 200 len: 881 time: 0.1361737
2026-05-18 01:44:55.856 10 INFO neutron.wsgi [req-515ddce2-8b39-4b17-87a2-00e3d9cda395 req-fe8d31fa-5b6a-4fa8-ad47-fefc32446f52 0fd8e92625a74ff8a2d3602607e8b410 cbad66b48182448fba5d15e21dc9948d - - default default] 10.0.0.105 "GET /v2.0/quotas/cbad66b48182448fba5d15e21dc9948d HTTP/1.1" status: 200 len: 386 time: 0.0145795
2026-05-18 01:44:55.860 10 INFO neutron.wsgi [req-00c96806-cd31-4b66-891e-c429c15eb9dd req-d8e2c8e9-81eb-42aa-ae85-786667f2949d e92bb31fe07041879cae8a063e0e2eb6 8e50d553b0e64b3db9d184aaffb281d1 - - default default] 10.0.0.105 "GET /v2.0/security-groups/91262d14-1cad-46d1-a9bb-7d620be0d2c1 HTTP/1.1" status: 200 len: 3012 time: 0.0418265
2026-05-18 01:44:55.942 10 INFO neutron.wsgi [req-b52eedcf-05d3-4d29-a225-5872f2e97642 req-79c6e4b7-9cc5-4678-8b85-ee72d3f470c0 cf966f710e2f489c86b0eb63cf0e6cbb 5e62d52c79be40aa911e1cc88f09b5a1 - - default default] 10.0.0.105 "GET /v2.0/security-groups/2b118e34-ebcd-489e-b6f5-e8fe8c435c93 HTTP/1.1" status: 200 len: 1816 time: 0.0681865
2026-05-18 01:44:55.997 10 INFO neutron.wsgi [req-515ddce2-8b39-4b17-87a2-00e3d9cda395 req-b9ca3a00-35c5-4a36-9200-745bf430752e 0fd8e92625a74ff8a2d3602607e8b410 cbad66b48182448fba5d15e21dc9948d - - default default] 10.0.0.105 "GET /v2.0/ports?tenant_id=cbad66b48182448fba5d15e21dc9948d&fields=id HTTP/1.1" status: 200 len: 302 time: 0.1245995
2026-05-18 01:44:56.049 9 INFO neutron.db.ovn_revision_numbers_db [None req-86df10d2-db5a-4a96-bb98-a2c08410f538 - - - - - -] Successfully bumped revision number for resource d129ddf7-4f45-44ef-863c-f39c9d22759e (type: ports) to 4
2026-05-18 01:44:56.149 10 INFO neutron.wsgi [req-b52eedcf-05d3-4d29-a225-5872f2e97642 req-c93ae829-5944-4914-af6b-68fabee50668 cf966f710e2f489c86b0eb63cf0e6cbb 5e62d52c79be40aa911e1cc88f09b5a1 - - default default] 10.0.0.105 "DELETE /v2.0/security-groups/2b118e34-ebcd-489e-b6f5-e8fe8c435c93 HTTP/1.1" status: 204 len: 173 time: 0.1987641
2026-05-18 01:44:56.187 10 INFO neutron.wsgi [req-2b622ef3-b536-4bb7-a6a9-72a05b7e2a7f req-029f2bbc-1458-42c0-a3f7-86eecf0aaa82 e92bb31fe07041879cae8a063e0e2eb6 8e50d553b0e64b3db9d184aaffb281d1 - - default default] 10.0.0.105 "GET /v2.0/security-group-rules/c90c4e41-a5d4-443b-b794-f5999ccea8e4 HTTP/1.1" status: 200 len: 783 time: 0.0230165
2026-05-18 01:44:56.253 10 INFO neutron.wsgi [req-2b622ef3-b536-4bb7-a6a9-72a05b7e2a7f req-60441986-3045-4537-8a91-6e4722aea540 e92bb31fe07041879cae8a063e0e2eb6 8e50d553b0e64b3db9d184aaffb281d1 - - default default] 10.0.0.105 "GET /v2.0/security-groups/91262d14-1cad-46d1-a9bb-7d620be0d2c1 HTTP/1.1" status: 200 len: 3012 time: 0.0581217
2026-05-18 01:44:56.279 9 INFO neutron.db.ovn_revision_numbers_db [None req-86df10d2-db5a-4a96-bb98-a2c08410f538 - - - - - -] Successfully bumped revision number for resource d129ddf7-4f45-44ef-863c-f39c9d22759e (type: router_ports) to 4
2026-05-18 01:44:56.304 9 INFO neutron.plugins.ml2.drivers.ovn.mech_driver.ovsdb.ovsdb_monitor [None req-86df10d2-db5a-4a96-bb98-a2c08410f538 - - - - - -] Router ccfce934-834f-4726-a4d4-31388135c77f is bound to host instance
2026-05-18 01:44:56.361 10 INFO neutron.db.ovn_revision_numbers_db [None req-8320e722-48e9-4429-95a2-f34c2ca0ffd3 2e0bf81ffc104005bbfd0306974e2f0b ff340c3f0a1a469fa3a45ca9642e8551 - - default default] Successfully bumped revision number for resource e0dd165c-bab5-4fac-afad-ae521e5d1df4 (type: router_ports) to 1
2026-05-18 01:44:56.425 10 INFO neutron.wsgi [req-2b622ef3-b536-4bb7-a6a9-72a05b7e2a7f req-4c90ef53-973f-4f96-8761-370ab7022465 e92bb31fe07041879cae8a063e0e2eb6 8e50d553b0e64b3db9d184aaffb281d1 - - default default] 10.0.0.105 "DELETE /v2.0/security-group-rules/c90c4e41-a5d4-443b-b794-f5999ccea8e4 HTTP/1.1" status: 204 len: 173 time: 0.1646430
2026-05-18 01:44:56.439 10 INFO neutron.wsgi [req-515ddce2-8b39-4b17-87a2-00e3d9cda395 req-c15c220b-3da9-4c9c-9503-ea72c2935c9b beb8973fb110498a9387049987fdb2a9 b5fab706a5854c878f6f17933e2647d1 - - 962da104e0de4d17b46b13014ad5ab31 962da104e0de4d17b46b13014ad5ab31] 10.0.0.105 "GET /v2.0/extensions HTTP/1.1" status: 200 len: 16525 time: 0.1003847
2026-05-18 01:44:56.455 10 INFO neutron.api.v2.resource [req-a5cc8084-0991-40fc-929b-0c9002e66182 req-718eb997-d990-473f-999b-597ee841385c cf966f710e2f489c86b0eb63cf0e6cbb 5e62d52c79be40aa911e1cc88f09b5a1 - - default default] show failed (client error): The resource could not be found.
2026-05-18 01:44:56.456 10 INFO neutron.wsgi [req-a5cc8084-0991-40fc-929b-0c9002e66182 req-718eb997-d990-473f-999b-597ee841385c cf966f710e2f489c86b0eb63cf0e6cbb 5e62d52c79be40aa911e1cc88f09b5a1 - - default default] 10.0.0.105 "GET /v2.0/security-groups/2b118e34-ebcd-489e-b6f5-e8fe8c435c93 HTTP/1.1" status: 404 len: 352 time: 0.0160551
2026-05-18 01:44:56.532 10 INFO neutron.wsgi [req-59234bce-2029-44c9-9275-008ff4dc90e5 req-7b48a418-afef-4a17-931e-7d52d4ca9a2c e92bb31fe07041879cae8a063e0e2eb6 8e50d553b0e64b3db9d184aaffb281d1 - - default default] 10.0.0.105 "GET /v2.0/security-groups/91262d14-1cad-46d1-a9bb-7d620be0d2c1 HTTP/1.1" status: 200 len: 2414 time: 0.0533268
2026-05-18 01:44:56.540 10 INFO neutron.db.ovn_revision_numbers_db [None req-8320e722-48e9-4429-95a2-f34c2ca0ffd3 2e0bf81ffc104005bbfd0306974e2f0b ff340c3f0a1a469fa3a45ca9642e8551 - - default default] Successfully bumped revision number for resource e0dd165c-bab5-4fac-afad-ae521e5d1df4 (type: ports) to 1
2026-05-18 01:44:56.543 10 INFO neutron.wsgi [req-515ddce2-8b39-4b17-87a2-00e3d9cda395 req-7d844bfa-c23d-40b0-aeaa-31f3a2eca228 beb8973fb110498a9387049987fdb2a9 b5fab706a5854c878f6f17933e2647d1 - - 962da104e0de4d17b46b13014ad5ab31 962da104e0de4d17b46b13014ad5ab31] 10.0.0.105 "GET /v2.0/networks/85c1ee13-981a-4664-a8cd-628119eecea9?fields=segments HTTP/1.1" status: 200 len: 212 time: 0.0952003
2026-05-18 01:44:56.724 10 INFO neutron.wsgi [req-515ddce2-8b39-4b17-87a2-00e3d9cda395 req-9039d254-6362-41ed-8f5f-70cfb1361bfe beb8973fb110498a9387049987fdb2a9 b5fab706a5854c878f6f17933e2647d1 - - 962da104e0de4d17b46b13014ad5ab31 962da104e0de4d17b46b13014ad5ab31] 10.0.0.105 "GET /v2.0/networks/85c1ee13-981a-4664-a8cd-628119eecea9?fields=provider%3Aphysical_network&fields=provider%3Anetwork_type HTTP/1.1" status: 200 len: 277 time: 0.1721275
2026-05-18 01:44:56.752 10 WARNING neutron.scheduler.dhcp_agent_scheduler [None req-8320e722-48e9-4429-95a2-f34c2ca0ffd3 2e0bf81ffc104005bbfd0306974e2f0b ff340c3f0a1a469fa3a45ca9642e8551 - - default default] No more DHCP agents
2026-05-18 01:44:56.754 10 WARNING neutron.api.rpc.agentnotifiers.dhcp_rpc_agent_api [None req-8320e722-48e9-4429-95a2-f34c2ca0ffd3 2e0bf81ffc104005bbfd0306974e2f0b ff340c3f0a1a469fa3a45ca9642e8551 - - default default] Unable to schedule network 4d854bdd-492f-4b78-9325-516821773742: no agents available; will retry on subsequent port and subnet creation events.
2026-05-18 01:44:56.825 9 INFO neutron.db.ovn_revision_numbers_db [None req-86df10d2-db5a-4a96-bb98-a2c08410f538 - - - - - -] Successfully bumped revision number for resource d1974ae1-e55f-4640-aaef-5b68d706195c (type: ports) to 1
2026-05-18 01:44:56.836 10 INFO neutron.wsgi [req-59234bce-2029-44c9-9275-008ff4dc90e5 req-bc19bdac-c792-4d03-b3f6-62c430ded14f e92bb31fe07041879cae8a063e0e2eb6 8e50d553b0e64b3db9d184aaffb281d1 - - default default] 10.0.0.105 "DELETE /v2.0/security-groups/91262d14-1cad-46d1-a9bb-7d620be0d2c1 HTTP/1.1" status: 204 len: 173 time: 0.2945693
2026-05-18 01:44:56.914 10 INFO neutron.wsgi [req-ea9cf91b-f3da-41b2-8445-560c53e16e2e req-e3f2ad63-6d2a-41c0-9a1c-6d85df8a89d7 cf966f710e2f489c86b0eb63cf0e6cbb 5e62d52c79be40aa911e1cc88f09b5a1 - - default default] 10.0.0.105 "GET /v2.0/security-groups?tenant_id=5e62d52c79be40aa911e1cc88f09b5a1 HTTP/1.1" status: 200 len: 2997 time: 0.0634396
2026-05-18 01:44:56.917 10 INFO neutron.wsgi [req-662b26f3-b8d9-4d44-911b-fa921d263f31 req-47f721aa-71d3-4bd5-9aad-93f2a857302f e92bb31fe07041879cae8a063e0e2eb6 8e50d553b0e64b3db9d184aaffb281d1 - - default default] 10.0.0.105 "GET /v2.0/security-groups/7ffdd7d7-1f67-4944-9f8f-05d86c0c24c9 HTTP/1.1" status: 200 len: 2414 time: 0.0557661
2026-05-18 01:44:56.970 10 INFO neutron.wsgi [req-ea9cf91b-f3da-41b2-8445-560c53e16e2e req-0fac358f-6d3c-4b87-8a68-b37ec1fefcdf cf966f710e2f489c86b0eb63cf0e6cbb 5e62d52c79be40aa911e1cc88f09b5a1 - - default default] 10.0.0.105 "GET /v2.0/security-groups/001c3d09-8808-4967-9cba-1df428cbadbe HTTP/1.1" status: 200 len: 2994 time: 0.0515900
2026-05-18 01:44:57.033 10 INFO neutron.wsgi [req-ea9cf91b-f3da-41b2-8445-560c53e16e2e req-83b39b13-8eab-4f39-880c-e80594bc8e13 cf966f710e2f489c86b0eb63cf0e6cbb 5e62d52c79be40aa911e1cc88f09b5a1 - - default default] 10.0.0.105 "GET /v2.0/security-groups/001c3d09-8808-4967-9cba-1df428cbadbe HTTP/1.1" status: 200 len: 2994 time: 0.0528750
2026-05-18 01:44:57.112 10 INFO neutron.wsgi [req-44bd8f43-23b5-4d1f-ad44-114f6e272224 req-72f23838-c972-41d1-bbd8-0dfe390aea96 0fd8e92625a74ff8a2d3602607e8b410 cbad66b48182448fba5d15e21dc9948d - - default default] 10.0.0.105 "GET /v2.0/ports?device_id=9f6d30fd-bb32-478f-8c7b-a93f03bc6c46 HTTP/1.1" status: 200 len: 210 time: 0.0399425
2026-05-18 01:44:57.127 10 INFO neutron.wsgi [req-662b26f3-b8d9-4d44-911b-fa921d263f31 req-b1cb03fd-e24e-44ac-a3ec-0acd91557bca e92bb31fe07041879cae8a063e0e2eb6 8e50d553b0e64b3db9d184aaffb281d1 - - default default] 10.0.0.105 "DELETE /v2.0/security-groups/7ffdd7d7-1f67-4944-9f8f-05d86c0c24c9 HTTP/1.1" status: 204 len: 173 time: 0.2004147
2026-05-18 01:44:57.163 10 INFO neutron.api.v2.resource [req-f7dd3592-671d-473e-a24a-61d58a0a5c49 req-fd4621f1-4ac5-4350-906a-232135f3696c cf966f710e2f489c86b0eb63cf0e6cbb 5e62d52c79be40aa911e1cc88f09b5a1 - - default default] show failed (client error): The resource could not be found.
2026-05-18 01:44:57.164 10 INFO neutron.wsgi [req-f7dd3592-671d-473e-a24a-61d58a0a5c49 req-fd4621f1-4ac5-4350-906a-232135f3696c cf966f710e2f489c86b0eb63cf0e6cbb 5e62d52c79be40aa911e1cc88f09b5a1 - - default default] 10.0.0.105 "GET /v2.0/security-groups/2b118e34-ebcd-489e-b6f5-e8fe8c435c93 HTTP/1.1" status: 404 len: 352 time: 0.0242484
2026-05-18 01:44:57.191 9 INFO neutron.db.ovn_revision_numbers_db [None req-86df10d2-db5a-4a96-bb98-a2c08410f538 - - - - - -] Successfully bumped revision number for resource d1974ae1-e55f-4640-aaef-5b68d706195c (type: router_ports) to 3
2026-05-18 01:44:57.204 10 INFO neutron.api.v2.resource [req-4eaee369-9b8c-45f0-ab59-86880656cc9b req-9fe17acc-9b53-4dfd-9940-31e61f6880a4 cf966f710e2f489c86b0eb63cf0e6cbb 5e62d52c79be40aa911e1cc88f09b5a1 - - default default] show failed (client error): The resource could not be found.
2026-05-18 01:44:57.205 10 INFO neutron.wsgi [req-4eaee369-9b8c-45f0-ab59-86880656cc9b req-9fe17acc-9b53-4dfd-9940-31e61f6880a4 cf966f710e2f489c86b0eb63cf0e6cbb 5e62d52c79be40aa911e1cc88f09b5a1 - - default default] 10.0.0.105 "GET /v2.0/security-groups/23a86728-43d8-4973-9093-d5fb37109166 HTTP/1.1" status: 404 len: 352 time: 0.0231445
2026-05-18 01:44:57.246 10 INFO neutron.api.v2.resource [req-9751ae8b-075f-43b4-a8f6-8e71498c10b5 req-cd218151-cdae-4218-845e-18b45e746d87 cf966f710e2f489c86b0eb63cf0e6cbb 5e62d52c79be40aa911e1cc88f09b5a1 - - default default] show failed (client error): The resource could not be found.
2026-05-18 01:44:57.247 10 INFO neutron.wsgi [req-9751ae8b-075f-43b4-a8f6-8e71498c10b5 req-cd218151-cdae-4218-845e-18b45e746d87 cf966f710e2f489c86b0eb63cf0e6cbb 5e62d52c79be40aa911e1cc88f09b5a1 - - default default] 10.0.0.105 "GET /v2.0/security-groups/60be6ab3-9884-4010-8c62-c62e5fd2436e HTTP/1.1" status: 404 len: 352 time: 0.0149500
2026-05-18 01:44:57.403 9 INFO neutron.db.ovn_revision_numbers_db [None req-86df10d2-db5a-4a96-bb98-a2c08410f538 - - - - - -] Successfully bumped revision number for resource d1974ae1-e55f-4640-aaef-5b68d706195c (type: ports) to 2
2026-05-18 01:44:57.816 9 INFO neutron.db.ovn_revision_numbers_db [None req-86df10d2-db5a-4a96-bb98-a2c08410f538 - - - - - -] Successfully bumped revision number for resource d1974ae1-e55f-4640-aaef-5b68d706195c (type: ports) to 4
2026-05-18 01:44:57.973 10 INFO neutron.db.ovn_revision_numbers_db [None req-8320e722-48e9-4429-95a2-f34c2ca0ffd3 2e0bf81ffc104005bbfd0306974e2f0b ff340c3f0a1a469fa3a45ca9642e8551 - - default default] Successfully bumped revision number for resource e0dd165c-bab5-4fac-afad-ae521e5d1df4 (type: router_ports) to 1
2026-05-18 01:44:57.975 10 INFO neutron.wsgi [None req-8320e722-48e9-4429-95a2-f34c2ca0ffd3 2e0bf81ffc104005bbfd0306974e2f0b ff340c3f0a1a469fa3a45ca9642e8551 - - default default] 10.0.0.109 "PUT /v2.0/routers/ccfce934-834f-4726-a4d4-31388135c77f/add_router_interface HTTP/1.1" status: 200 len: 503 time: 3.3134055
2026-05-18 01:44:58.241 9 INFO neutron.db.ovn_revision_numbers_db [None req-86df10d2-db5a-4a96-bb98-a2c08410f538 - - - - - -] Successfully bumped revision number for resource d1974ae1-e55f-4640-aaef-5b68d706195c (type: router_ports) to 4
2026-05-18 01:44:58.373 10 INFO neutron.wsgi [req-1dc6baf2-551b-4b24-8672-92a0b5248f3d req-c48a824a-b185-459c-a467-a43dd7d69122 0fd8e92625a74ff8a2d3602607e8b410 cbad66b48182448fba5d15e21dc9948d - - default default] 10.0.0.105 "GET /v2.0/ports?device_id=9f6d30fd-bb32-478f-8c7b-a93f03bc6c46 HTTP/1.1" status: 200 len: 210 time: 0.0284796
2026-05-18 01:44:58.467 9 INFO neutron.wsgi [req-515ddce2-8b39-4b17-87a2-00e3d9cda395 req-204301f6-7eef-4764-9da1-f403500d02b0 0fd8e92625a74ff8a2d3602607e8b410 cbad66b48182448fba5d15e21dc9948d - - default default] 162.253.55.186 "GET /v2.0/networks?id=85c1ee13-981a-4664-a8cd-628119eecea9 HTTP/1.1" status: 200 len: 881 time: 0.1495988
2026-05-18 01:44:58.586 9 INFO neutron.wsgi [req-515ddce2-8b39-4b17-87a2-00e3d9cda395 req-9a5409d2-a789-4265-b0e8-9362887efc2d 0fd8e92625a74ff8a2d3602607e8b410 cbad66b48182448fba5d15e21dc9948d - - default default] 162.253.55.186 "GET /v2.0/security-groups?fields=id&fields=name&tenant_id=cbad66b48182448fba5d15e21dc9948d HTTP/1.1" status: 200 len: 378 time: 0.0769937
2026-05-18 01:44:58.705 9 INFO neutron.db.ovn_revision_numbers_db [None req-bca698e2-2a9d-4530-923e-1f3741a74a7a 16a8a553bfd643a49d2030a98ee9e1dd b488259495424493a6ce30931652842b - - default default] Successfully bumped revision number for resource b5a7e004-0617-4588-800e-1b22c8c3ede7 (type: security_groups) to 1
2026-05-18 01:44:58.727 9 INFO neutron.db.ovn_revision_numbers_db [None req-bca698e2-2a9d-4530-923e-1f3741a74a7a 16a8a553bfd643a49d2030a98ee9e1dd b488259495424493a6ce30931652842b - - default default] Successfully bumped revision number for resource c5c69518-faab-46b6-a1a2-ab1dee4b2b57 (type: security_group_rules) to 0
2026-05-18 01:44:58.768 9 INFO neutron.db.ovn_revision_numbers_db [None req-bca698e2-2a9d-4530-923e-1f3741a74a7a 16a8a553bfd643a49d2030a98ee9e1dd b488259495424493a6ce30931652842b - - default default] Successfully bumped revision number for resource eb4d931c-0b69-480a-b7cf-6af304b4eb3f (type: security_group_rules) to 0
