Apr 09 18:17:59.489754 np0000164633 devstack@neutron-api.service[102118]: DEBUG oslo_concurrency.processutils [None req-e8fedab6-9c2c-42ce-a31b-3279bf5babc9 None None] Running cmd (subprocess): ovsdb-client transact ssl:199.204.45.95:6641 --timeout 180 -p /opt/stack/data/CA/int-ca/private/devstack-cert.key -c /opt/stack/data/CA/int-ca/devstack-cert.crt -C /opt/stack/data/CA/int-ca/ca-chain.pem ["OVN_Northbound", {"op": "wait", "timeout": 0, "table": "Port_Group", "where": [["name", "==", "neutron_pg_drop"]], "until": "==", "rows": []}, {"op": "insert", "table": "ACL", "row": {"action": "drop", "direction": "to-lport", "match": "outport == @neutron_pg_drop && ip", "priority": 1001}, "uuid-name": "droptoport"}, {"op": "insert", "table": "ACL", "row": {"action": "drop", "direction": "from-lport", "match": "inport == @neutron_pg_drop && ip", "priority": 1001}, "uuid-name": "dropfromport"}, {"op": "insert", "table": "Port_Group", "row": {"name": "neutron_pg_drop", "acls": ["set", [["named-uuid", "droptoport"], ["named-uuid", "dropfromport"]]]}}] {{(pid=102118) execute /opt/stack/data/venv/lib/python3.12/site-packages/oslo_concurrency/processutils.py:440}}
Apr 09 18:17:59.505715 np0000164633 devstack@neutron-api.service[102119]: DEBUG neutron.api.v2.resource_helper [None req-7498f2f4-ea95-4497-b933-f960092a8dff None None] Service L3_ROUTER_NAT assigned prefix: {{(pid=102119) build_resource_info /opt/stack/neutron/neutron/api/v2/resource_helper.py:77}}
Apr 09 18:17:59.506125 np0000164633 devstack@neutron-api.service[102119]: DEBUG neutron.api.v2.resource_helper [None req-7498f2f4-ea95-4497-b933-f960092a8dff None None] Service FLAVORS assigned prefix: {{(pid=102119) build_resource_info /opt/stack/neutron/neutron/api/v2/resource_helper.py:77}}
Apr 09 18:17:59.507012 np0000164633 devstack@neutron-api.service[102119]: DEBUG neutron.api.v2.resource_helper [None req-7498f2f4-ea95-4497-b933-f960092a8dff None None] Service L3_ROUTER_NAT assigned prefix: {{(pid=102119) build_resource_info /opt/stack/neutron/neutron/api/v2/resource_helper.py:77}}
Apr 09 18:17:59.507464 np0000164633 devstack@neutron-api.service[102119]: DEBUG neutron.api.v2.resource_helper [None req-7498f2f4-ea95-4497-b933-f960092a8dff None None] Service L3_ROUTER_NAT assigned prefix: {{(pid=102119) build_resource_info /opt/stack/neutron/neutron/api/v2/resource_helper.py:77}}
Apr 09 18:17:59.507604 np0000164633 devstack@neutron-api.service[102119]: INFO neutron.quota.resource_registry [None req-7498f2f4-ea95-4497-b933-f960092a8dff None None] Creating instance of TrackedResource for resource:router
Apr 09 18:17:59.507739 np0000164633 devstack@neutron-api.service[102119]: WARNING neutron.quota.resource_registry [None req-7498f2f4-ea95-4497-b933-f960092a8dff None None] router is already registered
Apr 09 18:17:59.508235 np0000164633 devstack@neutron-api.service[102119]: INFO neutron.quota.resource_registry [None req-7498f2f4-ea95-4497-b933-f960092a8dff None None] Creating instance of TrackedResource for resource:floatingip
Apr 09 18:17:59.508235 np0000164633 devstack@neutron-api.service[102119]: WARNING neutron.quota.resource_registry [None req-7498f2f4-ea95-4497-b933-f960092a8dff None None] floatingip is already registered
Apr 09 18:17:59.509274 np0000164633 devstack@neutron-api.service[102119]: INFO neutron.quota.resource_registry [None req-7498f2f4-ea95-4497-b933-f960092a8dff None None] Creating instance of CountableResource for resource:rbac_policy
Apr 09 18:17:59.509274 np0000164633 devstack@neutron-api.service[102119]: WARNING neutron.quota.resource_registry [None req-7498f2f4-ea95-4497-b933-f960092a8dff None None] rbac_policy is already registered
Apr 09 18:17:59.509918 np0000164633 devstack@neutron-api.service[102119]: INFO neutron.quota.resource_registry [None req-7498f2f4-ea95-4497-b933-f960092a8dff None None] Creating instance of TrackedResource for resource:security_group
Apr 09 18:17:59.510086 np0000164633 devstack@neutron-api.service[102119]: WARNING neutron.quota.resource_registry [None req-7498f2f4-ea95-4497-b933-f960092a8dff None None] security_group is already registered
Apr 09 18:17:59.510333 np0000164633 devstack@neutron-api.service[102119]: INFO neutron.quota.resource_registry [None req-7498f2f4-ea95-4497-b933-f960092a8dff None None] Creating instance of TrackedResource for resource:security_group_rule
Apr 09 18:17:59.510451 np0000164633 devstack@neutron-api.service[102119]: WARNING neutron.quota.resource_registry [None req-7498f2f4-ea95-4497-b933-f960092a8dff None None] security_group_rule is already registered
Apr 09 18:17:59.510986 np0000164633 devstack@neutron-api.service[102119]: DEBUG neutron.api.v2.resource_helper [None req-7498f2f4-ea95-4497-b933-f960092a8dff None None] Service CORE assigned prefix: {{(pid=102119) build_resource_info /opt/stack/neutron/neutron/api/v2/resource_helper.py:77}}
Apr 09 18:17:59.511107 np0000164633 devstack@neutron-api.service[102119]: INFO neutron.quota.resource_registry [None req-7498f2f4-ea95-4497-b933-f960092a8dff None None] Creating instance of TrackedResource for resource:subnetpool
Apr 09 18:17:59.511234 np0000164633 devstack@neutron-api.service[102119]: WARNING neutron.quota.resource_registry [None req-7498f2f4-ea95-4497-b933-f960092a8dff None None] subnetpool is already registered
Apr 09 18:17:59.511697 np0000164633 devstack@neutron-api.service[102119]: DEBUG neutron.api.extensions [None req-7498f2f4-ea95-4497-b933-f960092a8dff None None] Extended resource: extensions {{(pid=102119) __init__ /opt/stack/neutron/neutron/api/extensions.py:156}}
Apr 09 18:17:59.512804 np0000164633 devstack@neutron-api.service[102119]: DEBUG neutron.api.extensions [None req-7498f2f4-ea95-4497-b933-f960092a8dff None None] Extended resource: address-groups {{(pid=102119) __init__ /opt/stack/neutron/neutron/api/extensions.py:156}}
Apr 09 18:17:59.513112 np0000164633 devstack@neutron-api.service[102119]: DEBUG neutron.api.extensions [None req-7498f2f4-ea95-4497-b933-f960092a8dff None None] Extended resource: address-scopes {{(pid=102119) __init__ /opt/stack/neutron/neutron/api/extensions.py:156}}
Apr 09 18:17:59.513728 np0000164633 devstack@neutron-api.service[102119]: DEBUG neutron.api.extensions [None req-7498f2f4-ea95-4497-b933-f960092a8dff None None] Extended resource: agents {{(pid=102119) __init__ /opt/stack/neutron/neutron/api/extensions.py:156}}
Apr 09 18:17:59.514197 np0000164633 devstack@neutron-api.service[102119]: DEBUG neutron.api.extensions [None req-7498f2f4-ea95-4497-b933-f960092a8dff None None] Extended resource: auto-allocated-topology {{(pid=102119) __init__ /opt/stack/neutron/neutron/api/extensions.py:156}}
Apr 09 18:17:59.514734 np0000164633 devstack@neutron-api.service[102119]: DEBUG neutron.api.extensions [None req-7498f2f4-ea95-4497-b933-f960092a8dff None None] Extended resource: availability_zones {{(pid=102119) __init__ /opt/stack/neutron/neutron/api/extensions.py:156}}
Apr 09 18:17:59.515317 np0000164633 devstack@neutron-api.service[102119]: DEBUG neutron.api.extensions [None req-7498f2f4-ea95-4497-b933-f960092a8dff None None] Extended resource: dhcp-networks {{(pid=102119) __init__ /opt/stack/neutron/neutron/api/extensions.py:156}}
Apr 09 18:17:59.516105 np0000164633 devstack@neutron-api.service[102119]: DEBUG neutron.api.extensions [None req-7498f2f4-ea95-4497-b933-f960092a8dff None None] Extended resource: dhcp-agents {{(pid=102119) __init__ /opt/stack/neutron/neutron/api/extensions.py:156}}
Apr 09 18:17:59.516752 np0000164633 devstack@neutron-api.service[102119]: DEBUG neutron.api.extensions [None req-7498f2f4-ea95-4497-b933-f960092a8dff None None] Extended resource: routers {{(pid=102119) __init__ /opt/stack/neutron/neutron/api/extensions.py:156}}
Apr 09 18:17:59.517941 np0000164633 devstack@neutron-api.service[102119]: DEBUG neutron.api.extensions [None req-7498f2f4-ea95-4497-b933-f960092a8dff None None] Extended resource: flavors {{(pid=102119) __init__ /opt/stack/neutron/neutron/api/extensions.py:156}}
Apr 09 18:17:59.518425 np0000164633 devstack@neutron-api.service[102119]: DEBUG neutron.api.extensions [None req-7498f2f4-ea95-4497-b933-f960092a8dff None None] Extended resource: service_profiles {{(pid=102119) __init__ /opt/stack/neutron/neutron/api/extensions.py:156}}
Apr 09 18:17:59.518921 np0000164633 devstack@neutron-api.service[102119]: DEBUG neutron.api.extensions [None req-7498f2f4-ea95-4497-b933-f960092a8dff None None] Extended resource: next_providers {{(pid=102119) __init__ /opt/stack/neutron/neutron/api/extensions.py:156}}
Apr 09 18:17:59.519514 np0000164633 devstack@neutron-api.service[102119]: DEBUG neutron.api.extensions [None req-7498f2f4-ea95-4497-b933-f960092a8dff None None] Extended resource: service_profiles {{(pid=102119) __init__ /opt/stack/neutron/neutron/api/extensions.py:156}}
Apr 09 18:17:59.520249 np0000164633 devstack@neutron-api.service[102119]: DEBUG neutron.api.extensions [None req-7498f2f4-ea95-4497-b933-f960092a8dff None None] Extended resource: floatingip-pools {{(pid=102119) __init__ /opt/stack/neutron/neutron/api/extensions.py:156}}
Apr 09 18:17:59.520442 np0000164633 devstack@neutron-api.service[102116]: DEBUG oslo_concurrency.processutils [None req-8913e90f-9012-49eb-a299-e8894b236347 None None] CMD "ovsdb-client transact ssl:199.204.45.95:6641 --timeout 180 -p /opt/stack/data/CA/int-ca/private/devstack-cert.key -c /opt/stack/data/CA/int-ca/devstack-cert.crt -C /opt/stack/data/CA/int-ca/ca-chain.pem ["OVN_Northbound", {"op": "wait", "timeout": 0, "table": "Port_Group", "where": [["name", "==", "neutron_pg_drop"]], "until": "==", "rows": []}, {"op": "insert", "table": "ACL", "row": {"action": "drop", "direction": "to-lport", "match": "outport == @neutron_pg_drop && ip", "priority": 1001}, "uuid-name": "droptoport"}, {"op": "insert", "table": "ACL", "row": {"action": "drop", "direction": "from-lport", "match": "inport == @neutron_pg_drop && ip", "priority": 1001}, "uuid-name": "dropfromport"}, {"op": "insert", "table": "Port_Group", "row": {"name": "neutron_pg_drop", "acls": ["set", [["named-uuid", "droptoport"], ["named-uuid", "dropfromport"]]]}}]" returned: 0 in 0.034s {{(pid=102116) execute /opt/stack/data/venv/lib/python3.12/site-packages/oslo_concurrency/processutils.py:468}}
Apr 09 18:17:59.520777 np0000164633 devstack@neutron-api.service[102119]: DEBUG neutron.api.extensions [None req-7498f2f4-ea95-4497-b933-f960092a8dff None None] Extended resource: routers {{(pid=102119) __init__ /opt/stack/neutron/neutron/api/extensions.py:156}}
Apr 09 18:17:59.521201 np0000164633 devstack@neutron-api.service[102116]: DEBUG neutron_lib.callbacks.manager [None req-8913e90f-9012-49eb-a299-e8894b236347 None None] Publish callbacks ['neutron.plugins.ml2.drivers.ovn.mech_driver.mech_driver.OVNMechanismDriver.post_fork_initialize-378627', 'neutron.services.ovn_l3.plugin.OVNL3RouterPlugin._post_fork_initialize-980107'] for process (None), after_init {{(pid=102116) _notify_loop /opt/stack/data/venv/lib/python3.12/site-packages/neutron_lib/callbacks/manager.py:184}}
Apr 09 18:17:59.521665 np0000164633 devstack@neutron-api.service[102119]: DEBUG neutron.api.extensions [None req-7498f2f4-ea95-4497-b933-f960092a8dff None None] Extended resource: floatingips {{(pid=102119) __init__ /opt/stack/neutron/neutron/api/extensions.py:156}}
Apr 09 18:17:59.521841 np0000164633 devstack@neutron-api.service[102116]: DEBUG oslo_concurrency.lockutils [None req-8913e90f-9012-49eb-a299-e8894b236347 None None] Acquiring lock "singleton_lock" {{(pid=102116) lock /opt/stack/data/venv/lib/python3.12/site-packages/oslo_concurrency/lockutils.py:390}}
Apr 09 18:17:59.522099 np0000164633 devstack@neutron-api.service[102116]: DEBUG oslo_concurrency.lockutils [None req-8913e90f-9012-49eb-a299-e8894b236347 None None] Acquired lock "singleton_lock" {{(pid=102116) lock /opt/stack/data/venv/lib/python3.12/site-packages/oslo_concurrency/lockutils.py:393}}
Apr 09 18:17:59.522244 np0000164633 devstack@neutron-api.service[102119]: DEBUG neutron.api.extensions [None req-7498f2f4-ea95-4497-b933-f960092a8dff None None] Extended resource: network-ip-availabilities {{(pid=102119) __init__ /opt/stack/neutron/neutron/api/extensions.py:156}}
Apr 09 18:17:59.522572 np0000164633 devstack@neutron-api.service[102116]: DEBUG oslo_concurrency.lockutils [None req-8913e90f-9012-49eb-a299-e8894b236347 None None] Releasing lock "singleton_lock" {{(pid=102116) lock /opt/stack/data/venv/lib/python3.12/site-packages/oslo_concurrency/lockutils.py:413}}
Apr 09 18:17:59.522800 np0000164633 devstack@neutron-api.service[102119]: DEBUG neutron.api.extensions [None req-7498f2f4-ea95-4497-b933-f960092a8dff None None] Extended resource: network-ip-availabilities {{(pid=102119) __init__ /opt/stack/neutron/neutron/api/extensions.py:156}}
Apr 09 18:17:59.523351 np0000164633 devstack@neutron-api.service[102119]: DEBUG neutron.api.extensions [None req-7498f2f4-ea95-4497-b933-f960092a8dff None None] Extended resource: bindings {{(pid=102119) __init__ /opt/stack/neutron/neutron/api/extensions.py:156}}
Apr 09 18:17:59.524344 np0000164633 devstack@neutron-api.service[102119]: DEBUG neutron.api.extensions [None req-7498f2f4-ea95-4497-b933-f960092a8dff None None] Extended resource: quotas {{(pid=102119) __init__ /opt/stack/neutron/neutron/api/extensions.py:156}}
Apr 09 18:17:59.524773 np0000164633 devstack@neutron-api.service[102119]: DEBUG neutron.api.extensions [None req-7498f2f4-ea95-4497-b933-f960092a8dff None None] Extended resource: quotas {{(pid=102119) __init__ /opt/stack/neutron/neutron/api/extensions.py:156}}
Apr 09 18:17:59.525503 np0000164633 devstack@neutron-api.service[102119]: DEBUG neutron.api.extensions [None req-7498f2f4-ea95-4497-b933-f960092a8dff None None] Extended resource: rbac-policies {{(pid=102119) __init__ /opt/stack/neutron/neutron/api/extensions.py:156}}
Apr 09 18:17:59.525726 np0000164633 devstack@neutron-api.service[102116]: DEBUG neutron.plugins.ml2.drivers.ovn.mech_driver.mech_driver [None req-8913e90f-9012-49eb-a299-e8894b236347 None None] Hash Ring setup using WSGI start time 2026-04-09 18:17:51+00:00 {{(pid=102116) _init_hash_ring /opt/stack/neutron/neutron/plugins/ml2/drivers/ovn/mech_driver/mech_driver.py:402}}
Apr 09 18:17:59.526012 np0000164633 devstack@neutron-api.service[102119]: DEBUG neutron.api.extensions [None req-7498f2f4-ea95-4497-b933-f960092a8dff None None] Extended resource: default-security-group-rules {{(pid=102119) __init__ /opt/stack/neutron/neutron/api/extensions.py:156}}
Apr 09 18:17:59.526627 np0000164633 devstack@neutron-api.service[102119]: DEBUG neutron.api.extensions [None req-7498f2f4-ea95-4497-b933-f960092a8dff None None] Extended resource: security-groups {{(pid=102119) __init__ /opt/stack/neutron/neutron/api/extensions.py:156}}
Apr 09 18:17:59.527072 np0000164633 devstack@neutron-api.service[102119]: DEBUG neutron.api.extensions [None req-7498f2f4-ea95-4497-b933-f960092a8dff None None] Extended resource: security-group-rules {{(pid=102119) __init__ /opt/stack/neutron/neutron/api/extensions.py:156}}
Apr 09 18:17:59.527693 np0000164633 devstack@neutron-api.service[102119]: DEBUG neutron.api.extensions [None req-7498f2f4-ea95-4497-b933-f960092a8dff None None] Extended resource: service-providers {{(pid=102119) __init__ /opt/stack/neutron/neutron/api/extensions.py:156}}
Apr 09 18:17:59.528222 np0000164633 devstack@neutron-api.service[102119]: DEBUG neutron.api.extensions [None req-7498f2f4-ea95-4497-b933-f960092a8dff None None] Extended resource: subnetpools {{(pid=102119) __init__ /opt/stack/neutron/neutron/api/extensions.py:156}}
Apr 09 18:17:59.528822 np0000164633 devstack@neutron-api.service[102119]: DEBUG neutron.api.extensions [None req-7498f2f4-ea95-4497-b933-f960092a8dff None None] Extended resource: tags {{(pid=102119) __init__ /opt/stack/neutron/neutron/api/extensions.py:156}}
Apr 09 18:17:59.529639 np0000164633 devstack@neutron-api.service[102119]: DEBUG neutron.api.extensions [None req-7498f2f4-ea95-4497-b933-f960092a8dff None None] Extended resource: tags {{(pid=102119) __init__ /opt/stack/neutron/neutron/api/extensions.py:156}}
Apr 09 18:17:59.530991 np0000164633 devstack@neutron-api.service[102119]: DEBUG neutron.api.extensions [None req-7498f2f4-ea95-4497-b933-f960092a8dff None None] Extended resource: tags {{(pid=102119) __init__ /opt/stack/neutron/neutron/api/extensions.py:156}}
Apr 09 18:17:59.531173 np0000164633 devstack@neutron-api.service[102119]: DEBUG neutron.api.extensions [None req-7498f2f4-ea95-4497-b933-f960092a8dff None None] Extended resource: tags {{(pid=102119) __init__ /opt/stack/neutron/neutron/api/extensions.py:156}}
Apr 09 18:17:59.531240 np0000164633 devstack@neutron-api.service[102118]: DEBUG oslo_concurrency.processutils [None req-e8fedab6-9c2c-42ce-a31b-3279bf5babc9 None None] CMD "ovsdb-client transact ssl:199.204.45.95:6641 --timeout 180 -p /opt/stack/data/CA/int-ca/private/devstack-cert.key -c /opt/stack/data/CA/int-ca/devstack-cert.crt -C /opt/stack/data/CA/int-ca/ca-chain.pem ["OVN_Northbound", {"op": "wait", "timeout": 0, "table": "Port_Group", "where": [["name", "==", "neutron_pg_drop"]], "until": "==", "rows": []}, {"op": "insert", "table": "ACL", "row": {"action": "drop", "direction": "to-lport", "match": "outport == @neutron_pg_drop && ip", "priority": 1001}, "uuid-name": "droptoport"}, {"op": "insert", "table": "ACL", "row": {"action": "drop", "direction": "from-lport", "match": "inport == @neutron_pg_drop && ip", "priority": 1001}, "uuid-name": "dropfromport"}, {"op": "insert", "table": "Port_Group", "row": {"name": "neutron_pg_drop", "acls": ["set", [["named-uuid", "droptoport"], ["named-uuid", "dropfromport"]]]}}]" returned: 0 in 0.041s {{(pid=102118) execute /opt/stack/data/venv/lib/python3.12/site-packages/oslo_concurrency/processutils.py:468}}
Apr 09 18:17:59.531884 np0000164633 devstack@neutron-api.service[102118]: DEBUG neutron_lib.callbacks.manager [None req-e8fedab6-9c2c-42ce-a31b-3279bf5babc9 None None] Publish callbacks ['neutron.plugins.ml2.drivers.ovn.mech_driver.mech_driver.OVNMechanismDriver.post_fork_initialize-351359', 'neutron.services.ovn_l3.plugin.OVNL3RouterPlugin._post_fork_initialize-236970'] for process (None), after_init {{(pid=102118) _notify_loop /opt/stack/data/venv/lib/python3.12/site-packages/neutron_lib/callbacks/manager.py:184}}
Apr 09 18:17:59.532360 np0000164633 devstack@neutron-api.service[102119]: DEBUG neutron.api.extensions [None req-7498f2f4-ea95-4497-b933-f960092a8dff None None] Extended resource: tags {{(pid=102119) __init__ /opt/stack/neutron/neutron/api/extensions.py:156}}
Apr 09 18:17:59.532603 np0000164633 devstack@neutron-api.service[102118]: DEBUG oslo_concurrency.lockutils [None req-e8fedab6-9c2c-42ce-a31b-3279bf5babc9 None None] Acquiring lock "singleton_lock" {{(pid=102118) lock /opt/stack/data/venv/lib/python3.12/site-packages/oslo_concurrency/lockutils.py:390}}
Apr 09 18:17:59.532884 np0000164633 devstack@neutron-api.service[102118]: DEBUG oslo_concurrency.lockutils [None req-e8fedab6-9c2c-42ce-a31b-3279bf5babc9 None None] Acquired lock "singleton_lock" {{(pid=102118) lock /opt/stack/data/venv/lib/python3.12/site-packages/oslo_concurrency/lockutils.py:393}}
Apr 09 18:17:59.533002 np0000164633 devstack@neutron-api.service[102116]: INFO neutron.db.ovn_hash_ring_db [None req-8913e90f-9012-49eb-a299-e8894b236347 None None] Nodes from host "np0000164633" and group "mechanism_driver" removed from the Hash Ring created at 2026-04-09 18:17:51+00:00
Apr 09 18:17:59.533196 np0000164633 devstack@neutron-api.service[102118]: DEBUG oslo_concurrency.lockutils [None req-e8fedab6-9c2c-42ce-a31b-3279bf5babc9 None None] Releasing lock "singleton_lock" {{(pid=102118) lock /opt/stack/data/venv/lib/python3.12/site-packages/oslo_concurrency/lockutils.py:413}}
Apr 09 18:17:59.533246 np0000164633 devstack@neutron-api.service[102119]: DEBUG neutron.api.extensions [None req-7498f2f4-ea95-4497-b933-f960092a8dff None None] Extended resource: tags {{(pid=102119) __init__ /opt/stack/neutron/neutron/api/extensions.py:156}}
Apr 09 18:17:59.534061 np0000164633 devstack@neutron-api.service[102119]: DEBUG neutron.api.extensions [None req-7498f2f4-ea95-4497-b933-f960092a8dff None None] Extended resource: tags {{(pid=102119) __init__ /opt/stack/neutron/neutron/api/extensions.py:156}}
Apr 09 18:17:59.534838 np0000164633 devstack@neutron-api.service[102119]: DEBUG neutron.api.extensions [None req-7498f2f4-ea95-4497-b933-f960092a8dff None None] Extended resource: tags {{(pid=102119) __init__ /opt/stack/neutron/neutron/api/extensions.py:156}}
Apr 09 18:17:59.535602 np0000164633 devstack@neutron-api.service[102116]: INFO neutron.db.ovn_hash_ring_db [None req-8913e90f-9012-49eb-a299-e8894b236347 None None] Node 7f09267b66a95f2cacc3c3dc0b3b67a6 from host "np0000164633" and group "mechanism_driver" added to the Hash Ring
Apr 09 18:17:59.536427 np0000164633 devstack@neutron-api.service[102118]: DEBUG neutron.plugins.ml2.drivers.ovn.mech_driver.mech_driver [None req-e8fedab6-9c2c-42ce-a31b-3279bf5babc9 None None] Hash Ring setup using WSGI start time 2026-04-09 18:17:51+00:00 {{(pid=102118) _init_hash_ring /opt/stack/neutron/neutron/plugins/ml2/drivers/ovn/mech_driver/mech_driver.py:402}}
Apr 09 18:17:59.538134 np0000164633 devstack@neutron-api.service[102119]: DEBUG neutron.api.extensions [None req-7498f2f4-ea95-4497-b933-f960092a8dff None None] Extended resource: tags {{(pid=102119) __init__ /opt/stack/neutron/neutron/api/extensions.py:156}}
Apr 09 18:17:59.538134 np0000164633 devstack@neutron-api.service[102119]: DEBUG neutron.api.extensions [None req-7498f2f4-ea95-4497-b933-f960092a8dff None None] Extended resource: tags {{(pid=102119) __init__ /opt/stack/neutron/neutron/api/extensions.py:156}}
Apr 09 18:17:59.538420 np0000164633 devstack@neutron-api.service[102116]: DEBUG neutron.plugins.ml2.drivers.ovn.mech_driver.mech_driver [None req-8913e90f-9012-49eb-a299-e8894b236347 None None] Hash Ring setup, this worker has detected 2 OVN hash ring registers in the database {{(pid=102116) _init_hash_ring /opt/stack/neutron/neutron/plugins/ml2/drivers/ovn/mech_driver/mech_driver.py:412}}
Apr 09 18:17:59.541625 np0000164633 devstack@neutron-api.service[102119]: WARNING keystonemiddleware.auth_token [None req-7498f2f4-ea95-4497-b933-f960092a8dff None None] AuthToken middleware is set with keystone_authtoken.service_token_roles_required set to False. This is backwards compatible but deprecated behaviour. Please set this to True.
Apr 09 18:17:59.543664 np0000164633 devstack@neutron-api.service[102118]: INFO neutron.db.ovn_hash_ring_db [None req-e8fedab6-9c2c-42ce-a31b-3279bf5babc9 None None] Nodes from host "np0000164633" and group "mechanism_driver" removed from the Hash Ring created at 2026-04-09 18:17:51+00:00
Apr 09 18:17:59.544440 np0000164633 devstack@neutron-api.service[102116]: DEBUG neutron.plugins.ml2.drivers.ovn.mech_driver.ovsdb.maintenance [None req-8913e90f-9012-49eb-a299-e8894b236347 None None] Periodic task found: HashRingHealthCheckPeriodics.touch_hash_ring_node {{(pid=102116) add_periodics /opt/stack/neutron/neutron/plugins/ml2/drivers/ovn/mech_driver/ovsdb/maintenance.py:96}}
Apr 09 18:17:59.545470 np0000164633 devstack@neutron-api.service[102116]: INFO neutron.plugins.ml2.drivers.ovn.mech_driver.mech_driver [None req-8913e90f-9012-49eb-a299-e8894b236347 None None] Hash Ring probing thread for node 7f09267b66a95f2cacc3c3dc0b3b67a6 has started
Apr 09 18:17:59.546089 np0000164633 devstack@neutron-api.service[102116]: INFO neutron.plugins.ml2.drivers.ovn.mech_driver.ovsdb.impl_idl_ovn [None req-8913e90f-9012-49eb-a299-e8894b236347 None None] Getting OvsdbNbOvnIdl for WorkerService with retry
Apr 09 18:17:59.546634 np0000164633 devstack@neutron-api.service[102118]: INFO neutron.db.ovn_hash_ring_db [None req-e8fedab6-9c2c-42ce-a31b-3279bf5babc9 None None] Node 18f69f68297c519ab10df4af5cb0b4c1 from host "np0000164633" and group "mechanism_driver" added to the Hash Ring
Apr 09 18:17:59.549431 np0000164633 devstack@neutron-api.service[102119]: DEBUG neutron_lib.callbacks.manager [None req-7498f2f4-ea95-4497-b933-f960092a8dff None None] Publish callbacks ['neutron.plugins.ml2.drivers.ovn.mech_driver.mech_driver.OVNMechanismDriver.pre_fork_initialize-342949'] for process (None), before_spawn {{(pid=102119) _notify_loop /opt/stack/data/venv/lib/python3.12/site-packages/neutron_lib/callbacks/manager.py:184}}
Apr 09 18:17:59.549431 np0000164633 devstack@neutron-api.service[102119]: DEBUG oslo_concurrency.processutils [None req-7498f2f4-ea95-4497-b933-f960092a8dff None None] Running cmd (subprocess): ovsdb-client transact ssl:199.204.45.95:6641 --timeout 180 -p /opt/stack/data/CA/int-ca/private/devstack-cert.key -c /opt/stack/data/CA/int-ca/devstack-cert.crt -C /opt/stack/data/CA/int-ca/ca-chain.pem ["OVN_Northbound", {"op": "wait", "timeout": 0, "table": "Port_Group", "where": [["name", "==", "neutron_pg_drop"]], "until": "==", "rows": []}, {"op": "insert", "table": "ACL", "row": {"action": "drop", "direction": "to-lport", "match": "outport == @neutron_pg_drop && ip", "priority": 1001}, "uuid-name": "droptoport"}, {"op": "insert", "table": "ACL", "row": {"action": "drop", "direction": "from-lport", "match": "inport == @neutron_pg_drop && ip", "priority": 1001}, "uuid-name": "dropfromport"}, {"op": "insert", "table": "Port_Group", "row": {"name": "neutron_pg_drop", "acls": ["set", [["named-uuid", "droptoport"], ["named-uuid", "dropfromport"]]]}}] {{(pid=102119) execute /opt/stack/data/venv/lib/python3.12/site-packages/oslo_concurrency/processutils.py:440}}
Apr 09 18:17:59.549655 np0000164633 devstack@neutron-api.service[102118]: DEBUG neutron.plugins.ml2.drivers.ovn.mech_driver.mech_driver [None req-e8fedab6-9c2c-42ce-a31b-3279bf5babc9 None None] Hash Ring setup, this worker has detected 3 OVN hash ring registers in the database {{(pid=102118) _init_hash_ring /opt/stack/neutron/neutron/plugins/ml2/drivers/ovn/mech_driver/mech_driver.py:412}}
Apr 09 18:17:59.555917 np0000164633 devstack@neutron-api.service[102118]: DEBUG neutron.plugins.ml2.drivers.ovn.mech_driver.ovsdb.maintenance [None req-e8fedab6-9c2c-42ce-a31b-3279bf5babc9 None None] Periodic task found: HashRingHealthCheckPeriodics.touch_hash_ring_node {{(pid=102118) add_periodics /opt/stack/neutron/neutron/plugins/ml2/drivers/ovn/mech_driver/ovsdb/maintenance.py:96}}
Apr 09 18:17:59.556458 np0000164633 devstack@neutron-api.service[102118]: INFO neutron.plugins.ml2.drivers.ovn.mech_driver.mech_driver [None req-e8fedab6-9c2c-42ce-a31b-3279bf5babc9 None None] Hash Ring probing thread for node 18f69f68297c519ab10df4af5cb0b4c1 has started
Apr 09 18:17:59.557115 np0000164633 devstack@neutron-api.service[102118]: INFO neutron.plugins.ml2.drivers.ovn.mech_driver.ovsdb.impl_idl_ovn [None req-e8fedab6-9c2c-42ce-a31b-3279bf5babc9 None None] Getting OvsdbNbOvnIdl for WorkerService with retry
Apr 09 18:17:59.585047 np0000164633 devstack@neutron-api.service[102119]: DEBUG oslo_concurrency.processutils [None req-7498f2f4-ea95-4497-b933-f960092a8dff None None] CMD "ovsdb-client transact ssl:199.204.45.95:6641 --timeout 180 -p /opt/stack/data/CA/int-ca/private/devstack-cert.key -c /opt/stack/data/CA/int-ca/devstack-cert.crt -C /opt/stack/data/CA/int-ca/ca-chain.pem ["OVN_Northbound", {"op": "wait", "timeout": 0, "table": "Port_Group", "where": [["name", "==", "neutron_pg_drop"]], "until": "==", "rows": []}, {"op": "insert", "table": "ACL", "row": {"action": "drop", "direction": "to-lport", "match": "outport == @neutron_pg_drop && ip", "priority": 1001}, "uuid-name": "droptoport"}, {"op": "insert", "table": "ACL", "row": {"action": "drop", "direction": "from-lport", "match": "inport == @neutron_pg_drop && ip", "priority": 1001}, "uuid-name": "dropfromport"}, {"op": "insert", "table": "Port_Group", "row": {"name": "neutron_pg_drop", "acls": ["set", [["named-uuid", "droptoport"], ["named-uuid", "dropfromport"]]]}}]" returned: 0 in 0.035s {{(pid=102119) execute /opt/stack/data/venv/lib/python3.12/site-packages/oslo_concurrency/processutils.py:468}}
Apr 09 18:17:59.585795 np0000164633 devstack@neutron-api.service[102119]: DEBUG neutron_lib.callbacks.manager [None req-7498f2f4-ea95-4497-b933-f960092a8dff None None] Publish callbacks ['neutron.plugins.ml2.drivers.ovn.mech_driver.mech_driver.OVNMechanismDriver.post_fork_initialize-342861', 'neutron.services.ovn_l3.plugin.OVNL3RouterPlugin._post_fork_initialize-70772'] for process (None), after_init {{(pid=102119) _notify_loop /opt/stack/data/venv/lib/python3.12/site-packages/neutron_lib/callbacks/manager.py:184}}
Apr 09 18:17:59.586455 np0000164633 devstack@neutron-api.service[102119]: DEBUG oslo_concurrency.lockutils [None req-7498f2f4-ea95-4497-b933-f960092a8dff None None] Acquiring lock "singleton_lock" {{(pid=102119) lock /opt/stack/data/venv/lib/python3.12/site-packages/oslo_concurrency/lockutils.py:390}}
Apr 09 18:17:59.586651 np0000164633 devstack@neutron-api.service[102119]: DEBUG oslo_concurrency.lockutils [None req-7498f2f4-ea95-4497-b933-f960092a8dff None None] Acquired lock "singleton_lock" {{(pid=102119) lock /opt/stack/data/venv/lib/python3.12/site-packages/oslo_concurrency/lockutils.py:393}}
Apr 09 18:17:59.587113 np0000164633 devstack@neutron-api.service[102119]: DEBUG oslo_concurrency.lockutils [None req-7498f2f4-ea95-4497-b933-f960092a8dff None None] Releasing lock "singleton_lock" {{(pid=102119) lock /opt/stack/data/venv/lib/python3.12/site-packages/oslo_concurrency/lockutils.py:413}}
Apr 09 18:17:59.590481 np0000164633 devstack@neutron-api.service[102119]: DEBUG neutron.plugins.ml2.drivers.ovn.mech_driver.mech_driver [None req-7498f2f4-ea95-4497-b933-f960092a8dff None None] Hash Ring setup using WSGI start time 2026-04-09 18:17:51+00:00 {{(pid=102119) _init_hash_ring /opt/stack/neutron/neutron/plugins/ml2/drivers/ovn/mech_driver/mech_driver.py:402}}
Apr 09 18:17:59.591740 np0000164633 devstack@neutron-api.service[102116]: DEBUG ovsdbapp.backend.ovs_idl [None req-8913e90f-9012-49eb-a299-e8894b236347 None None] Created lookup_table index Logical_Switch.name {{(pid=102116) autocreate_indices /opt/stack/data/venv/lib/python3.12/site-packages/ovsdbapp/backend/ovs_idl/__init__.py:87}}
Apr 09 18:17:59.591851 np0000164633 devstack@neutron-api.service[102116]: DEBUG ovsdbapp.backend.ovs_idl [None req-8913e90f-9012-49eb-a299-e8894b236347 None None] Created lookup_table index Logical_Router.name {{(pid=102116) autocreate_indices /opt/stack/data/venv/lib/python3.12/site-packages/ovsdbapp/backend/ovs_idl/__init__.py:87}}
Apr 09 18:17:59.591979 np0000164633 devstack@neutron-api.service[102116]: DEBUG ovsdbapp.backend.ovs_idl [None req-8913e90f-9012-49eb-a299-e8894b236347 None None] Created lookup_table index Load_Balancer.name {{(pid=102116) autocreate_indices /opt/stack/data/venv/lib/python3.12/site-packages/ovsdbapp/backend/ovs_idl/__init__.py:87}}
Apr 09 18:17:59.592092 np0000164633 devstack@neutron-api.service[102116]: DEBUG ovsdbapp.backend.ovs_idl [None req-8913e90f-9012-49eb-a299-e8894b236347 None None] Created schema index Copp.name {{(pid=102116) autocreate_indices /opt/stack/data/venv/lib/python3.12/site-packages/ovsdbapp/backend/ovs_idl/__init__.py:106}}
Apr 09 18:17:59.592184 np0000164633 devstack@neutron-api.service[102116]: DEBUG ovsdbapp.backend.ovs_idl [None req-8913e90f-9012-49eb-a299-e8894b236347 None None] Created schema index Meter.name {{(pid=102116) autocreate_indices /opt/stack/data/venv/lib/python3.12/site-packages/ovsdbapp/backend/ovs_idl/__init__.py:106}}
Apr 09 18:17:59.592303 np0000164633 devstack@neutron-api.service[102116]: DEBUG ovsdbapp.backend.ovs_idl [None req-8913e90f-9012-49eb-a299-e8894b236347 None None] Created schema index Load_Balancer_Group.name {{(pid=102116) autocreate_indices /opt/stack/data/venv/lib/python3.12/site-packages/ovsdbapp/backend/ovs_idl/__init__.py:106}}
Apr 09 18:17:59.592394 np0000164633 devstack@neutron-api.service[102116]: DEBUG ovsdbapp.backend.ovs_idl [None req-8913e90f-9012-49eb-a299-e8894b236347 None None] Created schema index HA_Chassis_Group.name {{(pid=102116) autocreate_indices /opt/stack/data/venv/lib/python3.12/site-packages/ovsdbapp/backend/ovs_idl/__init__.py:106}}
Apr 09 18:17:59.592485 np0000164633 devstack@neutron-api.service[102116]: DEBUG ovsdbapp.backend.ovs_idl [None req-8913e90f-9012-49eb-a299-e8894b236347 None None] Created schema index Address_Set.name {{(pid=102116) autocreate_indices /opt/stack/data/venv/lib/python3.12/site-packages/ovsdbapp/backend/ovs_idl/__init__.py:106}}
Apr 09 18:17:59.592582 np0000164633 devstack@neutron-api.service[102116]: DEBUG ovsdbapp.backend.ovs_idl [None req-8913e90f-9012-49eb-a299-e8894b236347 None None] Created schema index Connection.target {{(pid=102116) autocreate_indices /opt/stack/data/venv/lib/python3.12/site-packages/ovsdbapp/backend/ovs_idl/__init__.py:106}}
Apr 09 18:17:59.592674 np0000164633 devstack@neutron-api.service[102116]: DEBUG ovsdbapp.backend.ovs_idl [None req-8913e90f-9012-49eb-a299-e8894b236347 None None] Created schema index Gateway_Chassis.name {{(pid=102116) autocreate_indices /opt/stack/data/venv/lib/python3.12/site-packages/ovsdbapp/backend/ovs_idl/__init__.py:106}}
Apr 09 18:17:59.592765 np0000164633 devstack@neutron-api.service[102116]: DEBUG ovsdbapp.backend.ovs_idl [None req-8913e90f-9012-49eb-a299-e8894b236347 None None] Created schema index Mirror.name {{(pid=102116) autocreate_indices /opt/stack/data/venv/lib/python3.12/site-packages/ovsdbapp/backend/ovs_idl/__init__.py:106}}
Apr 09 18:17:59.592858 np0000164633 devstack@neutron-api.service[102116]: DEBUG ovsdbapp.backend.ovs_idl [None req-8913e90f-9012-49eb-a299-e8894b236347 None None] Created schema index Chassis_Template_Var.chassis {{(pid=102116) autocreate_indices /opt/stack/data/venv/lib/python3.12/site-packages/ovsdbapp/backend/ovs_idl/__init__.py:106}}
Apr 09 18:17:59.592971 np0000164633 devstack@neutron-api.service[102116]: DEBUG ovsdbapp.backend.ovs_idl [None req-8913e90f-9012-49eb-a299-e8894b236347 None None] Created schema index Logical_Router_Port.name {{(pid=102116) autocreate_indices /opt/stack/data/venv/lib/python3.12/site-packages/ovsdbapp/backend/ovs_idl/__init__.py:106}}
Apr 09 18:17:59.593065 np0000164633 devstack@neutron-api.service[102116]: DEBUG ovsdbapp.backend.ovs_idl [None req-8913e90f-9012-49eb-a299-e8894b236347 None None] Created schema index Port_Group.name {{(pid=102116) autocreate_indices /opt/stack/data/venv/lib/python3.12/site-packages/ovsdbapp/backend/ovs_idl/__init__.py:106}}
Apr 09 18:17:59.593154 np0000164633 devstack@neutron-api.service[102116]: DEBUG ovsdbapp.backend.ovs_idl [None req-8913e90f-9012-49eb-a299-e8894b236347 None None] Created schema index Logical_Switch_Port.name {{(pid=102116) autocreate_indices /opt/stack/data/venv/lib/python3.12/site-packages/ovsdbapp/backend/ovs_idl/__init__.py:106}}
Apr 09 18:17:59.595568 np0000164633 devstack@neutron-api.service[102116]: INFO ovsdbapp.backend.ovs_idl.vlog [None req-8913e90f-9012-49eb-a299-e8894b236347 None None] ssl:199.204.45.95:6641: connecting...
Apr 09 18:17:59.597317 np0000164633 devstack@neutron-api.service[102119]: INFO neutron.db.ovn_hash_ring_db [None req-7498f2f4-ea95-4497-b933-f960092a8dff None None] Nodes from host "np0000164633" and group "mechanism_driver" removed from the Hash Ring created at 2026-04-09 18:17:51+00:00
Apr 09 18:17:59.600606 np0000164633 devstack@neutron-api.service[102119]: INFO neutron.db.ovn_hash_ring_db [None req-7498f2f4-ea95-4497-b933-f960092a8dff None None] Node 0e2fd49ba9fd5be788b5b2051d5becf5 from host "np0000164633" and group "mechanism_driver" added to the Hash Ring
Apr 09 18:17:59.601128 np0000164633 devstack@neutron-api.service[102116]: INFO ovsdbapp.backend.ovs_idl.vlog [None req-8913e90f-9012-49eb-a299-e8894b236347 None None] ssl:199.204.45.95:6641: connected
Apr 09 18:17:59.603613 np0000164633 devstack@neutron-api.service[102119]: DEBUG neutron.plugins.ml2.drivers.ovn.mech_driver.mech_driver [None req-7498f2f4-ea95-4497-b933-f960092a8dff None None] Hash Ring setup, this worker has detected 4 OVN hash ring registers in the database {{(pid=102119) _init_hash_ring /opt/stack/neutron/neutron/plugins/ml2/drivers/ovn/mech_driver/mech_driver.py:412}}
Apr 09 18:17:59.624734 np0000164633 devstack@neutron-api.service[102118]: DEBUG ovsdbapp.backend.ovs_idl [None req-e8fedab6-9c2c-42ce-a31b-3279bf5babc9 None None] Created lookup_table index Logical_Switch.name {{(pid=102118) autocreate_indices /opt/stack/data/venv/lib/python3.12/site-packages/ovsdbapp/backend/ovs_idl/__init__.py:87}}
Apr 09 18:17:59.624838 np0000164633 devstack@neutron-api.service[102118]: DEBUG ovsdbapp.backend.ovs_idl [None req-e8fedab6-9c2c-42ce-a31b-3279bf5babc9 None None] Created lookup_table index Logical_Router.name {{(pid=102118) autocreate_indices /opt/stack/data/venv/lib/python3.12/site-packages/ovsdbapp/backend/ovs_idl/__init__.py:87}}
Apr 09 18:17:59.624961 np0000164633 devstack@neutron-api.service[102118]: DEBUG ovsdbapp.backend.ovs_idl [None req-e8fedab6-9c2c-42ce-a31b-3279bf5babc9 None None] Created lookup_table index Load_Balancer.name {{(pid=102118) autocreate_indices /opt/stack/data/venv/lib/python3.12/site-packages/ovsdbapp/backend/ovs_idl/__init__.py:87}}
Apr 09 18:17:59.625068 np0000164633 devstack@neutron-api.service[102118]: DEBUG ovsdbapp.backend.ovs_idl [None req-e8fedab6-9c2c-42ce-a31b-3279bf5babc9 None None] Created schema index Copp.name {{(pid=102118) autocreate_indices /opt/stack/data/venv/lib/python3.12/site-packages/ovsdbapp/backend/ovs_idl/__init__.py:106}}
Apr 09 18:17:59.625209 np0000164633 devstack@neutron-api.service[102118]: DEBUG ovsdbapp.backend.ovs_idl [None req-e8fedab6-9c2c-42ce-a31b-3279bf5babc9 None None] Created schema index Meter.name {{(pid=102118) autocreate_indices /opt/stack/data/venv/lib/python3.12/site-packages/ovsdbapp/backend/ovs_idl/__init__.py:106}}
Apr 09 18:17:59.625328 np0000164633 devstack@neutron-api.service[102118]: DEBUG ovsdbapp.backend.ovs_idl [None req-e8fedab6-9c2c-42ce-a31b-3279bf5babc9 None None] Created schema index Load_Balancer_Group.name {{(pid=102118) autocreate_indices /opt/stack/data/venv/lib/python3.12/site-packages/ovsdbapp/backend/ovs_idl/__init__.py:106}}
Apr 09 18:17:59.625449 np0000164633 devstack@neutron-api.service[102118]: DEBUG ovsdbapp.backend.ovs_idl [None req-e8fedab6-9c2c-42ce-a31b-3279bf5babc9 None None] Created schema index HA_Chassis_Group.name {{(pid=102118) autocreate_indices /opt/stack/data/venv/lib/python3.12/site-packages/ovsdbapp/backend/ovs_idl/__init__.py:106}}
Apr 09 18:17:59.625548 np0000164633 devstack@neutron-api.service[102118]: DEBUG ovsdbapp.backend.ovs_idl [None req-e8fedab6-9c2c-42ce-a31b-3279bf5babc9 None None] Created schema index Address_Set.name {{(pid=102118) autocreate_indices /opt/stack/data/venv/lib/python3.12/site-packages/ovsdbapp/backend/ovs_idl/__init__.py:106}}
Apr 09 18:17:59.625642 np0000164633 devstack@neutron-api.service[102118]: DEBUG ovsdbapp.backend.ovs_idl [None req-e8fedab6-9c2c-42ce-a31b-3279bf5babc9 None None] Created schema index Connection.target {{(pid=102118) autocreate_indices /opt/stack/data/venv/lib/python3.12/site-packages/ovsdbapp/backend/ovs_idl/__init__.py:106}}
Apr 09 18:17:59.625735 np0000164633 devstack@neutron-api.service[102118]: DEBUG ovsdbapp.backend.ovs_idl [None req-e8fedab6-9c2c-42ce-a31b-3279bf5babc9 None None] Created schema index Gateway_Chassis.name {{(pid=102118) autocreate_indices /opt/stack/data/venv/lib/python3.12/site-packages/ovsdbapp/backend/ovs_idl/__init__.py:106}}
Apr 09 18:17:59.625828 np0000164633 devstack@neutron-api.service[102118]: DEBUG ovsdbapp.backend.ovs_idl [None req-e8fedab6-9c2c-42ce-a31b-3279bf5babc9 None None] Created schema index Mirror.name {{(pid=102118) autocreate_indices /opt/stack/data/venv/lib/python3.12/site-packages/ovsdbapp/backend/ovs_idl/__init__.py:106}}
Apr 09 18:17:59.625925 np0000164633 devstack@neutron-api.service[102118]: DEBUG ovsdbapp.backend.ovs_idl [None req-e8fedab6-9c2c-42ce-a31b-3279bf5babc9 None None] Created schema index Chassis_Template_Var.chassis {{(pid=102118) autocreate_indices /opt/stack/data/venv/lib/python3.12/site-packages/ovsdbapp/backend/ovs_idl/__init__.py:106}}
Apr 09 18:17:59.626033 np0000164633 devstack@neutron-api.service[102118]: DEBUG ovsdbapp.backend.ovs_idl [None req-e8fedab6-9c2c-42ce-a31b-3279bf5babc9 None None] Created schema index Logical_Router_Port.name {{(pid=102118) autocreate_indices /opt/stack/data/venv/lib/python3.12/site-packages/ovsdbapp/backend/ovs_idl/__init__.py:106}}
Apr 09 18:17:59.626133 np0000164633 devstack@neutron-api.service[102118]: DEBUG ovsdbapp.backend.ovs_idl [None req-e8fedab6-9c2c-42ce-a31b-3279bf5babc9 None None] Created schema index Port_Group.name {{(pid=102118) autocreate_indices /opt/stack/data/venv/lib/python3.12/site-packages/ovsdbapp/backend/ovs_idl/__init__.py:106}}
Apr 09 18:17:59.626204 np0000164633 devstack@neutron-api.service[102118]: DEBUG ovsdbapp.backend.ovs_idl [None req-e8fedab6-9c2c-42ce-a31b-3279bf5babc9 None None] Created schema index Logical_Switch_Port.name {{(pid=102118) autocreate_indices /opt/stack/data/venv/lib/python3.12/site-packages/ovsdbapp/backend/ovs_idl/__init__.py:106}}
Apr 09 18:17:59.629657 np0000164633 devstack@neutron-api.service[102118]: INFO ovsdbapp.backend.ovs_idl.vlog [None req-e8fedab6-9c2c-42ce-a31b-3279bf5babc9 None None] ssl:199.204.45.95:6641: connecting...
Apr 09 18:17:59.635991 np0000164633 devstack@neutron-api.service[102118]: INFO ovsdbapp.backend.ovs_idl.vlog [None req-e8fedab6-9c2c-42ce-a31b-3279bf5babc9 None None] ssl:199.204.45.95:6641: connected
Apr 09 18:17:59.640094 np0000164633 devstack@neutron-api.service[102116]: DEBUG neutron.common.ovn.hash_ring_manager [None req-8913e90f-9012-49eb-a299-e8894b236347 None None] Disallow caching, nodes 3<4 {{(pid=102116) _wait_startup_before_caching /opt/stack/neutron/neutron/common/ovn/hash_ring_manager.py:72}}
Apr 09 18:17:59.642983 np0000164633 devstack@neutron-api.service[102119]: DEBUG neutron.plugins.ml2.drivers.ovn.mech_driver.ovsdb.maintenance [None req-7498f2f4-ea95-4497-b933-f960092a8dff None None] Periodic task found: HashRingHealthCheckPeriodics.touch_hash_ring_node {{(pid=102119) add_periodics /opt/stack/neutron/neutron/plugins/ml2/drivers/ovn/mech_driver/ovsdb/maintenance.py:96}}
Apr 09 18:17:59.644210 np0000164633 devstack@neutron-api.service[102119]: INFO neutron.plugins.ml2.drivers.ovn.mech_driver.mech_driver [None req-7498f2f4-ea95-4497-b933-f960092a8dff None None] Hash Ring probing thread for node 0e2fd49ba9fd5be788b5b2051d5becf5 has started
Apr 09 18:17:59.644828 np0000164633 devstack@neutron-api.service[102119]: INFO neutron.plugins.ml2.drivers.ovn.mech_driver.ovsdb.impl_idl_ovn [None req-7498f2f4-ea95-4497-b933-f960092a8dff None None] Getting OvsdbNbOvnIdl for WorkerService with retry
Apr 09 18:17:59.646183 np0000164633 devstack@neutron-api.service[102116]: DEBUG neutron.common.ovn.hash_ring_manager [None req-8913e90f-9012-49eb-a299-e8894b236347 None None] Hash Ring loaded. 4 active nodes. 0 offline nodes {{(pid=102116) _load_hash_ring /opt/stack/neutron/neutron/common/ovn/hash_ring_manager.py:102}}
Apr 09 18:17:59.648469 np0000164633 devstack@neutron-api.service[102116]: DEBUG neutron.common.ovn.hash_ring_manager [None req-8913e90f-9012-49eb-a299-e8894b236347 None None] Allow caching, nodes 4>=4 {{(pid=102116) _wait_startup_before_caching /opt/stack/neutron/neutron/common/ovn/hash_ring_manager.py:65}}
Apr 09 18:17:59.649470 np0000164633 devstack@neutron-api.service[102116]: INFO neutron.plugins.ml2.drivers.ovn.mech_driver.ovsdb.impl_idl_ovn [None req-8913e90f-9012-49eb-a299-e8894b236347 None None] Getting OvsdbSbOvnIdl for WorkerService with retry
Apr 09 18:17:59.669894 np0000164633 devstack@neutron-api.service[102118]: DEBUG neutron.common.ovn.hash_ring_manager [None req-e8fedab6-9c2c-42ce-a31b-3279bf5babc9 None None] Allow caching, nodes 4>=4 {{(pid=102118) _wait_startup_before_caching /opt/stack/neutron/neutron/common/ovn/hash_ring_manager.py:65}}
Apr 09 18:17:59.676058 np0000164633 devstack@neutron-api.service[102118]: DEBUG neutron.common.ovn.hash_ring_manager [None req-e8fedab6-9c2c-42ce-a31b-3279bf5babc9 None None] Hash Ring loaded. 4 active nodes. 0 offline nodes {{(pid=102118) _load_hash_ring /opt/stack/neutron/neutron/common/ovn/hash_ring_manager.py:102}}
Apr 09 18:17:59.676337 np0000164633 devstack@neutron-api.service[102118]: DEBUG neutron.plugins.ml2.drivers.ovn.mech_driver.ovsdb.ovsdb_monitor [None req-e8fedab6-9c2c-42ce-a31b-3279bf5babc9 None None] Hash Ring: Node 18f69f68297c519ab10df4af5cb0b4c1 (host: np0000164633) handling event "create" for row fc8fff6e-9c4b-4eb9-bf51-dfa97bfc17e1 (table: Port_Group) {{(pid=102118) notify /opt/stack/neutron/neutron/plugins/ml2/drivers/ovn/mech_driver/ovsdb/ovsdb_monitor.py:912}}
Apr 09 18:17:59.677378 np0000164633 devstack@neutron-api.service[102118]: INFO neutron.plugins.ml2.drivers.ovn.mech_driver.ovsdb.impl_idl_ovn [None req-e8fedab6-9c2c-42ce-a31b-3279bf5babc9 None None] Getting OvsdbSbOvnIdl for WorkerService with retry
Apr 09 18:17:59.679838 np0000164633 devstack@neutron-api.service[102116]: DEBUG ovsdbapp.backend.ovs_idl [None req-8913e90f-9012-49eb-a299-e8894b236347 None None] Created lookup_table index Chassis.name {{(pid=102116) autocreate_indices /opt/stack/data/venv/lib/python3.12/site-packages/ovsdbapp/backend/ovs_idl/__init__.py:87}}
Apr 09 18:17:59.679838 np0000164633 devstack@neutron-api.service[102116]: DEBUG ovsdbapp.backend.ovs_idl [None req-8913e90f-9012-49eb-a299-e8894b236347 None None] Created lookup_table index Port_Binding.logical_port {{(pid=102116) autocreate_indices /opt/stack/data/venv/lib/python3.12/site-packages/ovsdbapp/backend/ovs_idl/__init__.py:87}}
Apr 09 18:17:59.680101 np0000164633 devstack@neutron-api.service[102116]: DEBUG ovsdbapp.backend.ovs_idl [None req-8913e90f-9012-49eb-a299-e8894b236347 None None] Created schema index Chassis_Private.name {{(pid=102116) autocreate_indices /opt/stack/data/venv/lib/python3.12/site-packages/ovsdbapp/backend/ovs_idl/__init__.py:106}}
Apr 09 18:17:59.680101 np0000164633 devstack@neutron-api.service[102116]: DEBUG ovsdbapp.backend.ovs_idl [None req-8913e90f-9012-49eb-a299-e8894b236347 None None] Created schema index Datapath_Binding.tunnel_key {{(pid=102116) autocreate_indices /opt/stack/data/venv/lib/python3.12/site-packages/ovsdbapp/backend/ovs_idl/__init__.py:106}}
Apr 09 18:17:59.681854 np0000164633 devstack@neutron-api.service[102116]: INFO ovsdbapp.backend.ovs_idl.vlog [None req-8913e90f-9012-49eb-a299-e8894b236347 None None] ssl:199.204.45.95:6642: connecting...
Apr 09 18:17:59.687675 np0000164633 devstack@neutron-api.service[102116]: INFO ovsdbapp.backend.ovs_idl.vlog [None req-8913e90f-9012-49eb-a299-e8894b236347 None None] ssl:199.204.45.95:6642: connected
Apr 09 18:17:59.693823 np0000164633 devstack@neutron-api.service[102119]: DEBUG ovsdbapp.backend.ovs_idl [None req-7498f2f4-ea95-4497-b933-f960092a8dff None None] Created lookup_table index Logical_Switch.name {{(pid=102119) autocreate_indices /opt/stack/data/venv/lib/python3.12/site-packages/ovsdbapp/backend/ovs_idl/__init__.py:87}}
Apr 09 18:17:59.694001 np0000164633 devstack@neutron-api.service[102119]: DEBUG ovsdbapp.backend.ovs_idl [None req-7498f2f4-ea95-4497-b933-f960092a8dff None None] Created lookup_table index Logical_Router.name {{(pid=102119) autocreate_indices /opt/stack/data/venv/lib/python3.12/site-packages/ovsdbapp/backend/ovs_idl/__init__.py:87}}
Apr 09 18:17:59.694138 np0000164633 devstack@neutron-api.service[102119]: DEBUG ovsdbapp.backend.ovs_idl [None req-7498f2f4-ea95-4497-b933-f960092a8dff None None] Created lookup_table index Load_Balancer.name {{(pid=102119) autocreate_indices /opt/stack/data/venv/lib/python3.12/site-packages/ovsdbapp/backend/ovs_idl/__init__.py:87}}
Apr 09 18:17:59.694284 np0000164633 devstack@neutron-api.service[102119]: DEBUG ovsdbapp.backend.ovs_idl [None req-7498f2f4-ea95-4497-b933-f960092a8dff None None] Created schema index Copp.name {{(pid=102119) autocreate_indices /opt/stack/data/venv/lib/python3.12/site-packages/ovsdbapp/backend/ovs_idl/__init__.py:106}}
Apr 09 18:17:59.694412 np0000164633 devstack@neutron-api.service[102119]: DEBUG ovsdbapp.backend.ovs_idl [None req-7498f2f4-ea95-4497-b933-f960092a8dff None None] Created schema index Meter.name {{(pid=102119) autocreate_indices /opt/stack/data/venv/lib/python3.12/site-packages/ovsdbapp/backend/ovs_idl/__init__.py:106}}
Apr 09 18:17:59.694540 np0000164633 devstack@neutron-api.service[102119]: DEBUG ovsdbapp.backend.ovs_idl [None req-7498f2f4-ea95-4497-b933-f960092a8dff None None] Created schema index Load_Balancer_Group.name {{(pid=102119) autocreate_indices /opt/stack/data/venv/lib/python3.12/site-packages/ovsdbapp/backend/ovs_idl/__init__.py:106}}
Apr 09 18:17:59.694705 np0000164633 devstack@neutron-api.service[102119]: DEBUG ovsdbapp.backend.ovs_idl [None req-7498f2f4-ea95-4497-b933-f960092a8dff None None] Created schema index HA_Chassis_Group.name {{(pid=102119) autocreate_indices /opt/stack/data/venv/lib/python3.12/site-packages/ovsdbapp/backend/ovs_idl/__init__.py:106}}
Apr 09 18:17:59.694850 np0000164633 devstack@neutron-api.service[102119]: DEBUG ovsdbapp.backend.ovs_idl [None req-7498f2f4-ea95-4497-b933-f960092a8dff None None] Created schema index Address_Set.name {{(pid=102119) autocreate_indices /opt/stack/data/venv/lib/python3.12/site-packages/ovsdbapp/backend/ovs_idl/__init__.py:106}}
Apr 09 18:17:59.695140 np0000164633 devstack@neutron-api.service[102119]: DEBUG ovsdbapp.backend.ovs_idl [None req-7498f2f4-ea95-4497-b933-f960092a8dff None None] Created schema index Connection.target {{(pid=102119) autocreate_indices /opt/stack/data/venv/lib/python3.12/site-packages/ovsdbapp/backend/ovs_idl/__init__.py:106}}
