2026-07-29 21:07:36.286 16 INFO neutron.plugins.ml2.plugin [None req-aba9bcad-28d2-441b-8cbb-4ae7a6d6296c - - - - - -] Attempt 1 to provision port 7ba67ed3-c5f2-4755-b790-d175c6c9349e
2026-07-29 21:07:42.660 13 INFO neutron.plugins.ml2.plugin [None req-971f5d43-fc74-4aa8-aa40-27790a363fa3 - - - - - -] Attempt 1 to provision port 397496be-314f-4461-bfca-97b1e912f391
2026-07-29 21:07:43.311 16 INFO neutron.plugins.ml2.plugin [None req-2dae77aa-7bde-412f-9362-933b1b31229e - - - - - -] Attempt 1 to provision port f066f43b-29c1-4efa-891f-51206c853ea6
2026-07-29 21:07:43.559 13 INFO neutron.plugins.ml2.plugin [None req-971f5d43-fc74-4aa8-aa40-27790a363fa3 - - - - - -] Attempt 1 to provision port f066f43b-29c1-4efa-891f-51206c853ea6
2026-07-29 21:07:43.581 16 INFO neutron.plugins.ml2.plugin [None req-2dae77aa-7bde-412f-9362-933b1b31229e - - - - - -] Attempt 1 to provision port 058c86fd-5b89-46c3-939b-8d63753eb7af
2026-07-29 21:07:43.811 13 INFO neutron.notifiers.nova [-] Nova event matching ['req-87a33daf-d6f3-4b69-86ce-fa167a700acc'] response: {'server_uuid': '88cf019e-b631-4d76-a7a3-5e3a93940b3a', 'name': 'network-vif-plugged', 'status': 'completed', 'tag': '397496be-314f-4461-bfca-97b1e912f391', 'code': 200}
2026-07-29 21:07:44.556 13 INFO neutron.plugins.ml2.plugin [None req-971f5d43-fc74-4aa8-aa40-27790a363fa3 - - - - - -] Attempt 1 to provision port 397496be-314f-4461-bfca-97b1e912f391
2026-07-29 21:07:44.793 13 INFO neutron.plugins.ml2.plugin [None req-971f5d43-fc74-4aa8-aa40-27790a363fa3 - - - - - -] Attempt 1 to provision port f066f43b-29c1-4efa-891f-51206c853ea6
2026-07-29 21:07:45.127 13 INFO neutron.plugins.ml2.plugin [None req-971f5d43-fc74-4aa8-aa40-27790a363fa3 - - - - - -] Attempt 1 to provision port ab463f7e-be18-4665-a67e-eb570c09c62c
2026-07-29 21:07:45.984 13 INFO neutron.plugins.ml2.plugin [None req-6ab64669-0f6f-488d-94d6-d6b49a56a862 - - - - - -] Attempt 1 to provision port 04345670-f2f8-49c9-b13d-60f9e470599e
2026-07-29 21:07:46.030 13 INFO neutron.plugins.ml2.plugin [None req-6ab64669-0f6f-488d-94d6-d6b49a56a862 - - - - - -] Attempt 1 to provision port f066f43b-29c1-4efa-891f-51206c853ea6
2026-07-29 21:07:46.281 16 INFO neutron.plugins.ml2.plugin [None req-971f5d43-fc74-4aa8-aa40-27790a363fa3 - - - - - -] Attempt 1 to provision port ab463f7e-be18-4665-a67e-eb570c09c62c
2026-07-29 21:07:47.072 16 INFO neutron.notifiers.nova [-] Nova event matching ['req-2520de92-9581-454f-a54e-8e9502a9d586'] response: {'server_uuid': 'eb8ff5b0-b4e1-4a30-95df-536909cb2eea', 'name': 'network-vif-unplugged', 'status': 'completed', 'tag': '03f25c06-604e-410b-9a0d-69924c8c7e3f', 'code': 200}
2026-07-29 21:07:48.334 16 INFO neutron.plugins.ml2.plugin [None req-949907ec-8cdf-4fe7-94d2-0fcd329daf3d - - - - - -] Attempt 1 to provision port 04345670-f2f8-49c9-b13d-60f9e470599e
2026-07-29 21:07:48.812 13 INFO neutron.plugins.ml2.plugin [None req-971f5d43-fc74-4aa8-aa40-27790a363fa3 - - - - - -] Attempt 1 to provision port 03f25c06-604e-410b-9a0d-69924c8c7e3f
2026-07-29 21:07:48.974 13 INFO neutron.notifiers.nova [-] Nova event matching ['req-382ffcdd-fb3e-41f5-99b4-585c907c1d13'] response: {'server_uuid': 'eb8ff5b0-b4e1-4a30-95df-536909cb2eea', 'name': 'network-vif-plugged', 'status': 'completed', 'tag': '03f25c06-604e-410b-9a0d-69924c8c7e3f', 'code': 200}
2026-07-29 21:07:50.332 13 INFO neutron.plugins.ml2.plugin [None req-971f5d43-fc74-4aa8-aa40-27790a363fa3 - - - - - -] Attempt 1 to provision port 03f25c06-604e-410b-9a0d-69924c8c7e3f
2026-07-29 21:07:52.379 13 INFO neutron.plugins.ml2.plugin [None req-971f5d43-fc74-4aa8-aa40-27790a363fa3 - - - - - -] Attempt 1 to provision port 20e0972a-f981-4cbb-8c11-16c548f99a3e
2026-07-29 21:07:52.742 13 INFO neutron.plugins.ml2.plugin [None req-971f5d43-fc74-4aa8-aa40-27790a363fa3 - - - - - -] Attempt 1 to provision port 1c8b048a-0972-49f0-b8df-5fa25c5e5dbd
2026-07-29 21:07:54.380 13 INFO neutron.plugins.ml2.plugin [None req-971f5d43-fc74-4aa8-aa40-27790a363fa3 - - - - - -] Attempt 1 to provision port 1c8b048a-0972-49f0-b8df-5fa25c5e5dbd
2026-07-29 21:07:57.676 13 INFO neutron.plugins.ml2.plugin [None req-971f5d43-fc74-4aa8-aa40-27790a363fa3 - - - - - -] Attempt 1 to provision port b2c0bf7e-7ca2-44cf-97a4-809bb88605ef
2026-07-29 21:07:57.785 13 INFO neutron.notifiers.nova [-] Nova event matching ['req-90ff6d34-be00-4c1a-a327-f13bbaa83023'] response: {'server_uuid': '6995ed40-9186-4361-a1c4-a2675da8200b', 'name': 'network-vif-plugged', 'status': 'completed', 'tag': 'b2c0bf7e-7ca2-44cf-97a4-809bb88605ef', 'code': 200}
2026-07-29 21:07:59.524 13 INFO neutron.plugins.ml2.plugin [None req-971f5d43-fc74-4aa8-aa40-27790a363fa3 - - - - - -] Attempt 1 to provision port b2c0bf7e-7ca2-44cf-97a4-809bb88605ef
2026-07-29 21:08:01.499 16 INFO neutron.plugins.ml2.plugin [None req-971f5d43-fc74-4aa8-aa40-27790a363fa3 - - - - - -] Attempt 1 to provision port 058c86fd-5b89-46c3-939b-8d63753eb7af
2026-07-29 21:08:01.809 16 INFO neutron.plugins.ml2.plugin [None req-971f5d43-fc74-4aa8-aa40-27790a363fa3 - - - - - -] Attempt 1 to provision port 04345670-f2f8-49c9-b13d-60f9e470599e
2026-07-29 21:08:03.467 16 INFO neutron.plugins.ml2.plugin [None req-971f5d43-fc74-4aa8-aa40-27790a363fa3 - - - - - -] Attempt 1 to provision port 058c86fd-5b89-46c3-939b-8d63753eb7af
2026-07-29 21:08:03.587 16 INFO neutron.plugins.ml2.plugin [None req-971f5d43-fc74-4aa8-aa40-27790a363fa3 - - - - - -] Attempt 1 to provision port 04345670-f2f8-49c9-b13d-60f9e470599e
2026-07-29 21:08:15.559 13 INFO neutron.plugins.ml2.plugin [None req-971f5d43-fc74-4aa8-aa40-27790a363fa3 - - - - - -] Attempt 1 to provision port 221c35f8-ddce-4a27-ba32-72f4a47754b2
2026-07-29 21:08:16.845 16 INFO neutron.notifiers.nova [-] Nova event matching ['req-87f2adcd-0bff-4689-b19c-f90c8642c5a4'] response: {'server_uuid': 'eb8ff5b0-b4e1-4a30-95df-536909cb2eea', 'name': 'network-vif-unplugged', 'status': 'completed', 'tag': '03f25c06-604e-410b-9a0d-69924c8c7e3f', 'code': 200}
2026-07-29 21:08:17.500 13 INFO neutron.plugins.ml2.plugin [None req-971f5d43-fc74-4aa8-aa40-27790a363fa3 - - - - - -] Attempt 1 to provision port 221c35f8-ddce-4a27-ba32-72f4a47754b2
2026-07-29 21:08:19.619 16 INFO neutron.plugins.ml2.plugin [None req-971f5d43-fc74-4aa8-aa40-27790a363fa3 - - - - - -] Attempt 1 to provision port 7737ed6a-be5f-4536-b31c-f368cc916e6e
2026-07-29 21:08:20.723 13 INFO neutron.plugins.ml2.plugin [None req-044cf24e-c3d1-4a99-b993-c24827eff4a3 - - - - - -] Attempt 1 to provision port 221c35f8-ddce-4a27-ba32-72f4a47754b2
2026-07-29 21:08:20.799 13 INFO neutron.plugins.ml2.plugin [None req-044cf24e-c3d1-4a99-b993-c24827eff4a3 - - - - - -] Attempt 1 to provision port 1c323d8e-9a33-4fc5-9525-52cc88429f1a
2026-07-29 21:08:20.824 13 INFO neutron.plugins.ml2.plugin [None req-044cf24e-c3d1-4a99-b993-c24827eff4a3 - - - - - -] Attempt 1 to provision port 3d6f23a7-22fb-4ffa-9932-9b937d17bcc8
2026-07-29 21:08:21.455 13 INFO neutron.plugins.ml2.plugin [None req-971f5d43-fc74-4aa8-aa40-27790a363fa3 - - - - - -] Attempt 1 to provision port 7737ed6a-be5f-4536-b31c-f368cc916e6e
2026-07-29 21:08:25.796 16 INFO neutron.plugins.ml2.plugin [None req-971f5d43-fc74-4aa8-aa40-27790a363fa3 - - - - - -] Attempt 1 to provision port 9ab23a0e-7193-4498-87f6-2af038a8faa1
2026-07-29 21:08:27.860 13 INFO neutron.plugins.ml2.plugin [None req-971f5d43-fc74-4aa8-aa40-27790a363fa3 - - - - - -] Attempt 1 to provision port 9ab23a0e-7193-4498-87f6-2af038a8faa1
2026-07-29 21:08:28.148 13 INFO neutron.plugins.ml2.plugin [None req-971f5d43-fc74-4aa8-aa40-27790a363fa3 - - - - - -] Attempt 1 to provision port e608ded3-3c75-4633-9e53-3eedcea131a6
2026-07-29 21:08:29.936 16 INFO neutron.plugins.ml2.plugin [None req-971f5d43-fc74-4aa8-aa40-27790a363fa3 - - - - - -] Attempt 1 to provision port e608ded3-3c75-4633-9e53-3eedcea131a6
2026-07-29 21:08:30.523 13 INFO neutron.plugins.ml2.plugin [None req-cc183f44-ce47-40aa-a0ab-6e31d736a1aa - - - - - -] Attempt 1 to provision port 0fe73d68-4716-4dcc-8cc6-8421c0318266
2026-07-29 21:08:30.555 13 INFO neutron.plugins.ml2.plugin [None req-cc183f44-ce47-40aa-a0ab-6e31d736a1aa - - - - - -] Attempt 1 to provision port e608ded3-3c75-4633-9e53-3eedcea131a6
2026-07-29 21:08:30.632 13 INFO neutron.plugins.ml2.plugin [None req-cc183f44-ce47-40aa-a0ab-6e31d736a1aa - - - - - -] Attempt 1 to provision port 7cdc12a1-4452-4984-9764-3a876392b3d4
2026-07-29 21:08:30.656 13 INFO neutron.plugins.ml2.plugin [None req-cc183f44-ce47-40aa-a0ab-6e31d736a1aa - - - - - -] Attempt 1 to provision port 1c323d8e-9a33-4fc5-9525-52cc88429f1a
2026-07-29 21:08:34.284 16 INFO neutron.plugins.ml2.plugin [None req-88c47d44-3f24-465a-bfe6-2ac56972eab4 - - - - - -] Attempt 1 to provision port b42cdd53-ab70-4747-967c-f7dccf8a49b2
2026-07-29 21:08:34.311 16 INFO neutron.plugins.ml2.plugin [None req-88c47d44-3f24-465a-bfe6-2ac56972eab4 - - - - - -] Attempt 1 to provision port 0fe73d68-4716-4dcc-8cc6-8421c0318266
2026-07-29 21:08:37.926 16 ERROR oslo_messaging.rpc.server [None req-f342e089-fcdf-413e-8dd2-2913a369655c - - - - - -] Exception during message handling: neutron_lib.exceptions.SubnetInUse: Unable to complete operation on subnet 534ee0a2-8b9a-441a-a8c8-241758c52c6f: This subnet is being modified by another concurrent operation.
2026-07-29 21:08:37.926 16 ERROR oslo_messaging.rpc.server
Traceback (most recent call last):
2026-07-29 21:08:37.926 16 ERROR oslo_messaging.rpc.server
File "/var/lib/openstack/lib/python3.12/site-packages/oslo_messaging/rpc/server.py", line 174, in _process_incoming
2026-07-29 21:08:37.926 16 ERROR oslo_messaging.rpc.server res = self.dispatcher.dispatch(message)
2026-07-29 21:08:37.926 16 ERROR oslo_messaging.rpc.server ^^^^^^^^^^^^^^^^^^^^^^^^^^^^^^^^^
2026-07-29 21:08:37.926 16 ERROR oslo_messaging.rpc.server
File "/var/lib/openstack/lib/python3.12/site-packages/oslo_messaging/rpc/dispatcher.py", line 309, in dispatch
2026-07-29 21:08:37.926 16 ERROR oslo_messaging.rpc.server return self._do_dispatch(endpoint, method, ctxt, args)
2026-07-29 21:08:37.926 16 ERROR oslo_messaging.rpc.server ^^^^^^^^^^^^^^^^^^^^^^^^^^^^^^^^^^^^^^^^^^^^^^^
2026-07-29 21:08:37.926 16 ERROR oslo_messaging.rpc.server
File "/var/lib/openstack/lib/python3.12/site-packages/oslo_messaging/rpc/dispatcher.py", line 229, in _do_dispatch
2026-07-29 21:08:37.926 16 ERROR oslo_messaging.rpc.server result = func(ctxt, **new_args)
2026-07-29 21:08:37.926 16 ERROR oslo_messaging.rpc.server ^^^^^^^^^^^^^^^^^^^^^^
2026-07-29 21:08:37.926 16 ERROR oslo_messaging.rpc.server
File "/var/lib/openstack/lib/python3.12/site-packages/oslo_messaging/rpc/server.py", line 269, in inner
2026-07-29 21:08:37.926 16 ERROR oslo_messaging.rpc.server return func(*args, **kwargs)
2026-07-29 21:08:37.926 16 ERROR oslo_messaging.rpc.server ^^^^^^^^^^^^^^^^^^^^^
2026-07-29 21:08:37.926 16 ERROR oslo_messaging.rpc.server
File "/var/lib/openstack/lib/python3.12/site-packages/neutron_lib/db/api.py", line 137, in wrapped
2026-07-29 21:08:37.926 16 ERROR oslo_messaging.rpc.server with excutils.save_and_reraise_exception():
2026-07-29 21:08:37.926 16 ERROR oslo_messaging.rpc.server
File "/var/lib/openstack/lib/python3.12/site-packages/oslo_utils/excutils.py", line 227, in __exit__
2026-07-29 21:08:37.926 16 ERROR oslo_messaging.rpc.server self.force_reraise()
2026-07-29 21:08:37.926 16 ERROR oslo_messaging.rpc.server
File "/var/lib/openstack/lib/python3.12/site-packages/oslo_utils/excutils.py", line 200, in force_reraise
2026-07-29 21:08:37.926 16 ERROR oslo_messaging.rpc.server raise self.value
2026-07-29 21:08:37.926 16 ERROR oslo_messaging.rpc.server
File "/var/lib/openstack/lib/python3.12/site-packages/neutron_lib/db/api.py", line 135, in wrapped
2026-07-29 21:08:37.926 16 ERROR oslo_messaging.rpc.server return f(*args, **kwargs)
2026-07-29 21:08:37.926 16 ERROR oslo_messaging.rpc.server ^^^^^^^^^^^^^^^^^^
2026-07-29 21:08:37.926 16 ERROR oslo_messaging.rpc.server
File "/var/lib/openstack/lib/python3.12/site-packages/oslo_db/api.py", line 144, in wrapper
2026-07-29 21:08:37.926 16 ERROR oslo_messaging.rpc.server with excutils.save_and_reraise_exception() as ectxt:
2026-07-29 21:08:37.926 16 ERROR oslo_messaging.rpc.server
File "/var/lib/openstack/lib/python3.12/site-packages/oslo_utils/excutils.py", line 227, in __exit__
2026-07-29 21:08:37.926 16 ERROR oslo_messaging.rpc.server self.force_reraise()
2026-07-29 21:08:37.926 16 ERROR oslo_messaging.rpc.server
File "/var/lib/openstack/lib/python3.12/site-packages/oslo_utils/excutils.py", line 200, in force_reraise
2026-07-29 21:08:37.926 16 ERROR oslo_messaging.rpc.server raise self.value
2026-07-29 21:08:37.926 16 ERROR oslo_messaging.rpc.server
File "/var/lib/openstack/lib/python3.12/site-packages/oslo_db/api.py", line 142, in wrapper
2026-07-29 21:08:37.926 16 ERROR oslo_messaging.rpc.server return f(*args, **kwargs)
2026-07-29 21:08:37.926 16 ERROR oslo_messaging.rpc.server ^^^^^^^^^^^^^^^^^^
2026-07-29 21:08:37.926 16 ERROR oslo_messaging.rpc.server
File "/var/lib/openstack/lib/python3.12/site-packages/neutron_lib/db/api.py", line 183, in wrapped
2026-07-29 21:08:37.926 16 ERROR oslo_messaging.rpc.server with excutils.save_and_reraise_exception():
2026-07-29 21:08:37.926 16 ERROR oslo_messaging.rpc.server
File "/var/lib/openstack/lib/python3.12/site-packages/oslo_utils/excutils.py", line 227, in __exit__
2026-07-29 21:08:37.926 16 ERROR oslo_messaging.rpc.server self.force_reraise()
2026-07-29 21:08:37.926 16 ERROR oslo_messaging.rpc.server
File "/var/lib/openstack/lib/python3.12/site-packages/oslo_utils/excutils.py", line 200, in force_reraise
2026-07-29 21:08:37.926 16 ERROR oslo_messaging.rpc.server raise self.value
2026-07-29 21:08:37.926 16 ERROR oslo_messaging.rpc.server
File "/var/lib/openstack/lib/python3.12/site-packages/neutron_lib/db/api.py", line 181, in wrapped
2026-07-29 21:08:37.926 16 ERROR oslo_messaging.rpc.server return f(*dup_args, **dup_kwargs)
2026-07-29 21:08:37.926 16 ERROR oslo_messaging.rpc.server ^^^^^^^^^^^^^^^^^^^^^^^^^^
2026-07-29 21:08:37.926 16 ERROR oslo_messaging.rpc.server
File "/var/lib/openstack/lib/python3.12/site-packages/neutron/quota/resource_registry.py", line 95, in wrapper
2026-07-29 21:08:37.926 16 ERROR oslo_messaging.rpc.server ret_val = f(_self, context, *args, **kwargs)
2026-07-29 21:08:37.926 16 ERROR oslo_messaging.rpc.server ^^^^^^^^^^^^^^^^^^^^^^^^^^^^^^^^^^
2026-07-29 21:08:37.926 16 ERROR oslo_messaging.rpc.server
File "/var/lib/openstack/lib/python3.12/site-packages/neutron/api/rpc/handlers/dhcp_rpc.py", line 292, in create_dhcp_port
2026-07-29 21:08:37.926 16 ERROR oslo_messaging.rpc.server return self._port_action(plugin, context, port, 'create_port')
2026-07-29 21:08:37.926 16 ERROR oslo_messaging.rpc.server ^^^^^^^^^^^^^^^^^^^^^^^^^^^^^^^^^^^^^^^^^^^^^^^^^^^^^^^
2026-07-29 21:08:37.926 16 ERROR oslo_messaging.rpc.server
File "/var/lib/openstack/lib/python3.12/site-packages/neutron/api/rpc/handlers/dhcp_rpc.py", line 118, in _port_action
2026-07-29 21:08:37.926 16 ERROR oslo_messaging.rpc.server return p_utils.create_port(plugin, context, port)
2026-07-29 21:08:37.926 16 ERROR oslo_messaging.rpc.server ^^^^^^^^^^^^^^^^^^^^^^^^^^^^^^^^^^^^^^^^^^
2026-07-29 21:08:37.926 16 ERROR oslo_messaging.rpc.server
File "/var/lib/openstack/lib/python3.12/site-packages/neutron_lib/plugins/utils.py", line 338, in create_port
2026-07-29 21:08:37.926 16 ERROR oslo_messaging.rpc.server return core_plugin.create_port(
2026-07-29 21:08:37.926 16 ERROR oslo_messaging.rpc.server ^^^^^^^^^^^^^^^^^^^^^^^^
2026-07-29 21:08:37.926 16 ERROR oslo_messaging.rpc.server
File "/var/lib/openstack/lib/python3.12/site-packages/neutron/common/utils.py", line 717, in inner
2026-07-29 21:08:37.926 16 ERROR oslo_messaging.rpc.server return f(*args, **kwargs)
2026-07-29 21:08:37.926 16 ERROR oslo_messaging.rpc.server ^^^^^^^^^^^^^^^^^^
2026-07-29 21:08:37.926 16 ERROR oslo_messaging.rpc.server
File "/var/lib/openstack/lib/python3.12/site-packages/neutron_lib/db/api.py", line 223, in wrapped
2026-07-29 21:08:37.926 16 ERROR oslo_messaging.rpc.server return f_with_retry(*args, **kwargs,
2026-07-29 21:08:37.926 16 ERROR oslo_messaging.rpc.server ^^^^^^^^^^^^^^^^^^^^^^^^^^^^^
2026-07-29 21:08:37.926 16 ERROR oslo_messaging.rpc.server
File "/var/lib/openstack/lib/python3.12/site-packages/neutron_lib/db/api.py", line 137, in wrapped
2026-07-29 21:08:37.926 16 ERROR oslo_messaging.rpc.server with excutils.save_and_reraise_exception():
2026-07-29 21:08:37.926 16 ERROR oslo_messaging.rpc.server
File "/var/lib/openstack/lib/python3.12/site-packages/oslo_utils/excutils.py", line 227, in __exit__
2026-07-29 21:08:37.926 16 ERROR oslo_messaging.rpc.server self.force_reraise()
2026-07-29 21:08:37.926 16 ERROR oslo_messaging.rpc.server
File "/var/lib/openstack/lib/python3.12/site-packages/oslo_utils/excutils.py", line 200, in force_reraise
2026-07-29 21:08:37.926 16 ERROR oslo_messaging.rpc.server raise self.value
2026-07-29 21:08:37.926 16 ERROR oslo_messaging.rpc.server
File "/var/lib/openstack/lib/python3.12/site-packages/neutron_lib/db/api.py", line 135, in wrapped
2026-07-29 21:08:37.926 16 ERROR oslo_messaging.rpc.server return f(*args, **kwargs)
2026-07-29 21:08:37.926 16 ERROR oslo_messaging.rpc.server ^^^^^^^^^^^^^^^^^^
2026-07-29 21:08:37.926 16 ERROR oslo_messaging.rpc.server
File "/var/lib/openstack/lib/python3.12/site-packages/oslo_db/api.py", line 144, in wrapper
2026-07-29 21:08:37.926 16 ERROR oslo_messaging.rpc.server with excutils.save_and_reraise_exception() as ectxt:
2026-07-29 21:08:37.926 16 ERROR oslo_messaging.rpc.server
File "/var/lib/openstack/lib/python3.12/site-packages/oslo_utils/excutils.py", line 227, in __exit__
2026-07-29 21:08:37.926 16 ERROR oslo_messaging.rpc.server self.force_reraise()
2026-07-29 21:08:37.926 16 ERROR oslo_messaging.rpc.server
File "/var/lib/openstack/lib/python3.12/site-packages/oslo_utils/excutils.py", line 200, in force_reraise
2026-07-29 21:08:37.926 16 ERROR oslo_messaging.rpc.server raise self.value
2026-07-29 21:08:37.926 16 ERROR oslo_messaging.rpc.server
File "/var/lib/openstack/lib/python3.12/site-packages/oslo_db/api.py", line 142, in wrapper
2026-07-29 21:08:37.926 16 ERROR oslo_messaging.rpc.server return f(*args, **kwargs)
2026-07-29 21:08:37.926 16 ERROR oslo_messaging.rpc.server ^^^^^^^^^^^^^^^^^^
2026-07-29 21:08:37.926 16 ERROR oslo_messaging.rpc.server
File "/var/lib/openstack/lib/python3.12/site-packages/neutron_lib/db/api.py", line 183, in wrapped
2026-07-29 21:08:37.926 16 ERROR oslo_messaging.rpc.server with excutils.save_and_reraise_exception():
2026-07-29 21:08:37.926 16 ERROR oslo_messaging.rpc.server
File "/var/lib/openstack/lib/python3.12/site-packages/oslo_utils/excutils.py", line 227, in __exit__
2026-07-29 21:08:37.926 16 ERROR oslo_messaging.rpc.server self.force_reraise()
2026-07-29 21:08:37.926 16 ERROR oslo_messaging.rpc.server
File "/var/lib/openstack/lib/python3.12/site-packages/oslo_utils/excutils.py", line 200, in force_reraise
2026-07-29 21:08:37.926 16 ERROR oslo_messaging.rpc.server raise self.value
2026-07-29 21:08:37.926 16 ERROR oslo_messaging.rpc.server
File "/var/lib/openstack/lib/python3.12/site-packages/neutron_lib/db/api.py", line 181, in wrapped
2026-07-29 21:08:37.926 16 ERROR oslo_messaging.rpc.server return f(*dup_args, **dup_kwargs)
2026-07-29 21:08:37.926 16 ERROR oslo_messaging.rpc.server ^^^^^^^^^^^^^^^^^^^^^^^^^^
2026-07-29 21:08:37.926 16 ERROR oslo_messaging.rpc.server
File "/var/lib/openstack/lib/python3.12/site-packages/neutron/plugins/ml2/plugin.py", line 1660, in create_port
2026-07-29 21:08:37.926 16 ERROR oslo_messaging.rpc.server result, mech_context = self._create_port_db(context, port)
2026-07-29 21:08:37.926 16 ERROR oslo_messaging.rpc.server ^^^^^^^^^^^^^^^^^^^^^^^^^^^^^^^^^^^
2026-07-29 21:08:37.926 16 ERROR oslo_messaging.rpc.server
File "/var/lib/openstack/lib/python3.12/site-packages/neutron/plugins/ml2/plugin.py", line 1625, in _create_port_db
2026-07-29 21:08:37.926 16 ERROR oslo_messaging.rpc.server port_db = self.create_port_db(context, port)
2026-07-29 21:08:37.926 16 ERROR oslo_messaging.rpc.server ^^^^^^^^^^^^^^^^^^^^^^^^^^^^^^^^^^
2026-07-29 21:08:37.926 16 ERROR oslo_messaging.rpc.server
File "/var/lib/openstack/lib/python3.12/site-packages/neutron/db/db_base_plugin_v2.py", line 1572, in create_port_db
2026-07-29 21:08:37.926 16 ERROR oslo_messaging.rpc.server self.ipam.allocate_ips_for_port_and_store(
2026-07-29 21:08:37.926 16 ERROR oslo_messaging.rpc.server
File "/var/lib/openstack/lib/python3.12/site-packages/neutron/db/ipam_pluggable_backend.py", line 219, in allocate_ips_for_port_and_store
2026-07-29 21:08:37.926 16 ERROR oslo_messaging.rpc.server ips = self.allocate_ips_for_port(context, port_copy)
2026-07-29 21:08:37.926 16 ERROR oslo_messaging.rpc.server ^^^^^^^^^^^^^^^^^^^^^^^^^^^^^^^^^^^^^^^^^^^^^^
2026-07-29 21:08:37.926 16 ERROR oslo_messaging.rpc.server
File "/var/lib/openstack/lib/python3.12/site-packages/neutron_lib/db/api.py", line 221, in wrapped
2026-07-29 21:08:37.926 16 ERROR oslo_messaging.rpc.server return f(*args, **kwargs)
2026-07-29 21:08:37.926 16 ERROR oslo_messaging.rpc.server ^^^^^^^^^^^^^^^^^^
2026-07-29 21:08:37.926 16 ERROR oslo_messaging.rpc.server
File "/var/lib/openstack/lib/python3.12/site-packages/oslo_db/sqlalchemy/enginefacade.py", line 1183, in wrapper
2026-07-29 21:08:37.926 16 ERROR oslo_messaging.rpc.server return fn(*args, **kwargs)
2026-07-29 21:08:37.926 16 ERROR oslo_messaging.rpc.server ^^^^^^^^^^^^^^^^^^^
2026-07-29 21:08:37.926 16 ERROR oslo_messaging.rpc.server
File "/var/lib/openstack/lib/python3.12/site-packages/neutron/db/ipam_pluggable_backend.py", line 226, in allocate_ips_for_port
2026-07-29 21:08:37.926 16 ERROR oslo_messaging.rpc.server return self._allocate_ips_for_port(context, port)
2026-07-29 21:08:37.926 16 ERROR oslo_messaging.rpc.server ^^^^^^^^^^^^^^^^^^^^^^^^^^^^^^^^^^^^^^^^^^
2026-07-29 21:08:37.926 16 ERROR oslo_messaging.rpc.server
File "/var/lib/openstack/lib/python3.12/site-packages/neutron/db/ipam_pluggable_backend.py", line 258, in _allocate_ips_for_port
2026-07-29 21:08:37.926 16 ERROR oslo_messaging.rpc.server subnets = self._ipam_get_subnets(
2026-07-29 21:08:37.926 16 ERROR oslo_messaging.rpc.server ^^^^^^^^^^^^^^^^^^^^^^^
2026-07-29 21:08:37.926 16 ERROR oslo_messaging.rpc.server
File "/var/lib/openstack/lib/python3.12/site-packages/neutron/db/ipam_backend_mixin.py", line 686, in _ipam_get_subnets
2026-07-29 21:08:37.926 16 ERROR oslo_messaging.rpc.server subnet.read_lock_register(
2026-07-29 21:08:37.926 16 ERROR oslo_messaging.rpc.server
File "/var/lib/openstack/lib/python3.12/site-packages/neutron/db/models_v2.py", line 77, in read_lock_register
2026-07-29 21:08:37.926 16 ERROR oslo_messaging.rpc.server raise exception
2026-07-29 21:08:37.926 16 ERROR oslo_messaging.rpc.server neutron_lib.exceptions.SubnetInUse: Unable to complete operation on subnet 534ee0a2-8b9a-441a-a8c8-241758c52c6f: This subnet is being modified by another concurrent operation.
2026-07-29 21:08:37.926 16 ERROR oslo_messaging.rpc.server
2026-07-29 21:08:39.786 16 INFO neutron.plugins.ml2.plugin [None req-971f5d43-fc74-4aa8-aa40-27790a363fa3 - - - - - -] Attempt 1 to provision port 1c323d8e-9a33-4fc5-9525-52cc88429f1a
2026-07-29 21:08:40.218 16 INFO neutron.plugins.ml2.plugin [None req-971f5d43-fc74-4aa8-aa40-27790a363fa3 - - - - - -] Attempt 1 to provision port 7cdc12a1-4452-4984-9764-3a876392b3d4
2026-07-29 21:08:42.923 16 INFO neutron.plugins.ml2.plugin [None req-971f5d43-fc74-4aa8-aa40-27790a363fa3 - - - - - -] Attempt 1 to provision port 1c323d8e-9a33-4fc5-9525-52cc88429f1a
2026-07-29 21:08:43.203 16 INFO neutron.plugins.ml2.plugin [None req-971f5d43-fc74-4aa8-aa40-27790a363fa3 - - - - - -] Attempt 1 to provision port 6f81afb9-ac69-4b05-a547-5c273342b2b2
2026-07-29 21:08:43.340 16 INFO neutron.notifiers.nova [-] Nova event matching ['req-7d4ee48d-e355-4cf3-89b3-e7661d5c0988'] response: {'server_uuid': '49fe9fc7-9a59-4b40-9623-91a7a4505ef5', 'name': 'network-vif-plugged', 'status': 'completed', 'tag': '6f81afb9-ac69-4b05-a547-5c273342b2b2', 'code': 200}
2026-07-29 21:08:43.592 16 INFO neutron.plugins.ml2.plugin [None req-971f5d43-fc74-4aa8-aa40-27790a363fa3 - - - - - -] Attempt 1 to provision port 7cdc12a1-4452-4984-9764-3a876392b3d4
2026-07-29 21:08:44.135 16 INFO neutron.plugins.ml2.plugin [None req-971f5d43-fc74-4aa8-aa40-27790a363fa3 - - - - - -] Attempt 1 to provision port 6f81afb9-ac69-4b05-a547-5c273342b2b2
2026-07-29 21:08:44.447 16 INFO neutron.plugins.ml2.plugin [None req-971f5d43-fc74-4aa8-aa40-27790a363fa3 - - - - - -] Attempt 1 to provision port b42cdd53-ab70-4747-967c-f7dccf8a49b2
2026-07-29 21:08:44.750 16 INFO neutron.plugins.ml2.plugin [None req-971f5d43-fc74-4aa8-aa40-27790a363fa3 - - - - - -] Attempt 1 to provision port 0fe73d68-4716-4dcc-8cc6-8421c0318266
2026-07-29 21:08:46.284 13 INFO neutron.plugins.ml2.plugin [None req-971f5d43-fc74-4aa8-aa40-27790a363fa3 - - - - - -] Attempt 1 to provision port b42cdd53-ab70-4747-967c-f7dccf8a49b2
2026-07-29 21:08:46.494 13 INFO neutron.plugins.ml2.plugin [None req-971f5d43-fc74-4aa8-aa40-27790a363fa3 - - - - - -] Attempt 1 to provision port 0fe73d68-4716-4dcc-8cc6-8421c0318266
2026-07-29 21:08:58.150 16 INFO neutron.plugins.ml2.plugin [None req-971f5d43-fc74-4aa8-aa40-27790a363fa3 - - - - - -] Attempt 1 to provision port e3ea2c37-99e7-4485-adbb-15d2eed8cccf
2026-07-29 21:09:00.143 16 INFO neutron.plugins.ml2.plugin [None req-971f5d43-fc74-4aa8-aa40-27790a363fa3 - - - - - -] Attempt 1 to provision port e3ea2c37-99e7-4485-adbb-15d2eed8cccf
2026-07-29 21:09:04.270 16 INFO neutron.notifiers.nova [-] Nova event matching ['req-b127b26e-93dd-48e4-b2f9-effb0a6127f4'] response: {'server_uuid': '49fe9fc7-9a59-4b40-9623-91a7a4505ef5', 'name': 'network-vif-unplugged', 'status': 'completed', 'tag': '6f81afb9-ac69-4b05-a547-5c273342b2b2', 'code': 200}
2026-07-29 21:09:10.085 13 INFO neutron.plugins.ml2.plugin [None req-971f5d43-fc74-4aa8-aa40-27790a363fa3 - - - - - -] Attempt 1 to provision port a2174761-7750-4038-916a-b6e0028dbe54
2026-07-29 21:09:12.083 16 INFO neutron.plugins.ml2.plugin [None req-971f5d43-fc74-4aa8-aa40-27790a363fa3 - - - - - -] Attempt 1 to provision port a2174761-7750-4038-916a-b6e0028dbe54
2026-07-29 21:09:13.789 16 INFO neutron.plugins.ml2.plugin [None req-48610d99-8e51-4458-8095-d6ae3fedb26e - - - - - -] Attempt 1 to provision port a2174761-7750-4038-916a-b6e0028dbe54
2026-07-29 21:09:18.440 16 INFO neutron.plugins.ml2.plugin [None req-971f5d43-fc74-4aa8-aa40-27790a363fa3 - - - - - -] Attempt 1 to provision port b6946783-5db8-4edb-a786-36bcf290d1b7
2026-07-29 21:09:19.361 13 INFO neutron_taas.services.taas.taas_plugin [None req-791483aa-5358-4139-8333-7441c4adfff0 - - - - - -] TaaS: Handle Delete Port: b6946783-5db8-4edb-a786-36bcf290d1b7
2026-07-29 21:09:19.380 13 INFO neutron_taas.services.taas.tap_mirror_plugin [None req-791483aa-5358-4139-8333-7441c4adfff0 - - - - - -] Tap Mirror: Handle Delete Port: b6946783-5db8-4edb-a786-36bcf290d1b7
2026-07-29 21:09:26.068 13 INFO neutron.plugins.ml2.plugin [None req-971f5d43-fc74-4aa8-aa40-27790a363fa3 - - - - - -] Attempt 1 to provision port 583fa5d4-d503-4393-9648-d1ac2f5139aa
2026-07-29 21:10:12.115 16 INFO neutron.plugins.ml2.plugin [None req-971f5d43-fc74-4aa8-aa40-27790a363fa3 - - - - - -] Attempt 1 to provision port 6c2d0f82-5161-4a6a-8ec4-6ec17e0029f3
2026-07-29 21:10:12.794 13 INFO neutron.plugins.ml2.plugin [None req-1880a9e2-a451-49d5-8706-0c8aa368c947 - - - - - -] Attempt 1 to provision port 6c2d0f82-5161-4a6a-8ec4-6ec17e0029f3
2026-07-29 21:10:14.055 16 INFO neutron.plugins.ml2.plugin [None req-971f5d43-fc74-4aa8-aa40-27790a363fa3 - - - - - -] Attempt 1 to provision port 6c2d0f82-5161-4a6a-8ec4-6ec17e0029f3
2026-07-29 21:10:25.723 13 INFO neutron.plugins.ml2.plugin [None req-1a4b8a18-c3be-4862-8b65-5868d553b6b8 - - - - - -] Attempt 1 to provision port 522008d4-b591-4291-9b83-82b531207d10
2026-07-29 21:10:28.213 16 INFO neutron.plugins.ml2.plugin [None req-971f5d43-fc74-4aa8-aa40-27790a363fa3 - - - - - -] Attempt 1 to provision port 20189c5e-b6a5-4966-81ed-797aee776ba0
2026-07-29 21:10:28.738 16 INFO neutron.plugins.ml2.plugin [None req-971f5d43-fc74-4aa8-aa40-27790a363fa3 - - - - - -] Attempt 1 to provision port 5c512cbc-d5cb-4d83-b70f-f319b79a60bb
2026-07-29 21:10:30.105 13 INFO neutron.plugins.ml2.plugin [None req-971f5d43-fc74-4aa8-aa40-27790a363fa3 - - - - - -] Attempt 1 to provision port 20189c5e-b6a5-4966-81ed-797aee776ba0
2026-07-29 21:10:30.328 13 INFO neutron.plugins.ml2.plugin [None req-971f5d43-fc74-4aa8-aa40-27790a363fa3 - - - - - -] Attempt 1 to provision port 5c512cbc-d5cb-4d83-b70f-f319b79a60bb
2026-07-29 21:10:30.723 13 INFO neutron.plugins.ml2.plugin [None req-05d0a961-9244-428d-9c24-e528706c82ab - - - - - -] Attempt 1 to provision port 61b3464b-2e26-4732-9a43-13ec0e3f51f9
2026-07-29 21:10:30.750 13 INFO neutron.plugins.ml2.plugin [None req-05d0a961-9244-428d-9c24-e528706c82ab - - - - - -] Attempt 1 to provision port 20189c5e-b6a5-4966-81ed-797aee776ba0
2026-07-29 21:10:32.077 13 INFO neutron.plugins.ml2.plugin [None req-1eb6555f-3698-492b-a478-de645ea9ea50 - - - - - -] Attempt 1 to provision port 61b3464b-2e26-4732-9a43-13ec0e3f51f9
2026-07-29 21:10:33.378 13 INFO neutron.plugins.ml2.plugin [None req-277cf17c-95af-4a27-8745-fb93505ec827 - - - - - -] Attempt 1 to provision port 61b3464b-2e26-4732-9a43-13ec0e3f51f9
2026-07-29 21:10:42.699 13 INFO neutron.plugins.ml2.plugin [None req-971f5d43-fc74-4aa8-aa40-27790a363fa3 - - - - - -] Attempt 1 to provision port 0e2fdd8c-a7f3-4bad-897f-f731fdcf3754
2026-07-29 21:10:42.811 13 INFO neutron.notifiers.nova [-] Nova event matching ['req-e392fcaa-18b4-4b87-9458-c626de32b998'] response: {'server_uuid': 'f7c198e9-a168-4ec0-9c80-6a0319f5694f', 'name': 'network-vif-plugged', 'status': 'completed', 'tag': '0e2fdd8c-a7f3-4bad-897f-f731fdcf3754', 'code': 200}
2026-07-29 21:10:44.181 13 INFO neutron.plugins.ml2.plugin [None req-971f5d43-fc74-4aa8-aa40-27790a363fa3 - - - - - -] Attempt 1 to provision port 0e2fdd8c-a7f3-4bad-897f-f731fdcf3754
2026-07-29 21:10:46.101 13 INFO neutron.plugins.ml2.plugin [None req-971f5d43-fc74-4aa8-aa40-27790a363fa3 - - - - - -] Attempt 1 to provision port 61b3464b-2e26-4732-9a43-13ec0e3f51f9
2026-07-29 21:10:46.471 13 INFO neutron.plugins.ml2.plugin [None req-971f5d43-fc74-4aa8-aa40-27790a363fa3 - - - - - -] Attempt 1 to provision port 522008d4-b591-4291-9b83-82b531207d10
2026-07-29 21:10:48.248 16 INFO neutron.plugins.ml2.plugin [None req-971f5d43-fc74-4aa8-aa40-27790a363fa3 - - - - - -] Attempt 1 to provision port 61b3464b-2e26-4732-9a43-13ec0e3f51f9
2026-07-29 21:10:48.494 16 INFO neutron.plugins.ml2.plugin [None req-971f5d43-fc74-4aa8-aa40-27790a363fa3 - - - - - -] Attempt 1 to provision port 522008d4-b591-4291-9b83-82b531207d10
2026-07-29 21:11:03.659 13 INFO neutron.plugins.ml2.plugin [None req-a829df51-753e-47f0-8578-898b8c241e0d - - - - - -] Attempt 1 to provision port 8e852501-4daf-4f12-b678-2fe95645a26a
2026-07-29 21:11:04.090 13 INFO neutron.plugins.ml2.plugin [None req-971f5d43-fc74-4aa8-aa40-27790a363fa3 - - - - - -] Attempt 1 to provision port 8e852501-4daf-4f12-b678-2fe95645a26a
2026-07-29 21:11:06.101 16 INFO neutron.plugins.ml2.plugin [None req-971f5d43-fc74-4aa8-aa40-27790a363fa3 - - - - - -] Attempt 1 to provision port 4467c27e-51a5-40de-b3df-db1c5bf96825
2026-07-29 21:11:08.229 16 INFO neutron.plugins.ml2.plugin [None req-971f5d43-fc74-4aa8-aa40-27790a363fa3 - - - - - -] Attempt 1 to provision port fdeb1e0d-c041-44f1-a29f-303e18addb37
2026-07-29 21:11:08.677 16 INFO neutron.plugins.ml2.plugin [None req-971f5d43-fc74-4aa8-aa40-27790a363fa3 - - - - - -] Attempt 1 to provision port 4467c27e-51a5-40de-b3df-db1c5bf96825
2026-07-29 21:11:10.074 16 INFO neutron.plugins.ml2.plugin [None req-971f5d43-fc74-4aa8-aa40-27790a363fa3 - - - - - -] Attempt 1 to provision port fdeb1e0d-c041-44f1-a29f-303e18addb37
2026-07-29 21:11:12.088 13 INFO neutron.plugins.ml2.plugin [None req-971f5d43-fc74-4aa8-aa40-27790a363fa3 - - - - - -] Attempt 1 to provision port 8e852501-4daf-4f12-b678-2fe95645a26a
2026-07-29 21:11:13.299 13 INFO neutron.plugins.ml2.plugin [None req-19214385-3a62-48b1-80ac-77372b7fd7b4 - - - - - -] Attempt 1 to provision port 4467c27e-51a5-40de-b3df-db1c5bf96825
2026-07-29 21:11:13.356 13 INFO neutron.plugins.ml2.plugin [None req-19214385-3a62-48b1-80ac-77372b7fd7b4 - - - - - -] Attempt 1 to provision port 8e852501-4daf-4f12-b678-2fe95645a26a
2026-07-29 21:11:13.406 13 INFO neutron.plugins.ml2.plugin [None req-19214385-3a62-48b1-80ac-77372b7fd7b4 - - - - - -] Attempt 1 to provision port a739e1e3-d68e-4af8-b00b-1628f56cf6e8
2026-07-29 21:11:18.101 16 INFO neutron.plugins.ml2.plugin [None req-971f5d43-fc74-4aa8-aa40-27790a363fa3 - - - - - -] Attempt 1 to provision port 41320b13-ae05-498f-a6a8-87616b3028ae
2026-07-29 21:11:20.120 13 INFO neutron.plugins.ml2.plugin [None req-971f5d43-fc74-4aa8-aa40-27790a363fa3 - - - - - -] Attempt 1 to provision port 41320b13-ae05-498f-a6a8-87616b3028ae
2026-07-29 21:11:22.379 13 INFO neutron.plugins.ml2.plugin [None req-051b09cc-e4d1-47dc-b910-e84f5f48b313 - - - - - -] Attempt 1 to provision port 30f1aabf-3d8a-40e9-a969-8e5b52258728
2026-07-29 21:11:22.410 13 INFO neutron.plugins.ml2.plugin [None req-051b09cc-e4d1-47dc-b910-e84f5f48b313 - - - - - -] Attempt 1 to provision port 8e852501-4daf-4f12-b678-2fe95645a26a
2026-07-29 21:11:22.458 13 INFO neutron.plugins.ml2.plugin [None req-051b09cc-e4d1-47dc-b910-e84f5f48b313 - - - - - -] Attempt 1 to provision port 41320b13-ae05-498f-a6a8-87616b3028ae
2026-07-29 21:11:22.515 13 INFO neutron.plugins.ml2.plugin [None req-051b09cc-e4d1-47dc-b910-e84f5f48b313 - - - - - -] Attempt 1 to provision port 370e8d72-0db6-4349-a843-96faa664e8bf
2026-07-29 21:11:22.541 13 INFO neutron.plugins.ml2.plugin [None req-051b09cc-e4d1-47dc-b910-e84f5f48b313 - - - - - -] Attempt 1 to provision port a739e1e3-d68e-4af8-b00b-1628f56cf6e8
2026-07-29 21:11:22.574 13 INFO neutron.plugins.ml2.plugin [None req-051b09cc-e4d1-47dc-b910-e84f5f48b313 - - - - - -] Attempt 1 to provision port 4467c27e-51a5-40de-b3df-db1c5bf96825
2026-07-29 21:11:22.639 13 INFO neutron.plugins.ml2.plugin [None req-051b09cc-e4d1-47dc-b910-e84f5f48b313 - - - - - -] Attempt 1 to provision port ed1fb4a2-b760-4800-ba81-331f3bc72a3a
2026-07-29 21:11:24.699 16 INFO neutron.plugins.ml2.plugin [None req-971f5d43-fc74-4aa8-aa40-27790a363fa3 - - - - - -] Attempt 1 to provision port e2c1ad62-f04c-4f4a-ad19-b0b27ba5363e
2026-07-29 21:11:24.816 16 INFO neutron.notifiers.nova [-] Nova event matching ['req-82dbaf36-f900-4de8-9384-cf320b9cc202'] response: {'server_uuid': 'b02546ad-f069-48e2-be22-4ab790219987', 'name': 'network-vif-plugged', 'status': 'completed', 'tag': 'e2c1ad62-f04c-4f4a-ad19-b0b27ba5363e', 'code': 200}
2026-07-29 21:11:26.778 16 INFO neutron.plugins.ml2.plugin [None req-971f5d43-fc74-4aa8-aa40-27790a363fa3 - - - - - -] Attempt 1 to provision port d771c760-67e9-4201-8561-7036b381cae6
2026-07-29 21:11:26.897 16 INFO neutron.notifiers.nova [-] Nova event matching ['req-05a8ce51-c716-4c5c-9194-d1762239beaa'] response: {'server_uuid': '9857d89a-1cf3-4171-bff3-99ae9bc86c05', 'name': 'network-vif-plugged', 'status': 'completed', 'tag': 'd771c760-67e9-4201-8561-7036b381cae6', 'code': 200}
2026-07-29 21:11:27.305 16 INFO neutron.plugins.ml2.plugin [None req-971f5d43-fc74-4aa8-aa40-27790a363fa3 - - - - - -] Attempt 1 to provision port e2c1ad62-f04c-4f4a-ad19-b0b27ba5363e
2026-07-29 21:11:28.327 16 INFO neutron.plugins.ml2.plugin [None req-971f5d43-fc74-4aa8-aa40-27790a363fa3 - - - - - -] Attempt 1 to provision port a739e1e3-d68e-4af8-b00b-1628f56cf6e8
2026-07-29 21:11:29.045 16 INFO neutron.plugins.ml2.plugin [None req-971f5d43-fc74-4aa8-aa40-27790a363fa3 - - - - - -] Attempt 1 to provision port 370e8d72-0db6-4349-a843-96faa664e8bf
2026-07-29 21:11:29.503 16 INFO neutron.plugins.ml2.plugin [None req-971f5d43-fc74-4aa8-aa40-27790a363fa3 - - - - - -] Attempt 1 to provision port 30f1aabf-3d8a-40e9-a969-8e5b52258728
2026-07-29 21:11:29.854 16 INFO neutron.plugins.ml2.plugin [None req-971f5d43-fc74-4aa8-aa40-27790a363fa3 - - - - - -] Attempt 1 to provision port d771c760-67e9-4201-8561-7036b381cae6
2026-07-29 21:11:30.082 16 INFO neutron.plugins.ml2.plugin [None req-971f5d43-fc74-4aa8-aa40-27790a363fa3 - - - - - -] Attempt 1 to provision port ed1fb4a2-b760-4800-ba81-331f3bc72a3a
2026-07-29 21:11:30.763 16 INFO neutron.plugins.ml2.plugin [None req-ee8c9d82-e317-4289-85d5-b22c390d57a5 - - - - - -] Attempt 1 to provision port 30f1aabf-3d8a-40e9-a969-8e5b52258728
2026-07-29 21:11:30.825 16 INFO neutron.plugins.ml2.plugin [None req-ee8c9d82-e317-4289-85d5-b22c390d57a5 - - - - - -] Attempt 1 to provision port 41320b13-ae05-498f-a6a8-87616b3028ae
2026-07-29 21:11:30.871 16 INFO neutron.plugins.ml2.plugin [None req-ee8c9d82-e317-4289-85d5-b22c390d57a5 - - - - - -] Attempt 1 to provision port e2c1ad62-f04c-4f4a-ad19-b0b27ba5363e
2026-07-29 21:11:30.924 16 INFO neutron.plugins.ml2.plugin [None req-ee8c9d82-e317-4289-85d5-b22c390d57a5 - - - - - -] Attempt 1 to provision port ed1fb4a2-b760-4800-ba81-331f3bc72a3a
2026-07-29 21:11:30.941 13 INFO neutron.plugins.ml2.plugin [None req-971f5d43-fc74-4aa8-aa40-27790a363fa3 - - - - - -] Attempt 1 to provision port 30f1aabf-3d8a-40e9-a969-8e5b52258728
2026-07-29 21:11:30.976 16 INFO neutron.plugins.ml2.plugin [None req-ee8c9d82-e317-4289-85d5-b22c390d57a5 - - - - - -] Attempt 1 to provision port d771c760-67e9-4201-8561-7036b381cae6
2026-07-29 21:11:31.164 13 INFO neutron.plugins.ml2.plugin [None req-971f5d43-fc74-4aa8-aa40-27790a363fa3 - - - - - -] Attempt 1 to provision port a739e1e3-d68e-4af8-b00b-1628f56cf6e8
2026-07-29 21:11:31.372 13 INFO neutron.plugins.ml2.plugin [None req-971f5d43-fc74-4aa8-aa40-27790a363fa3 - - - - - -] Attempt 1 to provision port ed1fb4a2-b760-4800-ba81-331f3bc72a3a
2026-07-29 21:11:31.548 13 INFO neutron.plugins.ml2.plugin [None req-971f5d43-fc74-4aa8-aa40-27790a363fa3 - - - - - -] Attempt 1 to provision port 370e8d72-0db6-4349-a843-96faa664e8bf
2026-07-29 21:11:33.284 16 INFO neutron.plugins.ml2.plugin [None req-fc0b1d63-aa43-43ab-aa56-e9d33e70ec0f - - - - - -] Attempt 1 to provision port 30f1aabf-3d8a-40e9-a969-8e5b52258728
2026-07-29 21:11:33.404 16 INFO neutron.plugins.ml2.plugin [None req-fc0b1d63-aa43-43ab-aa56-e9d33e70ec0f - - - - - -] Attempt 1 to provision port a739e1e3-d68e-4af8-b00b-1628f56cf6e8
2026-07-29 21:11:34.754 16 INFO neutron.plugins.ml2.plugin [None req-3df9e2cc-df7c-4dfb-9a51-61ec4bf470af - - - - - -] Attempt 1 to provision port a739e1e3-d68e-4af8-b00b-1628f56cf6e8
2026-07-29 21:11:44.999 13 INFO neutron.plugins.ml2.plugin [None req-971f5d43-fc74-4aa8-aa40-27790a363fa3 - - - - - -] Attempt 1 to provision port f403060a-55c3-48b9-bcbf-7190e896ac0b
2026-07-29 21:11:45.149 13 INFO neutron.notifiers.nova [-] Nova event matching ['req-aedd8101-e0e8-4304-9926-26c9bcd99267'] response: {'server_uuid': '8fa4e10e-efcb-4dc9-802d-61d1ffa4a14b', 'name': 'network-vif-plugged', 'status': 'completed', 'tag': 'f403060a-55c3-48b9-bcbf-7190e896ac0b', 'code': 200}
2026-07-29 21:11:46.891 13 INFO neutron.plugins.ml2.plugin [None req-971f5d43-fc74-4aa8-aa40-27790a363fa3 - - - - - -] Attempt 1 to provision port f403060a-55c3-48b9-bcbf-7190e896ac0b
2026-07-29 21:12:41.493 16 INFO neutron.plugins.ml2.plugin [None req-971f5d43-fc74-4aa8-aa40-27790a363fa3 - - - - - -] Attempt 1 to provision port c5def875-b7b7-4e2e-9a9c-31404427dd85
2026-07-29 21:12:41.766 16 INFO neutron.notifiers.nova [-] Nova event matching ['req-6f7d22c6-0d7c-4899-9248-2c51804fb2a1'] response: {'server_uuid': 'f6971cb8-1d00-4a0e-b48f-2c0380b27683', 'name': 'network-vif-plugged', 'status': 'completed', 'tag': 'c5def875-b7b7-4e2e-9a9c-31404427dd85', 'code': 200}
2026-07-29 21:12:42.910 13 INFO neutron.plugins.ml2.plugin [None req-971f5d43-fc74-4aa8-aa40-27790a363fa3 - - - - - -] Attempt 1 to provision port c5def875-b7b7-4e2e-9a9c-31404427dd85
2026-07-29 21:13:02.065 16 INFO neutron.plugins.ml2.plugin [None req-0c131e60-173c-4d02-8df8-7520c9ac36e6 - - - - - -] Attempt 1 to provision port 370e8d72-0db6-4349-a843-96faa664e8bf
2026-07-29 21:13:02.125 16 INFO neutron.plugins.ml2.plugin [None req-0c131e60-173c-4d02-8df8-7520c9ac36e6 - - - - - -] Attempt 1 to provision port b03c3f64-0bf3-496a-abb1-b59ba2b8ea3d
2026-07-29 21:13:02.155 16 INFO neutron.plugins.ml2.plugin [None req-0c131e60-173c-4d02-8df8-7520c9ac36e6 - - - - - -] Attempt 1 to provision port f403060a-55c3-48b9-bcbf-7190e896ac0b
2026-07-29 21:13:02.218 16 INFO neutron.plugins.ml2.plugin [None req-0c131e60-173c-4d02-8df8-7520c9ac36e6 - - - - - -] Attempt 1 to provision port d771c760-67e9-4201-8561-7036b381cae6
2026-07-29 21:13:02.284 16 INFO neutron.plugins.ml2.plugin [None req-0c131e60-173c-4d02-8df8-7520c9ac36e6 - - - - - -] Attempt 1 to provision port 30f1aabf-3d8a-40e9-a969-8e5b52258728
2026-07-29 21:13:02.338 16 INFO neutron.plugins.ml2.plugin [None req-0c131e60-173c-4d02-8df8-7520c9ac36e6 - - - - - -] Attempt 1 to provision port 6923e7d7-33d8-454c-b7f2-54c80021018d
2026-07-29 21:13:02.389 16 INFO neutron.plugins.ml2.plugin [None req-0c131e60-173c-4d02-8df8-7520c9ac36e6 - - - - - -] Attempt 1 to provision port c5cf09b3-5205-4e78-b86a-27921c8352fb
2026-07-29 21:13:02.417 16 INFO neutron.plugins.ml2.plugin [None req-0c131e60-173c-4d02-8df8-7520c9ac36e6 - - - - - -] Attempt 1 to provision port ed1fb4a2-b760-4800-ba81-331f3bc72a3a
2026-07-29 21:13:02.467 16 INFO neutron.plugins.ml2.plugin [None req-0c131e60-173c-4d02-8df8-7520c9ac36e6 - - - - - -] Attempt 1 to provision port 41320b13-ae05-498f-a6a8-87616b3028ae
2026-07-29 21:13:02.510 16 INFO neutron.plugins.ml2.plugin [None req-0c131e60-173c-4d02-8df8-7520c9ac36e6 - - - - - -] Attempt 1 to provision port 8e852501-4daf-4f12-b678-2fe95645a26a
2026-07-29 21:13:02.557 16 INFO neutron.plugins.ml2.plugin [None req-0c131e60-173c-4d02-8df8-7520c9ac36e6 - - - - - -] Attempt 1 to provision port c5def875-b7b7-4e2e-9a9c-31404427dd85
2026-07-29 21:13:02.604 16 INFO neutron.plugins.ml2.plugin [None req-0c131e60-173c-4d02-8df8-7520c9ac36e6 - - - - - -] Attempt 1 to provision port befc8b2f-6698-40da-942a-f475ea10279d
2026-07-29 21:13:02.655 16 INFO neutron.plugins.ml2.plugin [None req-0c131e60-173c-4d02-8df8-7520c9ac36e6 - - - - - -] Attempt 1 to provision port 4102b26b-41cc-4c22-b116-fdc1d72df512
2026-07-29 21:13:02.736 16 INFO neutron.plugins.ml2.plugin [None req-0c131e60-173c-4d02-8df8-7520c9ac36e6 - - - - - -] Attempt 1 to provision port d5fcee95-ae8c-41f1-890f-a78b6631779d
2026-07-29 21:13:02.761 16 INFO neutron.plugins.ml2.plugin [None req-0c131e60-173c-4d02-8df8-7520c9ac36e6 - - - - - -] Attempt 1 to provision port a739e1e3-d68e-4af8-b00b-1628f56cf6e8
2026-07-29 21:13:02.820 16 INFO neutron.plugins.ml2.plugin [None req-0c131e60-173c-4d02-8df8-7520c9ac36e6 - - - - - -] Attempt 1 to provision port 4467c27e-51a5-40de-b3df-db1c5bf96825
2026-07-29 21:13:33.298 16 INFO neutron.plugins.ml2.plugin [None req-4d288ba0-6b0b-44ae-bfdb-e196c64eb428 - - - - - -] Attempt 1 to provision port 515dd6b8-ccbd-454d-b290-d7a3c98b358a
2026-07-29 21:13:38.977 13 INFO neutron.plugins.ml2.plugin [None req-971f5d43-fc74-4aa8-aa40-27790a363fa3 - - - - - -] Attempt 1 to provision port 515dd6b8-ccbd-454d-b290-d7a3c98b358a
2026-07-29 21:13:39.279 13 INFO neutron.notifiers.nova [-] Nova event matching ['req-e144db8f-ba3a-401d-a0ec-a95f3163bd40'] response: {'server_uuid': 'f6971cb8-1d00-4a0e-b48f-2c0380b27683', 'name': 'network-vif-plugged', 'status': 'completed', 'tag': '515dd6b8-ccbd-454d-b290-d7a3c98b358a', 'code': 200}
2026-07-29 21:13:40.930 16 INFO neutron.plugins.ml2.plugin [None req-971f5d43-fc74-4aa8-aa40-27790a363fa3 - - - - - -] Attempt 1 to provision port 515dd6b8-ccbd-454d-b290-d7a3c98b358a
2026-07-29 21:13:43.459 16 INFO neutron.plugins.ml2.plugin [None req-971f5d43-fc74-4aa8-aa40-27790a363fa3 - - - - - -] Attempt 1 to provision port 515dd6b8-ccbd-454d-b290-d7a3c98b358a
2026-07-29 21:14:21.122 16 INFO neutron.plugins.ml2.plugin [None req-b85caf1e-063c-47de-b631-d52441f951f7 - - - - - -] Attempt 1 to provision port b92e389f-3c3a-4ef0-9c8b-7d94b3d91b76
2026-07-29 21:14:28.549 16 INFO neutron.plugins.ml2.plugin [None req-971f5d43-fc74-4aa8-aa40-27790a363fa3 - - - - - -] Attempt 1 to provision port b92e389f-3c3a-4ef0-9c8b-7d94b3d91b76
2026-07-29 21:14:28.676 16 INFO neutron.notifiers.nova [-] Nova event matching ['req-2dbf7a80-b184-4e6b-8942-c7a77075b963'] response: {'server_uuid': 'f6971cb8-1d00-4a0e-b48f-2c0380b27683', 'name': 'network-vif-plugged', 'status': 'completed', 'tag': 'b92e389f-3c3a-4ef0-9c8b-7d94b3d91b76', 'code': 200}
2026-07-29 21:14:29.133 13 INFO neutron.plugins.ml2.plugin [None req-971f5d43-fc74-4aa8-aa40-27790a363fa3 - - - - - -] Attempt 1 to provision port b92e389f-3c3a-4ef0-9c8b-7d94b3d91b76
2026-07-29 21:14:41.790 13 INFO neutron.plugins.ml2.plugin [None req-6383cb50-5dfa-46dc-9279-e4e989316435 - - - - - -] Attempt 1 to provision port 952a649b-33bc-481d-b733-587ee4733b99
2026-07-29 21:14:49.192 16 INFO neutron.plugins.ml2.plugin [None req-971f5d43-fc74-4aa8-aa40-27790a363fa3 - - - - - -] Attempt 1 to provision port 952a649b-33bc-481d-b733-587ee4733b99
2026-07-29 21:14:49.334 16 INFO neutron.notifiers.nova [-] Nova event matching ['req-6f9a44c9-8a29-4162-8a2a-e02dd708e6ad'] response: {'server_uuid': 'f6971cb8-1d00-4a0e-b48f-2c0380b27683', 'name': 'network-vif-plugged', 'status': 'completed', 'tag': '952a649b-33bc-481d-b733-587ee4733b99', 'code': 200}
2026-07-29 21:14:51.148 13 INFO neutron.plugins.ml2.plugin [None req-971f5d43-fc74-4aa8-aa40-27790a363fa3 - - - - - -] Attempt 1 to provision port 952a649b-33bc-481d-b733-587ee4733b99
2026-07-29 21:14:52.377 13 INFO neutron.plugins.ml2.plugin [None req-efe638fe-29a6-4795-98b8-4fc5d14338a8 - - - - - -] Attempt 1 to provision port b92e389f-3c3a-4ef0-9c8b-7d94b3d91b76
2026-07-29 21:14:53.199 16 INFO neutron.plugins.ml2.plugin [None req-971f5d43-fc74-4aa8-aa40-27790a363fa3 - - - - - -] Attempt 1 to provision port b92e389f-3c3a-4ef0-9c8b-7d94b3d91b76
2026-07-29 21:15:09.745 13 INFO neutron.plugins.ml2.plugin [None req-0639c4e9-99b3-43b7-b5e8-cc02ad2e44fd - - - - - -] Attempt 1 to provision port 952a649b-33bc-481d-b733-587ee4733b99
2026-07-29 21:15:11.223 16 INFO neutron.plugins.ml2.plugin [None req-067c1615-b661-4fd5-aa57-30cee7a7a1ae - - - - - -] Attempt 1 to provision port 952a649b-33bc-481d-b733-587ee4733b99
2026-07-29 21:15:11.230 13 INFO neutron.plugins.ml2.plugin [None req-971f5d43-fc74-4aa8-aa40-27790a363fa3 - - - - - -] Attempt 1 to provision port 952a649b-33bc-481d-b733-587ee4733b99
2026-07-29 21:15:13.248 13 INFO neutron.plugins.ml2.plugin [None req-971f5d43-fc74-4aa8-aa40-27790a363fa3 - - - - - -] No ports have port_id starting with 952a649b-33bc-481d-b733-587ee4733b99
2026-07-29 21:15:20.376 16 INFO neutron.plugins.ml2.plugin [None req-34d6a6db-3a7a-4c2b-8575-386c0d89da9f - - - - - -] Attempt 1 to provision port b92e389f-3c3a-4ef0-9c8b-7d94b3d91b76
2026-07-29 21:15:21.236 13 INFO neutron.plugins.ml2.plugin [None req-971f5d43-fc74-4aa8-aa40-27790a363fa3 - - - - - -] Attempt 1 to provision port b92e389f-3c3a-4ef0-9c8b-7d94b3d91b76