Jun 09 08:39:35.499541 np0000179116 devstack@neutron-api.service[103713]: DEBUG neutron.api.extensions [None req-e02b716b-765c-450d-ba71-d6e179e46275 None None] Loading extension file: port_device_profile.py {{(pid=103713) _load_all_extensions_from_path /opt/stack/neutron/neutron/api/extensions.py:449}}
Jun 09 08:39:35.499796 np0000179116 devstack@neutron-api.service[103713]: DEBUG neutron.api.extensions [None req-e02b716b-765c-450d-ba71-d6e179e46275 None None] Ext name="Port device profile" alias="port-device-profile" description="Expose the port device profile (Cyborg)" updated="2020-12-17T10:00:00-00:00" {{(pid=103713) _check_extension /opt/stack/neutron/neutron/api/extensions.py:415}}
Jun 09 08:39:35.500030 np0000179116 devstack@neutron-api.service[103713]: INFO neutron.api.extensions [None req-e02b716b-765c-450d-ba71-d6e179e46275 None None] Loaded extension: port-device-profile
Jun 09 08:39:35.500212 np0000179116 devstack@neutron-api.service[103713]: DEBUG neutron.api.extensions [None req-e02b716b-765c-450d-ba71-d6e179e46275 None None] Loading extension file: port_hardware_offload_type.py {{(pid=103713) _load_all_extensions_from_path /opt/stack/neutron/neutron/api/extensions.py:449}}
Jun 09 08:39:35.500449 np0000179116 devstack@neutron-api.service[103713]: DEBUG neutron.api.extensions [None req-e02b716b-765c-450d-ba71-d6e179e46275 None None] Ext name="Port hardware offload" alias="port-hardware-offload-type" description="Expose port hardware offload extension" updated="2023-05-09T10:00:00-00:00" {{(pid=103713) _check_extension /opt/stack/neutron/neutron/api/extensions.py:415}}
Jun 09 08:39:35.500519 np0000179116 devstack@neutron-api.service[103714]: INFO neutron.quota.resource_registry [None req-564bf92f-3209-475a-8c31-fed8edcb59df None None] Creating instance of CountableResource for resource:rbac_policy
Jun 09 08:39:35.500637 np0000179116 devstack@neutron-api.service[103713]: INFO neutron.api.extensions [None req-e02b716b-765c-450d-ba71-d6e179e46275 None None] Extension port-hardware-offload-type not supported by any of loaded plugins
Jun 09 08:39:35.500810 np0000179116 devstack@neutron-api.service[103713]: DEBUG neutron.api.extensions [None req-e02b716b-765c-450d-ba71-d6e179e46275 None None] Loading extension file: port_hint_ovs_tx_steering.py {{(pid=103713) _load_all_extensions_from_path /opt/stack/neutron/neutron/api/extensions.py:449}}
Jun 09 08:39:35.501053 np0000179116 devstack@neutron-api.service[103713]: DEBUG neutron.api.extensions [None req-e02b716b-765c-450d-ba71-d6e179e46275 None None] Ext name="Port hint: Open vSwitch Tx steering" alias="port-hint-ovs-tx-steering" description="Enable Port hint: Open vSwitch Tx steering" updated="2023-01-01T00:00:00-00:00" {{(pid=103713) _check_extension /opt/stack/neutron/neutron/api/extensions.py:415}}
Jun 09 08:39:35.501088 np0000179116 devstack@neutron-api.service[103714]: INFO neutron.quota.resource_registry [None req-564bf92f-3209-475a-8c31-fed8edcb59df None None] Creating instance of TrackedResource for resource:security_group
Jun 09 08:39:35.501249 np0000179116 devstack@neutron-api.service[103713]: INFO neutron.api.extensions [None req-e02b716b-765c-450d-ba71-d6e179e46275 None None] Extension port-hint-ovs-tx-steering not supported by any of loaded plugins
Jun 09 08:39:35.501362 np0000179116 devstack@neutron-api.service[103713]: DEBUG neutron.api.extensions [None req-e02b716b-765c-450d-ba71-d6e179e46275 None None] Loading extension file: port_hints.py {{(pid=103713) _load_all_extensions_from_path /opt/stack/neutron/neutron/api/extensions.py:449}}
Jun 09 08:39:35.501428 np0000179116 devstack@neutron-api.service[103714]: INFO neutron.quota.resource_registry [None req-564bf92f-3209-475a-8c31-fed8edcb59df None None] Creating instance of TrackedResource for resource:security_group_rule
Jun 09 08:39:35.501645 np0000179116 devstack@neutron-api.service[103713]: DEBUG neutron.api.extensions [None req-e02b716b-765c-450d-ba71-d6e179e46275 None None] Ext name="Port hints" alias="port-hints" description="Backend specific port hints to allow backend specific tuning" updated="2023-01-01T00:00:00-00:00" {{(pid=103713) _check_extension /opt/stack/neutron/neutron/api/extensions.py:415}}
Jun 09 08:39:35.501887 np0000179116 devstack@neutron-api.service[103713]: INFO neutron.api.extensions [None req-e02b716b-765c-450d-ba71-d6e179e46275 None None] Extension port-hints not supported by any of loaded plugins
Jun 09 08:39:35.501988 np0000179116 devstack@neutron-api.service[103713]: DEBUG neutron.api.extensions [None req-e02b716b-765c-450d-ba71-d6e179e46275 None None] Loading extension file: port_mac_address_override.py {{(pid=103713) _load_all_extensions_from_path /opt/stack/neutron/neutron/api/extensions.py:449}}
Jun 09 08:39:35.502030 np0000179116 devstack@neutron-api.service[103714]: DEBUG neutron.api.v2.resource_helper [None req-564bf92f-3209-475a-8c31-fed8edcb59df None None] Service CORE assigned prefix: {{(pid=103714) build_resource_info /opt/stack/neutron/neutron/api/v2/resource_helper.py:77}}
Jun 09 08:39:35.502129 np0000179116 devstack@neutron-api.service[103714]: INFO neutron.quota.resource_registry [None req-564bf92f-3209-475a-8c31-fed8edcb59df None None] Creating instance of TrackedResource for resource:subnetpool
Jun 09 08:39:35.502262 np0000179116 devstack@neutron-api.service[103714]: WARNING neutron.quota.resource_registry [None req-564bf92f-3209-475a-8c31-fed8edcb59df None None] subnetpool is already registered
Jun 09 08:39:35.502297 np0000179116 devstack@neutron-api.service[103713]: DEBUG neutron.api.extensions [None req-e02b716b-765c-450d-ba71-d6e179e46275 None None] Ext name="Neutron Port MAC address override" alias="port-mac-override" description="Allow overriding the MAC address of a direct-physical Port via the active binding profile" updated="2022-03-18T10:00:00-00:00" {{(pid=103713) _check_extension /opt/stack/neutron/neutron/api/extensions.py:415}}
Jun 09 08:39:35.502525 np0000179116 devstack@neutron-api.service[103713]: INFO neutron.api.extensions [None req-e02b716b-765c-450d-ba71-d6e179e46275 None None] Extension port-mac-override not supported by any of loaded plugins
Jun 09 08:39:35.502559 np0000179116 devstack@neutron-api.service[103713]: DEBUG neutron.api.extensions [None req-e02b716b-765c-450d-ba71-d6e179e46275 None None] Loading extension file: port_mac_address_regenerate.py {{(pid=103713) _load_all_extensions_from_path /opt/stack/neutron/neutron/api/extensions.py:449}}
Jun 09 08:39:35.502732 np0000179116 devstack@neutron-api.service[103714]: DEBUG neutron.api.v2.resource_helper [None req-564bf92f-3209-475a-8c31-fed8edcb59df None None] Service CORE assigned prefix: {{(pid=103714) build_resource_info /opt/stack/neutron/neutron/api/v2/resource_helper.py:77}}
Jun 09 08:39:35.502832 np0000179116 devstack@neutron-api.service[103713]: DEBUG neutron.api.extensions [None req-e02b716b-765c-450d-ba71-d6e179e46275 None None] Ext name="Neutron Port MAC address regenerate" alias="port-mac-address-regenerate" description="Network port MAC address regenerate" updated="2018-05-03T10:00:00-00:00" {{(pid=103713) _check_extension /opt/stack/neutron/neutron/api/extensions.py:415}}
Jun 09 08:39:35.502887 np0000179116 devstack@neutron-api.service[103714]: INFO neutron.quota.resource_registry [None req-564bf92f-3209-475a-8c31-fed8edcb59df None None] Creating instance of TrackedResource for resource:subnetpool
Jun 09 08:39:35.503068 np0000179116 devstack@neutron-api.service[103714]: WARNING neutron.quota.resource_registry [None req-564bf92f-3209-475a-8c31-fed8edcb59df None None] subnetpool is already registered
Jun 09 08:39:35.503122 np0000179116 devstack@neutron-api.service[103713]: INFO neutron.api.extensions [None req-e02b716b-765c-450d-ba71-d6e179e46275 None None] Loaded extension: port-mac-address-regenerate
Jun 09 08:39:35.503122 np0000179116 devstack@neutron-api.service[103713]: DEBUG neutron.api.extensions [None req-e02b716b-765c-450d-ba71-d6e179e46275 None None] Loading extension file: port_numa_affinity_policy.py {{(pid=103713) _load_all_extensions_from_path /opt/stack/neutron/neutron/api/extensions.py:449}}
Jun 09 08:39:35.503429 np0000179116 devstack@neutron-api.service[103713]: DEBUG neutron.api.extensions [None req-e02b716b-765c-450d-ba71-d6e179e46275 None None] Ext name="Port NUMA affinity policy" alias="port-numa-affinity-policy" description="Expose the port NUMA affinity policy" updated="2020-07-08T10:00:00-00:00" {{(pid=103713) _check_extension /opt/stack/neutron/neutron/api/extensions.py:415}}
Jun 09 08:39:35.503669 np0000179116 devstack@neutron-api.service[103713]: INFO neutron.api.extensions [None req-e02b716b-765c-450d-ba71-d6e179e46275 None None] Loaded extension: port-numa-affinity-policy
Jun 09 08:39:35.503821 np0000179116 devstack@neutron-api.service[103713]: DEBUG neutron.api.extensions [None req-e02b716b-765c-450d-ba71-d6e179e46275 None None] Loading extension file: port_numa_affinity_policy_socket.py {{(pid=103713) _load_all_extensions_from_path /opt/stack/neutron/neutron/api/extensions.py:449}}
Jun 09 08:39:35.504116 np0000179116 devstack@neutron-api.service[103713]: DEBUG neutron.api.extensions [None req-e02b716b-765c-450d-ba71-d6e179e46275 None None] Ext name="Port NUMA affinity policy "socket"" alias="port-numa-affinity-policy-socket" description="Adds "socket" to the supported port NUMA affinity policies" updated="2024-02-09T10:00:00-00:00" {{(pid=103713) _check_extension /opt/stack/neutron/neutron/api/extensions.py:415}}
Jun 09 08:39:35.504304 np0000179116 devstack@neutron-api.service[103713]: INFO neutron.api.extensions [None req-e02b716b-765c-450d-ba71-d6e179e46275 None None] Loaded extension: port-numa-affinity-policy-socket
Jun 09 08:39:35.504456 np0000179116 devstack@neutron-api.service[103713]: DEBUG neutron.api.extensions [None req-e02b716b-765c-450d-ba71-d6e179e46275 None None] Loading extension file: port_resource_request.py {{(pid=103713) _load_all_extensions_from_path /opt/stack/neutron/neutron/api/extensions.py:449}}
Jun 09 08:39:35.504758 np0000179116 devstack@neutron-api.service[103713]: DEBUG neutron.api.extensions [None req-e02b716b-765c-450d-ba71-d6e179e46275 None None] Ext name="Port Resource Request" alias="port-resource-request" description="Expose resource request to Port" updated="2018-05-08T10:00:00-00:00" {{(pid=103713) _check_extension /opt/stack/neutron/neutron/api/extensions.py:415}}
Jun 09 08:39:35.504941 np0000179116 devstack@neutron-api.service[103713]: INFO neutron.api.extensions [None req-e02b716b-765c-450d-ba71-d6e179e46275 None None] Extension port-resource-request not supported by any of loaded plugins
Jun 09 08:39:35.505071 np0000179116 devstack@neutron-api.service[103713]: DEBUG neutron.api.extensions [None req-e02b716b-765c-450d-ba71-d6e179e46275 None None] Loading extension file: port_resource_request_groups.py {{(pid=103713) _load_all_extensions_from_path /opt/stack/neutron/neutron/api/extensions.py:449}}
Jun 09 08:39:35.505143 np0000179116 devstack@neutron-api.service[103714]: DEBUG neutron.api.v2.resource_helper [None req-564bf92f-3209-475a-8c31-fed8edcb59df None None] Service L3_ROUTER_NAT assigned prefix: {{(pid=103714) build_resource_info /opt/stack/neutron/neutron/api/v2/resource_helper.py:77}}
Jun 09 08:39:35.505376 np0000179116 devstack@neutron-api.service[103713]: DEBUG neutron.api.extensions [None req-e02b716b-765c-450d-ba71-d6e179e46275 None None] Ext name="Port Resource Request Groups" alias="port-resource-request-groups" description="Support requesting multiple groups of resources and traits from the same RP subtree in resource_request" updated="2021-08-02T10:00:00-00:00" {{(pid=103713) _check_extension /opt/stack/neutron/neutron/api/extensions.py:415}}
Jun 09 08:39:35.505512 np0000179116 devstack@neutron-api.service[103714]: DEBUG neutron.api.v2.resource_helper [None req-564bf92f-3209-475a-8c31-fed8edcb59df None None] Service FLAVORS assigned prefix: {{(pid=103714) build_resource_info /opt/stack/neutron/neutron/api/v2/resource_helper.py:77}}
Jun 09 08:39:35.505579 np0000179116 devstack@neutron-api.service[103713]: INFO neutron.api.extensions [None req-e02b716b-765c-450d-ba71-d6e179e46275 None None] Extension port-resource-request-groups not supported by any of loaded plugins
Jun 09 08:39:35.505683 np0000179116 devstack@neutron-api.service[103713]: DEBUG neutron.api.extensions [None req-e02b716b-765c-450d-ba71-d6e179e46275 None None] Loading extension file: port_trusted_vif.py {{(pid=103713) _load_all_extensions_from_path /opt/stack/neutron/neutron/api/extensions.py:449}}
Jun 09 08:39:35.505987 np0000179116 devstack@neutron-api.service[103713]: DEBUG neutron.api.extensions [None req-e02b716b-765c-450d-ba71-d6e179e46275 None None] Ext name="Port trusted vif" alias="port-trusted-vif" description="Expose port 'trusted' attribute in the API" updated="2024-07-10T10:00:00-00:00" {{(pid=103713) _check_extension /opt/stack/neutron/neutron/api/extensions.py:415}}
Jun 09 08:39:35.506157 np0000179116 devstack@neutron-api.service[103713]: INFO neutron.api.extensions [None req-e02b716b-765c-450d-ba71-d6e179e46275 None None] Extension port-trusted-vif not supported by any of loaded plugins
Jun 09 08:39:35.506251 np0000179116 devstack@neutron-api.service[103713]: DEBUG neutron.api.extensions [None req-e02b716b-765c-450d-ba71-d6e179e46275 None None] Loading extension file: portbindings.py {{(pid=103713) _load_all_extensions_from_path /opt/stack/neutron/neutron/api/extensions.py:449}}
Jun 09 08:39:35.506403 np0000179116 devstack@neutron-api.service[103714]: DEBUG neutron.api.v2.resource_helper [None req-564bf92f-3209-475a-8c31-fed8edcb59df None None] Service L3_ROUTER_NAT assigned prefix: {{(pid=103714) build_resource_info /opt/stack/neutron/neutron/api/v2/resource_helper.py:77}}
Jun 09 08:39:35.506512 np0000179116 devstack@neutron-api.service[103713]: DEBUG neutron.api.extensions [None req-e02b716b-765c-450d-ba71-d6e179e46275 None None] Ext name="Port Binding" alias="binding" description="Expose port bindings of a virtual port to external application" updated="2014-02-03T10:00:00-00:00" {{(pid=103713) _check_extension /opt/stack/neutron/neutron/api/extensions.py:415}}
Jun 09 08:39:35.506688 np0000179116 devstack@neutron-api.service[103713]: INFO neutron.api.extensions [None req-e02b716b-765c-450d-ba71-d6e179e46275 None None] Loaded extension: binding
Jun 09 08:39:35.506767 np0000179116 devstack@neutron-api.service[103714]: DEBUG neutron.api.v2.resource_helper [None req-564bf92f-3209-475a-8c31-fed8edcb59df None None] Service L3_ROUTER_NAT assigned prefix: {{(pid=103714) build_resource_info /opt/stack/neutron/neutron/api/v2/resource_helper.py:77}}
Jun 09 08:39:35.506813 np0000179116 devstack@neutron-api.service[103713]: DEBUG neutron.api.extensions [None req-e02b716b-765c-450d-ba71-d6e179e46275 None None] Loading extension file: portbindings_extended.py {{(pid=103713) _load_all_extensions_from_path /opt/stack/neutron/neutron/api/extensions.py:449}}
Jun 09 08:39:35.506916 np0000179116 devstack@neutron-api.service[103714]: INFO neutron.quota.resource_registry [None req-564bf92f-3209-475a-8c31-fed8edcb59df None None] Creating instance of TrackedResource for resource:router
Jun 09 08:39:35.507043 np0000179116 devstack@neutron-api.service[103714]: WARNING neutron.quota.resource_registry [None req-564bf92f-3209-475a-8c31-fed8edcb59df None None] router is already registered
Jun 09 08:39:35.507110 np0000179116 devstack@neutron-api.service[103713]: DEBUG neutron.api.extensions [None req-e02b716b-765c-450d-ba71-d6e179e46275 None None] Ext name="Port Bindings Extended" alias="binding-extended" description="Expose port bindings of a virtual port to external application" updated="2017-07-17T10:00:00-00:00" {{(pid=103713) _check_extension /opt/stack/neutron/neutron/api/extensions.py:415}}
Jun 09 08:39:35.507282 np0000179116 devstack@neutron-api.service[103713]: INFO neutron.api.extensions [None req-e02b716b-765c-450d-ba71-d6e179e46275 None None] Loaded extension: binding-extended
Jun 09 08:39:35.507382 np0000179116 devstack@neutron-api.service[103713]: DEBUG neutron.api.extensions [None req-e02b716b-765c-450d-ba71-d6e179e46275 None None] Loading extension file: portsecurity.py {{(pid=103713) _load_all_extensions_from_path /opt/stack/neutron/neutron/api/extensions.py:449}}
Jun 09 08:39:35.507416 np0000179116 devstack@neutron-api.service[103714]: INFO neutron.quota.resource_registry [None req-564bf92f-3209-475a-8c31-fed8edcb59df None None] Creating instance of TrackedResource for resource:floatingip
Jun 09 08:39:35.507520 np0000179116 devstack@neutron-api.service[103714]: WARNING neutron.quota.resource_registry [None req-564bf92f-3209-475a-8c31-fed8edcb59df None None] floatingip is already registered
Jun 09 08:39:35.507654 np0000179116 devstack@neutron-api.service[103713]: DEBUG neutron.api.extensions [None req-e02b716b-765c-450d-ba71-d6e179e46275 None None] Ext name="Port Security" alias="port-security" description="Provides port security" updated="2012-07-23T10:00:00-00:00" {{(pid=103713) _check_extension /opt/stack/neutron/neutron/api/extensions.py:415}}
Jun 09 08:39:35.507866 np0000179116 devstack@neutron-api.service[103713]: INFO neutron.api.extensions [None req-e02b716b-765c-450d-ba71-d6e179e46275 None None] Loaded extension: port-security
Jun 09 08:39:35.507962 np0000179116 devstack@neutron-api.service[103713]: DEBUG neutron.api.extensions [None req-e02b716b-765c-450d-ba71-d6e179e46275 None None] Loading extension file: project_id.py {{(pid=103713) _load_all_extensions_from_path /opt/stack/neutron/neutron/api/extensions.py:449}}
Jun 09 08:39:35.508221 np0000179116 devstack@neutron-api.service[103713]: DEBUG neutron.api.extensions [None req-e02b716b-765c-450d-ba71-d6e179e46275 None None] Ext name="project_id field enabled" alias="project-id" description="Extension that indicates that project_id field is enabled." updated="2016-09-09T09:09:09-09:09" {{(pid=103713) _check_extension /opt/stack/neutron/neutron/api/extensions.py:415}}
Jun 09 08:39:35.508314 np0000179116 devstack@neutron-api.service[103713]: INFO neutron.api.extensions [None req-e02b716b-765c-450d-ba71-d6e179e46275 None None] Loaded extension: project-id
Jun 09 08:39:35.508437 np0000179116 devstack@neutron-api.service[103713]: DEBUG neutron.api.extensions [None req-e02b716b-765c-450d-ba71-d6e179e46275 None None] Loading extension file: providernet.py {{(pid=103713) _load_all_extensions_from_path /opt/stack/neutron/neutron/api/extensions.py:449}}
Jun 09 08:39:35.508923 np0000179116 devstack@neutron-api.service[103713]: DEBUG neutron.api.extensions [None req-e02b716b-765c-450d-ba71-d6e179e46275 None None] Ext name="Provider Network" alias="provider" description="Expose mapping of virtual networks to physical networks" updated="2012-09-07T10:00:00-00:00" {{(pid=103713) _check_extension /opt/stack/neutron/neutron/api/extensions.py:415}}
Jun 09 08:39:35.509150 np0000179116 devstack@neutron-api.service[103713]: INFO neutron.api.extensions [None req-e02b716b-765c-450d-ba71-d6e179e46275 None None] Loaded extension: provider
Jun 09 08:39:35.509251 np0000179116 devstack@neutron-api.service[103713]: DEBUG neutron.api.extensions [None req-e02b716b-765c-450d-ba71-d6e179e46275 None None] Loading extension file: pvlan.py {{(pid=103713) _load_all_extensions_from_path /opt/stack/neutron/neutron/api/extensions.py:449}}
Jun 09 08:39:35.509514 np0000179116 devstack@neutron-api.service[103713]: DEBUG neutron.api.extensions [None req-e02b716b-765c-450d-ba71-d6e179e46275 None None] Ext name="Private VLAN" alias="pvlan" description="The Private VLAN semantics extension." updated="2026-02-03T10:00:00-00:00" {{(pid=103713) _check_extension /opt/stack/neutron/neutron/api/extensions.py:415}}
Jun 09 08:39:35.509630 np0000179116 devstack@neutron-api.service[103714]: INFO neutron.quota.resource_registry [None req-564bf92f-3209-475a-8c31-fed8edcb59df None None] Creating instance of CountableResource for resource:rbac_policy
Jun 09 08:39:35.509737 np0000179116 devstack@neutron-api.service[103713]: INFO neutron.api.extensions [None req-e02b716b-765c-450d-ba71-d6e179e46275 None None] Extension pvlan not supported by any of loaded plugins
Jun 09 08:39:35.509770 np0000179116 devstack@neutron-api.service[103714]: WARNING neutron.quota.resource_registry [None req-564bf92f-3209-475a-8c31-fed8edcb59df None None] rbac_policy is already registered
Jun 09 08:39:35.509861 np0000179116 devstack@neutron-api.service[103713]: DEBUG neutron.api.extensions [None req-e02b716b-765c-450d-ba71-d6e179e46275 None None] Loading extension file: qinq.py {{(pid=103713) _load_all_extensions_from_path /opt/stack/neutron/neutron/api/extensions.py:449}}
Jun 09 08:39:35.510184 np0000179116 devstack@neutron-api.service[103713]: DEBUG neutron.api.extensions [None req-e02b716b-765c-450d-ba71-d6e179e46275 None None] Ext name="QinQ networks" alias="qinq" description="Expose network 'qinq' attribute in the API. This allows to configure network to allow vlan in vlan configuration using 0x88a8 ethertype (QinQ)." updated="2024-12-02T10:00:00-00:00" {{(pid=103713) _check_extension /opt/stack/neutron/neutron/api/extensions.py:415}}
Jun 09 08:39:35.510316 np0000179116 devstack@neutron-api.service[103714]: INFO neutron.quota.resource_registry [None req-564bf92f-3209-475a-8c31-fed8edcb59df None None] Creating instance of TrackedResource for resource:security_group
Jun 09 08:39:35.510420 np0000179116 devstack@neutron-api.service[103713]: INFO neutron.api.extensions [None req-e02b716b-765c-450d-ba71-d6e179e46275 None None] Loaded extension: qinq
Jun 09 08:39:35.510462 np0000179116 devstack@neutron-api.service[103714]: WARNING neutron.quota.resource_registry [None req-564bf92f-3209-475a-8c31-fed8edcb59df None None] security_group is already registered
Jun 09 08:39:35.510528 np0000179116 devstack@neutron-api.service[103713]: DEBUG neutron.api.extensions [None req-e02b716b-765c-450d-ba71-d6e179e46275 None None] Loading extension file: qos.py {{(pid=103713) _load_all_extensions_from_path /opt/stack/neutron/neutron/api/extensions.py:449}}
Jun 09 08:39:35.510815 np0000179116 devstack@neutron-api.service[103714]: INFO neutron.quota.resource_registry [None req-564bf92f-3209-475a-8c31-fed8edcb59df None None] Creating instance of TrackedResource for resource:security_group_rule
Jun 09 08:39:35.510942 np0000179116 devstack@neutron-api.service[103714]: WARNING neutron.quota.resource_registry [None req-564bf92f-3209-475a-8c31-fed8edcb59df None None] security_group_rule is already registered
Jun 09 08:39:35.511493 np0000179116 devstack@neutron-api.service[103714]: DEBUG neutron.api.v2.resource_helper [None req-564bf92f-3209-475a-8c31-fed8edcb59df None None] Service CORE assigned prefix: {{(pid=103714) build_resource_info /opt/stack/neutron/neutron/api/v2/resource_helper.py:77}}
Jun 09 08:39:35.511597 np0000179116 devstack@neutron-api.service[103713]: DEBUG neutron.api.extensions [None req-e02b716b-765c-450d-ba71-d6e179e46275 None None] Ext name="Quality of Service" alias="qos" description="The Quality of Service extension." updated="2015-06-08T10:00:00-00:00" {{(pid=103713) _check_extension /opt/stack/neutron/neutron/api/extensions.py:415}}
Jun 09 08:39:35.511635 np0000179116 devstack@neutron-api.service[103714]: INFO neutron.quota.resource_registry [None req-564bf92f-3209-475a-8c31-fed8edcb59df None None] Creating instance of TrackedResource for resource:subnetpool
Jun 09 08:39:35.511815 np0000179116 devstack@neutron-api.service[103714]: WARNING neutron.quota.resource_registry [None req-564bf92f-3209-475a-8c31-fed8edcb59df None None] subnetpool is already registered
Jun 09 08:39:35.511924 np0000179116 devstack@neutron-api.service[103713]: INFO neutron.api.extensions [None req-e02b716b-765c-450d-ba71-d6e179e46275 None None] Extension qos not supported by any of loaded plugins
Jun 09 08:39:35.512047 np0000179116 devstack@neutron-api.service[103713]: DEBUG neutron.api.extensions [None req-e02b716b-765c-450d-ba71-d6e179e46275 None None] Loading extension file: qos_bw_limit_direction.py {{(pid=103713) _load_all_extensions_from_path /opt/stack/neutron/neutron/api/extensions.py:449}}
Jun 09 08:39:35.512191 np0000179116 devstack@neutron-api.service[103714]: DEBUG neutron.api.v2.resource_helper [None req-564bf92f-3209-475a-8c31-fed8edcb59df None None] Service CORE assigned prefix: {{(pid=103714) build_resource_info /opt/stack/neutron/neutron/api/v2/resource_helper.py:77}}
Jun 09 08:39:35.512308 np0000179116 devstack@neutron-api.service[103714]: INFO neutron.quota.resource_registry [None req-564bf92f-3209-475a-8c31-fed8edcb59df None None] Creating instance of TrackedResource for resource:subnetpool
Jun 09 08:39:35.512341 np0000179116 devstack@neutron-api.service[103713]: DEBUG neutron.api.extensions [None req-e02b716b-765c-450d-ba71-d6e179e46275 None None] Ext name="Direction for QoS bandwidth limit rule" alias="qos-bw-limit-direction" description="Allow to configure QoS bandwidth limit rule with specific direction: ingress or egress" updated="2017-04-10T10:00:00-00:00" {{(pid=103713) _check_extension /opt/stack/neutron/neutron/api/extensions.py:415}}
Jun 09 08:39:35.512433 np0000179116 devstack@neutron-api.service[103714]: WARNING neutron.quota.resource_registry [None req-564bf92f-3209-475a-8c31-fed8edcb59df None None] subnetpool is already registered
Jun 09 08:39:35.512510 np0000179116 devstack@neutron-api.service[103713]: INFO neutron.api.extensions [None req-e02b716b-765c-450d-ba71-d6e179e46275 None None] Extension qos-bw-limit-direction not supported by any of loaded plugins
Jun 09 08:39:35.512603 np0000179116 devstack@neutron-api.service[103713]: DEBUG neutron.api.extensions [None req-e02b716b-765c-450d-ba71-d6e179e46275 None None] Loading extension file: qos_bw_minimum_ingress.py {{(pid=103713) _load_all_extensions_from_path /opt/stack/neutron/neutron/api/extensions.py:449}}
Jun 09 08:39:35.512840 np0000179116 devstack@neutron-api.service[103714]: DEBUG neutron.api.extensions [None req-564bf92f-3209-475a-8c31-fed8edcb59df None None] Extended resource: extensions {{(pid=103714) __init__ /opt/stack/neutron/neutron/api/extensions.py:156}}
Jun 09 08:39:35.512886 np0000179116 devstack@neutron-api.service[103713]: DEBUG neutron.api.extensions [None req-e02b716b-765c-450d-ba71-d6e179e46275 None None] Ext name="Ingress direction for QoS minimum bandwidth rule" alias="qos-bw-minimum-ingress" description="Allow to configure QoS minumum bandwidth rule with ingress direction." updated="2018-07-09T10:00:00-00:00" {{(pid=103713) _check_extension /opt/stack/neutron/neutron/api/extensions.py:415}}
Jun 09 08:39:35.513138 np0000179116 devstack@neutron-api.service[103713]: INFO neutron.api.extensions [None req-e02b716b-765c-450d-ba71-d6e179e46275 None None] Extension qos-bw-minimum-ingress not supported by any of loaded plugins
Jun 09 08:39:35.513193 np0000179116 devstack@neutron-api.service[103713]: DEBUG neutron.api.extensions [None req-e02b716b-765c-450d-ba71-d6e179e46275 None None] Loading extension file: qos_default.py {{(pid=103713) _load_all_extensions_from_path /opt/stack/neutron/neutron/api/extensions.py:449}}
Jun 09 08:39:35.513452 np0000179116 devstack@neutron-api.service[103713]: DEBUG neutron.api.extensions [None req-e02b716b-765c-450d-ba71-d6e179e46275 None None] Ext name="QoS default policy" alias="qos-default" description="Expose the QoS default policy per project" updated="2017-041-06T10:00:00-00:00" {{(pid=103713) _check_extension /opt/stack/neutron/neutron/api/extensions.py:415}}
Jun 09 08:39:35.513564 np0000179116 devstack@neutron-api.service[103714]: DEBUG neutron.api.extensions [None req-564bf92f-3209-475a-8c31-fed8edcb59df None None] Extended resource: address-groups {{(pid=103714) __init__ /opt/stack/neutron/neutron/api/extensions.py:156}}
Jun 09 08:39:35.513627 np0000179116 devstack@neutron-api.service[103713]: INFO neutron.api.extensions [None req-e02b716b-765c-450d-ba71-d6e179e46275 None None] Extension qos-default not supported by any of loaded plugins
Jun 09 08:39:35.513704 np0000179116 devstack@neutron-api.service[103713]: DEBUG neutron.api.extensions [None req-e02b716b-765c-450d-ba71-d6e179e46275 None None] Loading extension file: qos_fip.py {{(pid=103713) _load_all_extensions_from_path /opt/stack/neutron/neutron/api/extensions.py:449}}
Jun 09 08:39:35.513968 np0000179116 devstack@neutron-api.service[103713]: DEBUG neutron.api.extensions [None req-e02b716b-765c-450d-ba71-d6e179e46275 None None] Ext name="Floating IP QoS" alias="qos-fip" description="The floating IP Quality of Service extension" updated="2017-07-20T00:00:00-00:00" {{(pid=103713) _check_extension /opt/stack/neutron/neutron/api/extensions.py:415}}
Jun 09 08:39:35.514137 np0000179116 devstack@neutron-api.service[103713]: INFO neutron.api.extensions [None req-e02b716b-765c-450d-ba71-d6e179e46275 None None] Extension qos-fip not supported by any of loaded plugins
Jun 09 08:39:35.514221 np0000179116 devstack@neutron-api.service[103713]: DEBUG neutron.api.extensions [None req-e02b716b-765c-450d-ba71-d6e179e46275 None None] Loading extension file: qos_fip_network_policy.py {{(pid=103713) _load_all_extensions_from_path /opt/stack/neutron/neutron/api/extensions.py:449}}
Jun 09 08:39:35.514516 np0000179116 devstack@neutron-api.service[103713]: DEBUG neutron.api.extensions [None req-e02b716b-765c-450d-ba71-d6e179e46275 None None] Ext name="QoS floating IP network policy ID" alias="qos-fip-network-policy" description="Adds a the QoS network ID to the floating IP definition" updated="2021-11-15T10:00:00-00:00" {{(pid=103713) _check_extension /opt/stack/neutron/neutron/api/extensions.py:415}}
Jun 09 08:39:35.514720 np0000179116 devstack@neutron-api.service[103713]: INFO neutron.api.extensions [None req-e02b716b-765c-450d-ba71-d6e179e46275 None None] Extension qos-fip-network-policy not supported by any of loaded plugins
Jun 09 08:39:35.514720 np0000179116 devstack@neutron-api.service[103713]: DEBUG neutron.api.extensions [None req-e02b716b-765c-450d-ba71-d6e179e46275 None None] Loading extension file: qos_gateway_ip.py {{(pid=103713) _load_all_extensions_from_path /opt/stack/neutron/neutron/api/extensions.py:449}}
Jun 09 08:39:35.515001 np0000179116 devstack@neutron-api.service[103713]: DEBUG neutron.api.extensions [None req-e02b716b-765c-450d-ba71-d6e179e46275 None None] Ext name="Router gateway IP QoS" alias="qos-gateway-ip" description="The Router gateway IP Quality of Service extension" updated="2018-02-24T00:00:00-00:00" {{(pid=103713) _check_extension /opt/stack/neutron/neutron/api/extensions.py:415}}
Jun 09 08:39:35.515167 np0000179116 devstack@neutron-api.service[103713]: INFO neutron.api.extensions [None req-e02b716b-765c-450d-ba71-d6e179e46275 None None] Extension qos-gateway-ip not supported by any of loaded plugins
Jun 09 08:39:35.515260 np0000179116 devstack@neutron-api.service[103713]: DEBUG neutron.api.extensions [None req-e02b716b-765c-450d-ba71-d6e179e46275 None None] Loading extension file: qos_port_network_policy.py {{(pid=103713) _load_all_extensions_from_path /opt/stack/neutron/neutron/api/extensions.py:449}}
Jun 09 08:39:35.515499 np0000179116 devstack@neutron-api.service[103713]: DEBUG neutron.api.extensions [None req-e02b716b-765c-450d-ba71-d6e179e46275 None None] Ext name="QoS port network policy ID" alias="qos-port-network-policy" description="Adds a the QoS network ID to the port definition" updated="2019-11-01T10:00:00-00:00" {{(pid=103713) _check_extension /opt/stack/neutron/neutron/api/extensions.py:415}}
Jun 09 08:39:35.515673 np0000179116 devstack@neutron-api.service[103713]: INFO neutron.api.extensions [None req-e02b716b-765c-450d-ba71-d6e179e46275 None None] Extension qos-port-network-policy not supported by any of loaded plugins
Jun 09 08:39:35.515770 np0000179116 devstack@neutron-api.service[103713]: DEBUG neutron.api.extensions [None req-e02b716b-765c-450d-ba71-d6e179e46275 None None] Loading extension file: qos_pps_minimum_rule.py {{(pid=103713) _load_all_extensions_from_path /opt/stack/neutron/neutron/api/extensions.py:449}}
Jun 09 08:39:35.516110 np0000179116 devstack@neutron-api.service[103713]: DEBUG neutron.api.extensions [None req-e02b716b-765c-450d-ba71-d6e179e46275 None None] Ext name="QoS minimum packet rate rule" alias="qos-pps-minimum" description="Allow to configure QoS minimum packet rate rule." updated="2021-07-14T10:00:00-00:00" {{(pid=103713) _check_extension /opt/stack/neutron/neutron/api/extensions.py:415}}
Jun 09 08:39:35.516334 np0000179116 devstack@neutron-api.service[103713]: INFO neutron.api.extensions [None req-e02b716b-765c-450d-ba71-d6e179e46275 None None] Extension qos-pps-minimum not supported by any of loaded plugins
Jun 09 08:39:35.516427 np0000179116 devstack@neutron-api.service[103713]: DEBUG neutron.api.extensions [None req-e02b716b-765c-450d-ba71-d6e179e46275 None None] Loading extension file: qos_pps_minimum_rule_alias.py {{(pid=103713) _load_all_extensions_from_path /opt/stack/neutron/neutron/api/extensions.py:449}}
Jun 09 08:39:35.516683 np0000179116 devstack@neutron-api.service[103713]: DEBUG neutron.api.extensions [None req-e02b716b-765c-450d-ba71-d6e179e46275 None None] Ext name="QoS minimum packet rate rule alias" alias="qos-pps-minimum-rule-alias" description="API to enable GET, PUT and DELETE operations on QoS minimum packet rate rule without specifying policy ID" updated="2021-10-22T10:00:00-00:00" {{(pid=103713) _check_extension /opt/stack/neutron/neutron/api/extensions.py:415}}
Jun 09 08:39:35.516877 np0000179116 devstack@neutron-api.service[103713]: INFO neutron.api.extensions [None req-e02b716b-765c-450d-ba71-d6e179e46275 None None] Extension qos-pps-minimum-rule-alias not supported by any of loaded plugins
Jun 09 08:39:35.516974 np0000179116 devstack@neutron-api.service[103713]: DEBUG neutron.api.extensions [None req-e02b716b-765c-450d-ba71-d6e179e46275 None None] Loading extension file: qos_pps_rule.py {{(pid=103713) _load_all_extensions_from_path /opt/stack/neutron/neutron/api/extensions.py:449}}
Jun 09 08:39:35.517238 np0000179116 devstack@neutron-api.service[103713]: DEBUG neutron.api.extensions [None req-e02b716b-765c-450d-ba71-d6e179e46275 None None] Ext name="QoS Rule Type Packet per Second Extension" alias="qos-pps" description="Add QoS Rule Type Packet per Second" updated="2021-05-12T10:00:00-00:00" {{(pid=103713) _check_extension /opt/stack/neutron/neutron/api/extensions.py:415}}
Jun 09 08:39:35.517734 np0000179116 devstack@neutron-api.service[103713]: INFO neutron.api.extensions [None req-e02b716b-765c-450d-ba71-d6e179e46275 None None] Extension qos-pps not supported by any of loaded plugins
Jun 09 08:39:35.518070 np0000179116 devstack@neutron-api.service[103713]: DEBUG neutron.api.extensions [None req-e02b716b-765c-450d-ba71-d6e179e46275 None None] Loading extension file: qos_rule_type_details.py {{(pid=103713) _load_all_extensions_from_path /opt/stack/neutron/neutron/api/extensions.py:449}}
Jun 09 08:39:35.518328 np0000179116 devstack@neutron-api.service[103713]: DEBUG neutron.api.extensions [None req-e02b716b-765c-450d-ba71-d6e179e46275 None None] Ext name="Details of QoS rule types" alias="qos-rule-type-details" description="Expose details about QoS rule types supported by loaded backend drivers" updated="2017-06-22T10:00:00-00:00" {{(pid=103713) _check_extension /opt/stack/neutron/neutron/api/extensions.py:415}}
Jun 09 08:39:35.518526 np0000179116 devstack@neutron-api.service[103713]: INFO neutron.api.extensions [None req-e02b716b-765c-450d-ba71-d6e179e46275 None None] Extension qos-rule-type-details not supported by any of loaded plugins
Jun 09 08:39:35.518610 np0000179116 devstack@neutron-api.service[103713]: DEBUG neutron.api.extensions [None req-e02b716b-765c-450d-ba71-d6e179e46275 None None] Loading extension file: qos_rule_type_filter.py {{(pid=103713) _load_all_extensions_from_path /opt/stack/neutron/neutron/api/extensions.py:449}}
Jun 09 08:39:35.518900 np0000179116 devstack@neutron-api.service[103713]: DEBUG neutron.api.extensions [None req-e02b716b-765c-450d-ba71-d6e179e46275 None None] Ext name="Allow to filter the list of QoS rule types" alias="qos-rule-type-filter" description="Allows to filter the QoS rule type list adding two new flags. "all_rules" prints all implemented QoS rule types."all_supported" prints all supported QoS rule types by the loaded mechanism drivers" updated="2022-02-02T10:00:00-00:00" {{(pid=103713) _check_extension /opt/stack/neutron/neutron/api/extensions.py:415}}
Jun 09 08:39:35.519083 np0000179116 devstack@neutron-api.service[103713]: INFO neutron.api.extensions [None req-e02b716b-765c-450d-ba71-d6e179e46275 None None] Extension qos-rule-type-filter not supported by any of loaded plugins
Jun 09 08:39:35.519308 np0000179116 devstack@neutron-api.service[103713]: DEBUG neutron.api.extensions [None req-e02b716b-765c-450d-ba71-d6e179e46275 None None] Loading extension file: qos_rules_alias.py {{(pid=103713) _load_all_extensions_from_path /opt/stack/neutron/neutron/api/extensions.py:449}}
Jun 09 08:39:35.519503 np0000179116 devstack@neutron-api.service[103713]: DEBUG neutron.api.extensions [None req-e02b716b-765c-450d-ba71-d6e179e46275 None None] Ext name="Quality of Service rules alias API" alias="qos-rules-alias" description="API to enable GET, PUT and DELETE operations on QoS policy rules without specifying policy ID" updated="2018-10-07T10:00:00-00:00" {{(pid=103713) _check_extension /opt/stack/neutron/neutron/api/extensions.py:415}}
Jun 09 08:39:35.519605 np0000179116 devstack@neutron-api.service[103713]: INFO neutron.api.extensions [None req-e02b716b-765c-450d-ba71-d6e179e46275 None None] Extension qos-rules-alias not supported by any of loaded plugins
Jun 09 08:39:35.519670 np0000179116 devstack@neutron-api.service[103713]: DEBUG neutron.api.extensions [None req-e02b716b-765c-450d-ba71-d6e179e46275 None None] Loading extension file: quota_check_limit.py {{(pid=103713) _load_all_extensions_from_path /opt/stack/neutron/neutron/api/extensions.py:449}}
Jun 09 08:39:35.520110 np0000179116 devstack@neutron-api.service[103713]: DEBUG neutron.api.extensions [None req-e02b716b-765c-450d-ba71-d6e179e46275 None None] Ext name="Quota engine limit check" alias="quota-check-limit" description="Support for checking the resource usage before applying a new quota limit" updated="2021-09-08T16:00:00-00:00" {{(pid=103713) _check_extension /opt/stack/neutron/neutron/api/extensions.py:415}}
Jun 09 08:39:35.520282 np0000179116 devstack@neutron-api.service[103713]: INFO neutron.api.extensions [None req-e02b716b-765c-450d-ba71-d6e179e46275 None None] Loaded extension: quota-check-limit
Jun 09 08:39:35.520282 np0000179116 devstack@neutron-api.service[103713]: DEBUG neutron.api.extensions [None req-e02b716b-765c-450d-ba71-d6e179e46275 None None] Loading extension file: quota_check_limit_default.py {{(pid=103713) _load_all_extensions_from_path /opt/stack/neutron/neutron/api/extensions.py:449}}
Jun 09 08:39:35.520664 np0000179116 devstack@neutron-api.service[103713]: DEBUG neutron.api.extensions [None req-e02b716b-765c-450d-ba71-d6e179e46275 None None] Ext name="Quota engine limit check by default" alias="quota-check-limit-default" description="By default, the Neutron quota engine checks the resource usage before applying a new quota limit" updated="2024-08-21T16:00:00-00:00" {{(pid=103713) _check_extension /opt/stack/neutron/neutron/api/extensions.py:415}}
Jun 09 08:39:35.520935 np0000179116 devstack@neutron-api.service[103713]: INFO neutron.api.extensions [None req-e02b716b-765c-450d-ba71-d6e179e46275 None None] Loaded extension: quota-check-limit-default
Jun 09 08:39:35.521066 np0000179116 devstack@neutron-api.service[103713]: DEBUG neutron.api.extensions [None req-e02b716b-765c-450d-ba71-d6e179e46275 None None] Loading extension file: quotasv2.py {{(pid=103713) _load_all_extensions_from_path /opt/stack/neutron/neutron/api/extensions.py:449}}
Jun 09 08:39:35.521828 np0000179116 devstack@neutron-api.service[103713]: DEBUG neutron.api.extensions [None req-e02b716b-765c-450d-ba71-d6e179e46275 None None] Ext name="Quota management support" alias="quotas" description="Expose functions for quotas management per project" updated="2012-07-29T10:00:00-00:00" {{(pid=103713) _check_extension /opt/stack/neutron/neutron/api/extensions.py:415}}
Jun 09 08:39:35.521980 np0000179116 devstack@neutron-api.service[103713]: INFO neutron.api.extensions [None req-e02b716b-765c-450d-ba71-d6e179e46275 None None] Loaded extension: quotas
Jun 09 08:39:35.522108 np0000179116 devstack@neutron-api.service[103713]: DEBUG neutron.api.extensions [None req-e02b716b-765c-450d-ba71-d6e179e46275 None None] Loading extension file: quotasv2_detail.py {{(pid=103713) _load_all_extensions_from_path /opt/stack/neutron/neutron/api/extensions.py:449}}
Jun 09 08:39:35.522604 np0000179116 devstack@neutron-api.service[103713]: DEBUG neutron.api.extensions [None req-e02b716b-765c-450d-ba71-d6e179e46275 None None] Ext name="Quota details management support" alias="quota_details" description="Expose functions for quotas usage statistics per project" updated="2017-02-10T10:00:00-00:00" {{(pid=103713) _check_extension /opt/stack/neutron/neutron/api/extensions.py:415}}
Jun 09 08:39:35.522755 np0000179116 devstack@neutron-api.service[103713]: INFO neutron.api.extensions [None req-e02b716b-765c-450d-ba71-d6e179e46275 None None] Loaded extension: quota_details
Jun 09 08:39:35.522906 np0000179116 devstack@neutron-api.service[103713]: DEBUG neutron.api.extensions [None req-e02b716b-765c-450d-ba71-d6e179e46275 None None] Loading extension file: rbac.py {{(pid=103713) _load_all_extensions_from_path /opt/stack/neutron/neutron/api/extensions.py:449}}
Jun 09 08:39:35.523827 np0000179116 devstack@neutron-api.service[103713]: DEBUG neutron.api.extensions [None req-e02b716b-765c-450d-ba71-d6e179e46275 None None] Ext name="RBAC Policies" alias="rbac-policies" description="Allows creation and modification of policies that control project access to resources." updated="2015-06-17T12:15:12-00:00" {{(pid=103713) _check_extension /opt/stack/neutron/neutron/api/extensions.py:415}}
Jun 09 08:39:35.524199 np0000179116 devstack@neutron-api.service[103713]: INFO neutron.api.extensions [None req-e02b716b-765c-450d-ba71-d6e179e46275 None None] Loaded extension: rbac-policies
Jun 09 08:39:35.524313 np0000179116 devstack@neutron-api.service[103713]: DEBUG neutron.api.extensions [None req-e02b716b-765c-450d-ba71-d6e179e46275 None None] Loading extension file: rbac_address_group.py {{(pid=103713) _load_all_extensions_from_path /opt/stack/neutron/neutron/api/extensions.py:449}}
Jun 09 08:39:35.524569 np0000179116 devstack@neutron-api.service[103713]: DEBUG neutron.api.extensions [None req-e02b716b-765c-450d-ba71-d6e179e46275 None None] Ext name="Add address_group type to RBAC" alias="rbac-address-group" description="Add address_group type to network RBAC" updated="2021-01-20T00:00:00-00:00" {{(pid=103713) _check_extension /opt/stack/neutron/neutron/api/extensions.py:415}}
Jun 09 08:39:35.524744 np0000179116 devstack@neutron-api.service[103713]: INFO neutron.api.extensions [None req-e02b716b-765c-450d-ba71-d6e179e46275 None None] Extension rbac-address-group not supported by any of loaded plugins
Jun 09 08:39:35.524853 np0000179116 devstack@neutron-api.service[103713]: DEBUG neutron.api.extensions [None req-e02b716b-765c-450d-ba71-d6e179e46275 None None] Loading extension file: rbac_address_scope.py {{(pid=103713) _load_all_extensions_from_path /opt/stack/neutron/neutron/api/extensions.py:449}}
Jun 09 08:39:35.525097 np0000179116 devstack@neutron-api.service[103713]: DEBUG neutron.api.extensions [None req-e02b716b-765c-450d-ba71-d6e179e46275 None None] Ext name="Add address_scope type to RBAC" alias="rbac-address-scope" description="Add address_scope type to RBAC" updated="2020-02-12T00:00:00-00:00" {{(pid=103713) _check_extension /opt/stack/neutron/neutron/api/extensions.py:415}}
Jun 09 08:39:35.525262 np0000179116 devstack@neutron-api.service[103713]: INFO neutron.api.extensions [None req-e02b716b-765c-450d-ba71-d6e179e46275 None None] Loaded extension: rbac-address-scope
Jun 09 08:39:35.525425 np0000179116 devstack@neutron-api.service[103713]: DEBUG neutron.api.extensions [None req-e02b716b-765c-450d-ba71-d6e179e46275 None None] Loading extension file: rbac_security_groups.py {{(pid=103713) _load_all_extensions_from_path /opt/stack/neutron/neutron/api/extensions.py:449}}
Jun 09 08:39:35.525596 np0000179116 devstack@neutron-api.service[103713]: DEBUG neutron.api.extensions [None req-e02b716b-765c-450d-ba71-d6e179e46275 None None] Ext name="Add security_group type to network RBAC" alias="rbac-security-groups" description="Add security_group type to network RBAC" updated="2019-02-14T00:00:00-00:00" {{(pid=103713) _check_extension /opt/stack/neutron/neutron/api/extensions.py:415}}
Jun 09 08:39:35.525776 np0000179116 devstack@neutron-api.service[103713]: INFO neutron.api.extensions [None req-e02b716b-765c-450d-ba71-d6e179e46275 None None] Loaded extension: rbac-security-groups
Jun 09 08:39:35.525887 np0000179116 devstack@neutron-api.service[103713]: DEBUG neutron.api.extensions [None req-e02b716b-765c-450d-ba71-d6e179e46275 None None] Loading extension file: rbac_subnetpool.py {{(pid=103713) _load_all_extensions_from_path /opt/stack/neutron/neutron/api/extensions.py:449}}
Jun 09 08:39:35.526126 np0000179116 devstack@neutron-api.service[103713]: DEBUG neutron.api.extensions [None req-e02b716b-765c-450d-ba71-d6e179e46275 None None] Ext name="Add subnetpool type to RBAC" alias="rbac-subnetpool" description="Add subnetpool type to RBAC" updated="2020-02-05T00:00:00-00:00" {{(pid=103713) _check_extension /opt/stack/neutron/neutron/api/extensions.py:415}}
Jun 09 08:39:35.526293 np0000179116 devstack@neutron-api.service[103713]: INFO neutron.api.extensions [None req-e02b716b-765c-450d-ba71-d6e179e46275 None None] Extension rbac-subnetpool not supported by any of loaded plugins
Jun 09 08:39:35.526386 np0000179116 devstack@neutron-api.service[103713]: DEBUG neutron.api.extensions [None req-e02b716b-765c-450d-ba71-d6e179e46275 None None] Loading extension file: revisionifmatch.py {{(pid=103713) _load_all_extensions_from_path /opt/stack/neutron/neutron/api/extensions.py:449}}
Jun 09 08:39:35.526506 np0000179116 devstack@neutron-api.service[103715]: INFO neutron.quota [None req-317111b2-48b8-4c03-b246-c9f06c562716 None None] Loaded quota_driver: .
Jun 09 08:39:35.526623 np0000179116 devstack@neutron-api.service[103713]: DEBUG neutron.api.extensions [None req-e02b716b-765c-450d-ba71-d6e179e46275 None None] Ext name="If-Match constraints based on revision_number" alias="revision-if-match" description="Extension indicating that If-Match based on revision_number is supported." updated="2016-12-11T00:00:00-00:00" {{(pid=103713) _check_extension /opt/stack/neutron/neutron/api/extensions.py:415}}
Jun 09 08:39:35.526661 np0000179116 devstack@neutron-api.service[103715]: INFO neutron.plugins.ml2.plugin [None req-317111b2-48b8-4c03-b246-c9f06c562716 None None] Modular L2 Plugin initialization complete
Jun 09 08:39:35.526795 np0000179116 devstack@neutron-api.service[103713]: INFO neutron.api.extensions [None req-e02b716b-765c-450d-ba71-d6e179e46275 None None] Loaded extension: revision-if-match
Jun 09 08:39:35.526859 np0000179116 devstack@neutron-api.service[103715]: DEBUG neutron.manager [None req-317111b2-48b8-4c03-b246-c9f06c562716 None None] Loading services supported by the core plugin {{(pid=103715) _load_services_from_core_plugin /opt/stack/neutron/neutron/manager.py:170}}
Jun 09 08:39:35.526916 np0000179116 devstack@neutron-api.service[103713]: DEBUG neutron.api.extensions [None req-e02b716b-765c-450d-ba71-d6e179e46275 None None] Loading extension file: revisions.py {{(pid=103713) _load_all_extensions_from_path /opt/stack/neutron/neutron/api/extensions.py:449}}
Jun 09 08:39:35.527064 np0000179116 devstack@neutron-api.service[103715]: INFO neutron.plugins.ml2.managers [None req-317111b2-48b8-4c03-b246-c9f06c562716 None None] Got port-security extension from driver 'port_security'
Jun 09 08:39:35.527176 np0000179116 devstack@neutron-api.service[103713]: DEBUG neutron.api.extensions [None req-e02b716b-765c-450d-ba71-d6e179e46275 None None] Ext name="Resource revision numbers" alias="standard-attr-revisions" description="This extension will display the revision number of neutron resources." updated="2016-04-11T10:00:00-00:00" {{(pid=103713) _check_extension /opt/stack/neutron/neutron/api/extensions.py:415}}
Jun 09 08:39:35.527292 np0000179116 devstack@neutron-api.service[103715]: DEBUG neutron.manager [None req-317111b2-48b8-4c03-b246-c9f06c562716 None None] Loading service plugins: ['ovn-router', 'auto_allocate', 'tag', 'timestamp', 'network_ip_availability', 'flavors', 'revisions'] {{(pid=103715) _load_service_plugins /opt/stack/neutron/neutron/manager.py:195}}
Jun 09 08:39:35.527351 np0000179116 devstack@neutron-api.service[103713]: INFO neutron.api.extensions [None req-e02b716b-765c-450d-ba71-d6e179e46275 None None] Loaded extension: standard-attr-revisions
Jun 09 08:39:35.527413 np0000179116 devstack@neutron-api.service[103715]: INFO neutron.manager [None req-317111b2-48b8-4c03-b246-c9f06c562716 None None] Loading Plugin: ovn-router
Jun 09 08:39:35.527465 np0000179116 devstack@neutron-api.service[103713]: DEBUG neutron.api.extensions [None req-e02b716b-765c-450d-ba71-d6e179e46275 None None] Loading extension file: router_availability_zone.py {{(pid=103713) _load_all_extensions_from_path /opt/stack/neutron/neutron/api/extensions.py:449}}
Jun 09 08:39:35.527696 np0000179116 devstack@neutron-api.service[103713]: DEBUG neutron.api.extensions [None req-e02b716b-765c-450d-ba71-d6e179e46275 None None] Ext name="Router Availability Zone" alias="router_availability_zone" description="Availability zone support for router." updated="2015-01-01T10:00:00-00:00" {{(pid=103713) _check_extension /opt/stack/neutron/neutron/api/extensions.py:415}}
