Apr 04 10:34:32.171700 np0000163483 systemd[1]: Starting devstack@n-api-meta.service - Devstack devstack@n-api-meta.service...
Apr 04 10:34:32.178430 np0000163483 devstack@n-api-meta.service[107400]: [uWSGI] getting INI configuration from /etc/nova/nova-metadata-uwsgi.ini
Apr 04 10:34:32.179161 np0000163483 devstack@n-api-meta.service[107400]: open("./http_plugin.so"): No such file or directory [core/utils.c line 3709]
Apr 04 10:34:32.179161 np0000163483 devstack@n-api-meta.service[107400]: !!! UNABLE to load uWSGI plugin: ./http_plugin.so: cannot open shared object file: No such file or directory !!!
Apr 04 10:34:32.179161 np0000163483 devstack@n-api-meta.service[107400]: open("./python3_plugin.so"): No such file or directory [core/utils.c line 3709]
Apr 04 10:34:32.179161 np0000163483 devstack@n-api-meta.service[107400]: !!! UNABLE to load uWSGI plugin: ./python3_plugin.so: cannot open shared object file: No such file or directory !!!
Apr 04 10:34:32.179161 np0000163483 devstack@n-api-meta.service[107400]: *** Starting uWSGI 2.0.31 (64bit) on [Sat Apr 4 10:34:32 2026] ***
Apr 04 10:34:32.179161 np0000163483 devstack@n-api-meta.service[107400]: compiled with version: 13.3.0 on 04 April 2026 10:24:05
Apr 04 10:34:32.179161 np0000163483 devstack@n-api-meta.service[107400]: os: Linux-6.8.0-107-generic #107-Ubuntu SMP PREEMPT_DYNAMIC Fri Mar 13 19:51:50 UTC 2026
Apr 04 10:34:32.179161 np0000163483 devstack@n-api-meta.service[107400]: nodename: np0000163483
Apr 04 10:34:32.179161 np0000163483 devstack@n-api-meta.service[107400]: machine: x86_64
Apr 04 10:34:32.179161 np0000163483 devstack@n-api-meta.service[107400]: clock source: unix
Apr 04 10:34:32.179161 np0000163483 devstack@n-api-meta.service[107400]: pcre jit disabled
Apr 04 10:34:32.179161 np0000163483 devstack@n-api-meta.service[107400]: detected number of CPU cores: 16
Apr 04 10:34:32.179161 np0000163483 devstack@n-api-meta.service[107400]: current working directory: /
Apr 04 10:34:32.179161 np0000163483 devstack@n-api-meta.service[107400]: detected binary path: /opt/stack/data/venv/bin/uwsgi
Apr 04 10:34:32.179161 np0000163483 devstack@n-api-meta.service[107400]: your processes number limit is 256917
Apr 04 10:34:32.179161 np0000163483 devstack@n-api-meta.service[107400]: your memory page size is 4096 bytes
Apr 04 10:34:32.179161 np0000163483 devstack@n-api-meta.service[107400]: detected max file descriptor number: 2048
Apr 04 10:34:32.179161 np0000163483 devstack@n-api-meta.service[107400]: lock engine: pthread robust mutexes
Apr 04 10:34:32.179161 np0000163483 devstack@n-api-meta.service[107400]: thunder lock: enabled
Apr 04 10:34:32.179161 np0000163483 devstack@n-api-meta.service[107400]: uWSGI http bound on 0.0.0.0:8775 fd 5
Apr 04 10:34:32.179161 np0000163483 devstack@n-api-meta.service[107400]: uwsgi socket 0 bound to TCP address 127.0.0.1:40385 (port auto-assigned) fd 4
Apr 04 10:34:32.179161 np0000163483 devstack@n-api-meta.service[107400]: Python version: 3.12.3 (main, Mar 3 2026, 12:15:18) [GCC 13.3.0]
Apr 04 10:34:32.179161 np0000163483 devstack@n-api-meta.service[107400]: PEP 405 virtualenv detected: /opt/stack/data/venv
Apr 04 10:34:32.179161 np0000163483 devstack@n-api-meta.service[107400]: Set PythonHome to /opt/stack/data/venv
Apr 04 10:34:32.214297 np0000163483 devstack@n-api-meta.service[107400]: Python main interpreter initialized at 0x7ea4c60a3668
Apr 04 10:34:32.214297 np0000163483 devstack@n-api-meta.service[107400]: python threads support enabled
Apr 04 10:34:32.214297 np0000163483 devstack@n-api-meta.service[107400]: your server socket listen backlog is limited to 100 connections
Apr 04 10:34:32.214297 np0000163483 devstack@n-api-meta.service[107400]: your mercy for graceful operations on workers is 80 seconds
Apr 04 10:34:32.214840 np0000163483 devstack@n-api-meta.service[107400]: mapped 671795 bytes (656 KB) for 4 cores
Apr 04 10:34:32.214957 np0000163483 devstack@n-api-meta.service[107400]: *** Operational MODE: preforking ***
Apr 04 10:34:32.215198 np0000163483 devstack@n-api-meta.service[107400]: *** uWSGI is running in multiple interpreter mode ***
Apr 04 10:34:32.215198 np0000163483 devstack@n-api-meta.service[107400]: spawned uWSGI master process (pid: 107400)
Apr 04 10:34:32.215291 np0000163483 systemd[1]: Started devstack@n-api-meta.service - Devstack devstack@n-api-meta.service.
Apr 04 10:34:32.215857 np0000163483 devstack@n-api-meta.service[107400]: spawned uWSGI worker 1 (pid: 107401, cores: 1)
Apr 04 10:34:32.216455 np0000163483 devstack@n-api-meta.service[107400]: spawned uWSGI worker 2 (pid: 107402, cores: 1)
Apr 04 10:34:32.216861 np0000163483 devstack@n-api-meta.service[107400]: spawned uWSGI worker 3 (pid: 107403, cores: 1)
Apr 04 10:34:32.217307 np0000163483 devstack@n-api-meta.service[107400]: spawned uWSGI worker 4 (pid: 107404, cores: 1)
Apr 04 10:34:32.217783 np0000163483 devstack@n-api-meta.service[107400]: spawned uWSGI http 1 (pid: 107405)
Apr 04 10:34:32.217783 np0000163483 devstack@n-api-meta.service[107400]: running "unix_signal:15 gracefully_kill_them_all" (master-start)...
Apr 04 10:34:32.553546 np0000163483 devstack@n-api-meta.service[107401]: Service is starting with native threading. This is currently experimental. Do not use it in production without first testing it in pre-production.
Apr 04 10:34:32.556425 np0000163483 devstack@n-api-meta.service[107403]: Service is starting with native threading. This is currently experimental. Do not use it in production without first testing it in pre-production.
Apr 04 10:34:32.569650 np0000163483 devstack@n-api-meta.service[107404]: Service is starting with native threading. This is currently experimental. Do not use it in production without first testing it in pre-production.
Apr 04 10:34:32.583555 np0000163483 devstack@n-api-meta.service[107402]: Service is starting with native threading. This is currently experimental. Do not use it in production without first testing it in pre-production.
Apr 04 10:34:33.966590 np0000163483 devstack@n-api-meta.service[107401]: INFO dbcounter [None req-9e3a5f19-1d7a-45b0-b168-0dbf13249ce6 None None] Registered counter for database nova_api
Apr 04 10:34:33.985787 np0000163483 devstack@n-api-meta.service[107401]: DEBUG oslo_db.sqlalchemy.engines [None req-9e3a5f19-1d7a-45b0-b168-0dbf13249ce6 None None] MySQL server mode set to STRICT_TRANS_TABLES,STRICT_ALL_TABLES,NO_ZERO_IN_DATE,NO_ZERO_DATE,ERROR_FOR_DIVISION_BY_ZERO,TRADITIONAL,NO_ENGINE_SUBSTITUTION {{(pid=107401) _check_effective_sql_mode /opt/stack/data/venv/lib/python3.12/site-packages/oslo_db/sqlalchemy/engines.py:325}}
Apr 04 10:34:34.008479 np0000163483 devstack@n-api-meta.service[107404]: INFO dbcounter [None req-b1b0b5dd-2d1c-4e58-9d6d-b992913b7db8 None None] Registered counter for database nova_api
Apr 04 10:34:34.016712 np0000163483 devstack@n-api-meta.service[107401]: DEBUG dbcounter [-] [107401] Writer thread running {{(pid=107401) stat_writer /opt/stack/data/venv/lib/python3.12/site-packages/dbcounter.py:102}}
Apr 04 10:34:34.018858 np0000163483 devstack@n-api-meta.service[107401]: DEBUG nova.context [None req-9e3a5f19-1d7a-45b0-b168-0dbf13249ce6 None None] Found 2 cells: 00000000-0000-0000-0000-000000000000(cell0),4a221156-4e5c-46b9-9ad9-9a1dc42db8ec(cell1) {{(pid=107401) load_cells /opt/stack/nova/nova/context.py:509}}
Apr 04 10:34:34.019061 np0000163483 devstack@n-api-meta.service[107401]: INFO nova.utils [None req-9e3a5f19-1d7a-45b0-b168-0dbf13249ce6 None None] The cell worker thread pool MainProcess.cell_worker is initialized
Apr 04 10:34:34.020220 np0000163483 devstack@n-api-meta.service[107403]: INFO dbcounter [None req-79dfaba0-0e1a-4e4b-a7fb-4f09f6a88202 None None] Registered counter for database nova_api
Apr 04 10:34:34.020730 np0000163483 devstack@n-api-meta.service[107401]: DEBUG oslo_concurrency.lockutils [None req-9e3a5f19-1d7a-45b0-b168-0dbf13249ce6 None None] Acquiring lock "00000000-0000-0000-0000-000000000000" by "nova.context.set_target_cell..get_or_set_cached_cell_and_set_connections" {{(pid=107401) inner /opt/stack/data/venv/lib/python3.12/site-packages/oslo_concurrency/lockutils.py:506}}
Apr 04 10:34:34.020885 np0000163483 devstack@n-api-meta.service[107401]: DEBUG oslo_concurrency.lockutils [None req-9e3a5f19-1d7a-45b0-b168-0dbf13249ce6 None None] Lock "00000000-0000-0000-0000-000000000000" acquired by "nova.context.set_target_cell..get_or_set_cached_cell_and_set_connections" :: waited 0.000s {{(pid=107401) inner /opt/stack/data/venv/lib/python3.12/site-packages/oslo_concurrency/lockutils.py:519}}
Apr 04 10:34:34.021217 np0000163483 devstack@n-api-meta.service[107401]: DEBUG oslo_concurrency.lockutils [None req-9e3a5f19-1d7a-45b0-b168-0dbf13249ce6 None None] Lock "00000000-0000-0000-0000-000000000000" "released" by "nova.context.set_target_cell..get_or_set_cached_cell_and_set_connections" :: held 0.000s {{(pid=107401) inner /opt/stack/data/venv/lib/python3.12/site-packages/oslo_concurrency/lockutils.py:538}}
Apr 04 10:34:34.021966 np0000163483 devstack@n-api-meta.service[107401]: DEBUG oslo_concurrency.lockutils [None req-9e3a5f19-1d7a-45b0-b168-0dbf13249ce6 None None] Acquiring lock "4a221156-4e5c-46b9-9ad9-9a1dc42db8ec" by "nova.context.set_target_cell..get_or_set_cached_cell_and_set_connections" {{(pid=107401) inner /opt/stack/data/venv/lib/python3.12/site-packages/oslo_concurrency/lockutils.py:506}}
Apr 04 10:34:34.022106 np0000163483 devstack@n-api-meta.service[107401]: DEBUG oslo_concurrency.lockutils [None req-9e3a5f19-1d7a-45b0-b168-0dbf13249ce6 None None] Lock "4a221156-4e5c-46b9-9ad9-9a1dc42db8ec" acquired by "nova.context.set_target_cell..get_or_set_cached_cell_and_set_connections" :: waited 0.000s {{(pid=107401) inner /opt/stack/data/venv/lib/python3.12/site-packages/oslo_concurrency/lockutils.py:519}}
Apr 04 10:34:34.022965 np0000163483 devstack@n-api-meta.service[107401]: DEBUG oslo_concurrency.lockutils [None req-9e3a5f19-1d7a-45b0-b168-0dbf13249ce6 None None] Lock "4a221156-4e5c-46b9-9ad9-9a1dc42db8ec" "released" by "nova.context.set_target_cell..get_or_set_cached_cell_and_set_connections" :: held 0.001s {{(pid=107401) inner /opt/stack/data/venv/lib/python3.12/site-packages/oslo_concurrency/lockutils.py:538}}
Apr 04 10:34:34.025398 np0000163483 devstack@n-api-meta.service[107404]: DEBUG oslo_db.sqlalchemy.engines [None req-b1b0b5dd-2d1c-4e58-9d6d-b992913b7db8 None None] MySQL server mode set to STRICT_TRANS_TABLES,STRICT_ALL_TABLES,NO_ZERO_IN_DATE,NO_ZERO_DATE,ERROR_FOR_DIVISION_BY_ZERO,TRADITIONAL,NO_ENGINE_SUBSTITUTION {{(pid=107404) _check_effective_sql_mode /opt/stack/data/venv/lib/python3.12/site-packages/oslo_db/sqlalchemy/engines.py:325}}
Apr 04 10:34:34.025937 np0000163483 devstack@n-api-meta.service[107401]: INFO dbcounter [None req-9e3a5f19-1d7a-45b0-b168-0dbf13249ce6 None None] Registered counter for database nova_cell0
Apr 04 10:34:34.032229 np0000163483 devstack@n-api-meta.service[107401]: INFO dbcounter [None req-9e3a5f19-1d7a-45b0-b168-0dbf13249ce6 None None] Registered counter for database nova_cell1
Apr 04 10:34:34.039395 np0000163483 devstack@n-api-meta.service[107403]: DEBUG oslo_db.sqlalchemy.engines [None req-79dfaba0-0e1a-4e4b-a7fb-4f09f6a88202 None None] MySQL server mode set to STRICT_TRANS_TABLES,STRICT_ALL_TABLES,NO_ZERO_IN_DATE,NO_ZERO_DATE,ERROR_FOR_DIVISION_BY_ZERO,TRADITIONAL,NO_ENGINE_SUBSTITUTION {{(pid=107403) _check_effective_sql_mode /opt/stack/data/venv/lib/python3.12/site-packages/oslo_db/sqlalchemy/engines.py:325}}
Apr 04 10:34:34.042984 np0000163483 devstack@n-api-meta.service[107401]: DEBUG oslo_db.sqlalchemy.engines [None req-9e3a5f19-1d7a-45b0-b168-0dbf13249ce6 None None] MySQL server mode set to STRICT_TRANS_TABLES,STRICT_ALL_TABLES,NO_ZERO_IN_DATE,NO_ZERO_DATE,ERROR_FOR_DIVISION_BY_ZERO,TRADITIONAL,NO_ENGINE_SUBSTITUTION {{(pid=107401) _check_effective_sql_mode /opt/stack/data/venv/lib/python3.12/site-packages/oslo_db/sqlalchemy/engines.py:325}}
Apr 04 10:34:34.047972 np0000163483 devstack@n-api-meta.service[107402]: INFO dbcounter [None req-1e218d47-8f21-4a33-a486-86a4d1fa6cf3 None None] Registered counter for database nova_api
Apr 04 10:34:34.048963 np0000163483 devstack@n-api-meta.service[107401]: DEBUG oslo_db.sqlalchemy.engines [None req-9e3a5f19-1d7a-45b0-b168-0dbf13249ce6 None None] MySQL server mode set to STRICT_TRANS_TABLES,STRICT_ALL_TABLES,NO_ZERO_IN_DATE,NO_ZERO_DATE,ERROR_FOR_DIVISION_BY_ZERO,TRADITIONAL,NO_ENGINE_SUBSTITUTION {{(pid=107401) _check_effective_sql_mode /opt/stack/data/venv/lib/python3.12/site-packages/oslo_db/sqlalchemy/engines.py:325}}
Apr 04 10:34:34.060097 np0000163483 devstack@n-api-meta.service[107404]: DEBUG dbcounter [-] [107404] Writer thread running {{(pid=107404) stat_writer /opt/stack/data/venv/lib/python3.12/site-packages/dbcounter.py:102}}
Apr 04 10:34:34.062553 np0000163483 devstack@n-api-meta.service[107404]: DEBUG nova.context [None req-b1b0b5dd-2d1c-4e58-9d6d-b992913b7db8 None None] Found 2 cells: 00000000-0000-0000-0000-000000000000(cell0),4a221156-4e5c-46b9-9ad9-9a1dc42db8ec(cell1) {{(pid=107404) load_cells /opt/stack/nova/nova/context.py:509}}
Apr 04 10:34:34.062775 np0000163483 devstack@n-api-meta.service[107404]: INFO nova.utils [None req-b1b0b5dd-2d1c-4e58-9d6d-b992913b7db8 None None] The cell worker thread pool MainProcess.cell_worker is initialized
Apr 04 10:34:34.064550 np0000163483 devstack@n-api-meta.service[107404]: DEBUG oslo_concurrency.lockutils [None req-b1b0b5dd-2d1c-4e58-9d6d-b992913b7db8 None None] Acquiring lock "00000000-0000-0000-0000-000000000000" by "nova.context.set_target_cell..get_or_set_cached_cell_and_set_connections" {{(pid=107404) inner /opt/stack/data/venv/lib/python3.12/site-packages/oslo_concurrency/lockutils.py:506}}
Apr 04 10:34:34.064721 np0000163483 devstack@n-api-meta.service[107404]: DEBUG oslo_concurrency.lockutils [None req-b1b0b5dd-2d1c-4e58-9d6d-b992913b7db8 None None] Lock "00000000-0000-0000-0000-000000000000" acquired by "nova.context.set_target_cell..get_or_set_cached_cell_and_set_connections" :: waited 0.000s {{(pid=107404) inner /opt/stack/data/venv/lib/python3.12/site-packages/oslo_concurrency/lockutils.py:519}}
Apr 04 10:34:34.065053 np0000163483 devstack@n-api-meta.service[107404]: DEBUG oslo_concurrency.lockutils [None req-b1b0b5dd-2d1c-4e58-9d6d-b992913b7db8 None None] Lock "00000000-0000-0000-0000-000000000000" "released" by "nova.context.set_target_cell..get_or_set_cached_cell_and_set_connections" :: held 0.000s {{(pid=107404) inner /opt/stack/data/venv/lib/python3.12/site-packages/oslo_concurrency/lockutils.py:538}}
Apr 04 10:34:34.066010 np0000163483 devstack@n-api-meta.service[107404]: DEBUG oslo_concurrency.lockutils [None req-b1b0b5dd-2d1c-4e58-9d6d-b992913b7db8 None None] Acquiring lock "4a221156-4e5c-46b9-9ad9-9a1dc42db8ec" by "nova.context.set_target_cell..get_or_set_cached_cell_and_set_connections" {{(pid=107404) inner /opt/stack/data/venv/lib/python3.12/site-packages/oslo_concurrency/lockutils.py:506}}
Apr 04 10:34:34.066157 np0000163483 devstack@n-api-meta.service[107404]: DEBUG oslo_concurrency.lockutils [None req-b1b0b5dd-2d1c-4e58-9d6d-b992913b7db8 None None] Lock "4a221156-4e5c-46b9-9ad9-9a1dc42db8ec" acquired by "nova.context.set_target_cell..get_or_set_cached_cell_and_set_connections" :: waited 0.000s {{(pid=107404) inner /opt/stack/data/venv/lib/python3.12/site-packages/oslo_concurrency/lockutils.py:519}}
Apr 04 10:34:34.066807 np0000163483 devstack@n-api-meta.service[107402]: DEBUG oslo_db.sqlalchemy.engines [None req-1e218d47-8f21-4a33-a486-86a4d1fa6cf3 None None] MySQL server mode set to STRICT_TRANS_TABLES,STRICT_ALL_TABLES,NO_ZERO_IN_DATE,NO_ZERO_DATE,ERROR_FOR_DIVISION_BY_ZERO,TRADITIONAL,NO_ENGINE_SUBSTITUTION {{(pid=107402) _check_effective_sql_mode /opt/stack/data/venv/lib/python3.12/site-packages/oslo_db/sqlalchemy/engines.py:325}}
Apr 04 10:34:34.067074 np0000163483 devstack@n-api-meta.service[107404]: DEBUG oslo_concurrency.lockutils [None req-b1b0b5dd-2d1c-4e58-9d6d-b992913b7db8 None None] Lock "4a221156-4e5c-46b9-9ad9-9a1dc42db8ec" "released" by "nova.context.set_target_cell..get_or_set_cached_cell_and_set_connections" :: held 0.001s {{(pid=107404) inner /opt/stack/data/venv/lib/python3.12/site-packages/oslo_concurrency/lockutils.py:538}}
Apr 04 10:34:34.070936 np0000163483 devstack@n-api-meta.service[107404]: INFO dbcounter [None req-b1b0b5dd-2d1c-4e58-9d6d-b992913b7db8 None None] Registered counter for database nova_cell0
Apr 04 10:34:34.072568 np0000163483 devstack@n-api-meta.service[107403]: DEBUG dbcounter [-] [107403] Writer thread running {{(pid=107403) stat_writer /opt/stack/data/venv/lib/python3.12/site-packages/dbcounter.py:102}}
Apr 04 10:34:34.075031 np0000163483 devstack@n-api-meta.service[107403]: DEBUG nova.context [None req-79dfaba0-0e1a-4e4b-a7fb-4f09f6a88202 None None] Found 2 cells: 00000000-0000-0000-0000-000000000000(cell0),4a221156-4e5c-46b9-9ad9-9a1dc42db8ec(cell1) {{(pid=107403) load_cells /opt/stack/nova/nova/context.py:509}}
Apr 04 10:34:34.075254 np0000163483 devstack@n-api-meta.service[107403]: INFO nova.utils [None req-79dfaba0-0e1a-4e4b-a7fb-4f09f6a88202 None None] The cell worker thread pool MainProcess.cell_worker is initialized
Apr 04 10:34:34.076377 np0000163483 devstack@n-api-meta.service[107404]: INFO dbcounter [None req-b1b0b5dd-2d1c-4e58-9d6d-b992913b7db8 None None] Registered counter for database nova_cell1
Apr 04 10:34:34.076971 np0000163483 devstack@n-api-meta.service[107403]: DEBUG oslo_concurrency.lockutils [None req-79dfaba0-0e1a-4e4b-a7fb-4f09f6a88202 None None] Acquiring lock "00000000-0000-0000-0000-000000000000" by "nova.context.set_target_cell..get_or_set_cached_cell_and_set_connections" {{(pid=107403) inner /opt/stack/data/venv/lib/python3.12/site-packages/oslo_concurrency/lockutils.py:506}}
Apr 04 10:34:34.077145 np0000163483 devstack@n-api-meta.service[107403]: DEBUG oslo_concurrency.lockutils [None req-79dfaba0-0e1a-4e4b-a7fb-4f09f6a88202 None None] Lock "00000000-0000-0000-0000-000000000000" acquired by "nova.context.set_target_cell..get_or_set_cached_cell_and_set_connections" :: waited 0.000s {{(pid=107403) inner /opt/stack/data/venv/lib/python3.12/site-packages/oslo_concurrency/lockutils.py:519}}
Apr 04 10:34:34.077496 np0000163483 devstack@n-api-meta.service[107403]: DEBUG oslo_concurrency.lockutils [None req-79dfaba0-0e1a-4e4b-a7fb-4f09f6a88202 None None] Lock "00000000-0000-0000-0000-000000000000" "released" by "nova.context.set_target_cell..get_or_set_cached_cell_and_set_connections" :: held 0.000s {{(pid=107403) inner /opt/stack/data/venv/lib/python3.12/site-packages/oslo_concurrency/lockutils.py:538}}
Apr 04 10:34:34.078150 np0000163483 devstack@n-api-meta.service[107403]: DEBUG oslo_concurrency.lockutils [None req-79dfaba0-0e1a-4e4b-a7fb-4f09f6a88202 None None] Acquiring lock "4a221156-4e5c-46b9-9ad9-9a1dc42db8ec" by "nova.context.set_target_cell..get_or_set_cached_cell_and_set_connections" {{(pid=107403) inner /opt/stack/data/venv/lib/python3.12/site-packages/oslo_concurrency/lockutils.py:506}}
Apr 04 10:34:34.078300 np0000163483 devstack@n-api-meta.service[107403]: DEBUG oslo_concurrency.lockutils [None req-79dfaba0-0e1a-4e4b-a7fb-4f09f6a88202 None None] Lock "4a221156-4e5c-46b9-9ad9-9a1dc42db8ec" acquired by "nova.context.set_target_cell..get_or_set_cached_cell_and_set_connections" :: waited 0.000s {{(pid=107403) inner /opt/stack/data/venv/lib/python3.12/site-packages/oslo_concurrency/lockutils.py:519}}
Apr 04 10:34:34.079152 np0000163483 devstack@n-api-meta.service[107403]: DEBUG oslo_concurrency.lockutils [None req-79dfaba0-0e1a-4e4b-a7fb-4f09f6a88202 None None] Lock "4a221156-4e5c-46b9-9ad9-9a1dc42db8ec" "released" by "nova.context.set_target_cell..get_or_set_cached_cell_and_set_connections" :: held 0.001s {{(pid=107403) inner /opt/stack/data/venv/lib/python3.12/site-packages/oslo_concurrency/lockutils.py:538}}
Apr 04 10:34:34.081948 np0000163483 devstack@n-api-meta.service[107403]: INFO dbcounter [None req-79dfaba0-0e1a-4e4b-a7fb-4f09f6a88202 None None] Registered counter for database nova_cell0
Apr 04 10:34:34.087461 np0000163483 devstack@n-api-meta.service[107403]: INFO dbcounter [None req-79dfaba0-0e1a-4e4b-a7fb-4f09f6a88202 None None] Registered counter for database nova_cell1
Apr 04 10:34:34.087584 np0000163483 devstack@n-api-meta.service[107404]: DEBUG oslo_db.sqlalchemy.engines [None req-b1b0b5dd-2d1c-4e58-9d6d-b992913b7db8 None None] MySQL server mode set to STRICT_TRANS_TABLES,STRICT_ALL_TABLES,NO_ZERO_IN_DATE,NO_ZERO_DATE,ERROR_FOR_DIVISION_BY_ZERO,TRADITIONAL,NO_ENGINE_SUBSTITUTION {{(pid=107404) _check_effective_sql_mode /opt/stack/data/venv/lib/python3.12/site-packages/oslo_db/sqlalchemy/engines.py:325}}
Apr 04 10:34:34.092894 np0000163483 devstack@n-api-meta.service[107404]: DEBUG oslo_db.sqlalchemy.engines [None req-b1b0b5dd-2d1c-4e58-9d6d-b992913b7db8 None None] MySQL server mode set to STRICT_TRANS_TABLES,STRICT_ALL_TABLES,NO_ZERO_IN_DATE,NO_ZERO_DATE,ERROR_FOR_DIVISION_BY_ZERO,TRADITIONAL,NO_ENGINE_SUBSTITUTION {{(pid=107404) _check_effective_sql_mode /opt/stack/data/venv/lib/python3.12/site-packages/oslo_db/sqlalchemy/engines.py:325}}
Apr 04 10:34:34.097138 np0000163483 devstack@n-api-meta.service[107402]: DEBUG dbcounter [-] [107402] Writer thread running {{(pid=107402) stat_writer /opt/stack/data/venv/lib/python3.12/site-packages/dbcounter.py:102}}
Apr 04 10:34:34.099732 np0000163483 devstack@n-api-meta.service[107403]: DEBUG oslo_db.sqlalchemy.engines [None req-79dfaba0-0e1a-4e4b-a7fb-4f09f6a88202 None None] MySQL server mode set to STRICT_TRANS_TABLES,STRICT_ALL_TABLES,NO_ZERO_IN_DATE,NO_ZERO_DATE,ERROR_FOR_DIVISION_BY_ZERO,TRADITIONAL,NO_ENGINE_SUBSTITUTION {{(pid=107403) _check_effective_sql_mode /opt/stack/data/venv/lib/python3.12/site-packages/oslo_db/sqlalchemy/engines.py:325}}
Apr 04 10:34:34.102433 np0000163483 devstack@n-api-meta.service[107402]: DEBUG nova.context [None req-1e218d47-8f21-4a33-a486-86a4d1fa6cf3 None None] Found 2 cells: 00000000-0000-0000-0000-000000000000(cell0),4a221156-4e5c-46b9-9ad9-9a1dc42db8ec(cell1) {{(pid=107402) load_cells /opt/stack/nova/nova/context.py:509}}
Apr 04 10:34:34.102433 np0000163483 devstack@n-api-meta.service[107402]: INFO nova.utils [None req-1e218d47-8f21-4a33-a486-86a4d1fa6cf3 None None] The cell worker thread pool MainProcess.cell_worker is initialized
Apr 04 10:34:34.102433 np0000163483 devstack@n-api-meta.service[107402]: DEBUG oslo_concurrency.lockutils [None req-1e218d47-8f21-4a33-a486-86a4d1fa6cf3 None None] Acquiring lock "00000000-0000-0000-0000-000000000000" by "nova.context.set_target_cell..get_or_set_cached_cell_and_set_connections" {{(pid=107402) inner /opt/stack/data/venv/lib/python3.12/site-packages/oslo_concurrency/lockutils.py:506}}
Apr 04 10:34:34.102433 np0000163483 devstack@n-api-meta.service[107402]: DEBUG oslo_concurrency.lockutils [None req-1e218d47-8f21-4a33-a486-86a4d1fa6cf3 None None] Lock "00000000-0000-0000-0000-000000000000" acquired by "nova.context.set_target_cell..get_or_set_cached_cell_and_set_connections" :: waited 0.000s {{(pid=107402) inner /opt/stack/data/venv/lib/python3.12/site-packages/oslo_concurrency/lockutils.py:519}}
Apr 04 10:34:34.102604 np0000163483 devstack@n-api-meta.service[107402]: DEBUG oslo_concurrency.lockutils [None req-1e218d47-8f21-4a33-a486-86a4d1fa6cf3 None None] Lock "00000000-0000-0000-0000-000000000000" "released" by "nova.context.set_target_cell..get_or_set_cached_cell_and_set_connections" :: held 0.000s {{(pid=107402) inner /opt/stack/data/venv/lib/python3.12/site-packages/oslo_concurrency/lockutils.py:538}}
Apr 04 10:34:34.103219 np0000163483 devstack@n-api-meta.service[107402]: DEBUG oslo_concurrency.lockutils [None req-1e218d47-8f21-4a33-a486-86a4d1fa6cf3 None None] Acquiring lock "4a221156-4e5c-46b9-9ad9-9a1dc42db8ec" by "nova.context.set_target_cell..get_or_set_cached_cell_and_set_connections" {{(pid=107402) inner /opt/stack/data/venv/lib/python3.12/site-packages/oslo_concurrency/lockutils.py:506}}
Apr 04 10:34:34.103355 np0000163483 devstack@n-api-meta.service[107402]: DEBUG oslo_concurrency.lockutils [None req-1e218d47-8f21-4a33-a486-86a4d1fa6cf3 None None] Lock "4a221156-4e5c-46b9-9ad9-9a1dc42db8ec" acquired by "nova.context.set_target_cell..get_or_set_cached_cell_and_set_connections" :: waited 0.000s {{(pid=107402) inner /opt/stack/data/venv/lib/python3.12/site-packages/oslo_concurrency/lockutils.py:519}}
Apr 04 10:34:34.104184 np0000163483 devstack@n-api-meta.service[107402]: DEBUG oslo_concurrency.lockutils [None req-1e218d47-8f21-4a33-a486-86a4d1fa6cf3 None None] Lock "4a221156-4e5c-46b9-9ad9-9a1dc42db8ec" "released" by "nova.context.set_target_cell..get_or_set_cached_cell_and_set_connections" :: held 0.001s {{(pid=107402) inner /opt/stack/data/venv/lib/python3.12/site-packages/oslo_concurrency/lockutils.py:538}}
Apr 04 10:34:34.105309 np0000163483 devstack@n-api-meta.service[107403]: DEBUG oslo_db.sqlalchemy.engines [None req-79dfaba0-0e1a-4e4b-a7fb-4f09f6a88202 None None] MySQL server mode set to STRICT_TRANS_TABLES,STRICT_ALL_TABLES,NO_ZERO_IN_DATE,NO_ZERO_DATE,ERROR_FOR_DIVISION_BY_ZERO,TRADITIONAL,NO_ENGINE_SUBSTITUTION {{(pid=107403) _check_effective_sql_mode /opt/stack/data/venv/lib/python3.12/site-packages/oslo_db/sqlalchemy/engines.py:325}}
Apr 04 10:34:34.107085 np0000163483 devstack@n-api-meta.service[107402]: INFO dbcounter [None req-1e218d47-8f21-4a33-a486-86a4d1fa6cf3 None None] Registered counter for database nova_cell0
Apr 04 10:34:34.111706 np0000163483 devstack@n-api-meta.service[107402]: INFO dbcounter [None req-1e218d47-8f21-4a33-a486-86a4d1fa6cf3 None None] Registered counter for database nova_cell1
Apr 04 10:34:34.122464 np0000163483 devstack@n-api-meta.service[107402]: DEBUG oslo_db.sqlalchemy.engines [None req-1e218d47-8f21-4a33-a486-86a4d1fa6cf3 None None] MySQL server mode set to STRICT_TRANS_TABLES,STRICT_ALL_TABLES,NO_ZERO_IN_DATE,NO_ZERO_DATE,ERROR_FOR_DIVISION_BY_ZERO,TRADITIONAL,NO_ENGINE_SUBSTITUTION {{(pid=107402) _check_effective_sql_mode /opt/stack/data/venv/lib/python3.12/site-packages/oslo_db/sqlalchemy/engines.py:325}}
Apr 04 10:34:34.127291 np0000163483 devstack@n-api-meta.service[107402]: DEBUG oslo_db.sqlalchemy.engines [None req-1e218d47-8f21-4a33-a486-86a4d1fa6cf3 None None] MySQL server mode set to STRICT_TRANS_TABLES,STRICT_ALL_TABLES,NO_ZERO_IN_DATE,NO_ZERO_DATE,ERROR_FOR_DIVISION_BY_ZERO,TRADITIONAL,NO_ENGINE_SUBSTITUTION {{(pid=107402) _check_effective_sql_mode /opt/stack/data/venv/lib/python3.12/site-packages/oslo_db/sqlalchemy/engines.py:325}}
Apr 04 10:34:34.141736 np0000163483 devstack@n-api-meta.service[107401]: DEBUG dbcounter [-] [107401] Writer thread running {{(pid=107401) stat_writer /opt/stack/data/venv/lib/python3.12/site-packages/dbcounter.py:102}}
Apr 04 10:34:34.142309 np0000163483 devstack@n-api-meta.service[107401]: DEBUG dbcounter [-] [107401] Writer thread running {{(pid=107401) stat_writer /opt/stack/data/venv/lib/python3.12/site-packages/dbcounter.py:102}}
Apr 04 10:34:34.149239 np0000163483 devstack@n-api-meta.service[107401]: INFO dbcounter [None req-9e3a5f19-1d7a-45b0-b168-0dbf13249ce6 None None] Registered counter for database nova_cell0
Apr 04 10:34:34.160265 np0000163483 devstack@n-api-meta.service[107401]: DEBUG oslo_db.sqlalchemy.engines [None req-9e3a5f19-1d7a-45b0-b168-0dbf13249ce6 None None] MySQL server mode set to STRICT_TRANS_TABLES,STRICT_ALL_TABLES,NO_ZERO_IN_DATE,NO_ZERO_DATE,ERROR_FOR_DIVISION_BY_ZERO,TRADITIONAL,NO_ENGINE_SUBSTITUTION {{(pid=107401) _check_effective_sql_mode /opt/stack/data/venv/lib/python3.12/site-packages/oslo_db/sqlalchemy/engines.py:325}}
Apr 04 10:34:34.169732 np0000163483 devstack@n-api-meta.service[107401]: DEBUG dbcounter [-] [107401] Writer thread running {{(pid=107401) stat_writer /opt/stack/data/venv/lib/python3.12/site-packages/dbcounter.py:102}}
Apr 04 10:34:34.188714 np0000163483 devstack@n-api-meta.service[107403]: DEBUG dbcounter [-] [107403] Writer thread running {{(pid=107403) stat_writer /opt/stack/data/venv/lib/python3.12/site-packages/dbcounter.py:102}}
Apr 04 10:34:34.193521 np0000163483 devstack@n-api-meta.service[107403]: DEBUG dbcounter [-] [107403] Writer thread running {{(pid=107403) stat_writer /opt/stack/data/venv/lib/python3.12/site-packages/dbcounter.py:102}}
Apr 04 10:34:34.198080 np0000163483 devstack@n-api-meta.service[107403]: INFO dbcounter [None req-79dfaba0-0e1a-4e4b-a7fb-4f09f6a88202 None None] Registered counter for database nova_cell0
Apr 04 10:34:34.205260 np0000163483 devstack@n-api-meta.service[107403]: DEBUG oslo_db.sqlalchemy.engines [None req-79dfaba0-0e1a-4e4b-a7fb-4f09f6a88202 None None] MySQL server mode set to STRICT_TRANS_TABLES,STRICT_ALL_TABLES,NO_ZERO_IN_DATE,NO_ZERO_DATE,ERROR_FOR_DIVISION_BY_ZERO,TRADITIONAL,NO_ENGINE_SUBSTITUTION {{(pid=107403) _check_effective_sql_mode /opt/stack/data/venv/lib/python3.12/site-packages/oslo_db/sqlalchemy/engines.py:325}}
Apr 04 10:34:34.208017 np0000163483 devstack@n-api-meta.service[107404]: DEBUG dbcounter [-] [107404] Writer thread running {{(pid=107404) stat_writer /opt/stack/data/venv/lib/python3.12/site-packages/dbcounter.py:102}}
Apr 04 10:34:34.208904 np0000163483 devstack@n-api-meta.service[107404]: DEBUG dbcounter [-] [107404] Writer thread running {{(pid=107404) stat_writer /opt/stack/data/venv/lib/python3.12/site-packages/dbcounter.py:102}}
Apr 04 10:34:34.210122 np0000163483 devstack@n-api-meta.service[107401]: WARNING nova.api.metadata.handler [None req-9e3a5f19-1d7a-45b0-b168-0dbf13249ce6 None None] metadata_proxy_shared_secret is not configured, the metadata information returned by the proxy cannot be trusted
Apr 04 10:34:34.212405 np0000163483 devstack@n-api-meta.service[107401]: DEBUG nova.api.openstack.wsgi_app [None req-9e3a5f19-1d7a-45b0-b168-0dbf13249ce6 None None] ******************************************************************************** {{(pid=107401) log_opt_values /opt/stack/data/venv/lib/python3.12/site-packages/oslo_config/cfg.py:2979}}
Apr 04 10:34:34.212602 np0000163483 devstack@n-api-meta.service[107401]: DEBUG nova.api.openstack.wsgi_app [None req-9e3a5f19-1d7a-45b0-b168-0dbf13249ce6 None None] Configuration options gathered from: {{(pid=107401) log_opt_values /opt/stack/data/venv/lib/python3.12/site-packages/oslo_config/cfg.py:2980}}
Apr 04 10:34:34.212602 np0000163483 devstack@n-api-meta.service[107401]: DEBUG nova.api.openstack.wsgi_app [None req-9e3a5f19-1d7a-45b0-b168-0dbf13249ce6 None None] command line args: [] {{(pid=107401) log_opt_values /opt/stack/data/venv/lib/python3.12/site-packages/oslo_config/cfg.py:2981}}
Apr 04 10:34:34.212757 np0000163483 devstack@n-api-meta.service[107401]: DEBUG nova.api.openstack.wsgi_app [None req-9e3a5f19-1d7a-45b0-b168-0dbf13249ce6 None None] config files: ['/etc/nova/api-paste.ini', '/etc/nova/nova.conf'] {{(pid=107401) log_opt_values /opt/stack/data/venv/lib/python3.12/site-packages/oslo_config/cfg.py:2982}}
Apr 04 10:34:34.212831 np0000163483 devstack@n-api-meta.service[107403]: DEBUG dbcounter [-] [107403] Writer thread running {{(pid=107403) stat_writer /opt/stack/data/venv/lib/python3.12/site-packages/dbcounter.py:102}}
Apr 04 10:34:34.212897 np0000163483 devstack@n-api-meta.service[107401]: DEBUG nova.api.openstack.wsgi_app [None req-9e3a5f19-1d7a-45b0-b168-0dbf13249ce6 None None] ================================================================================ {{(pid=107401) log_opt_values /opt/stack/data/venv/lib/python3.12/site-packages/oslo_config/cfg.py:2987}}
Apr 04 10:34:34.213020 np0000163483 devstack@n-api-meta.service[107401]: DEBUG nova.api.openstack.wsgi_app [None req-9e3a5f19-1d7a-45b0-b168-0dbf13249ce6 None None] allow_resize_to_same_host = True {{(pid=107401) log_opt_values /opt/stack/data/venv/lib/python3.12/site-packages/oslo_config/cfg.py:2995}}
Apr 04 10:34:34.213159 np0000163483 devstack@n-api-meta.service[107401]: DEBUG nova.api.openstack.wsgi_app [None req-9e3a5f19-1d7a-45b0-b168-0dbf13249ce6 None None] arq_binding_timeout = 300 {{(pid=107401) log_opt_values /opt/stack/data/venv/lib/python3.12/site-packages/oslo_config/cfg.py:2995}}
Apr 04 10:34:34.213296 np0000163483 devstack@n-api-meta.service[107401]: DEBUG nova.api.openstack.wsgi_app [None req-9e3a5f19-1d7a-45b0-b168-0dbf13249ce6 None None] block_device_allocate_retries = 60 {{(pid=107401) log_opt_values /opt/stack/data/venv/lib/python3.12/site-packages/oslo_config/cfg.py:2995}}
Apr 04 10:34:34.213419 np0000163483 devstack@n-api-meta.service[107401]: DEBUG nova.api.openstack.wsgi_app [None req-9e3a5f19-1d7a-45b0-b168-0dbf13249ce6 None None] block_device_allocate_retries_interval = 3 {{(pid=107401) log_opt_values /opt/stack/data/venv/lib/python3.12/site-packages/oslo_config/cfg.py:2995}}
Apr 04 10:34:34.213564 np0000163483 devstack@n-api-meta.service[107401]: DEBUG nova.api.openstack.wsgi_app [None req-9e3a5f19-1d7a-45b0-b168-0dbf13249ce6 None None] cell_worker_thread_pool_size = 5 {{(pid=107401) log_opt_values /opt/stack/data/venv/lib/python3.12/site-packages/oslo_config/cfg.py:2995}}
Apr 04 10:34:34.213677 np0000163483 devstack@n-api-meta.service[107401]: DEBUG nova.api.openstack.wsgi_app [None req-9e3a5f19-1d7a-45b0-b168-0dbf13249ce6 None None] cert = self.pem {{(pid=107401) log_opt_values /opt/stack/data/venv/lib/python3.12/site-packages/oslo_config/cfg.py:2995}}
Apr 04 10:34:34.213807 np0000163483 devstack@n-api-meta.service[107401]: DEBUG nova.api.openstack.wsgi_app [None req-9e3a5f19-1d7a-45b0-b168-0dbf13249ce6 None None] compute_driver = libvirt.LibvirtDriver {{(pid=107401) log_opt_values /opt/stack/data/venv/lib/python3.12/site-packages/oslo_config/cfg.py:2995}}
Apr 04 10:34:34.213936 np0000163483 devstack@n-api-meta.service[107401]: DEBUG nova.api.openstack.wsgi_app [None req-9e3a5f19-1d7a-45b0-b168-0dbf13249ce6 None None] compute_monitors = [] {{(pid=107401) log_opt_values /opt/stack/data/venv/lib/python3.12/site-packages/oslo_config/cfg.py:2995}}
Apr 04 10:34:34.214067 np0000163483 devstack@n-api-meta.service[107401]: DEBUG nova.api.openstack.wsgi_app [None req-9e3a5f19-1d7a-45b0-b168-0dbf13249ce6 None None] config_dir = [] {{(pid=107401) log_opt_values /opt/stack/data/venv/lib/python3.12/site-packages/oslo_config/cfg.py:2995}}
Apr 04 10:34:34.214213 np0000163483 devstack@n-api-meta.service[107401]: DEBUG nova.api.openstack.wsgi_app [None req-9e3a5f19-1d7a-45b0-b168-0dbf13249ce6 None None] config_drive_format = iso9660 {{(pid=107401) log_opt_values /opt/stack/data/venv/lib/python3.12/site-packages/oslo_config/cfg.py:2995}}
Apr 04 10:34:34.214311 np0000163483 devstack@n-api-meta.service[107401]: DEBUG nova.api.openstack.wsgi_app [None req-9e3a5f19-1d7a-45b0-b168-0dbf13249ce6 None None] config_file = ['/etc/nova/api-paste.ini', '/etc/nova/nova.conf'] {{(pid=107401) log_opt_values /opt/stack/data/venv/lib/python3.12/site-packages/oslo_config/cfg.py:2995}}
Apr 04 10:34:34.214458 np0000163483 devstack@n-api-meta.service[107401]: DEBUG nova.api.openstack.wsgi_app [None req-9e3a5f19-1d7a-45b0-b168-0dbf13249ce6 None None] config_source = [] {{(pid=107401) log_opt_values /opt/stack/data/venv/lib/python3.12/site-packages/oslo_config/cfg.py:2995}}
Apr 04 10:34:34.214586 np0000163483 devstack@n-api-meta.service[107401]: DEBUG nova.api.openstack.wsgi_app [None req-9e3a5f19-1d7a-45b0-b168-0dbf13249ce6 None None] console_host = np0000163483 {{(pid=107401) log_opt_values /opt/stack/data/venv/lib/python3.12/site-packages/oslo_config/cfg.py:2995}}
Apr 04 10:34:34.214714 np0000163483 devstack@n-api-meta.service[107401]: DEBUG nova.api.openstack.wsgi_app [None req-9e3a5f19-1d7a-45b0-b168-0dbf13249ce6 None None] control_exchange = nova {{(pid=107401) log_opt_values /opt/stack/data/venv/lib/python3.12/site-packages/oslo_config/cfg.py:2995}}
Apr 04 10:34:34.214837 np0000163483 devstack@n-api-meta.service[107401]: DEBUG nova.api.openstack.wsgi_app [None req-9e3a5f19-1d7a-45b0-b168-0dbf13249ce6 None None] cpu_allocation_ratio = None {{(pid=107401) log_opt_values /opt/stack/data/venv/lib/python3.12/site-packages/oslo_config/cfg.py:2995}}
Apr 04 10:34:34.214991 np0000163483 devstack@n-api-meta.service[107401]: DEBUG nova.api.openstack.wsgi_app [None req-9e3a5f19-1d7a-45b0-b168-0dbf13249ce6 None None] daemon = False {{(pid=107401) log_opt_values /opt/stack/data/venv/lib/python3.12/site-packages/oslo_config/cfg.py:2995}}
Apr 04 10:34:34.215213 np0000163483 devstack@n-api-meta.service[107401]: DEBUG nova.api.openstack.wsgi_app [None req-9e3a5f19-1d7a-45b0-b168-0dbf13249ce6 None None] debug = True {{(pid=107401) log_opt_values /opt/stack/data/venv/lib/python3.12/site-packages/oslo_config/cfg.py:2995}}
Apr 04 10:34:34.215309 np0000163483 devstack@n-api-meta.service[107401]: DEBUG nova.api.openstack.wsgi_app [None req-9e3a5f19-1d7a-45b0-b168-0dbf13249ce6 None None] default_access_ip_network_name = None {{(pid=107401) log_opt_values /opt/stack/data/venv/lib/python3.12/site-packages/oslo_config/cfg.py:2995}}
Apr 04 10:34:34.215390 np0000163483 devstack@n-api-meta.service[107401]: DEBUG nova.api.openstack.wsgi_app [None req-9e3a5f19-1d7a-45b0-b168-0dbf13249ce6 None None] default_availability_zone = nova {{(pid=107401) log_opt_values /opt/stack/data/venv/lib/python3.12/site-packages/oslo_config/cfg.py:2995}}
Apr 04 10:34:34.215521 np0000163483 devstack@n-api-meta.service[107401]: DEBUG nova.api.openstack.wsgi_app [None req-9e3a5f19-1d7a-45b0-b168-0dbf13249ce6 None None] default_ephemeral_format = ext4 {{(pid=107401) log_opt_values /opt/stack/data/venv/lib/python3.12/site-packages/oslo_config/cfg.py:2995}}
Apr 04 10:34:34.215649 np0000163483 devstack@n-api-meta.service[107401]: DEBUG nova.api.openstack.wsgi_app [None req-9e3a5f19-1d7a-45b0-b168-0dbf13249ce6 None None] default_green_pool_size = 1000 {{(pid=107401) log_opt_values /opt/stack/data/venv/lib/python3.12/site-packages/oslo_config/cfg.py:2995}}
Apr 04 10:34:34.215842 np0000163483 devstack@n-api-meta.service[107401]: DEBUG nova.api.openstack.wsgi_app [None req-9e3a5f19-1d7a-45b0-b168-0dbf13249ce6 None None] default_log_levels = ['amqp=WARN', 'boto=WARN', 'sqlalchemy=WARN', 'suds=INFO', 'oslo.messaging=INFO', 'oslo_messaging=INFO', 'iso8601=WARN', 'requests.packages.urllib3.connectionpool=WARN', 'urllib3.connectionpool=WARN', 'websocket=WARN', 'requests.packages.urllib3.util.retry=WARN', 'urllib3.util.retry=WARN', 'keystonemiddleware=WARN', 'routes.middleware=WARN', 'stevedore=WARN', 'taskflow=WARN', 'keystoneauth=WARN', 'oslo.cache=INFO', 'oslo_policy=INFO', 'dogpile.core.dogpile=INFO', 'glanceclient=WARN', 'oslo.privsep.daemon=INFO'] {{(pid=107401) log_opt_values /opt/stack/data/venv/lib/python3.12/site-packages/oslo_config/cfg.py:2995}}
Apr 04 10:34:34.215976 np0000163483 devstack@n-api-meta.service[107401]: DEBUG nova.api.openstack.wsgi_app [None req-9e3a5f19-1d7a-45b0-b168-0dbf13249ce6 None None] default_schedule_zone = None {{(pid=107401) log_opt_values /opt/stack/data/venv/lib/python3.12/site-packages/oslo_config/cfg.py:2995}}
Apr 04 10:34:34.216088 np0000163483 devstack@n-api-meta.service[107401]: DEBUG nova.api.openstack.wsgi_app [None req-9e3a5f19-1d7a-45b0-b168-0dbf13249ce6 None None] default_thread_pool_size = 10 {{(pid=107401) log_opt_values /opt/stack/data/venv/lib/python3.12/site-packages/oslo_config/cfg.py:2995}}
Apr 04 10:34:34.216208 np0000163483 devstack@n-api-meta.service[107401]: DEBUG nova.api.openstack.wsgi_app [None req-9e3a5f19-1d7a-45b0-b168-0dbf13249ce6 None None] disk_allocation_ratio = None {{(pid=107401) log_opt_values /opt/stack/data/venv/lib/python3.12/site-packages/oslo_config/cfg.py:2995}}
Apr 04 10:34:34.216331 np0000163483 devstack@n-api-meta.service[107401]: DEBUG nova.api.openstack.wsgi_app [None req-9e3a5f19-1d7a-45b0-b168-0dbf13249ce6 None None] enable_new_services = True {{(pid=107401) log_opt_values /opt/stack/data/venv/lib/python3.12/site-packages/oslo_config/cfg.py:2995}}
Apr 04 10:34:34.216410 np0000163483 devstack@n-api-meta.service[107404]: INFO dbcounter [None req-b1b0b5dd-2d1c-4e58-9d6d-b992913b7db8 None None] Registered counter for database nova_cell0
Apr 04 10:34:34.216473 np0000163483 devstack@n-api-meta.service[107401]: DEBUG nova.api.openstack.wsgi_app [None req-9e3a5f19-1d7a-45b0-b168-0dbf13249ce6 None None] flat_injected = False {{(pid=107401) log_opt_values /opt/stack/data/venv/lib/python3.12/site-packages/oslo_config/cfg.py:2995}}
Apr 04 10:34:34.216599 np0000163483 devstack@n-api-meta.service[107401]: DEBUG nova.api.openstack.wsgi_app [None req-9e3a5f19-1d7a-45b0-b168-0dbf13249ce6 None None] force_config_drive = False {{(pid=107401) log_opt_values /opt/stack/data/venv/lib/python3.12/site-packages/oslo_config/cfg.py:2995}}
Apr 04 10:34:34.216720 np0000163483 devstack@n-api-meta.service[107401]: DEBUG nova.api.openstack.wsgi_app [None req-9e3a5f19-1d7a-45b0-b168-0dbf13249ce6 None None] force_raw_images = True {{(pid=107401) log_opt_values /opt/stack/data/venv/lib/python3.12/site-packages/oslo_config/cfg.py:2995}}
Apr 04 10:34:34.216851 np0000163483 devstack@n-api-meta.service[107401]: DEBUG nova.api.openstack.wsgi_app [None req-9e3a5f19-1d7a-45b0-b168-0dbf13249ce6 None None] graceful_shutdown_timeout = 5 {{(pid=107401) log_opt_values /opt/stack/data/venv/lib/python3.12/site-packages/oslo_config/cfg.py:2995}}
Apr 04 10:34:34.216977 np0000163483 devstack@n-api-meta.service[107401]: DEBUG nova.api.openstack.wsgi_app [None req-9e3a5f19-1d7a-45b0-b168-0dbf13249ce6 None None] heal_instance_info_cache_interval = -1 {{(pid=107401) log_opt_values /opt/stack/data/venv/lib/python3.12/site-packages/oslo_config/cfg.py:2995}}
Apr 04 10:34:34.217144 np0000163483 devstack@n-api-meta.service[107401]: DEBUG nova.api.openstack.wsgi_app [None req-9e3a5f19-1d7a-45b0-b168-0dbf13249ce6 None None] host = np0000163483 {{(pid=107401) log_opt_values /opt/stack/data/venv/lib/python3.12/site-packages/oslo_config/cfg.py:2995}}
Apr 04 10:34:34.217275 np0000163483 devstack@n-api-meta.service[107401]: DEBUG nova.api.openstack.wsgi_app [None req-9e3a5f19-1d7a-45b0-b168-0dbf13249ce6 None None] initial_cpu_allocation_ratio = 4.0 {{(pid=107401) log_opt_values /opt/stack/data/venv/lib/python3.12/site-packages/oslo_config/cfg.py:2995}}
Apr 04 10:34:34.217419 np0000163483 devstack@n-api-meta.service[107401]: DEBUG nova.api.openstack.wsgi_app [None req-9e3a5f19-1d7a-45b0-b168-0dbf13249ce6 None None] initial_disk_allocation_ratio = 1.0 {{(pid=107401) log_opt_values /opt/stack/data/venv/lib/python3.12/site-packages/oslo_config/cfg.py:2995}}
Apr 04 10:34:34.217546 np0000163483 devstack@n-api-meta.service[107401]: DEBUG nova.api.openstack.wsgi_app [None req-9e3a5f19-1d7a-45b0-b168-0dbf13249ce6 None None] initial_ram_allocation_ratio = 1.0 {{(pid=107401) log_opt_values /opt/stack/data/venv/lib/python3.12/site-packages/oslo_config/cfg.py:2995}}
Apr 04 10:34:34.217709 np0000163483 devstack@n-api-meta.service[107401]: DEBUG nova.api.openstack.wsgi_app [None req-9e3a5f19-1d7a-45b0-b168-0dbf13249ce6 None None] injected_network_template = /opt/stack/nova/nova/virt/interfaces.template {{(pid=107401) log_opt_values /opt/stack/data/venv/lib/python3.12/site-packages/oslo_config/cfg.py:2995}}
Apr 04 10:34:34.217834 np0000163483 devstack@n-api-meta.service[107401]: DEBUG nova.api.openstack.wsgi_app [None req-9e3a5f19-1d7a-45b0-b168-0dbf13249ce6 None None] instance_build_timeout = 0 {{(pid=107401) log_opt_values /opt/stack/data/venv/lib/python3.12/site-packages/oslo_config/cfg.py:2995}}
Apr 04 10:34:34.217959 np0000163483 devstack@n-api-meta.service[107401]: DEBUG nova.api.openstack.wsgi_app [None req-9e3a5f19-1d7a-45b0-b168-0dbf13249ce6 None None] instance_delete_interval = 300 {{(pid=107401) log_opt_values /opt/stack/data/venv/lib/python3.12/site-packages/oslo_config/cfg.py:2995}}
Apr 04 10:34:34.218088 np0000163483 devstack@n-api-meta.service[107401]: DEBUG nova.api.openstack.wsgi_app [None req-9e3a5f19-1d7a-45b0-b168-0dbf13249ce6 None None] instance_format = [instance: %(uuid)s] {{(pid=107401) log_opt_values /opt/stack/data/venv/lib/python3.12/site-packages/oslo_config/cfg.py:2995}}
Apr 04 10:34:34.218221 np0000163483 devstack@n-api-meta.service[107401]: DEBUG nova.api.openstack.wsgi_app [None req-9e3a5f19-1d7a-45b0-b168-0dbf13249ce6 None None] instance_name_template = instance-%08x {{(pid=107401) log_opt_values /opt/stack/data/venv/lib/python3.12/site-packages/oslo_config/cfg.py:2995}}
Apr 04 10:34:34.218346 np0000163483 devstack@n-api-meta.service[107401]: DEBUG nova.api.openstack.wsgi_app [None req-9e3a5f19-1d7a-45b0-b168-0dbf13249ce6 None None] instance_usage_audit = False {{(pid=107401) log_opt_values /opt/stack/data/venv/lib/python3.12/site-packages/oslo_config/cfg.py:2995}}
Apr 04 10:34:34.218497 np0000163483 devstack@n-api-meta.service[107401]: DEBUG nova.api.openstack.wsgi_app [None req-9e3a5f19-1d7a-45b0-b168-0dbf13249ce6 None None] instance_usage_audit_period = month {{(pid=107401) log_opt_values /opt/stack/data/venv/lib/python3.12/site-packages/oslo_config/cfg.py:2995}}
Apr 04 10:34:34.218623 np0000163483 devstack@n-api-meta.service[107401]: DEBUG nova.api.openstack.wsgi_app [None req-9e3a5f19-1d7a-45b0-b168-0dbf13249ce6 None None] instance_uuid_format = [instance: %(uuid)s] {{(pid=107401) log_opt_values /opt/stack/data/venv/lib/python3.12/site-packages/oslo_config/cfg.py:2995}}
Apr 04 10:34:34.218750 np0000163483 devstack@n-api-meta.service[107401]: DEBUG nova.api.openstack.wsgi_app [None req-9e3a5f19-1d7a-45b0-b168-0dbf13249ce6 None None] instances_path = /opt/stack/data/nova/instances {{(pid=107401) log_opt_values /opt/stack/data/venv/lib/python3.12/site-packages/oslo_config/cfg.py:2995}}
Apr 04 10:34:34.219017 np0000163483 devstack@n-api-meta.service[107401]: DEBUG nova.api.openstack.wsgi_app [None req-9e3a5f19-1d7a-45b0-b168-0dbf13249ce6 None None] internal_service_availability_zone = internal {{(pid=107401) log_opt_values /opt/stack/data/venv/lib/python3.12/site-packages/oslo_config/cfg.py:2995}}
Apr 04 10:34:34.219017 np0000163483 devstack@n-api-meta.service[107401]: DEBUG nova.api.openstack.wsgi_app [None req-9e3a5f19-1d7a-45b0-b168-0dbf13249ce6 None None] key = None {{(pid=107401) log_opt_values /opt/stack/data/venv/lib/python3.12/site-packages/oslo_config/cfg.py:2995}}
Apr 04 10:34:34.219127 np0000163483 devstack@n-api-meta.service[107401]: DEBUG nova.api.openstack.wsgi_app [None req-9e3a5f19-1d7a-45b0-b168-0dbf13249ce6 None None] live_migration_retry_count = 30 {{(pid=107401) log_opt_values /opt/stack/data/venv/lib/python3.12/site-packages/oslo_config/cfg.py:2995}}
Apr 04 10:34:34.219249 np0000163483 devstack@n-api-meta.service[107401]: DEBUG nova.api.openstack.wsgi_app [None req-9e3a5f19-1d7a-45b0-b168-0dbf13249ce6 None None] log_color = False {{(pid=107401) log_opt_values /opt/stack/data/venv/lib/python3.12/site-packages/oslo_config/cfg.py:2995}}
Apr 04 10:34:34.219394 np0000163483 devstack@n-api-meta.service[107401]: DEBUG nova.api.openstack.wsgi_app [None req-9e3a5f19-1d7a-45b0-b168-0dbf13249ce6 None None] log_config_append = None {{(pid=107401) log_opt_values /opt/stack/data/venv/lib/python3.12/site-packages/oslo_config/cfg.py:2995}}
Apr 04 10:34:34.219523 np0000163483 devstack@n-api-meta.service[107401]: DEBUG nova.api.openstack.wsgi_app [None req-9e3a5f19-1d7a-45b0-b168-0dbf13249ce6 None None] log_date_format = %Y-%m-%d %H:%M:%S {{(pid=107401) log_opt_values /opt/stack/data/venv/lib/python3.12/site-packages/oslo_config/cfg.py:2995}}
Apr 04 10:34:34.219646 np0000163483 devstack@n-api-meta.service[107401]: DEBUG nova.api.openstack.wsgi_app [None req-9e3a5f19-1d7a-45b0-b168-0dbf13249ce6 None None] log_dir = None {{(pid=107401) log_opt_values /opt/stack/data/venv/lib/python3.12/site-packages/oslo_config/cfg.py:2995}}
Apr 04 10:34:34.219771 np0000163483 devstack@n-api-meta.service[107401]: DEBUG nova.api.openstack.wsgi_app [None req-9e3a5f19-1d7a-45b0-b168-0dbf13249ce6 None None] log_file = None {{(pid=107401) log_opt_values /opt/stack/data/venv/lib/python3.12/site-packages/oslo_config/cfg.py:2995}}
Apr 04 10:34:34.219871 np0000163483 devstack@n-api-meta.service[107401]: DEBUG nova.api.openstack.wsgi_app [None req-9e3a5f19-1d7a-45b0-b168-0dbf13249ce6 None None] log_options = True {{(pid=107401) log_opt_values /opt/stack/data/venv/lib/python3.12/site-packages/oslo_config/cfg.py:2995}}
Apr 04 10:34:34.219993 np0000163483 devstack@n-api-meta.service[107401]: DEBUG nova.api.openstack.wsgi_app [None req-9e3a5f19-1d7a-45b0-b168-0dbf13249ce6 None None] log_rotate_interval = 1 {{(pid=107401) log_opt_values /opt/stack/data/venv/lib/python3.12/site-packages/oslo_config/cfg.py:2995}}
Apr 04 10:34:34.220122 np0000163483 devstack@n-api-meta.service[107401]: DEBUG nova.api.openstack.wsgi_app [None req-9e3a5f19-1d7a-45b0-b168-0dbf13249ce6 None None] log_rotate_interval_type = days {{(pid=107401) log_opt_values /opt/stack/data/venv/lib/python3.12/site-packages/oslo_config/cfg.py:2995}}
Apr 04 10:34:34.220250 np0000163483 devstack@n-api-meta.service[107401]: DEBUG nova.api.openstack.wsgi_app [None req-9e3a5f19-1d7a-45b0-b168-0dbf13249ce6 None None] log_rotation_type = none {{(pid=107401) log_opt_values /opt/stack/data/venv/lib/python3.12/site-packages/oslo_config/cfg.py:2995}}
Apr 04 10:34:34.220350 np0000163483 devstack@n-api-meta.service[107401]: DEBUG nova.api.openstack.wsgi_app [None req-9e3a5f19-1d7a-45b0-b168-0dbf13249ce6 None None] logging_context_format_string = %(color)s%(levelname)s %(name)s [%(global_request_id)s %(request_id)s %(project_name)s %(user_name)s%(color)s] %(instance)s%(color)s%(message)s {{(pid=107401) log_opt_values /opt/stack/data/venv/lib/python3.12/site-packages/oslo_config/cfg.py:2995}}
Apr 04 10:34:34.220471 np0000163483 devstack@n-api-meta.service[107401]: DEBUG nova.api.openstack.wsgi_app [None req-9e3a5f19-1d7a-45b0-b168-0dbf13249ce6 None None] logging_debug_format_suffix = {{(pid=%(process)d) %(funcName)s %(pathname)s:%(lineno)d}} {{(pid=107401) log_opt_values /opt/stack/data/venv/lib/python3.12/site-packages/oslo_config/cfg.py:2995}}
