Apr 04 10:34:40.613275 np0000163483 nova-conductor[109680]: DEBUG cotyledon.oslo_config_glue [-] vnc.novncproxy_host = 0.0.0.0 {{(pid=109680) log_opt_values /opt/stack/data/venv/lib/python3.12/site-packages/oslo_config/cfg.py:3006}}
Apr 04 10:34:40.613275 np0000163483 nova-conductor[109680]: DEBUG cotyledon.oslo_config_glue [-] vnc.novncproxy_port = 6080 {{(pid=109680) log_opt_values /opt/stack/data/venv/lib/python3.12/site-packages/oslo_config/cfg.py:3006}}
Apr 04 10:34:40.613275 np0000163483 nova-conductor[109680]: DEBUG cotyledon.oslo_config_glue [-] vnc.server_listen = 127.0.0.1 {{(pid=109680) log_opt_values /opt/stack/data/venv/lib/python3.12/site-packages/oslo_config/cfg.py:3006}}
Apr 04 10:34:40.613275 np0000163483 nova-conductor[109680]: DEBUG cotyledon.oslo_config_glue [-] vnc.server_proxyclient_address = 127.0.0.1 {{(pid=109680) log_opt_values /opt/stack/data/venv/lib/python3.12/site-packages/oslo_config/cfg.py:3006}}
Apr 04 10:34:40.613275 np0000163483 nova-conductor[109680]: DEBUG cotyledon.oslo_config_glue [-] vnc.vencrypt_ca_certs = None {{(pid=109680) log_opt_values /opt/stack/data/venv/lib/python3.12/site-packages/oslo_config/cfg.py:3006}}
Apr 04 10:34:40.613275 np0000163483 nova-conductor[109680]: DEBUG cotyledon.oslo_config_glue [-] vnc.vencrypt_client_cert = None {{(pid=109680) log_opt_values /opt/stack/data/venv/lib/python3.12/site-packages/oslo_config/cfg.py:3006}}
Apr 04 10:34:40.613275 np0000163483 nova-conductor[109680]: DEBUG cotyledon.oslo_config_glue [-] vnc.vencrypt_client_key = None {{(pid=109680) log_opt_values /opt/stack/data/venv/lib/python3.12/site-packages/oslo_config/cfg.py:3006}}
Apr 04 10:34:40.613275 np0000163483 nova-conductor[109680]: DEBUG cotyledon.oslo_config_glue [-] workarounds.disable_compute_service_check_for_ffu = False {{(pid=109680) log_opt_values /opt/stack/data/venv/lib/python3.12/site-packages/oslo_config/cfg.py:3006}}
Apr 04 10:34:40.613568 np0000163483 nova-conductor[109680]: DEBUG cotyledon.oslo_config_glue [-] workarounds.disable_deep_image_inspection = False {{(pid=109680) log_opt_values /opt/stack/data/venv/lib/python3.12/site-packages/oslo_config/cfg.py:3006}}
Apr 04 10:34:40.613568 np0000163483 nova-conductor[109680]: DEBUG cotyledon.oslo_config_glue [-] workarounds.disable_fallback_pcpu_query = False {{(pid=109680) log_opt_values /opt/stack/data/venv/lib/python3.12/site-packages/oslo_config/cfg.py:3006}}
Apr 04 10:34:40.613568 np0000163483 nova-conductor[109680]: DEBUG cotyledon.oslo_config_glue [-] workarounds.disable_group_policy_check_upcall = False {{(pid=109680) log_opt_values /opt/stack/data/venv/lib/python3.12/site-packages/oslo_config/cfg.py:3006}}
Apr 04 10:34:40.613568 np0000163483 nova-conductor[109680]: DEBUG cotyledon.oslo_config_glue [-] workarounds.disable_libvirt_livesnapshot = False {{(pid=109680) log_opt_values /opt/stack/data/venv/lib/python3.12/site-packages/oslo_config/cfg.py:3006}}
Apr 04 10:34:40.613568 np0000163483 nova-conductor[109680]: DEBUG cotyledon.oslo_config_glue [-] workarounds.disable_rootwrap = False {{(pid=109680) log_opt_values /opt/stack/data/venv/lib/python3.12/site-packages/oslo_config/cfg.py:3006}}
Apr 04 10:34:40.613568 np0000163483 nova-conductor[109680]: DEBUG cotyledon.oslo_config_glue [-] workarounds.enable_numa_live_migration = False {{(pid=109680) log_opt_values /opt/stack/data/venv/lib/python3.12/site-packages/oslo_config/cfg.py:3006}}
Apr 04 10:34:40.613568 np0000163483 nova-conductor[109680]: DEBUG cotyledon.oslo_config_glue [-] workarounds.enable_qemu_monitor_announce_self = False {{(pid=109680) log_opt_values /opt/stack/data/venv/lib/python3.12/site-packages/oslo_config/cfg.py:3006}}
Apr 04 10:34:40.613568 np0000163483 nova-conductor[109680]: DEBUG cotyledon.oslo_config_glue [-] workarounds.ensure_libvirt_rbd_instance_dir_cleanup = False {{(pid=109680) log_opt_values /opt/stack/data/venv/lib/python3.12/site-packages/oslo_config/cfg.py:3006}}
Apr 04 10:34:40.613568 np0000163483 nova-conductor[109680]: DEBUG cotyledon.oslo_config_glue [-] workarounds.handle_virt_lifecycle_events = True {{(pid=109680) log_opt_values /opt/stack/data/venv/lib/python3.12/site-packages/oslo_config/cfg.py:3006}}
Apr 04 10:34:40.613794 np0000163483 nova-conductor[109680]: DEBUG cotyledon.oslo_config_glue [-] workarounds.libvirt_disable_apic = False {{(pid=109680) log_opt_values /opt/stack/data/venv/lib/python3.12/site-packages/oslo_config/cfg.py:3006}}
Apr 04 10:34:40.613794 np0000163483 nova-conductor[109680]: DEBUG cotyledon.oslo_config_glue [-] workarounds.never_download_image_if_on_rbd = False {{(pid=109680) log_opt_values /opt/stack/data/venv/lib/python3.12/site-packages/oslo_config/cfg.py:3006}}
Apr 04 10:34:40.613794 np0000163483 nova-conductor[109680]: DEBUG cotyledon.oslo_config_glue [-] workarounds.qemu_monitor_announce_self_count = 3 {{(pid=109680) log_opt_values /opt/stack/data/venv/lib/python3.12/site-packages/oslo_config/cfg.py:3006}}
Apr 04 10:34:40.613794 np0000163483 nova-conductor[109680]: DEBUG cotyledon.oslo_config_glue [-] workarounds.qemu_monitor_announce_self_interval = 1 {{(pid=109680) log_opt_values /opt/stack/data/venv/lib/python3.12/site-packages/oslo_config/cfg.py:3006}}
Apr 04 10:34:40.613794 np0000163483 nova-conductor[109680]: DEBUG cotyledon.oslo_config_glue [-] workarounds.reserve_disk_resource_for_image_cache = False {{(pid=109680) log_opt_values /opt/stack/data/venv/lib/python3.12/site-packages/oslo_config/cfg.py:3006}}
Apr 04 10:34:40.613794 np0000163483 nova-conductor[109680]: DEBUG cotyledon.oslo_config_glue [-] workarounds.skip_cpu_compare_at_startup = False {{(pid=109680) log_opt_values /opt/stack/data/venv/lib/python3.12/site-packages/oslo_config/cfg.py:3006}}
Apr 04 10:34:40.613794 np0000163483 nova-conductor[109680]: DEBUG cotyledon.oslo_config_glue [-] workarounds.skip_cpu_compare_on_dest = False {{(pid=109680) log_opt_values /opt/stack/data/venv/lib/python3.12/site-packages/oslo_config/cfg.py:3006}}
Apr 04 10:34:40.613794 np0000163483 nova-conductor[109680]: DEBUG cotyledon.oslo_config_glue [-] workarounds.skip_hypervisor_version_check_on_lm = False {{(pid=109680) log_opt_values /opt/stack/data/venv/lib/python3.12/site-packages/oslo_config/cfg.py:3006}}
Apr 04 10:34:40.613794 np0000163483 nova-conductor[109680]: DEBUG cotyledon.oslo_config_glue [-] workarounds.skip_reserve_in_use_ironic_nodes = False {{(pid=109680) log_opt_values /opt/stack/data/venv/lib/python3.12/site-packages/oslo_config/cfg.py:3006}}
Apr 04 10:34:40.614033 np0000163483 nova-conductor[109680]: DEBUG cotyledon.oslo_config_glue [-] workarounds.unified_limits_count_pcpu_as_vcpu = False {{(pid=109680) log_opt_values /opt/stack/data/venv/lib/python3.12/site-packages/oslo_config/cfg.py:3006}}
Apr 04 10:34:40.614033 np0000163483 nova-conductor[109680]: DEBUG cotyledon.oslo_config_glue [-] workarounds.wait_for_vif_plugged_event_during_hard_reboot = [] {{(pid=109680) log_opt_values /opt/stack/data/venv/lib/python3.12/site-packages/oslo_config/cfg.py:3006}}
Apr 04 10:34:40.614033 np0000163483 nova-conductor[109680]: DEBUG cotyledon.oslo_config_glue [-] wsgi.api_paste_config = /etc/nova/api-paste.ini {{(pid=109680) log_opt_values /opt/stack/data/venv/lib/python3.12/site-packages/oslo_config/cfg.py:3006}}
Apr 04 10:34:40.614033 np0000163483 nova-conductor[109680]: DEBUG cotyledon.oslo_config_glue [-] wsgi.secure_proxy_ssl_header = None {{(pid=109680) log_opt_values /opt/stack/data/venv/lib/python3.12/site-packages/oslo_config/cfg.py:3006}}
Apr 04 10:34:40.614033 np0000163483 nova-conductor[109680]: DEBUG cotyledon.oslo_config_glue [-] zvm.ca_file = None {{(pid=109680) log_opt_values /opt/stack/data/venv/lib/python3.12/site-packages/oslo_config/cfg.py:3006}}
Apr 04 10:34:40.614033 np0000163483 nova-conductor[109680]: DEBUG cotyledon.oslo_config_glue [-] zvm.cloud_connector_url = None {{(pid=109680) log_opt_values /opt/stack/data/venv/lib/python3.12/site-packages/oslo_config/cfg.py:3006}}
Apr 04 10:34:40.614033 np0000163483 nova-conductor[109680]: DEBUG cotyledon.oslo_config_glue [-] zvm.image_tmp_path = /opt/stack/data/nova/images {{(pid=109680) log_opt_values /opt/stack/data/venv/lib/python3.12/site-packages/oslo_config/cfg.py:3006}}
Apr 04 10:34:40.614033 np0000163483 nova-conductor[109680]: DEBUG cotyledon.oslo_config_glue [-] zvm.reachable_timeout = 300 {{(pid=109680) log_opt_values /opt/stack/data/venv/lib/python3.12/site-packages/oslo_config/cfg.py:3006}}
Apr 04 10:34:40.614033 np0000163483 nova-conductor[109680]: DEBUG cotyledon.oslo_config_glue [-] oslo_versionedobjects.fatal_exception_format_errors = False {{(pid=109680) log_opt_values /opt/stack/data/venv/lib/python3.12/site-packages/oslo_config/cfg.py:3006}}
Apr 04 10:34:40.614275 np0000163483 nova-conductor[109680]: DEBUG cotyledon.oslo_config_glue [-] oslo_middleware.http_basic_auth_user_file = /etc/htpasswd {{(pid=109680) log_opt_values /opt/stack/data/venv/lib/python3.12/site-packages/oslo_config/cfg.py:3006}}
Apr 04 10:34:40.614275 np0000163483 nova-conductor[109680]: DEBUG cotyledon.oslo_config_glue [-] profiler.connection_string = messaging:// {{(pid=109680) log_opt_values /opt/stack/data/venv/lib/python3.12/site-packages/oslo_config/cfg.py:3006}}
Apr 04 10:34:40.614275 np0000163483 nova-conductor[109680]: DEBUG cotyledon.oslo_config_glue [-] profiler.enabled = False {{(pid=109680) log_opt_values /opt/stack/data/venv/lib/python3.12/site-packages/oslo_config/cfg.py:3006}}
Apr 04 10:34:40.614275 np0000163483 nova-conductor[109680]: DEBUG cotyledon.oslo_config_glue [-] profiler.es_doc_type = notification {{(pid=109680) log_opt_values /opt/stack/data/venv/lib/python3.12/site-packages/oslo_config/cfg.py:3006}}
Apr 04 10:34:40.614275 np0000163483 nova-conductor[109680]: DEBUG cotyledon.oslo_config_glue [-] profiler.es_scroll_size = 10000 {{(pid=109680) log_opt_values /opt/stack/data/venv/lib/python3.12/site-packages/oslo_config/cfg.py:3006}}
Apr 04 10:34:40.614275 np0000163483 nova-conductor[109680]: DEBUG cotyledon.oslo_config_glue [-] profiler.es_scroll_time = 2m {{(pid=109680) log_opt_values /opt/stack/data/venv/lib/python3.12/site-packages/oslo_config/cfg.py:3006}}
Apr 04 10:34:40.614275 np0000163483 nova-conductor[109680]: DEBUG cotyledon.oslo_config_glue [-] profiler.filter_error_trace = False {{(pid=109680) log_opt_values /opt/stack/data/venv/lib/python3.12/site-packages/oslo_config/cfg.py:3006}}
Apr 04 10:34:40.614275 np0000163483 nova-conductor[109680]: DEBUG cotyledon.oslo_config_glue [-] profiler.hmac_keys = **** {{(pid=109680) log_opt_values /opt/stack/data/venv/lib/python3.12/site-packages/oslo_config/cfg.py:3006}}
Apr 04 10:34:40.614275 np0000163483 nova-conductor[109680]: DEBUG cotyledon.oslo_config_glue [-] profiler.sentinel_service_name = mymaster {{(pid=109680) log_opt_values /opt/stack/data/venv/lib/python3.12/site-packages/oslo_config/cfg.py:3006}}
Apr 04 10:34:40.614575 np0000163483 nova-conductor[109680]: DEBUG cotyledon.oslo_config_glue [-] profiler.socket_timeout = 0.1 {{(pid=109680) log_opt_values /opt/stack/data/venv/lib/python3.12/site-packages/oslo_config/cfg.py:3006}}
Apr 04 10:34:40.614575 np0000163483 nova-conductor[109680]: DEBUG cotyledon.oslo_config_glue [-] profiler.trace_requests = False {{(pid=109680) log_opt_values /opt/stack/data/venv/lib/python3.12/site-packages/oslo_config/cfg.py:3006}}
Apr 04 10:34:40.614575 np0000163483 nova-conductor[109680]: DEBUG cotyledon.oslo_config_glue [-] profiler.trace_sqlalchemy = False {{(pid=109680) log_opt_values /opt/stack/data/venv/lib/python3.12/site-packages/oslo_config/cfg.py:3006}}
Apr 04 10:34:40.614575 np0000163483 nova-conductor[109680]: DEBUG cotyledon.oslo_config_glue [-] profiler_jaeger.process_tags = {} {{(pid=109680) log_opt_values /opt/stack/data/venv/lib/python3.12/site-packages/oslo_config/cfg.py:3006}}
Apr 04 10:34:40.614575 np0000163483 nova-conductor[109680]: DEBUG cotyledon.oslo_config_glue [-] profiler_jaeger.service_name_prefix = None {{(pid=109680) log_opt_values /opt/stack/data/venv/lib/python3.12/site-packages/oslo_config/cfg.py:3006}}
Apr 04 10:34:40.614575 np0000163483 nova-conductor[109680]: DEBUG cotyledon.oslo_config_glue [-] profiler_otlp.service_name_prefix = None {{(pid=109680) log_opt_values /opt/stack/data/venv/lib/python3.12/site-packages/oslo_config/cfg.py:3006}}
Apr 04 10:34:40.614575 np0000163483 nova-conductor[109680]: DEBUG cotyledon.oslo_config_glue [-] oslo_messaging_rabbit.amqp_auto_delete = False {{(pid=109680) log_opt_values /opt/stack/data/venv/lib/python3.12/site-packages/oslo_config/cfg.py:3006}}
Apr 04 10:34:40.614575 np0000163483 nova-conductor[109680]: DEBUG cotyledon.oslo_config_glue [-] oslo_messaging_rabbit.amqp_durable_queues = False {{(pid=109680) log_opt_values /opt/stack/data/venv/lib/python3.12/site-packages/oslo_config/cfg.py:3006}}
Apr 04 10:34:40.614575 np0000163483 nova-conductor[109680]: DEBUG cotyledon.oslo_config_glue [-] oslo_messaging_rabbit.conn_pool_min_size = 2 {{(pid=109680) log_opt_values /opt/stack/data/venv/lib/python3.12/site-packages/oslo_config/cfg.py:3006}}
Apr 04 10:34:40.614781 np0000163483 nova-conductor[109680]: DEBUG cotyledon.oslo_config_glue [-] oslo_messaging_rabbit.conn_pool_ttl = 1200 {{(pid=109680) log_opt_values /opt/stack/data/venv/lib/python3.12/site-packages/oslo_config/cfg.py:3006}}
Apr 04 10:34:40.614781 np0000163483 nova-conductor[109680]: DEBUG cotyledon.oslo_config_glue [-] oslo_messaging_rabbit.direct_mandatory_flag = True {{(pid=109680) log_opt_values /opt/stack/data/venv/lib/python3.12/site-packages/oslo_config/cfg.py:3006}}
Apr 04 10:34:40.614781 np0000163483 nova-conductor[109680]: DEBUG cotyledon.oslo_config_glue [-] oslo_messaging_rabbit.enable_cancel_on_failover = False {{(pid=109680) log_opt_values /opt/stack/data/venv/lib/python3.12/site-packages/oslo_config/cfg.py:3006}}
Apr 04 10:34:40.614781 np0000163483 nova-conductor[109680]: DEBUG cotyledon.oslo_config_glue [-] oslo_messaging_rabbit.heartbeat_in_pthread = False {{(pid=109680) log_opt_values /opt/stack/data/venv/lib/python3.12/site-packages/oslo_config/cfg.py:3006}}
Apr 04 10:34:40.614781 np0000163483 nova-conductor[109680]: DEBUG cotyledon.oslo_config_glue [-] oslo_messaging_rabbit.heartbeat_rate = 3 {{(pid=109680) log_opt_values /opt/stack/data/venv/lib/python3.12/site-packages/oslo_config/cfg.py:3006}}
Apr 04 10:34:40.614781 np0000163483 nova-conductor[109680]: DEBUG cotyledon.oslo_config_glue [-] oslo_messaging_rabbit.heartbeat_timeout_threshold = 60 {{(pid=109680) log_opt_values /opt/stack/data/venv/lib/python3.12/site-packages/oslo_config/cfg.py:3006}}
Apr 04 10:34:40.614781 np0000163483 nova-conductor[109680]: DEBUG cotyledon.oslo_config_glue [-] oslo_messaging_rabbit.hostname = np0000163483 {{(pid=109680) log_opt_values /opt/stack/data/venv/lib/python3.12/site-packages/oslo_config/cfg.py:3006}}
Apr 04 10:34:40.614781 np0000163483 nova-conductor[109680]: DEBUG cotyledon.oslo_config_glue [-] oslo_messaging_rabbit.kombu_compression = None {{(pid=109680) log_opt_values /opt/stack/data/venv/lib/python3.12/site-packages/oslo_config/cfg.py:3006}}
Apr 04 10:34:40.614781 np0000163483 nova-conductor[109680]: DEBUG cotyledon.oslo_config_glue [-] oslo_messaging_rabbit.kombu_failover_strategy = round-robin {{(pid=109680) log_opt_values /opt/stack/data/venv/lib/python3.12/site-packages/oslo_config/cfg.py:3006}}
Apr 04 10:34:40.614986 np0000163483 nova-conductor[109680]: DEBUG cotyledon.oslo_config_glue [-] oslo_messaging_rabbit.kombu_missing_consumer_retry_timeout = 60 {{(pid=109680) log_opt_values /opt/stack/data/venv/lib/python3.12/site-packages/oslo_config/cfg.py:3006}}
Apr 04 10:34:40.614986 np0000163483 nova-conductor[109680]: DEBUG cotyledon.oslo_config_glue [-] oslo_messaging_rabbit.kombu_reconnect_delay = 1.0 {{(pid=109680) log_opt_values /opt/stack/data/venv/lib/python3.12/site-packages/oslo_config/cfg.py:3006}}
Apr 04 10:34:40.614986 np0000163483 nova-conductor[109680]: DEBUG cotyledon.oslo_config_glue [-] oslo_messaging_rabbit.kombu_reconnect_splay = 0.0 {{(pid=109680) log_opt_values /opt/stack/data/venv/lib/python3.12/site-packages/oslo_config/cfg.py:3006}}
Apr 04 10:34:40.614986 np0000163483 nova-conductor[109680]: DEBUG cotyledon.oslo_config_glue [-] oslo_messaging_rabbit.processname = nova-conductor {{(pid=109680) log_opt_values /opt/stack/data/venv/lib/python3.12/site-packages/oslo_config/cfg.py:3006}}
Apr 04 10:34:40.614986 np0000163483 nova-conductor[109680]: DEBUG cotyledon.oslo_config_glue [-] oslo_messaging_rabbit.rabbit_ha_queues = False {{(pid=109680) log_opt_values /opt/stack/data/venv/lib/python3.12/site-packages/oslo_config/cfg.py:3006}}
Apr 04 10:34:40.614986 np0000163483 nova-conductor[109680]: DEBUG cotyledon.oslo_config_glue [-] oslo_messaging_rabbit.rabbit_interval_max = 30 {{(pid=109680) log_opt_values /opt/stack/data/venv/lib/python3.12/site-packages/oslo_config/cfg.py:3006}}
Apr 04 10:34:40.614986 np0000163483 nova-conductor[109680]: DEBUG cotyledon.oslo_config_glue [-] oslo_messaging_rabbit.rabbit_login_method = AMQPLAIN {{(pid=109680) log_opt_values /opt/stack/data/venv/lib/python3.12/site-packages/oslo_config/cfg.py:3006}}
Apr 04 10:34:40.614986 np0000163483 nova-conductor[109680]: DEBUG cotyledon.oslo_config_glue [-] oslo_messaging_rabbit.rabbit_qos_prefetch_count = 0 {{(pid=109680) log_opt_values /opt/stack/data/venv/lib/python3.12/site-packages/oslo_config/cfg.py:3006}}
Apr 04 10:34:40.615168 np0000163483 nova-conductor[109680]: DEBUG cotyledon.oslo_config_glue [-] oslo_messaging_rabbit.rabbit_quorum_delivery_limit = 0 {{(pid=109680) log_opt_values /opt/stack/data/venv/lib/python3.12/site-packages/oslo_config/cfg.py:3006}}
Apr 04 10:34:40.615168 np0000163483 nova-conductor[109680]: DEBUG cotyledon.oslo_config_glue [-] oslo_messaging_rabbit.rabbit_quorum_max_memory_bytes = 0 {{(pid=109680) log_opt_values /opt/stack/data/venv/lib/python3.12/site-packages/oslo_config/cfg.py:3006}}
Apr 04 10:34:40.615168 np0000163483 nova-conductor[109680]: DEBUG cotyledon.oslo_config_glue [-] oslo_messaging_rabbit.rabbit_quorum_max_memory_length = 0 {{(pid=109680) log_opt_values /opt/stack/data/venv/lib/python3.12/site-packages/oslo_config/cfg.py:3006}}
Apr 04 10:34:40.615168 np0000163483 nova-conductor[109680]: DEBUG cotyledon.oslo_config_glue [-] oslo_messaging_rabbit.rabbit_quorum_queue = False {{(pid=109680) log_opt_values /opt/stack/data/venv/lib/python3.12/site-packages/oslo_config/cfg.py:3006}}
Apr 04 10:34:40.615168 np0000163483 nova-conductor[109680]: DEBUG cotyledon.oslo_config_glue [-] oslo_messaging_rabbit.rabbit_retry_backoff = 2 {{(pid=109680) log_opt_values /opt/stack/data/venv/lib/python3.12/site-packages/oslo_config/cfg.py:3006}}
Apr 04 10:34:40.615168 np0000163483 nova-conductor[109680]: DEBUG cotyledon.oslo_config_glue [-] oslo_messaging_rabbit.rabbit_retry_interval = 1 {{(pid=109680) log_opt_values /opt/stack/data/venv/lib/python3.12/site-packages/oslo_config/cfg.py:3006}}
Apr 04 10:34:40.615168 np0000163483 nova-conductor[109680]: DEBUG cotyledon.oslo_config_glue [-] oslo_messaging_rabbit.rabbit_stream_fanout = False {{(pid=109680) log_opt_values /opt/stack/data/venv/lib/python3.12/site-packages/oslo_config/cfg.py:3006}}
Apr 04 10:34:40.615168 np0000163483 nova-conductor[109680]: DEBUG cotyledon.oslo_config_glue [-] oslo_messaging_rabbit.rabbit_transient_queues_ttl = 1800 {{(pid=109680) log_opt_values /opt/stack/data/venv/lib/python3.12/site-packages/oslo_config/cfg.py:3006}}
Apr 04 10:34:40.615420 np0000163483 nova-conductor[109680]: DEBUG cotyledon.oslo_config_glue [-] oslo_messaging_rabbit.rabbit_transient_quorum_queue = False {{(pid=109680) log_opt_values /opt/stack/data/venv/lib/python3.12/site-packages/oslo_config/cfg.py:3006}}
Apr 04 10:34:40.615420 np0000163483 nova-conductor[109680]: DEBUG cotyledon.oslo_config_glue [-] oslo_messaging_rabbit.rpc_conn_pool_size = 30 {{(pid=109680) log_opt_values /opt/stack/data/venv/lib/python3.12/site-packages/oslo_config/cfg.py:3006}}
Apr 04 10:34:40.615420 np0000163483 nova-conductor[109680]: DEBUG cotyledon.oslo_config_glue [-] oslo_messaging_rabbit.ssl = False {{(pid=109680) log_opt_values /opt/stack/data/venv/lib/python3.12/site-packages/oslo_config/cfg.py:3006}}
Apr 04 10:34:40.615420 np0000163483 nova-conductor[109680]: DEBUG cotyledon.oslo_config_glue [-] oslo_messaging_rabbit.ssl_ca_file = {{(pid=109680) log_opt_values /opt/stack/data/venv/lib/python3.12/site-packages/oslo_config/cfg.py:3006}}
Apr 04 10:34:40.615420 np0000163483 nova-conductor[109680]: DEBUG cotyledon.oslo_config_glue [-] oslo_messaging_rabbit.ssl_cert_file = {{(pid=109680) log_opt_values /opt/stack/data/venv/lib/python3.12/site-packages/oslo_config/cfg.py:3006}}
Apr 04 10:34:40.615420 np0000163483 nova-conductor[109680]: DEBUG cotyledon.oslo_config_glue [-] oslo_messaging_rabbit.ssl_enforce_fips_mode = False {{(pid=109680) log_opt_values /opt/stack/data/venv/lib/python3.12/site-packages/oslo_config/cfg.py:3006}}
Apr 04 10:34:40.615420 np0000163483 nova-conductor[109680]: DEBUG cotyledon.oslo_config_glue [-] oslo_messaging_rabbit.ssl_key_file = {{(pid=109680) log_opt_values /opt/stack/data/venv/lib/python3.12/site-packages/oslo_config/cfg.py:3006}}
Apr 04 10:34:40.615420 np0000163483 nova-conductor[109680]: DEBUG cotyledon.oslo_config_glue [-] oslo_messaging_rabbit.ssl_version = {{(pid=109680) log_opt_values /opt/stack/data/venv/lib/python3.12/site-packages/oslo_config/cfg.py:3006}}
Apr 04 10:34:40.615420 np0000163483 nova-conductor[109680]: DEBUG cotyledon.oslo_config_glue [-] oslo_messaging_rabbit.use_queue_manager = False {{(pid=109680) log_opt_values /opt/stack/data/venv/lib/python3.12/site-packages/oslo_config/cfg.py:3006}}
Apr 04 10:34:40.615714 np0000163483 nova-conductor[109680]: DEBUG cotyledon.oslo_config_glue [-] oslo_messaging_notifications.driver = ['messagingv2'] {{(pid=109680) log_opt_values /opt/stack/data/venv/lib/python3.12/site-packages/oslo_config/cfg.py:3006}}
Apr 04 10:34:40.615714 np0000163483 nova-conductor[109680]: DEBUG cotyledon.oslo_config_glue [-] oslo_messaging_notifications.retry = -1 {{(pid=109680) log_opt_values /opt/stack/data/venv/lib/python3.12/site-packages/oslo_config/cfg.py:3006}}
Apr 04 10:34:40.615714 np0000163483 nova-conductor[109680]: DEBUG cotyledon.oslo_config_glue [-] oslo_messaging_notifications.topics = ['notifications'] {{(pid=109680) log_opt_values /opt/stack/data/venv/lib/python3.12/site-packages/oslo_config/cfg.py:3006}}
Apr 04 10:34:40.615714 np0000163483 nova-conductor[109680]: DEBUG cotyledon.oslo_config_glue [-] oslo_messaging_notifications.transport_url = **** {{(pid=109680) log_opt_values /opt/stack/data/venv/lib/python3.12/site-packages/oslo_config/cfg.py:3006}}
Apr 04 10:34:40.615714 np0000163483 nova-conductor[109680]: DEBUG cotyledon.oslo_config_glue [-] oslo_limit.auth_section = None {{(pid=109680) log_opt_values /opt/stack/data/venv/lib/python3.12/site-packages/oslo_config/cfg.py:3006}}
Apr 04 10:34:40.615714 np0000163483 nova-conductor[109680]: DEBUG cotyledon.oslo_config_glue [-] oslo_limit.auth_type = None {{(pid=109680) log_opt_values /opt/stack/data/venv/lib/python3.12/site-packages/oslo_config/cfg.py:3006}}
Apr 04 10:34:40.615714 np0000163483 nova-conductor[109680]: DEBUG cotyledon.oslo_config_glue [-] oslo_limit.cafile = None {{(pid=109680) log_opt_values /opt/stack/data/venv/lib/python3.12/site-packages/oslo_config/cfg.py:3006}}
Apr 04 10:34:40.615714 np0000163483 nova-conductor[109680]: DEBUG cotyledon.oslo_config_glue [-] oslo_limit.certfile = None {{(pid=109680) log_opt_values /opt/stack/data/venv/lib/python3.12/site-packages/oslo_config/cfg.py:3006}}
Apr 04 10:34:40.615714 np0000163483 nova-conductor[109680]: DEBUG cotyledon.oslo_config_glue [-] oslo_limit.collect_timing = False {{(pid=109680) log_opt_values /opt/stack/data/venv/lib/python3.12/site-packages/oslo_config/cfg.py:3006}}
Apr 04 10:34:40.615947 np0000163483 nova-conductor[109680]: DEBUG cotyledon.oslo_config_glue [-] oslo_limit.connect_retries = None {{(pid=109680) log_opt_values /opt/stack/data/venv/lib/python3.12/site-packages/oslo_config/cfg.py:3006}}
Apr 04 10:34:40.615947 np0000163483 nova-conductor[109680]: DEBUG cotyledon.oslo_config_glue [-] oslo_limit.connect_retry_delay = None {{(pid=109680) log_opt_values /opt/stack/data/venv/lib/python3.12/site-packages/oslo_config/cfg.py:3006}}
Apr 04 10:34:40.615947 np0000163483 nova-conductor[109680]: DEBUG cotyledon.oslo_config_glue [-] oslo_limit.endpoint_id = None {{(pid=109680) log_opt_values /opt/stack/data/venv/lib/python3.12/site-packages/oslo_config/cfg.py:3006}}
Apr 04 10:34:40.615947 np0000163483 nova-conductor[109680]: DEBUG cotyledon.oslo_config_glue [-] oslo_limit.endpoint_interface = public {{(pid=109680) log_opt_values /opt/stack/data/venv/lib/python3.12/site-packages/oslo_config/cfg.py:3006}}
Apr 04 10:34:40.615947 np0000163483 nova-conductor[109680]: DEBUG cotyledon.oslo_config_glue [-] oslo_limit.endpoint_override = None {{(pid=109680) log_opt_values /opt/stack/data/venv/lib/python3.12/site-packages/oslo_config/cfg.py:3006}}
Apr 04 10:34:40.615947 np0000163483 nova-conductor[109680]: DEBUG cotyledon.oslo_config_glue [-] oslo_limit.endpoint_region_name = None {{(pid=109680) log_opt_values /opt/stack/data/venv/lib/python3.12/site-packages/oslo_config/cfg.py:3006}}
Apr 04 10:34:40.615947 np0000163483 nova-conductor[109680]: DEBUG cotyledon.oslo_config_glue [-] oslo_limit.endpoint_service_name = None {{(pid=109680) log_opt_values /opt/stack/data/venv/lib/python3.12/site-packages/oslo_config/cfg.py:3006}}
Apr 04 10:34:40.615947 np0000163483 nova-conductor[109680]: DEBUG cotyledon.oslo_config_glue [-] oslo_limit.endpoint_service_type = None {{(pid=109680) log_opt_values /opt/stack/data/venv/lib/python3.12/site-packages/oslo_config/cfg.py:3006}}
Apr 04 10:34:40.615947 np0000163483 nova-conductor[109680]: DEBUG cotyledon.oslo_config_glue [-] oslo_limit.insecure = False {{(pid=109680) log_opt_values /opt/stack/data/venv/lib/python3.12/site-packages/oslo_config/cfg.py:3006}}
Apr 04 10:34:40.616168 np0000163483 nova-conductor[109680]: DEBUG cotyledon.oslo_config_glue [-] oslo_limit.keyfile = None {{(pid=109680) log_opt_values /opt/stack/data/venv/lib/python3.12/site-packages/oslo_config/cfg.py:3006}}
Apr 04 10:34:40.616168 np0000163483 nova-conductor[109680]: DEBUG cotyledon.oslo_config_glue [-] oslo_limit.max_version = None {{(pid=109680) log_opt_values /opt/stack/data/venv/lib/python3.12/site-packages/oslo_config/cfg.py:3006}}
Apr 04 10:34:40.616168 np0000163483 nova-conductor[109680]: DEBUG cotyledon.oslo_config_glue [-] oslo_limit.min_version = None {{(pid=109680) log_opt_values /opt/stack/data/venv/lib/python3.12/site-packages/oslo_config/cfg.py:3006}}
Apr 04 10:34:40.616168 np0000163483 nova-conductor[109680]: DEBUG cotyledon.oslo_config_glue [-] oslo_limit.region_name = None {{(pid=109680) log_opt_values /opt/stack/data/venv/lib/python3.12/site-packages/oslo_config/cfg.py:3006}}
Apr 04 10:34:40.616168 np0000163483 nova-conductor[109680]: DEBUG cotyledon.oslo_config_glue [-] oslo_limit.retriable_status_codes = None {{(pid=109680) log_opt_values /opt/stack/data/venv/lib/python3.12/site-packages/oslo_config/cfg.py:3006}}
Apr 04 10:34:40.616168 np0000163483 nova-conductor[109680]: DEBUG cotyledon.oslo_config_glue [-] oslo_limit.service_name = None {{(pid=109680) log_opt_values /opt/stack/data/venv/lib/python3.12/site-packages/oslo_config/cfg.py:3006}}
Apr 04 10:34:40.616168 np0000163483 nova-conductor[109680]: DEBUG cotyledon.oslo_config_glue [-] oslo_limit.service_type = None {{(pid=109680) log_opt_values /opt/stack/data/venv/lib/python3.12/site-packages/oslo_config/cfg.py:3006}}
Apr 04 10:34:40.616168 np0000163483 nova-conductor[109680]: DEBUG cotyledon.oslo_config_glue [-] oslo_limit.split_loggers = False {{(pid=109680) log_opt_values /opt/stack/data/venv/lib/python3.12/site-packages/oslo_config/cfg.py:3006}}
Apr 04 10:34:40.616168 np0000163483 nova-conductor[109680]: DEBUG cotyledon.oslo_config_glue [-] oslo_limit.status_code_retries = None {{(pid=109680) log_opt_values /opt/stack/data/venv/lib/python3.12/site-packages/oslo_config/cfg.py:3006}}
Apr 04 10:34:40.616401 np0000163483 nova-conductor[109680]: DEBUG cotyledon.oslo_config_glue [-] oslo_limit.status_code_retry_delay = None {{(pid=109680) log_opt_values /opt/stack/data/venv/lib/python3.12/site-packages/oslo_config/cfg.py:3006}}
Apr 04 10:34:40.616401 np0000163483 nova-conductor[109680]: DEBUG cotyledon.oslo_config_glue [-] oslo_limit.timeout = None {{(pid=109680) log_opt_values /opt/stack/data/venv/lib/python3.12/site-packages/oslo_config/cfg.py:3006}}
Apr 04 10:34:40.616401 np0000163483 nova-conductor[109680]: DEBUG cotyledon.oslo_config_glue [-] oslo_limit.valid_interfaces = None {{(pid=109680) log_opt_values /opt/stack/data/venv/lib/python3.12/site-packages/oslo_config/cfg.py:3006}}
Apr 04 10:34:40.616401 np0000163483 nova-conductor[109680]: DEBUG cotyledon.oslo_config_glue [-] oslo_limit.version = None {{(pid=109680) log_opt_values /opt/stack/data/venv/lib/python3.12/site-packages/oslo_config/cfg.py:3006}}
Apr 04 10:34:40.616401 np0000163483 nova-conductor[109680]: DEBUG cotyledon.oslo_config_glue [-] oslo_reports.file_event_handler = None {{(pid=109680) log_opt_values /opt/stack/data/venv/lib/python3.12/site-packages/oslo_config/cfg.py:3006}}
Apr 04 10:34:40.616401 np0000163483 nova-conductor[109680]: DEBUG cotyledon.oslo_config_glue [-] oslo_reports.file_event_handler_interval = 1 {{(pid=109680) log_opt_values /opt/stack/data/venv/lib/python3.12/site-packages/oslo_config/cfg.py:3006}}
Apr 04 10:34:40.616401 np0000163483 nova-conductor[109680]: DEBUG cotyledon.oslo_config_glue [-] oslo_reports.log_dir = None {{(pid=109680) log_opt_values /opt/stack/data/venv/lib/python3.12/site-packages/oslo_config/cfg.py:3006}}
Apr 04 10:34:40.616401 np0000163483 nova-conductor[109680]: DEBUG cotyledon.oslo_config_glue [-] ******************************************************************************** {{(pid=109680) log_opt_values /opt/stack/data/venv/lib/python3.12/site-packages/oslo_config/cfg.py:3013}}
Apr 04 10:34:40.616401 np0000163483 nova-conductor[109680]: DEBUG cotyledon._service_worker [-] Run service ServiceWrapper(3) [109680] {{(pid=109680) wait_forever /opt/stack/data/venv/lib/python3.12/site-packages/cotyledon/_service_worker.py:218}}
Apr 04 10:34:40.616621 np0000163483 nova-conductor[109668]: DEBUG oslo_db.sqlalchemy.engines [None req-38500d4b-e195-45b8-9a27-bcd0cd0964a0 None None] MySQL server mode set to STRICT_TRANS_TABLES,STRICT_ALL_TABLES,NO_ZERO_IN_DATE,NO_ZERO_DATE,ERROR_FOR_DIVISION_BY_ZERO,TRADITIONAL,NO_ENGINE_SUBSTITUTION {{(pid=109668) _check_effective_sql_mode /opt/stack/data/venv/lib/python3.12/site-packages/oslo_db/sqlalchemy/engines.py:325}}
Apr 04 10:34:40.616660 np0000163483 nova-conductor[109661]: DEBUG nova.service [None req-bc60ce7e-5fe5-4f96-80bc-60351c789907 None None] Creating RPC server for service: nova-conductor on topic: conductor {{(pid=109661) start /opt/stack/nova/nova/service.py:195}}
Apr 04 10:34:40.616693 np0000163483 nova-conductor[109680]: INFO nova.service [-] Starting conductor node (version 33.1.0)
Apr 04 10:34:40.616723 np0000163483 nova-conductor[109651]: DEBUG nova.service [None req-3c325c23-7089-40f1-8fe4-d6be24b12282 None None] Creating RPC server for service: nova-conductor on topic: conductor {{(pid=109651) start /opt/stack/nova/nova/service.py:195}}
Apr 04 10:34:40.618433 np0000163483 nova-conductor[109680]: INFO dbcounter [None req-5f8b917e-8220-451f-ab59-d838d1306b77 None None] Registered counter for database nova_cell0
Apr 04 10:34:40.620319 np0000163483 nova-conductor[109668]: DEBUG dbcounter [-] [109668] Writer thread running {{(pid=109668) stat_writer /opt/stack/data/venv/lib/python3.12/site-packages/dbcounter.py:102}}
Apr 04 10:34:40.624039 np0000163483 nova-conductor[109668]: DEBUG nova.service [None req-38500d4b-e195-45b8-9a27-bcd0cd0964a0 None None] Creating RPC server for service: nova-conductor on topic: conductor {{(pid=109668) start /opt/stack/nova/nova/service.py:195}}
Apr 04 10:34:40.625277 np0000163483 nova-conductor[109680]: DEBUG oslo_db.sqlalchemy.engines [None req-5f8b917e-8220-451f-ab59-d838d1306b77 None None] MySQL server mode set to STRICT_TRANS_TABLES,STRICT_ALL_TABLES,NO_ZERO_IN_DATE,NO_ZERO_DATE,ERROR_FOR_DIVISION_BY_ZERO,TRADITIONAL,NO_ENGINE_SUBSTITUTION {{(pid=109680) _check_effective_sql_mode /opt/stack/data/venv/lib/python3.12/site-packages/oslo_db/sqlalchemy/engines.py:325}}
Apr 04 10:34:40.635309 np0000163483 nova-conductor[109651]: DEBUG nova.service [None req-3c325c23-7089-40f1-8fe4-d6be24b12282 None None] Join ServiceGroup membership for this service conductor {{(pid=109651) start /opt/stack/nova/nova/service.py:221}}
Apr 04 10:34:40.635549 np0000163483 nova-conductor[109661]: DEBUG nova.service [None req-bc60ce7e-5fe5-4f96-80bc-60351c789907 None None] Join ServiceGroup membership for this service conductor {{(pid=109661) start /opt/stack/nova/nova/service.py:221}}
Apr 04 10:34:40.635725 np0000163483 nova-conductor[109661]: DEBUG nova.servicegroup.drivers.db [None req-bc60ce7e-5fe5-4f96-80bc-60351c789907 None None] DB_Driver: join new ServiceGroup member np0000163483 to the conductor group, service = {{(pid=109661) join /opt/stack/nova/nova/servicegroup/drivers/db.py:44}}
Apr 04 10:34:40.635796 np0000163483 nova-conductor[109651]: DEBUG nova.servicegroup.drivers.db [None req-3c325c23-7089-40f1-8fe4-d6be24b12282 None None] DB_Driver: join new ServiceGroup member np0000163483 to the conductor group, service = {{(pid=109651) join /opt/stack/nova/nova/servicegroup/drivers/db.py:44}}
Apr 04 10:34:40.636350 np0000163483 nova-conductor[109680]: DEBUG dbcounter [-] [109680] Writer thread running {{(pid=109680) stat_writer /opt/stack/data/venv/lib/python3.12/site-packages/dbcounter.py:102}}
Apr 04 10:34:40.639557 np0000163483 nova-conductor[109680]: DEBUG nova.service [None req-5f8b917e-8220-451f-ab59-d838d1306b77 None None] Creating RPC server for service: nova-conductor on topic: conductor {{(pid=109680) start /opt/stack/nova/nova/service.py:195}}
Apr 04 10:34:40.642246 np0000163483 nova-conductor[109668]: DEBUG nova.service [None req-38500d4b-e195-45b8-9a27-bcd0cd0964a0 None None] Join ServiceGroup membership for this service conductor {{(pid=109668) start /opt/stack/nova/nova/service.py:221}}
Apr 04 10:34:40.642718 np0000163483 nova-conductor[109668]: DEBUG nova.servicegroup.drivers.db [None req-38500d4b-e195-45b8-9a27-bcd0cd0964a0 None None] DB_Driver: join new ServiceGroup member np0000163483 to the conductor group, service = {{(pid=109668) join /opt/stack/nova/nova/servicegroup/drivers/db.py:44}}
Apr 04 10:34:40.660943 np0000163483 nova-conductor[109680]: DEBUG nova.service [None req-5f8b917e-8220-451f-ab59-d838d1306b77 None None] Join ServiceGroup membership for this service conductor {{(pid=109680) start /opt/stack/nova/nova/service.py:221}}
Apr 04 10:34:40.661290 np0000163483 nova-conductor[109680]: DEBUG nova.servicegroup.drivers.db [None req-5f8b917e-8220-451f-ab59-d838d1306b77 None None] DB_Driver: join new ServiceGroup member np0000163483 to the conductor group, service = {{(pid=109680) join /opt/stack/nova/nova/servicegroup/drivers/db.py:44}}
Apr 04 10:34:45.655555 np0000163483 nova-conductor[109651]: DEBUG oslo.service.backend._threading.loopingcall [-] Fixed interval looping call 'nova.servicegroup.drivers.db.DbDriver._report_state' sleeping for 119.98 seconds {{(pid=109651) _run_loop /opt/stack/data/venv/lib/python3.12/site-packages/oslo_service/backend/_threading/loopingcall.py:125}}
Apr 04 10:34:45.656188 np0000163483 nova-conductor[109661]: DEBUG oslo.service.backend._threading.loopingcall [-] Fixed interval looping call 'nova.servicegroup.drivers.db.DbDriver._report_state' sleeping for 119.98 seconds {{(pid=109661) _run_loop /opt/stack/data/venv/lib/python3.12/site-packages/oslo_service/backend/_threading/loopingcall.py:125}}
Apr 04 10:34:45.658462 np0000163483 nova-conductor[109668]: DEBUG oslo.service.backend._threading.loopingcall [-] Fixed interval looping call 'nova.servicegroup.drivers.db.DbDriver._report_state' sleeping for 119.99 seconds {{(pid=109668) _run_loop /opt/stack/data/venv/lib/python3.12/site-packages/oslo_service/backend/_threading/loopingcall.py:125}}
Apr 04 10:34:45.674040 np0000163483 nova-conductor[109680]: DEBUG oslo.service.backend._threading.loopingcall [-] Fixed interval looping call 'nova.servicegroup.drivers.db.DbDriver._report_state' sleeping for 119.99 seconds {{(pid=109680) _run_loop /opt/stack/data/venv/lib/python3.12/site-packages/oslo_service/backend/_threading/loopingcall.py:125}}
Apr 04 10:34:49.259890 np0000163483 nova-conductor[108890]: DEBUG dbcounter [-] [108890] Writing DB stats nova_api:SELECT=1 {{(pid=108890) stat_writer /opt/stack/data/venv/lib/python3.12/site-packages/dbcounter.py:115}}
Apr 04 10:34:49.355841 np0000163483 nova-conductor[108890]: DEBUG dbcounter [-] [108890] Writing DB stats nova_cell0:SELECT=1 {{(pid=108890) stat_writer /opt/stack/data/venv/lib/python3.12/site-packages/dbcounter.py:115}}
Apr 04 10:34:49.364003 np0000163483 nova-conductor[108890]: DEBUG dbcounter [-] [108890] Writing DB stats nova_cell1:SELECT=1 {{(pid=108890) stat_writer /opt/stack/data/venv/lib/python3.12/site-packages/dbcounter.py:115}}
Apr 04 10:34:55.648909 np0000163483 nova-conductor[109651]: DEBUG dbcounter [-] [109651] Writing DB stats nova_cell0:SELECT=5,nova_cell0:INSERT=1,nova_cell0:UPDATE=1 {{(pid=109651) stat_writer /opt/stack/data/venv/lib/python3.12/site-packages/dbcounter.py:115}}
Apr 04 10:34:55.649276 np0000163483 nova-conductor[109661]: DEBUG dbcounter [-] [109661] Writing DB stats nova_cell0:SELECT=4,nova_cell0:INSERT=1,nova_cell0:UPDATE=1 {{(pid=109661) stat_writer /opt/stack/data/venv/lib/python3.12/site-packages/dbcounter.py:115}}
Apr 04 10:34:55.657743 np0000163483 nova-conductor[109668]: DEBUG dbcounter [-] [109668] Writing DB stats nova_cell0:SELECT=3,nova_cell0:UPDATE=1 {{(pid=109668) stat_writer /opt/stack/data/venv/lib/python3.12/site-packages/dbcounter.py:115}}
Apr 04 10:34:55.671156 np0000163483 nova-conductor[109680]: DEBUG dbcounter [-] [109680] Writing DB stats nova_cell0:SELECT=3 {{(pid=109680) stat_writer /opt/stack/data/venv/lib/python3.12/site-packages/dbcounter.py:115}}
Apr 04 10:34:59.639389 np0000163483 nova-conductor[109651]: DEBUG oslo.service.backend._threading.loopingcall [None req-b69729d1-d792-40ad-b06c-7a47fc75c3d1 None None] Dynamic interval looping call 'nova.service.Service.periodic_tasks' sleeping for 60.00 seconds {{(pid=109651) _run_loop /opt/stack/data/venv/lib/python3.12/site-packages/oslo_service/backend/_threading/loopingcall.py:125}}
Apr 04 10:35:13.645507 np0000163483 nova-conductor[109668]: DEBUG oslo.service.backend._threading.loopingcall [None req-726699c2-d68f-4fea-8d7c-d8deb01f468e None None] Dynamic interval looping call 'nova.service.Service.periodic_tasks' sleeping for 60.00 seconds {{(pid=109668) _run_loop /opt/stack/data/venv/lib/python3.12/site-packages/oslo_service/backend/_threading/loopingcall.py:125}}
Apr 04 10:35:16.639203 np0000163483 nova-conductor[109661]: DEBUG oslo.service.backend._threading.loopingcall [None req-5d9f5b53-804c-4ae5-a20e-fcad1e21fb63 None None] Dynamic interval looping call 'nova.service.Service.periodic_tasks' sleeping for 60.00 seconds {{(pid=109661) _run_loop /opt/stack/data/venv/lib/python3.12/site-packages/oslo_service/backend/_threading/loopingcall.py:125}}
Apr 04 10:35:34.664946 np0000163483 nova-conductor[109680]: DEBUG oslo.service.backend._threading.loopingcall [None req-c1cc0fec-343d-4194-97d6-f29da8f7a075 None None] Dynamic interval looping call 'nova.service.Service.periodic_tasks' sleeping for 60.00 seconds {{(pid=109680) _run_loop /opt/stack/data/venv/lib/python3.12/site-packages/oslo_service/backend/_threading/loopingcall.py:125}}
Apr 04 10:35:59.640203 np0000163483 nova-conductor[109651]: DEBUG oslo.service.backend._threading.loopingcall [None req-b69729d1-d792-40ad-b06c-7a47fc75c3d1 None None] Dynamic interval looping call 'nova.service.Service.periodic_tasks' sleeping for 60.00 seconds {{(pid=109651) _run_loop /opt/stack/data/venv/lib/python3.12/site-packages/oslo_service/backend/_threading/loopingcall.py:125}}
Apr 04 10:36:13.646310 np0000163483 nova-conductor[109668]: DEBUG oslo.service.backend._threading.loopingcall [None req-726699c2-d68f-4fea-8d7c-d8deb01f468e None None] Dynamic interval looping call 'nova.service.Service.periodic_tasks' sleeping for 60.00 seconds {{(pid=109668) _run_loop /opt/stack/data/venv/lib/python3.12/site-packages/oslo_service/backend/_threading/loopingcall.py:125}}
Apr 04 10:36:16.639669 np0000163483 nova-conductor[109661]: DEBUG oslo.service.backend._threading.loopingcall [None req-5d9f5b53-804c-4ae5-a20e-fcad1e21fb63 None None] Dynamic interval looping call 'nova.service.Service.periodic_tasks' sleeping for 60.00 seconds {{(pid=109661) _run_loop /opt/stack/data/venv/lib/python3.12/site-packages/oslo_service/backend/_threading/loopingcall.py:125}}
Apr 04 10:36:34.666017 np0000163483 nova-conductor[109680]: DEBUG oslo.service.backend._threading.loopingcall [None req-c1cc0fec-343d-4194-97d6-f29da8f7a075 None None] Dynamic interval looping call 'nova.service.Service.periodic_tasks' sleeping for 60.00 seconds {{(pid=109680) _run_loop /opt/stack/data/venv/lib/python3.12/site-packages/oslo_service/backend/_threading/loopingcall.py:125}}
Apr 04 10:36:45.648275 np0000163483 nova-conductor[109651]: DEBUG oslo.service.backend._threading.loopingcall [-] Fixed interval looping call 'nova.servicegroup.drivers.db.DbDriver._report_state' sleeping for 119.99 seconds {{(pid=109651) _run_loop /opt/stack/data/venv/lib/python3.12/site-packages/oslo_service/backend/_threading/loopingcall.py:125}}
Apr 04 10:36:45.649092 np0000163483 nova-conductor[109661]: DEBUG oslo.service.backend._threading.loopingcall [-] Fixed interval looping call 'nova.servicegroup.drivers.db.DbDriver._report_state' sleeping for 119.99 seconds {{(pid=109661) _run_loop /opt/stack/data/venv/lib/python3.12/site-packages/oslo_service/backend/_threading/loopingcall.py:125}}
Apr 04 10:36:45.657999 np0000163483 nova-conductor[109668]: DEBUG oslo.service.backend._threading.loopingcall [-] Fixed interval looping call 'nova.servicegroup.drivers.db.DbDriver._report_state' sleeping for 119.99 seconds {{(pid=109668) _run_loop /opt/stack/data/venv/lib/python3.12/site-packages/oslo_service/backend/_threading/loopingcall.py:125}}
Apr 04 10:36:45.674388 np0000163483 nova-conductor[109680]: DEBUG oslo.service.backend._threading.loopingcall [-] Fixed interval looping call 'nova.servicegroup.drivers.db.DbDriver._report_state' sleeping for 119.99 seconds {{(pid=109680) _run_loop /opt/stack/data/venv/lib/python3.12/site-packages/oslo_service/backend/_threading/loopingcall.py:125}}
Apr 04 10:36:55.641270 np0000163483 nova-conductor[109651]: DEBUG dbcounter [-] [109651] Writing DB stats nova_cell0:SELECT=1,nova_cell0:UPDATE=1 {{(pid=109651) stat_writer /opt/stack/data/venv/lib/python3.12/site-packages/dbcounter.py:115}}
Apr 04 10:36:55.645098 np0000163483 nova-conductor[109661]: DEBUG dbcounter [-] [109661] Writing DB stats nova_cell0:SELECT=1,nova_cell0:UPDATE=1 {{(pid=109661) stat_writer /opt/stack/data/venv/lib/python3.12/site-packages/dbcounter.py:115}}
Apr 04 10:36:55.655727 np0000163483 nova-conductor[109668]: DEBUG dbcounter [-] [109668] Writing DB stats nova_cell0:SELECT=1 {{(pid=109668) stat_writer /opt/stack/data/venv/lib/python3.12/site-packages/dbcounter.py:115}}
Apr 04 10:36:55.672268 np0000163483 nova-conductor[109680]: DEBUG dbcounter [-] [109680] Writing DB stats nova_cell0:SELECT=1 {{(pid=109680) stat_writer /opt/stack/data/venv/lib/python3.12/site-packages/dbcounter.py:115}}
Apr 04 10:36:59.640952 np0000163483 nova-conductor[109651]: DEBUG oslo.service.backend._threading.loopingcall [None req-b69729d1-d792-40ad-b06c-7a47fc75c3d1 None None] Dynamic interval looping call 'nova.service.Service.periodic_tasks' sleeping for 60.00 seconds {{(pid=109651) _run_loop /opt/stack/data/venv/lib/python3.12/site-packages/oslo_service/backend/_threading/loopingcall.py:125}}
Apr 04 10:37:13.647154 np0000163483 nova-conductor[109668]: DEBUG oslo.service.backend._threading.loopingcall [None req-726699c2-d68f-4fea-8d7c-d8deb01f468e None None] Dynamic interval looping call 'nova.service.Service.periodic_tasks' sleeping for 60.00 seconds {{(pid=109668) _run_loop /opt/stack/data/venv/lib/python3.12/site-packages/oslo_service/backend/_threading/loopingcall.py:125}}
Apr 04 10:37:16.640605 np0000163483 nova-conductor[109661]: DEBUG oslo.service.backend._threading.loopingcall [None req-5d9f5b53-804c-4ae5-a20e-fcad1e21fb63 None None] Dynamic interval looping call 'nova.service.Service.periodic_tasks' sleeping for 60.00 seconds {{(pid=109661) _run_loop /opt/stack/data/venv/lib/python3.12/site-packages/oslo_service/backend/_threading/loopingcall.py:125}}
Apr 04 10:37:34.666722 np0000163483 nova-conductor[109680]: DEBUG oslo.service.backend._threading.loopingcall [None req-c1cc0fec-343d-4194-97d6-f29da8f7a075 None None] Dynamic interval looping call 'nova.service.Service.periodic_tasks' sleeping for 60.00 seconds {{(pid=109680) _run_loop /opt/stack/data/venv/lib/python3.12/site-packages/oslo_service/backend/_threading/loopingcall.py:125}}
Apr 04 10:37:59.641823 np0000163483 nova-conductor[109651]: DEBUG oslo.service.backend._threading.loopingcall [None req-b69729d1-d792-40ad-b06c-7a47fc75c3d1 None None] Dynamic interval looping call 'nova.service.Service.periodic_tasks' sleeping for 60.00 seconds {{(pid=109651) _run_loop /opt/stack/data/venv/lib/python3.12/site-packages/oslo_service/backend/_threading/loopingcall.py:125}}
Apr 04 10:38:13.648122 np0000163483 nova-conductor[109668]: DEBUG oslo.service.backend._threading.loopingcall [None req-726699c2-d68f-4fea-8d7c-d8deb01f468e None None] Dynamic interval looping call 'nova.service.Service.periodic_tasks' sleeping for 60.00 seconds {{(pid=109668) _run_loop /opt/stack/data/venv/lib/python3.12/site-packages/oslo_service/backend/_threading/loopingcall.py:125}}
Apr 04 10:38:16.641493 np0000163483 nova-conductor[109661]: DEBUG oslo.service.backend._threading.loopingcall [None req-5d9f5b53-804c-4ae5-a20e-fcad1e21fb63 None None] Dynamic interval looping call 'nova.service.Service.periodic_tasks' sleeping for 60.00 seconds {{(pid=109661) _run_loop /opt/stack/data/venv/lib/python3.12/site-packages/oslo_service/backend/_threading/loopingcall.py:125}}
Apr 04 10:38:34.668362 np0000163483 nova-conductor[109680]: DEBUG oslo.service.backend._threading.loopingcall [None req-c1cc0fec-343d-4194-97d6-f29da8f7a075 None None] Dynamic interval looping call 'nova.service.Service.periodic_tasks' sleeping for 60.00 seconds {{(pid=109680) _run_loop /opt/stack/data/venv/lib/python3.12/site-packages/oslo_service/backend/_threading/loopingcall.py:125}}
Apr 04 10:38:45.652326 np0000163483 nova-conductor[109661]: DEBUG oslo.service.backend._threading.loopingcall [-] Fixed interval looping call 'nova.servicegroup.drivers.db.DbDriver._report_state' sleeping for 119.99 seconds {{(pid=109661) _run_loop /opt/stack/data/venv/lib/python3.12/site-packages/oslo_service/backend/_threading/loopingcall.py:125}}
Apr 04 10:38:45.653063 np0000163483 nova-conductor[109651]: DEBUG oslo.service.backend._threading.loopingcall [-] Fixed interval looping call 'nova.servicegroup.drivers.db.DbDriver._report_state' sleeping for 119.99 seconds {{(pid=109651) _run_loop /opt/stack/data/venv/lib/python3.12/site-packages/oslo_service/backend/_threading/loopingcall.py:125}}
Apr 04 10:38:45.653261 np0000163483 nova-conductor[109668]: DEBUG oslo.service.backend._threading.loopingcall [-] Fixed interval looping call 'nova.servicegroup.drivers.db.DbDriver._report_state' sleeping for 120.00 seconds {{(pid=109668) _run_loop /opt/stack/data/venv/lib/python3.12/site-packages/oslo_service/backend/_threading/loopingcall.py:125}}
Apr 04 10:38:45.669861 np0000163483 nova-conductor[109680]: DEBUG oslo.service.backend._threading.loopingcall [-] Fixed interval looping call 'nova.servicegroup.drivers.db.DbDriver._report_state' sleeping for 120.00 seconds {{(pid=109680) _run_loop /opt/stack/data/venv/lib/python3.12/site-packages/oslo_service/backend/_threading/loopingcall.py:125}}
Apr 04 10:38:55.644706 np0000163483 nova-conductor[109661]: DEBUG dbcounter [-] [109661] Writing DB stats nova_cell0:SELECT=1,nova_cell0:UPDATE=1 {{(pid=109661) stat_writer /opt/stack/data/venv/lib/python3.12/site-packages/dbcounter.py:115}}
Apr 04 10:38:56.033578 np0000163483 nova-conductor[109651]: DEBUG dbcounter [-] [109651] Writing DB stats nova_cell0:SELECT=1,nova_cell0:UPDATE=1 {{(pid=109651) stat_writer /opt/stack/data/venv/lib/python3.12/site-packages/dbcounter.py:115}}
Apr 04 10:38:56.034193 np0000163483 nova-conductor[109668]: DEBUG dbcounter [-] [109668] Writing DB stats nova_cell0:SELECT=1,nova_cell0:UPDATE=1 {{(pid=109668) stat_writer /opt/stack/data/venv/lib/python3.12/site-packages/dbcounter.py:115}}
Apr 04 10:38:56.034594 np0000163483 nova-conductor[109680]: DEBUG dbcounter [-] [109680] Writing DB stats nova_cell0:SELECT=1 {{(pid=109680) stat_writer /opt/stack/data/venv/lib/python3.12/site-packages/dbcounter.py:115}}
Apr 04 10:38:59.642807 np0000163483 nova-conductor[109651]: DEBUG oslo.service.backend._threading.loopingcall [None req-b69729d1-d792-40ad-b06c-7a47fc75c3d1 None None] Dynamic interval looping call 'nova.service.Service.periodic_tasks' sleeping for 60.00 seconds {{(pid=109651) _run_loop /opt/stack/data/venv/lib/python3.12/site-packages/oslo_service/backend/_threading/loopingcall.py:125}}
Apr 04 10:39:13.648735 np0000163483 nova-conductor[109668]: DEBUG oslo.service.backend._threading.loopingcall [None req-726699c2-d68f-4fea-8d7c-d8deb01f468e None None] Dynamic interval looping call 'nova.service.Service.periodic_tasks' sleeping for 60.00 seconds {{(pid=109668) _run_loop /opt/stack/data/venv/lib/python3.12/site-packages/oslo_service/backend/_threading/loopingcall.py:125}}
