2026-05-06 05:50:12.811 10 INFO neutron.wsgi [None req-b627900e-7d98-4a00-b9c0-c430afc7e360 ca89b9242353463790d86e73147b14ab f7a7fcbf79c64ad8bdb5a244cd81c59a - - default default] 199.19.213.73,10.0.0.69 "GET /v2.0/security-groups/e19645de-f3e7-4c54-9b3c-dacd245d0389?project_id=20c20568c9f14e2cab3944b99efdf9c1 HTTP/1.1" status: 200 len: 1736 time: 0.0900462
2026-05-06 05:50:12.855 10 INFO neutron.wsgi [None req-306e540c-292a-4410-bbc7-b2b8cbe866ff ca89b9242353463790d86e73147b14ab f7a7fcbf79c64ad8bdb5a244cd81c59a - - default default] 199.19.213.73,10.0.0.69 "GET /v2.0/security-groups/e19645de-f3e7-4c54-9b3c-dacd245d0389 HTTP/1.1" status: 200 len: 1736 time: 0.0352721
2026-05-06 05:50:12.983 10 INFO neutron.wsgi [None req-2a33d8c2-3f53-43a9-b80b-fe3190a762f2 ca89b9242353463790d86e73147b14ab f7a7fcbf79c64ad8bdb5a244cd81c59a - - default default] 199.19.213.73,10.0.0.69 "GET /v2.0/security-groups/e19645de-f3e7-4c54-9b3c-dacd245d0389?project_id=20c20568c9f14e2cab3944b99efdf9c1 HTTP/1.1" status: 200 len: 1736 time: 0.0375619
2026-05-06 05:50:13.183 10 INFO neutron.db.ovn_revision_numbers_db [None req-1f52f643-59d5-411a-ace8-b0a9fc3fa04f ca89b9242353463790d86e73147b14ab f7a7fcbf79c64ad8bdb5a244cd81c59a - - default default] Successfully bumped revision number for resource 15affb10-6a84-48a0-96c5-cf725d0a091b (type: security_group_rules) to 0
2026-05-06 05:50:13.211 10 INFO neutron.wsgi [None req-1f52f643-59d5-411a-ace8-b0a9fc3fa04f ca89b9242353463790d86e73147b14ab f7a7fcbf79c64ad8bdb5a244cd81c59a - - default default] 199.19.213.73,10.0.0.69 "POST /v2.0/security-group-rules HTTP/1.1" status: 201 len: 745 time: 0.2191458
2026-05-06 05:50:14.214 10 INFO neutron.wsgi [None req-e48bc7d2-19b9-4fab-9894-1b3fb53f93ed ca89b9242353463790d86e73147b14ab f7a7fcbf79c64ad8bdb5a244cd81c59a - - default default] 199.19.213.73,10.0.0.69 "GET /v2.0/security-groups/e19645de-f3e7-4c54-9b3c-dacd245d0389?project_id=20c20568c9f14e2cab3944b99efdf9c1 HTTP/1.1" status: 200 len: 2314 time: 0.0753021
2026-05-06 05:50:14.252 10 INFO neutron.wsgi [None req-acd46f5d-321a-4c66-9c48-f09ca2e3792a ca89b9242353463790d86e73147b14ab f7a7fcbf79c64ad8bdb5a244cd81c59a - - default default] 199.19.213.73,10.0.0.69 "GET /v2.0/security-groups/e19645de-f3e7-4c54-9b3c-dacd245d0389 HTTP/1.1" status: 200 len: 2314 time: 0.0300958
2026-05-06 05:50:14.370 10 INFO neutron.wsgi [None req-e873bae7-e603-4a8a-aa58-c2d3b47df006 ca89b9242353463790d86e73147b14ab f7a7fcbf79c64ad8bdb5a244cd81c59a - - default default] 199.19.213.73,10.0.0.69 "GET /v2.0/security-groups/e19645de-f3e7-4c54-9b3c-dacd245d0389?project_id=20c20568c9f14e2cab3944b99efdf9c1 HTTP/1.1" status: 200 len: 2314 time: 0.0308723
2026-05-06 05:50:14.502 10 INFO neutron.db.ovn_revision_numbers_db [None req-2c8c46cf-1824-4bbd-8583-ce81188cd983 ca89b9242353463790d86e73147b14ab f7a7fcbf79c64ad8bdb5a244cd81c59a - - default default] Successfully bumped revision number for resource d30ce1dd-f64a-488f-9c2e-eac640a5c7d0 (type: security_group_rules) to 0
2026-05-06 05:50:14.534 10 INFO neutron.wsgi [None req-2c8c46cf-1824-4bbd-8583-ce81188cd983 ca89b9242353463790d86e73147b14ab f7a7fcbf79c64ad8bdb5a244cd81c59a - - default default] 199.19.213.73,10.0.0.69 "POST /v2.0/security-group-rules HTTP/1.1" status: 201 len: 747 time: 0.1547182
2026-05-06 05:50:15.567 10 INFO neutron.wsgi [None req-ddcf6088-6d34-4c64-89b9-045f2ee36caa ca89b9242353463790d86e73147b14ab f7a7fcbf79c64ad8bdb5a244cd81c59a - - default default] 199.19.213.73,10.0.0.69 "GET /v2.0/security-groups/e19645de-f3e7-4c54-9b3c-dacd245d0389?project_id=20c20568c9f14e2cab3944b99efdf9c1 HTTP/1.1" status: 200 len: 2894 time: 0.0996876
2026-05-06 05:50:15.614 10 INFO neutron.wsgi [None req-50d1d4a8-2952-4cd6-8087-e131a423b555 ca89b9242353463790d86e73147b14ab f7a7fcbf79c64ad8bdb5a244cd81c59a - - default default] 199.19.213.73,10.0.0.69 "GET /v2.0/security-groups/e19645de-f3e7-4c54-9b3c-dacd245d0389 HTTP/1.1" status: 200 len: 2894 time: 0.0397172
2026-05-06 05:50:15.739 10 INFO neutron.wsgi [None req-fd966125-425a-4a00-b307-bcdd1b45e47a ca89b9242353463790d86e73147b14ab f7a7fcbf79c64ad8bdb5a244cd81c59a - - default default] 199.19.213.73,10.0.0.69 "GET /v2.0/security-groups/e19645de-f3e7-4c54-9b3c-dacd245d0389?project_id=20c20568c9f14e2cab3944b99efdf9c1 HTTP/1.1" status: 200 len: 2894 time: 0.0434322
2026-05-06 05:50:15.915 10 INFO neutron.db.ovn_revision_numbers_db [None req-d88a459e-0f31-476b-8ab2-0f1c5f9a14ed ca89b9242353463790d86e73147b14ab f7a7fcbf79c64ad8bdb5a244cd81c59a - - default default] Successfully bumped revision number for resource 40faad88-6085-4a75-adb5-fcb022d84f8a (type: security_group_rules) to 0
2026-05-06 05:50:15.958 10 INFO neutron.wsgi [None req-d88a459e-0f31-476b-8ab2-0f1c5f9a14ed ca89b9242353463790d86e73147b14ab f7a7fcbf79c64ad8bdb5a244cd81c59a - - default default] 199.19.213.73,10.0.0.69 "POST /v2.0/security-group-rules HTTP/1.1" status: 201 len: 749 time: 0.2116482
2026-05-06 05:50:17.255 10 INFO neutron.wsgi [None req-ee792a39-f405-41aa-9952-1ee93288e794 ca89b9242353463790d86e73147b14ab f7a7fcbf79c64ad8bdb5a244cd81c59a - - default default] 199.19.213.73,10.0.0.69 "GET /v2.0/security-groups/e19645de-f3e7-4c54-9b3c-dacd245d0389?project_id=20c20568c9f14e2cab3944b99efdf9c1 HTTP/1.1" status: 200 len: 3476 time: 0.0857182
2026-05-06 05:50:17.298 10 INFO neutron.wsgi [None req-eebc8b3e-bd01-4164-b70b-c38966d49747 ca89b9242353463790d86e73147b14ab f7a7fcbf79c64ad8bdb5a244cd81c59a - - default default] 199.19.213.73,10.0.0.69 "GET /v2.0/security-groups/e19645de-f3e7-4c54-9b3c-dacd245d0389 HTTP/1.1" status: 200 len: 3476 time: 0.0365748
2026-05-06 05:50:17.412 10 INFO neutron.wsgi [None req-8006d2c8-b65d-4003-af14-95ec441bff29 ca89b9242353463790d86e73147b14ab f7a7fcbf79c64ad8bdb5a244cd81c59a - - default default] 199.19.213.73,10.0.0.69 "GET /v2.0/security-groups/e19645de-f3e7-4c54-9b3c-dacd245d0389?project_id=20c20568c9f14e2cab3944b99efdf9c1 HTTP/1.1" status: 200 len: 3476 time: 0.0347297
2026-05-06 05:50:17.530 10 INFO neutron.db.ovn_revision_numbers_db [None req-7bd03472-e3e4-4a9f-813a-e8f273070ae5 ca89b9242353463790d86e73147b14ab f7a7fcbf79c64ad8bdb5a244cd81c59a - - default default] Successfully bumped revision number for resource 5a0e9ae4-ed9e-4969-8fe1-91df816c9772 (type: security_group_rules) to 0
2026-05-06 05:50:17.564 10 INFO neutron.wsgi [None req-7bd03472-e3e4-4a9f-813a-e8f273070ae5 ca89b9242353463790d86e73147b14ab f7a7fcbf79c64ad8bdb5a244cd81c59a - - default default] 199.19.213.73,10.0.0.69 "POST /v2.0/security-group-rules HTTP/1.1" status: 201 len: 750 time: 0.1459663
2026-05-06 05:50:21.723 10 INFO neutron.wsgi [-] 10.0.0.69 "GET / HTTP/1.1" status: 200 len: 247 time: 0.0016716
2026-05-06 05:50:21.724 9 INFO neutron.wsgi [-] 10.0.0.69 "GET / HTTP/1.1" status: 200 len: 247 time: 0.0019255
2026-05-06 05:50:36.723 9 INFO neutron.wsgi [-] 10.0.0.69 "GET / HTTP/1.1" status: 200 len: 247 time: 0.0013075
2026-05-06 05:50:36.724 10 INFO neutron.wsgi [-] 10.0.0.69 "GET / HTTP/1.1" status: 200 len: 247 time: 0.0019307
2026-05-06 05:50:51.724 9 INFO neutron.wsgi [-] 10.0.0.69 "GET / HTTP/1.1" status: 200 len: 247 time: 0.0019636
2026-05-06 05:50:51.726 10 INFO neutron.wsgi [-] 10.0.0.69 "GET / HTTP/1.1" status: 200 len: 247 time: 0.0034213
2026-05-06 05:51:06.725 9 INFO neutron.wsgi [-] 10.0.0.69 "GET / HTTP/1.1" status: 200 len: 247 time: 0.0028038
2026-05-06 05:51:06.726 10 INFO neutron.wsgi [-] 10.0.0.69 "GET / HTTP/1.1" status: 200 len: 247 time: 0.0031750
2026-05-06 05:51:21.724 9 INFO neutron.wsgi [-] 10.0.0.69 "GET / HTTP/1.1" status: 200 len: 247 time: 0.0023894
2026-05-06 05:51:21.724 10 INFO neutron.wsgi [-] 10.0.0.69 "GET / HTTP/1.1" status: 200 len: 247 time: 0.0023830
2026-05-06 05:51:36.725 10 INFO neutron.wsgi [-] 10.0.0.69 "GET / HTTP/1.1" status: 200 len: 247 time: 0.0024433
2026-05-06 05:51:36.725 9 INFO neutron.wsgi [-] 10.0.0.69 "GET / HTTP/1.1" status: 200 len: 247 time: 0.0031407
2026-05-06 05:51:51.724 9 INFO neutron.wsgi [-] 10.0.0.69 "GET / HTTP/1.1" status: 200 len: 247 time: 0.0013525
2026-05-06 05:51:51.733 10 INFO neutron.wsgi [-] 10.0.0.69 "GET / HTTP/1.1" status: 200 len: 247 time: 0.0074105
2026-05-06 05:52:06.725 9 INFO neutron.wsgi [-] 10.0.0.69 "GET / HTTP/1.1" status: 200 len: 247 time: 0.0025859
2026-05-06 05:52:06.726 10 INFO neutron.wsgi [-] 10.0.0.69 "GET / HTTP/1.1" status: 200 len: 247 time: 0.0033512
2026-05-06 05:52:21.726 10 INFO neutron.wsgi [-] 10.0.0.69 "GET / HTTP/1.1" status: 200 len: 247 time: 0.0031474
2026-05-06 05:52:21.729 10 INFO neutron.wsgi [-] 10.0.0.69 "GET / HTTP/1.1" status: 200 len: 247 time: 0.0021501 /var/lib/openstack/lib/python3.10/site-packages/pycadf/identifier.py:71: UserWarning: Invalid uuid: neutron. To ensure interoperability, identifiers should be a valid uuid. warnings.warn(('Invalid uuid: %s. To ensure interoperability, '
2026-05-06 05:52:30.504 10 INFO neutron.wsgi [None req-a16e1ab6-f10c-4b47-aae2-88aa3f89160c 6e9b3f0193c648b989b60cba57eea3a8 20c20568c9f14e2cab3944b99efdf9c1 - - 37e4c56f4a5048cf8cf69f406f61be15 37e4c56f4a5048cf8cf69f406f61be15] 199.19.213.73 "GET /v2.0/networks?tenant_id=20c20568c9f14e2cab3944b99efdf9c1&shared=False HTTP/1.1" status: 200 len: 213 time: 0.1407731
2026-05-06 05:52:30.599 10 INFO neutron.db.segments_db [None req-79d74c9a-5c34-467e-8038-6ef5c077a695 6e9b3f0193c648b989b60cba57eea3a8 20c20568c9f14e2cab3944b99efdf9c1 - - 37e4c56f4a5048cf8cf69f406f61be15 37e4c56f4a5048cf8cf69f406f61be15] Added segment e02b71c0-d9c5-4541-93eb-1cb520e6e267 of type geneve for network f00e07cb-a2bd-4994-9259-2b40670adf92
2026-05-06 05:52:30.755 10 INFO neutron.db.ovn_revision_numbers_db [None req-79d74c9a-5c34-467e-8038-6ef5c077a695 6e9b3f0193c648b989b60cba57eea3a8 20c20568c9f14e2cab3944b99efdf9c1 - - 37e4c56f4a5048cf8cf69f406f61be15 37e4c56f4a5048cf8cf69f406f61be15] Successfully bumped revision number for resource f00e07cb-a2bd-4994-9259-2b40670adf92 (type: networks) to 1
2026-05-06 05:52:30.898 10 WARNING neutron.scheduler.dhcp_agent_scheduler [None req-79d74c9a-5c34-467e-8038-6ef5c077a695 6e9b3f0193c648b989b60cba57eea3a8 20c20568c9f14e2cab3944b99efdf9c1 - - 37e4c56f4a5048cf8cf69f406f61be15 37e4c56f4a5048cf8cf69f406f61be15] No more DHCP agents
2026-05-06 05:52:30.899 10 WARNING neutron.api.rpc.agentnotifiers.dhcp_rpc_agent_api [None req-79d74c9a-5c34-467e-8038-6ef5c077a695 6e9b3f0193c648b989b60cba57eea3a8 20c20568c9f14e2cab3944b99efdf9c1 - - 37e4c56f4a5048cf8cf69f406f61be15 37e4c56f4a5048cf8cf69f406f61be15] Unable to schedule network f00e07cb-a2bd-4994-9259-2b40670adf92: no agents available; will retry on subsequent port and subnet creation events.
2026-05-06 05:52:30.974 10 INFO neutron.db.ovn_revision_numbers_db [None req-79d74c9a-5c34-467e-8038-6ef5c077a695 6e9b3f0193c648b989b60cba57eea3a8 20c20568c9f14e2cab3944b99efdf9c1 - - 37e4c56f4a5048cf8cf69f406f61be15 37e4c56f4a5048cf8cf69f406f61be15] Successfully bumped revision number for resource 87de154d-46a2-44fe-81b0-ad0ace7c72b2 (type: ports) to 1
2026-05-06 05:52:30.996 10 INFO neutron.wsgi [None req-79d74c9a-5c34-467e-8038-6ef5c077a695 6e9b3f0193c648b989b60cba57eea3a8 20c20568c9f14e2cab3944b99efdf9c1 - - 37e4c56f4a5048cf8cf69f406f61be15 37e4c56f4a5048cf8cf69f406f61be15] 199.19.213.73 "POST /v2.0/networks HTTP/1.1" status: 201 len: 925 time: 0.4847672
2026-05-06 05:52:31.037 10 INFO neutron.wsgi [None req-6545bf72-0055-4368-b412-4da85553ff42 6e9b3f0193c648b989b60cba57eea3a8 20c20568c9f14e2cab3944b99efdf9c1 - - 37e4c56f4a5048cf8cf69f406f61be15 37e4c56f4a5048cf8cf69f406f61be15] 199.19.213.73 "GET /v2.0/ports?device_id=manila-share&binding%3Ahost_id=instance HTTP/1.1" status: 200 len: 210 time: 0.0320036
2026-05-06 05:52:31.049 10 INFO neutron.wsgi [None req-5cac3129-4e5c-4174-a352-1f9217a1ef98 6e9b3f0193c648b989b60cba57eea3a8 20c20568c9f14e2cab3944b99efdf9c1 - - 37e4c56f4a5048cf8cf69f406f61be15 37e4c56f4a5048cf8cf69f406f61be15] 199.19.213.73 "GET /v2.0/extensions HTTP/1.1" status: 200 len: 16980 time: 0.0057871
2026-05-06 05:52:31.236 10 WARNING neutron.scheduler.dhcp_agent_scheduler [None req-dc2ce724-dfc9-42ba-bfcf-bdc5ade3d578 6e9b3f0193c648b989b60cba57eea3a8 20c20568c9f14e2cab3944b99efdf9c1 - - 37e4c56f4a5048cf8cf69f406f61be15 37e4c56f4a5048cf8cf69f406f61be15] No more DHCP agents
2026-05-06 05:52:31.238 10 WARNING neutron.api.rpc.agentnotifiers.dhcp_rpc_agent_api [None req-dc2ce724-dfc9-42ba-bfcf-bdc5ade3d578 6e9b3f0193c648b989b60cba57eea3a8 20c20568c9f14e2cab3944b99efdf9c1 - - 37e4c56f4a5048cf8cf69f406f61be15 37e4c56f4a5048cf8cf69f406f61be15] Unable to schedule network f00e07cb-a2bd-4994-9259-2b40670adf92: no agents available; will retry on subsequent port and subnet creation events.
2026-05-06 05:52:31.317 10 INFO neutron.db.ovn_revision_numbers_db [None req-dc2ce724-dfc9-42ba-bfcf-bdc5ade3d578 6e9b3f0193c648b989b60cba57eea3a8 20c20568c9f14e2cab3944b99efdf9c1 - - 37e4c56f4a5048cf8cf69f406f61be15 37e4c56f4a5048cf8cf69f406f61be15] Successfully bumped revision number for resource 2d53e720-d671-41d9-b881-9385a006a75b (type: ports) to 1
2026-05-06 05:52:31.484 10 INFO neutron.db.ovn_revision_numbers_db [None req-dc2ce724-dfc9-42ba-bfcf-bdc5ade3d578 6e9b3f0193c648b989b60cba57eea3a8 20c20568c9f14e2cab3944b99efdf9c1 - - 37e4c56f4a5048cf8cf69f406f61be15 37e4c56f4a5048cf8cf69f406f61be15] Successfully bumped revision number for resource 2d53e720-d671-41d9-b881-9385a006a75b (type: ports) to 1
2026-05-06 05:52:31.511 10 INFO neutron.wsgi [None req-dc2ce724-dfc9-42ba-bfcf-bdc5ade3d578 6e9b3f0193c648b989b60cba57eea3a8 20c20568c9f14e2cab3944b99efdf9c1 - - 37e4c56f4a5048cf8cf69f406f61be15 37e4c56f4a5048cf8cf69f406f61be15] 199.19.213.73 "POST /v2.0/ports HTTP/1.1" status: 201 len: 1144 time: 0.4561315
2026-05-06 05:52:31.567 10 INFO neutron.wsgi [None req-0773b657-3056-4171-aa89-ee75fe1d005d 6e9b3f0193c648b989b60cba57eea3a8 20c20568c9f14e2cab3944b99efdf9c1 - - 37e4c56f4a5048cf8cf69f406f61be15 37e4c56f4a5048cf8cf69f406f61be15] 199.19.213.73 "GET /v2.0/networks/f00e07cb-a2bd-4994-9259-2b40670adf92 HTTP/1.1" status: 200 len: 907 time: 0.0491097
2026-05-06 05:52:32.336 10 INFO neutron.plugins.ml2.drivers.ovn.mech_driver.mech_driver [None req-e3256b9d-3a67-40a3-a56b-ef7bdefb95c1 - - - - - -] OVN reports status up for port: 2d53e720-d671-41d9-b881-9385a006a75b
2026-05-06 05:52:32.348 10 INFO neutron.plugins.ml2.plugin [None req-e3256b9d-3a67-40a3-a56b-ef7bdefb95c1 - - - - - -] Attempt 1 to provision port 2d53e720-d671-41d9-b881-9385a006a75b
2026-05-06 05:52:32.569 10 INFO neutron.db.ovn_revision_numbers_db [None req-e3256b9d-3a67-40a3-a56b-ef7bdefb95c1 - - - - - -] Successfully bumped revision number for resource 2d53e720-d671-41d9-b881-9385a006a75b (type: ports) to 3
2026-05-06 05:52:34.034 10 INFO neutron.wsgi [None req-46fd0a56-8a20-49ef-905c-f37f4f075ff1 6e9b3f0193c648b989b60cba57eea3a8 20c20568c9f14e2cab3944b99efdf9c1 - - 37e4c56f4a5048cf8cf69f406f61be15 37e4c56f4a5048cf8cf69f406f61be15] 199.19.213.73 "GET /v2.0/ports?device_id=manila-share&binding%3Ahost_id=instance HTTP/1.1" status: 200 len: 1172 time: 0.0498528
2026-05-06 05:52:34.090 10 INFO neutron.wsgi [None req-b129473f-e6da-4c60-b40b-6d958ff4f2d9 6e9b3f0193c648b989b60cba57eea3a8 20c20568c9f14e2cab3944b99efdf9c1 - - 37e4c56f4a5048cf8cf69f406f61be15 37e4c56f4a5048cf8cf69f406f61be15] 199.19.213.73 "GET /v2.0/networks/f00e07cb-a2bd-4994-9259-2b40670adf92 HTTP/1.1" status: 200 len: 907 time: 0.0472171
2026-05-06 05:52:36.724 9 INFO neutron.wsgi [-] 10.0.0.69 "GET / HTTP/1.1" status: 200 len: 247 time: 0.0019333
2026-05-06 05:52:36.725 10 INFO neutron.wsgi [-] 10.0.0.69 "GET / HTTP/1.1" status: 200 len: 247 time: 0.0023570
2026-05-06 05:52:49.550 10 INFO neutron.wsgi [None req-3c07b6d3-4a56-4486-88ab-f36fdb3f3d36 ca89b9242353463790d86e73147b14ab f7a7fcbf79c64ad8bdb5a244cd81c59a - - default default] 199.19.213.73,10.0.0.69 "GET /v2.0/quotas/20c20568c9f14e2cab3944b99efdf9c1 HTTP/1.1" status: 200 len: 362 time: 0.0131807 /var/lib/openstack/lib/python3.10/site-packages/neutron/extensions/quotasv2.py:139: UserWarning: Neutron quota engine will require "--force" parameter to set a quota limit without checking the resource usage. warnings.warn('Neutron quota engine will require "--force" '
2026-05-06 05:52:50.041 10 INFO neutron.wsgi [None req-77c2cae6-f0ff-4d5a-a9c8-322e26b5810a ca89b9242353463790d86e73147b14ab f7a7fcbf79c64ad8bdb5a244cd81c59a - - default default] 199.19.213.73,10.0.0.69 "PUT /v2.0/quotas/20c20568c9f14e2cab3944b99efdf9c1 HTTP/1.1" status: 200 len: 361 time: 0.0330298
2026-05-06 05:52:51.726 9 INFO neutron.wsgi [-] 10.0.0.69 "GET / HTTP/1.1" status: 200 len: 247 time: 0.0026126
2026-05-06 05:52:51.729 9 INFO neutron.wsgi [-] 10.0.0.69 "GET / HTTP/1.1" status: 200 len: 247 time: 0.0020809
2026-05-06 05:53:06.725 9 INFO neutron.wsgi [-] 10.0.0.69 "GET / HTTP/1.1" status: 200 len: 247 time: 0.0024211
2026-05-06 05:53:06.725 10 INFO neutron.wsgi [-] 10.0.0.69 "GET / HTTP/1.1" status: 200 len: 247 time: 0.0025001
2026-05-06 05:53:21.726 10 INFO neutron.wsgi [-] 10.0.0.69 "GET / HTTP/1.1" status: 200 len: 247 time: 0.0034518
2026-05-06 05:53:21.726 9 INFO neutron.wsgi [-] 10.0.0.69 "GET / HTTP/1.1" status: 200 len: 247 time: 0.0034516
2026-05-06 05:53:28.176 10 INFO neutron.wsgi [None req-ea95833b-ec85-4498-ac3b-790608e01a70 ca89b9242353463790d86e73147b14ab f7a7fcbf79c64ad8bdb5a244cd81c59a - - default default] 10.0.0.35 "GET /v2.0/network-ip-availabilities HTTP/1.1" status: 200 len: 1280 time: 0.0761871
2026-05-06 05:53:28.313 10 INFO neutron.wsgi [None req-0201af25-1756-4cd3-836f-3fcc413eeb6b ca89b9242353463790d86e73147b14ab f7a7fcbf79c64ad8bdb5a244cd81c59a - - default default] 10.0.0.35 "GET /v2.0/floatingips HTTP/1.1" status: 200 len: 193 time: 0.1353083
2026-05-06 05:53:28.362 10 INFO neutron.wsgi [None req-0ea8e35e-ab34-4cbb-94eb-ac8d070aace9 ca89b9242353463790d86e73147b14ab f7a7fcbf79c64ad8bdb5a244cd81c59a - - default default] 10.0.0.35 "GET /v2.0/security-groups HTTP/1.1" status: 200 len: 16799 time: 0.0483952
2026-05-06 05:53:28.439 10 INFO neutron.wsgi [None req-13167c7d-c7b3-48c7-9dfa-d2a37c1ad2f4 ca89b9242353463790d86e73147b14ab f7a7fcbf79c64ad8bdb5a244cd81c59a - - default default] 10.0.0.35 "GET /v2.0/ports HTTP/1.1" status: 200 len: 5347 time: 0.0670304
2026-05-06 05:53:28.483 10 INFO neutron.wsgi [None req-e6342612-3a67-4724-ae7f-befebd506d15 ca89b9242353463790d86e73147b14ab f7a7fcbf79c64ad8bdb5a244cd81c59a - - default default] 10.0.0.35 "GET /v2.0/routers HTTP/1.1" status: 200 len: 189 time: 0.0379300
2026-05-06 05:53:28.524 10 INFO neutron.wsgi [None req-7b24dfd2-63fd-4a53-b50b-bdae378d0c1b ca89b9242353463790d86e73147b14ab f7a7fcbf79c64ad8bdb5a244cd81c59a - - default default] 10.0.0.35 "GET /v2.0/agents?binary=ovn-controller HTTP/1.1" status: 200 len: 591 time: 0.0397780
2026-05-06 05:53:28.547 10 INFO neutron.wsgi [None req-d8421ead-17bb-4c23-b657-bd75c02107f2 ca89b9242353463790d86e73147b14ab f7a7fcbf79c64ad8bdb5a244cd81c59a - - default default] 10.0.0.35 "GET /v2.0/agents HTTP/1.1" status: 200 len: 997 time: 0.0212445
2026-05-06 05:53:28.672 10 INFO neutron.wsgi [None req-ab3cc611-a6bf-44ca-8187-c2cf61736305 ca89b9242353463790d86e73147b14ab f7a7fcbf79c64ad8bdb5a244cd81c59a - - default default] 10.0.0.35 "GET /v2.0/networks HTTP/1.1" status: 200 len: 2350 time: 0.1164520
2026-05-06 05:53:28.718 10 INFO neutron.wsgi [None req-43d1dddf-04e8-433e-b267-e3695c293d5e ca89b9242353463790d86e73147b14ab f7a7fcbf79c64ad8bdb5a244cd81c59a - - default default] 10.0.0.35 "GET /v2.0/subnets HTTP/1.1" status: 200 len: 1437 time: 0.0444207
2026-05-06 05:53:28.760 10 INFO neutron.wsgi [None req-e5e1643e-2d8b-4e6c-bff0-9c793649cb84 ca89b9242353463790d86e73147b14ab f7a7fcbf79c64ad8bdb5a244cd81c59a - - default default] 10.0.0.35 "GET /v2.0/subnets HTTP/1.1" status: 200 len: 1437 time: 0.0398235
2026-05-06 05:53:28.774 10 INFO neutron.wsgi [None req-3c480ebc-248b-4fdc-8372-35f8f4057671 ca89b9242353463790d86e73147b14ab f7a7fcbf79c64ad8bdb5a244cd81c59a - - default default] 10.0.0.35 "GET /v2.0/subnetpools HTTP/1.1" status: 200 len: 193 time: 0.0133586
2026-05-06 05:53:36.724 9 INFO neutron.wsgi [-] 10.0.0.69 "GET / HTTP/1.1" status: 200 len: 247 time: 0.0020773
2026-05-06 05:53:36.725 10 INFO neutron.wsgi [-] 10.0.0.69 "GET / HTTP/1.1" status: 200 len: 247 time: 0.0026388
2026-05-06 05:53:51.724 9 INFO neutron.wsgi [-] 10.0.0.69 "GET / HTTP/1.1" status: 200 len: 247 time: 0.0018678
2026-05-06 05:53:51.729 9 INFO neutron.wsgi [-] 10.0.0.69 "GET / HTTP/1.1" status: 200 len: 247 time: 0.0032177
2026-05-06 05:54:06.726 10 INFO neutron.wsgi [-] 10.0.0.69 "GET / HTTP/1.1" status: 200 len: 247 time: 0.0031159
2026-05-06 05:54:06.726 9 INFO neutron.wsgi [-] 10.0.0.69 "GET / HTTP/1.1" status: 200 len: 247 time: 0.0031142
2026-05-06 05:54:21.724 10 INFO neutron.wsgi [-] 10.0.0.69 "GET / HTTP/1.1" status: 200 len: 247 time: 0.0026391
2026-05-06 05:54:21.724 9 INFO neutron.wsgi [-] 10.0.0.69 "GET / HTTP/1.1" status: 200 len: 247 time: 0.0022464
2026-05-06 05:54:28.213 10 INFO neutron.wsgi [None req-18c0d174-aa8f-4045-b088-7441733b078a ca89b9242353463790d86e73147b14ab f7a7fcbf79c64ad8bdb5a244cd81c59a - - default default] 10.0.0.35 "GET /v2.0/routers HTTP/1.1" status: 200 len: 189 time: 0.0856876
2026-05-06 05:54:28.241 10 INFO neutron.wsgi [None req-cb6667aa-5862-40cb-8e86-81b0ff8fb7c4 ca89b9242353463790d86e73147b14ab f7a7fcbf79c64ad8bdb5a244cd81c59a - - default default] 10.0.0.35 "GET /v2.0/agents?binary=ovn-controller HTTP/1.1" status: 200 len: 591 time: 0.0281014
2026-05-06 05:54:28.286 10 INFO neutron.wsgi [None req-9c179ad0-fe73-45f1-959c-f6682dcb72f9 ca89b9242353463790d86e73147b14ab f7a7fcbf79c64ad8bdb5a244cd81c59a - - default default] 10.0.0.35 "GET /v2.0/ports HTTP/1.1" status: 200 len: 5347 time: 0.0440135
2026-05-06 05:54:28.305 10 INFO neutron.wsgi [None req-21d94a74-52f7-4ab4-a480-ae07b9410ec0 ca89b9242353463790d86e73147b14ab f7a7fcbf79c64ad8bdb5a244cd81c59a - - default default] 10.0.0.35 "GET /v2.0/agents HTTP/1.1" status: 200 len: 997 time: 0.0144391
2026-05-06 05:54:28.337 10 INFO neutron.wsgi [None req-ef819080-9650-4333-9e8d-11340d0ee978 ca89b9242353463790d86e73147b14ab f7a7fcbf79c64ad8bdb5a244cd81c59a - - default default] 10.0.0.35 "GET /v2.0/subnets HTTP/1.1" status: 200 len: 1437 time: 0.0303154
2026-05-06 05:54:28.348 10 INFO neutron.wsgi [None req-428dc82b-8863-4ef2-a2a9-652cb98e5b8c ca89b9242353463790d86e73147b14ab f7a7fcbf79c64ad8bdb5a244cd81c59a - - default default] 10.0.0.35 "GET /v2.0/subnetpools HTTP/1.1" status: 200 len: 193 time: 0.0098300
2026-05-06 05:54:28.370 10 INFO neutron.wsgi [None req-8ea15695-9232-40ee-8283-14d06260db64 ca89b9242353463790d86e73147b14ab f7a7fcbf79c64ad8bdb5a244cd81c59a - - default default] 10.0.0.35 "GET /v2.0/floatingips HTTP/1.1" status: 200 len: 193 time: 0.0216820
2026-05-06 05:54:28.445 10 INFO neutron.wsgi [None req-6a599d75-efd4-4dce-9f7b-6c108a2557ac ca89b9242353463790d86e73147b14ab f7a7fcbf79c64ad8bdb5a244cd81c59a - - default default] 10.0.0.35 "GET /v2.0/networks HTTP/1.1" status: 200 len: 2350 time: 0.0737505
2026-05-06 05:54:28.476 10 INFO neutron.wsgi [None req-e5d872b3-c9bd-4b8b-8cca-3fb66f1be93e ca89b9242353463790d86e73147b14ab f7a7fcbf79c64ad8bdb5a244cd81c59a - - default default] 10.0.0.35 "GET /v2.0/subnets HTTP/1.1" status: 200 len: 1437 time: 0.0282032
2026-05-06 05:54:28.519 10 INFO neutron.wsgi [None req-f187cc18-33c2-43ff-89a1-d9af59621fdd ca89b9242353463790d86e73147b14ab f7a7fcbf79c64ad8bdb5a244cd81c59a - - default default] 10.0.0.35 "GET /v2.0/security-groups HTTP/1.1" status: 200 len: 16799 time: 0.0421879
2026-05-06 05:54:28.540 10 INFO neutron.wsgi [None req-98145270-2261-4c39-a7b1-835a668cbf26 ca89b9242353463790d86e73147b14ab f7a7fcbf79c64ad8bdb5a244cd81c59a - - default default] 10.0.0.35 "GET /v2.0/network-ip-availabilities HTTP/1.1" status: 200 len: 1280 time: 0.0123880
2026-05-06 05:54:36.725 10 INFO neutron.wsgi [-] 10.0.0.69 "GET / HTTP/1.1" status: 200 len: 247 time: 0.0021119
2026-05-06 05:54:36.728 9 INFO neutron.wsgi [-] 10.0.0.69 "GET / HTTP/1.1" status: 200 len: 247 time: 0.0018938
2026-05-06 05:54:51.723 9 INFO neutron.wsgi [-] 10.0.0.69 "GET / HTTP/1.1" status: 200 len: 247 time: 0.0014303
2026-05-06 05:54:51.724 10 INFO neutron.wsgi [-] 10.0.0.69 "GET / HTTP/1.1" status: 200 len: 247 time: 0.0023656
2026-05-06 05:55:06.724 9 INFO neutron.wsgi [-] 10.0.0.69 "GET / HTTP/1.1" status: 200 len: 247 time: 0.0020185
2026-05-06 05:55:06.724 10 INFO neutron.wsgi [-] 10.0.0.69 "GET / HTTP/1.1" status: 200 len: 247 time: 0.0025535
2026-05-06 05:55:21.725 9 INFO neutron.wsgi [-] 10.0.0.69 "GET / HTTP/1.1" status: 200 len: 247 time: 0.0023243
2026-05-06 05:55:21.725 10 INFO neutron.wsgi [-] 10.0.0.69 "GET / HTTP/1.1" status: 200 len: 247 time: 0.0020225
2026-05-06 05:55:28.215 10 INFO neutron.wsgi [None req-675ed715-b374-4c36-ba13-ec5dfbd1bbc6 ca89b9242353463790d86e73147b14ab f7a7fcbf79c64ad8bdb5a244cd81c59a - - default default] 10.0.0.35 "GET /v2.0/agents HTTP/1.1" status: 200 len: 997 time: 0.0924957
2026-05-06 05:55:28.233 10 INFO neutron.wsgi [None req-ed5f5420-2f95-4638-9b3a-800109bf2b31 ca89b9242353463790d86e73147b14ab f7a7fcbf79c64ad8bdb5a244cd81c59a - - default default] 10.0.0.35 "GET /v2.0/network-ip-availabilities HTTP/1.1" status: 200 len: 1280 time: 0.0118988
2026-05-06 05:55:28.267 10 INFO neutron.wsgi [None req-4c855a83-441a-4938-9144-48b98c0f1b50 ca89b9242353463790d86e73147b14ab f7a7fcbf79c64ad8bdb5a244cd81c59a - - default default] 10.0.0.35 "GET /v2.0/subnets HTTP/1.1" status: 200 len: 1437 time: 0.0334456
2026-05-06 05:55:28.282 10 INFO neutron.wsgi [None req-f618ec46-97fb-40f1-a766-8f7a9e237890 ca89b9242353463790d86e73147b14ab f7a7fcbf79c64ad8bdb5a244cd81c59a - - default default] 10.0.0.35 "GET /v2.0/subnetpools HTTP/1.1" status: 200 len: 193 time: 0.0130990
2026-05-06 05:55:28.334 10 INFO neutron.wsgi [None req-3a3655f5-ced5-4a5e-9345-561e18eb5d79 ca89b9242353463790d86e73147b14ab f7a7fcbf79c64ad8bdb5a244cd81c59a - - default default] 10.0.0.35 "GET /v2.0/security-groups HTTP/1.1" status: 200 len: 16799 time: 0.0508142
2026-05-06 05:55:28.365 10 INFO neutron.wsgi [None req-4ca79c70-91ea-41ad-8f08-2cf02f10f315 ca89b9242353463790d86e73147b14ab f7a7fcbf79c64ad8bdb5a244cd81c59a - - default default] 10.0.0.35 "GET /v2.0/routers HTTP/1.1" status: 200 len: 189 time: 0.0249949
2026-05-06 05:55:28.378 10 INFO neutron.wsgi [None req-a284788a-888f-4338-af0e-a2cc380f0f1f ca89b9242353463790d86e73147b14ab f7a7fcbf79c64ad8bdb5a244cd81c59a - - default default] 10.0.0.35 "GET /v2.0/agents?binary=ovn-controller HTTP/1.1" status: 200 len: 591 time: 0.0128365
2026-05-06 05:55:28.456 10 INFO neutron.wsgi [None req-397bd97d-6e77-418f-a0c6-6fc5c5d5a35d ca89b9242353463790d86e73147b14ab f7a7fcbf79c64ad8bdb5a244cd81c59a - - default default] 10.0.0.35 "GET /v2.0/networks HTTP/1.1" status: 200 len: 2350 time: 0.0764279
2026-05-06 05:55:28.491 10 INFO neutron.wsgi [None req-f4226b5c-696f-4cae-b066-c1ff2906d285 ca89b9242353463790d86e73147b14ab f7a7fcbf79c64ad8bdb5a244cd81c59a - - default default] 10.0.0.35 "GET /v2.0/subnets HTTP/1.1" status: 200 len: 1437 time: 0.0320182
2026-05-06 05:55:28.541 10 INFO neutron.wsgi [None req-1e3f1c7b-9fcd-4321-8189-4751401179da ca89b9242353463790d86e73147b14ab f7a7fcbf79c64ad8bdb5a244cd81c59a - - default default] 10.0.0.35 "GET /v2.0/ports HTTP/1.1" status: 200 len: 5347 time: 0.0484087
2026-05-06 05:55:28.567 10 INFO neutron.wsgi [None req-ce3c9ac0-9217-4902-aaff-62c5018deb63 ca89b9242353463790d86e73147b14ab f7a7fcbf79c64ad8bdb5a244cd81c59a - - default default] 10.0.0.35 "GET /v2.0/floatingips HTTP/1.1" status: 200 len: 193 time: 0.0213990
2026-05-06 05:55:36.724 9 INFO neutron.wsgi [-] 10.0.0.69 "GET / HTTP/1.1" status: 200 len: 247 time: 0.0025337
2026-05-06 05:55:36.725 10 INFO neutron.wsgi [-] 10.0.0.69 "GET / HTTP/1.1" status: 200 len: 247 time: 0.0026281
2026-05-06 05:55:51.724 10 INFO neutron.wsgi [-] 10.0.0.69 "GET / HTTP/1.1" status: 200 len: 247 time: 0.0024469
2026-05-06 05:55:51.724 9 INFO neutron.wsgi [-] 10.0.0.69 "GET / HTTP/1.1" status: 200 len: 247 time: 0.0023677
2026-05-06 05:56:05.887 15 INFO neutron.db.ovn_revision_numbers_db [None req-4005577d-9c9c-4478-a4d6-a677c72c914d - - - - - -] Successfully bumped revision number for resource e19645de-f3e7-4c54-9b3c-dacd245d0389 (type: security_groups) to 5
2026-05-06 05:56:05.887 15 INFO neutron.plugins.ml2.drivers.ovn.mech_driver.ovsdb.maintenance [None req-4005577d-9c9c-4478-a4d6-a677c72c914d - - - - - -] Maintenance task: Synchronization finished (took 0.04 seconds)
2026-05-06 05:56:06.725 9 INFO neutron.wsgi [-] 10.0.0.69 "GET / HTTP/1.1" status: 200 len: 247 time: 0.0024650
2026-05-06 05:56:06.725 10 INFO neutron.wsgi [-] 10.0.0.69 "GET / HTTP/1.1" status: 200 len: 247 time: 0.0026381
2026-05-06 05:56:21.725 9 INFO neutron.wsgi [-] 10.0.0.69 "GET / HTTP/1.1" status: 200 len: 247 time: 0.0025575
2026-05-06 05:56:21.728 9 INFO neutron.wsgi [-] 10.0.0.69 "GET / HTTP/1.1" status: 200 len: 247 time: 0.0015757
2026-05-06 05:56:28.194 10 INFO neutron.wsgi [None req-52f1e3c9-0237-4bf5-8008-d34db609afdb ca89b9242353463790d86e73147b14ab f7a7fcbf79c64ad8bdb5a244cd81c59a - - default default] 10.0.0.35 "GET /v2.0/routers HTTP/1.1" status: 200 len: 189 time: 0.1006806
2026-05-06 05:56:28.235 10 INFO neutron.wsgi [None req-d99fe15e-68b7-4a54-9fdf-7956b729d194 ca89b9242353463790d86e73147b14ab f7a7fcbf79c64ad8bdb5a244cd81c59a - - default default] 10.0.0.35 "GET /v2.0/agents?binary=ovn-controller HTTP/1.1" status: 200 len: 591 time: 0.0393829
2026-05-06 05:56:28.272 10 INFO neutron.wsgi [None req-17486625-5718-42c1-8f8c-0b92deccd295 ca89b9242353463790d86e73147b14ab f7a7fcbf79c64ad8bdb5a244cd81c59a - - default default] 10.0.0.35 "GET /v2.0/subnets HTTP/1.1" status: 200 len: 1437 time: 0.0364850
2026-05-06 05:56:28.316 10 INFO neutron.wsgi [None req-ecc05e9a-4d3c-4b87-a7b3-8de445a2909f ca89b9242353463790d86e73147b14ab f7a7fcbf79c64ad8bdb5a244cd81c59a - - default default] 10.0.0.35 "GET /v2.0/ports HTTP/1.1" status: 200 len: 5347 time: 0.0434148
2026-05-06 05:56:28.336 10 INFO neutron.wsgi [None req-d98cc109-7bbf-4540-bc52-6cee670e104b ca89b9242353463790d86e73147b14ab f7a7fcbf79c64ad8bdb5a244cd81c59a - - default default] 10.0.0.35 "GET /v2.0/agents HTTP/1.1" status: 200 len: 997 time: 0.0147407
2026-05-06 05:56:28.347 10 INFO neutron.wsgi [None req-322c5261-867b-47c2-8ca9-589a8309fb28 ca89b9242353463790d86e73147b14ab f7a7fcbf79c64ad8bdb5a244cd81c59a - - default default] 10.0.0.35 "GET /v2.0/network-ip-availabilities HTTP/1.1" status: 200 len: 1280 time: 0.0106282
2026-05-06 05:56:28.381 10 INFO neutron.wsgi [None req-dcbb2924-165f-4bc6-b1e8-faf15f193ac7 ca89b9242353463790d86e73147b14ab f7a7fcbf79c64ad8bdb5a244cd81c59a - - default default] 10.0.0.35 "GET /v2.0/subnets HTTP/1.1" status: 200 len: 1437 time: 0.0329802
2026-05-06 05:56:28.389 10 INFO neutron.wsgi [None req-fd44a212-2e59-44d0-bfbc-46a111dacf14 ca89b9242353463790d86e73147b14ab f7a7fcbf79c64ad8bdb5a244cd81c59a - - default default] 10.0.0.35 "GET /v2.0/subnetpools HTTP/1.1" status: 200 len: 193 time: 0.0074208
2026-05-06 05:56:28.409 10 INFO neutron.wsgi [None req-1d8f0025-ac92-4b7a-8179-6c23d926f9d1 ca89b9242353463790d86e73147b14ab f7a7fcbf79c64ad8bdb5a244cd81c59a - - default default] 10.0.0.35 "GET /v2.0/floatingips HTTP/1.1" status: 200 len: 193 time: 0.0186567
2026-05-06 05:56:28.466 10 INFO neutron.wsgi [None req-e932ccec-cd89-46e4-becf-0971491709fb ca89b9242353463790d86e73147b14ab f7a7fcbf79c64ad8bdb5a244cd81c59a - - default default] 10.0.0.35 "GET /v2.0/networks HTTP/1.1" status: 200 len: 2350 time: 0.0566692
2026-05-06 05:56:28.517 10 INFO neutron.wsgi [None req-00ba0da0-660a-4774-ab5f-c22ffba5cba8 ca89b9242353463790d86e73147b14ab f7a7fcbf79c64ad8bdb5a244cd81c59a - - default default] 10.0.0.35 "GET /v2.0/security-groups HTTP/1.1" status: 200 len: 16799 time: 0.0489864
2026-05-06 05:56:36.724 10 INFO neutron.wsgi [-] 10.0.0.69 "GET / HTTP/1.1" status: 200 len: 247 time: 0.0021286
2026-05-06 05:56:36.725 9 INFO neutron.wsgi [-] 10.0.0.69 "GET / HTTP/1.1" status: 200 len: 247 time: 0.0024977
2026-05-06 05:56:51.726 9 INFO neutron.wsgi [-] 10.0.0.69 "GET / HTTP/1.1" status: 200 len: 247 time: 0.0030553
2026-05-06 05:56:51.729 9 INFO neutron.wsgi [-] 10.0.0.69 "GET / HTTP/1.1" status: 200 len: 247 time: 0.0024328
2026-05-06 05:57:06.724 9 INFO neutron.wsgi [-] 10.0.0.69 "GET / HTTP/1.1" status: 200 len: 247 time: 0.0024664
2026-05-06 05:57:06.724 10 INFO neutron.wsgi [-] 10.0.0.69 "GET / HTTP/1.1" status: 200 len: 247 time: 0.0024104
2026-05-06 05:57:21.726 10 INFO neutron.wsgi [-] 10.0.0.69 "GET / HTTP/1.1" status: 200 len: 247 time: 0.0037582
2026-05-06 05:57:21.730 10 INFO neutron.wsgi [-] 10.0.0.69 "GET / HTTP/1.1" status: 200 len: 247 time: 0.0020211
2026-05-06 05:57:28.334 10 INFO neutron.wsgi [None req-1e2856f5-3047-4b7a-b250-cb9dc20f9334 ca89b9242353463790d86e73147b14ab f7a7fcbf79c64ad8bdb5a244cd81c59a - - default default] 10.0.0.35 "GET /v2.0/networks HTTP/1.1" status: 200 len: 2350 time: 0.1348772
2026-05-06 05:57:28.387 10 INFO neutron.wsgi [None req-1296175f-2a8d-4734-9363-4a49b8f0c122 ca89b9242353463790d86e73147b14ab f7a7fcbf79c64ad8bdb5a244cd81c59a - - default default] 10.0.0.35 "GET /v2.0/security-groups HTTP/1.1" status: 200 len: 16799 time: 0.0506022
2026-05-06 05:57:28.426 10 INFO neutron.wsgi [None req-bcf5e734-8baa-4b32-96ef-d2ab9a88a576 ca89b9242353463790d86e73147b14ab f7a7fcbf79c64ad8bdb5a244cd81c59a - - default default] 10.0.0.35 "GET /v2.0/subnets HTTP/1.1" status: 200 len: 1437 time: 0.0336297
2026-05-06 05:57:28.438 10 INFO neutron.wsgi [None req-65c0df28-ffc3-4eb7-8cc4-c3dd51d86e98 ca89b9242353463790d86e73147b14ab f7a7fcbf79c64ad8bdb5a244cd81c59a - - default default] 10.0.0.35 "GET /v2.0/network-ip-availabilities HTTP/1.1" status: 200 len: 1280 time: 0.0112879
2026-05-06 05:57:28.474 10 INFO neutron.wsgi [None req-c10ca2e6-9bd2-47e4-b3c8-27dee9b750f4 ca89b9242353463790d86e73147b14ab f7a7fcbf79c64ad8bdb5a244cd81c59a - - default default] 10.0.0.35 "GET /v2.0/subnets HTTP/1.1" status: 200 len: 1437 time: 0.0343282
2026-05-06 05:57:28.482 10 INFO neutron.wsgi [None req-25dca2c8-baf3-4371-8d16-3000c74cd292 ca89b9242353463790d86e73147b14ab f7a7fcbf79c64ad8bdb5a244cd81c59a - - default default] 10.0.0.35 "GET /v2.0/subnetpools HTTP/1.1" status: 200 len: 193 time: 0.0077193
2026-05-06 05:57:28.505 10 INFO neutron.wsgi [None req-1b98654c-c117-411b-8f5c-27a7920be675 ca89b9242353463790d86e73147b14ab f7a7fcbf79c64ad8bdb5a244cd81c59a - - default default] 10.0.0.35 "GET /v2.0/floatingips HTTP/1.1" status: 200 len: 193 time: 0.0223868
2026-05-06 05:57:28.552 10 INFO neutron.wsgi [None req-57d154d5-107e-4c70-bdd0-887128bc60e5 ca89b9242353463790d86e73147b14ab f7a7fcbf79c64ad8bdb5a244cd81c59a - - default default] 10.0.0.35 "GET /v2.0/ports HTTP/1.1" status: 200 len: 5347 time: 0.0459476
2026-05-06 05:57:28.575 10 INFO neutron.wsgi [None req-2829d981-42d7-4fcd-b555-5bafc30d6de7 ca89b9242353463790d86e73147b14ab f7a7fcbf79c64ad8bdb5a244cd81c59a - - default default] 10.0.0.35 "GET /v2.0/routers HTTP/1.1" status: 200 len: 189 time: 0.0200975
2026-05-06 05:57:28.607 10 INFO neutron.wsgi [None req-1f02b80c-f787-43a3-b89e-ab27c8d0d546 ca89b9242353463790d86e73147b14ab f7a7fcbf79c64ad8bdb5a244cd81c59a - - default default] 10.0.0.35 "GET /v2.0/agents?binary=ovn-controller HTTP/1.1" status: 200 len: 591 time: 0.0308669
2026-05-06 05:57:28.619 10 INFO neutron.wsgi [None req-8f2dc6fd-10a9-4e45-b602-850e34cc64a5 ca89b9242353463790d86e73147b14ab f7a7fcbf79c64ad8bdb5a244cd81c59a - - default default] 10.0.0.35 "GET /v2.0/agents HTTP/1.1" status: 200 len: 997 time: 0.0108883
2026-05-06 05:57:36.724 9 INFO neutron.wsgi [-] 10.0.0.69 "GET / HTTP/1.1" status: 200 len: 247 time: 0.0023124
2026-05-06 05:57:36.725 10 INFO neutron.wsgi [-] 10.0.0.69 "GET / HTTP/1.1" status: 200 len: 247 time: 0.0024841
2026-05-06 05:57:51.724 9 INFO neutron.wsgi [-] 10.0.0.69 "GET / HTTP/1.1" status: 200 len: 247 time: 0.0018339
2026-05-06 05:57:51.726 10 INFO neutron.wsgi [-] 10.0.0.69 "GET / HTTP/1.1" status: 200 len: 247 time: 0.0030072
2026-05-06 05:58:06.725 9 INFO neutron.wsgi [-] 10.0.0.69 "GET / HTTP/1.1" status: 200 len: 247 time: 0.0025389
2026-05-06 05:58:06.726 10 INFO neutron.wsgi [-] 10.0.0.69 "GET / HTTP/1.1" status: 200 len: 247 time: 0.0035591
2026-05-06 05:58:21.723 10 INFO neutron.wsgi [-] 10.0.0.69 "GET / HTTP/1.1" status: 200 len: 247 time: 0.0017719
2026-05-06 05:58:21.725 9 INFO neutron.wsgi [-] 10.0.0.69 "GET / HTTP/1.1" status: 200 len: 247 time: 0.0023310
2026-05-06 05:58:28.203 10 INFO neutron.wsgi [None req-a93d9880-260c-4da6-bd5f-35c7f5efa6d3 ca89b9242353463790d86e73147b14ab f7a7fcbf79c64ad8bdb5a244cd81c59a - - default default] 10.0.0.35 "GET /v2.0/subnets HTTP/1.1" status: 200 len: 1437 time: 0.0953360
2026-05-06 05:58:28.216 10 INFO neutron.wsgi [None req-a35f88d1-7c31-4a39-b4f9-f4739a46a84e ca89b9242353463790d86e73147b14ab f7a7fcbf79c64ad8bdb5a244cd81c59a - - default default] 10.0.0.35 "GET /v2.0/subnetpools HTTP/1.1" status: 200 len: 193 time: 0.0119858
2026-05-06 05:58:28.256 10 INFO neutron.wsgi [None req-1e452fd1-c067-4517-8855-13c1aea83366 ca89b9242353463790d86e73147b14ab f7a7fcbf79c64ad8bdb5a244cd81c59a - - default default] 10.0.0.35 "GET /v2.0/subnets HTTP/1.1" status: 200 len: 1437 time: 0.0399508
2026-05-06 05:58:28.325 10 INFO neutron.wsgi [None req-81abaf7b-f169-44fc-b5db-62c7a055b9c0 ca89b9242353463790d86e73147b14ab f7a7fcbf79c64ad8bdb5a244cd81c59a - - default default] 10.0.0.35 "GET /v2.0/security-groups HTTP/1.1" status: 200 len: 16799 time: 0.0674353
2026-05-06 05:58:28.387 10 INFO neutron.wsgi [None req-f34fe7a3-0c49-47ed-b63b-9216235d2d3b ca89b9242353463790d86e73147b14ab f7a7fcbf79c64ad8bdb5a244cd81c59a - - default default] 10.0.0.35 "GET /v2.0/ports HTTP/1.1" status: 200 len: 5347 time: 0.0568752
2026-05-06 05:58:28.413 10 INFO neutron.wsgi [None req-bab53c67-b5a4-4370-8261-daf7528fef35 ca89b9242353463790d86e73147b14ab f7a7fcbf79c64ad8bdb5a244cd81c59a - - default default] 10.0.0.35 "GET /v2.0/floatingips HTTP/1.1" status: 200 len: 193 time: 0.0213294
2026-05-06 05:58:28.490 10 INFO neutron.wsgi [None req-5f6762e6-b169-4d7f-a609-157d1e93f1a2 ca89b9242353463790d86e73147b14ab f7a7fcbf79c64ad8bdb5a244cd81c59a - - default default] 10.0.0.35 "GET /v2.0/networks HTTP/1.1" status: 200 len: 2350 time: 0.0762918
2026-05-06 05:58:28.507 10 INFO neutron.wsgi [None req-754ed93d-fedf-49af-a339-a3227aabc29d ca89b9242353463790d86e73147b14ab f7a7fcbf79c64ad8bdb5a244cd81c59a - - default default] 10.0.0.35 "GET /v2.0/network-ip-availabilities HTTP/1.1" status: 200 len: 1280 time: 0.0146875
2026-05-06 05:58:28.537 10 INFO neutron.wsgi [None req-cb9a229f-7cd4-434c-92d1-eeb9eaabfde1 ca89b9242353463790d86e73147b14ab f7a7fcbf79c64ad8bdb5a244cd81c59a - - default default] 10.0.0.35 "GET /v2.0/routers HTTP/1.1" status: 200 len: 189 time: 0.0282445
2026-05-06 05:58:28.575 10 INFO neutron.wsgi [None req-a93a3df8-b1d3-4ab5-a705-725690c05c88 ca89b9242353463790d86e73147b14ab f7a7fcbf79c64ad8bdb5a244cd81c59a - - default default] 10.0.0.35 "GET /v2.0/agents?binary=ovn-controller HTTP/1.1" status: 200 len: 591 time: 0.0372996
2026-05-06 05:58:28.588 10 INFO neutron.wsgi [None req-7bfccf1b-da48-466e-9d2f-ca7afc8e853e ca89b9242353463790d86e73147b14ab f7a7fcbf79c64ad8bdb5a244cd81c59a - - default default] 10.0.0.35 "GET /v2.0/agents HTTP/1.1" status: 200 len: 997 time: 0.0118022
2026-05-06 05:58:36.724 9 INFO neutron.wsgi [-] 10.0.0.69 "GET / HTTP/1.1" status: 200 len: 247 time: 0.0023150
2026-05-06 05:58:36.724 10 INFO neutron.wsgi [-] 10.0.0.69 "GET / HTTP/1.1" status: 200 len: 247 time: 0.0022862
2026-05-06 05:58:51.725 9 INFO neutron.wsgi [-] 10.0.0.69 "GET / HTTP/1.1" status: 200 len: 247 time: 0.0028789
2026-05-06 05:58:51.729 9 INFO neutron.wsgi [-] 10.0.0.69 "GET / HTTP/1.1" status: 200 len: 247 time: 0.0029442
2026-05-06 05:59:06.723 10 INFO neutron.wsgi [-] 10.0.0.69 "GET / HTTP/1.1" status: 200 len: 247 time: 0.0016758
2026-05-06 05:59:06.726 10 INFO neutron.wsgi [-] 10.0.0.69 "GET / HTTP/1.1" status: 200 len: 247 time: 0.0018210
2026-05-06 05:59:21.724 9 INFO neutron.wsgi [-] 10.0.0.69 "GET / HTTP/1.1" status: 200 len: 247 time: 0.0024211
2026-05-06 05:59:21.725 10 INFO neutron.wsgi [-] 10.0.0.69 "GET / HTTP/1.1" status: 200 len: 247 time: 0.0028327
2026-05-06 05:59:28.229 10 INFO neutron.wsgi [None req-84631a92-b40d-4755-b879-86aa3f75801d ca89b9242353463790d86e73147b14ab f7a7fcbf79c64ad8bdb5a244cd81c59a - - default default] 10.0.0.35 "GET /v2.0/ports HTTP/1.1" status: 200 len: 5347 time: 0.1247692
2026-05-06 05:59:28.279 10 INFO neutron.wsgi [None req-54f5f9ac-c107-4b37-8d36-7965ac0b6e83 ca89b9242353463790d86e73147b14ab f7a7fcbf79c64ad8bdb5a244cd81c59a - - default default] 10.0.0.35 "GET /v2.0/agents HTTP/1.1" status: 200 len: 997 time: 0.0458734
2026-05-06 05:59:28.291 10 INFO neutron.wsgi [None req-f9855c53-2d63-4531-b6ef-f064e129bb3b ca89b9242353463790d86e73147b14ab f7a7fcbf79c64ad8bdb5a244cd81c59a - - default default] 10.0.0.35 "GET /v2.0/network-ip-availabilities HTTP/1.1" status: 200 len: 1280 time: 0.0101802
2026-05-06 05:59:28.311 10 INFO neutron.wsgi [None req-7f99380c-3b73-4254-9975-e1e5fce9b320 ca89b9242353463790d86e73147b14ab f7a7fcbf79c64ad8bdb5a244cd81c59a - - default default] 10.0.0.35 "GET /v2.0/floatingips HTTP/1.1" status: 200 len: 193 time: 0.0187337
2026-05-06 05:59:28.355 10 INFO neutron.wsgi [None req-382b6e72-ea0c-4b0f-9b72-3e13be78541d ca89b9242353463790d86e73147b14ab f7a7fcbf79c64ad8bdb5a244cd81c59a - - default default] 10.0.0.35 "GET /v2.0/security-groups HTTP/1.1" status: 200 len: 16799 time: 0.0441990
2026-05-06 05:59:28.396 10 INFO neutron.wsgi [None req-a1024fcb-8439-420e-be8d-362ef18200d6 ca89b9242353463790d86e73147b14ab f7a7fcbf79c64ad8bdb5a244cd81c59a - - default default] 10.0.0.35 "GET /v2.0/subnets HTTP/1.1" status: 200 len: 1437 time: 0.0343614
2026-05-06 05:59:28.426 10 INFO neutron.wsgi [None req-dac9472d-86fe-419a-82c6-262a07a0221a ca89b9242353463790d86e73147b14ab f7a7fcbf79c64ad8bdb5a244cd81c59a - - default default] 10.0.0.35 "GET /v2.0/subnets HTTP/1.1" status: 200 len: 1437 time: 0.0287564
2026-05-06 05:59:28.434 10 INFO neutron.wsgi [None req-d3b3d06a-8c9a-4dd7-9b4d-77819540a829 ca89b9242353463790d86e73147b14ab f7a7fcbf79c64ad8bdb5a244cd81c59a - - default default] 10.0.0.35 "GET /v2.0/subnetpools HTTP/1.1" status: 200 len: 193 time: 0.0075507
2026-05-06 05:59:28.494 10 INFO neutron.wsgi [None req-606d9bb9-0381-4223-b511-739c749196c6 ca89b9242353463790d86e73147b14ab f7a7fcbf79c64ad8bdb5a244cd81c59a - - default default] 10.0.0.35 "GET /v2.0/networks HTTP/1.1" status: 200 len: 2350 time: 0.0588450
2026-05-06 05:59:28.516 10 INFO neutron.wsgi [None req-32411faa-edbe-426b-a3b5-1310de8d6b24 ca89b9242353463790d86e73147b14ab f7a7fcbf79c64ad8bdb5a244cd81c59a - - default default] 10.0.0.35 "GET /v2.0/routers HTTP/1.1" status: 200 len: 189 time: 0.0190618
2026-05-06 05:59:28.525 10 INFO neutron.wsgi [None req-d496eac1-6d32-4120-bd19-7a39213183bf ca89b9242353463790d86e73147b14ab f7a7fcbf79c64ad8bdb5a244cd81c59a - - default default] 10.0.0.35 "GET /v2.0/agents?binary=ovn-controller HTTP/1.1" status: 200 len: 591 time: 0.0082672
2026-05-06 05:59:36.726 9 INFO neutron.wsgi [-] 10.0.0.69 "GET / HTTP/1.1" status: 200 len: 247 time: 0.0026183
2026-05-06 05:59:36.728 9 INFO neutron.wsgi [-] 10.0.0.69 "GET / HTTP/1.1" status: 200 len: 247 time: 0.0013256
2026-05-06 05:59:51.725 10 INFO neutron.wsgi [-] 10.0.0.69 "GET / HTTP/1.1" status: 200 len: 247 time: 0.0026159
2026-05-06 05:59:51.727 9 INFO neutron.wsgi [-] 10.0.0.69 "GET / HTTP/1.1" status: 200 len: 247 time: 0.0038996
2026-05-06 06:00:06.728 10 INFO neutron.wsgi [-] 10.0.0.69 "GET / HTTP/1.1" status: 200 len: 247 time: 0.0043745
2026-05-06 06:00:06.730 9 INFO neutron.wsgi [-] 10.0.0.69 "GET / HTTP/1.1" status: 200 len: 247 time: 0.0067577
2026-05-06 06:00:21.724 9 INFO neutron.wsgi [-] 10.0.0.69 "GET / HTTP/1.1" status: 200 len: 247 time: 0.0012758
2026-05-06 06:00:21.725 10 INFO neutron.wsgi [-] 10.0.0.69 "GET / HTTP/1.1" status: 200 len: 247 time: 0.0025296
2026-05-06 06:00:28.334 10 INFO neutron.wsgi [None req-773a9ec0-5876-4630-96c4-cd274a03a005 ca89b9242353463790d86e73147b14ab f7a7fcbf79c64ad8bdb5a244cd81c59a - - default default] 10.0.0.35 "GET /v2.0/subnets HTTP/1.1" status: 200 len: 1437 time: 0.2496548
2026-05-06 06:00:28.379 10 INFO neutron.wsgi [None req-929e52bb-929b-416e-868e-d212610d9879 ca89b9242353463790d86e73147b14ab f7a7fcbf79c64ad8bdb5a244cd81c59a - - default default] 10.0.0.35 "GET /v2.0/agents HTTP/1.1" status: 200 len: 997 time: 0.0442612
2026-05-06 06:00:28.409 10 INFO neutron.wsgi [None req-96143100-b469-4829-bf6f-d0d4692c7fa8 ca89b9242353463790d86e73147b14ab f7a7fcbf79c64ad8bdb5a244cd81c59a - - default default] 10.0.0.35 "GET /v2.0/floatingips HTTP/1.1" status: 200 len: 193 time: 0.0276513
2026-05-06 06:00:28.468 10 INFO neutron.wsgi [None req-37c7e33c-c1bb-4a12-a0fb-ef71d39dcc52 ca89b9242353463790d86e73147b14ab f7a7fcbf79c64ad8bdb5a244cd81c59a - - default default] 10.0.0.35 "GET /v2.0/security-groups HTTP/1.1" status: 200 len: 16799 time: 0.0582619
2026-05-06 06:00:28.504 10 INFO neutron.wsgi [None req-245e7fa9-04f0-45cf-81d2-7774eb6a5fc1 ca89b9242353463790d86e73147b14ab f7a7fcbf79c64ad8bdb5a244cd81c59a - - default default] 10.0.0.35 "GET /v2.0/routers HTTP/1.1" status: 200 len: 189 time: 0.0299957
2026-05-06 06:00:28.521 10 INFO neutron.wsgi [None req-72fec7d0-42de-46ba-a71a-b7c9de45e73a ca89b9242353463790d86e73147b14ab f7a7fcbf79c64ad8bdb5a244cd81c59a - - default default] 10.0.0.35 "GET /v2.0/agents?binary=ovn-controller HTTP/1.1" status: 200 len: 591 time: 0.0167556
2026-05-06 06:00:28.577 10 INFO neutron.wsgi [None req-3b16378e-7cf1-4725-b9f2-8eec564a2b27 ca89b9242353463790d86e73147b14ab f7a7fcbf79c64ad8bdb5a244cd81c59a - - default default] 10.0.0.35 "GET /v2.0/networks HTTP/1.1" status: 200 len: 2350 time: 0.0550075
2026-05-06 06:00:28.627 10 INFO neutron.wsgi [None req-949ac2ca-bfe7-4888-b6ca-86fc1eff1e78 ca89b9242353463790d86e73147b14ab f7a7fcbf79c64ad8bdb5a244cd81c59a - - default default] 10.0.0.35 "GET /v2.0/ports HTTP/1.1" status: 200 len: 5347 time: 0.0472107
2026-05-06 06:00:28.643 10 INFO neutron.wsgi [None req-4383c18e-2a03-4b81-9704-ce66bf96fa17 ca89b9242353463790d86e73147b14ab f7a7fcbf79c64ad8bdb5a244cd81c59a - - default default] 10.0.0.35 "GET /v2.0/network-ip-availabilities HTTP/1.1" status: 200 len: 1280 time: 0.0135267
2026-05-06 06:00:28.675 10 INFO neutron.wsgi [None req-ac2a75a0-4052-4e33-8b6b-1767479d553b ca89b9242353463790d86e73147b14ab f7a7fcbf79c64ad8bdb5a244cd81c59a - - default default] 10.0.0.35 "GET /v2.0/subnets HTTP/1.1" status: 200 len: 1437 time: 0.0310771
2026-05-06 06:00:28.688 10 INFO neutron.wsgi [None req-acb9e098-49dd-401c-b7e8-433415c2ee0c ca89b9242353463790d86e73147b14ab f7a7fcbf79c64ad8bdb5a244cd81c59a - - default default] 10.0.0.35 "GET /v2.0/subnetpools HTTP/1.1" status: 200 len: 193 time: 0.0096505
2026-05-06 06:00:36.726 9 INFO neutron.wsgi [-] 10.0.0.69 "GET / HTTP/1.1" status: 200 len: 247 time: 0.0024228
2026-05-06 06:00:36.727 10 INFO neutron.wsgi [-] 10.0.0.69 "GET / HTTP/1.1" status: 200 len: 247 time: 0.0035443
2026-05-06 06:00:51.725 9 INFO neutron.wsgi [-] 10.0.0.69 "GET / HTTP/1.1" status: 200 len: 247 time: 0.0024929
2026-05-06 06:00:51.726 10 INFO neutron.wsgi [-] 10.0.0.69 "GET / HTTP/1.1" status: 200 len: 247 time: 0.0030930
2026-05-06 06:01:06.724 10 INFO neutron.wsgi [-] 10.0.0.69 "GET / HTTP/1.1" status: 200 len: 247 time: 0.0018659
2026-05-06 06:01:06.724 9 INFO neutron.wsgi [-] 10.0.0.69 "GET / HTTP/1.1" status: 200 len: 247 time: 0.0018113
2026-05-06 06:01:21.725 9 INFO neutron.wsgi [-] 10.0.0.69 "GET / HTTP/1.1" status: 200 len: 247 time: 0.0023823
2026-05-06 06:01:21.725 10 INFO neutron.wsgi [-] 10.0.0.69 "GET / HTTP/1.1" status: 200 len: 247 time: 0.0027010
2026-05-06 06:01:28.209 10 INFO neutron.wsgi [None req-f1deea1c-f1eb-4a0f-a5e2-57d3210566d1 ca89b9242353463790d86e73147b14ab f7a7fcbf79c64ad8bdb5a244cd81c59a - - default default] 10.0.0.35 "GET /v2.0/ports HTTP/1.1" status: 200 len: 5347 time: 0.0913651
2026-05-06 06:01:28.225 10 INFO neutron.wsgi [None req-b286b6e4-9c06-43ce-a0b8-b3d719abf247 ca89b9242353463790d86e73147b14ab f7a7fcbf79c64ad8bdb5a244cd81c59a - - default default] 10.0.0.35 "GET /v2.0/network-ip-availabilities HTTP/1.1" status: 200 len: 1280 time: 0.0115914
2026-05-06 06:01:28.288 10 INFO neutron.wsgi [None req-f8ed5645-e345-4aab-9d06-83bf431b91bb ca89b9242353463790d86e73147b14ab f7a7fcbf79c64ad8bdb5a244cd81c59a - - default default] 10.0.0.35 "GET /v2.0/networks HTTP/1.1" status: 200 len: 2350 time: 0.0618532
2026-05-06 06:01:28.338 10 INFO neutron.wsgi [None req-aae5030e-06ff-4cc3-873c-b803dc6b241f ca89b9242353463790d86e73147b14ab f7a7fcbf79c64ad8bdb5a244cd81c59a - - default default] 10.0.0.35 "GET /v2.0/security-groups HTTP/1.1" status: 200 len: 16799 time: 0.0475357
2026-05-06 06:01:28.369 10 INFO neutron.wsgi [None req-ba4a61f9-282c-46c3-879e-93942dbadd9a ca89b9242353463790d86e73147b14ab f7a7fcbf79c64ad8bdb5a244cd81c59a - - default default] 10.0.0.35 "GET /v2.0/routers HTTP/1.1" status: 200 len: 189 time: 0.0206220
2026-05-06 06:01:28.395 10 INFO neutron.wsgi [None req-6fb34c69-e57c-4628-80fb-368105ec4e94 ca89b9242353463790d86e73147b14ab f7a7fcbf79c64ad8bdb5a244cd81c59a - - default default] 10.0.0.35 "GET /v2.0/agents?binary=ovn-controller HTTP/1.1" status: 200 len: 591 time: 0.0249820
2026-05-06 06:01:28.422 10 INFO neutron.wsgi [None req-79b6ed54-783c-4635-8220-d15ee6bb44a0 ca89b9242353463790d86e73147b14ab f7a7fcbf79c64ad8bdb5a244cd81c59a - - default default] 10.0.0.35 "GET /v2.0/subnets HTTP/1.1" status: 200 len: 1437 time: 0.0255482
2026-05-06 06:01:28.431 10 INFO neutron.wsgi [None req-b60c9a18-be44-4577-81fb-d81d9346bb99 ca89b9242353463790d86e73147b14ab f7a7fcbf79c64ad8bdb5a244cd81c59a - - default default] 10.0.0.35 "GET /v2.0/subnetpools HTTP/1.1" status: 200 len: 193 time: 0.0080163
