2026-05-06 06:13:13.492 10 INFO neutron.wsgi [req-21481cd8-c2f2-4ec6-8bd1-d544fc12b303 req-f7185bde-0f20-4dca-bc9c-975b9ee316a2 a238ef8cbb32488283c894b7070d3528 20c20568c9f14e2cab3944b99efdf9c1 - - 37e4c56f4a5048cf8cf69f406f61be15 37e4c56f4a5048cf8cf69f406f61be15] 199.19.213.73 "GET /v2.0/floatingips?fixed_ip_address=10.2.2.35&port_id=26d6a377-c47f-4320-9f39-d16b482d710f HTTP/1.1" status: 200 len: 217 time: 0.0386600
2026-05-06 06:13:13.501 9 INFO neutron.wsgi [None req-a9265a51-3d8d-41fb-9136-fe94cb4da35c ca89b9242353463790d86e73147b14ab f7a7fcbf79c64ad8bdb5a244cd81c59a - - default default] 199.19.213.73 "GET /v2.0/subnets/495053cb-aea8-4fb0-a87f-ce8adf97b86c HTTP/1.1" status: 200 len: 850 time: 0.0361969
2026-05-06 06:13:13.541 10 INFO neutron.wsgi [req-21481cd8-c2f2-4ec6-8bd1-d544fc12b303 req-f1048555-1607-4f2c-84f5-b55d9982695e a238ef8cbb32488283c894b7070d3528 20c20568c9f14e2cab3944b99efdf9c1 - - 37e4c56f4a5048cf8cf69f406f61be15 37e4c56f4a5048cf8cf69f406f61be15] 199.19.213.73 "GET /v2.0/subnets?id=24334b68-9519-494f-a867-f08910912656 HTTP/1.1" status: 200 len: 851 time: 0.0432582
2026-05-06 06:13:13.542 9 INFO neutron.services.segments.plugin [-] Segment 0bf4ebce-dd9a-4f31-ab61-694529a19e20 resource provider aggregate not found
2026-05-06 06:13:13.549 9 INFO neutron.services.segments.plugin [-] Segment 0bf4ebce-dd9a-4f31-ab61-694529a19e20 resource provider aggregate not found
2026-05-06 06:13:13.571 9 INFO neutron.wsgi [None req-03e124af-b287-4f94-bdd4-2881cf88922f ca89b9242353463790d86e73147b14ab f7a7fcbf79c64ad8bdb5a244cd81c59a - - default default] 199.19.213.73 "GET /v2.0/ports/8be1af60-d577-4600-807f-488e426cc4ea HTTP/1.1" status: 200 len: 1340 time: 0.0614748
2026-05-06 06:13:13.572 9 INFO neutron.services.segments.plugin [-] Segment 0bf4ebce-dd9a-4f31-ab61-694529a19e20 resource provider not found; error: Placement Client Error (4xx): {"errors": [{"status": 404, "title": "Not Found", "detail": "The resource could not be found.\n\n No resource provider with uuid 0bf4ebce-dd9a-4f31-ab61-694529a19e20 found for delete ", "request_id": "req-b39d2360-8787-4cb2-8b7f-d92c74b094be"}]}
2026-05-06 06:13:13.575 10 INFO neutron.wsgi [req-21481cd8-c2f2-4ec6-8bd1-d544fc12b303 req-56be8575-fd11-4494-accb-cdd019a9313d a238ef8cbb32488283c894b7070d3528 20c20568c9f14e2cab3944b99efdf9c1 - - 37e4c56f4a5048cf8cf69f406f61be15 37e4c56f4a5048cf8cf69f406f61be15] 199.19.213.73 "GET /v2.0/ports?network_id=5dc1704e-2dec-4b27-a1b4-b478de90f976&device_owner=network%3Adhcp HTTP/1.1" status: 200 len: 210 time: 0.0259287
2026-05-06 06:13:13.579 9 INFO neutron.services.segments.plugin [-] Segment 0bf4ebce-dd9a-4f31-ab61-694529a19e20 resource provider not found; error: Placement Client Error (4xx): {"errors": [{"status": 404, "title": "Not Found", "detail": "The resource could not be found.\n\n No resource provider with uuid 0bf4ebce-dd9a-4f31-ab61-694529a19e20 found for delete ", "request_id": "req-897ca4c2-3666-418f-bd3d-31556ece0ed5"}]}
2026-05-06 06:13:13.604 9 INFO neutron.services.segments.plugin [-] Segment 897d4139-1b22-4a03-a511-1fb21d790a61 resource provider aggregate not found
2026-05-06 06:13:13.610 9 INFO neutron.services.segments.plugin [-] Segment 897d4139-1b22-4a03-a511-1fb21d790a61 resource provider aggregate not found
2026-05-06 06:13:13.627 9 INFO neutron.services.segments.plugin [-] Segment 897d4139-1b22-4a03-a511-1fb21d790a61 resource provider not found; error: Placement Client Error (4xx): {"errors": [{"status": 404, "title": "Not Found", "detail": "The resource could not be found.\n\n No resource provider with uuid 897d4139-1b22-4a03-a511-1fb21d790a61 found for delete ", "request_id": "req-26e9a35e-08b5-4d45-987e-c8bed84a31e1"}]}
2026-05-06 06:13:13.634 9 INFO neutron.services.segments.plugin [-] Segment 897d4139-1b22-4a03-a511-1fb21d790a61 resource provider not found; error: Placement Client Error (4xx): {"errors": [{"status": 404, "title": "Not Found", "detail": "The resource could not be found.\n\n No resource provider with uuid 897d4139-1b22-4a03-a511-1fb21d790a61 found for delete ", "request_id": "req-965d0934-c97b-4edb-bb74-eb914bd1a1c0"}]}
2026-05-06 06:13:13.636 10 INFO neutron.wsgi [req-21481cd8-c2f2-4ec6-8bd1-d544fc12b303 req-f55c214e-e553-49a6-a5c8-1ad64a5bcb75 a238ef8cbb32488283c894b7070d3528 20c20568c9f14e2cab3944b99efdf9c1 - - 37e4c56f4a5048cf8cf69f406f61be15 37e4c56f4a5048cf8cf69f406f61be15] 199.19.213.73 "GET /v2.0/networks/5dc1704e-2dec-4b27-a1b4-b478de90f976?fields=segments HTTP/1.1" status: 200 len: 212 time: 0.0512269
2026-05-06 06:13:13.649 9 INFO neutron.wsgi [None req-9784424d-2a7e-4362-bbf9-7d88f57bf0c0 ca89b9242353463790d86e73147b14ab f7a7fcbf79c64ad8bdb5a244cd81c59a - - default default] 199.19.213.73 "GET /v2.0/ports/84d293ec-89da-4ae7-b16e-9b499e7ab1c8 HTTP/1.1" status: 200 len: 1515 time: 0.0655577
2026-05-06 06:13:13.653 9 INFO neutron.services.segments.plugin [-] Segment 442a3ec2-da02-4f57-b58b-65fdda5868d8 resource provider aggregate not found
2026-05-06 06:13:13.659 9 INFO neutron.services.segments.plugin [-] Segment 442a3ec2-da02-4f57-b58b-65fdda5868d8 resource provider aggregate not found
2026-05-06 06:13:13.675 9 INFO neutron.services.segments.plugin [-] Segment 442a3ec2-da02-4f57-b58b-65fdda5868d8 resource provider not found; error: Placement Client Error (4xx): {"errors": [{"status": 404, "title": "Not Found", "detail": "The resource could not be found.\n\n No resource provider with uuid 442a3ec2-da02-4f57-b58b-65fdda5868d8 found for delete ", "request_id": "req-c4abdba1-6d0f-49a4-b48e-2f8e8208022a"}]}
2026-05-06 06:13:13.684 9 INFO neutron.services.segments.plugin [-] Segment 442a3ec2-da02-4f57-b58b-65fdda5868d8 resource provider not found; error: Placement Client Error (4xx): {"errors": [{"status": 404, "title": "Not Found", "detail": "The resource could not be found.\n\n No resource provider with uuid 442a3ec2-da02-4f57-b58b-65fdda5868d8 found for delete ", "request_id": "req-fa9e870a-1a9b-4b7f-8e8a-bce7cf496bd2"}]}
2026-05-06 06:13:13.702 9 INFO neutron.wsgi [None req-9a37ccce-6ec5-4891-913f-0c9a1ee60fc5 ca89b9242353463790d86e73147b14ab f7a7fcbf79c64ad8bdb5a244cd81c59a - - default default] 199.19.213.73 "GET /v2.0/subnets/495053cb-aea8-4fb0-a87f-ce8adf97b86c HTTP/1.1" status: 200 len: 850 time: 0.0353799
2026-05-06 06:13:13.708 10 INFO neutron.wsgi [req-21481cd8-c2f2-4ec6-8bd1-d544fc12b303 req-5c9a6a5f-cfaa-4591-bbff-2225d2cf64e7 a238ef8cbb32488283c894b7070d3528 20c20568c9f14e2cab3944b99efdf9c1 - - 37e4c56f4a5048cf8cf69f406f61be15 37e4c56f4a5048cf8cf69f406f61be15] 199.19.213.73 "GET /v2.0/networks/5dc1704e-2dec-4b27-a1b4-b478de90f976?fields=provider%3Aphysical_network&fields=provider%3Anetwork_type HTTP/1.1" status: 200 len: 277 time: 0.0650365
2026-05-06 06:13:13.785 9 INFO neutron.wsgi [None req-e1775f09-8ef3-4082-a57f-8c29cbd22ccc ca89b9242353463790d86e73147b14ab f7a7fcbf79c64ad8bdb5a244cd81c59a - - default default] 199.19.213.73 "GET /v2.0/networks/336701c1-ba98-40d1-9703-d72760456507 HTTP/1.1" status: 200 len: 1001 time: 0.0744700
2026-05-06 06:13:13.838 9 INFO neutron.wsgi [None req-62aa765d-c1c8-4974-9a75-72f9267714ad ca89b9242353463790d86e73147b14ab f7a7fcbf79c64ad8bdb5a244cd81c59a - - default default] 199.19.213.73 "GET /v2.0/ports/8be1af60-d577-4600-807f-488e426cc4ea HTTP/1.1" status: 200 len: 1340 time: 0.0455112
2026-05-06 06:13:13.886 9 INFO neutron.wsgi [None req-f61a8eca-9101-4c8c-ad85-50ccc1c9e6ff ca89b9242353463790d86e73147b14ab f7a7fcbf79c64ad8bdb5a244cd81c59a - - default default] 199.19.213.73 "GET /v2.0/subnets/495053cb-aea8-4fb0-a87f-ce8adf97b86c HTTP/1.1" status: 200 len: 850 time: 0.0376518
2026-05-06 06:13:14.459 9 INFO neutron.db.ovn_revision_numbers_db [None req-fc690b7a-2ce8-407d-9140-9b71275d814b ca89b9242353463790d86e73147b14ab f7a7fcbf79c64ad8bdb5a244cd81c59a - - default default] Successfully bumped revision number for resource cea947c0-7829-4fa5-8913-eee82093b02c (type: security_groups) to 1
2026-05-06 06:13:14.477 9 INFO neutron.db.ovn_revision_numbers_db [None req-fc690b7a-2ce8-407d-9140-9b71275d814b ca89b9242353463790d86e73147b14ab f7a7fcbf79c64ad8bdb5a244cd81c59a - - default default] Successfully bumped revision number for resource a2f25e08-ae06-4d00-82f4-d4b9baf66410 (type: security_group_rules) to 0
2026-05-06 06:13:14.493 9 INFO neutron.db.ovn_revision_numbers_db [None req-fc690b7a-2ce8-407d-9140-9b71275d814b ca89b9242353463790d86e73147b14ab f7a7fcbf79c64ad8bdb5a244cd81c59a - - default default] Successfully bumped revision number for resource af4a1bc0-a376-40c3-982d-24734fa07583 (type: security_group_rules) to 0
2026-05-06 06:13:14.507 9 INFO neutron.db.ovn_revision_numbers_db [None req-fc690b7a-2ce8-407d-9140-9b71275d814b ca89b9242353463790d86e73147b14ab f7a7fcbf79c64ad8bdb5a244cd81c59a - - default default] Successfully bumped revision number for resource bbde3e20-10c9-4a7d-bdf0-a275f4b3c1fe (type: security_group_rules) to 0
2026-05-06 06:13:14.524 9 INFO neutron.db.ovn_revision_numbers_db [None req-fc690b7a-2ce8-407d-9140-9b71275d814b ca89b9242353463790d86e73147b14ab f7a7fcbf79c64ad8bdb5a244cd81c59a - - default default] Successfully bumped revision number for resource f48557e6-0a6f-4c0b-9a8b-131a1c770dd1 (type: security_group_rules) to 0
2026-05-06 06:13:14.553 9 INFO neutron.wsgi [None req-fc690b7a-2ce8-407d-9140-9b71275d814b ca89b9242353463790d86e73147b14ab f7a7fcbf79c64ad8bdb5a244cd81c59a - - default default] 10.0.0.130 "GET /v2.0/security-groups?tenant_id=cf204a020ba64d5ca25c3109e507839c&name=default HTTP/1.1" status: 200 len: 3000 time: 0.3858957
2026-05-06 06:13:14.784 9 INFO neutron.wsgi [None req-3b9a879f-f08e-41fb-873e-67c4b7e654b0 ca89b9242353463790d86e73147b14ab f7a7fcbf79c64ad8bdb5a244cd81c59a - - default default] 10.0.0.130 "DELETE /v2.0/security-groups/cea947c0-7829-4fa5-8913-eee82093b02c HTTP/1.1" status: 204 len: 168 time: 0.2249546
2026-05-06 06:13:14.927 10 INFO neutron.wsgi [None req-b1001d08-dfb0-4b7b-9c3c-06b705eb42a2 ca89b9242353463790d86e73147b14ab f7a7fcbf79c64ad8bdb5a244cd81c59a - - default default] 10.0.0.130 "GET /v2.0/security-groups?tenant_id=f85597d298d640c59c0b1f5616dad42f&name=default HTTP/1.1" status: 200 len: 2996 time: 0.0363605
2026-05-06 06:13:15.144 10 INFO neutron.wsgi [None req-9cf7b1fe-8845-4d22-9ca6-7c1d60f32e91 ca89b9242353463790d86e73147b14ab f7a7fcbf79c64ad8bdb5a244cd81c59a - - default default] 10.0.0.130 "DELETE /v2.0/security-groups/5e1d1af7-bd27-456a-9474-1e7db347998f HTTP/1.1" status: 204 len: 168 time: 0.2120531
2026-05-06 06:13:15.442 9 INFO neutron.db.ovn_revision_numbers_db [None req-fb20b46b-96d9-46bf-a674-df2b089be7aa ca89b9242353463790d86e73147b14ab f7a7fcbf79c64ad8bdb5a244cd81c59a - - default default] Successfully bumped revision number for resource 38ad0a41-2c17-457e-9d48-ce53419ac248 (type: security_groups) to 1
2026-05-06 06:13:15.458 9 INFO neutron.db.ovn_revision_numbers_db [None req-fb20b46b-96d9-46bf-a674-df2b089be7aa ca89b9242353463790d86e73147b14ab f7a7fcbf79c64ad8bdb5a244cd81c59a - - default default] Successfully bumped revision number for resource 37709ceb-f287-49d2-b56e-358d35e50c17 (type: security_group_rules) to 0
2026-05-06 06:13:15.473 9 INFO neutron.db.ovn_revision_numbers_db [None req-fb20b46b-96d9-46bf-a674-df2b089be7aa ca89b9242353463790d86e73147b14ab f7a7fcbf79c64ad8bdb5a244cd81c59a - - default default] Successfully bumped revision number for resource 5b78f559-e4df-4311-90c9-7b0aa578b0c5 (type: security_group_rules) to 0
2026-05-06 06:13:15.489 9 INFO neutron.db.ovn_revision_numbers_db [None req-fb20b46b-96d9-46bf-a674-df2b089be7aa ca89b9242353463790d86e73147b14ab f7a7fcbf79c64ad8bdb5a244cd81c59a - - default default] Successfully bumped revision number for resource 9b4e45f9-8faa-4cc2-91e1-0e9f83b4e16b (type: security_group_rules) to 0
2026-05-06 06:13:15.504 9 INFO neutron.db.ovn_revision_numbers_db [None req-fb20b46b-96d9-46bf-a674-df2b089be7aa ca89b9242353463790d86e73147b14ab f7a7fcbf79c64ad8bdb5a244cd81c59a - - default default] Successfully bumped revision number for resource d8b5d8fe-fac9-4202-ba3d-27829094fcb8 (type: security_group_rules) to 0
2026-05-06 06:13:15.530 9 INFO neutron.wsgi [None req-fb20b46b-96d9-46bf-a674-df2b089be7aa ca89b9242353463790d86e73147b14ab f7a7fcbf79c64ad8bdb5a244cd81c59a - - default default] 10.0.0.130 "GET /v2.0/security-groups?tenant_id=d2b8c9ba326642b2bbf25f9acdeeeb65&name=default HTTP/1.1" status: 200 len: 3000 time: 0.2177911
2026-05-06 06:13:15.750 10 INFO neutron.wsgi [None req-ad04c817-6ec0-4a8d-863f-15800b883de4 ca89b9242353463790d86e73147b14ab f7a7fcbf79c64ad8bdb5a244cd81c59a - - default default] 10.0.0.130 "DELETE /v2.0/security-groups/38ad0a41-2c17-457e-9d48-ce53419ac248 HTTP/1.1" status: 204 len: 168 time: 0.2106986
2026-05-06 06:13:20.028 9 WARNING neutron_lib.context [None req-a27e8889-0376-4d4a-b844-7651d80d12ba c3ec27f09def4005ae0f95a4237e8586 10eec093c3ba433b8ebc72ca220d22e5 - - default default] Method 'is_advsvc' is deprecated since 2023.2 release (neutron-lib 3.8.0) and will be removed once support for the old RBAC API policies will be removed from Neutron. Please use method 'is_service_role' instead.
2026-05-06 06:13:20.162 9 INFO neutron.db.ovn_revision_numbers_db [None req-a27e8889-0376-4d4a-b844-7651d80d12ba c3ec27f09def4005ae0f95a4237e8586 10eec093c3ba433b8ebc72ca220d22e5 - - default default] Successfully bumped revision number for resource b2ff87a5-16c8-4afd-9b5a-fc7822fcaa37 (type: security_groups) to 1
2026-05-06 06:13:20.177 9 INFO neutron.db.ovn_revision_numbers_db [None req-a27e8889-0376-4d4a-b844-7651d80d12ba c3ec27f09def4005ae0f95a4237e8586 10eec093c3ba433b8ebc72ca220d22e5 - - default default] Successfully bumped revision number for resource 94aa70df-7e41-46ca-8e31-8fb6ef37e79e (type: security_group_rules) to 0
2026-05-06 06:13:20.191 9 INFO neutron.db.ovn_revision_numbers_db [None req-a27e8889-0376-4d4a-b844-7651d80d12ba c3ec27f09def4005ae0f95a4237e8586 10eec093c3ba433b8ebc72ca220d22e5 - - default default] Successfully bumped revision number for resource a25d297e-bfa4-4bb3-9476-5d3cbf69599a (type: security_group_rules) to 0
2026-05-06 06:13:20.201 9 INFO neutron.db.ovn_revision_numbers_db [None req-a27e8889-0376-4d4a-b844-7651d80d12ba c3ec27f09def4005ae0f95a4237e8586 10eec093c3ba433b8ebc72ca220d22e5 - - default default] Successfully bumped revision number for resource c185093c-bde0-4ca8-adff-c4e4915c4d6e (type: security_group_rules) to 0
2026-05-06 06:13:20.213 9 INFO neutron.db.ovn_revision_numbers_db [None req-a27e8889-0376-4d4a-b844-7651d80d12ba c3ec27f09def4005ae0f95a4237e8586 10eec093c3ba433b8ebc72ca220d22e5 - - default default] Successfully bumped revision number for resource e41e0aa9-41ab-47d3-8608-89e5669ffef5 (type: security_group_rules) to 0
2026-05-06 06:13:20.267 9 INFO neutron.db.segments_db [None req-a27e8889-0376-4d4a-b844-7651d80d12ba c3ec27f09def4005ae0f95a4237e8586 10eec093c3ba433b8ebc72ca220d22e5 - - default default] Added segment edd3d285-18db-4129-b52e-10c7ff75c2c9 of type geneve for network c880cd76-98ca-468c-bcb0-bf9342111a67
2026-05-06 06:13:20.393 9 INFO neutron.db.ovn_revision_numbers_db [None req-a27e8889-0376-4d4a-b844-7651d80d12ba c3ec27f09def4005ae0f95a4237e8586 10eec093c3ba433b8ebc72ca220d22e5 - - default default] Successfully bumped revision number for resource c880cd76-98ca-468c-bcb0-bf9342111a67 (type: networks) to 1
2026-05-06 06:13:20.555 9 WARNING neutron.scheduler.dhcp_agent_scheduler [None req-a27e8889-0376-4d4a-b844-7651d80d12ba c3ec27f09def4005ae0f95a4237e8586 10eec093c3ba433b8ebc72ca220d22e5 - - default default] No more DHCP agents
2026-05-06 06:13:20.558 9 WARNING neutron.api.rpc.agentnotifiers.dhcp_rpc_agent_api [None req-a27e8889-0376-4d4a-b844-7651d80d12ba c3ec27f09def4005ae0f95a4237e8586 10eec093c3ba433b8ebc72ca220d22e5 - - default default] Unable to schedule network c880cd76-98ca-468c-bcb0-bf9342111a67: no agents available; will retry on subsequent port and subnet creation events.
2026-05-06 06:13:20.633 9 INFO neutron.db.ovn_revision_numbers_db [None req-a27e8889-0376-4d4a-b844-7651d80d12ba c3ec27f09def4005ae0f95a4237e8586 10eec093c3ba433b8ebc72ca220d22e5 - - default default] Successfully bumped revision number for resource 4d70ff23-b052-45ba-928f-8b9b37b46bae (type: ports) to 1
2026-05-06 06:13:20.667 9 INFO neutron.wsgi [None req-a27e8889-0376-4d4a-b844-7651d80d12ba c3ec27f09def4005ae0f95a4237e8586 10eec093c3ba433b8ebc72ca220d22e5 - - default default] 10.0.0.130 "POST /v2.0/networks HTTP/1.1" status: 201 len: 829 time: 0.7812450
2026-05-06 06:13:20.677 9 WARNING neutron_lib.context [None req-5cd05f28-9d9a-4aa6-9da9-4443f2385055 c3ec27f09def4005ae0f95a4237e8586 10eec093c3ba433b8ebc72ca220d22e5 - - default default] Method 'is_advsvc' is deprecated since 2023.2 release (neutron-lib 3.8.0) and will be removed once support for the old RBAC API policies will be removed from Neutron. Please use method 'is_service_role' instead.
2026-05-06 06:13:21.260 9 WARNING neutron.scheduler.dhcp_agent_scheduler [None req-5cd05f28-9d9a-4aa6-9da9-4443f2385055 c3ec27f09def4005ae0f95a4237e8586 10eec093c3ba433b8ebc72ca220d22e5 - - default default] No more DHCP agents
2026-05-06 06:13:21.262 9 WARNING neutron.api.rpc.agentnotifiers.dhcp_rpc_agent_api [None req-5cd05f28-9d9a-4aa6-9da9-4443f2385055 c3ec27f09def4005ae0f95a4237e8586 10eec093c3ba433b8ebc72ca220d22e5 - - default default] Unable to schedule network c880cd76-98ca-468c-bcb0-bf9342111a67: no agents available; will retry on subsequent port and subnet creation events.
2026-05-06 06:13:21.728 10 INFO neutron.wsgi [-] 10.0.0.69 "GET / HTTP/1.1" status: 200 len: 247 time: 0.0053205
2026-05-06 06:13:21.732 10 INFO neutron.wsgi [-] 10.0.0.69 "GET / HTTP/1.1" status: 200 len: 247 time: 0.0022414
2026-05-06 06:13:21.805 9 INFO neutron.db.ovn_revision_numbers_db [None req-5cd05f28-9d9a-4aa6-9da9-4443f2385055 c3ec27f09def4005ae0f95a4237e8586 10eec093c3ba433b8ebc72ca220d22e5 - - default default] Successfully bumped revision number for resource 4d70ff23-b052-45ba-928f-8b9b37b46bae (type: ports) to 2
2026-05-06 06:13:21.855 9 INFO neutron.db.ovn_revision_numbers_db [None req-5cd05f28-9d9a-4aa6-9da9-4443f2385055 c3ec27f09def4005ae0f95a4237e8586 10eec093c3ba433b8ebc72ca220d22e5 - - default default] Successfully bumped revision number for resource db20e300-188c-48b1-9f28-8dad3abe673b (type: subnets) to 0
2026-05-06 06:13:21.875 9 INFO neutron.wsgi [None req-5cd05f28-9d9a-4aa6-9da9-4443f2385055 c3ec27f09def4005ae0f95a4237e8586 10eec093c3ba433b8ebc72ca220d22e5 - - default default] 10.0.0.130 "POST /v2.0/subnets HTTP/1.1" status: 201 len: 801 time: 1.2031393
2026-05-06 06:13:21.888 9 WARNING neutron_lib.context [None req-6998fe4a-b9fd-48db-9e2e-71e9e9d73d3b c3ec27f09def4005ae0f95a4237e8586 10eec093c3ba433b8ebc72ca220d22e5 - - default default] Method 'is_advsvc' is deprecated since 2023.2 release (neutron-lib 3.8.0) and will be removed once support for the old RBAC API policies will be removed from Neutron. Please use method 'is_service_role' instead.
2026-05-06 06:13:21.978 9 INFO neutron.db.segments_db [None req-6998fe4a-b9fd-48db-9e2e-71e9e9d73d3b c3ec27f09def4005ae0f95a4237e8586 10eec093c3ba433b8ebc72ca220d22e5 - - default default] Added segment 60100c1d-4dae-41d5-8a6c-56806af3e49e of type geneve for network cb6be69b-bc07-4a6e-b83a-38b4cd4041f4
2026-05-06 06:13:22.134 9 INFO neutron.db.ovn_revision_numbers_db [None req-6998fe4a-b9fd-48db-9e2e-71e9e9d73d3b c3ec27f09def4005ae0f95a4237e8586 10eec093c3ba433b8ebc72ca220d22e5 - - default default] Successfully bumped revision number for resource cb6be69b-bc07-4a6e-b83a-38b4cd4041f4 (type: networks) to 1
2026-05-06 06:13:22.194 9 INFO neutron.wsgi [None req-df5cfbf8-46fa-4f25-a6d9-39e4c53860fb ca89b9242353463790d86e73147b14ab f7a7fcbf79c64ad8bdb5a244cd81c59a - - default default] 199.19.213.73 "GET /v2.0/extensions/security-group HTTP/1.1" status: 200 len: 369 time: 0.0059962
2026-05-06 06:13:22.213 9 INFO neutron.wsgi [None req-e9490bca-e5cd-4ad6-a02c-c01e69a6da66 ca89b9242353463790d86e73147b14ab f7a7fcbf79c64ad8bdb5a244cd81c59a - - default default] 199.19.213.73 "GET /v2.0/extensions/dns-integration HTTP/1.1" status: 200 len: 371 time: 0.0099304
2026-05-06 06:13:22.228 9 INFO neutron.wsgi [None req-d5853bfe-1455-4633-ae0f-ca84e9981745 ca89b9242353463790d86e73147b14ab f7a7fcbf79c64ad8bdb5a244cd81c59a - - default default] 199.19.213.73 "GET /v2.0/extensions/qos HTTP/1.1" status: 200 len: 365 time: 0.0067418
2026-05-06 06:13:22.239 9 INFO neutron.wsgi [None req-e147c063-016f-45c3-a1d7-d31227f4e36c ca89b9242353463790d86e73147b14ab f7a7fcbf79c64ad8bdb5a244cd81c59a - - default default] 199.19.213.73 "GET /v2.0/extensions/allowed-address-pairs HTTP/1.1" status: 200 len: 383 time: 0.0033481
2026-05-06 06:13:22.303 9 INFO neutron.wsgi [None req-96c46592-dd4e-4152-824a-d6c1c03959ce ca89b9242353463790d86e73147b14ab f7a7fcbf79c64ad8bdb5a244cd81c59a - - default default] 199.19.213.73 "GET /v2.0/subnets/557e0f1a-d5ad-4666-9f3c-fb4ad2d0344a HTTP/1.1" status: 200 len: 849 time: 0.0547035
2026-05-06 06:13:22.363 9 INFO neutron.wsgi [None req-20f3f0f8-fdac-40ea-9c5d-4b343aca4f0b ca89b9242353463790d86e73147b14ab f7a7fcbf79c64ad8bdb5a244cd81c59a - - default default] 199.19.213.73 "GET /v2.0/ports?device_id=f9b21828-198d-4653-a631-f37c0590698b HTTP/1.1" status: 200 len: 5116 time: 0.0463777
2026-05-06 06:13:22.381 9 WARNING neutron.scheduler.dhcp_agent_scheduler [None req-6998fe4a-b9fd-48db-9e2e-71e9e9d73d3b c3ec27f09def4005ae0f95a4237e8586 10eec093c3ba433b8ebc72ca220d22e5 - - default default] No more DHCP agents
2026-05-06 06:13:22.383 9 WARNING neutron.api.rpc.agentnotifiers.dhcp_rpc_agent_api [None req-6998fe4a-b9fd-48db-9e2e-71e9e9d73d3b c3ec27f09def4005ae0f95a4237e8586 10eec093c3ba433b8ebc72ca220d22e5 - - default default] Unable to schedule network cb6be69b-bc07-4a6e-b83a-38b4cd4041f4: no agents available; will retry on subsequent port and subnet creation events.
2026-05-06 06:13:22.473 9 INFO neutron.db.ovn_revision_numbers_db [None req-6998fe4a-b9fd-48db-9e2e-71e9e9d73d3b c3ec27f09def4005ae0f95a4237e8586 10eec093c3ba433b8ebc72ca220d22e5 - - default default] Successfully bumped revision number for resource d5545471-8eb3-429e-8107-78a64cf3e8fc (type: ports) to 1
2026-05-06 06:13:22.499 9 INFO neutron.wsgi [None req-6998fe4a-b9fd-48db-9e2e-71e9e9d73d3b c3ec27f09def4005ae0f95a4237e8586 10eec093c3ba433b8ebc72ca220d22e5 - - default default] 10.0.0.130 "POST /v2.0/networks HTTP/1.1" status: 201 len: 831 time: 0.6170568
2026-05-06 06:13:22.510 9 WARNING neutron_lib.context [None req-2419a1df-8d20-46ec-8a7f-4dc2a1a4558e c3ec27f09def4005ae0f95a4237e8586 10eec093c3ba433b8ebc72ca220d22e5 - - default default] Method 'is_advsvc' is deprecated since 2023.2 release (neutron-lib 3.8.0) and will be removed once support for the old RBAC API policies will be removed from Neutron. Please use method 'is_service_role' instead.
2026-05-06 06:13:22.526 9 INFO neutron.wsgi [None req-99885478-6d93-4d97-b05a-df7d0a8cda24 ca89b9242353463790d86e73147b14ab f7a7fcbf79c64ad8bdb5a244cd81c59a - - default default] 199.19.213.73 "GET /v2.0/extensions/security-group HTTP/1.1" status: 200 len: 369 time: 0.0061269
2026-05-06 06:13:22.534 9 INFO neutron.wsgi [None req-9d5ed1ab-cad1-4108-8788-f83db263c385 ca89b9242353463790d86e73147b14ab f7a7fcbf79c64ad8bdb5a244cd81c59a - - default default] 199.19.213.73 "GET /v2.0/extensions/dns-integration HTTP/1.1" status: 200 len: 371 time: 0.0035837
2026-05-06 06:13:22.546 9 INFO neutron.wsgi [None req-8469df5e-de55-4ec0-9de8-f303219de208 ca89b9242353463790d86e73147b14ab f7a7fcbf79c64ad8bdb5a244cd81c59a - - default default] 199.19.213.73 "GET /v2.0/extensions/qos HTTP/1.1" status: 200 len: 365 time: 0.0032232
2026-05-06 06:13:22.552 9 INFO neutron.wsgi [None req-dda315b7-93be-4c21-9040-e6d41f4947dc ca89b9242353463790d86e73147b14ab f7a7fcbf79c64ad8bdb5a244cd81c59a - - default default] 199.19.213.73 "GET /v2.0/extensions/allowed-address-pairs HTTP/1.1" status: 200 len: 383 time: 0.0032110
2026-05-06 06:13:22.602 9 INFO neutron.wsgi [None req-d02aee60-d8e2-48ab-bc60-614ee8fee814 ca89b9242353463790d86e73147b14ab f7a7fcbf79c64ad8bdb5a244cd81c59a - - default default] 199.19.213.73 "GET /v2.0/ports/26d6a377-c47f-4320-9f39-d16b482d710f HTTP/1.1" status: 200 len: 1402 time: 0.0419550
2026-05-06 06:13:22.861 9 WARNING neutron.scheduler.dhcp_agent_scheduler [None req-2419a1df-8d20-46ec-8a7f-4dc2a1a4558e c3ec27f09def4005ae0f95a4237e8586 10eec093c3ba433b8ebc72ca220d22e5 - - default default] No more DHCP agents
2026-05-06 06:13:22.866 9 WARNING neutron.api.rpc.agentnotifiers.dhcp_rpc_agent_api [None req-2419a1df-8d20-46ec-8a7f-4dc2a1a4558e c3ec27f09def4005ae0f95a4237e8586 10eec093c3ba433b8ebc72ca220d22e5 - - default default] Unable to schedule network cb6be69b-bc07-4a6e-b83a-38b4cd4041f4: no agents available; will retry on subsequent port and subnet creation events.
2026-05-06 06:13:23.185 9 INFO neutron.db.ovn_revision_numbers_db [None req-b4578408-5277-423c-847f-6652933e90d4 ca89b9242353463790d86e73147b14ab f7a7fcbf79c64ad8bdb5a244cd81c59a - - default default] Successfully bumped revision number for resource 26d6a377-c47f-4320-9f39-d16b482d710f (type: ports) to 6
2026-05-06 06:13:23.205 9 INFO neutron.wsgi [None req-b4578408-5277-423c-847f-6652933e90d4 ca89b9242353463790d86e73147b14ab f7a7fcbf79c64ad8bdb5a244cd81c59a - - default default] 199.19.213.73 "PUT /v2.0/ports/26d6a377-c47f-4320-9f39-d16b482d710f HTTP/1.1" status: 200 len: 1203 time: 0.5923777 /var/lib/openstack/lib/python3.10/site-packages/pycadf/identifier.py:71: UserWarning: Invalid uuid: neutron. To ensure interoperability, identifiers should be a valid uuid. warnings.warn(('Invalid uuid: %s. To ensure interoperability, '
2026-05-06 06:13:23.262 9 INFO neutron.notifiers.nova [-] Nova event matching ['req-eed50797-b140-4689-a07b-9de7a0151974'] response: {'name': 'network-changed', 'server_uuid': 'f9b21828-198d-4653-a631-f37c0590698b', 'tag': '26d6a377-c47f-4320-9f39-d16b482d710f', 'status': 'completed', 'code': 200}
2026-05-06 06:13:23.306 9 INFO neutron.wsgi [None req-4681b485-8e6b-41bb-b376-cfbedeb310d7 ca89b9242353463790d86e73147b14ab f7a7fcbf79c64ad8bdb5a244cd81c59a - - default default] 199.19.213.73 "GET /v2.0/networks/5dc1704e-2dec-4b27-a1b4-b478de90f976 HTTP/1.1" status: 200 len: 1000 time: 0.0922849
2026-05-06 06:13:23.341 10 INFO neutron.wsgi [req-395ea60a-00d5-4eab-a135-aa25c71e047f req-410ceeab-f009-4257-89b2-a1ce32190653 a238ef8cbb32488283c894b7070d3528 20c20568c9f14e2cab3944b99efdf9c1 - - 37e4c56f4a5048cf8cf69f406f61be15 37e4c56f4a5048cf8cf69f406f61be15] 199.19.213.73 "GET /v2.0/ports?tenant_id=f7a7fcbf79c64ad8bdb5a244cd81c59a&device_id=f9b21828-198d-4653-a631-f37c0590698b HTTP/1.1" status: 200 len: 4945 time: 0.0572333
2026-05-06 06:13:23.360 9 INFO neutron.wsgi [None req-7c9af50c-3c02-474c-942d-d29377b694c1 ca89b9242353463790d86e73147b14ab f7a7fcbf79c64ad8bdb5a244cd81c59a - - default default] 199.19.213.73 "GET /v2.0/ports?device_id=f9b21828-198d-4653-a631-f37c0590698b HTTP/1.1" status: 200 len: 4945 time: 0.0418887
2026-05-06 06:13:23.413 10 INFO neutron.wsgi [req-395ea60a-00d5-4eab-a135-aa25c71e047f req-d759bef7-964c-4e1c-ace1-8937357b5fda a238ef8cbb32488283c894b7070d3528 20c20568c9f14e2cab3944b99efdf9c1 - - 37e4c56f4a5048cf8cf69f406f61be15 37e4c56f4a5048cf8cf69f406f61be15] 199.19.213.73 "GET /v2.0/networks?id=5dc1704e-2dec-4b27-a1b4-b478de90f976 HTTP/1.1" status: 200 len: 1003 time: 0.0665288
2026-05-06 06:13:23.509 10 INFO neutron.wsgi [req-395ea60a-00d5-4eab-a135-aa25c71e047f req-1bcfb197-7fbc-4809-9bb6-780b19b97255 a238ef8cbb32488283c894b7070d3528 20c20568c9f14e2cab3944b99efdf9c1 - - 37e4c56f4a5048cf8cf69f406f61be15 37e4c56f4a5048cf8cf69f406f61be15] 199.19.213.73 "GET /v2.0/networks/5dc1704e-2dec-4b27-a1b4-b478de90f976?fields=segments HTTP/1.1" status: 200 len: 212 time: 0.0885110
2026-05-06 06:13:23.516 9 INFO neutron.wsgi [None req-395d3ab9-1abc-4f49-a6f4-824f1871b14b ca89b9242353463790d86e73147b14ab f7a7fcbf79c64ad8bdb5a244cd81c59a - - default default] 199.19.213.73 "GET /v2.0/ports?device_id=f9b21828-198d-4653-a631-f37c0590698b HTTP/1.1" status: 200 len: 4945 time: 0.0628211
2026-05-06 06:13:23.521 9 INFO neutron.db.ovn_revision_numbers_db [None req-2419a1df-8d20-46ec-8a7f-4dc2a1a4558e c3ec27f09def4005ae0f95a4237e8586 10eec093c3ba433b8ebc72ca220d22e5 - - default default] Successfully bumped revision number for resource d5545471-8eb3-429e-8107-78a64cf3e8fc (type: ports) to 2
2026-05-06 06:13:23.561 9 INFO neutron.db.ovn_revision_numbers_db [None req-2419a1df-8d20-46ec-8a7f-4dc2a1a4558e c3ec27f09def4005ae0f95a4237e8586 10eec093c3ba433b8ebc72ca220d22e5 - - default default] Successfully bumped revision number for resource 54dd9af0-6385-4985-bfac-42f8184c9541 (type: subnets) to 0
2026-05-06 06:13:23.583 9 INFO neutron.wsgi [None req-2419a1df-8d20-46ec-8a7f-4dc2a1a4558e c3ec27f09def4005ae0f95a4237e8586 10eec093c3ba433b8ebc72ca220d22e5 - - default default] 10.0.0.130 "POST /v2.0/subnets HTTP/1.1" status: 201 len: 804 time: 1.0778992
2026-05-06 06:13:23.583 10 INFO neutron.wsgi [req-395ea60a-00d5-4eab-a135-aa25c71e047f req-de28105b-5745-4163-8d00-888f6c9de19f a238ef8cbb32488283c894b7070d3528 20c20568c9f14e2cab3944b99efdf9c1 - - 37e4c56f4a5048cf8cf69f406f61be15 37e4c56f4a5048cf8cf69f406f61be15] 199.19.213.73 "GET /v2.0/networks/5dc1704e-2dec-4b27-a1b4-b478de90f976?fields=provider%3Aphysical_network&fields=provider%3Anetwork_type HTTP/1.1" status: 200 len: 277 time: 0.0682452
2026-05-06 06:13:23.592 10 WARNING neutron_lib.context [None req-9ef64015-75b6-4b95-94d4-22b9d9336b00 c3ec27f09def4005ae0f95a4237e8586 10eec093c3ba433b8ebc72ca220d22e5 - - default default] Method 'is_advsvc' is deprecated since 2023.2 release (neutron-lib 3.8.0) and will be removed once support for the old RBAC API policies will be removed from Neutron. Please use method 'is_service_role' instead.
2026-05-06 06:13:23.669 10 INFO neutron.db.segments_db [None req-9ef64015-75b6-4b95-94d4-22b9d9336b00 c3ec27f09def4005ae0f95a4237e8586 10eec093c3ba433b8ebc72ca220d22e5 - - default default] Added segment 3431d421-a253-41d0-ae31-d7b78a9b597b of type geneve for network 838dad28-fc34-4cfd-9a63-d007d2e71706
2026-05-06 06:13:23.778 10 INFO neutron.plugins.ml2.drivers.ovn.mech_driver.mech_driver [None req-e3256b9d-3a67-40a3-a56b-ef7bdefb95c1 - - - - - -] OVN reports status down for port: 26d6a377-c47f-4320-9f39-d16b482d710f
2026-05-06 06:13:23.871 10 INFO neutron.wsgi [req-2aaa2f9e-a667-4255-a724-605b0798b582 req-4a9940b6-ac8a-4117-961a-c52735f2df23 a238ef8cbb32488283c894b7070d3528 20c20568c9f14e2cab3944b99efdf9c1 - - 37e4c56f4a5048cf8cf69f406f61be15 37e4c56f4a5048cf8cf69f406f61be15] 199.19.213.73 "GET /v2.0/ports/26d6a377-c47f-4320-9f39-d16b482d710f HTTP/1.1" status: 200 len: 1231 time: 0.0513003
2026-05-06 06:13:23.889 10 INFO neutron.db.ovn_revision_numbers_db [None req-9ef64015-75b6-4b95-94d4-22b9d9336b00 c3ec27f09def4005ae0f95a4237e8586 10eec093c3ba433b8ebc72ca220d22e5 - - default default] Successfully bumped revision number for resource 838dad28-fc34-4cfd-9a63-d007d2e71706 (type: networks) to 1
2026-05-06 06:13:24.002 10 INFO neutron.notifiers.nova [-] Nova event matching ['req-efa58490-9ea9-48d9-8ab9-61c88446eab7'] response: {'server_uuid': 'f9b21828-198d-4653-a631-f37c0590698b', 'name': 'network-vif-unplugged', 'status': 'completed', 'tag': '26d6a377-c47f-4320-9f39-d16b482d710f', 'code': 200}
2026-05-06 06:13:24.234 10 WARNING neutron.scheduler.dhcp_agent_scheduler [None req-9ef64015-75b6-4b95-94d4-22b9d9336b00 c3ec27f09def4005ae0f95a4237e8586 10eec093c3ba433b8ebc72ca220d22e5 - - default default] No more DHCP agents
2026-05-06 06:13:24.241 10 WARNING neutron.api.rpc.agentnotifiers.dhcp_rpc_agent_api [None req-9ef64015-75b6-4b95-94d4-22b9d9336b00 c3ec27f09def4005ae0f95a4237e8586 10eec093c3ba433b8ebc72ca220d22e5 - - default default] Unable to schedule network 838dad28-fc34-4cfd-9a63-d007d2e71706: no agents available; will retry on subsequent port and subnet creation events.
2026-05-06 06:13:24.336 10 INFO neutron.db.ovn_revision_numbers_db [None req-e3256b9d-3a67-40a3-a56b-ef7bdefb95c1 - - - - - -] Successfully bumped revision number for resource 26d6a377-c47f-4320-9f39-d16b482d710f (type: ports) to 7
2026-05-06 06:13:24.360 10 ERROR ovsdbapp.backend.ovs_idl.command [None req-e3256b9d-3a67-40a3-a56b-ef7bdefb95c1 - - - - - -] Error executing command (LspGetUpCommand): ovsdbapp.backend.ovs_idl.idlutils.RowNotFound: Cannot find Logical_Switch_Port with name=26d6a377-c47f-4320-9f39-d16b482d710f
2026-05-06 06:13:24.360 10 ERROR ovsdbapp.backend.ovs_idl.command
Traceback (most recent call last):
2026-05-06 06:13:24.360 10 ERROR ovsdbapp.backend.ovs_idl.command
File "/var/lib/openstack/lib/python3.10/site-packages/ovsdbapp/backend/ovs_idl/command.py", line 47, in execute
2026-05-06 06:13:24.360 10 ERROR ovsdbapp.backend.ovs_idl.command self.run_idl(None)
2026-05-06 06:13:24.360 10 ERROR ovsdbapp.backend.ovs_idl.command
File "/var/lib/openstack/lib/python3.10/site-packages/ovsdbapp/schema/ovn_northbound/commands.py", line 672, in run_idl
2026-05-06 06:13:24.360 10 ERROR ovsdbapp.backend.ovs_idl.command lsp = self.api.lookup('Logical_Switch_Port', self.port)
2026-05-06 06:13:24.360 10 ERROR ovsdbapp.backend.ovs_idl.command
File "/var/lib/openstack/lib/python3.10/site-packages/ovsdbapp/backend/ovs_idl/__init__.py", line 184, in lookup
2026-05-06 06:13:24.360 10 ERROR ovsdbapp.backend.ovs_idl.command return self._lookup(table, record)
2026-05-06 06:13:24.360 10 ERROR ovsdbapp.backend.ovs_idl.command
File "/var/lib/openstack/lib/python3.10/site-packages/ovsdbapp/backend/ovs_idl/__init__.py", line 235, in _lookup
2026-05-06 06:13:24.360 10 ERROR ovsdbapp.backend.ovs_idl.command row = idlutils.row_by_value(self, rl.table, rl.column, record)
2026-05-06 06:13:24.360 10 ERROR ovsdbapp.backend.ovs_idl.command
File "/var/lib/openstack/lib/python3.10/site-packages/ovsdbapp/backend/ovs_idl/idlutils.py", line 114, in row_by_value
2026-05-06 06:13:24.360 10 ERROR ovsdbapp.backend.ovs_idl.command raise RowNotFound(table=table, col=column, match=match)
2026-05-06 06:13:24.360 10 ERROR ovsdbapp.backend.ovs_idl.command ovsdbapp.backend.ovs_idl.idlutils.RowNotFound: Cannot find Logical_Switch_Port with name=26d6a377-c47f-4320-9f39-d16b482d710f
2026-05-06 06:13:24.360 10 ERROR ovsdbapp.backend.ovs_idl.command 
2026-05-06 06:13:24.361 10 ERROR ovsdbapp.event [None req-e3256b9d-3a67-40a3-a56b-ef7bdefb95c1 - - - - - -] Unexpected exception in notify_loop: ovsdbapp.backend.ovs_idl.idlutils.RowNotFound: Cannot find Logical_Switch_Port with name=26d6a377-c47f-4320-9f39-d16b482d710f
2026-05-06 06:13:24.361 10 ERROR ovsdbapp.event
Traceback (most recent call last):
2026-05-06 06:13:24.361 10 ERROR ovsdbapp.event
File "/var/lib/openstack/lib/python3.10/site-packages/ovsdbapp/event.py", line 177, in notify_loop
2026-05-06 06:13:24.361 10 ERROR ovsdbapp.event match.run(event, row, updates)
2026-05-06 06:13:24.361 10 ERROR ovsdbapp.event
File "/var/lib/openstack/lib/python3.10/site-packages/neutron/plugins/ml2/drivers/ovn/mech_driver/ovsdb/ovsdb_monitor.py", line 543, in run
2026-05-06 06:13:24.361 10 ERROR ovsdbapp.event self.driver.set_port_status_down(row.name)
2026-05-06 06:13:24.361 10 ERROR ovsdbapp.event
File "/var/lib/openstack/lib/python3.10/site-packages/neutron/plugins/ml2/drivers/ovn/mech_driver/mech_driver.py", line 1241, in set_port_status_down
2026-05-06 06:13:24.361 10 ERROR ovsdbapp.event self._ovn_client.update_lsp_host_info(
2026-05-06 06:13:24.361 10 ERROR ovsdbapp.event
File "/var/lib/openstack/lib/python3.10/site-packages/neutron/plugins/ml2/drivers/ovn/mech_driver/ovsdb/ovn_client.py", line 297, in update_lsp_host_info
2026-05-06 06:13:24.361 10 ERROR ovsdbapp.event port_up = self._nb_idl.lsp_get_up(db_port.id).execute(
2026-05-06 06:13:24.361 10 ERROR ovsdbapp.event
File "/var/lib/openstack/lib/python3.10/site-packages/ovsdbapp/backend/ovs_idl/command.py", line 47, in execute
2026-05-06 06:13:24.361 10 ERROR ovsdbapp.event self.run_idl(None)
2026-05-06 06:13:24.361 10 ERROR ovsdbapp.event
File "/var/lib/openstack/lib/python3.10/site-packages/ovsdbapp/schema/ovn_northbound/commands.py", line 672, in run_idl
2026-05-06 06:13:24.361 10 ERROR ovsdbapp.event lsp = self.api.lookup('Logical_Switch_Port', self.port)
2026-05-06 06:13:24.361 10 ERROR ovsdbapp.event
File "/var/lib/openstack/lib/python3.10/site-packages/ovsdbapp/backend/ovs_idl/__init__.py", line 184, in lookup
2026-05-06 06:13:24.361 10 ERROR ovsdbapp.event return self._lookup(table, record)
2026-05-06 06:13:24.361 10 ERROR ovsdbapp.event
File "/var/lib/openstack/lib/python3.10/site-packages/ovsdbapp/backend/ovs_idl/__init__.py", line 235, in _lookup
2026-05-06 06:13:24.361 10 ERROR ovsdbapp.event row = idlutils.row_by_value(self, rl.table, rl.column, record)
2026-05-06 06:13:24.361 10 ERROR ovsdbapp.event
File "/var/lib/openstack/lib/python3.10/site-packages/ovsdbapp/backend/ovs_idl/idlutils.py", line 114, in row_by_value
2026-05-06 06:13:24.361 10 ERROR ovsdbapp.event raise RowNotFound(table=table, col=column, match=match)
2026-05-06 06:13:24.361 10 ERROR ovsdbapp.event ovsdbapp.backend.ovs_idl.idlutils.RowNotFound: Cannot find Logical_Switch_Port with name=26d6a377-c47f-4320-9f39-d16b482d710f
2026-05-06 06:13:24.361 10 ERROR ovsdbapp.event 
2026-05-06 06:13:24.380 10 INFO neutron.wsgi [req-2aaa2f9e-a667-4255-a724-605b0798b582 req-f1f29ad6-ba0d-4cb8-99e8-869753891703 ca89b9242353463790d86e73147b14ab f7a7fcbf79c64ad8bdb5a244cd81c59a - - default default] 199.19.213.73 "DELETE /v2.0/ports/26d6a377-c47f-4320-9f39-d16b482d710f HTTP/1.1" status: 204 len: 173 time: 0.5052896
2026-05-06 06:13:24.388 10 INFO neutron.db.ovn_revision_numbers_db [None req-9ef64015-75b6-4b95-94d4-22b9d9336b00 c3ec27f09def4005ae0f95a4237e8586 10eec093c3ba433b8ebc72ca220d22e5 - - default default] Successfully bumped revision number for resource 12d36275-ac8d-4b21-8921-f2323bc3061a (type: ports) to 1
2026-05-06 06:13:24.411 10 INFO neutron.wsgi [None req-9ef64015-75b6-4b95-94d4-22b9d9336b00 c3ec27f09def4005ae0f95a4237e8586 10eec093c3ba433b8ebc72ca220d22e5 - - default default] 10.0.0.130 "POST /v2.0/networks HTTP/1.1" status: 201 len: 830 time: 0.8239696
2026-05-06 06:13:24.421 10 WARNING neutron_lib.context [None req-72f4b3a0-d16b-4a24-9baf-cacc5119d259 c3ec27f09def4005ae0f95a4237e8586 10eec093c3ba433b8ebc72ca220d22e5 - - default default] Method 'is_advsvc' is deprecated since 2023.2 release (neutron-lib 3.8.0) and will be removed once support for the old RBAC API policies will be removed from Neutron. Please use method 'is_service_role' instead.
2026-05-06 06:13:24.489 10 INFO neutron.wsgi [req-2aaa2f9e-a667-4255-a724-605b0798b582 req-1f34fb35-d553-48b7-9874-6eabbd9d037e a238ef8cbb32488283c894b7070d3528 20c20568c9f14e2cab3944b99efdf9c1 - - 37e4c56f4a5048cf8cf69f406f61be15 37e4c56f4a5048cf8cf69f406f61be15] 199.19.213.73 "GET /v2.0/ports?tenant_id=f7a7fcbf79c64ad8bdb5a244cd81c59a&device_id=f9b21828-198d-4653-a631-f37c0590698b HTTP/1.1" status: 200 len: 3922 time: 0.0535402
2026-05-06 06:13:24.582 9 INFO neutron.wsgi [None req-4e133198-07ae-4b13-aad6-825de8d59704 ca89b9242353463790d86e73147b14ab f7a7fcbf79c64ad8bdb5a244cd81c59a - - default default] 199.19.213.73 "GET /v2.0/ports?device_id=f9b21828-198d-4653-a631-f37c0590698b HTTP/1.1" status: 200 len: 3922 time: 0.0497572
2026-05-06 06:13:24.596 10 INFO neutron.wsgi [req-2aaa2f9e-a667-4255-a724-605b0798b582 req-aa9d70a8-72d3-42c3-a233-673384604352 a238ef8cbb32488283c894b7070d3528 20c20568c9f14e2cab3944b99efdf9c1 - - 37e4c56f4a5048cf8cf69f406f61be15 37e4c56f4a5048cf8cf69f406f61be15] 199.19.213.73 "GET /v2.0/networks?id=792a7ad5-6cd5-4c53-b1fd-0e57c8270d79&id=336701c1-ba98-40d1-9703-d72760456507&id=775e36c6-95f8-4a61-9c43-7ed7bf643b32&id=5dc1704e-2dec-4b27-a1b4-b478de90f976 HTTP/1.1" status: 200 len: 3309 time: 0.0963862
2026-05-06 06:13:24.625 9 INFO neutron.pecan_wsgi.hooks.translation [None req-bdde428f-5698-49e9-b52f-7302adaf88d3 ca89b9242353463790d86e73147b14ab f7a7fcbf79c64ad8bdb5a244cd81c59a - - default default] DELETE failed (client error): The resource could not be found.
2026-05-06 06:13:24.629 9 INFO neutron.wsgi [None req-bdde428f-5698-49e9-b52f-7302adaf88d3 ca89b9242353463790d86e73147b14ab f7a7fcbf79c64ad8bdb5a244cd81c59a - - default default] 199.19.213.73 "DELETE /v2.0/ports/26d6a377-c47f-4320-9f39-d16b482d710f HTTP/1.1" status: 404 len: 338 time: 0.0304687
2026-05-06 06:13:24.638 10 INFO neutron.wsgi [req-2aaa2f9e-a667-4255-a724-605b0798b582 req-0158a784-17f8-4687-919f-ec608a956bf5 a238ef8cbb32488283c894b7070d3528 20c20568c9f14e2cab3944b99efdf9c1 - - 37e4c56f4a5048cf8cf69f406f61be15 37e4c56f4a5048cf8cf69f406f61be15] 199.19.213.73 "GET /v2.0/floatingips?fixed_ip_address=172.24.3.165&port_id=afbaa48c-accd-4698-bfec-b495ac532717 HTTP/1.1" status: 200 len: 217 time: 0.0370514
2026-05-06 06:13:24.683 10 INFO neutron.wsgi [req-2aaa2f9e-a667-4255-a724-605b0798b582 req-1db717a1-cccc-4ace-9225-8819852bf7e2 a238ef8cbb32488283c894b7070d3528 20c20568c9f14e2cab3944b99efdf9c1 - - 37e4c56f4a5048cf8cf69f406f61be15 37e4c56f4a5048cf8cf69f406f61be15] 199.19.213.73 "GET /v2.0/subnets?id=013106a4-c08f-4722-9f51-d95087160c6b HTTP/1.1" status: 200 len: 829 time: 0.0393603
2026-05-06 06:13:24.716 10 INFO neutron.wsgi [req-2aaa2f9e-a667-4255-a724-605b0798b582 req-48f9a650-3a96-4ecc-b27e-9b7ed6da6684 a238ef8cbb32488283c894b7070d3528 20c20568c9f14e2cab3944b99efdf9c1 - - 37e4c56f4a5048cf8cf69f406f61be15 37e4c56f4a5048cf8cf69f406f61be15] 199.19.213.73 "GET /v2.0/ports?network_id=792a7ad5-6cd5-4c53-b1fd-0e57c8270d79&device_owner=network%3Adhcp HTTP/1.1" status: 200 len: 210 time: 0.0224426
2026-05-06 06:13:24.752 9 INFO neutron.wsgi [None req-92d6e2ae-6adf-4389-b48e-6dbaffb2ec03 ca89b9242353463790d86e73147b14ab f7a7fcbf79c64ad8bdb5a244cd81c59a - - default default] 199.19.213.73 "GET /v2.0/extensions/security-group HTTP/1.1" status: 200 len: 369 time: 0.0061336
2026-05-06 06:13:24.760 9 INFO neutron.wsgi [None req-776ae852-ef69-401b-bd39-d717b4dfabb9 ca89b9242353463790d86e73147b14ab f7a7fcbf79c64ad8bdb5a244cd81c59a - - default default] 199.19.213.73 "GET /v2.0/extensions/dns-integration HTTP/1.1" status: 200 len: 371 time: 0.0034630
2026-05-06 06:13:24.770 9 INFO neutron.wsgi [None req-b8c4a602-2d07-498b-8a4b-1ec7682550cb ca89b9242353463790d86e73147b14ab f7a7fcbf79c64ad8bdb5a244cd81c59a - - default default] 199.19.213.73 "GET /v2.0/extensions/qos HTTP/1.1" status: 200 len: 365 time: 0.0047622
2026-05-06 06:13:24.781 9 INFO neutron.wsgi [None req-b2a8153a-dfe0-48c1-a7b2-a3c76c67ee37 ca89b9242353463790d86e73147b14ab f7a7fcbf79c64ad8bdb5a244cd81c59a - - default default] 199.19.213.73 "GET /v2.0/extensions/allowed-address-pairs HTTP/1.1" status: 200 len: 383 time: 0.0071537
2026-05-06 06:13:24.794 10 WARNING neutron.scheduler.dhcp_agent_scheduler [None req-72f4b3a0-d16b-4a24-9baf-cacc5119d259 c3ec27f09def4005ae0f95a4237e8586 10eec093c3ba433b8ebc72ca220d22e5 - - default default] No more DHCP agents
2026-05-06 06:13:24.797 10 INFO neutron.wsgi [req-2aaa2f9e-a667-4255-a724-605b0798b582 req-eb3a2df3-e778-4391-8411-491c2bfa7c0d a238ef8cbb32488283c894b7070d3528 20c20568c9f14e2cab3944b99efdf9c1 - - 37e4c56f4a5048cf8cf69f406f61be15 37e4c56f4a5048cf8cf69f406f61be15] 199.19.213.73 "GET /v2.0/networks/792a7ad5-6cd5-4c53-b1fd-0e57c8270d79?fields=segments HTTP/1.1" status: 200 len: 212 time: 0.0748634
2026-05-06 06:13:24.798 10 WARNING neutron.api.rpc.agentnotifiers.dhcp_rpc_agent_api [None req-72f4b3a0-d16b-4a24-9baf-cacc5119d259 c3ec27f09def4005ae0f95a4237e8586 10eec093c3ba433b8ebc72ca220d22e5 - - default default] Unable to schedule network 838dad28-fc34-4cfd-9a63-d007d2e71706: no agents available; will retry on subsequent port and subnet creation events.
2026-05-06 06:13:24.817 9 INFO neutron.wsgi [None req-8faf26ae-c470-4463-a503-91dadac5703b ca89b9242353463790d86e73147b14ab f7a7fcbf79c64ad8bdb5a244cd81c59a - - default default] 199.19.213.73 "GET /v2.0/subnets/495053cb-aea8-4fb0-a87f-ce8adf97b86c HTTP/1.1" status: 200 len: 850 time: 0.0309019
2026-05-06 06:13:24.881 9 INFO neutron.wsgi [None req-26864f9d-e13d-44ff-9fdd-9cdf4d080589 ca89b9242353463790d86e73147b14ab f7a7fcbf79c64ad8bdb5a244cd81c59a - - default default] 199.19.213.73 "GET /v2.0/ports/8be1af60-d577-4600-807f-488e426cc4ea HTTP/1.1" status: 200 len: 1340 time: 0.0548363
2026-05-06 06:13:24.902 10 INFO neutron.wsgi [req-2aaa2f9e-a667-4255-a724-605b0798b582 req-6db2a6cd-eaf5-4e77-b806-81de59eca303 a238ef8cbb32488283c894b7070d3528 20c20568c9f14e2cab3944b99efdf9c1 - - 37e4c56f4a5048cf8cf69f406f61be15 37e4c56f4a5048cf8cf69f406f61be15] 199.19.213.73 "GET /v2.0/networks/792a7ad5-6cd5-4c53-b1fd-0e57c8270d79?fields=provider%3Aphysical_network&fields=provider%3Anetwork_type HTTP/1.1" status: 200 len: 277 time: 0.0718057
2026-05-06 06:13:24.929 9 INFO neutron.wsgi [None req-98dee6f5-8dec-4592-b02e-d6555cb382d2 ca89b9242353463790d86e73147b14ab f7a7fcbf79c64ad8bdb5a244cd81c59a - - default default] 199.19.213.73 "GET /v2.0/ports/84d293ec-89da-4ae7-b16e-9b499e7ab1c8 HTTP/1.1" status: 200 len: 1515 time: 0.0405579
2026-05-06 06:13:24.936 10 INFO neutron.wsgi [req-2aaa2f9e-a667-4255-a724-605b0798b582 req-f989cc56-b772-48af-bc49-b1038656ab49 a238ef8cbb32488283c894b7070d3528 20c20568c9f14e2cab3944b99efdf9c1 - - 37e4c56f4a5048cf8cf69f406f61be15 37e4c56f4a5048cf8cf69f406f61be15] 199.19.213.73 "GET /v2.0/floatingips?fixed_ip_address=10.1.1.21&port_id=84d293ec-89da-4ae7-b16e-9b499e7ab1c8 HTTP/1.1" status: 200 len: 217 time: 0.0278580
2026-05-06 06:13:24.977 9 INFO neutron.wsgi [None req-7b6147a6-a0aa-49ac-8076-890fe515bfe7 ca89b9242353463790d86e73147b14ab f7a7fcbf79c64ad8bdb5a244cd81c59a - - default default] 199.19.213.73 "GET /v2.0/subnets/495053cb-aea8-4fb0-a87f-ce8adf97b86c HTTP/1.1" status: 200 len: 850 time: 0.0401216
2026-05-06 06:13:25.000 10 INFO neutron.wsgi [req-2aaa2f9e-a667-4255-a724-605b0798b582 req-750931ea-b503-450e-a56d-b5376c544028 a238ef8cbb32488283c894b7070d3528 20c20568c9f14e2cab3944b99efdf9c1 - - 37e4c56f4a5048cf8cf69f406f61be15 37e4c56f4a5048cf8cf69f406f61be15] 199.19.213.73 "GET /v2.0/subnets?id=495053cb-aea8-4fb0-a87f-ce8adf97b86c HTTP/1.1" status: 200 len: 853 time: 0.0579169
2026-05-06 06:13:25.066 9 INFO neutron.wsgi [None req-96f9610d-c13f-453e-93a2-f6e3a245b01b ca89b9242353463790d86e73147b14ab f7a7fcbf79c64ad8bdb5a244cd81c59a - - default default] 199.19.213.73 "GET /v2.0/networks/336701c1-ba98-40d1-9703-d72760456507 HTTP/1.1" status: 200 len: 1001 time: 0.0801990
2026-05-06 06:13:25.118 9 INFO neutron.wsgi [None req-0c2d6335-0aeb-484f-9647-f6760a944437 ca89b9242353463790d86e73147b14ab f7a7fcbf79c64ad8bdb5a244cd81c59a - - default default] 199.19.213.73 "GET /v2.0/ports/8be1af60-d577-4600-807f-488e426cc4ea HTTP/1.1" status: 200 len: 1340 time: 0.0426719
2026-05-06 06:13:25.175 9 INFO neutron.wsgi [None req-ef6d2253-33e6-40e4-9ca5-96b453f772d9 ca89b9242353463790d86e73147b14ab f7a7fcbf79c64ad8bdb5a244cd81c59a - - default default] 199.19.213.73 "GET /v2.0/subnets/495053cb-aea8-4fb0-a87f-ce8adf97b86c HTTP/1.1" status: 200 len: 850 time: 0.0472922
2026-05-06 06:13:25.330 10 INFO neutron.wsgi [req-2aaa2f9e-a667-4255-a724-605b0798b582 req-84ba526e-ee71-4a59-bdee-fd3561e9a562 a238ef8cbb32488283c894b7070d3528 20c20568c9f14e2cab3944b99efdf9c1 - - 37e4c56f4a5048cf8cf69f406f61be15 37e4c56f4a5048cf8cf69f406f61be15] 199.19.213.73 "GET /v2.0/ports?network_id=336701c1-ba98-40d1-9703-d72760456507&device_owner=network%3Adhcp HTTP/1.1" status: 200 len: 210 time: 0.3220391
2026-05-06 06:13:25.410 10 INFO neutron.wsgi [req-2aaa2f9e-a667-4255-a724-605b0798b582 req-fc6d4e4b-e0bc-4f8b-8909-9f0a56b33bfe a238ef8cbb32488283c894b7070d3528 20c20568c9f14e2cab3944b99efdf9c1 - - 37e4c56f4a5048cf8cf69f406f61be15 37e4c56f4a5048cf8cf69f406f61be15] 199.19.213.73 "GET /v2.0/networks/336701c1-ba98-40d1-9703-d72760456507?fields=segments HTTP/1.1" status: 200 len: 212 time: 0.0716484
2026-05-06 06:13:25.491 10 INFO neutron.wsgi [req-2aaa2f9e-a667-4255-a724-605b0798b582 req-2404b5dd-00f4-4ef4-b4c7-6779f8950e35 a238ef8cbb32488283c894b7070d3528 20c20568c9f14e2cab3944b99efdf9c1 - - 37e4c56f4a5048cf8cf69f406f61be15 37e4c56f4a5048cf8cf69f406f61be15] 199.19.213.73 "GET /v2.0/networks/336701c1-ba98-40d1-9703-d72760456507?fields=provider%3Aphysical_network&fields=provider%3Anetwork_type HTTP/1.1" status: 200 len: 277 time: 0.0735602
2026-05-06 06:13:25.528 10 INFO neutron.wsgi [req-2aaa2f9e-a667-4255-a724-605b0798b582 req-bed5af65-a394-4413-b26b-5fa777276f5b a238ef8cbb32488283c894b7070d3528 20c20568c9f14e2cab3944b99efdf9c1 - - 37e4c56f4a5048cf8cf69f406f61be15 37e4c56f4a5048cf8cf69f406f61be15] 199.19.213.73 "GET /v2.0/floatingips?fixed_ip_address=10.2.1.141&port_id=3c6737ff-ffd8-4cd3-955e-5c7cd7a361cc HTTP/1.1" status: 200 len: 217 time: 0.0318768
2026-05-06 06:13:25.583 10 INFO neutron.wsgi [req-2aaa2f9e-a667-4255-a724-605b0798b582 req-f8463e6a-c899-447d-a15d-4a7ad2153c83 a238ef8cbb32488283c894b7070d3528 20c20568c9f14e2cab3944b99efdf9c1 - - 37e4c56f4a5048cf8cf69f406f61be15 37e4c56f4a5048cf8cf69f406f61be15] 199.19.213.73 "GET /v2.0/subnets?id=557e0f1a-d5ad-4666-9f3c-fb4ad2d0344a HTTP/1.1" status: 200 len: 852 time: 0.0436633
2026-05-06 06:13:25.632 10 INFO neutron.wsgi [req-2aaa2f9e-a667-4255-a724-605b0798b582 req-c005b66f-fa7e-4a2b-a82e-da2e3436c007 a238ef8cbb32488283c894b7070d3528 20c20568c9f14e2cab3944b99efdf9c1 - - 37e4c56f4a5048cf8cf69f406f61be15 37e4c56f4a5048cf8cf69f406f61be15] 199.19.213.73 "GET /v2.0/ports?network_id=775e36c6-95f8-4a61-9c43-7ed7bf643b32&device_owner=network%3Adhcp HTTP/1.1" status: 200 len: 210 time: 0.0337703
2026-05-06 06:13:25.713 10 INFO neutron.wsgi [req-2aaa2f9e-a667-4255-a724-605b0798b582 req-7ff6cc69-eca3-46b3-b49e-7554bda617b8 a238ef8cbb32488283c894b7070d3528 20c20568c9f14e2cab3944b99efdf9c1 - - 37e4c56f4a5048cf8cf69f406f61be15 37e4c56f4a5048cf8cf69f406f61be15] 199.19.213.73 "GET /v2.0/networks/775e36c6-95f8-4a61-9c43-7ed7bf643b32?fields=segments HTTP/1.1" status: 200 len: 212 time: 0.0732365
