2026-05-06 06:11:21.428 9 INFO neutron.wsgi [req-2b396268-52e2-4135-a88e-17d4b3964f9c req-ea86a13f-3202-4798-9860-9283b8f3a4ba a238ef8cbb32488283c894b7070d3528 20c20568c9f14e2cab3944b99efdf9c1 - - 37e4c56f4a5048cf8cf69f406f61be15 37e4c56f4a5048cf8cf69f406f61be15] 199.19.213.73 "GET /v2.0/networks?tenant_id=de3b305464634a249849f15e0c95a300&shared=False HTTP/1.1" status: 200 len: 959 time: 0.1202540
2026-05-06 06:11:21.428 10 INFO neutron.db.ovn_revision_numbers_db [None req-d6d5d9ec-cbb4-4096-81d0-38f0ac9f6cd7 ca89b9242353463790d86e73147b14ab f7a7fcbf79c64ad8bdb5a244cd81c59a - - default default] Successfully bumped revision number for resource 8a4d83a7-1c46-497a-ae10-78ea41c476ff (type: security_group_rules) to 0
2026-05-06 06:11:21.448 10 INFO neutron.db.ovn_revision_numbers_db [None req-d6d5d9ec-cbb4-4096-81d0-38f0ac9f6cd7 ca89b9242353463790d86e73147b14ab f7a7fcbf79c64ad8bdb5a244cd81c59a - - default default] Successfully bumped revision number for resource 8e33a774-ebc1-4f2e-a97a-995fad9706ff (type: security_group_rules) to 0
2026-05-06 06:11:21.460 10 INFO neutron.db.ovn_revision_numbers_db [None req-d6d5d9ec-cbb4-4096-81d0-38f0ac9f6cd7 ca89b9242353463790d86e73147b14ab f7a7fcbf79c64ad8bdb5a244cd81c59a - - default default] Successfully bumped revision number for resource 911f3344-7c3c-4e57-ba17-0a59a093d3c1 (type: security_group_rules) to 0
2026-05-06 06:11:21.484 10 INFO neutron.wsgi [None req-d6d5d9ec-cbb4-4096-81d0-38f0ac9f6cd7 ca89b9242353463790d86e73147b14ab f7a7fcbf79c64ad8bdb5a244cd81c59a - - default default] 10.0.0.130 "GET /v2.0/security-groups?tenant_id=b8fccea77b884db0b2bbc7ff72af2aeb&name=default HTTP/1.1" status: 200 len: 2996 time: 0.3561316
2026-05-06 06:11:21.534 9 INFO neutron.wsgi [req-2b396268-52e2-4135-a88e-17d4b3964f9c req-c97ae109-41c1-4603-a151-a75e9697a5ee a238ef8cbb32488283c894b7070d3528 20c20568c9f14e2cab3944b99efdf9c1 - - 37e4c56f4a5048cf8cf69f406f61be15 37e4c56f4a5048cf8cf69f406f61be15] 199.19.213.73 "GET /v2.0/networks?shared=True HTTP/1.1" status: 200 len: 952 time: 0.0959406
2026-05-06 06:11:21.610 9 INFO neutron.wsgi [req-cf305edc-8844-4e62-a791-9f7581d5219b req-e84af5d1-79b3-48c9-941a-c9884f1b4f0f a238ef8cbb32488283c894b7070d3528 20c20568c9f14e2cab3944b99efdf9c1 - - 37e4c56f4a5048cf8cf69f406f61be15 37e4c56f4a5048cf8cf69f406f61be15] 199.19.213.73 "GET /v2.0/ports?tenant_id=de3b305464634a249849f15e0c95a300&device_id=c819fd06-86d8-4234-a0dd-e40d2f595f8e HTTP/1.1" status: 200 len: 1407 time: 0.0466988
2026-05-06 06:11:21.643 9 INFO neutron.wsgi [req-cf305edc-8844-4e62-a791-9f7581d5219b req-01498b21-9d7e-439a-acec-7bc616036039 a238ef8cbb32488283c894b7070d3528 20c20568c9f14e2cab3944b99efdf9c1 - - 37e4c56f4a5048cf8cf69f406f61be15 37e4c56f4a5048cf8cf69f406f61be15] 199.19.213.73 "GET /v2.0/floatingips?fixed_ip_address=10.100.0.7&port_id=bf02b1ff-f3c1-46c6-b09c-04e0f360a947 HTTP/1.1" status: 200 len: 217 time: 0.0257621
2026-05-06 06:11:21.662 10 INFO neutron.wsgi [None req-d7d78e02-33e1-4928-ac96-9d84ef85b2cd ca89b9242353463790d86e73147b14ab f7a7fcbf79c64ad8bdb5a244cd81c59a - - default default] 10.0.0.130 "DELETE /v2.0/security-groups/343c1416-b1a3-45fd-82aa-756cef5022d8 HTTP/1.1" status: 204 len: 168 time: 0.1739752
2026-05-06 06:11:21.685 9 INFO neutron.wsgi [req-cf305edc-8844-4e62-a791-9f7581d5219b req-117eff83-ae64-4a73-a684-494299cd5a3e a238ef8cbb32488283c894b7070d3528 20c20568c9f14e2cab3944b99efdf9c1 - - 37e4c56f4a5048cf8cf69f406f61be15 37e4c56f4a5048cf8cf69f406f61be15] 199.19.213.73 "GET /v2.0/subnets?id=4b18d4b4-ffb8-474a-94c2-00aafbb24a42 HTTP/1.1" status: 200 len: 853 time: 0.0336754
2026-05-06 06:11:21.713 9 INFO neutron.wsgi [req-cf305edc-8844-4e62-a791-9f7581d5219b req-53e0cf1f-1c51-42ce-a64d-02b0b02a05bf a238ef8cbb32488283c894b7070d3528 20c20568c9f14e2cab3944b99efdf9c1 - - 37e4c56f4a5048cf8cf69f406f61be15 37e4c56f4a5048cf8cf69f406f61be15] 199.19.213.73 "GET /v2.0/ports?network_id=81b8995f-91c7-4f5b-824a-41da51138577&device_owner=network%3Adhcp HTTP/1.1" status: 200 len: 210 time: 0.0214608
2026-05-06 06:11:21.726 9 INFO neutron.wsgi [-] 10.0.0.69 "GET / HTTP/1.1" status: 200 len: 247 time: 0.0025985
2026-05-06 06:11:21.728 10 INFO neutron.wsgi [-] 10.0.0.69 "GET / HTTP/1.1" status: 200 len: 247 time: 0.0038557
2026-05-06 06:11:21.816 9 INFO neutron.wsgi [req-cf305edc-8844-4e62-a791-9f7581d5219b req-e8629387-1582-43f3-923d-a4d81d0a19be a238ef8cbb32488283c894b7070d3528 20c20568c9f14e2cab3944b99efdf9c1 - - 37e4c56f4a5048cf8cf69f406f61be15 37e4c56f4a5048cf8cf69f406f61be15] 199.19.213.73 "GET /v2.0/networks/81b8995f-91c7-4f5b-824a-41da51138577?fields=segments HTTP/1.1" status: 200 len: 212 time: 0.0952644
2026-05-06 06:11:21.890 9 INFO neutron.wsgi [req-cf305edc-8844-4e62-a791-9f7581d5219b req-0388125e-123c-43d4-ad10-230bc3642d02 a238ef8cbb32488283c894b7070d3528 20c20568c9f14e2cab3944b99efdf9c1 - - 37e4c56f4a5048cf8cf69f406f61be15 37e4c56f4a5048cf8cf69f406f61be15] 199.19.213.73 "GET /v2.0/networks/81b8995f-91c7-4f5b-824a-41da51138577?fields=provider%3Aphysical_network&fields=provider%3Anetwork_type HTTP/1.1" status: 200 len: 277 time: 0.0665634
2026-05-06 06:11:22.084 10 INFO neutron.plugins.ml2.drivers.ovn.mech_driver.mech_driver [None req-e3256b9d-3a67-40a3-a56b-ef7bdefb95c1 - - - - - -] OVN reports status up for port: bf02b1ff-f3c1-46c6-b09c-04e0f360a947
2026-05-06 06:11:22.100 10 INFO neutron.plugins.ml2.plugin [None req-e3256b9d-3a67-40a3-a56b-ef7bdefb95c1 - - - - - -] Attempt 1 to provision port bf02b1ff-f3c1-46c6-b09c-04e0f360a947
2026-05-06 06:11:22.264 10 INFO neutron.notifiers.nova [-] Nova event matching ['req-b7c112e7-3a2d-4c57-ad21-7405b5a583ce'] response: {'server_uuid': 'c819fd06-86d8-4234-a0dd-e40d2f595f8e', 'name': 'network-vif-plugged', 'status': 'completed', 'tag': 'bf02b1ff-f3c1-46c6-b09c-04e0f360a947', 'code': 200}
2026-05-06 06:11:22.347 10 INFO neutron.wsgi [req-8a3505a3-6170-4e1c-8a3b-84fedbe7d452 req-0c67ba65-81af-4e53-89a7-deb459452304 8a63e001665f4f5ebe95d4ec4e34e2d3 de3b305464634a249849f15e0c95a300 - - default default] 10.0.0.210 "GET /v2.0/ports?device_id=c819fd06-86d8-4234-a0dd-e40d2f595f8e HTTP/1.1" status: 200 len: 1170 time: 0.0471704
2026-05-06 06:11:22.404 10 INFO neutron.wsgi [req-8a3505a3-6170-4e1c-8a3b-84fedbe7d452 req-6887d321-4697-4b55-9f3f-d6d1040e0595 8a63e001665f4f5ebe95d4ec4e34e2d3 de3b305464634a249849f15e0c95a300 - - default default] 10.0.0.210 "GET /v2.0/security-groups?id=17a8c5ce-f692-4680-95c6-8d709c56aca4&fields=id&fields=name HTTP/1.1" status: 200 len: 311 time: 0.0500371
2026-05-06 06:11:22.495 10 INFO neutron.db.ovn_revision_numbers_db [None req-e3256b9d-3a67-40a3-a56b-ef7bdefb95c1 - - - - - -] Successfully bumped revision number for resource bf02b1ff-f3c1-46c6-b09c-04e0f360a947 (type: ports) to 4 /var/lib/openstack/lib/python3.10/site-packages/pycadf/identifier.py:71: UserWarning: Invalid uuid: neutron. To ensure interoperability, identifiers should be a valid uuid. warnings.warn(('Invalid uuid: %s. To ensure interoperability, '
2026-05-06 06:11:23.510 10 INFO neutron.wsgi [req-2cffc9f9-ce99-45eb-96e9-b5a82d9e6b59 req-8035eb76-ce7a-46d5-9280-27c89040ee28 8a63e001665f4f5ebe95d4ec4e34e2d3 de3b305464634a249849f15e0c95a300 - - default default] 10.0.0.210 "GET /v2.0/ports?device_id=c819fd06-86d8-4234-a0dd-e40d2f595f8e HTTP/1.1" status: 200 len: 1170 time: 0.0406566
2026-05-06 06:11:23.555 10 INFO neutron.wsgi [req-2cffc9f9-ce99-45eb-96e9-b5a82d9e6b59 req-120e2fb2-9939-4f8c-a82f-8eaec92ab19d 8a63e001665f4f5ebe95d4ec4e34e2d3 de3b305464634a249849f15e0c95a300 - - default default] 10.0.0.210 "GET /v2.0/security-groups?id=17a8c5ce-f692-4680-95c6-8d709c56aca4&fields=id&fields=name HTTP/1.1" status: 200 len: 311 time: 0.0373333
2026-05-06 06:11:23.719 10 INFO neutron.wsgi [req-0d5013e3-8369-4f30-b9f7-b32110ef476d req-a4851b83-8bfb-4821-8324-d3ff5482c3fa 8a63e001665f4f5ebe95d4ec4e34e2d3 de3b305464634a249849f15e0c95a300 - - default default] 10.0.0.210 "GET /v2.0/ports?device_id=c819fd06-86d8-4234-a0dd-e40d2f595f8e HTTP/1.1" status: 200 len: 1170 time: 0.0934851
2026-05-06 06:11:23.779 10 INFO neutron.wsgi [req-0d5013e3-8369-4f30-b9f7-b32110ef476d req-47bcc427-7e8b-4920-9585-9ca6ccba357e 8a63e001665f4f5ebe95d4ec4e34e2d3 de3b305464634a249849f15e0c95a300 - - default default] 10.0.0.210 "GET /v2.0/security-groups?id=17a8c5ce-f692-4680-95c6-8d709c56aca4&fields=id&fields=name HTTP/1.1" status: 200 len: 311 time: 0.0532632
2026-05-06 06:11:23.855 9 INFO neutron.wsgi [None req-671e5fcb-ac38-4765-b5eb-ffb2f4e80296 44a40c90109f48e6b848a52985f7f18f 8bbfbfc42c11497f8af067fd7169f2fa - - default default] 10.0.0.130 "GET /v2.0/ports?device_id=c819fd06-86d8-4234-a0dd-e40d2f595f8e HTTP/1.1" status: 200 len: 1404 time: 0.0473490
2026-05-06 06:11:23.865 10 WARNING neutron_lib.context [None req-5bd02d9b-4e64-4635-9d30-514280e0ae78 8a63e001665f4f5ebe95d4ec4e34e2d3 de3b305464634a249849f15e0c95a300 - - default default] Method 'is_advsvc' is deprecated since 2023.2 release (neutron-lib 3.8.0) and will be removed once support for the old RBAC API policies will be removed from Neutron. Please use method 'is_service_role' instead.
2026-05-06 06:11:24.154 10 WARNING neutron.scheduler.dhcp_agent_scheduler [None req-5bd02d9b-4e64-4635-9d30-514280e0ae78 8a63e001665f4f5ebe95d4ec4e34e2d3 de3b305464634a249849f15e0c95a300 - - default default] No more DHCP agents
2026-05-06 06:11:24.157 10 WARNING neutron.api.rpc.agentnotifiers.dhcp_rpc_agent_api [None req-5bd02d9b-4e64-4635-9d30-514280e0ae78 8a63e001665f4f5ebe95d4ec4e34e2d3 de3b305464634a249849f15e0c95a300 - - default default] Unable to schedule network 5b11ae42-edf5-4a66-80a7-95b6ab14d670: no agents available; will retry on subsequent port and subnet creation events.
2026-05-06 06:11:24.329 10 INFO neutron.notifiers.nova [-] Nova event matching ['req-8cfde56d-3b31-4e83-b325-12d7a743b337'] response: {'server_uuid': 'c819fd06-86d8-4234-a0dd-e40d2f595f8e', 'name': 'network-vif-plugged', 'status': 'completed', 'tag': 'bf02b1ff-f3c1-46c6-b09c-04e0f360a947', 'code': 200}
2026-05-06 06:11:24.630 10 INFO neutron.db.l3_db [None req-5bd02d9b-4e64-4635-9d30-514280e0ae78 8a63e001665f4f5ebe95d4ec4e34e2d3 de3b305464634a249849f15e0c95a300 - - default default] Floating IP e70df560-a8fe-4d70-861d-72c6fbd2b48b associated. External IP: 10.96.250.215, port: bf02b1ff-f3c1-46c6-b09c-04e0f360a947.
2026-05-06 06:11:25.153 10 INFO neutron.wsgi [None req-a67a1e9d-5e3a-4272-b735-f4f4e5bda5d8 98e494561e284fd7ae1834bc47633e9b e64e578d3f98459eba999c9131f86694 - - default default] 10.0.0.130 "GET /v2.0/subnets/495053cb-aea8-4fb0-a87f-ce8adf97b86c HTTP/1.1" status: 200 len: 845 time: 0.0454786
2026-05-06 06:11:25.175 10 INFO neutron.db.ovn_revision_numbers_db [None req-5bd02d9b-4e64-4635-9d30-514280e0ae78 8a63e001665f4f5ebe95d4ec4e34e2d3 de3b305464634a249849f15e0c95a300 - - default default] Successfully bumped revision number for resource e70df560-a8fe-4d70-861d-72c6fbd2b48b (type: floatingips) to 0
2026-05-06 06:11:25.319 10 INFO neutron.db.ovn_revision_numbers_db [None req-5bd02d9b-4e64-4635-9d30-514280e0ae78 8a63e001665f4f5ebe95d4ec4e34e2d3 de3b305464634a249849f15e0c95a300 - - default default] Successfully bumped revision number for resource e70df560-a8fe-4d70-861d-72c6fbd2b48b (type: floatingips) to 1
2026-05-06 06:11:25.364 10 INFO neutron.wsgi [None req-5bd02d9b-4e64-4635-9d30-514280e0ae78 8a63e001665f4f5ebe95d4ec4e34e2d3 de3b305464634a249849f15e0c95a300 - - default default] 10.0.0.130 "POST /v2.0/floatingips HTTP/1.1" status: 201 len: 1054 time: 1.5043042
2026-05-06 06:11:25.424 10 INFO neutron.wsgi [None req-7ab4c389-1751-44f8-ab47-8c52a0f5f041 8a63e001665f4f5ebe95d4ec4e34e2d3 de3b305464634a249849f15e0c95a300 - - default default] 10.0.0.130 "GET /v2.0/floatingips/e70df560-a8fe-4d70-861d-72c6fbd2b48b HTTP/1.1" status: 200 len: 1051 time: 0.0560803 /var/lib/openstack/lib/python3.10/site-packages/pycadf/identifier.py:71: UserWarning: Invalid uuid: neutron. To ensure interoperability, identifiers should be a valid uuid. warnings.warn(('Invalid uuid: %s. To ensure interoperability, '
2026-05-06 06:11:26.185 9 INFO neutron.wsgi [None req-02144541-748c-4578-81a5-0ce3a844dc9d ca89b9242353463790d86e73147b14ab f7a7fcbf79c64ad8bdb5a244cd81c59a - - default default] 10.0.0.18 "GET /v2.0/extensions/security-group HTTP/1.1" status: 200 len: 369 time: 0.1253710
2026-05-06 06:11:26.197 9 INFO neutron.wsgi [None req-6b9551d0-0b13-44a2-802f-b5dde9742e2b ca89b9242353463790d86e73147b14ab f7a7fcbf79c64ad8bdb5a244cd81c59a - - default default] 10.0.0.18 "GET /v2.0/extensions/dns-integration HTTP/1.1" status: 200 len: 371 time: 0.0068109
2026-05-06 06:11:26.207 9 INFO neutron.wsgi [None req-6087a458-2985-4a42-8782-8db9593811d1 ca89b9242353463790d86e73147b14ab f7a7fcbf79c64ad8bdb5a244cd81c59a - - default default] 10.0.0.18 "GET /v2.0/extensions/qos HTTP/1.1" status: 200 len: 365 time: 0.0049241
2026-05-06 06:11:26.220 9 INFO neutron.wsgi [None req-e8b05de0-2822-43a0-bbeb-faf83da4a6dc ca89b9242353463790d86e73147b14ab f7a7fcbf79c64ad8bdb5a244cd81c59a - - default default] 10.0.0.18 "GET /v2.0/extensions/allowed-address-pairs HTTP/1.1" status: 200 len: 383 time: 0.0079508
2026-05-06 06:11:26.238 10 WARNING neutron_lib.context [None req-0c6d128f-378e-43de-a99b-7802407ed23c 0e564cbd505a4f9cb386de38aec3ddb1 defa6195fdee4ca5959f0c320cd34c99 - - default default] Method 'is_advsvc' is deprecated since 2023.2 release (neutron-lib 3.8.0) and will be removed once support for the old RBAC API policies will be removed from Neutron. Please use method 'is_service_role' instead.
2026-05-06 06:11:26.372 10 INFO neutron.notifiers.nova [-] Nova event matching ['req-403da51c-d489-4fa9-8952-8966c2b14cd6'] response: {'name': 'network-changed', 'server_uuid': 'c819fd06-86d8-4234-a0dd-e40d2f595f8e', 'tag': 'bf02b1ff-f3c1-46c6-b09c-04e0f360a947', 'status': 'completed', 'code': 200}
2026-05-06 06:11:26.441 10 INFO neutron.db.ovn_revision_numbers_db [None req-0c6d128f-378e-43de-a99b-7802407ed23c 0e564cbd505a4f9cb386de38aec3ddb1 defa6195fdee4ca5959f0c320cd34c99 - - default default] Successfully bumped revision number for resource b0aabb5f-5a8b-4c46-b420-c12638d0588f (type: security_groups) to 1
2026-05-06 06:11:26.447 9 INFO neutron.wsgi [req-e2614500-0119-49ad-862d-d2d616d01770 req-1c67e6f6-b29e-43f3-8f7c-73e5e450786a a238ef8cbb32488283c894b7070d3528 20c20568c9f14e2cab3944b99efdf9c1 - - 37e4c56f4a5048cf8cf69f406f61be15 37e4c56f4a5048cf8cf69f406f61be15] 199.19.213.73 "GET /v2.0/ports?tenant_id=de3b305464634a249849f15e0c95a300&device_id=c819fd06-86d8-4234-a0dd-e40d2f595f8e HTTP/1.1" status: 200 len: 1409 time: 0.0483954
2026-05-06 06:11:26.458 10 INFO neutron.db.ovn_revision_numbers_db [None req-0c6d128f-378e-43de-a99b-7802407ed23c 0e564cbd505a4f9cb386de38aec3ddb1 defa6195fdee4ca5959f0c320cd34c99 - - default default] Successfully bumped revision number for resource 0f81c0bb-22f1-4f66-b6bf-c38413d51997 (type: security_group_rules) to 0
2026-05-06 06:11:26.471 10 INFO neutron.db.ovn_revision_numbers_db [None req-0c6d128f-378e-43de-a99b-7802407ed23c 0e564cbd505a4f9cb386de38aec3ddb1 defa6195fdee4ca5959f0c320cd34c99 - - default default] Successfully bumped revision number for resource 66849691-fe15-4fb0-ad4c-42d8f63a7c6a (type: security_group_rules) to 0
2026-05-06 06:11:26.487 10 INFO neutron.db.ovn_revision_numbers_db [None req-0c6d128f-378e-43de-a99b-7802407ed23c 0e564cbd505a4f9cb386de38aec3ddb1 defa6195fdee4ca5959f0c320cd34c99 - - default default] Successfully bumped revision number for resource df3c0b79-2ab3-4609-a275-11e894af5d9c (type: security_group_rules) to 0
2026-05-06 06:11:26.514 10 INFO neutron.db.ovn_revision_numbers_db [None req-0c6d128f-378e-43de-a99b-7802407ed23c 0e564cbd505a4f9cb386de38aec3ddb1 defa6195fdee4ca5959f0c320cd34c99 - - default default] Successfully bumped revision number for resource f44ae39c-6887-40ab-b95b-2dca8f547b86 (type: security_group_rules) to 0
2026-05-06 06:11:26.527 9 INFO neutron.wsgi [req-e2614500-0119-49ad-862d-d2d616d01770 req-4fcb02ba-e8fe-411b-9564-14accd336778 a238ef8cbb32488283c894b7070d3528 20c20568c9f14e2cab3944b99efdf9c1 - - 37e4c56f4a5048cf8cf69f406f61be15 37e4c56f4a5048cf8cf69f406f61be15] 199.19.213.73 "GET /v2.0/networks?id=81b8995f-91c7-4f5b-824a-41da51138577 HTTP/1.1" status: 200 len: 959 time: 0.0683706
2026-05-06 06:11:26.576 10 INFO neutron.db.segments_db [None req-0c6d128f-378e-43de-a99b-7802407ed23c 0e564cbd505a4f9cb386de38aec3ddb1 defa6195fdee4ca5959f0c320cd34c99 - - default default] Added segment 0c23f47e-cf26-438d-8a19-01d29e95d342 of type geneve for network 3b0fcf80-299a-434d-a05a-7a625b9e92f1
2026-05-06 06:11:26.600 9 INFO neutron.wsgi [req-e2614500-0119-49ad-862d-d2d616d01770 req-782fcd28-3487-46d7-9194-b2220d5d8c3f a238ef8cbb32488283c894b7070d3528 20c20568c9f14e2cab3944b99efdf9c1 - - 37e4c56f4a5048cf8cf69f406f61be15 37e4c56f4a5048cf8cf69f406f61be15] 199.19.213.73 "GET /v2.0/floatingips?fixed_ip_address=10.100.0.7&port_id=bf02b1ff-f3c1-46c6-b09c-04e0f360a947 HTTP/1.1" status: 200 len: 1059 time: 0.0671015
2026-05-06 06:11:26.639 9 INFO neutron.wsgi [req-e2614500-0119-49ad-862d-d2d616d01770 req-806dfa13-c728-4d4e-863a-5f959ca4a6b3 a238ef8cbb32488283c894b7070d3528 20c20568c9f14e2cab3944b99efdf9c1 - - 37e4c56f4a5048cf8cf69f406f61be15 37e4c56f4a5048cf8cf69f406f61be15] 199.19.213.73 "GET /v2.0/subnets?id=4b18d4b4-ffb8-474a-94c2-00aafbb24a42 HTTP/1.1" status: 200 len: 853 time: 0.0341396
2026-05-06 06:11:26.666 9 INFO neutron.wsgi [req-e2614500-0119-49ad-862d-d2d616d01770 req-c2b0f1d6-3e9e-4497-8201-af5ec6742a9d a238ef8cbb32488283c894b7070d3528 20c20568c9f14e2cab3944b99efdf9c1 - - 37e4c56f4a5048cf8cf69f406f61be15 37e4c56f4a5048cf8cf69f406f61be15] 199.19.213.73 "GET /v2.0/ports?network_id=81b8995f-91c7-4f5b-824a-41da51138577&device_owner=network%3Adhcp HTTP/1.1" status: 200 len: 210 time: 0.0211174
2026-05-06 06:11:26.758 10 INFO neutron.wsgi [req-beba7afd-d6d3-41c7-9144-d7b38bde1d32 req-9721b1bf-96cc-482a-8c6d-69bf5d970b7b a238ef8cbb32488283c894b7070d3528 20c20568c9f14e2cab3944b99efdf9c1 - - 37e4c56f4a5048cf8cf69f406f61be15 37e4c56f4a5048cf8cf69f406f61be15] 199.19.213.73 "GET /v2.0/ports?device_id=257e8b58-cf26-4f2f-965e-39eb5ede4b12&fields=binding%3Ahost_id&fields=binding%3Avif_type HTTP/1.1" status: 200 len: 265 time: 0.0953786
2026-05-06 06:11:26.765 9 INFO neutron.wsgi [-] 10.0.0.18 "GET / HTTP/1.1" status: 200 len: 284 time: 0.0013480
2026-05-06 06:11:26.771 9 INFO neutron.wsgi [req-e2614500-0119-49ad-862d-d2d616d01770 req-8e779d33-5c15-49bf-9e0b-c5e7c883922b a238ef8cbb32488283c894b7070d3528 20c20568c9f14e2cab3944b99efdf9c1 - - 37e4c56f4a5048cf8cf69f406f61be15 37e4c56f4a5048cf8cf69f406f61be15] 199.19.213.73 "GET /v2.0/networks/81b8995f-91c7-4f5b-824a-41da51138577?fields=segments HTTP/1.1" status: 200 len: 212 time: 0.0989327
2026-05-06 06:11:26.819 10 INFO neutron.db.ovn_revision_numbers_db [None req-0c6d128f-378e-43de-a99b-7802407ed23c 0e564cbd505a4f9cb386de38aec3ddb1 defa6195fdee4ca5959f0c320cd34c99 - - default default] Successfully bumped revision number for resource 3b0fcf80-299a-434d-a05a-7a625b9e92f1 (type: networks) to 1
2026-05-06 06:11:26.854 10 INFO neutron.wsgi [req-beba7afd-d6d3-41c7-9144-d7b38bde1d32 req-d662e50e-5c44-465a-91bd-b9e7ba6a36fc a238ef8cbb32488283c894b7070d3528 20c20568c9f14e2cab3944b99efdf9c1 - - 37e4c56f4a5048cf8cf69f406f61be15 37e4c56f4a5048cf8cf69f406f61be15] 199.19.213.73 "GET /v2.0/ports?tenant_id=e83447576dfd4831bea34b23967b8673&device_id=257e8b58-cf26-4f2f-965e-39eb5ede4b12 HTTP/1.1" status: 200 len: 1634 time: 0.0518935
2026-05-06 06:11:26.863 9 INFO neutron.wsgi [None req-e827273b-71eb-4d10-b4c5-981998f1a0dd 76102664cf5940278b23e935320a5bda e83447576dfd4831bea34b23967b8673 - - default default] 10.0.0.18 "GET /v2.0/subnets/495053cb-aea8-4fb0-a87f-ce8adf97b86c HTTP/1.1" status: 200 len: 832 time: 0.0796313
2026-05-06 06:11:26.884 9 INFO neutron.wsgi [None req-bacf7ee9-a126-411e-a8a6-60a45ac7f9bd ca89b9242353463790d86e73147b14ab f7a7fcbf79c64ad8bdb5a244cd81c59a - - default default] 10.0.0.18 "GET /v2.0/extensions/security-group HTTP/1.1" status: 200 len: 369 time: 0.0088754
2026-05-06 06:11:26.898 9 INFO neutron.wsgi [None req-2d60cdf7-2286-4c9e-905a-995f25b79506 ca89b9242353463790d86e73147b14ab f7a7fcbf79c64ad8bdb5a244cd81c59a - - default default] 10.0.0.18 "GET /v2.0/extensions/dns-integration HTTP/1.1" status: 200 len: 371 time: 0.0049579
2026-05-06 06:11:26.902 9 INFO neutron.wsgi [req-e2614500-0119-49ad-862d-d2d616d01770 req-cf62a4bf-3331-4842-a064-b606989c49a9 a238ef8cbb32488283c894b7070d3528 20c20568c9f14e2cab3944b99efdf9c1 - - 37e4c56f4a5048cf8cf69f406f61be15 37e4c56f4a5048cf8cf69f406f61be15] 199.19.213.73 "GET /v2.0/networks/81b8995f-91c7-4f5b-824a-41da51138577?fields=provider%3Aphysical_network&fields=provider%3Anetwork_type HTTP/1.1" status: 200 len: 277 time: 0.1233444
2026-05-06 06:11:26.911 9 INFO neutron.wsgi [None req-4dbd7b01-e5e4-4cd2-9632-69d15a05ab1a ca89b9242353463790d86e73147b14ab f7a7fcbf79c64ad8bdb5a244cd81c59a - - default default] 10.0.0.18 "GET /v2.0/extensions/qos HTTP/1.1" status: 200 len: 365 time: 0.0056424
2026-05-06 06:11:26.922 9 INFO neutron.wsgi [None req-714f4074-4433-42ff-b112-cafd137770ca ca89b9242353463790d86e73147b14ab f7a7fcbf79c64ad8bdb5a244cd81c59a - - default default] 10.0.0.18 "GET /v2.0/extensions/allowed-address-pairs HTTP/1.1" status: 200 len: 383 time: 0.0063627
2026-05-06 06:11:26.970 10 INFO neutron.wsgi [req-beba7afd-d6d3-41c7-9144-d7b38bde1d32 req-217370c7-3030-402d-9bdb-e704ce5765a9 a238ef8cbb32488283c894b7070d3528 20c20568c9f14e2cab3944b99efdf9c1 - - 37e4c56f4a5048cf8cf69f406f61be15 37e4c56f4a5048cf8cf69f406f61be15] 199.19.213.73 "GET /v2.0/networks?id=775e36c6-95f8-4a61-9c43-7ed7bf643b32 HTTP/1.1" status: 200 len: 1003 time: 0.0953474
2026-05-06 06:11:27.054 10 INFO neutron.wsgi [req-beba7afd-d6d3-41c7-9144-d7b38bde1d32 req-9e2e2a27-5a47-419a-bf0b-b684a3cfbe52 a238ef8cbb32488283c894b7070d3528 20c20568c9f14e2cab3944b99efdf9c1 - - 37e4c56f4a5048cf8cf69f406f61be15 37e4c56f4a5048cf8cf69f406f61be15] 199.19.213.73 "GET /v2.0/floatingips?fixed_ip_address=10.2.1.137&port_id=bbbad068-f922-4616-8b84-b9b47b59fbfe HTTP/1.1" status: 200 len: 1059 time: 0.0760057
2026-05-06 06:11:27.100 10 INFO neutron.wsgi [req-beba7afd-d6d3-41c7-9144-d7b38bde1d32 req-53f8822a-e014-4da7-8ad4-bdb31a67c81f a238ef8cbb32488283c894b7070d3528 20c20568c9f14e2cab3944b99efdf9c1 - - 37e4c56f4a5048cf8cf69f406f61be15 37e4c56f4a5048cf8cf69f406f61be15] 199.19.213.73 "GET /v2.0/floatingips?fixed_ip_address=fd7b%3Af9f7%3Afff%3A4eca%3A%3Aae&port_id=bbbad068-f922-4616-8b84-b9b47b59fbfe HTTP/1.1" status: 200 len: 217 time: 0.0338242
2026-05-06 06:11:27.161 10 WARNING neutron.scheduler.dhcp_agent_scheduler [None req-0c6d128f-378e-43de-a99b-7802407ed23c 0e564cbd505a4f9cb386de38aec3ddb1 defa6195fdee4ca5959f0c320cd34c99 - - default default] No more DHCP agents
2026-05-06 06:11:27.167 10 WARNING neutron.api.rpc.agentnotifiers.dhcp_rpc_agent_api [None req-0c6d128f-378e-43de-a99b-7802407ed23c 0e564cbd505a4f9cb386de38aec3ddb1 defa6195fdee4ca5959f0c320cd34c99 - - default default] Unable to schedule network 3b0fcf80-299a-434d-a05a-7a625b9e92f1: no agents available; will retry on subsequent port and subnet creation events.
2026-05-06 06:11:27.186 10 INFO neutron.wsgi [req-beba7afd-d6d3-41c7-9144-d7b38bde1d32 req-e1ac11a7-1929-41cb-a576-3d96321e1b97 a238ef8cbb32488283c894b7070d3528 20c20568c9f14e2cab3944b99efdf9c1 - - 37e4c56f4a5048cf8cf69f406f61be15 37e4c56f4a5048cf8cf69f406f61be15] 199.19.213.73 "GET /v2.0/subnets?id=0dd74b4f-1bcc-4212-adf8-eec27d73e11a&id=557e0f1a-d5ad-4666-9f3c-fb4ad2d0344a HTTP/1.1" status: 200 len: 1563 time: 0.0773561
2026-05-06 06:11:27.226 10 INFO neutron.wsgi [req-beba7afd-d6d3-41c7-9144-d7b38bde1d32 req-130f53e4-5b26-4d25-a501-3545869bce1f a238ef8cbb32488283c894b7070d3528 20c20568c9f14e2cab3944b99efdf9c1 - - 37e4c56f4a5048cf8cf69f406f61be15 37e4c56f4a5048cf8cf69f406f61be15] 199.19.213.73 "GET /v2.0/ports?network_id=775e36c6-95f8-4a61-9c43-7ed7bf643b32&device_owner=network%3Adhcp HTTP/1.1" status: 200 len: 210 time: 0.0349414
2026-05-06 06:11:27.264 10 INFO neutron.wsgi [req-beba7afd-d6d3-41c7-9144-d7b38bde1d32 req-a85eed08-d209-44b9-a760-ad573b467964 a238ef8cbb32488283c894b7070d3528 20c20568c9f14e2cab3944b99efdf9c1 - - 37e4c56f4a5048cf8cf69f406f61be15 37e4c56f4a5048cf8cf69f406f61be15] 199.19.213.73 "GET /v2.0/ports?network_id=775e36c6-95f8-4a61-9c43-7ed7bf643b32&device_owner=network%3Adhcp HTTP/1.1" status: 200 len: 210 time: 0.0300186
2026-05-06 06:11:27.335 10 INFO neutron.db.ovn_revision_numbers_db [None req-0c6d128f-378e-43de-a99b-7802407ed23c 0e564cbd505a4f9cb386de38aec3ddb1 defa6195fdee4ca5959f0c320cd34c99 - - default default] Successfully bumped revision number for resource 5e96b485-93ff-4e7e-b0af-b3ef7402e4b1 (type: ports) to 1
2026-05-06 06:11:27.360 10 INFO neutron.wsgi [req-beba7afd-d6d3-41c7-9144-d7b38bde1d32 req-7faa823a-8e72-4a23-9b97-72c2210ffa6a a238ef8cbb32488283c894b7070d3528 20c20568c9f14e2cab3944b99efdf9c1 - - 37e4c56f4a5048cf8cf69f406f61be15 37e4c56f4a5048cf8cf69f406f61be15] 199.19.213.73 "GET /v2.0/networks/775e36c6-95f8-4a61-9c43-7ed7bf643b32?fields=segments HTTP/1.1" status: 200 len: 212 time: 0.0868404
2026-05-06 06:11:27.369 10 INFO neutron.wsgi [None req-0c6d128f-378e-43de-a99b-7802407ed23c 0e564cbd505a4f9cb386de38aec3ddb1 defa6195fdee4ca5959f0c320cd34c99 - - default default] 10.0.0.130 "POST /v2.0/networks HTTP/1.1" status: 201 len: 830 time: 1.1823304
2026-05-06 06:11:27.383 9 WARNING neutron_lib.context [None req-7bc9bd4a-dbc4-482f-bd6a-297f1a25a62e 0e564cbd505a4f9cb386de38aec3ddb1 defa6195fdee4ca5959f0c320cd34c99 - - default default] Method 'is_advsvc' is deprecated since 2023.2 release (neutron-lib 3.8.0) and will be removed once support for the old RBAC API policies will be removed from Neutron. Please use method 'is_service_role' instead.
2026-05-06 06:11:27.396 9 INFO neutron.wsgi [None req-064cd5a5-d6ad-4488-9d64-70e5b9713627 ca89b9242353463790d86e73147b14ab f7a7fcbf79c64ad8bdb5a244cd81c59a - - default default] 10.0.0.18 "GET /v2.0/subnets/495053cb-aea8-4fb0-a87f-ce8adf97b86c HTTP/1.1" status: 200 len: 850 time: 0.4652543
2026-05-06 06:11:27.434 10 INFO neutron.wsgi [req-beba7afd-d6d3-41c7-9144-d7b38bde1d32 req-a84d5617-802a-49fa-94f5-9f0d2d4d9fd8 a238ef8cbb32488283c894b7070d3528 20c20568c9f14e2cab3944b99efdf9c1 - - 37e4c56f4a5048cf8cf69f406f61be15 37e4c56f4a5048cf8cf69f406f61be15] 199.19.213.73 "GET /v2.0/networks/775e36c6-95f8-4a61-9c43-7ed7bf643b32?fields=provider%3Aphysical_network&fields=provider%3Anetwork_type HTTP/1.1" status: 200 len: 277 time: 0.0699515
2026-05-06 06:11:27.478 9 INFO neutron.db.segments_db [None req-7bc9bd4a-dbc4-482f-bd6a-297f1a25a62e 0e564cbd505a4f9cb386de38aec3ddb1 defa6195fdee4ca5959f0c320cd34c99 - - default default] Added segment 7b388e89-e789-4c76-8843-678bc40325b8 of type geneve for network 82a32050-a985-4af4-9654-19de3ea45e73
2026-05-06 06:11:27.487 9 INFO neutron.wsgi [None req-33d74615-c366-4901-8559-cdf954c81caa ca89b9242353463790d86e73147b14ab f7a7fcbf79c64ad8bdb5a244cd81c59a - - default default] 10.0.0.18 "GET /v2.0/extensions/security-group HTTP/1.1" status: 200 len: 369 time: 0.0075808
2026-05-06 06:11:27.501 9 INFO neutron.wsgi [None req-8ba0e30d-90c0-44fa-8109-7ba120e98091 ca89b9242353463790d86e73147b14ab f7a7fcbf79c64ad8bdb5a244cd81c59a - - default default] 10.0.0.18 "GET /v2.0/extensions/dns-integration HTTP/1.1" status: 200 len: 371 time: 0.0057981
2026-05-06 06:11:27.512 9 INFO neutron.wsgi [None req-2a9bf155-d84b-4c9f-a337-931c451fb71a ca89b9242353463790d86e73147b14ab f7a7fcbf79c64ad8bdb5a244cd81c59a - - default default] 10.0.0.18 "GET /v2.0/extensions/qos HTTP/1.1" status: 200 len: 365 time: 0.0049307
2026-05-06 06:11:27.522 9 INFO neutron.wsgi [None req-7582b077-acf0-4ca1-ad27-0d5e4211cc36 ca89b9242353463790d86e73147b14ab f7a7fcbf79c64ad8bdb5a244cd81c59a - - default default] 10.0.0.18 "GET /v2.0/extensions/allowed-address-pairs HTTP/1.1" status: 200 len: 383 time: 0.0045600
2026-05-06 06:11:27.652 9 INFO neutron.wsgi [None req-dd5db469-a49c-4475-a69f-6ea75086acc6 ca89b9242353463790d86e73147b14ab f7a7fcbf79c64ad8bdb5a244cd81c59a - - default default] 10.0.0.18 "GET /v2.0/networks/336701c1-ba98-40d1-9703-d72760456507 HTTP/1.1" status: 200 len: 1001 time: 0.1217535
2026-05-06 06:11:27.670 9 INFO neutron.wsgi [None req-e03a10a4-0b24-4f70-9849-0eda3501ec4f ca89b9242353463790d86e73147b14ab f7a7fcbf79c64ad8bdb5a244cd81c59a - - default default] 10.0.0.18 "GET /v2.0/extensions/project-id HTTP/1.1" status: 200 len: 403 time: 0.0078790
2026-05-06 06:11:27.708 9 INFO neutron.db.ovn_revision_numbers_db [None req-7bc9bd4a-dbc4-482f-bd6a-297f1a25a62e 0e564cbd505a4f9cb386de38aec3ddb1 defa6195fdee4ca5959f0c320cd34c99 - - default default] Successfully bumped revision number for resource 82a32050-a985-4af4-9654-19de3ea45e73 (type: networks) to 1
2026-05-06 06:11:27.946 9 WARNING neutron.scheduler.dhcp_agent_scheduler [None req-7bc9bd4a-dbc4-482f-bd6a-297f1a25a62e 0e564cbd505a4f9cb386de38aec3ddb1 defa6195fdee4ca5959f0c320cd34c99 - - default default] No more DHCP agents
2026-05-06 06:11:27.953 9 WARNING neutron.api.rpc.agentnotifiers.dhcp_rpc_agent_api [None req-7bc9bd4a-dbc4-482f-bd6a-297f1a25a62e 0e564cbd505a4f9cb386de38aec3ddb1 defa6195fdee4ca5959f0c320cd34c99 - - default default] Unable to schedule network 82a32050-a985-4af4-9654-19de3ea45e73: no agents available; will retry on subsequent port and subnet creation events.
2026-05-06 06:11:28.099 9 INFO neutron.db.ovn_revision_numbers_db [None req-7bc9bd4a-dbc4-482f-bd6a-297f1a25a62e 0e564cbd505a4f9cb386de38aec3ddb1 defa6195fdee4ca5959f0c320cd34c99 - - default default] Successfully bumped revision number for resource 2179b75c-9ca5-4b89-a5d9-fb13eea84ecc (type: ports) to 1
2026-05-06 06:11:28.129 9 INFO neutron.wsgi [None req-7bc9bd4a-dbc4-482f-bd6a-297f1a25a62e 0e564cbd505a4f9cb386de38aec3ddb1 defa6195fdee4ca5959f0c320cd34c99 - - default default] 10.0.0.130 "POST /v2.0/networks HTTP/1.1" status: 201 len: 831 time: 0.7538545 /var/lib/openstack/lib/python3.10/site-packages/pycadf/identifier.py:71: UserWarning: Invalid uuid: neutron. To ensure interoperability, identifiers should be a valid uuid. warnings.warn(('Invalid uuid: %s. To ensure interoperability, '
2026-05-06 06:11:28.148 9 WARNING neutron_lib.context [None req-07299624-41e1-4ed6-8523-e13fae50be14 0e564cbd505a4f9cb386de38aec3ddb1 defa6195fdee4ca5959f0c320cd34c99 - - default default] Method 'is_advsvc' is deprecated since 2023.2 release (neutron-lib 3.8.0) and will be removed once support for the old RBAC API policies will be removed from Neutron. Please use method 'is_service_role' instead.
2026-05-06 06:11:28.161 9 WARNING neutron.scheduler.dhcp_agent_scheduler [None req-9345e11c-4022-4133-9513-011c093345fe ca89b9242353463790d86e73147b14ab f7a7fcbf79c64ad8bdb5a244cd81c59a - - default default] No more DHCP agents
2026-05-06 06:11:28.165 9 WARNING neutron.api.rpc.agentnotifiers.dhcp_rpc_agent_api [None req-9345e11c-4022-4133-9513-011c093345fe ca89b9242353463790d86e73147b14ab f7a7fcbf79c64ad8bdb5a244cd81c59a - - default default] Unable to schedule network 336701c1-ba98-40d1-9703-d72760456507: no agents available; will retry on subsequent port and subnet creation events.
2026-05-06 06:11:28.217 10 INFO neutron.wsgi [None req-8491a69a-15c7-4772-8bc9-eb7b541f04b4 ca89b9242353463790d86e73147b14ab f7a7fcbf79c64ad8bdb5a244cd81c59a - - default default] 10.0.0.35 "GET /v2.0/security-groups HTTP/1.1" status: 200 len: 38161 time: 0.1167276
2026-05-06 06:11:28.254 9 INFO neutron.db.segments_db [None req-07299624-41e1-4ed6-8523-e13fae50be14 0e564cbd505a4f9cb386de38aec3ddb1 defa6195fdee4ca5959f0c320cd34c99 - - default default] Added segment 17ca4cd9-697f-49f6-8333-c7c2bc87076e of type geneve for network 5f1e5f49-bf41-4c52-9a4c-be268703741d
2026-05-06 06:11:28.320 10 INFO neutron.wsgi [None req-a2847bb7-4f42-494c-a37e-ddd972f8ce8b ca89b9242353463790d86e73147b14ab f7a7fcbf79c64ad8bdb5a244cd81c59a - - default default] 10.0.0.35 "GET /v2.0/routers HTTP/1.1" status: 200 len: 1522 time: 0.0882208
2026-05-06 06:11:28.337 10 INFO neutron.wsgi [None req-cbae10e6-08eb-4be8-86a2-3254ca774504 ca89b9242353463790d86e73147b14ab f7a7fcbf79c64ad8bdb5a244cd81c59a - - default default] 10.0.0.35 "GET /v2.0/agents?binary=ovn-controller HTTP/1.1" status: 200 len: 591 time: 0.0162761
2026-05-06 06:11:28.363 10 INFO neutron.wsgi [None req-8aa2a62c-1928-4113-a583-73594b1b0190 ca89b9242353463790d86e73147b14ab f7a7fcbf79c64ad8bdb5a244cd81c59a - - default default] 10.0.0.35 "GET /v2.0/network-ip-availabilities HTTP/1.1" status: 200 len: 4345 time: 0.0236084
2026-05-06 06:11:28.412 9 INFO neutron.db.ovn_revision_numbers_db [None req-9345e11c-4022-4133-9513-011c093345fe ca89b9242353463790d86e73147b14ab f7a7fcbf79c64ad8bdb5a244cd81c59a - - default default] Successfully bumped revision number for resource 8be1af60-d577-4600-807f-488e426cc4ea (type: ports) to 1
2026-05-06 06:11:28.436 10 INFO neutron.wsgi [None req-5f1d42de-af1d-4599-9f04-17d3fbeed9c0 ca89b9242353463790d86e73147b14ab f7a7fcbf79c64ad8bdb5a244cd81c59a - - default default] 10.0.0.35 "GET /v2.0/floatingips HTTP/1.1" status: 200 len: 2721 time: 0.0713663
2026-05-06 06:11:28.453 9 INFO neutron.wsgi [None req-9345e11c-4022-4133-9513-011c093345fe ca89b9242353463790d86e73147b14ab f7a7fcbf79c64ad8bdb5a244cd81c59a - - default default] 10.0.0.18 "POST /v2.0/ports HTTP/1.1" status: 201 len: 1337 time: 0.7661357
2026-05-06 06:11:28.459 9 INFO neutron.db.ovn_revision_numbers_db [None req-07299624-41e1-4ed6-8523-e13fae50be14 0e564cbd505a4f9cb386de38aec3ddb1 defa6195fdee4ca5959f0c320cd34c99 - - default default] Successfully bumped revision number for resource 5f1e5f49-bf41-4c52-9a4c-be268703741d (type: networks) to 1
2026-05-06 06:11:28.483 10 INFO neutron.wsgi [None req-f13d8ad4-aefd-4c57-b0d4-946daf91ac43 ca89b9242353463790d86e73147b14ab f7a7fcbf79c64ad8bdb5a244cd81c59a - - default default] 10.0.0.35 "GET /v2.0/subnets HTTP/1.1" status: 200 len: 6136 time: 0.0450106
2026-05-06 06:11:28.540 10 INFO neutron.wsgi [None req-d37b1dbf-228b-4ecf-a1d9-bf15f698925e ca89b9242353463790d86e73147b14ab f7a7fcbf79c64ad8bdb5a244cd81c59a - - default default] 10.0.0.35 "GET /v2.0/subnets HTTP/1.1" status: 200 len: 6136 time: 0.0542002
2026-05-06 06:11:28.552 10 INFO neutron.wsgi [None req-eabdd0ce-55b3-4e0a-8692-5ff70d202fea ca89b9242353463790d86e73147b14ab f7a7fcbf79c64ad8bdb5a244cd81c59a - - default default] 10.0.0.35 "GET /v2.0/subnetpools HTTP/1.1" status: 200 len: 193 time: 0.0092497
2026-05-06 06:11:28.562 10 INFO neutron.wsgi [None req-97a29bd9-ab59-4756-9234-b3fd57c2388c ca89b9242353463790d86e73147b14ab f7a7fcbf79c64ad8bdb5a244cd81c59a - - default default] 10.0.0.35 "GET /v2.0/agents HTTP/1.1" status: 200 len: 997 time: 0.0097139
2026-05-06 06:11:28.652 10 INFO neutron.wsgi [None req-d0df574c-9498-4ebe-8ee6-ff14746fdd21 ca89b9242353463790d86e73147b14ab f7a7fcbf79c64ad8bdb5a244cd81c59a - - default default] 10.0.0.35 "GET /v2.0/networks HTTP/1.1" status: 200 len: 7585 time: 0.0885623
2026-05-06 06:11:28.658 9 WARNING neutron.scheduler.dhcp_agent_scheduler [None req-07299624-41e1-4ed6-8523-e13fae50be14 0e564cbd505a4f9cb386de38aec3ddb1 defa6195fdee4ca5959f0c320cd34c99 - - default default] No more DHCP agents
2026-05-06 06:11:28.662 9 WARNING neutron.api.rpc.agentnotifiers.dhcp_rpc_agent_api [None req-07299624-41e1-4ed6-8523-e13fae50be14 0e564cbd505a4f9cb386de38aec3ddb1 defa6195fdee4ca5959f0c320cd34c99 - - default default] Unable to schedule network 5f1e5f49-bf41-4c52-9a4c-be268703741d: no agents available; will retry on subsequent port and subnet creation events.
2026-05-06 06:11:28.768 9 INFO neutron.db.ovn_revision_numbers_db [None req-07299624-41e1-4ed6-8523-e13fae50be14 0e564cbd505a4f9cb386de38aec3ddb1 defa6195fdee4ca5959f0c320cd34c99 - - default default] Successfully bumped revision number for resource 45acca29-9e04-45f0-b669-7eeede036931 (type: ports) to 1
2026-05-06 06:11:28.806 9 INFO neutron.wsgi [None req-07299624-41e1-4ed6-8523-e13fae50be14 0e564cbd505a4f9cb386de38aec3ddb1 defa6195fdee4ca5959f0c320cd34c99 - - default default] 10.0.0.130 "POST /v2.0/networks HTTP/1.1" status: 201 len: 830 time: 0.6693335
2026-05-06 06:11:28.810 10 INFO neutron.wsgi [None req-8398b831-f090-4268-b1b8-dc7b706d2c86 ca89b9242353463790d86e73147b14ab f7a7fcbf79c64ad8bdb5a244cd81c59a - - default default] 10.0.0.35 "GET /v2.0/ports HTTP/1.1" status: 200 len: 26744 time: 0.1516623 /var/lib/openstack/lib/python3.10/site-packages/pycadf/identifier.py:71: UserWarning: Invalid uuid: neutron. To ensure interoperability, identifiers should be a valid uuid. warnings.warn(('Invalid uuid: %s. To ensure interoperability, '
2026-05-06 06:11:28.818 9 WARNING neutron_lib.context [None req-737995fe-5b75-4117-896a-523d8c30a253 0e564cbd505a4f9cb386de38aec3ddb1 defa6195fdee4ca5959f0c320cd34c99 - - default default] Method 'is_advsvc' is deprecated since 2023.2 release (neutron-lib 3.8.0) and will be removed once support for the old RBAC API policies will be removed from Neutron. Please use method 'is_service_role' instead.
2026-05-06 06:11:28.904 9 INFO neutron.db.segments_db [None req-737995fe-5b75-4117-896a-523d8c30a253 0e564cbd505a4f9cb386de38aec3ddb1 defa6195fdee4ca5959f0c320cd34c99 - - default default] Added segment ac547305-d98b-4260-ac5f-829f48472c8d of type geneve for network 02b287c8-2789-49eb-a796-3c1d7674362c
2026-05-06 06:11:29.078 9 INFO neutron.db.ovn_revision_numbers_db [None req-737995fe-5b75-4117-896a-523d8c30a253 0e564cbd505a4f9cb386de38aec3ddb1 defa6195fdee4ca5959f0c320cd34c99 - - default default] Successfully bumped revision number for resource 02b287c8-2789-49eb-a796-3c1d7674362c (type: networks) to 1
2026-05-06 06:11:29.264 9 WARNING neutron.scheduler.dhcp_agent_scheduler [None req-737995fe-5b75-4117-896a-523d8c30a253 0e564cbd505a4f9cb386de38aec3ddb1 defa6195fdee4ca5959f0c320cd34c99 - - default default] No more DHCP agents
2026-05-06 06:11:29.267 9 WARNING neutron.api.rpc.agentnotifiers.dhcp_rpc_agent_api [None req-737995fe-5b75-4117-896a-523d8c30a253 0e564cbd505a4f9cb386de38aec3ddb1 defa6195fdee4ca5959f0c320cd34c99 - - default default] Unable to schedule network 02b287c8-2789-49eb-a796-3c1d7674362c: no agents available; will retry on subsequent port and subnet creation events.
2026-05-06 06:11:29.359 9 INFO neutron.db.ovn_revision_numbers_db [None req-737995fe-5b75-4117-896a-523d8c30a253 0e564cbd505a4f9cb386de38aec3ddb1 defa6195fdee4ca5959f0c320cd34c99 - - default default] Successfully bumped revision number for resource 45bc7c4f-cc52-4d87-9321-58d9afb088a2 (type: ports) to 1
2026-05-06 06:11:29.383 9 INFO neutron.wsgi [None req-737995fe-5b75-4117-896a-523d8c30a253 0e564cbd505a4f9cb386de38aec3ddb1 defa6195fdee4ca5959f0c320cd34c99 - - default default] 10.0.0.130 "POST /v2.0/networks HTTP/1.1" status: 201 len: 831 time: 0.5717082
2026-05-06 06:11:29.395 9 WARNING neutron_lib.context [None req-932faf9d-bcf8-4c4d-a27c-d0e7d76e2b6e 0e564cbd505a4f9cb386de38aec3ddb1 defa6195fdee4ca5959f0c320cd34c99 - - default default] Method 'is_advsvc' is deprecated since 2023.2 release (neutron-lib 3.8.0) and will be removed once support for the old RBAC API policies will be removed from Neutron. Please use method 'is_service_role' instead.
2026-05-06 06:11:29.480 9 INFO neutron.db.segments_db [None req-932faf9d-bcf8-4c4d-a27c-d0e7d76e2b6e 0e564cbd505a4f9cb386de38aec3ddb1 defa6195fdee4ca5959f0c320cd34c99 - - default default] Added segment 11c32593-1ba6-40e3-8950-f0871c61f1b0 of type geneve for network 3a80ca08-63e2-480b-b46e-b3742487d073
2026-05-06 06:11:29.639 9 INFO neutron.db.ovn_revision_numbers_db [None req-932faf9d-bcf8-4c4d-a27c-d0e7d76e2b6e 0e564cbd505a4f9cb386de38aec3ddb1 defa6195fdee4ca5959f0c320cd34c99 - - default default] Successfully bumped revision number for resource 3a80ca08-63e2-480b-b46e-b3742487d073 (type: networks) to 1
2026-05-06 06:11:29.871 9 WARNING neutron.scheduler.dhcp_agent_scheduler [None req-932faf9d-bcf8-4c4d-a27c-d0e7d76e2b6e 0e564cbd505a4f9cb386de38aec3ddb1 defa6195fdee4ca5959f0c320cd34c99 - - default default] No more DHCP agents
2026-05-06 06:11:29.874 9 WARNING neutron.api.rpc.agentnotifiers.dhcp_rpc_agent_api [None req-932faf9d-bcf8-4c4d-a27c-d0e7d76e2b6e 0e564cbd505a4f9cb386de38aec3ddb1 defa6195fdee4ca5959f0c320cd34c99 - - default default] Unable to schedule network 3a80ca08-63e2-480b-b46e-b3742487d073: no agents available; will retry on subsequent port and subnet creation events.
2026-05-06 06:11:29.993 9 INFO neutron.db.ovn_revision_numbers_db [None req-932faf9d-bcf8-4c4d-a27c-d0e7d76e2b6e 0e564cbd505a4f9cb386de38aec3ddb1 defa6195fdee4ca5959f0c320cd34c99 - - default default] Successfully bumped revision number for resource b910fe53-cec4-45d2-90cd-347f37663d6f (type: ports) to 1
2026-05-06 06:11:30.015 9 INFO neutron.wsgi [None req-932faf9d-bcf8-4c4d-a27c-d0e7d76e2b6e 0e564cbd505a4f9cb386de38aec3ddb1 defa6195fdee4ca5959f0c320cd34c99 - - default default] 10.0.0.130 "POST /v2.0/networks HTTP/1.1" status: 201 len: 831 time: 0.6259115
2026-05-06 06:11:30.080 9 INFO neutron.wsgi [None req-42e6557e-6b04-4dbf-ac75-9d39b3ed5492 0e564cbd505a4f9cb386de38aec3ddb1 defa6195fdee4ca5959f0c320cd34c99 - - default default] 10.0.0.130 "PUT /v2.0/networks/3b0fcf80-299a-434d-a05a-7a625b9e92f1/tags HTTP/1.1" status: 200 len: 210 time: 0.0546021
2026-05-06 06:11:30.142 9 INFO neutron.wsgi [None req-23dac2ab-5561-40d5-a896-d7004227df99 0e564cbd505a4f9cb386de38aec3ddb1 defa6195fdee4ca5959f0c320cd34c99 - - default default] 10.0.0.130 "PUT /v2.0/networks/82a32050-a985-4af4-9654-19de3ea45e73/tags HTTP/1.1" status: 200 len: 218 time: 0.0546649
2026-05-06 06:11:30.223 9 INFO neutron.wsgi [None req-2e63a58f-5f1c-42d9-b258-f16ee414cbf5 0e564cbd505a4f9cb386de38aec3ddb1 defa6195fdee4ca5959f0c320cd34c99 - - default default] 10.0.0.130 "PUT /v2.0/networks/5f1e5f49-bf41-4c52-9a4c-be268703741d/tags HTTP/1.1" status: 200 len: 227 time: 0.0751040
2026-05-06 06:11:30.288 9 INFO neutron.wsgi [None req-e99215fb-f3a6-4dd3-a130-2cae4e07eb0f 0e564cbd505a4f9cb386de38aec3ddb1 defa6195fdee4ca5959f0c320cd34c99 - - default default] 10.0.0.130 "PUT /v2.0/networks/02b287c8-2789-49eb-a796-3c1d7674362c/tags HTTP/1.1" status: 200 len: 212 time: 0.0598888
2026-05-06 06:11:30.387 9 INFO neutron.wsgi [None req-09eceb0e-bd2e-44fc-8922-589ac2960021 0e564cbd505a4f9cb386de38aec3ddb1 defa6195fdee4ca5959f0c320cd34c99 - - default default] 10.0.0.130 "GET /v2.0/networks?tags=red HTTP/1.1" status: 200 len: 2068 time: 0.0915542
2026-05-06 06:11:30.527 9 INFO neutron.wsgi [None req-bc7cb32a-2f47-42e2-b9ed-3731f27c6a70 0e564cbd505a4f9cb386de38aec3ddb1 defa6195fdee4ca5959f0c320cd34c99 - - default default] 10.0.0.130 "GET /v2.0/networks?tags=red%2Cblue HTTP/1.1" status: 200 len: 1456 time: 0.1341193
2026-05-06 06:11:30.617 9 INFO neutron.wsgi [None req-e142cc11-19d4-4fe9-9eba-28e0e48bb390 0e564cbd505a4f9cb386de38aec3ddb1 defa6195fdee4ca5959f0c320cd34c99 - - default default] 10.0.0.130 "GET /v2.0/networks?tags-any=blue HTTP/1.1" status: 200 len: 1456 time: 0.0831089
2026-05-06 06:11:30.703 9 INFO neutron.wsgi [None req-4fc2d4c5-b274-4114-8003-ccbc4601d8e0 0e564cbd505a4f9cb386de38aec3ddb1 defa6195fdee4ca5959f0c320cd34c99 - - default default] 10.0.0.130 "GET /v2.0/networks?tags-any=red%2Cblue HTTP/1.1" status: 200 len: 2068 time: 0.0800087
2026-05-06 06:11:30.849 10 INFO neutron.wsgi [None req-0e405c3d-87be-4716-8eba-d6a643abb544 0e564cbd505a4f9cb386de38aec3ddb1 defa6195fdee4ca5959f0c320cd34c99 - - default default] 10.0.0.130 "GET /v2.0/networks?not-tags=red HTTP/1.1" status: 200 len: 2069 time: 0.1394873
2026-05-06 06:11:30.899 9 INFO neutron.wsgi [None req-b1f5630e-e69e-438e-9b6c-6870134e66a6 ca89b9242353463790d86e73147b14ab f7a7fcbf79c64ad8bdb5a244cd81c59a - - default default] 199.19.213.73 "GET /v2.0/extensions/security-group HTTP/1.1" status: 200 len: 369 time: 0.0514607
2026-05-06 06:11:30.915 9 INFO neutron.wsgi [None req-02875064-1d49-43f9-99c7-23e870248ea3 ca89b9242353463790d86e73147b14ab f7a7fcbf79c64ad8bdb5a244cd81c59a - - default default] 199.19.213.73 "GET /v2.0/extensions/dns-integration HTTP/1.1" status: 200 len: 371 time: 0.0054259
2026-05-06 06:11:30.927 9 INFO neutron.wsgi [None req-ff1dd675-ad6c-4acc-a3ec-6cd49c76cbf1 ca89b9242353463790d86e73147b14ab f7a7fcbf79c64ad8bdb5a244cd81c59a - - default default] 199.19.213.73 "GET /v2.0/extensions/qos HTTP/1.1" status: 200 len: 365 time: 0.0039756
2026-05-06 06:11:30.949 9 INFO neutron.wsgi [None req-46bc446f-00c5-44a5-b5c7-e7a44c654403 ca89b9242353463790d86e73147b14ab f7a7fcbf79c64ad8bdb5a244cd81c59a - - default default] 199.19.213.73 "GET /v2.0/extensions/allowed-address-pairs HTTP/1.1" status: 200 len: 383 time: 0.0103834
2026-05-06 06:11:31.005 9 INFO neutron.wsgi [None req-65824edf-2e30-4f43-a82c-cdd6caf5d0ed ca89b9242353463790d86e73147b14ab f7a7fcbf79c64ad8bdb5a244cd81c59a - - default default] 199.19.213.73 "GET /v2.0/ports/8be1af60-d577-4600-807f-488e426cc4ea HTTP/1.1" status: 200 len: 1332 time: 0.0465896
2026-05-06 06:11:31.018 9 INFO neutron.wsgi [None req-bd43b583-dc54-4102-91ee-6b9beb912cdd 0e564cbd505a4f9cb386de38aec3ddb1 defa6195fdee4ca5959f0c320cd34c99 - - default default] 10.0.0.130 "GET /v2.0/networks?not-tags=red%2Cblue HTTP/1.1" status: 200 len: 2681 time: 0.1614313
2026-05-06 06:11:31.136 9 INFO neutron.wsgi [None req-39b87488-14f8-4ec4-b12d-2446e27f0d35 0e564cbd505a4f9cb386de38aec3ddb1 defa6195fdee4ca5959f0c320cd34c99 - - default default] 10.0.0.130 "GET /v2.0/networks?not-tags-any=blue HTTP/1.1" status: 200 len: 2681 time: 0.1135197
2026-05-06 06:11:31.237 9 INFO neutron.wsgi [None req-a5a77b59-839d-4160-9a96-5c926baedf64 0e564cbd505a4f9cb386de38aec3ddb1 defa6195fdee4ca5959f0c320cd34c99 - - default default] 10.0.0.130 "GET /v2.0/networks?not-tags-any=red%2Cblue HTTP/1.1" status: 200 len: 2069 time: 0.0947053
2026-05-06 06:11:31.249 9 INFO neutron.wsgi [None req-17e67a8e-ee56-4898-8f42-c4b15a964327 ca89b9242353463790d86e73147b14ab f7a7fcbf79c64ad8bdb5a244cd81c59a - - default default] 199.19.213.73 "GET /v2.0/extensions/security-group HTTP/1.1" status: 200 len: 369 time: 0.0049334
2026-05-06 06:11:31.259 9 INFO neutron.wsgi [None req-3072c57d-558c-451a-becd-0ce4d66559a0 ca89b9242353463790d86e73147b14ab f7a7fcbf79c64ad8bdb5a244cd81c59a - - default default] 199.19.213.73 "GET /v2.0/extensions/dns-integration HTTP/1.1" status: 200 len: 371 time: 0.0047798
2026-05-06 06:11:31.269 9 INFO neutron.wsgi [None req-429dd4d1-9bd8-4bc4-8680-fe14526113c3 ca89b9242353463790d86e73147b14ab f7a7fcbf79c64ad8bdb5a244cd81c59a - - default default] 199.19.213.73 "GET /v2.0/extensions/qos HTTP/1.1" status: 200 len: 365 time: 0.0058203
2026-05-06 06:11:31.279 9 INFO neutron.wsgi [None req-cd351fff-59ea-4bef-a499-fa39741ac995 ca89b9242353463790d86e73147b14ab f7a7fcbf79c64ad8bdb5a244cd81c59a - - default default] 199.19.213.73 "GET /v2.0/extensions/allowed-address-pairs HTTP/1.1" status: 200 len: 383 time: 0.0051384
2026-05-06 06:11:31.295 9 INFO neutron.api.v2.resource [None req-b936ea1b-fdf2-4354-8db3-0608c6f51542 ca89b9242353463790d86e73147b14ab f7a7fcbf79c64ad8bdb5a244cd81c59a - - default default] show failed (client error): The resource could not be found.
2026-05-06 06:11:31.297 9 INFO neutron.wsgi [None req-b936ea1b-fdf2-4354-8db3-0608c6f51542 ca89b9242353463790d86e73147b14ab f7a7fcbf79c64ad8bdb5a244cd81c59a - - default default] 199.19.213.73 "GET /v2.0/security-groups/lb-629a10af-404f-40d3-b040-9659015da589 HTTP/1.1" status: 404 len: 355 time: 0.0132453
2026-05-06 06:11:31.332 9 INFO neutron.wsgi [None req-f6b22207-157c-45fd-8b0a-a9136d5efbd1 ca89b9242353463790d86e73147b14ab f7a7fcbf79c64ad8bdb5a244cd81c59a - - default default] 199.19.213.73 "GET /v2.0/security-groups?name=lb-629a10af-404f-40d3-b040-9659015da589 HTTP/1.1" status: 200 len: 221 time: 0.0315461
2026-05-06 06:11:31.458 9 INFO neutron.db.ovn_revision_numbers_db [None req-c3661415-bb78-499d-8e0b-dd23f8e8ac63 ca89b9242353463790d86e73147b14ab f7a7fcbf79c64ad8bdb5a244cd81c59a - - default default] Successfully bumped revision number for resource dd3ebc50-61f3-4533-8473-91d6aa0b793b (type: security_groups) to 1
2026-05-06 06:11:31.471 9 INFO neutron.db.ovn_revision_numbers_db [None req-c3661415-bb78-499d-8e0b-dd23f8e8ac63 ca89b9242353463790d86e73147b14ab f7a7fcbf79c64ad8bdb5a244cd81c59a - - default default] Successfully bumped revision number for resource 327a6c7c-b343-44ca-ad0a-9a10fc1ca2ed (type: security_group_rules) to 0
2026-05-06 06:11:31.483 9 INFO neutron.db.ovn_revision_numbers_db [None req-c3661415-bb78-499d-8e0b-dd23f8e8ac63 ca89b9242353463790d86e73147b14ab f7a7fcbf79c64ad8bdb5a244cd81c59a - - default default] Successfully bumped revision number for resource e85f19a6-db1d-4b98-a073-ba0ec8bb54fc (type: security_group_rules) to 0
2026-05-06 06:11:31.501 9 INFO neutron.wsgi [None req-c3661415-bb78-499d-8e0b-dd23f8e8ac63 ca89b9242353463790d86e73147b14ab f7a7fcbf79c64ad8bdb5a244cd81c59a - - default default] 199.19.213.73 "POST /v2.0/security-groups HTTP/1.1" status: 201 len: 1777 time: 0.1626778
2026-05-06 06:11:31.538 9 INFO neutron.wsgi [None req-ba03f361-0194-4463-9fe5-fce1fe674358 ca89b9242353463790d86e73147b14ab f7a7fcbf79c64ad8bdb5a244cd81c59a - - default default] 199.19.213.73 "GET /v2.0/security-group-rules?security_group_id=dd3ebc50-61f3-4533-8473-91d6aa0b793b HTTP/1.1" status: 200 len: 1318 time: 0.0323987
2026-05-06 06:11:31.543 10 INFO neutron.services.segments.plugin [-] Segment 0c23f47e-cf26-438d-8a19-01d29e95d342 resource provider aggregate not found
2026-05-06 06:11:31.547 10 INFO neutron.services.segments.plugin [-] Segment 0c23f47e-cf26-438d-8a19-01d29e95d342 resource provider aggregate not found
2026-05-06 06:11:31.562 10 INFO neutron.services.segments.plugin [-] Segment 0c23f47e-cf26-438d-8a19-01d29e95d342 resource provider not found; error: Placement Client Error (4xx): {"errors": [{"status": 404, "title": "Not Found", "detail": "The resource could not be found.\n\n No resource provider with uuid 0c23f47e-cf26-438d-8a19-01d29e95d342 found for delete ", "request_id": "req-8bc65349-613e-4c36-886a-c71df20a6b63"}]}
