2026-05-06 06:12:10.771 10 WARNING neutron.api.rpc.agentnotifiers.dhcp_rpc_agent_api [None req-c306d812-56bd-4ff0-bbc9-77fac7a1d3cc ca89b9242353463790d86e73147b14ab f7a7fcbf79c64ad8bdb5a244cd81c59a - - default default] Unable to schedule network 2c872013-62eb-4f61-9767-3ba79b9f2f1f: no agents available; will retry on subsequent port and subnet creation events.
2026-05-06 06:12:10.837 9 INFO neutron.db.ovn_revision_numbers_db [None req-dd7a3a94-5d78-425e-a70c-89cd81a85b3d - - - - - -] Successfully bumped revision number for resource 0b9ecbfe-f3bd-4bf5-a9b1-e353a5d06035 (type: ports) to 2
2026-05-06 06:12:10.973 10 INFO neutron.db.ovn_revision_numbers_db [None req-c306d812-56bd-4ff0-bbc9-77fac7a1d3cc ca89b9242353463790d86e73147b14ab f7a7fcbf79c64ad8bdb5a244cd81c59a - - default default] Successfully bumped revision number for resource afccd189-2e4a-413c-945b-9f957bbbd6b8 (type: ports) to 1
2026-05-06 06:12:11.151 9 INFO neutron.db.ovn_revision_numbers_db [None req-dd7a3a94-5d78-425e-a70c-89cd81a85b3d - - - - - -] Successfully bumped revision number for resource 0b9ecbfe-f3bd-4bf5-a9b1-e353a5d06035 (type: ports) to 4
2026-05-06 06:12:11.365 9 INFO neutron.db.ovn_revision_numbers_db [None req-dd7a3a94-5d78-425e-a70c-89cd81a85b3d - - - - - -] Successfully bumped revision number for resource 0b9ecbfe-f3bd-4bf5-a9b1-e353a5d06035 (type: router_ports) to 4
2026-05-06 06:12:11.468 10 INFO neutron.plugins.ml2.drivers.ovn.mech_driver.mech_driver [None req-e3256b9d-3a67-40a3-a56b-ef7bdefb95c1 - - - - - -] OVN reports status up for port: afccd189-2e4a-413c-945b-9f957bbbd6b8
2026-05-06 06:12:11.478 10 INFO neutron.plugins.ml2.plugin [None req-e3256b9d-3a67-40a3-a56b-ef7bdefb95c1 - - - - - -] Attempt 1 to provision port afccd189-2e4a-413c-945b-9f957bbbd6b8
2026-05-06 06:12:11.499 10 INFO neutron.db.ovn_revision_numbers_db [None req-c306d812-56bd-4ff0-bbc9-77fac7a1d3cc ca89b9242353463790d86e73147b14ab f7a7fcbf79c64ad8bdb5a244cd81c59a - - default default] Successfully bumped revision number for resource afccd189-2e4a-413c-945b-9f957bbbd6b8 (type: router_ports) to 1
2026-05-06 06:12:11.722 10 INFO neutron.db.ovn_revision_numbers_db [None req-c306d812-56bd-4ff0-bbc9-77fac7a1d3cc ca89b9242353463790d86e73147b14ab f7a7fcbf79c64ad8bdb5a244cd81c59a - - default default] Successfully bumped revision number for resource afccd189-2e4a-413c-945b-9f957bbbd6b8 (type: ports) to 1
2026-05-06 06:12:11.826 10 WARNING neutron.scheduler.dhcp_agent_scheduler [None req-c306d812-56bd-4ff0-bbc9-77fac7a1d3cc ca89b9242353463790d86e73147b14ab f7a7fcbf79c64ad8bdb5a244cd81c59a - - default default] No more DHCP agents
2026-05-06 06:12:11.828 10 WARNING neutron.api.rpc.agentnotifiers.dhcp_rpc_agent_api [None req-c306d812-56bd-4ff0-bbc9-77fac7a1d3cc ca89b9242353463790d86e73147b14ab f7a7fcbf79c64ad8bdb5a244cd81c59a - - default default] Unable to schedule network 2c872013-62eb-4f61-9767-3ba79b9f2f1f: no agents available; will retry on subsequent port and subnet creation events.
2026-05-06 06:12:11.842 10 INFO neutron.db.ovn_revision_numbers_db [None req-e3256b9d-3a67-40a3-a56b-ef7bdefb95c1 - - - - - -] Successfully bumped revision number for resource afccd189-2e4a-413c-945b-9f957bbbd6b8 (type: ports) to 2
2026-05-06 06:12:11.954 10 INFO neutron.db.ovn_revision_numbers_db [None req-e3256b9d-3a67-40a3-a56b-ef7bdefb95c1 - - - - - -] Successfully bumped revision number for resource afccd189-2e4a-413c-945b-9f957bbbd6b8 (type: router_ports) to 2
2026-05-06 06:12:12.355 10 INFO neutron.db.ovn_revision_numbers_db [None req-c306d812-56bd-4ff0-bbc9-77fac7a1d3cc ca89b9242353463790d86e73147b14ab f7a7fcbf79c64ad8bdb5a244cd81c59a - - default default] Successfully bumped revision number for resource afccd189-2e4a-413c-945b-9f957bbbd6b8 (type: router_ports) to 2
2026-05-06 06:12:12.358 10 INFO neutron.wsgi [None req-c306d812-56bd-4ff0-bbc9-77fac7a1d3cc ca89b9242353463790d86e73147b14ab f7a7fcbf79c64ad8bdb5a244cd81c59a - - default default] 10.0.0.130 "PUT /v2.0/routers/ffc6813e-977b-4c91-9d26-d149aa101248/add_router_interface HTTP/1.1" status: 200 len: 503 time: 2.4423864
2026-05-06 06:12:13.615 9 INFO neutron.db.ovn_revision_numbers_db [None req-e97122a7-5c32-4890-937e-f6eb0f4709f4 ca89b9242353463790d86e73147b14ab f7a7fcbf79c64ad8bdb5a244cd81c59a - - default default] Successfully bumped revision number for resource bfbfef2c-7278-48d7-a8b8-b7bbddb561b6 (type: security_groups) to 1
2026-05-06 06:12:13.630 9 INFO neutron.db.ovn_revision_numbers_db [None req-e97122a7-5c32-4890-937e-f6eb0f4709f4 ca89b9242353463790d86e73147b14ab f7a7fcbf79c64ad8bdb5a244cd81c59a - - default default] Successfully bumped revision number for resource 3f55feda-54aa-48da-9d83-d0fb0abd989c (type: security_group_rules) to 0
2026-05-06 06:12:13.649 9 INFO neutron.db.ovn_revision_numbers_db [None req-e97122a7-5c32-4890-937e-f6eb0f4709f4 ca89b9242353463790d86e73147b14ab f7a7fcbf79c64ad8bdb5a244cd81c59a - - default default] Successfully bumped revision number for resource 4d9f6825-4150-4d68-af1e-e35b697d0bef (type: security_group_rules) to 0
2026-05-06 06:12:13.676 9 INFO neutron.db.ovn_revision_numbers_db [None req-e97122a7-5c32-4890-937e-f6eb0f4709f4 ca89b9242353463790d86e73147b14ab f7a7fcbf79c64ad8bdb5a244cd81c59a - - default default] Successfully bumped revision number for resource ed292f58-2dd0-494c-b324-f683a4cc7995 (type: security_group_rules) to 0
2026-05-06 06:12:13.695 9 INFO neutron.db.ovn_revision_numbers_db [None req-e97122a7-5c32-4890-937e-f6eb0f4709f4 ca89b9242353463790d86e73147b14ab f7a7fcbf79c64ad8bdb5a244cd81c59a - - default default] Successfully bumped revision number for resource f0f3a666-e8b5-48c8-bdf2-62749ef6170a (type: security_group_rules) to 0
2026-05-06 06:12:13.758 9 INFO neutron.db.segments_db [None req-e97122a7-5c32-4890-937e-f6eb0f4709f4 ca89b9242353463790d86e73147b14ab f7a7fcbf79c64ad8bdb5a244cd81c59a - - default default] Added segment 7ef2d383-f64a-4f3c-a4fb-8287bd2e40a8 of type geneve for network 9b65a1f0-1bf0-4519-a84e-31dfdbf70391
2026-05-06 06:12:13.930 9 INFO neutron.db.ovn_revision_numbers_db [None req-e97122a7-5c32-4890-937e-f6eb0f4709f4 ca89b9242353463790d86e73147b14ab f7a7fcbf79c64ad8bdb5a244cd81c59a - - default default] Successfully bumped revision number for resource 9b65a1f0-1bf0-4519-a84e-31dfdbf70391 (type: networks) to 1
2026-05-06 06:12:14.145 9 WARNING neutron.scheduler.dhcp_agent_scheduler [None req-e97122a7-5c32-4890-937e-f6eb0f4709f4 ca89b9242353463790d86e73147b14ab f7a7fcbf79c64ad8bdb5a244cd81c59a - - default default] No more DHCP agents
2026-05-06 06:12:14.149 9 WARNING neutron.api.rpc.agentnotifiers.dhcp_rpc_agent_api [None req-e97122a7-5c32-4890-937e-f6eb0f4709f4 ca89b9242353463790d86e73147b14ab f7a7fcbf79c64ad8bdb5a244cd81c59a - - default default] Unable to schedule network 9b65a1f0-1bf0-4519-a84e-31dfdbf70391: no agents available; will retry on subsequent port and subnet creation events.
2026-05-06 06:12:14.240 9 INFO neutron.db.ovn_revision_numbers_db [None req-e97122a7-5c32-4890-937e-f6eb0f4709f4 ca89b9242353463790d86e73147b14ab f7a7fcbf79c64ad8bdb5a244cd81c59a - - default default] Successfully bumped revision number for resource 0b1a6848-cd43-4afa-8a83-2ea3c4c43501 (type: ports) to 1
2026-05-06 06:12:14.265 9 INFO neutron.wsgi [None req-e97122a7-5c32-4890-937e-f6eb0f4709f4 ca89b9242353463790d86e73147b14ab f7a7fcbf79c64ad8bdb5a244cd81c59a - - default default] 10.0.0.130 "POST /v2.0/networks HTTP/1.1" status: 201 len: 942 time: 0.8367388
2026-05-06 06:12:14.428 9 WARNING neutron.scheduler.dhcp_agent_scheduler [None req-3c117d4e-87f3-45aa-a6f6-df228efdbb52 ca89b9242353463790d86e73147b14ab f7a7fcbf79c64ad8bdb5a244cd81c59a - - default default] No more DHCP agents
2026-05-06 06:12:14.430 9 WARNING neutron.api.rpc.agentnotifiers.dhcp_rpc_agent_api [None req-3c117d4e-87f3-45aa-a6f6-df228efdbb52 ca89b9242353463790d86e73147b14ab f7a7fcbf79c64ad8bdb5a244cd81c59a - - default default] Unable to schedule network 9b65a1f0-1bf0-4519-a84e-31dfdbf70391: no agents available; will retry on subsequent port and subnet creation events.
2026-05-06 06:12:14.944 9 INFO neutron.db.ovn_revision_numbers_db [None req-3c117d4e-87f3-45aa-a6f6-df228efdbb52 ca89b9242353463790d86e73147b14ab f7a7fcbf79c64ad8bdb5a244cd81c59a - - default default] Successfully bumped revision number for resource 0b1a6848-cd43-4afa-8a83-2ea3c4c43501 (type: ports) to 2
2026-05-06 06:12:14.977 9 INFO neutron.db.ovn_revision_numbers_db [None req-3c117d4e-87f3-45aa-a6f6-df228efdbb52 ca89b9242353463790d86e73147b14ab f7a7fcbf79c64ad8bdb5a244cd81c59a - - default default] Successfully bumped revision number for resource 898ef4c7-ed99-4790-a23e-21988a1ef320 (type: subnets) to 0
2026-05-06 06:12:14.998 9 INFO neutron.wsgi [None req-3c117d4e-87f3-45aa-a6f6-df228efdbb52 ca89b9242353463790d86e73147b14ab f7a7fcbf79c64ad8bdb5a244cd81c59a - - default default] 10.0.0.130 "POST /v2.0/subnets HTTP/1.1" status: 201 len: 862 time: 0.7277250
2026-05-06 06:12:15.793 9 WARNING neutron.scheduler.dhcp_agent_scheduler [None req-679b43a6-256d-41c7-8839-310a914dd8da ca89b9242353463790d86e73147b14ab f7a7fcbf79c64ad8bdb5a244cd81c59a - - default default] No more DHCP agents
2026-05-06 06:12:15.795 9 WARNING neutron.api.rpc.agentnotifiers.dhcp_rpc_agent_api [None req-679b43a6-256d-41c7-8839-310a914dd8da ca89b9242353463790d86e73147b14ab f7a7fcbf79c64ad8bdb5a244cd81c59a - - default default] Unable to schedule network 5b11ae42-edf5-4a66-80a7-95b6ab14d670: no agents available; will retry on subsequent port and subnet creation events.
2026-05-06 06:12:15.996 9 INFO neutron.db.ovn_revision_numbers_db [None req-679b43a6-256d-41c7-8839-310a914dd8da ca89b9242353463790d86e73147b14ab f7a7fcbf79c64ad8bdb5a244cd81c59a - - default default] Successfully bumped revision number for resource 5279337e-726b-4157-91fd-a5dbc30a82e6 (type: ports) to 1
2026-05-06 06:12:16.648 10 INFO neutron.plugins.ml2.drivers.ovn.mech_driver.ovsdb.ovsdb_monitor [None req-67c05c48-2433-4bb8-8ed4-5c234990bdde - - - - - -] Router 51097d7a-7f11-4c2e-bfb7-15a5f6ccdd6c is bound to host instance
2026-05-06 06:12:16.691 9 INFO neutron.db.ovn_revision_numbers_db [None req-679b43a6-256d-41c7-8839-310a914dd8da ca89b9242353463790d86e73147b14ab f7a7fcbf79c64ad8bdb5a244cd81c59a - - default default] Successfully bumped revision number for resource 5279337e-726b-4157-91fd-a5dbc30a82e6 (type: router_ports) to 1
2026-05-06 06:12:16.797 9 INFO neutron.db.ovn_revision_numbers_db [None req-679b43a6-256d-41c7-8839-310a914dd8da ca89b9242353463790d86e73147b14ab f7a7fcbf79c64ad8bdb5a244cd81c59a - - default default] Successfully bumped revision number for resource 51097d7a-7f11-4c2e-bfb7-15a5f6ccdd6c (type: routers) to 2
2026-05-06 06:12:16.823 9 INFO neutron.wsgi [None req-679b43a6-256d-41c7-8839-310a914dd8da ca89b9242353463790d86e73147b14ab f7a7fcbf79c64ad8bdb5a244cd81c59a - - default default] 10.0.0.130 "POST /v2.0/routers HTTP/1.1" status: 201 len: 873 time: 1.8173103
2026-05-06 06:12:16.900 10 WARNING neutron.plugins.ml2.drivers.ovn.mech_driver.ovsdb.ovn_client [None req-e3256b9d-3a67-40a3-a56b-ef7bdefb95c1 - - - - - -] No hosting information found for port afccd189-2e4a-413c-945b-9f957bbbd6b8: RuntimeError: No hosting information found for port afccd189-2e4a-413c-945b-9f957bbbd6b8
2026-05-06 06:12:16.900 10 INFO neutron.plugins.ml2.drivers.ovn.mech_driver.mech_driver [None req-e3256b9d-3a67-40a3-a56b-ef7bdefb95c1 - - - - - -] OVN reports status up for port: 5279337e-726b-4157-91fd-a5dbc30a82e6
2026-05-06 06:12:16.911 10 INFO neutron.plugins.ml2.plugin [None req-e3256b9d-3a67-40a3-a56b-ef7bdefb95c1 - - - - - -] Attempt 1 to provision port 5279337e-726b-4157-91fd-a5dbc30a82e6
2026-05-06 06:12:17.250 9 WARNING neutron.scheduler.dhcp_agent_scheduler [None req-e6c221d0-f19a-45fc-834e-780e6e8286bd ca89b9242353463790d86e73147b14ab f7a7fcbf79c64ad8bdb5a244cd81c59a - - default default] No more DHCP agents
2026-05-06 06:12:17.253 9 WARNING neutron.api.rpc.agentnotifiers.dhcp_rpc_agent_api [None req-e6c221d0-f19a-45fc-834e-780e6e8286bd ca89b9242353463790d86e73147b14ab f7a7fcbf79c64ad8bdb5a244cd81c59a - - default default] Unable to schedule network 9b65a1f0-1bf0-4519-a84e-31dfdbf70391: no agents available; will retry on subsequent port and subnet creation events.
2026-05-06 06:12:17.422 9 INFO neutron.db.ovn_revision_numbers_db [None req-e6c221d0-f19a-45fc-834e-780e6e8286bd ca89b9242353463790d86e73147b14ab f7a7fcbf79c64ad8bdb5a244cd81c59a - - default default] Successfully bumped revision number for resource f592a1c8-0d9f-4be1-adf6-da7cc70273d6 (type: ports) to 1
2026-05-06 06:12:17.575 10 INFO neutron.db.ovn_revision_numbers_db [None req-67c05c48-2433-4bb8-8ed4-5c234990bdde - - - - - -] Successfully bumped revision number for resource 5279337e-726b-4157-91fd-a5dbc30a82e6 (type: ports) to 1
2026-05-06 06:12:17.824 10 INFO neutron.plugins.ml2.drivers.ovn.mech_driver.mech_driver [None req-e3256b9d-3a67-40a3-a56b-ef7bdefb95c1 - - - - - -] OVN reports status up for port: f592a1c8-0d9f-4be1-adf6-da7cc70273d6
2026-05-06 06:12:17.834 10 INFO neutron.plugins.ml2.plugin [None req-e3256b9d-3a67-40a3-a56b-ef7bdefb95c1 - - - - - -] Attempt 1 to provision port f592a1c8-0d9f-4be1-adf6-da7cc70273d6
2026-05-06 06:12:17.843 10 INFO neutron.db.ovn_revision_numbers_db [None req-67c05c48-2433-4bb8-8ed4-5c234990bdde - - - - - -] Successfully bumped revision number for resource 5279337e-726b-4157-91fd-a5dbc30a82e6 (type: router_ports) to 3
2026-05-06 06:12:17.855 9 INFO neutron.db.ovn_revision_numbers_db [None req-e6c221d0-f19a-45fc-834e-780e6e8286bd ca89b9242353463790d86e73147b14ab f7a7fcbf79c64ad8bdb5a244cd81c59a - - default default] Successfully bumped revision number for resource f592a1c8-0d9f-4be1-adf6-da7cc70273d6 (type: router_ports) to 1
2026-05-06 06:12:18.019 10 INFO neutron.db.ovn_revision_numbers_db [None req-67c05c48-2433-4bb8-8ed4-5c234990bdde - - - - - -] Successfully bumped revision number for resource 5279337e-726b-4157-91fd-a5dbc30a82e6 (type: ports) to 2
2026-05-06 06:12:18.026 9 INFO neutron.db.ovn_revision_numbers_db [None req-e6c221d0-f19a-45fc-834e-780e6e8286bd ca89b9242353463790d86e73147b14ab f7a7fcbf79c64ad8bdb5a244cd81c59a - - default default] Successfully bumped revision number for resource f592a1c8-0d9f-4be1-adf6-da7cc70273d6 (type: ports) to 1
2026-05-06 06:12:18.099 9 WARNING neutron.scheduler.dhcp_agent_scheduler [None req-e6c221d0-f19a-45fc-834e-780e6e8286bd ca89b9242353463790d86e73147b14ab f7a7fcbf79c64ad8bdb5a244cd81c59a - - default default] No more DHCP agents
2026-05-06 06:12:18.101 9 WARNING neutron.api.rpc.agentnotifiers.dhcp_rpc_agent_api [None req-e6c221d0-f19a-45fc-834e-780e6e8286bd ca89b9242353463790d86e73147b14ab f7a7fcbf79c64ad8bdb5a244cd81c59a - - default default] Unable to schedule network 9b65a1f0-1bf0-4519-a84e-31dfdbf70391: no agents available; will retry on subsequent port and subnet creation events.
2026-05-06 06:12:18.149 10 INFO neutron.db.ovn_revision_numbers_db [None req-e3256b9d-3a67-40a3-a56b-ef7bdefb95c1 - - - - - -] Successfully bumped revision number for resource f592a1c8-0d9f-4be1-adf6-da7cc70273d6 (type: ports) to 2
2026-05-06 06:12:18.241 10 INFO neutron.db.ovn_revision_numbers_db [None req-e3256b9d-3a67-40a3-a56b-ef7bdefb95c1 - - - - - -] Successfully bumped revision number for resource f592a1c8-0d9f-4be1-adf6-da7cc70273d6 (type: router_ports) to 2
2026-05-06 06:12:18.295 10 INFO neutron.db.ovn_revision_numbers_db [None req-67c05c48-2433-4bb8-8ed4-5c234990bdde - - - - - -] Successfully bumped revision number for resource 5279337e-726b-4157-91fd-a5dbc30a82e6 (type: ports) to 4
2026-05-06 06:12:18.500 10 INFO neutron.db.ovn_revision_numbers_db [None req-67c05c48-2433-4bb8-8ed4-5c234990bdde - - - - - -] Successfully bumped revision number for resource 5279337e-726b-4157-91fd-a5dbc30a82e6 (type: router_ports) to 4
2026-05-06 06:12:18.825 9 INFO neutron.db.ovn_revision_numbers_db [None req-e6c221d0-f19a-45fc-834e-780e6e8286bd ca89b9242353463790d86e73147b14ab f7a7fcbf79c64ad8bdb5a244cd81c59a - - default default] Successfully bumped revision number for resource f592a1c8-0d9f-4be1-adf6-da7cc70273d6 (type: router_ports) to 2
2026-05-06 06:12:18.829 9 INFO neutron.wsgi [None req-e6c221d0-f19a-45fc-834e-780e6e8286bd ca89b9242353463790d86e73147b14ab f7a7fcbf79c64ad8bdb5a244cd81c59a - - default default] 10.0.0.130 "PUT /v2.0/routers/51097d7a-7f11-4c2e-bfb7-15a5f6ccdd6c/add_router_interface HTTP/1.1" status: 200 len: 503 time: 1.9951255
2026-05-06 06:12:19.555 10 WARNING neutron_lib.context [None req-5f1168ff-1bf0-4a7e-beb2-3eeb66448e6a 45956df3ac2749dd9b207c5767a1bc12 06cc4a18b9a84dcfb5aa98cad84f8acb - - default default] Method 'is_advsvc' is deprecated since 2023.2 release (neutron-lib 3.8.0) and will be removed once support for the old RBAC API policies will be removed from Neutron. Please use method 'is_service_role' instead.
2026-05-06 06:12:19.708 10 INFO neutron.db.ovn_revision_numbers_db [None req-5f1168ff-1bf0-4a7e-beb2-3eeb66448e6a 45956df3ac2749dd9b207c5767a1bc12 06cc4a18b9a84dcfb5aa98cad84f8acb - - default default] Successfully bumped revision number for resource 451bfff6-f189-446c-a9a3-495b5dd49e8b (type: security_groups) to 1
2026-05-06 06:12:19.725 10 INFO neutron.db.ovn_revision_numbers_db [None req-5f1168ff-1bf0-4a7e-beb2-3eeb66448e6a 45956df3ac2749dd9b207c5767a1bc12 06cc4a18b9a84dcfb5aa98cad84f8acb - - default default] Successfully bumped revision number for resource 327c0f35-c24f-464c-90f8-1fdb031f1bea (type: security_group_rules) to 0
2026-05-06 06:12:19.741 10 INFO neutron.db.ovn_revision_numbers_db [None req-5f1168ff-1bf0-4a7e-beb2-3eeb66448e6a 45956df3ac2749dd9b207c5767a1bc12 06cc4a18b9a84dcfb5aa98cad84f8acb - - default default] Successfully bumped revision number for resource fc5f4dd9-1f01-499f-aca3-e87e1cd18abc (type: security_group_rules) to 0
2026-05-06 06:12:19.768 10 INFO neutron.wsgi [None req-5f1168ff-1bf0-4a7e-beb2-3eeb66448e6a 45956df3ac2749dd9b207c5767a1bc12 06cc4a18b9a84dcfb5aa98cad84f8acb - - default default] 10.0.0.130 "POST /v2.0/security-groups HTTP/1.1" status: 201 len: 1811 time: 0.2184374
2026-05-06 06:12:19.782 10 WARNING neutron_lib.context [None req-46b4b023-20f5-4c23-b31f-7ab884e4697e 45956df3ac2749dd9b207c5767a1bc12 06cc4a18b9a84dcfb5aa98cad84f8acb - - default default] Method 'is_advsvc' is deprecated since 2023.2 release (neutron-lib 3.8.0) and will be removed once support for the old RBAC API policies will be removed from Neutron. Please use method 'is_service_role' instead.
2026-05-06 06:12:19.926 10 INFO neutron.db.ovn_revision_numbers_db [None req-46b4b023-20f5-4c23-b31f-7ab884e4697e 45956df3ac2749dd9b207c5767a1bc12 06cc4a18b9a84dcfb5aa98cad84f8acb - - default default] Successfully bumped revision number for resource 22199a0c-8a94-46ad-b3cf-0ccddbf6d8fa (type: security_group_rules) to 0
2026-05-06 06:12:19.948 10 INFO neutron.wsgi [None req-46b4b023-20f5-4c23-b31f-7ab884e4697e 45956df3ac2749dd9b207c5767a1bc12 06cc4a18b9a84dcfb5aa98cad84f8acb - - default default] 10.0.0.130 "POST /v2.0/security-group-rules HTTP/1.1" status: 201 len: 764 time: 0.1753983
2026-05-06 06:12:19.959 10 WARNING neutron_lib.context [None req-4003f83f-0fd9-406a-a1ea-77cd068b5b63 45956df3ac2749dd9b207c5767a1bc12 06cc4a18b9a84dcfb5aa98cad84f8acb - - default default] Method 'is_advsvc' is deprecated since 2023.2 release (neutron-lib 3.8.0) and will be removed once support for the old RBAC API policies will be removed from Neutron. Please use method 'is_service_role' instead.
2026-05-06 06:12:20.068 10 INFO neutron.db.ovn_revision_numbers_db [None req-4003f83f-0fd9-406a-a1ea-77cd068b5b63 45956df3ac2749dd9b207c5767a1bc12 06cc4a18b9a84dcfb5aa98cad84f8acb - - default default] Successfully bumped revision number for resource b78ba456-3dbf-4d37-b773-5ceace0f28b6 (type: security_group_rules) to 0
2026-05-06 06:12:20.091 10 INFO neutron.wsgi [None req-4003f83f-0fd9-406a-a1ea-77cd068b5b63 45956df3ac2749dd9b207c5767a1bc12 06cc4a18b9a84dcfb5aa98cad84f8acb - - default default] 10.0.0.130 "POST /v2.0/security-group-rules HTTP/1.1" status: 201 len: 763 time: 0.1371260
2026-05-06 06:12:20.100 10 WARNING neutron_lib.context [None req-93365004-d856-4946-a3af-bb24ba6c0897 45956df3ac2749dd9b207c5767a1bc12 06cc4a18b9a84dcfb5aa98cad84f8acb - - default default] Method 'is_advsvc' is deprecated since 2023.2 release (neutron-lib 3.8.0) and will be removed once support for the old RBAC API policies will be removed from Neutron. Please use method 'is_service_role' instead.
2026-05-06 06:12:20.225 10 INFO neutron.db.ovn_revision_numbers_db [None req-93365004-d856-4946-a3af-bb24ba6c0897 45956df3ac2749dd9b207c5767a1bc12 06cc4a18b9a84dcfb5aa98cad84f8acb - - default default] Successfully bumped revision number for resource 2fafe88c-dda6-4bc9-af0b-9d70c0a9227a (type: security_group_rules) to 0
2026-05-06 06:12:20.268 10 INFO neutron.wsgi [None req-93365004-d856-4946-a3af-bb24ba6c0897 45956df3ac2749dd9b207c5767a1bc12 06cc4a18b9a84dcfb5aa98cad84f8acb - - default default] 10.0.0.130 "POST /v2.0/security-group-rules HTTP/1.1" status: 201 len: 769 time: 0.1728461
2026-05-06 06:12:20.279 10 WARNING neutron_lib.context [None req-4ffd4e15-7e13-4352-90ea-3cbdac58bd6d 45956df3ac2749dd9b207c5767a1bc12 06cc4a18b9a84dcfb5aa98cad84f8acb - - default default] Method 'is_advsvc' is deprecated since 2023.2 release (neutron-lib 3.8.0) and will be removed once support for the old RBAC API policies will be removed from Neutron. Please use method 'is_service_role' instead.
2026-05-06 06:12:20.415 10 INFO neutron.db.ovn_revision_numbers_db [None req-4ffd4e15-7e13-4352-90ea-3cbdac58bd6d 45956df3ac2749dd9b207c5767a1bc12 06cc4a18b9a84dcfb5aa98cad84f8acb - - default default] Successfully bumped revision number for resource 144847c3-ddeb-497c-906a-b37baa106219 (type: security_group_rules) to 0
2026-05-06 06:12:20.443 10 INFO neutron.wsgi [None req-4ffd4e15-7e13-4352-90ea-3cbdac58bd6d 45956df3ac2749dd9b207c5767a1bc12 06cc4a18b9a84dcfb5aa98cad84f8acb - - default default] 10.0.0.130 "POST /v2.0/security-group-rules HTTP/1.1" status: 201 len: 768 time: 0.1703396
2026-05-06 06:12:20.457 10 WARNING neutron_lib.context [None req-2942e6e0-1fe9-4693-9924-4388d8ea0b05 45956df3ac2749dd9b207c5767a1bc12 06cc4a18b9a84dcfb5aa98cad84f8acb - - default default] Method 'is_advsvc' is deprecated since 2023.2 release (neutron-lib 3.8.0) and will be removed once support for the old RBAC API policies will be removed from Neutron. Please use method 'is_service_role' instead.
2026-05-06 06:12:20.485 10 INFO neutron.db.securitygroups_db [None req-2942e6e0-1fe9-4693-9924-4388d8ea0b05 45956df3ac2749dd9b207c5767a1bc12 06cc4a18b9a84dcfb5aa98cad84f8acb - - default default] Project 06cc4a18b9a84dcfb5aa98cad84f8acb added a security group rule with legacy IPv6 ICMP protocol name icmp, ipv6-icmp should be used instead. It was automatically converted.
2026-05-06 06:12:20.581 10 INFO neutron.db.ovn_revision_numbers_db [None req-2942e6e0-1fe9-4693-9924-4388d8ea0b05 45956df3ac2749dd9b207c5767a1bc12 06cc4a18b9a84dcfb5aa98cad84f8acb - - default default] Successfully bumped revision number for resource daa128b4-c6a5-4e47-adc4-6f20eb09798f (type: security_group_rules) to 0
2026-05-06 06:12:20.605 10 INFO neutron.wsgi [None req-2942e6e0-1fe9-4693-9924-4388d8ea0b05 45956df3ac2749dd9b207c5767a1bc12 06cc4a18b9a84dcfb5aa98cad84f8acb - - default default] 10.0.0.130 "POST /v2.0/security-group-rules HTTP/1.1" status: 201 len: 774 time: 0.1555896
2026-05-06 06:12:20.615 10 WARNING neutron_lib.context [None req-8fb48a52-f0a0-460e-b9cb-62e99183a7ff 45956df3ac2749dd9b207c5767a1bc12 06cc4a18b9a84dcfb5aa98cad84f8acb - - default default] Method 'is_advsvc' is deprecated since 2023.2 release (neutron-lib 3.8.0) and will be removed once support for the old RBAC API policies will be removed from Neutron. Please use method 'is_service_role' instead.
2026-05-06 06:12:20.636 10 INFO neutron.db.securitygroups_db [None req-8fb48a52-f0a0-460e-b9cb-62e99183a7ff 45956df3ac2749dd9b207c5767a1bc12 06cc4a18b9a84dcfb5aa98cad84f8acb - - default default] Project 06cc4a18b9a84dcfb5aa98cad84f8acb added a security group rule with legacy IPv6 ICMP protocol name icmp, ipv6-icmp should be used instead. It was automatically converted.
2026-05-06 06:12:20.749 10 INFO neutron.db.ovn_revision_numbers_db [None req-8fb48a52-f0a0-460e-b9cb-62e99183a7ff 45956df3ac2749dd9b207c5767a1bc12 06cc4a18b9a84dcfb5aa98cad84f8acb - - default default] Successfully bumped revision number for resource cce555a8-b364-4b5a-86b7-dd13e519f122 (type: security_group_rules) to 0
2026-05-06 06:12:20.780 10 INFO neutron.wsgi [None req-8fb48a52-f0a0-460e-b9cb-62e99183a7ff 45956df3ac2749dd9b207c5767a1bc12 06cc4a18b9a84dcfb5aa98cad84f8acb - - default default] 10.0.0.130 "POST /v2.0/security-group-rules HTTP/1.1" status: 201 len: 773 time: 0.1710050
2026-05-06 06:12:21.208 10 WARNING neutron_lib.context [None req-34e12564-8ad2-47a8-a609-e2fea6dc6e35 45956df3ac2749dd9b207c5767a1bc12 06cc4a18b9a84dcfb5aa98cad84f8acb - - default default] Method 'is_advsvc' is deprecated since 2023.2 release (neutron-lib 3.8.0) and will be removed once support for the old RBAC API policies will be removed from Neutron. Please use method 'is_service_role' instead.
2026-05-06 06:12:21.339 10 INFO neutron.db.ovn_revision_numbers_db [None req-34e12564-8ad2-47a8-a609-e2fea6dc6e35 45956df3ac2749dd9b207c5767a1bc12 06cc4a18b9a84dcfb5aa98cad84f8acb - - default default] Successfully bumped revision number for resource 4f68fc5d-904f-4be3-a810-d4f16f23e16e (type: security_groups) to 1
2026-05-06 06:12:21.365 10 INFO neutron.db.ovn_revision_numbers_db [None req-34e12564-8ad2-47a8-a609-e2fea6dc6e35 45956df3ac2749dd9b207c5767a1bc12 06cc4a18b9a84dcfb5aa98cad84f8acb - - default default] Successfully bumped revision number for resource e473c4d8-2de1-4c5c-9537-e9092fcfed44 (type: security_group_rules) to 0
2026-05-06 06:12:21.378 10 INFO neutron.db.ovn_revision_numbers_db [None req-34e12564-8ad2-47a8-a609-e2fea6dc6e35 45956df3ac2749dd9b207c5767a1bc12 06cc4a18b9a84dcfb5aa98cad84f8acb - - default default] Successfully bumped revision number for resource fa1769b1-8ea1-4804-a139-7bcac641667e (type: security_group_rules) to 0
2026-05-06 06:12:21.398 10 INFO neutron.wsgi [None req-34e12564-8ad2-47a8-a609-e2fea6dc6e35 45956df3ac2749dd9b207c5767a1bc12 06cc4a18b9a84dcfb5aa98cad84f8acb - - default default] 10.0.0.130 "POST /v2.0/security-groups HTTP/1.1" status: 201 len: 1797 time: 0.1973648
2026-05-06 06:12:21.411 10 WARNING neutron_lib.context [None req-be418a30-f390-4cb8-b879-c611e78d8cc2 45956df3ac2749dd9b207c5767a1bc12 06cc4a18b9a84dcfb5aa98cad84f8acb - - default default] Method 'is_advsvc' is deprecated since 2023.2 release (neutron-lib 3.8.0) and will be removed once support for the old RBAC API policies will be removed from Neutron. Please use method 'is_service_role' instead.
2026-05-06 06:12:21.544 10 INFO neutron.db.ovn_revision_numbers_db [None req-be418a30-f390-4cb8-b879-c611e78d8cc2 45956df3ac2749dd9b207c5767a1bc12 06cc4a18b9a84dcfb5aa98cad84f8acb - - default default] Successfully bumped revision number for resource 043afeb0-10f7-4500-8464-8c86556455a5 (type: security_group_rules) to 0
2026-05-06 06:12:21.573 10 INFO neutron.wsgi [None req-be418a30-f390-4cb8-b879-c611e78d8cc2 45956df3ac2749dd9b207c5767a1bc12 06cc4a18b9a84dcfb5aa98cad84f8acb - - default default] 10.0.0.130 "POST /v2.0/security-group-rules HTTP/1.1" status: 201 len: 764 time: 0.1669767
2026-05-06 06:12:21.584 10 WARNING neutron_lib.context [None req-6596a629-5ec9-4de3-b673-d16d222f1727 45956df3ac2749dd9b207c5767a1bc12 06cc4a18b9a84dcfb5aa98cad84f8acb - - default default] Method 'is_advsvc' is deprecated since 2023.2 release (neutron-lib 3.8.0) and will be removed once support for the old RBAC API policies will be removed from Neutron. Please use method 'is_service_role' instead.
2026-05-06 06:12:21.716 10 INFO neutron.db.ovn_revision_numbers_db [None req-6596a629-5ec9-4de3-b673-d16d222f1727 45956df3ac2749dd9b207c5767a1bc12 06cc4a18b9a84dcfb5aa98cad84f8acb - - default default] Successfully bumped revision number for resource 1d8c5b22-36f3-4b08-96f5-b39800a84f0e (type: security_group_rules) to 0
2026-05-06 06:12:21.724 9 INFO neutron.wsgi [-] 10.0.0.69 "GET / HTTP/1.1" status: 200 len: 247 time: 0.0021322
2026-05-06 06:12:21.724 10 INFO neutron.wsgi [-] 10.0.0.69 "GET / HTTP/1.1" status: 200 len: 247 time: 0.0026739
2026-05-06 06:12:21.748 10 INFO neutron.wsgi [None req-6596a629-5ec9-4de3-b673-d16d222f1727 45956df3ac2749dd9b207c5767a1bc12 06cc4a18b9a84dcfb5aa98cad84f8acb - - default default] 10.0.0.130 "POST /v2.0/security-group-rules HTTP/1.1" status: 201 len: 769 time: 0.1691844
2026-05-06 06:12:21.760 10 WARNING neutron_lib.context [None req-ea93324f-c1ca-40c4-a4f3-7e7f3e8dee6a 45956df3ac2749dd9b207c5767a1bc12 06cc4a18b9a84dcfb5aa98cad84f8acb - - default default] Method 'is_advsvc' is deprecated since 2023.2 release (neutron-lib 3.8.0) and will be removed once support for the old RBAC API policies will be removed from Neutron. Please use method 'is_service_role' instead.
2026-05-06 06:12:22.117 10 WARNING neutron.scheduler.dhcp_agent_scheduler [None req-ea93324f-c1ca-40c4-a4f3-7e7f3e8dee6a 45956df3ac2749dd9b207c5767a1bc12 06cc4a18b9a84dcfb5aa98cad84f8acb - - default default] No more DHCP agents
2026-05-06 06:12:22.118 10 WARNING neutron.api.rpc.agentnotifiers.dhcp_rpc_agent_api [None req-ea93324f-c1ca-40c4-a4f3-7e7f3e8dee6a 45956df3ac2749dd9b207c5767a1bc12 06cc4a18b9a84dcfb5aa98cad84f8acb - - default default] Unable to schedule network 5b11ae42-edf5-4a66-80a7-95b6ab14d670: no agents available; will retry on subsequent port and subnet creation events.
2026-05-06 06:12:22.447 10 INFO neutron.db.ovn_revision_numbers_db [None req-ea93324f-c1ca-40c4-a4f3-7e7f3e8dee6a 45956df3ac2749dd9b207c5767a1bc12 06cc4a18b9a84dcfb5aa98cad84f8acb - - default default] Successfully bumped revision number for resource 5a2383c2-a841-478e-b7c5-69fd15ba94c1 (type: floatingips) to 0
2026-05-06 06:12:22.462 10 INFO neutron.wsgi [None req-ea93324f-c1ca-40c4-a4f3-7e7f3e8dee6a 45956df3ac2749dd9b207c5767a1bc12 06cc4a18b9a84dcfb5aa98cad84f8acb - - default default] 10.0.0.130 "POST /v2.0/floatingips HTTP/1.1" status: 201 len: 751 time: 0.7072737
2026-05-06 06:12:22.590 10 INFO neutron.wsgi [req-15475120-3172-4d2c-a3bc-057f01b3a318 req-a0d9082d-1f7c-43c2-8012-0b886220e758 45956df3ac2749dd9b207c5767a1bc12 06cc4a18b9a84dcfb5aa98cad84f8acb - - default default] 10.0.0.210 "GET /v2.0/security-groups?name=tempest-securitygroup--1350403400&fields=id&tenant_id=06cc4a18b9a84dcfb5aa98cad84f8acb HTTP/1.1" status: 200 len: 267 time: 0.0460041
2026-05-06 06:12:22.627 10 INFO neutron.wsgi [req-15475120-3172-4d2c-a3bc-057f01b3a318 req-d53f5534-ae2e-4730-a728-593b6f0586f5 45956df3ac2749dd9b207c5767a1bc12 06cc4a18b9a84dcfb5aa98cad84f8acb - - default default] 10.0.0.210 "GET /v2.0/security-groups?name=tempest-secgroup-smoke-1853799403&fields=id&tenant_id=06cc4a18b9a84dcfb5aa98cad84f8acb HTTP/1.1" status: 200 len: 267 time: 0.0331676
2026-05-06 06:12:22.708 10 INFO neutron.wsgi [req-15475120-3172-4d2c-a3bc-057f01b3a318 req-0d5e11aa-e6e9-4193-bb04-3e72ebd9ea73 45956df3ac2749dd9b207c5767a1bc12 06cc4a18b9a84dcfb5aa98cad84f8acb - - default default] 10.0.0.210 "GET /v2.0/networks?id=2c872013-62eb-4f61-9767-3ba79b9f2f1f HTTP/1.1" status: 200 len: 871 time: 0.0774601
2026-05-06 06:12:22.730 10 INFO neutron.wsgi [req-15475120-3172-4d2c-a3bc-057f01b3a318 req-fe214b73-dfda-4d2d-912a-3d70b80c6123 45956df3ac2749dd9b207c5767a1bc12 06cc4a18b9a84dcfb5aa98cad84f8acb - - default default] 10.0.0.210 "GET /v2.0/quotas/06cc4a18b9a84dcfb5aa98cad84f8acb HTTP/1.1" status: 200 len: 386 time: 0.0163455
2026-05-06 06:12:22.817 10 INFO neutron.wsgi [req-15475120-3172-4d2c-a3bc-057f01b3a318 req-0dcb82e9-eee7-401e-9878-6d50e21b7a74 45956df3ac2749dd9b207c5767a1bc12 06cc4a18b9a84dcfb5aa98cad84f8acb - - default default] 10.0.0.210 "GET /v2.0/ports?tenant_id=06cc4a18b9a84dcfb5aa98cad84f8acb&fields=id HTTP/1.1" status: 200 len: 302 time: 0.0829315
2026-05-06 06:12:22.885 10 INFO neutron.wsgi [req-15475120-3172-4d2c-a3bc-057f01b3a318 req-90ecab82-9290-4967-bb57-a06556b9a75b a238ef8cbb32488283c894b7070d3528 20c20568c9f14e2cab3944b99efdf9c1 - - 37e4c56f4a5048cf8cf69f406f61be15 37e4c56f4a5048cf8cf69f406f61be15] 10.0.0.210 "GET /v2.0/networks/2c872013-62eb-4f61-9767-3ba79b9f2f1f?fields=segments HTTP/1.1" status: 200 len: 212 time: 0.0580800
2026-05-06 06:12:22.949 10 WARNING neutron.plugins.ml2.drivers.ovn.mech_driver.ovsdb.ovn_client [None req-e3256b9d-3a67-40a3-a56b-ef7bdefb95c1 - - - - - -] No hosting information found for port f592a1c8-0d9f-4be1-adf6-da7cc70273d6: RuntimeError: No hosting information found for port f592a1c8-0d9f-4be1-adf6-da7cc70273d6
2026-05-06 06:12:22.982 10 INFO neutron.wsgi [req-15475120-3172-4d2c-a3bc-057f01b3a318 req-9e1b81ac-9470-4f60-ac50-9e1bb1cbd48b a238ef8cbb32488283c894b7070d3528 20c20568c9f14e2cab3944b99efdf9c1 - - 37e4c56f4a5048cf8cf69f406f61be15 37e4c56f4a5048cf8cf69f406f61be15] 10.0.0.210 "GET /v2.0/networks/2c872013-62eb-4f61-9767-3ba79b9f2f1f?fields=provider%3Aphysical_network&fields=provider%3Anetwork_type HTTP/1.1" status: 200 len: 277 time: 0.0907786
2026-05-06 06:12:23.209 10 INFO neutron.wsgi [req-a5f068d3-da81-4e74-b696-ccce1a764406 req-de357f4a-ca49-4369-b6fa-1f71b483f9e8 45956df3ac2749dd9b207c5767a1bc12 06cc4a18b9a84dcfb5aa98cad84f8acb - - default default] 10.0.0.210 "GET /v2.0/ports?device_id=bfdeff04-9b6e-4f12-a974-1330779aaa4a HTTP/1.1" status: 200 len: 210 time: 0.0427065
2026-05-06 06:12:24.020 9 INFO neutron.wsgi [req-15475120-3172-4d2c-a3bc-057f01b3a318 req-7e806d5b-1ce4-41f5-aca0-d8e3e7970651 45956df3ac2749dd9b207c5767a1bc12 06cc4a18b9a84dcfb5aa98cad84f8acb - - default default] 199.19.213.73 "GET /v2.0/networks?id=2c872013-62eb-4f61-9767-3ba79b9f2f1f HTTP/1.1" status: 200 len: 871 time: 0.1224236
2026-05-06 06:12:24.304 10 INFO neutron.wsgi [req-886703f1-4b5f-43c1-ab1f-78ae54ed3965 req-c06b1fa7-6625-4e97-9b98-77789b8800ed 45956df3ac2749dd9b207c5767a1bc12 06cc4a18b9a84dcfb5aa98cad84f8acb - - default default] 10.0.0.210 "GET /v2.0/ports?device_id=bfdeff04-9b6e-4f12-a974-1330779aaa4a HTTP/1.1" status: 200 len: 210 time: 0.0273204
2026-05-06 06:12:24.345 9 INFO neutron.wsgi [None req-0e06945c-cc0f-4e59-9895-d0b4e0f4e072 ca89b9242353463790d86e73147b14ab f7a7fcbf79c64ad8bdb5a244cd81c59a - - default default] 199.19.213.73 "GET /v2.0/extensions/security-group HTTP/1.1" status: 200 len: 369 time: 0.0047874
2026-05-06 06:12:24.355 9 INFO neutron.wsgi [None req-843912fb-238b-4313-8666-2fe6a0c434a6 ca89b9242353463790d86e73147b14ab f7a7fcbf79c64ad8bdb5a244cd81c59a - - default default] 199.19.213.73 "GET /v2.0/extensions/dns-integration HTTP/1.1" status: 200 len: 371 time: 0.0044808
2026-05-06 06:12:24.363 9 INFO neutron.wsgi [None req-880180c4-627c-4ac9-901d-25b79d2921a6 ca89b9242353463790d86e73147b14ab f7a7fcbf79c64ad8bdb5a244cd81c59a - - default default] 199.19.213.73 "GET /v2.0/extensions/qos HTTP/1.1" status: 200 len: 365 time: 0.0032225
2026-05-06 06:12:24.372 9 INFO neutron.wsgi [None req-4b8e876c-e157-4786-ac4f-ade6c5d241ae ca89b9242353463790d86e73147b14ab f7a7fcbf79c64ad8bdb5a244cd81c59a - - default default] 199.19.213.73 "GET /v2.0/extensions/allowed-address-pairs HTTP/1.1" status: 200 len: 383 time: 0.0035112
2026-05-06 06:12:24.391 9 INFO neutron.wsgi [req-15475120-3172-4d2c-a3bc-057f01b3a318 req-31fc19b0-3769-4a09-8c2e-f2b3270fbbb3 45956df3ac2749dd9b207c5767a1bc12 06cc4a18b9a84dcfb5aa98cad84f8acb - - default default] 199.19.213.73 "GET /v2.0/security-groups?fields=id&fields=name&tenant_id=06cc4a18b9a84dcfb5aa98cad84f8acb HTTP/1.1" status: 200 len: 473 time: 0.3633223
2026-05-06 06:12:24.404 9 WARNING neutron_lib.context [req-15475120-3172-4d2c-a3bc-057f01b3a318 req-a91599f5-55a5-48c4-b257-484ba17f8a66 45956df3ac2749dd9b207c5767a1bc12 06cc4a18b9a84dcfb5aa98cad84f8acb - - default default] Method 'is_advsvc' is deprecated since 2023.2 release (neutron-lib 3.8.0) and will be removed once support for the old RBAC API policies will be removed from Neutron. Please use method 'is_service_role' instead.
2026-05-06 06:12:24.425 9 INFO neutron.wsgi [None req-914a6da4-117e-4d09-9b08-76712bff44d5 ca89b9242353463790d86e73147b14ab f7a7fcbf79c64ad8bdb5a244cd81c59a - - default default] 199.19.213.73 "GET /v2.0/subnets/495053cb-aea8-4fb0-a87f-ce8adf97b86c HTTP/1.1" status: 200 len: 850 time: 0.0464957
2026-05-06 06:12:24.474 9 INFO neutron.wsgi [None req-b40093b7-dd8b-49a5-98a6-d9da4e548496 ca89b9242353463790d86e73147b14ab f7a7fcbf79c64ad8bdb5a244cd81c59a - - default default] 199.19.213.73 "GET /v2.0/ports?device_id=f9b21828-198d-4653-a631-f37c0590698b HTTP/1.1" status: 200 len: 1417 time: 0.0361040
2026-05-06 06:12:24.861 9 WARNING neutron.scheduler.dhcp_agent_scheduler [req-15475120-3172-4d2c-a3bc-057f01b3a318 req-a91599f5-55a5-48c4-b257-484ba17f8a66 45956df3ac2749dd9b207c5767a1bc12 06cc4a18b9a84dcfb5aa98cad84f8acb - - default default] No more DHCP agents
2026-05-06 06:12:24.872 9 WARNING neutron.api.rpc.agentnotifiers.dhcp_rpc_agent_api [req-15475120-3172-4d2c-a3bc-057f01b3a318 req-a91599f5-55a5-48c4-b257-484ba17f8a66 45956df3ac2749dd9b207c5767a1bc12 06cc4a18b9a84dcfb5aa98cad84f8acb - - default default] Unable to schedule network 2c872013-62eb-4f61-9767-3ba79b9f2f1f: no agents available; will retry on subsequent port and subnet creation events.
2026-05-06 06:12:24.952 9 WARNING neutron.scheduler.dhcp_agent_scheduler [None req-72d6d13d-bca0-4b95-b2b7-dad480848542 ca89b9242353463790d86e73147b14ab f7a7fcbf79c64ad8bdb5a244cd81c59a - - default default] No more DHCP agents
2026-05-06 06:12:24.961 9 WARNING neutron.api.rpc.agentnotifiers.dhcp_rpc_agent_api [None req-72d6d13d-bca0-4b95-b2b7-dad480848542 ca89b9242353463790d86e73147b14ab f7a7fcbf79c64ad8bdb5a244cd81c59a - - default default] Unable to schedule network 336701c1-ba98-40d1-9703-d72760456507: no agents available; will retry on subsequent port and subnet creation events.
2026-05-06 06:12:25.136 9 INFO neutron.db.ovn_revision_numbers_db [req-15475120-3172-4d2c-a3bc-057f01b3a318 req-a91599f5-55a5-48c4-b257-484ba17f8a66 45956df3ac2749dd9b207c5767a1bc12 06cc4a18b9a84dcfb5aa98cad84f8acb - - default default] Successfully bumped revision number for resource 901ef80d-0afb-44e1-8676-2ab6fbc66407 (type: ports) to 1
2026-05-06 06:12:25.187 9 INFO neutron.wsgi [req-15475120-3172-4d2c-a3bc-057f01b3a318 req-a91599f5-55a5-48c4-b257-484ba17f8a66 45956df3ac2749dd9b207c5767a1bc12 06cc4a18b9a84dcfb5aa98cad84f8acb - - default default] 199.19.213.73 "POST /v2.0/ports HTTP/1.1" status: 201 len: 1201 time: 0.7869873 /var/lib/openstack/lib/python3.10/site-packages/pycadf/identifier.py:71: UserWarning: Invalid uuid: neutron. To ensure interoperability, identifiers should be a valid uuid. warnings.warn(('Invalid uuid: %s. To ensure interoperability, '
2026-05-06 06:12:25.233 9 INFO neutron.db.ovn_revision_numbers_db [None req-72d6d13d-bca0-4b95-b2b7-dad480848542 ca89b9242353463790d86e73147b14ab f7a7fcbf79c64ad8bdb5a244cd81c59a - - default default] Successfully bumped revision number for resource 84d293ec-89da-4ae7-b16e-9b499e7ab1c8 (type: ports) to 1
2026-05-06 06:12:25.265 9 INFO neutron.wsgi [None req-72d6d13d-bca0-4b95-b2b7-dad480848542 ca89b9242353463790d86e73147b14ab f7a7fcbf79c64ad8bdb5a244cd81c59a - - default default] 199.19.213.73 "POST /v2.0/ports HTTP/1.1" status: 201 len: 1298 time: 0.7790389
2026-05-06 06:12:25.361 10 INFO neutron.wsgi [req-ebc66dc2-60ed-496b-b1ed-bf2aaf94d6be req-7af8b609-7166-4301-8769-26ccdab36251 ca89b9242353463790d86e73147b14ab f7a7fcbf79c64ad8bdb5a244cd81c59a - - default default] 10.0.0.210 "GET /v2.0/ports/84d293ec-89da-4ae7-b16e-9b499e7ab1c8 HTTP/1.1" status: 200 len: 1293 time: 0.0374074
2026-05-06 06:12:25.376 10 INFO neutron.wsgi [req-ebc66dc2-60ed-496b-b1ed-bf2aaf94d6be req-4d9ecec7-f2ed-4e81-b84f-0602e144da48 ca89b9242353463790d86e73147b14ab f7a7fcbf79c64ad8bdb5a244cd81c59a - - default default] 10.0.0.210 "GET /v2.0/extensions HTTP/1.1" status: 200 len: 16980 time: 0.0076182
2026-05-06 06:12:25.417 10 INFO neutron.wsgi [req-740a74c1-6721-499c-9cc6-2c06404abad6 req-9c094cd4-28a2-472f-8e91-188d1d94bb24 45956df3ac2749dd9b207c5767a1bc12 06cc4a18b9a84dcfb5aa98cad84f8acb - - default default] 10.0.0.210 "GET /v2.0/ports?device_id=bfdeff04-9b6e-4f12-a974-1330779aaa4a HTTP/1.1" status: 200 len: 1200 time: 0.0401342
2026-05-06 06:12:25.484 10 INFO neutron.wsgi [req-740a74c1-6721-499c-9cc6-2c06404abad6 req-6e968ba9-3ffc-4c79-a822-0e45383bb74b 45956df3ac2749dd9b207c5767a1bc12 06cc4a18b9a84dcfb5aa98cad84f8acb - - default default] 10.0.0.210 "GET /v2.0/security-groups?id=4f68fc5d-904f-4be3-a810-d4f16f23e16e&id=451bfff6-f189-446c-a9a3-495b5dd49e8b&fields=id&fields=name HTTP/1.1" status: 200 len: 406 time: 0.0623269
2026-05-06 06:12:25.496 10 INFO neutron.wsgi [req-ebc66dc2-60ed-496b-b1ed-bf2aaf94d6be req-db3f2741-1028-4cb8-9593-89e009a61740 a238ef8cbb32488283c894b7070d3528 20c20568c9f14e2cab3944b99efdf9c1 - - 37e4c56f4a5048cf8cf69f406f61be15 37e4c56f4a5048cf8cf69f406f61be15] 199.19.213.73 "GET /v2.0/ports/84d293ec-89da-4ae7-b16e-9b499e7ab1c8?fields=binding%3Avnic_type&fields=binding%3Aprofile&fields=network_id&fields=resource_request&fields=numa_affinity_policy&fields=device_profile HTTP/1.1" status: 200 len: 335 time: 0.0431027
2026-05-06 06:12:25.568 10 INFO neutron.wsgi [req-ebc66dc2-60ed-496b-b1ed-bf2aaf94d6be req-59e0692f-4aaf-4968-a9f8-d76801bcc302 a238ef8cbb32488283c894b7070d3528 20c20568c9f14e2cab3944b99efdf9c1 - - 37e4c56f4a5048cf8cf69f406f61be15 37e4c56f4a5048cf8cf69f406f61be15] 199.19.213.73 "GET /v2.0/networks/336701c1-ba98-40d1-9703-d72760456507?fields=segments HTTP/1.1" status: 200 len: 212 time: 0.0656090
2026-05-06 06:12:25.640 10 INFO neutron.wsgi [req-ebc66dc2-60ed-496b-b1ed-bf2aaf94d6be req-563e53f2-cd46-417d-a67a-a37fb70abb84 a238ef8cbb32488283c894b7070d3528 20c20568c9f14e2cab3944b99efdf9c1 - - 37e4c56f4a5048cf8cf69f406f61be15 37e4c56f4a5048cf8cf69f406f61be15] 199.19.213.73 "GET /v2.0/networks/336701c1-ba98-40d1-9703-d72760456507?fields=provider%3Aphysical_network&fields=provider%3Anetwork_type HTTP/1.1" status: 200 len: 277 time: 0.0648172
2026-05-06 06:12:25.655 9 INFO neutron.db.ovn_revision_numbers_db [req-15475120-3172-4d2c-a3bc-057f01b3a318 req-38d2f552-980c-42b1-b609-73bb8eb959c5 a238ef8cbb32488283c894b7070d3528 20c20568c9f14e2cab3944b99efdf9c1 - - 37e4c56f4a5048cf8cf69f406f61be15 37e4c56f4a5048cf8cf69f406f61be15] Successfully bumped revision number for resource 901ef80d-0afb-44e1-8676-2ab6fbc66407 (type: ports) to 2
2026-05-06 06:12:25.701 10 INFO neutron.wsgi [req-ebc66dc2-60ed-496b-b1ed-bf2aaf94d6be req-a7726cef-77b6-4398-a6b2-8d0d46b80524 a238ef8cbb32488283c894b7070d3528 20c20568c9f14e2cab3944b99efdf9c1 - - 37e4c56f4a5048cf8cf69f406f61be15 37e4c56f4a5048cf8cf69f406f61be15] 199.19.213.73 "GET /v2.0/ports/84d293ec-89da-4ae7-b16e-9b499e7ab1c8 HTTP/1.1" status: 200 len: 1293 time: 0.0367949
2026-05-06 06:12:25.790 10 INFO neutron.wsgi [req-ebc66dc2-60ed-496b-b1ed-bf2aaf94d6be req-7c3ffa05-e0e0-471b-b961-d5288dbcb672 ca89b9242353463790d86e73147b14ab f7a7fcbf79c64ad8bdb5a244cd81c59a - - default default] 199.19.213.73 "GET /v2.0/networks?id=336701c1-ba98-40d1-9703-d72760456507 HTTP/1.1" status: 200 len: 1004 time: 0.0841346
2026-05-06 06:12:25.894 9 INFO neutron.db.ovn_revision_numbers_db [req-15475120-3172-4d2c-a3bc-057f01b3a318 req-38d2f552-980c-42b1-b609-73bb8eb959c5 a238ef8cbb32488283c894b7070d3528 20c20568c9f14e2cab3944b99efdf9c1 - - 37e4c56f4a5048cf8cf69f406f61be15 37e4c56f4a5048cf8cf69f406f61be15] Successfully bumped revision number for resource 901ef80d-0afb-44e1-8676-2ab6fbc66407 (type: ports) to 2
2026-05-06 06:12:25.910 9 INFO neutron.wsgi [req-15475120-3172-4d2c-a3bc-057f01b3a318 req-38d2f552-980c-42b1-b609-73bb8eb959c5 a238ef8cbb32488283c894b7070d3528 20c20568c9f14e2cab3944b99efdf9c1 - - 37e4c56f4a5048cf8cf69f406f61be15 37e4c56f4a5048cf8cf69f406f61be15] 199.19.213.73 "PUT /v2.0/ports/901ef80d-0afb-44e1-8676-2ab6fbc66407 HTTP/1.1" status: 200 len: 1419 time: 0.7163246
2026-05-06 06:12:25.954 9 INFO neutron.notifiers.nova [-] Nova event matching ['req-c0d2ea95-ff2c-4740-a647-aeffc90b92d3'] response: {'name': 'network-changed', 'server_uuid': 'bfdeff04-9b6e-4f12-a974-1330779aaa4a', 'tag': '901ef80d-0afb-44e1-8676-2ab6fbc66407', 'status': 'completed', 'code': 200} /var/lib/openstack/lib/python3.10/site-packages/pycadf/identifier.py:71: UserWarning: Invalid uuid: neutron. To ensure interoperability, identifiers should be a valid uuid. warnings.warn(('Invalid uuid: %s. To ensure interoperability, '
2026-05-06 06:12:25.990 9 INFO neutron.wsgi [req-15475120-3172-4d2c-a3bc-057f01b3a318 req-27a36183-9570-4e5f-83e5-bdbc0b506ac2 a238ef8cbb32488283c894b7070d3528 20c20568c9f14e2cab3944b99efdf9c1 - - 37e4c56f4a5048cf8cf69f406f61be15 37e4c56f4a5048cf8cf69f406f61be15] 199.19.213.73 "GET /v2.0/ports?tenant_id=06cc4a18b9a84dcfb5aa98cad84f8acb&device_id=bfdeff04-9b6e-4f12-a974-1330779aaa4a HTTP/1.1" status: 200 len: 1450 time: 0.0351958
2026-05-06 06:12:26.024 9 INFO neutron.wsgi [req-15475120-3172-4d2c-a3bc-057f01b3a318 req-45bd5208-0a5c-405a-8090-7d305f2cc0c3 a238ef8cbb32488283c894b7070d3528 20c20568c9f14e2cab3944b99efdf9c1 - - 37e4c56f4a5048cf8cf69f406f61be15 37e4c56f4a5048cf8cf69f406f61be15] 199.19.213.73 "GET /v2.0/floatingips?fixed_ip_address=10.100.0.11&port_id=901ef80d-0afb-44e1-8676-2ab6fbc66407 HTTP/1.1" status: 200 len: 217 time: 0.0261211
2026-05-06 06:12:26.059 9 INFO neutron.wsgi [req-15475120-3172-4d2c-a3bc-057f01b3a318 req-17754f31-fa3f-4341-9161-131a6738a00b a238ef8cbb32488283c894b7070d3528 20c20568c9f14e2cab3944b99efdf9c1 - - 37e4c56f4a5048cf8cf69f406f61be15 37e4c56f4a5048cf8cf69f406f61be15] 199.19.213.73 "GET /v2.0/subnets?id=acb5552e-2992-4ef6-ae22-1c92d47e8357 HTTP/1.1" status: 200 len: 865 time: 0.0277419
2026-05-06 06:12:26.087 9 INFO neutron.wsgi [req-15475120-3172-4d2c-a3bc-057f01b3a318 req-59abedf2-c941-4c0b-9106-caab11165346 a238ef8cbb32488283c894b7070d3528 20c20568c9f14e2cab3944b99efdf9c1 - - 37e4c56f4a5048cf8cf69f406f61be15 37e4c56f4a5048cf8cf69f406f61be15] 199.19.213.73 "GET /v2.0/ports?network_id=2c872013-62eb-4f61-9767-3ba79b9f2f1f&device_owner=network%3Adhcp HTTP/1.1" status: 200 len: 210 time: 0.0226593
2026-05-06 06:12:26.145 9 INFO neutron.wsgi [req-15475120-3172-4d2c-a3bc-057f01b3a318 req-86efc913-a978-464d-975f-30591a34ed0a a238ef8cbb32488283c894b7070d3528 20c20568c9f14e2cab3944b99efdf9c1 - - 37e4c56f4a5048cf8cf69f406f61be15 37e4c56f4a5048cf8cf69f406f61be15] 199.19.213.73 "GET /v2.0/networks/2c872013-62eb-4f61-9767-3ba79b9f2f1f?fields=segments HTTP/1.1" status: 200 len: 212 time: 0.0532970
2026-05-06 06:12:26.208 9 INFO neutron.wsgi [req-15475120-3172-4d2c-a3bc-057f01b3a318 req-1916eeba-8234-468c-83b2-6742e2604b75 a238ef8cbb32488283c894b7070d3528 20c20568c9f14e2cab3944b99efdf9c1 - - 37e4c56f4a5048cf8cf69f406f61be15 37e4c56f4a5048cf8cf69f406f61be15] 199.19.213.73 "GET /v2.0/networks/2c872013-62eb-4f61-9767-3ba79b9f2f1f?fields=provider%3Aphysical_network&fields=provider%3Anetwork_type HTTP/1.1" status: 200 len: 277 time: 0.0590694
2026-05-06 06:12:26.242 10 INFO neutron.db.ovn_revision_numbers_db [req-ebc66dc2-60ed-496b-b1ed-bf2aaf94d6be req-18b17de3-85f6-42e3-9b64-f2b8db6c200d a238ef8cbb32488283c894b7070d3528 20c20568c9f14e2cab3944b99efdf9c1 - - 37e4c56f4a5048cf8cf69f406f61be15 37e4c56f4a5048cf8cf69f406f61be15] Successfully bumped revision number for resource 84d293ec-89da-4ae7-b16e-9b499e7ab1c8 (type: ports) to 2
2026-05-06 06:12:26.292 9 INFO neutron.wsgi [req-af82df58-95a5-4f19-b42b-3936f58ba5c6 req-8b09fabc-02a8-4359-ad72-55906facbc19 a238ef8cbb32488283c894b7070d3528 20c20568c9f14e2cab3944b99efdf9c1 - - 37e4c56f4a5048cf8cf69f406f61be15 37e4c56f4a5048cf8cf69f406f61be15] 199.19.213.73 "GET /v2.0/ports?tenant_id=06cc4a18b9a84dcfb5aa98cad84f8acb&device_id=bfdeff04-9b6e-4f12-a974-1330779aaa4a HTTP/1.1" status: 200 len: 1450 time: 0.0378006
2026-05-06 06:12:26.381 9 INFO neutron.wsgi [req-af82df58-95a5-4f19-b42b-3936f58ba5c6 req-b64ba0d6-010d-4dbb-99b3-d7aeb335d3be a238ef8cbb32488283c894b7070d3528 20c20568c9f14e2cab3944b99efdf9c1 - - 37e4c56f4a5048cf8cf69f406f61be15 37e4c56f4a5048cf8cf69f406f61be15] 199.19.213.73 "GET /v2.0/networks?id=2c872013-62eb-4f61-9767-3ba79b9f2f1f HTTP/1.1" status: 200 len: 970 time: 0.0832970 /var/lib/openstack/lib/python3.10/site-packages/pycadf/identifier.py:71: UserWarning: Invalid uuid: neutron. To ensure interoperability, identifiers should be a valid uuid. warnings.warn(('Invalid uuid: %s. To ensure interoperability, '
2026-05-06 06:12:26.418 9 INFO neutron.wsgi [req-af82df58-95a5-4f19-b42b-3936f58ba5c6 req-8f726a1b-263c-4bf2-a554-f825a6d42d19 a238ef8cbb32488283c894b7070d3528 20c20568c9f14e2cab3944b99efdf9c1 - - 37e4c56f4a5048cf8cf69f406f61be15 37e4c56f4a5048cf8cf69f406f61be15] 199.19.213.73 "GET /v2.0/floatingips?fixed_ip_address=10.100.0.11&port_id=901ef80d-0afb-44e1-8676-2ab6fbc66407 HTTP/1.1" status: 200 len: 217 time: 0.0280938
2026-05-06 06:12:26.426 10 INFO neutron.wsgi [req-ee1587f8-5e4d-4b06-973e-777fbf2ebb44 req-25c4175a-5811-492a-ace9-9ec78b01f854 a238ef8cbb32488283c894b7070d3528 20c20568c9f14e2cab3944b99efdf9c1 - - 37e4c56f4a5048cf8cf69f406f61be15 37e4c56f4a5048cf8cf69f406f61be15] 199.19.213.73 "GET /v2.0/ports?device_id=bfdeff04-9b6e-4f12-a974-1330779aaa4a HTTP/1.1" status: 200 len: 1450 time: 0.0359952
2026-05-06 06:12:26.454 10 INFO neutron.db.ovn_revision_numbers_db [req-ebc66dc2-60ed-496b-b1ed-bf2aaf94d6be req-18b17de3-85f6-42e3-9b64-f2b8db6c200d a238ef8cbb32488283c894b7070d3528 20c20568c9f14e2cab3944b99efdf9c1 - - 37e4c56f4a5048cf8cf69f406f61be15 37e4c56f4a5048cf8cf69f406f61be15] Successfully bumped revision number for resource 84d293ec-89da-4ae7-b16e-9b499e7ab1c8 (type: ports) to 2
2026-05-06 06:12:26.468 9 INFO neutron.wsgi [req-af82df58-95a5-4f19-b42b-3936f58ba5c6 req-f77d1572-f972-44c2-90c4-35eb53586b3a a238ef8cbb32488283c894b7070d3528 20c20568c9f14e2cab3944b99efdf9c1 - - 37e4c56f4a5048cf8cf69f406f61be15 37e4c56f4a5048cf8cf69f406f61be15] 199.19.213.73 "GET /v2.0/subnets?id=acb5552e-2992-4ef6-ae22-1c92d47e8357 HTTP/1.1" status: 200 len: 865 time: 0.0363655
