2026-05-06 06:11:49.918 10 INFO neutron.wsgi [None req-f4f8e8ee-5d61-4142-8a69-340e738e51b7 50ea741a2c13407eb6f981b19e176352 c8119fc32f4448cbb8b4cd319f0ca681 - - default default] 10.0.0.130 "DELETE /v2.0/trunks/e5da12b8-64a8-4512-bc5c-de441dcfa6ad HTTP/1.1" status: 204 len: 168 time: 0.1133890
2026-05-06 06:11:49.955 9 INFO neutron.wsgi [None req-9dc77409-3609-49d7-ad2e-269d1758e4cc 50ea741a2c13407eb6f981b19e176352 c8119fc32f4448cbb8b4cd319f0ca681 - - default default] 10.0.0.130 "GET /v2.0/trunks/b12b81c3-ac68-4d9d-a446-f83e149faa90 HTTP/1.1" status: 200 len: 603 time: 0.0271215
2026-05-06 06:11:50.069 10 INFO neutron.wsgi [None req-3edec20c-11a6-46d8-97ef-318dcca54f80 50ea741a2c13407eb6f981b19e176352 c8119fc32f4448cbb8b4cd319f0ca681 - - default default] 10.0.0.130 "GET /v2.0/ports/cf8bfb6d-80ca-457b-bb25-45ae289524a2 HTTP/1.1" status: 200 len: 1020 time: 0.1079428
2026-05-06 06:11:50.162 10 INFO neutron.wsgi [None req-09475444-9a6f-484a-b58c-5240d584d142 50ea741a2c13407eb6f981b19e176352 c8119fc32f4448cbb8b4cd319f0ca681 - - default default] 10.0.0.130 "DELETE /v2.0/trunks/b12b81c3-ac68-4d9d-a446-f83e149faa90 HTTP/1.1" status: 204 len: 168 time: 0.0872679
2026-05-06 06:11:50.484 10 INFO neutron.wsgi [None req-744cbf8e-031a-4d3c-be3a-4ba019c76f2f 50ea741a2c13407eb6f981b19e176352 c8119fc32f4448cbb8b4cd319f0ca681 - - default default] 10.0.0.130 "DELETE /v2.0/ports/6a34b6b6-45e3-40ae-ae87-862640b4f8a4 HTTP/1.1" status: 204 len: 168 time: 0.3125587
2026-05-06 06:11:50.731 10 INFO neutron.wsgi [None req-76d496c5-d4c7-4bc2-b308-8b18b51ddac7 50ea741a2c13407eb6f981b19e176352 c8119fc32f4448cbb8b4cd319f0ca681 - - default default] 10.0.0.130 "DELETE /v2.0/ports/bc87025d-a075-41d8-bffd-19479454a062 HTTP/1.1" status: 204 len: 168 time: 0.2408504
2026-05-06 06:11:50.975 9 INFO neutron.wsgi [None req-0055bbe7-978f-4149-a955-962a73d0caac 50ea741a2c13407eb6f981b19e176352 c8119fc32f4448cbb8b4cd319f0ca681 - - default default] 10.0.0.130 "DELETE /v2.0/ports/0a37a916-8cbc-4676-971d-8607fbc2ee53 HTTP/1.1" status: 204 len: 168 time: 0.2384944
2026-05-06 06:11:51.288 9 INFO neutron.wsgi [None req-b5f2c9ac-7f14-4784-aa66-7d5f51717f60 50ea741a2c13407eb6f981b19e176352 c8119fc32f4448cbb8b4cd319f0ca681 - - default default] 10.0.0.130 "DELETE /v2.0/ports/94144e2a-2043-485f-8902-63ad0a46a2eb HTTP/1.1" status: 204 len: 168 time: 0.3077848
2026-05-06 06:11:51.573 10 INFO neutron.wsgi [None req-95e09e91-be0d-4fa8-ae0b-ed7292f374f2 50ea741a2c13407eb6f981b19e176352 c8119fc32f4448cbb8b4cd319f0ca681 - - default default] 10.0.0.130 "DELETE /v2.0/ports/cf8bfb6d-80ca-457b-bb25-45ae289524a2 HTTP/1.1" status: 204 len: 168 time: 0.2803221
2026-05-06 06:11:51.726 9 INFO neutron.wsgi [-] 10.0.0.69 "GET / HTTP/1.1" status: 200 len: 247 time: 0.0030951
2026-05-06 06:11:51.729 9 INFO neutron.wsgi [-] 10.0.0.69 "GET / HTTP/1.1" status: 200 len: 247 time: 0.0020885
2026-05-06 06:11:51.896 9 INFO neutron.wsgi [req-ceb736ee-940a-4451-94e2-c3f99c5384ec req-d4fed8ae-e7d9-4702-8560-bd1bf9514a75 a238ef8cbb32488283c894b7070d3528 20c20568c9f14e2cab3944b99efdf9c1 - - 37e4c56f4a5048cf8cf69f406f61be15 37e4c56f4a5048cf8cf69f406f61be15] 10.0.0.24 "GET /v2.0/ports?device_id=e970e354-d410-4b0e-b433-2596ae7dbdaa HTTP/1.1" status: 200 len: 1413 time: 0.0464396
2026-05-06 06:11:51.956 9 INFO neutron.wsgi [req-ceb736ee-940a-4451-94e2-c3f99c5384ec req-5fcccfd2-71f1-46b6-84fb-4ea6febd0b35 a238ef8cbb32488283c894b7070d3528 20c20568c9f14e2cab3944b99efdf9c1 - - 37e4c56f4a5048cf8cf69f406f61be15 37e4c56f4a5048cf8cf69f406f61be15] 10.0.0.24 "GET /v2.0/security-groups?id=7b12fa6f-4b75-483c-bb33-bd95b595fa50&fields=id&fields=name HTTP/1.1" status: 200 len: 313 time: 0.0557597
2026-05-06 06:11:52.018 10 INFO neutron.services.segments.plugin [-] Segment fe3c711e-469c-45ee-b6fa-ab3fb2c9c4f3 resource provider aggregate not found
2026-05-06 06:11:52.024 10 INFO neutron.services.segments.plugin [-] Segment fe3c711e-469c-45ee-b6fa-ab3fb2c9c4f3 resource provider aggregate not found
2026-05-06 06:11:52.039 10 INFO neutron.services.segments.plugin [-] Segment fe3c711e-469c-45ee-b6fa-ab3fb2c9c4f3 resource provider not found; error: Placement Client Error (4xx): {"errors": [{"status": 404, "title": "Not Found", "detail": "The resource could not be found.\n\n No resource provider with uuid fe3c711e-469c-45ee-b6fa-ab3fb2c9c4f3 found for delete ", "request_id": "req-1dd4c9c3-5b99-46ff-916b-db0f1a882973"}]}
2026-05-06 06:11:52.040 10 INFO neutron.services.segments.plugin [-] Segment fe3c711e-469c-45ee-b6fa-ab3fb2c9c4f3 resource provider not found; error: Placement Client Error (4xx): {"errors": [{"status": 404, "title": "Not Found", "detail": "The resource could not be found.\n\n No resource provider with uuid fe3c711e-469c-45ee-b6fa-ab3fb2c9c4f3 found for delete ", "request_id": "req-faf7ea41-66f5-4669-9972-317eca012aaf"}]}
2026-05-06 06:11:52.075 10 INFO neutron.wsgi [None req-38e0288e-6507-4ccf-8453-15bf7dc02c2d 50ea741a2c13407eb6f981b19e176352 c8119fc32f4448cbb8b4cd319f0ca681 - - default default] 10.0.0.130 "DELETE /v2.0/networks/be4a414f-169a-4963-b0b1-2e241bc66084 HTTP/1.1" status: 204 len: 168 time: 0.4965644
2026-05-06 06:11:52.619 10 INFO neutron.wsgi [None req-3809a5c6-ff86-4408-bcf3-306e700c3354 50ea741a2c13407eb6f981b19e176352 c8119fc32f4448cbb8b4cd319f0ca681 - - default default] 10.0.0.130 "DELETE /v2.0/networks/48d0873b-56f4-48cb-a87e-6f6620c05390 HTTP/1.1" status: 204 len: 168 time: 0.5359855
2026-05-06 06:11:53.182 10 INFO neutron.wsgi [None req-9e922b8b-723a-4224-a7e0-d033718c5f78 50ea741a2c13407eb6f981b19e176352 c8119fc32f4448cbb8b4cd319f0ca681 - - default default] 10.0.0.130 "DELETE /v2.0/networks/734b8f33-7e7b-4178-bc8f-652e681fb927 HTTP/1.1" status: 204 len: 168 time: 0.5548725
2026-05-06 06:11:53.568 9 INFO neutron.services.segments.plugin [-] Segment 6153a9d4-9028-45ac-8334-2c52ccf8f3ca resource provider aggregate not found
2026-05-06 06:11:53.574 9 INFO neutron.services.segments.plugin [-] Segment 6153a9d4-9028-45ac-8334-2c52ccf8f3ca resource provider aggregate not found
2026-05-06 06:11:53.585 9 INFO neutron.services.segments.plugin [-] Segment 6153a9d4-9028-45ac-8334-2c52ccf8f3ca resource provider not found; error: Placement Client Error (4xx): {"errors": [{"status": 404, "title": "Not Found", "detail": "The resource could not be found.\n\n No resource provider with uuid 6153a9d4-9028-45ac-8334-2c52ccf8f3ca found for delete ", "request_id": "req-0a48243f-1ee9-42d9-b82f-bd9c98d8dea9"}]}
2026-05-06 06:11:53.587 9 INFO neutron.services.segments.plugin [-] Segment 6153a9d4-9028-45ac-8334-2c52ccf8f3ca resource provider not found; error: Placement Client Error (4xx): {"errors": [{"status": 404, "title": "Not Found", "detail": "The resource could not be found.\n\n No resource provider with uuid 6153a9d4-9028-45ac-8334-2c52ccf8f3ca found for delete ", "request_id": "req-9a9c129d-f4d1-42eb-821b-54143ec6e419"}]}
2026-05-06 06:11:53.613 9 INFO neutron.wsgi [None req-bef6d844-4d85-4ad5-bc95-2ae4254e7a25 50ea741a2c13407eb6f981b19e176352 c8119fc32f4448cbb8b4cd319f0ca681 - - default default] 10.0.0.130 "DELETE /v2.0/networks/821b2187-7702-4b14-b32c-0b4f53a12ff0 HTTP/1.1" status: 204 len: 168 time: 0.4256871
2026-05-06 06:11:54.056 9 INFO neutron.wsgi [None req-191082c6-6fc4-48fc-ae77-c9cf2318fd1c 50ea741a2c13407eb6f981b19e176352 c8119fc32f4448cbb8b4cd319f0ca681 - - default default] 10.0.0.130 "DELETE /v2.0/networks/770ff3bc-7175-4dc8-82c8-3637743ed770 HTTP/1.1" status: 204 len: 168 time: 0.4341142
2026-05-06 06:11:54.058 10 INFO neutron.services.segments.plugin [-] Segment 2edab0f0-e5b1-478a-a1a4-00d64cf67ad6 resource provider aggregate not found
2026-05-06 06:11:54.066 10 INFO neutron.services.segments.plugin [-] Segment 2edab0f0-e5b1-478a-a1a4-00d64cf67ad6 resource provider aggregate not found
2026-05-06 06:11:54.073 10 INFO neutron.services.segments.plugin [-] Segment 2edab0f0-e5b1-478a-a1a4-00d64cf67ad6 resource provider not found; error: Placement Client Error (4xx): {"errors": [{"status": 404, "title": "Not Found", "detail": "The resource could not be found.\n\n No resource provider with uuid 2edab0f0-e5b1-478a-a1a4-00d64cf67ad6 found for delete ", "request_id": "req-0784cfa4-0600-4279-904c-ceff23a2a708"}]}
2026-05-06 06:11:54.083 10 INFO neutron.services.segments.plugin [-] Segment 2edab0f0-e5b1-478a-a1a4-00d64cf67ad6 resource provider not found; error: Placement Client Error (4xx): {"errors": [{"status": 404, "title": "Not Found", "detail": "The resource could not be found.\n\n No resource provider with uuid 2edab0f0-e5b1-478a-a1a4-00d64cf67ad6 found for delete ", "request_id": "req-53ff3627-03a9-44a4-a911-b9b6972a76cd"}]}
2026-05-06 06:11:54.088 10 INFO neutron.services.segments.plugin [-] Segment 4397e8a5-fc55-4103-9e1a-722b4ae6701a resource provider aggregate not found
2026-05-06 06:11:54.105 10 INFO neutron.services.segments.plugin [-] Segment 4397e8a5-fc55-4103-9e1a-722b4ae6701a resource provider not found; error: Placement Client Error (4xx): {"errors": [{"status": 404, "title": "Not Found", "detail": "The resource could not be found.\n\n No resource provider with uuid 4397e8a5-fc55-4103-9e1a-722b4ae6701a found for delete ", "request_id": "req-6259bab8-220c-4906-89b8-d5c475730352"}]}
2026-05-06 06:11:54.109 10 INFO neutron.services.segments.plugin [-] Segment 4397e8a5-fc55-4103-9e1a-722b4ae6701a resource provider aggregate not found
2026-05-06 06:11:54.135 10 INFO neutron.services.segments.plugin [-] Segment 4397e8a5-fc55-4103-9e1a-722b4ae6701a resource provider not found; error: Placement Client Error (4xx): {"errors": [{"status": 404, "title": "Not Found", "detail": "The resource could not be found.\n\n No resource provider with uuid 4397e8a5-fc55-4103-9e1a-722b4ae6701a found for delete ", "request_id": "req-d9a59753-5545-4e72-8cd8-b71bf3968d3c"}]}
2026-05-06 06:11:55.235 9 INFO neutron.plugins.ml2.drivers.ovn.mech_driver.mech_driver [None req-abbeebd0-d50e-4d66-a978-89d93b228ab9 - - - - - -] OVN reports status down for port: 2e79f4d5-5b45-4fa3-bfff-499e5b63dbae
2026-05-06 06:11:55.350 10 INFO neutron.wsgi [req-7dc4d827-6657-4e58-891b-98d097cc4d10 req-0f35afcd-74de-47c5-b6e2-2119bbaa8157 8a63e001665f4f5ebe95d4ec4e34e2d3 de3b305464634a249849f15e0c95a300 - - default default] 10.0.0.210 "GET /v2.0/ports?device_id=e970e354-d410-4b0e-b433-2596ae7dbdaa HTTP/1.1" status: 200 len: 1174 time: 0.1513155
2026-05-06 06:11:55.422 9 INFO neutron.notifiers.nova [-] Nova event matching ['req-0ad7aa6d-6a79-4275-aa1c-ad2cfcf2ab9d'] response: {'server_uuid': 'e970e354-d410-4b0e-b433-2596ae7dbdaa', 'name': 'network-vif-unplugged', 'status': 'completed', 'tag': '2e79f4d5-5b45-4fa3-bfff-499e5b63dbae', 'code': 200}
2026-05-06 06:11:55.429 10 INFO neutron.wsgi [req-7dc4d827-6657-4e58-891b-98d097cc4d10 req-a66a4999-e4d1-4292-bd03-e649c83c0f59 8a63e001665f4f5ebe95d4ec4e34e2d3 de3b305464634a249849f15e0c95a300 - - default default] 10.0.0.210 "GET /v2.0/security-groups?id=7b12fa6f-4b75-483c-bb33-bd95b595fa50&fields=id&fields=name HTTP/1.1" status: 200 len: 313 time: 0.0699375
2026-05-06 06:11:55.449 9 INFO neutron.db.ovn_revision_numbers_db [None req-f1c0bc88-1757-4490-8982-dca0ed50c51d ca89b9242353463790d86e73147b14ab f7a7fcbf79c64ad8bdb5a244cd81c59a - - default default] Successfully bumped revision number for resource 6dd3ae6c-ae39-4695-b4bd-ba3ddea03287 (type: security_groups) to 1
2026-05-06 06:11:55.466 9 INFO neutron.db.ovn_revision_numbers_db [None req-f1c0bc88-1757-4490-8982-dca0ed50c51d ca89b9242353463790d86e73147b14ab f7a7fcbf79c64ad8bdb5a244cd81c59a - - default default] Successfully bumped revision number for resource 6307b815-01a3-4f45-8ccb-e15c1a0aacef (type: security_group_rules) to 0
2026-05-06 06:11:55.490 9 INFO neutron.db.ovn_revision_numbers_db [None req-f1c0bc88-1757-4490-8982-dca0ed50c51d ca89b9242353463790d86e73147b14ab f7a7fcbf79c64ad8bdb5a244cd81c59a - - default default] Successfully bumped revision number for resource 6bbad470-f248-431d-970d-a2db86aa2eb9 (type: security_group_rules) to 0
2026-05-06 06:11:55.522 9 INFO neutron.db.ovn_revision_numbers_db [None req-f1c0bc88-1757-4490-8982-dca0ed50c51d ca89b9242353463790d86e73147b14ab f7a7fcbf79c64ad8bdb5a244cd81c59a - - default default] Successfully bumped revision number for resource 79f2df50-dbce-4028-bdb3-f100e9722fe0 (type: security_group_rules) to 0
2026-05-06 06:11:55.563 9 INFO neutron.db.ovn_revision_numbers_db [None req-f1c0bc88-1757-4490-8982-dca0ed50c51d ca89b9242353463790d86e73147b14ab f7a7fcbf79c64ad8bdb5a244cd81c59a - - default default] Successfully bumped revision number for resource d9168bae-ebd0-471d-913b-127f830a24f0 (type: security_group_rules) to 0
2026-05-06 06:11:55.618 9 INFO neutron.services.segments.plugin [-] Segment e2090b58-5437-42e8-86b0-28868426bb4c resource provider aggregate not found
2026-05-06 06:11:55.623 9 INFO neutron.services.segments.plugin [-] Segment e2090b58-5437-42e8-86b0-28868426bb4c resource provider aggregate not found
2026-05-06 06:11:55.648 9 INFO neutron.services.segments.plugin [-] Segment e2090b58-5437-42e8-86b0-28868426bb4c resource provider not found; error: Placement Client Error (4xx): {"errors": [{"status": 404, "title": "Not Found", "detail": "The resource could not be found.\n\n No resource provider with uuid e2090b58-5437-42e8-86b0-28868426bb4c found for delete ", "request_id": "req-f2864942-12dd-4d00-9daa-3b47c0e086b6"}]}
2026-05-06 06:11:55.649 9 INFO neutron.services.segments.plugin [-] Segment e2090b58-5437-42e8-86b0-28868426bb4c resource provider not found; error: Placement Client Error (4xx): {"errors": [{"status": 404, "title": "Not Found", "detail": "The resource could not be found.\n\n No resource provider with uuid e2090b58-5437-42e8-86b0-28868426bb4c found for delete ", "request_id": "req-d4b9b630-9733-4dbc-93bb-117fc22fa38a"}]}
2026-05-06 06:11:55.653 9 INFO neutron.wsgi [None req-f1c0bc88-1757-4490-8982-dca0ed50c51d ca89b9242353463790d86e73147b14ab f7a7fcbf79c64ad8bdb5a244cd81c59a - - default default] 10.0.0.130 "GET /v2.0/security-groups?tenant_id=9980972c03df4dc1afda1430a30fc12f&name=default HTTP/1.1" status: 200 len: 2996 time: 0.6568584
2026-05-06 06:11:55.690 9 INFO neutron.wsgi [req-ea5106e7-a83d-4b89-85c3-5aa5654fcbd4 req-ea4675d5-0a8b-4bbb-9ed2-d22affc6b353 8a63e001665f4f5ebe95d4ec4e34e2d3 de3b305464634a249849f15e0c95a300 - - default default] 199.19.213.73 "GET /v2.0/ports?device_id=e970e354-d410-4b0e-b433-2596ae7dbdaa HTTP/1.1" status: 200 len: 1172 time: 0.1701415
2026-05-06 06:11:55.690 9 INFO neutron.db.ovn_revision_numbers_db [None req-abbeebd0-d50e-4d66-a978-89d93b228ab9 - - - - - -] Successfully bumped revision number for resource 2e79f4d5-5b45-4fa3-bfff-499e5b63dbae (type: ports) to 5
2026-05-06 06:11:55.885 10 INFO neutron.wsgi [None req-37f12e09-e38c-431c-ab75-2834675f9be4 ca89b9242353463790d86e73147b14ab f7a7fcbf79c64ad8bdb5a244cd81c59a - - default default] 10.0.0.130 "DELETE /v2.0/security-groups/6dd3ae6c-ae39-4695-b4bd-ba3ddea03287 HTTP/1.1" status: 204 len: 168 time: 0.2224467
2026-05-06 06:11:56.085 9 INFO neutron.db.l3_db [req-ea5106e7-a83d-4b89-85c3-5aa5654fcbd4 req-9f6a89dd-6b5d-4ad0-be62-c3e829897046 8a63e001665f4f5ebe95d4ec4e34e2d3 de3b305464634a249849f15e0c95a300 - - default default] Floating IP e70df560-a8fe-4d70-861d-72c6fbd2b48b disassociated. External IP: 10.96.250.215, port: 2e79f4d5-5b45-4fa3-bfff-499e5b63dbae.
2026-05-06 06:11:56.093 10 INFO neutron.db.ovn_revision_numbers_db [None req-e6e79943-07de-4f22-8fd9-599115ac4345 ca89b9242353463790d86e73147b14ab f7a7fcbf79c64ad8bdb5a244cd81c59a - - default default] Successfully bumped revision number for resource 0baf9de5-5e9b-4867-a413-1ccd83fd8b58 (type: security_groups) to 1
2026-05-06 06:11:56.137 10 INFO neutron.db.ovn_revision_numbers_db [None req-e6e79943-07de-4f22-8fd9-599115ac4345 ca89b9242353463790d86e73147b14ab f7a7fcbf79c64ad8bdb5a244cd81c59a - - default default] Successfully bumped revision number for resource 3a9c21e9-1a8c-4b7b-93db-c987cc35447e (type: security_group_rules) to 0
2026-05-06 06:11:56.154 10 INFO neutron.db.ovn_revision_numbers_db [None req-e6e79943-07de-4f22-8fd9-599115ac4345 ca89b9242353463790d86e73147b14ab f7a7fcbf79c64ad8bdb5a244cd81c59a - - default default] Successfully bumped revision number for resource a8d82a1d-3883-407d-b6b3-08d8e79406bc (type: security_group_rules) to 0
2026-05-06 06:11:56.169 10 INFO neutron.db.ovn_revision_numbers_db [None req-e6e79943-07de-4f22-8fd9-599115ac4345 ca89b9242353463790d86e73147b14ab f7a7fcbf79c64ad8bdb5a244cd81c59a - - default default] Successfully bumped revision number for resource af461450-133e-4b9d-a5e0-db7ac454bf25 (type: security_group_rules) to 0
2026-05-06 06:11:56.183 10 INFO neutron.db.ovn_revision_numbers_db [None req-e6e79943-07de-4f22-8fd9-599115ac4345 ca89b9242353463790d86e73147b14ab f7a7fcbf79c64ad8bdb5a244cd81c59a - - default default] Successfully bumped revision number for resource f861c08e-63b2-498c-b866-da93abaf97eb (type: security_group_rules) to 0
2026-05-06 06:11:56.207 10 INFO neutron.wsgi [None req-e6e79943-07de-4f22-8fd9-599115ac4345 ca89b9242353463790d86e73147b14ab f7a7fcbf79c64ad8bdb5a244cd81c59a - - default default] 10.0.0.130 "GET /v2.0/security-groups?tenant_id=33248aaf95ac4edc94168227b0e486f5&name=default HTTP/1.1" status: 200 len: 2996 time: 0.2162206 /var/lib/openstack/lib/python3.10/site-packages/pycadf/identifier.py:71: UserWarning: Invalid uuid: neutron. To ensure interoperability, identifiers should be a valid uuid. warnings.warn(('Invalid uuid: %s. To ensure interoperability, '
2026-05-06 06:11:56.268 9 INFO neutron.wsgi [req-ea5106e7-a83d-4b89-85c3-5aa5654fcbd4 req-9f6a89dd-6b5d-4ad0-be62-c3e829897046 8a63e001665f4f5ebe95d4ec4e34e2d3 de3b305464634a249849f15e0c95a300 - - default default] 199.19.213.73 "DELETE /v2.0/ports/2e79f4d5-5b45-4fa3-bfff-499e5b63dbae HTTP/1.1" status: 204 len: 173 time: 0.5719769
2026-05-06 06:11:56.433 10 INFO neutron.wsgi [None req-c27408e0-44f3-4b18-9b29-71332c244d78 ca89b9242353463790d86e73147b14ab f7a7fcbf79c64ad8bdb5a244cd81c59a - - default default] 10.0.0.130 "DELETE /v2.0/security-groups/0baf9de5-5e9b-4867-a413-1ccd83fd8b58 HTTP/1.1" status: 204 len: 168 time: 0.2196171
2026-05-06 06:11:56.569 10 INFO neutron.wsgi [req-bd378456-5812-4350-8a49-066447c48dbf req-3d7bb8c1-341b-4e42-aff0-aed28d47e8f8 8a63e001665f4f5ebe95d4ec4e34e2d3 de3b305464634a249849f15e0c95a300 - - default default] 10.0.0.210 "GET /v2.0/ports?device_id=e970e354-d410-4b0e-b433-2596ae7dbdaa HTTP/1.1" status: 200 len: 210 time: 0.0381176 /var/lib/openstack/lib/python3.10/site-packages/pycadf/identifier.py:71: UserWarning: Invalid uuid: neutron. To ensure interoperability, identifiers should be a valid uuid. warnings.warn(('Invalid uuid: %s. To ensure interoperability, '
2026-05-06 06:11:56.718 9 INFO neutron.wsgi [None req-5ab4d834-913b-40cb-af3d-d329db1793f0 ca89b9242353463790d86e73147b14ab f7a7fcbf79c64ad8bdb5a244cd81c59a - - default default] 10.0.0.130 "GET /v2.0/security-groups?tenant_id=c8119fc32f4448cbb8b4cd319f0ca681&name=default HTTP/1.1" status: 200 len: 2996 time: 0.0511851
2026-05-06 06:11:56.939 9 INFO neutron.wsgi [None req-9e5380e6-bdea-41f3-860e-9116ba4345a6 ca89b9242353463790d86e73147b14ab f7a7fcbf79c64ad8bdb5a244cd81c59a - - default default] 10.0.0.130 "DELETE /v2.0/security-groups/4462cb8c-e3fa-40b8-a0d5-42d650daecd5 HTTP/1.1" status: 204 len: 168 time: 0.2168610
2026-05-06 06:11:57.482 9 INFO neutron.notifiers.nova [-] Nova event matching ['req-91756d93-57a0-4d49-be8a-9a56abe77bde'] response: {'server_uuid': 'e970e354-d410-4b0e-b433-2596ae7dbdaa', 'name': 'network-vif-plugged', 'status': 'completed', 'tag': '2e79f4d5-5b45-4fa3-bfff-499e5b63dbae', 'code': 200}
2026-05-06 06:11:57.482 9 INFO neutron.notifiers.nova [-] Nova event matching ['req-91756d93-57a0-4d49-be8a-9a56abe77bde'] response: {'server_uuid': 'e970e354-d410-4b0e-b433-2596ae7dbdaa', 'name': 'network-vif-deleted', 'tag': '2e79f4d5-5b45-4fa3-bfff-499e5b63dbae', 'status': 'completed', 'code': 200}
2026-05-06 06:11:57.790 9 INFO neutron.wsgi [None req-3a4e8d3e-0a3c-465b-b5da-d013bc2fe7eb 8a63e001665f4f5ebe95d4ec4e34e2d3 de3b305464634a249849f15e0c95a300 - - default default] 10.0.0.130 "DELETE /v2.0/security-groups/7b12fa6f-4b75-483c-bb33-bd95b595fa50 HTTP/1.1" status: 204 len: 168 time: 0.1277494
2026-05-06 06:11:58.476 9 INFO neutron.wsgi [None req-9fd00807-ffb1-4bb1-b966-d9f2c6513b57 8a63e001665f4f5ebe95d4ec4e34e2d3 de3b305464634a249849f15e0c95a300 - - default default] 10.0.0.130 "DELETE /v2.0/floatingips/e70df560-a8fe-4d70-861d-72c6fbd2b48b HTTP/1.1" status: 204 len: 168 time: 0.6479630
2026-05-06 06:11:58.757 10 INFO neutron.wsgi [req-ac86ad98-d92f-40f2-a715-751b95914650 req-aa93598a-7772-439d-9225-cf6934697639 8a63e001665f4f5ebe95d4ec4e34e2d3 de3b305464634a249849f15e0c95a300 - - default default] 10.0.0.210 "GET /v2.0/ports?device_id=c819fd06-86d8-4234-a0dd-e40d2f595f8e HTTP/1.1" status: 200 len: 1170 time: 0.0673041
2026-05-06 06:11:58.760 10 INFO neutron.plugins.ml2.drivers.ovn.mech_driver.mech_driver [None req-e3256b9d-3a67-40a3-a56b-ef7bdefb95c1 - - - - - -] OVN reports status down for port: bf02b1ff-f3c1-46c6-b09c-04e0f360a947
2026-05-06 06:11:58.849 10 INFO neutron.wsgi [req-ac86ad98-d92f-40f2-a715-751b95914650 req-c2cbf7ff-351b-45d6-a4a4-37c7388350cf 8a63e001665f4f5ebe95d4ec4e34e2d3 de3b305464634a249849f15e0c95a300 - - default default] 10.0.0.210 "GET /v2.0/security-groups?id=17a8c5ce-f692-4680-95c6-8d709c56aca4&fields=id&fields=name HTTP/1.1" status: 200 len: 311 time: 0.0760777
2026-05-06 06:11:59.003 10 INFO neutron.notifiers.nova [-] Nova event matching ['req-52d0dda0-2785-47c1-9541-54ebff8ff3da'] response: {'server_uuid': 'c819fd06-86d8-4234-a0dd-e40d2f595f8e', 'name': 'network-vif-unplugged', 'status': 'completed', 'tag': 'bf02b1ff-f3c1-46c6-b09c-04e0f360a947', 'code': 200}
2026-05-06 06:11:59.100 9 INFO neutron.wsgi [req-d3484e39-de8a-4f2c-9cef-bc3f71778446 req-9b8815ed-89e3-43fb-9f9d-9972fbcd25fe 8a63e001665f4f5ebe95d4ec4e34e2d3 de3b305464634a249849f15e0c95a300 - - default default] 199.19.213.73 "GET /v2.0/ports?device_id=c819fd06-86d8-4234-a0dd-e40d2f595f8e HTTP/1.1" status: 200 len: 1168 time: 0.0558848
2026-05-06 06:11:59.204 10 INFO neutron.db.ovn_revision_numbers_db [None req-e3256b9d-3a67-40a3-a56b-ef7bdefb95c1 - - - - - -] Successfully bumped revision number for resource bf02b1ff-f3c1-46c6-b09c-04e0f360a947 (type: ports) to 5
2026-05-06 06:11:59.398 9 INFO neutron.wsgi [req-d3484e39-de8a-4f2c-9cef-bc3f71778446 req-5b4b8e3c-e1c1-499a-94ba-6365f701b695 8a63e001665f4f5ebe95d4ec4e34e2d3 de3b305464634a249849f15e0c95a300 - - default default] 199.19.213.73 "DELETE /v2.0/ports/bf02b1ff-f3c1-46c6-b09c-04e0f360a947 HTTP/1.1" status: 204 len: 173 time: 0.2917895
2026-05-06 06:11:59.522 9 INFO neutron.notifiers.nova [-] Nova event matching ['req-d9c3a244-4d39-4d63-bb55-c022c105fd90'] response: {'server_uuid': 'c819fd06-86d8-4234-a0dd-e40d2f595f8e', 'name': 'network-vif-deleted', 'tag': 'bf02b1ff-f3c1-46c6-b09c-04e0f360a947', 'status': 'completed', 'code': 200} /var/lib/openstack/lib/python3.10/site-packages/pycadf/identifier.py:71: UserWarning: Invalid uuid: neutron. To ensure interoperability, identifiers should be a valid uuid. warnings.warn(('Invalid uuid: %s. To ensure interoperability, '
2026-05-06 06:12:00.082 10 INFO neutron.wsgi [None req-2b0db612-4fb4-4442-8369-52c5138779eb 8a63e001665f4f5ebe95d4ec4e34e2d3 de3b305464634a249849f15e0c95a300 - - default default] 10.0.0.130 "DELETE /v2.0/security-groups/17a8c5ce-f692-4680-95c6-8d709c56aca4 HTTP/1.1" status: 204 len: 168 time: 0.1574454
2026-05-06 06:12:00.621 9 WARNING neutron_lib.context [None req-ed8e6c15-e878-4475-b5d4-47e79c26212e 0eec389eb85142efbd8ce9f0bcdc38bb fb8e6995b97945d9adc01fa394b1459d - - default default] Method 'is_advsvc' is deprecated since 2023.2 release (neutron-lib 3.8.0) and will be removed once support for the old RBAC API policies will be removed from Neutron. Please use method 'is_service_role' instead.
2026-05-06 06:12:00.792 9 INFO neutron.db.ovn_revision_numbers_db [None req-ed8e6c15-e878-4475-b5d4-47e79c26212e 0eec389eb85142efbd8ce9f0bcdc38bb fb8e6995b97945d9adc01fa394b1459d - - default default] Successfully bumped revision number for resource 39761e4c-0c6c-4c7b-93e2-05095edc1816 (type: routers) to 1
2026-05-06 06:12:00.808 9 INFO neutron.wsgi [None req-ed8e6c15-e878-4475-b5d4-47e79c26212e 0eec389eb85142efbd8ce9f0bcdc38bb fb8e6995b97945d9adc01fa394b1459d - - default default] 10.0.0.130 "POST /v2.0/routers HTTP/1.1" status: 201 len: 654 time: 0.4478476
2026-05-06 06:12:00.888 9 INFO neutron.wsgi [None req-b600fc17-cfc7-43b1-bd74-d26b401468c6 0eec389eb85142efbd8ce9f0bcdc38bb fb8e6995b97945d9adc01fa394b1459d - - default default] 10.0.0.130 "PUT /v2.0/routers/39761e4c-0c6c-4c7b-93e2-05095edc1816/tags HTTP/1.1" status: 200 len: 218 time: 0.0710795
2026-05-06 06:12:00.945 9 INFO neutron.wsgi [None req-083966ed-a9ea-4031-a9cf-04957a8302a9 0eec389eb85142efbd8ce9f0bcdc38bb fb8e6995b97945d9adc01fa394b1459d - - default default] 10.0.0.130 "GET /v2.0/routers/39761e4c-0c6c-4c7b-93e2-05095edc1816/tags HTTP/1.1" status: 200 len: 218 time: 0.0509667
2026-05-06 06:12:01.032 9 INFO neutron.wsgi [None req-d909e676-b193-400f-80b5-69b04fa63fc6 0eec389eb85142efbd8ce9f0bcdc38bb fb8e6995b97945d9adc01fa394b1459d - - default default] 10.0.0.130 "PUT /v2.0/routers/39761e4c-0c6c-4c7b-93e2-05095edc1816/tags/green HTTP/1.1" status: 201 len: 201 time: 0.0771091
2026-05-06 06:12:01.042 10 INFO neutron.notifiers.nova [-] Nova event matching ['req-2f212a8a-178a-445f-bb8a-b061a8b1f058'] response: {'server_uuid': 'c819fd06-86d8-4234-a0dd-e40d2f595f8e', 'name': 'network-vif-plugged', 'status': 'completed', 'tag': 'bf02b1ff-f3c1-46c6-b09c-04e0f360a947', 'code': 200}
2026-05-06 06:12:01.101 9 INFO neutron.wsgi [None req-befbfda9-7575-4fe6-b554-59daa49c2adc 0eec389eb85142efbd8ce9f0bcdc38bb fb8e6995b97945d9adc01fa394b1459d - - default default] 10.0.0.130 "GET /v2.0/routers/39761e4c-0c6c-4c7b-93e2-05095edc1816/tags HTTP/1.1" status: 200 len: 227 time: 0.0626721
2026-05-06 06:12:01.166 9 INFO neutron.wsgi [None req-266f9481-c047-4404-8498-327b3667ddb1 0eec389eb85142efbd8ce9f0bcdc38bb fb8e6995b97945d9adc01fa394b1459d - - default default] 10.0.0.130 "PUT /v2.0/routers/39761e4c-0c6c-4c7b-93e2-05095edc1816/tags/red HTTP/1.1" status: 201 len: 201 time: 0.0586307
2026-05-06 06:12:01.227 9 INFO neutron.wsgi [None req-3eaed40e-6b0f-45c3-a205-b09614c93c49 0eec389eb85142efbd8ce9f0bcdc38bb fb8e6995b97945d9adc01fa394b1459d - - default default] 10.0.0.130 "GET /v2.0/routers/39761e4c-0c6c-4c7b-93e2-05095edc1816/tags HTTP/1.1" status: 200 len: 227 time: 0.0544558
2026-05-06 06:12:01.304 9 INFO neutron.wsgi [None req-eeb483fe-2077-49dc-8596-86eca89c2a91 0eec389eb85142efbd8ce9f0bcdc38bb fb8e6995b97945d9adc01fa394b1459d - - default default] 10.0.0.130 "PUT /v2.0/routers/39761e4c-0c6c-4c7b-93e2-05095edc1816/tags/black.or.white HTTP/1.1" status: 201 len: 201 time: 0.0711126
2026-05-06 06:12:01.361 9 INFO neutron.wsgi [None req-953bfb5b-222e-4440-bc17-ad185aec09b2 0eec389eb85142efbd8ce9f0bcdc38bb fb8e6995b97945d9adc01fa394b1459d - - default default] 10.0.0.130 "GET /v2.0/routers/39761e4c-0c6c-4c7b-93e2-05095edc1816/tags HTTP/1.1" status: 200 len: 245 time: 0.0510626
2026-05-06 06:12:01.442 9 INFO neutron.wsgi [None req-1a32ccd9-7008-4735-91c1-6477a4acae9e 0eec389eb85142efbd8ce9f0bcdc38bb fb8e6995b97945d9adc01fa394b1459d - - default default] 10.0.0.130 "PUT /v2.0/routers/39761e4c-0c6c-4c7b-93e2-05095edc1816/tags HTTP/1.1" status: 200 len: 230 time: 0.0764554
2026-05-06 06:12:01.455 10 INFO neutron.wsgi [None req-1ed3df19-2acf-43f6-846e-298a8333f50a 8a63e001665f4f5ebe95d4ec4e34e2d3 de3b305464634a249849f15e0c95a300 - - default default] 10.0.0.130 "PUT /v2.0/routers/bf205697-497d-404c-b2c4-0c9325468ad5/remove_router_interface HTTP/1.1" status: 200 len: 503 time: 1.3343124 /var/lib/openstack/lib/python3.10/site-packages/pycadf/identifier.py:71: UserWarning: Invalid uuid: neutron. To ensure interoperability, identifiers should be a valid uuid. warnings.warn(('Invalid uuid: %s. To ensure interoperability, '
2026-05-06 06:12:01.513 9 INFO neutron.wsgi [None req-c469eb21-6802-404c-948f-b21f7fc5f4cc 0eec389eb85142efbd8ce9f0bcdc38bb fb8e6995b97945d9adc01fa394b1459d - - default default] 10.0.0.130 "GET /v2.0/routers/39761e4c-0c6c-4c7b-93e2-05095edc1816/tags HTTP/1.1" status: 200 len: 230 time: 0.0640507
2026-05-06 06:12:01.577 9 INFO neutron.wsgi [None req-e1ea3b4a-7392-47ce-a980-54465fa33fd6 0eec389eb85142efbd8ce9f0bcdc38bb fb8e6995b97945d9adc01fa394b1459d - - default default] 10.0.0.130 "GET /v2.0/routers/39761e4c-0c6c-4c7b-93e2-05095edc1816/tags/red HTTP/1.1" status: 204 len: 168 time: 0.0557628
2026-05-06 06:12:01.641 9 INFO neutron.api.v2.resource [None req-c00bd5ef-832f-4e23-bd40-38aa552679e6 0eec389eb85142efbd8ce9f0bcdc38bb fb8e6995b97945d9adc01fa394b1459d - - default default] show failed (client error): The resource could not be found.
2026-05-06 06:12:01.643 9 INFO neutron.wsgi [None req-c00bd5ef-832f-4e23-bd40-38aa552679e6 0eec389eb85142efbd8ce9f0bcdc38bb fb8e6995b97945d9adc01fa394b1459d - - default default] 10.0.0.130 "GET /v2.0/routers/39761e4c-0c6c-4c7b-93e2-05095edc1816/tags/green HTTP/1.1" status: 404 len: 299 time: 0.0528595
2026-05-06 06:12:01.706 10 INFO neutron.wsgi [None req-b4f102b9-7091-46e4-9515-2c8012a9de74 8a63e001665f4f5ebe95d4ec4e34e2d3 de3b305464634a249849f15e0c95a300 - - default default] 10.0.0.130 "DELETE /v2.0/subnets/4b18d4b4-ffb8-474a-94c2-00aafbb24a42 HTTP/1.1" status: 204 len: 168 time: 0.2467096
2026-05-06 06:12:01.718 10 INFO neutron.wsgi [None req-4f330b05-0c07-41d9-819f-5d45032d5d43 0eec389eb85142efbd8ce9f0bcdc38bb fb8e6995b97945d9adc01fa394b1459d - - default default] 10.0.0.130 "DELETE /v2.0/routers/39761e4c-0c6c-4c7b-93e2-05095edc1816/tags/red HTTP/1.1" status: 204 len: 168 time: 0.0686157
2026-05-06 06:12:01.762 10 INFO neutron.wsgi [None req-525a083e-1849-4578-aa97-0bd51f1a69cf 0eec389eb85142efbd8ce9f0bcdc38bb fb8e6995b97945d9adc01fa394b1459d - - default default] 10.0.0.130 "GET /v2.0/routers/39761e4c-0c6c-4c7b-93e2-05095edc1816/tags HTTP/1.1" status: 200 len: 223 time: 0.0401235
2026-05-06 06:12:01.819 10 INFO neutron.api.v2.resource [None req-b3352370-6f87-4bc4-8c68-087e85bdedbb 0eec389eb85142efbd8ce9f0bcdc38bb fb8e6995b97945d9adc01fa394b1459d - - default default] delete failed (client error): The resource could not be found.
2026-05-06 06:12:01.820 10 INFO neutron.wsgi [None req-b3352370-6f87-4bc4-8c68-087e85bdedbb 0eec389eb85142efbd8ce9f0bcdc38bb fb8e6995b97945d9adc01fa394b1459d - - default default] 10.0.0.130 "DELETE /v2.0/routers/39761e4c-0c6c-4c7b-93e2-05095edc1816/tags/green HTTP/1.1" status: 404 len: 299 time: 0.0526855
2026-05-06 06:12:01.885 10 INFO neutron.wsgi [None req-c688254b-da2f-4465-b9ed-c6a213ce85c7 0eec389eb85142efbd8ce9f0bcdc38bb fb8e6995b97945d9adc01fa394b1459d - - default default] 10.0.0.130 "DELETE /v2.0/routers/39761e4c-0c6c-4c7b-93e2-05095edc1816/tags HTTP/1.1" status: 204 len: 168 time: 0.0584431
2026-05-06 06:12:01.942 10 INFO neutron.wsgi [None req-a95c338f-a8ab-4339-990f-1c20409c5d34 0eec389eb85142efbd8ce9f0bcdc38bb fb8e6995b97945d9adc01fa394b1459d - - default default] 10.0.0.130 "GET /v2.0/routers/39761e4c-0c6c-4c7b-93e2-05095edc1816/tags HTTP/1.1" status: 200 len: 205 time: 0.0517833
2026-05-06 06:12:02.002 10 INFO neutron.wsgi [None req-f7c3d59e-b043-471e-a096-3084f250718f 0eec389eb85142efbd8ce9f0bcdc38bb fb8e6995b97945d9adc01fa394b1459d - - default default] 10.0.0.130 "GET /v2.0/routers/39761e4c-0c6c-4c7b-93e2-05095edc1816 HTTP/1.1" status: 200 len: 655 time: 0.0455701
2026-05-06 06:12:02.778 10 INFO neutron.db.ovn_revision_numbers_db [None req-fab114ca-44c7-4229-a91c-ef053c65e568 0eec389eb85142efbd8ce9f0bcdc38bb fb8e6995b97945d9adc01fa394b1459d - - default default] Successfully bumped revision number for resource 39761e4c-0c6c-4c7b-93e2-05095edc1816 (type: routers) to 7
2026-05-06 06:12:02.783 10 INFO neutron.wsgi [None req-fab114ca-44c7-4229-a91c-ef053c65e568 0eec389eb85142efbd8ce9f0bcdc38bb fb8e6995b97945d9adc01fa394b1459d - - default default] 10.0.0.130 "PUT /v2.0/routers/39761e4c-0c6c-4c7b-93e2-05095edc1816 HTTP/1.1" status: 200 len: 655 time: 0.7749290
2026-05-06 06:12:02.816 10 INFO neutron.wsgi [None req-4d370189-8a58-44e9-aaba-e62c36c8fbf0 0eec389eb85142efbd8ce9f0bcdc38bb fb8e6995b97945d9adc01fa394b1459d - - default default] 10.0.0.130 "GET /v2.0/ports?device_id=39761e4c-0c6c-4c7b-93e2-05095edc1816 HTTP/1.1" status: 200 len: 205 time: 0.0264318
2026-05-06 06:12:02.915 9 INFO neutron.wsgi [None req-995a7aab-66c7-4935-8a32-0df819405118 8a63e001665f4f5ebe95d4ec4e34e2d3 de3b305464634a249849f15e0c95a300 - - default default] 10.0.0.130 "DELETE /v2.0/routers/bf205697-497d-404c-b2c4-0c9325468ad5 HTTP/1.1" status: 204 len: 168 time: 1.2018886
2026-05-06 06:12:03.183 10 INFO neutron.wsgi [None req-1978b210-31c2-400f-9b18-24e1d9cf47b9 0eec389eb85142efbd8ce9f0bcdc38bb fb8e6995b97945d9adc01fa394b1459d - - default default] 10.0.0.130 "DELETE /v2.0/routers/39761e4c-0c6c-4c7b-93e2-05095edc1816 HTTP/1.1" status: 204 len: 168 time: 0.3614306
2026-05-06 06:12:03.315 9 INFO neutron.services.segments.plugin [-] Segment 158a2ed5-531f-49de-9b74-2a36893cd30e resource provider aggregate not found
2026-05-06 06:12:03.321 9 INFO neutron.services.segments.plugin [-] Segment 158a2ed5-531f-49de-9b74-2a36893cd30e resource provider aggregate not found
2026-05-06 06:12:03.343 9 INFO neutron.services.segments.plugin [-] Segment 158a2ed5-531f-49de-9b74-2a36893cd30e resource provider not found; error: Placement Client Error (4xx): {"errors": [{"status": 404, "title": "Not Found", "detail": "The resource could not be found.\n\n No resource provider with uuid 158a2ed5-531f-49de-9b74-2a36893cd30e found for delete ", "request_id": "req-6ca9b376-5344-459f-8fe8-b1cf47a99e3f"}]}
2026-05-06 06:12:03.347 9 INFO neutron.services.segments.plugin [-] Segment 158a2ed5-531f-49de-9b74-2a36893cd30e resource provider not found; error: Placement Client Error (4xx): {"errors": [{"status": 404, "title": "Not Found", "detail": "The resource could not be found.\n\n No resource provider with uuid 158a2ed5-531f-49de-9b74-2a36893cd30e found for delete ", "request_id": "req-0072ec89-d820-4092-90ab-b1632019edfd"}]}
2026-05-06 06:12:03.364 9 INFO neutron.wsgi [None req-0ed3f459-83a7-4234-8172-cc6660b7874d 8a63e001665f4f5ebe95d4ec4e34e2d3 de3b305464634a249849f15e0c95a300 - - default default] 10.0.0.130 "DELETE /v2.0/networks/81b8995f-91c7-4f5b-824a-41da51138577 HTTP/1.1" status: 204 len: 168 time: 0.4413283
2026-05-06 06:12:04.257 10 INFO neutron.wsgi [None req-5f683e12-0d9a-490f-923f-93510e3e630f ca89b9242353463790d86e73147b14ab f7a7fcbf79c64ad8bdb5a244cd81c59a - - default default] 10.0.0.130 "GET /v2.0/security-groups?tenant_id=de3b305464634a249849f15e0c95a300&name=default HTTP/1.1" status: 200 len: 2996 time: 0.1757410
2026-05-06 06:12:04.288 10 INFO neutron.db.ovn_revision_numbers_db [None req-abd619b5-9fbf-4782-8f0a-14342fb9f0c5 ca89b9242353463790d86e73147b14ab f7a7fcbf79c64ad8bdb5a244cd81c59a - - default default] Successfully bumped revision number for resource 91351c98-c214-46f3-9e38-07dca0fdbf94 (type: security_groups) to 1
2026-05-06 06:12:04.304 10 INFO neutron.db.ovn_revision_numbers_db [None req-abd619b5-9fbf-4782-8f0a-14342fb9f0c5 ca89b9242353463790d86e73147b14ab f7a7fcbf79c64ad8bdb5a244cd81c59a - - default default] Successfully bumped revision number for resource 335f5240-71ce-4959-a960-41f18a8eddd0 (type: security_group_rules) to 0
2026-05-06 06:12:04.323 10 INFO neutron.db.ovn_revision_numbers_db [None req-abd619b5-9fbf-4782-8f0a-14342fb9f0c5 ca89b9242353463790d86e73147b14ab f7a7fcbf79c64ad8bdb5a244cd81c59a - - default default] Successfully bumped revision number for resource a50423f7-8a63-44d5-bc06-493c27adef25 (type: security_group_rules) to 0
2026-05-06 06:12:04.337 10 INFO neutron.db.ovn_revision_numbers_db [None req-abd619b5-9fbf-4782-8f0a-14342fb9f0c5 ca89b9242353463790d86e73147b14ab f7a7fcbf79c64ad8bdb5a244cd81c59a - - default default] Successfully bumped revision number for resource a5fe3f16-34cc-42c5-b17b-91422f07c9ce (type: security_group_rules) to 0
2026-05-06 06:12:04.355 10 INFO neutron.db.ovn_revision_numbers_db [None req-abd619b5-9fbf-4782-8f0a-14342fb9f0c5 ca89b9242353463790d86e73147b14ab f7a7fcbf79c64ad8bdb5a244cd81c59a - - default default] Successfully bumped revision number for resource bdad7c79-f2c3-4731-b70c-1fe716b478cc (type: security_group_rules) to 0
2026-05-06 06:12:04.378 10 INFO neutron.wsgi [None req-abd619b5-9fbf-4782-8f0a-14342fb9f0c5 ca89b9242353463790d86e73147b14ab f7a7fcbf79c64ad8bdb5a244cd81c59a - - default default] 10.0.0.130 "GET /v2.0/security-groups?tenant_id=fb8e6995b97945d9adc01fa394b1459d&name=default HTTP/1.1" status: 200 len: 2996 time: 0.4173567
2026-05-06 06:12:04.470 10 INFO neutron.wsgi [None req-e9a99686-6687-449d-b765-e70d45a21a33 ca89b9242353463790d86e73147b14ab f7a7fcbf79c64ad8bdb5a244cd81c59a - - default default] 10.0.0.130 "DELETE /v2.0/security-groups/70740a9a-70fb-4f60-8ed9-5144b867281a HTTP/1.1" status: 204 len: 168 time: 0.2083061
2026-05-06 06:12:04.602 9 INFO neutron.wsgi [None req-ae8d697f-40d0-446c-8a80-af89cb14ee9f ca89b9242353463790d86e73147b14ab f7a7fcbf79c64ad8bdb5a244cd81c59a - - default default] 10.0.0.130 "DELETE /v2.0/security-groups/91351c98-c214-46f3-9e38-07dca0fdbf94 HTTP/1.1" status: 204 len: 168 time: 0.2147117
2026-05-06 06:12:04.689 10 INFO neutron.db.ovn_revision_numbers_db [None req-144cee9e-5773-43e2-9a4a-6432a5c0caf8 ca89b9242353463790d86e73147b14ab f7a7fcbf79c64ad8bdb5a244cd81c59a - - default default] Successfully bumped revision number for resource 7ba15a1e-da98-41af-91e1-bf8c39f8546c (type: security_groups) to 1
2026-05-06 06:12:04.705 10 INFO neutron.db.ovn_revision_numbers_db [None req-144cee9e-5773-43e2-9a4a-6432a5c0caf8 ca89b9242353463790d86e73147b14ab f7a7fcbf79c64ad8bdb5a244cd81c59a - - default default] Successfully bumped revision number for resource 00336cf5-0079-41b9-a518-7ea331580737 (type: security_group_rules) to 0
2026-05-06 06:12:04.722 10 INFO neutron.db.ovn_revision_numbers_db [None req-144cee9e-5773-43e2-9a4a-6432a5c0caf8 ca89b9242353463790d86e73147b14ab f7a7fcbf79c64ad8bdb5a244cd81c59a - - default default] Successfully bumped revision number for resource 407659c9-a2ff-474e-9411-bf793e8b34ac (type: security_group_rules) to 0
2026-05-06 06:12:04.735 10 INFO neutron.db.ovn_revision_numbers_db [None req-144cee9e-5773-43e2-9a4a-6432a5c0caf8 ca89b9242353463790d86e73147b14ab f7a7fcbf79c64ad8bdb5a244cd81c59a - - default default] Successfully bumped revision number for resource 9903ae80-1f41-4714-9858-e9f287b8dcff (type: security_group_rules) to 0
2026-05-06 06:12:04.747 10 INFO neutron.db.ovn_revision_numbers_db [None req-144cee9e-5773-43e2-9a4a-6432a5c0caf8 ca89b9242353463790d86e73147b14ab f7a7fcbf79c64ad8bdb5a244cd81c59a - - default default] Successfully bumped revision number for resource e3d58236-c879-453b-9cda-80ccb909afda (type: security_group_rules) to 0
2026-05-06 06:12:04.777 10 INFO neutron.wsgi [None req-144cee9e-5773-43e2-9a4a-6432a5c0caf8 ca89b9242353463790d86e73147b14ab f7a7fcbf79c64ad8bdb5a244cd81c59a - - default default] 10.0.0.130 "GET /v2.0/security-groups?tenant_id=8bbfbfc42c11497f8af067fd7169f2fa&name=default HTTP/1.1" status: 200 len: 2996 time: 0.1982663
2026-05-06 06:12:04.921 10 INFO neutron.db.ovn_revision_numbers_db [None req-617f2f9e-c764-4435-ae14-c567cde2263b ca89b9242353463790d86e73147b14ab f7a7fcbf79c64ad8bdb5a244cd81c59a - - default default] Successfully bumped revision number for resource e390af3a-c4dd-4c89-8112-83dc267eeb64 (type: security_groups) to 1
2026-05-06 06:12:04.938 10 INFO neutron.db.ovn_revision_numbers_db [None req-617f2f9e-c764-4435-ae14-c567cde2263b ca89b9242353463790d86e73147b14ab f7a7fcbf79c64ad8bdb5a244cd81c59a - - default default] Successfully bumped revision number for resource 30367613-2c17-46ef-8046-307956d5cbe1 (type: security_group_rules) to 0
2026-05-06 06:12:04.958 10 INFO neutron.db.ovn_revision_numbers_db [None req-617f2f9e-c764-4435-ae14-c567cde2263b ca89b9242353463790d86e73147b14ab f7a7fcbf79c64ad8bdb5a244cd81c59a - - default default] Successfully bumped revision number for resource 63b37648-0b10-4789-ac04-eb6585c38719 (type: security_group_rules) to 0
2026-05-06 06:12:04.977 10 INFO neutron.db.ovn_revision_numbers_db [None req-617f2f9e-c764-4435-ae14-c567cde2263b ca89b9242353463790d86e73147b14ab f7a7fcbf79c64ad8bdb5a244cd81c59a - - default default] Successfully bumped revision number for resource 8380a5f6-20fe-4fd5-8a11-17d90f72d610 (type: security_group_rules) to 0
2026-05-06 06:12:04.995 10 INFO neutron.db.ovn_revision_numbers_db [None req-617f2f9e-c764-4435-ae14-c567cde2263b ca89b9242353463790d86e73147b14ab f7a7fcbf79c64ad8bdb5a244cd81c59a - - default default] Successfully bumped revision number for resource ff1f3645-069b-429a-84ed-fc28e43e184d (type: security_group_rules) to 0
2026-05-06 06:12:05.019 9 INFO neutron.wsgi [None req-9d7c7522-0221-4e46-948a-480eda5cd3a1 ca89b9242353463790d86e73147b14ab f7a7fcbf79c64ad8bdb5a244cd81c59a - - default default] 10.0.0.130 "DELETE /v2.0/security-groups/7ba15a1e-da98-41af-91e1-bf8c39f8546c HTTP/1.1" status: 204 len: 168 time: 0.2280195
2026-05-06 06:12:05.031 10 INFO neutron.wsgi [None req-617f2f9e-c764-4435-ae14-c567cde2263b ca89b9242353463790d86e73147b14ab f7a7fcbf79c64ad8bdb5a244cd81c59a - - default default] 10.0.0.130 "GET /v2.0/security-groups?tenant_id=db56fcab03ea4cdfb772943c8655f05e&name=default HTTP/1.1" status: 200 len: 2996 time: 0.2471058
2026-05-06 06:12:05.282 10 INFO neutron.wsgi [None req-8f9e9462-5491-4004-a166-c94bbcb8757b ca89b9242353463790d86e73147b14ab f7a7fcbf79c64ad8bdb5a244cd81c59a - - default default] 10.0.0.130 "DELETE /v2.0/security-groups/e390af3a-c4dd-4c89-8112-83dc267eeb64 HTTP/1.1" status: 204 len: 168 time: 0.2457311
2026-05-06 06:12:06.724 10 INFO neutron.wsgi [-] 10.0.0.69 "GET / HTTP/1.1" status: 200 len: 247 time: 0.0019450
2026-05-06 06:12:06.725 9 INFO neutron.wsgi [-] 10.0.0.69 "GET / HTTP/1.1" status: 200 len: 247 time: 0.0024402
2026-05-06 06:12:07.094 9 INFO neutron.db.ovn_revision_numbers_db [None req-a6061855-0215-4370-892a-062c4062f502 ca89b9242353463790d86e73147b14ab f7a7fcbf79c64ad8bdb5a244cd81c59a - - default default] Successfully bumped revision number for resource bbc26f9c-b096-42fa-9953-e9674b482757 (type: security_groups) to 1
2026-05-06 06:12:07.107 9 INFO neutron.db.ovn_revision_numbers_db [None req-a6061855-0215-4370-892a-062c4062f502 ca89b9242353463790d86e73147b14ab f7a7fcbf79c64ad8bdb5a244cd81c59a - - default default] Successfully bumped revision number for resource 4717027c-018f-4e7a-a6d5-ded3d097a6fe (type: security_group_rules) to 0
2026-05-06 06:12:07.122 9 INFO neutron.db.ovn_revision_numbers_db [None req-a6061855-0215-4370-892a-062c4062f502 ca89b9242353463790d86e73147b14ab f7a7fcbf79c64ad8bdb5a244cd81c59a - - default default] Successfully bumped revision number for resource 74458c2b-3af1-4659-b9fe-bfc9a1efa562 (type: security_group_rules) to 0
2026-05-06 06:12:07.137 9 INFO neutron.db.ovn_revision_numbers_db [None req-a6061855-0215-4370-892a-062c4062f502 ca89b9242353463790d86e73147b14ab f7a7fcbf79c64ad8bdb5a244cd81c59a - - default default] Successfully bumped revision number for resource 78687943-cf3d-44a9-ab95-b544d8f1f0a8 (type: security_group_rules) to 0
2026-05-06 06:12:07.152 9 INFO neutron.db.ovn_revision_numbers_db [None req-a6061855-0215-4370-892a-062c4062f502 ca89b9242353463790d86e73147b14ab f7a7fcbf79c64ad8bdb5a244cd81c59a - - default default] Successfully bumped revision number for resource bd93ff7c-6ed3-4c27-b234-5e075d4f9cc5 (type: security_group_rules) to 0
2026-05-06 06:12:07.201 9 INFO neutron.db.segments_db [None req-a6061855-0215-4370-892a-062c4062f502 ca89b9242353463790d86e73147b14ab f7a7fcbf79c64ad8bdb5a244cd81c59a - - default default] Added segment f927624a-7f1b-4c73-8b62-6da7d46adec8 of type geneve for network 2c872013-62eb-4f61-9767-3ba79b9f2f1f
2026-05-06 06:12:07.369 9 INFO neutron.db.ovn_revision_numbers_db [None req-a6061855-0215-4370-892a-062c4062f502 ca89b9242353463790d86e73147b14ab f7a7fcbf79c64ad8bdb5a244cd81c59a - - default default] Successfully bumped revision number for resource 2c872013-62eb-4f61-9767-3ba79b9f2f1f (type: networks) to 1
2026-05-06 06:12:07.637 9 WARNING neutron.scheduler.dhcp_agent_scheduler [None req-a6061855-0215-4370-892a-062c4062f502 ca89b9242353463790d86e73147b14ab f7a7fcbf79c64ad8bdb5a244cd81c59a - - default default] No more DHCP agents
2026-05-06 06:12:07.638 9 WARNING neutron.api.rpc.agentnotifiers.dhcp_rpc_agent_api [None req-a6061855-0215-4370-892a-062c4062f502 ca89b9242353463790d86e73147b14ab f7a7fcbf79c64ad8bdb5a244cd81c59a - - default default] Unable to schedule network 2c872013-62eb-4f61-9767-3ba79b9f2f1f: no agents available; will retry on subsequent port and subnet creation events.
2026-05-06 06:12:07.729 9 INFO neutron.db.ovn_revision_numbers_db [None req-a6061855-0215-4370-892a-062c4062f502 ca89b9242353463790d86e73147b14ab f7a7fcbf79c64ad8bdb5a244cd81c59a - - default default] Successfully bumped revision number for resource 9bd339dd-7ead-429e-8793-a3cffd489fc6 (type: ports) to 1
2026-05-06 06:12:07.762 9 INFO neutron.wsgi [None req-a6061855-0215-4370-892a-062c4062f502 ca89b9242353463790d86e73147b14ab f7a7fcbf79c64ad8bdb5a244cd81c59a - - default default] 10.0.0.130 "POST /v2.0/networks HTTP/1.1" status: 201 len: 942 time: 0.9679670
2026-05-06 06:12:07.948 9 WARNING neutron.scheduler.dhcp_agent_scheduler [None req-9a83e2d4-957d-42a6-9d7a-c9d33ddcd27c ca89b9242353463790d86e73147b14ab f7a7fcbf79c64ad8bdb5a244cd81c59a - - default default] No more DHCP agents
2026-05-06 06:12:07.952 9 WARNING neutron.api.rpc.agentnotifiers.dhcp_rpc_agent_api [None req-9a83e2d4-957d-42a6-9d7a-c9d33ddcd27c ca89b9242353463790d86e73147b14ab f7a7fcbf79c64ad8bdb5a244cd81c59a - - default default] Unable to schedule network 2c872013-62eb-4f61-9767-3ba79b9f2f1f: no agents available; will retry on subsequent port and subnet creation events.
2026-05-06 06:12:08.546 9 INFO neutron.db.ovn_revision_numbers_db [None req-9a83e2d4-957d-42a6-9d7a-c9d33ddcd27c ca89b9242353463790d86e73147b14ab f7a7fcbf79c64ad8bdb5a244cd81c59a - - default default] Successfully bumped revision number for resource 9bd339dd-7ead-429e-8793-a3cffd489fc6 (type: ports) to 2
2026-05-06 06:12:08.601 9 INFO neutron.db.ovn_revision_numbers_db [None req-9a83e2d4-957d-42a6-9d7a-c9d33ddcd27c ca89b9242353463790d86e73147b14ab f7a7fcbf79c64ad8bdb5a244cd81c59a - - default default] Successfully bumped revision number for resource acb5552e-2992-4ef6-ae22-1c92d47e8357 (type: subnets) to 0
2026-05-06 06:12:08.619 9 INFO neutron.wsgi [None req-9a83e2d4-957d-42a6-9d7a-c9d33ddcd27c ca89b9242353463790d86e73147b14ab f7a7fcbf79c64ad8bdb5a244cd81c59a - - default default] 10.0.0.130 "POST /v2.0/subnets HTTP/1.1" status: 201 len: 862 time: 0.8506439
2026-05-06 06:12:09.073 10 WARNING neutron.scheduler.dhcp_agent_scheduler [None req-22520b60-5c33-4492-af25-1865f7a626ca ca89b9242353463790d86e73147b14ab f7a7fcbf79c64ad8bdb5a244cd81c59a - - default default] No more DHCP agents
2026-05-06 06:12:09.075 10 WARNING neutron.api.rpc.agentnotifiers.dhcp_rpc_agent_api [None req-22520b60-5c33-4492-af25-1865f7a626ca ca89b9242353463790d86e73147b14ab f7a7fcbf79c64ad8bdb5a244cd81c59a - - default default] Unable to schedule network 5b11ae42-edf5-4a66-80a7-95b6ab14d670: no agents available; will retry on subsequent port and subnet creation events.
2026-05-06 06:12:09.218 10 INFO neutron.db.ovn_revision_numbers_db [None req-22520b60-5c33-4492-af25-1865f7a626ca ca89b9242353463790d86e73147b14ab f7a7fcbf79c64ad8bdb5a244cd81c59a - - default default] Successfully bumped revision number for resource 0b9ecbfe-f3bd-4bf5-a9b1-e353a5d06035 (type: ports) to 1
2026-05-06 06:12:09.778 9 INFO neutron.plugins.ml2.drivers.ovn.mech_driver.mech_driver [None req-abbeebd0-d50e-4d66-a978-89d93b228ab9 - - - - - -] OVN reports status up for port: 0b9ecbfe-f3bd-4bf5-a9b1-e353a5d06035
2026-05-06 06:12:09.795 9 INFO neutron.plugins.ml2.plugin [None req-abbeebd0-d50e-4d66-a978-89d93b228ab9 - - - - - -] Attempt 1 to provision port 0b9ecbfe-f3bd-4bf5-a9b1-e353a5d06035
2026-05-06 06:12:09.818 9 INFO neutron.plugins.ml2.drivers.ovn.mech_driver.ovsdb.ovsdb_monitor [None req-dd7a3a94-5d78-425e-a70c-89cd81a85b3d - - - - - -] Router ffc6813e-977b-4c91-9d26-d149aa101248 is bound to host instance
2026-05-06 06:12:09.822 10 INFO neutron.db.ovn_revision_numbers_db [None req-22520b60-5c33-4492-af25-1865f7a626ca ca89b9242353463790d86e73147b14ab f7a7fcbf79c64ad8bdb5a244cd81c59a - - default default] Successfully bumped revision number for resource 0b9ecbfe-f3bd-4bf5-a9b1-e353a5d06035 (type: router_ports) to 1
2026-05-06 06:12:09.896 10 INFO neutron.db.ovn_revision_numbers_db [None req-22520b60-5c33-4492-af25-1865f7a626ca ca89b9242353463790d86e73147b14ab f7a7fcbf79c64ad8bdb5a244cd81c59a - - default default] Successfully bumped revision number for resource ffc6813e-977b-4c91-9d26-d149aa101248 (type: routers) to 2
2026-05-06 06:12:09.910 10 INFO neutron.wsgi [None req-22520b60-5c33-4492-af25-1865f7a626ca ca89b9242353463790d86e73147b14ab f7a7fcbf79c64ad8bdb5a244cd81c59a - - default default] 10.0.0.130 "POST /v2.0/routers HTTP/1.1" status: 201 len: 873 time: 1.2835851
2026-05-06 06:12:10.364 9 INFO neutron.db.ovn_revision_numbers_db [None req-dd7a3a94-5d78-425e-a70c-89cd81a85b3d - - - - - -] Successfully bumped revision number for resource 0b9ecbfe-f3bd-4bf5-a9b1-e353a5d06035 (type: ports) to 1
2026-05-06 06:12:10.609 9 INFO neutron.db.ovn_revision_numbers_db [None req-dd7a3a94-5d78-425e-a70c-89cd81a85b3d - - - - - -] Successfully bumped revision number for resource 0b9ecbfe-f3bd-4bf5-a9b1-e353a5d06035 (type: router_ports) to 3
2026-05-06 06:12:10.768 10 WARNING neutron.scheduler.dhcp_agent_scheduler [None req-c306d812-56bd-4ff0-bbc9-77fac7a1d3cc ca89b9242353463790d86e73147b14ab f7a7fcbf79c64ad8bdb5a244cd81c59a - - default default] No more DHCP agents
