2026-05-06 06:09:23.599 9 INFO neutron.wsgi [None req-adb84fd7-de47-49ca-8018-ec545d3d38fa f48760bb10144048a47fc2350138e64c b4bb2f492a024557806a59f6ae0c9c3e - - default default] 10.0.0.130 "GET /v2.0/ports/995f04b2-741b-43ee-a1ba-5a31a73a0626 HTTP/1.1" status: 200 len: 1147 time: 0.1089363
2026-05-06 06:09:24.228 10 INFO neutron.wsgi [None req-fdda61f0-1e17-468d-8f90-67947b328ec1 2386b1c517854eb98b7f9c7053009bec 5ade327770314e1e9b720453f6845cba - - default default] 10.0.0.130 "DELETE /v2.0/networks/f4138ada-92bc-49de-bdd6-99650687cce2 HTTP/1.1" status: 204 len: 168 time: 0.7367914
2026-05-06 06:09:24.321 10 INFO neutron.wsgi [None req-79c985a2-d722-43b4-9b04-c67f87dd45b0 2386b1c517854eb98b7f9c7053009bec 5ade327770314e1e9b720453f6845cba - - default default] 10.0.0.130 "GET /v2.0/networks HTTP/1.1" status: 200 len: 845 time: 0.0814743
2026-05-06 06:09:24.338 10 WARNING neutron_lib.context [None req-911bee81-21ae-4909-b654-ba6b0c2c0afd 2386b1c517854eb98b7f9c7053009bec 5ade327770314e1e9b720453f6845cba - - default default] Method 'is_advsvc' is deprecated since 2023.2 release (neutron-lib 3.8.0) and will be removed once support for the old RBAC API policies will be removed from Neutron. Please use method 'is_service_role' instead.
2026-05-06 06:09:24.420 10 INFO neutron.db.segments_db [None req-911bee81-21ae-4909-b654-ba6b0c2c0afd 2386b1c517854eb98b7f9c7053009bec 5ade327770314e1e9b720453f6845cba - - default default] Added segment 4382d73a-0bc1-461c-9381-365810a333bd of type geneve for network 05cf28fb-8de1-4325-80bc-894af27aa8ca
2026-05-06 06:09:24.633 10 INFO neutron.db.ovn_revision_numbers_db [None req-911bee81-21ae-4909-b654-ba6b0c2c0afd 2386b1c517854eb98b7f9c7053009bec 5ade327770314e1e9b720453f6845cba - - default default] Successfully bumped revision number for resource 05cf28fb-8de1-4325-80bc-894af27aa8ca (type: networks) to 1
2026-05-06 06:09:24.777 10 INFO neutron.wsgi [None req-ed911258-f9ef-4858-b48f-de05b3bc673a f48760bb10144048a47fc2350138e64c b4bb2f492a024557806a59f6ae0c9c3e - - default default] 10.0.0.130 "GET /v2.0/ports/995f04b2-741b-43ee-a1ba-5a31a73a0626 HTTP/1.1" status: 200 len: 1147 time: 0.1707296
2026-05-06 06:09:24.898 10 WARNING neutron.scheduler.dhcp_agent_scheduler [None req-911bee81-21ae-4909-b654-ba6b0c2c0afd 2386b1c517854eb98b7f9c7053009bec 5ade327770314e1e9b720453f6845cba - - default default] No more DHCP agents
2026-05-06 06:09:24.900 10 WARNING neutron.api.rpc.agentnotifiers.dhcp_rpc_agent_api [None req-911bee81-21ae-4909-b654-ba6b0c2c0afd 2386b1c517854eb98b7f9c7053009bec 5ade327770314e1e9b720453f6845cba - - default default] Unable to schedule network 05cf28fb-8de1-4325-80bc-894af27aa8ca: no agents available; will retry on subsequent port and subnet creation events.
2026-05-06 06:09:24.998 10 INFO neutron.db.ovn_revision_numbers_db [None req-911bee81-21ae-4909-b654-ba6b0c2c0afd 2386b1c517854eb98b7f9c7053009bec 5ade327770314e1e9b720453f6845cba - - default default] Successfully bumped revision number for resource 3620934e-68a2-4366-9a7b-0c3104a3501f (type: ports) to 1
2026-05-06 06:09:25.022 10 INFO neutron.wsgi [None req-911bee81-21ae-4909-b654-ba6b0c2c0afd 2386b1c517854eb98b7f9c7053009bec 5ade327770314e1e9b720453f6845cba - - default default] 10.0.0.130 "POST /v2.0/networks HTTP/1.1" status: 201 len: 852 time: 0.6915545
2026-05-06 06:09:25.032 10 WARNING neutron_lib.context [None req-8ef84c2c-850c-41e0-8f25-ac3f74511c23 2386b1c517854eb98b7f9c7053009bec 5ade327770314e1e9b720453f6845cba - - default default] Method 'is_advsvc' is deprecated since 2023.2 release (neutron-lib 3.8.0) and will be removed once support for the old RBAC API policies will be removed from Neutron. Please use method 'is_service_role' instead.
2026-05-06 06:09:25.122 10 INFO neutron.db.segments_db [None req-8ef84c2c-850c-41e0-8f25-ac3f74511c23 2386b1c517854eb98b7f9c7053009bec 5ade327770314e1e9b720453f6845cba - - default default] Added segment 8df0d991-9afe-4e8e-94ea-c6f290a52fe7 of type geneve for network 2a8d0093-3275-47ca-96bf-aef28005555b
2026-05-06 06:09:25.295 10 WARNING neutron.plugins.ml2.drivers.ovn.mech_driver.ovsdb.ovn_client [None req-e3256b9d-3a67-40a3-a56b-ef7bdefb95c1 - - - - - -] No hosting information found for port 68c8679f-326f-4146-975b-6052574fc280: RuntimeError: No hosting information found for port 68c8679f-326f-4146-975b-6052574fc280
2026-05-06 06:09:25.296 10 INFO neutron.plugins.ml2.drivers.ovn.mech_driver.mech_driver [None req-e3256b9d-3a67-40a3-a56b-ef7bdefb95c1 - - - - - -] OVN reports status up for port: 995f04b2-741b-43ee-a1ba-5a31a73a0626
2026-05-06 06:09:25.305 10 INFO neutron.plugins.ml2.plugin [None req-e3256b9d-3a67-40a3-a56b-ef7bdefb95c1 - - - - - -] Attempt 1 to provision port 995f04b2-741b-43ee-a1ba-5a31a73a0626
2026-05-06 06:09:25.307 10 INFO neutron.db.ovn_revision_numbers_db [None req-8ef84c2c-850c-41e0-8f25-ac3f74511c23 2386b1c517854eb98b7f9c7053009bec 5ade327770314e1e9b720453f6845cba - - default default] Successfully bumped revision number for resource 2a8d0093-3275-47ca-96bf-aef28005555b (type: networks) to 1
2026-05-06 06:09:25.478 10 INFO neutron.services.segments.plugin [-] Segment 93ed6066-0d0f-4ba8-997d-2c4c4aa6bfba resource provider aggregate not found
2026-05-06 06:09:25.493 10 INFO neutron.services.segments.plugin [-] Segment 93ed6066-0d0f-4ba8-997d-2c4c4aa6bfba resource provider aggregate not found
2026-05-06 06:09:25.513 10 INFO neutron.services.segments.plugin [-] Segment 93ed6066-0d0f-4ba8-997d-2c4c4aa6bfba resource provider not found; error: Placement Client Error (4xx): {"errors": [{"status": 404, "title": "Not Found", "detail": "The resource could not be found.\n\n No resource provider with uuid 93ed6066-0d0f-4ba8-997d-2c4c4aa6bfba found for delete ", "request_id": "req-306e6050-72e1-458f-9ad3-989791939ab9"}]}
2026-05-06 06:09:25.523 10 INFO neutron.services.segments.plugin [-] Segment 93ed6066-0d0f-4ba8-997d-2c4c4aa6bfba resource provider not found; error: Placement Client Error (4xx): {"errors": [{"status": 404, "title": "Not Found", "detail": "The resource could not be found.\n\n No resource provider with uuid 93ed6066-0d0f-4ba8-997d-2c4c4aa6bfba found for delete ", "request_id": "req-5bd3e24d-69fb-4a3c-a447-7b280142c141"}]}
2026-05-06 06:09:25.605 10 WARNING neutron.scheduler.dhcp_agent_scheduler [None req-8ef84c2c-850c-41e0-8f25-ac3f74511c23 2386b1c517854eb98b7f9c7053009bec 5ade327770314e1e9b720453f6845cba - - default default] No more DHCP agents
2026-05-06 06:09:25.609 10 WARNING neutron.api.rpc.agentnotifiers.dhcp_rpc_agent_api [None req-8ef84c2c-850c-41e0-8f25-ac3f74511c23 2386b1c517854eb98b7f9c7053009bec 5ade327770314e1e9b720453f6845cba - - default default] Unable to schedule network 2a8d0093-3275-47ca-96bf-aef28005555b: no agents available; will retry on subsequent port and subnet creation events.
2026-05-06 06:09:25.731 10 INFO neutron.db.ovn_revision_numbers_db [None req-8ef84c2c-850c-41e0-8f25-ac3f74511c23 2386b1c517854eb98b7f9c7053009bec 5ade327770314e1e9b720453f6845cba - - default default] Successfully bumped revision number for resource f6fb58b2-8c5b-4afe-822d-2dc495368a1c (type: ports) to 1
2026-05-06 06:09:25.763 10 INFO neutron.wsgi [None req-8ef84c2c-850c-41e0-8f25-ac3f74511c23 2386b1c517854eb98b7f9c7053009bec 5ade327770314e1e9b720453f6845cba - - default default] 10.0.0.130 "POST /v2.0/networks HTTP/1.1" status: 201 len: 852 time: 0.7361629
2026-05-06 06:09:25.768 10 INFO neutron.db.ovn_revision_numbers_db [None req-e3256b9d-3a67-40a3-a56b-ef7bdefb95c1 - - - - - -] Successfully bumped revision number for resource 995f04b2-741b-43ee-a1ba-5a31a73a0626 (type: ports) to 2
2026-05-06 06:09:25.778 9 WARNING neutron_lib.context [None req-b5be547c-da37-42e8-bd88-33a4a426e28a 2386b1c517854eb98b7f9c7053009bec 5ade327770314e1e9b720453f6845cba - - default default] Method 'is_advsvc' is deprecated since 2023.2 release (neutron-lib 3.8.0) and will be removed once support for the old RBAC API policies will be removed from Neutron. Please use method 'is_service_role' instead.
2026-05-06 06:09:25.846 9 INFO neutron.wsgi [None req-6c1f8e57-c660-4516-b81a-ba8cf58d09bd f48760bb10144048a47fc2350138e64c b4bb2f492a024557806a59f6ae0c9c3e - - default default] 10.0.0.130 "GET /v2.0/ports/995f04b2-741b-43ee-a1ba-5a31a73a0626 HTTP/1.1" status: 200 len: 1149 time: 0.0621963
2026-05-06 06:09:25.849 9 WARNING neutron_lib.context [None req-b5be547c-da37-42e8-bd88-33a4a426e28a 2386b1c517854eb98b7f9c7053009bec 5ade327770314e1e9b720453f6845cba - - default default] Method 'is_advsvc' is deprecated since 2023.2 release (neutron-lib 3.8.0) and will be removed once support for the old RBAC API policies will be removed from Neutron. Please use method 'is_service_role' instead.
2026-05-06 06:09:25.854 10 INFO neutron.db.ovn_revision_numbers_db [None req-e3256b9d-3a67-40a3-a56b-ef7bdefb95c1 - - - - - -] Successfully bumped revision number for resource 995f04b2-741b-43ee-a1ba-5a31a73a0626 (type: router_ports) to 2
2026-05-06 06:09:26.807 10 INFO neutron.wsgi [req-7d2b9df8-c3b1-4395-9f19-09f4e5a43608 req-7eb44f36-7ae1-4477-996f-cc3ecbcd9fab f56d3a1c7d1b4fc8a948d1d9347ab986 4a2faf2fa1da4d6abc4cf052ce37d00f - - default default] 10.0.0.210 "GET /v2.0/ports?device_id=17c56747-304b-4c22-94dc-12f2ba1dd8b3 HTTP/1.1" status: 200 len: 1170 time: 0.1515462
2026-05-06 06:09:26.870 10 INFO neutron.wsgi [req-7d2b9df8-c3b1-4395-9f19-09f4e5a43608 req-eb59c5c8-0157-4090-b630-7ab4cbf12db2 f56d3a1c7d1b4fc8a948d1d9347ab986 4a2faf2fa1da4d6abc4cf052ce37d00f - - default default] 10.0.0.210 "GET /v2.0/security-groups?id=1e5f3172-07a4-4d24-ae23-deb82e89e3c9&fields=id&fields=name HTTP/1.1" status: 200 len: 313 time: 0.0530479
2026-05-06 06:09:26.933 9 WARNING neutron.scheduler.dhcp_agent_scheduler [None req-b5be547c-da37-42e8-bd88-33a4a426e28a 2386b1c517854eb98b7f9c7053009bec 5ade327770314e1e9b720453f6845cba - - default default] No more DHCP agents
2026-05-06 06:09:26.952 9 WARNING neutron.api.rpc.agentnotifiers.dhcp_rpc_agent_api [None req-b5be547c-da37-42e8-bd88-33a4a426e28a 2386b1c517854eb98b7f9c7053009bec 5ade327770314e1e9b720453f6845cba - - default default] Unable to schedule network 05cf28fb-8de1-4325-80bc-894af27aa8ca: no agents available; will retry on subsequent port and subnet creation events.
2026-05-06 06:09:27.107 9 INFO neutron.db.ovn_revision_numbers_db [None req-b5be547c-da37-42e8-bd88-33a4a426e28a 2386b1c517854eb98b7f9c7053009bec 5ade327770314e1e9b720453f6845cba - - default default] Successfully bumped revision number for resource 88f3e88b-1527-40d8-8208-6d67d308a16d (type: ports) to 1
2026-05-06 06:09:27.139 10 INFO neutron.wsgi [req-1d52d951-2836-401e-82b5-94e0f64d8e22 req-f1f131c6-f8fa-44b4-89b7-e1807cf08762 f56d3a1c7d1b4fc8a948d1d9347ab986 4a2faf2fa1da4d6abc4cf052ce37d00f - - default default] 10.0.0.210 "GET /v2.0/ports?device_id=17c56747-304b-4c22-94dc-12f2ba1dd8b3 HTTP/1.1" status: 200 len: 1170 time: 0.0580435
2026-05-06 06:09:27.150 9 WARNING neutron.scheduler.dhcp_agent_scheduler [None req-b5be547c-da37-42e8-bd88-33a4a426e28a 2386b1c517854eb98b7f9c7053009bec 5ade327770314e1e9b720453f6845cba - - default default] No more DHCP agents
2026-05-06 06:09:27.194 9 WARNING neutron.api.rpc.agentnotifiers.dhcp_rpc_agent_api [None req-b5be547c-da37-42e8-bd88-33a4a426e28a 2386b1c517854eb98b7f9c7053009bec 5ade327770314e1e9b720453f6845cba - - default default] Unable to schedule network 2a8d0093-3275-47ca-96bf-aef28005555b: no agents available; will retry on subsequent port and subnet creation events.
2026-05-06 06:09:27.202 10 INFO neutron.wsgi [req-1d52d951-2836-401e-82b5-94e0f64d8e22 req-8643d088-05e2-4879-a60b-c0539478cd71 f56d3a1c7d1b4fc8a948d1d9347ab986 4a2faf2fa1da4d6abc4cf052ce37d00f - - default default] 10.0.0.210 "GET /v2.0/security-groups?id=1e5f3172-07a4-4d24-ae23-deb82e89e3c9&fields=id&fields=name HTTP/1.1" status: 200 len: 313 time: 0.0526915
2026-05-06 06:09:27.223 9 INFO neutron.wsgi [None req-e7609ed8-f885-426b-afe7-24b983ba2f60 f48760bb10144048a47fc2350138e64c b4bb2f492a024557806a59f6ae0c9c3e - - default default] 10.0.0.130 "PUT /v2.0/routers/ea48e304-cc24-4588-a76a-bd9538538196/remove_router_interface HTTP/1.1" status: 200 len: 503 time: 1.3712921
2026-05-06 06:09:27.316 9 INFO neutron.db.ovn_revision_numbers_db [None req-b5be547c-da37-42e8-bd88-33a4a426e28a 2386b1c517854eb98b7f9c7053009bec 5ade327770314e1e9b720453f6845cba - - default default] Successfully bumped revision number for resource 3e29c556-8129-4445-bf94-200b064e7656 (type: ports) to 1
2026-05-06 06:09:27.344 9 INFO neutron.wsgi [None req-b5be547c-da37-42e8-bd88-33a4a426e28a 2386b1c517854eb98b7f9c7053009bec 5ade327770314e1e9b720453f6845cba - - default default] 10.0.0.130 "POST /v2.0/ports HTTP/1.1" status: 201 len: 1706 time: 1.5740104
2026-05-06 06:09:27.345 10 INFO neutron.wsgi [None req-c012fbb3-2c25-4ec7-8e29-0b257240acdd f48760bb10144048a47fc2350138e64c b4bb2f492a024557806a59f6ae0c9c3e - - default default] 10.0.0.130 "GET /v2.0/ports/68c8679f-326f-4146-975b-6052574fc280 HTTP/1.1" status: 200 len: 1141 time: 0.1174793 /var/lib/openstack/lib/python3.10/site-packages/pycadf/identifier.py:71: UserWarning: Invalid uuid: neutron. To ensure interoperability, identifiers should be a valid uuid. warnings.warn(('Invalid uuid: %s. To ensure interoperability, '
2026-05-06 06:09:27.575 9 INFO neutron.wsgi [None req-ba42f04e-820f-435f-a4e8-2492efa76190 2386b1c517854eb98b7f9c7053009bec 5ade327770314e1e9b720453f6845cba - - default default] 10.0.0.130 "GET /v2.0/ports HTTP/1.1" status: 200 len: 3213 time: 0.2259932
2026-05-06 06:09:27.625 9 INFO neutron.wsgi [req-2525eb93-ba76-4866-b5f7-ba181bc1f22c req-09d0155e-c819-4b72-b577-0fa634fac888 f56d3a1c7d1b4fc8a948d1d9347ab986 4a2faf2fa1da4d6abc4cf052ce37d00f - - default default] 199.19.213.73 "GET /v2.0/ports?device_id=17c56747-304b-4c22-94dc-12f2ba1dd8b3 HTTP/1.1" status: 200 len: 1170 time: 0.2098920
2026-05-06 06:09:27.830 10 WARNING neutron_lib.context [None req-f3761a2d-1123-4b79-ba7b-398ee7991734 c12e2d51a6594f3194cd452be4c402de 3dc5fb32bf674fbb8cd6c4e34eb662f3 - - default default] Method 'is_advsvc' is deprecated since 2023.2 release (neutron-lib 3.8.0) and will be removed once support for the old RBAC API policies will be removed from Neutron. Please use method 'is_service_role' instead.
2026-05-06 06:09:27.967 9 INFO neutron.wsgi [None req-af43ce49-93b4-412e-92c7-0222ce862579 2386b1c517854eb98b7f9c7053009bec 5ade327770314e1e9b720453f6845cba - - default default] 10.0.0.130 "DELETE /v2.0/ports/88f3e88b-1527-40d8-8208-6d67d308a16d HTTP/1.1" status: 204 len: 168 time: 0.3864100
2026-05-06 06:09:28.092 9 INFO neutron.db.l3_db [req-2525eb93-ba76-4866-b5f7-ba181bc1f22c req-0c908622-4dca-42ad-b026-488d3a240f68 f56d3a1c7d1b4fc8a948d1d9347ab986 4a2faf2fa1da4d6abc4cf052ce37d00f - - default default] Floating IP 2cf16c08-4b78-4b5b-bd49-ad3d7fca037d disassociated. External IP: 10.96.250.209, port: e1b6072f-9077-4977-9985-7714bcd500c1.
2026-05-06 06:09:28.101 10 INFO neutron.wsgi [None req-61e96853-e7e8-433a-b022-5a9028c0d0de f48760bb10144048a47fc2350138e64c b4bb2f492a024557806a59f6ae0c9c3e - - default default] 10.0.0.130 "PUT /v2.0/routers/ea48e304-cc24-4588-a76a-bd9538538196/remove_router_interface HTTP/1.1" status: 200 len: 503 time: 0.7486079 /var/lib/openstack/lib/python3.10/site-packages/pycadf/identifier.py:71: UserWarning: Invalid uuid: neutron. To ensure interoperability, identifiers should be a valid uuid. warnings.warn(('Invalid uuid: %s. To ensure interoperability, '
2026-05-06 06:09:28.130 10 INFO neutron.wsgi [None req-4ae42547-ce63-463d-9563-95c5a2825ad9 f48760bb10144048a47fc2350138e64c b4bb2f492a024557806a59f6ae0c9c3e - - default default] 10.0.0.130 "GET /v2.0/ports?device_id=ea48e304-cc24-4588-a76a-bd9538538196 HTTP/1.1" status: 200 len: 205 time: 0.0235291
2026-05-06 06:09:28.282 10 INFO neutron.wsgi [None req-cb96d72f-9dac-485a-a116-c05e515bc94e ca89b9242353463790d86e73147b14ab f7a7fcbf79c64ad8bdb5a244cd81c59a - - default default] 10.0.0.35 "GET /v2.0/network-ip-availabilities HTTP/1.1" status: 200 len: 3242 time: 0.0947483
2026-05-06 06:09:28.330 9 INFO neutron.wsgi [None req-c40ba720-7846-4986-8641-58821d903c7c 2386b1c517854eb98b7f9c7053009bec 5ade327770314e1e9b720453f6845cba - - default default] 10.0.0.130 "DELETE /v2.0/ports/3e29c556-8129-4445-bf94-200b064e7656 HTTP/1.1" status: 204 len: 168 time: 0.3565054 /var/lib/openstack/lib/python3.10/site-packages/pycadf/identifier.py:71: UserWarning: Invalid uuid: neutron. To ensure interoperability, identifiers should be a valid uuid. warnings.warn(('Invalid uuid: %s. To ensure interoperability, '
2026-05-06 06:09:28.367 9 INFO neutron.wsgi [req-2525eb93-ba76-4866-b5f7-ba181bc1f22c req-0c908622-4dca-42ad-b026-488d3a240f68 f56d3a1c7d1b4fc8a948d1d9347ab986 4a2faf2fa1da4d6abc4cf052ce37d00f - - default default] 199.19.213.73 "DELETE /v2.0/ports/e1b6072f-9077-4977-9985-7714bcd500c1 HTTP/1.1" status: 204 len: 173 time: 0.7358658
2026-05-06 06:09:28.393 9 INFO neutron.wsgi [None req-13d42b81-a2d4-4d87-915b-dc1eb39c9868 2386b1c517854eb98b7f9c7053009bec 5ade327770314e1e9b720453f6845cba - - default default] 10.0.0.130 "GET /v2.0/ports HTTP/1.1" status: 200 len: 1718 time: 0.0571237
2026-05-06 06:09:28.411 9 WARNING neutron_lib.context [None req-8904a3e3-eb76-4174-ab25-22dc3281b580 2386b1c517854eb98b7f9c7053009bec 5ade327770314e1e9b720453f6845cba - - default default] Method 'is_advsvc' is deprecated since 2023.2 release (neutron-lib 3.8.0) and will be removed once support for the old RBAC API policies will be removed from Neutron. Please use method 'is_service_role' instead.
2026-05-06 06:09:28.415 9 INFO neutron.notifiers.nova [-] Nova event matching ['req-40d4238b-e462-49c2-894f-cb0c3c1a11c9'] response: {'server_uuid': '17c56747-304b-4c22-94dc-12f2ba1dd8b3', 'name': 'network-vif-deleted', 'tag': 'e1b6072f-9077-4977-9985-7714bcd500c1', 'status': 'completed', 'code': 200}
2026-05-06 06:09:28.518 9 INFO neutron.db.segments_db [None req-8904a3e3-eb76-4174-ab25-22dc3281b580 2386b1c517854eb98b7f9c7053009bec 5ade327770314e1e9b720453f6845cba - - default default] Added segment ba24ab59-632d-4ea3-8623-b94f845b5984 of type geneve for network 5d0bf477-a71f-493d-8433-33fb00b93a4b
2026-05-06 06:09:28.670 10 INFO neutron.wsgi [req-2cde8fa8-14c1-4cde-8daf-240e89104a37 req-d539dc12-f946-4d89-bd84-e39c68c0221b f56d3a1c7d1b4fc8a948d1d9347ab986 4a2faf2fa1da4d6abc4cf052ce37d00f - - default default] 10.0.0.210 "GET /v2.0/ports?device_id=17c56747-304b-4c22-94dc-12f2ba1dd8b3 HTTP/1.1" status: 200 len: 210 time: 0.3874805
2026-05-06 06:09:28.679 10 WARNING neutron.scheduler.dhcp_agent_scheduler [None req-f3761a2d-1123-4b79-ba7b-398ee7991734 c12e2d51a6594f3194cd452be4c402de 3dc5fb32bf674fbb8cd6c4e34eb662f3 - - default default] No more DHCP agents
2026-05-06 06:09:28.687 9 INFO neutron.db.ovn_revision_numbers_db [None req-8904a3e3-eb76-4174-ab25-22dc3281b580 2386b1c517854eb98b7f9c7053009bec 5ade327770314e1e9b720453f6845cba - - default default] Successfully bumped revision number for resource 5d0bf477-a71f-493d-8433-33fb00b93a4b (type: networks) to 1
2026-05-06 06:09:28.688 10 WARNING neutron.api.rpc.agentnotifiers.dhcp_rpc_agent_api [None req-f3761a2d-1123-4b79-ba7b-398ee7991734 c12e2d51a6594f3194cd452be4c402de 3dc5fb32bf674fbb8cd6c4e34eb662f3 - - default default] Unable to schedule network 5b11ae42-edf5-4a66-80a7-95b6ab14d670: no agents available; will retry on subsequent port and subnet creation events.
2026-05-06 06:09:28.831 10 INFO neutron.wsgi [None req-e5b9c17b-1f2d-43c5-a1bc-6ae659ecb4a8 ca89b9242353463790d86e73147b14ab f7a7fcbf79c64ad8bdb5a244cd81c59a - - default default] 10.0.0.35 "GET /v2.0/security-groups HTTP/1.1" status: 200 len: 27880 time: 0.5424626
2026-05-06 06:09:28.899 9 WARNING neutron.scheduler.dhcp_agent_scheduler [None req-8904a3e3-eb76-4174-ab25-22dc3281b580 2386b1c517854eb98b7f9c7053009bec 5ade327770314e1e9b720453f6845cba - - default default] No more DHCP agents
2026-05-06 06:09:28.901 9 WARNING neutron.api.rpc.agentnotifiers.dhcp_rpc_agent_api [None req-8904a3e3-eb76-4174-ab25-22dc3281b580 2386b1c517854eb98b7f9c7053009bec 5ade327770314e1e9b720453f6845cba - - default default] Unable to schedule network 5d0bf477-a71f-493d-8433-33fb00b93a4b: no agents available; will retry on subsequent port and subnet creation events.
2026-05-06 06:09:28.920 10 INFO neutron.wsgi [None req-1ea80d8e-0c51-4c30-9885-72aa0c60249b ca89b9242353463790d86e73147b14ab f7a7fcbf79c64ad8bdb5a244cd81c59a - - default default] 10.0.0.35 "GET /v2.0/subnets HTTP/1.1" status: 200 len: 3362 time: 0.0735853
2026-05-06 06:09:28.996 9 INFO neutron.db.ovn_revision_numbers_db [None req-8904a3e3-eb76-4174-ab25-22dc3281b580 2386b1c517854eb98b7f9c7053009bec 5ade327770314e1e9b720453f6845cba - - default default] Successfully bumped revision number for resource e2c093ad-375b-45d0-85a9-b6f63ba2c29e (type: ports) to 1
2026-05-06 06:09:29.011 10 INFO neutron.wsgi [None req-a6860b04-c5d1-4496-aafe-ea4e6d178e26 ca89b9242353463790d86e73147b14ab f7a7fcbf79c64ad8bdb5a244cd81c59a - - default default] 10.0.0.35 "GET /v2.0/ports HTTP/1.1" status: 200 len: 14912 time: 0.0878882
2026-05-06 06:09:29.014 10 INFO neutron.wsgi [None req-935996ef-56f5-4b5d-87c7-12a122341f07 f48760bb10144048a47fc2350138e64c b4bb2f492a024557806a59f6ae0c9c3e - - default default] 10.0.0.130 "DELETE /v2.0/routers/ea48e304-cc24-4588-a76a-bd9538538196 HTTP/1.1" status: 204 len: 168 time: 0.8783746
2026-05-06 06:09:29.030 9 INFO neutron.wsgi [None req-8904a3e3-eb76-4174-ab25-22dc3281b580 2386b1c517854eb98b7f9c7053009bec 5ade327770314e1e9b720453f6845cba - - default default] 10.0.0.130 "POST /v2.0/networks HTTP/1.1" status: 201 len: 853 time: 0.6243670
2026-05-06 06:09:29.041 9 WARNING neutron_lib.context [None req-a8b8b8e3-cd11-4a43-a217-3737df70e0bd 2386b1c517854eb98b7f9c7053009bec 5ade327770314e1e9b720453f6845cba - - default default] Method 'is_advsvc' is deprecated since 2023.2 release (neutron-lib 3.8.0) and will be removed once support for the old RBAC API policies will be removed from Neutron. Please use method 'is_service_role' instead.
2026-05-06 06:09:29.130 9 INFO neutron.db.segments_db [None req-a8b8b8e3-cd11-4a43-a217-3737df70e0bd 2386b1c517854eb98b7f9c7053009bec 5ade327770314e1e9b720453f6845cba - - default default] Added segment 54c9b761-98f4-468b-926f-123a2346fae8 of type geneve for network 3ab1ff23-0ee2-4e61-8fd1-870fbb83580c
2026-05-06 06:09:29.153 10 INFO neutron.wsgi [None req-40c77f71-1273-41c6-a9cf-c0a168dbea70 ca89b9242353463790d86e73147b14ab f7a7fcbf79c64ad8bdb5a244cd81c59a - - default default] 10.0.0.35 "GET /v2.0/routers HTTP/1.1" status: 200 len: 861 time: 0.1324100
2026-05-06 06:09:29.217 10 INFO neutron.wsgi [None req-24a2a5ac-224a-4bc0-b6f9-04760a5a0940 ca89b9242353463790d86e73147b14ab f7a7fcbf79c64ad8bdb5a244cd81c59a - - default default] 10.0.0.35 "GET /v2.0/agents?binary=ovn-controller HTTP/1.1" status: 200 len: 591 time: 0.0596049
2026-05-06 06:09:29.246 10 INFO neutron.wsgi [None req-3fb3dbe9-b91b-4914-aa06-5b5f2e15dcd9 ca89b9242353463790d86e73147b14ab f7a7fcbf79c64ad8bdb5a244cd81c59a - - default default] 10.0.0.35 "GET /v2.0/agents HTTP/1.1" status: 200 len: 997 time: 0.0253603
2026-05-06 06:09:29.282 10 INFO neutron.wsgi [None req-c2ddc92a-18a4-44ce-9d45-b989846d912c ca89b9242353463790d86e73147b14ab f7a7fcbf79c64ad8bdb5a244cd81c59a - - default default] 10.0.0.35 "GET /v2.0/floatingips HTTP/1.1" status: 200 len: 1269 time: 0.0324061
2026-05-06 06:09:29.335 9 INFO neutron.db.ovn_revision_numbers_db [None req-a8b8b8e3-cd11-4a43-a217-3737df70e0bd 2386b1c517854eb98b7f9c7053009bec 5ade327770314e1e9b720453f6845cba - - default default] Successfully bumped revision number for resource 3ab1ff23-0ee2-4e61-8fd1-870fbb83580c (type: networks) to 1
2026-05-06 06:09:29.372 10 INFO neutron.wsgi [None req-30e80438-4622-44aa-8edf-a5d2c895ac47 f48760bb10144048a47fc2350138e64c b4bb2f492a024557806a59f6ae0c9c3e - - default default] 10.0.0.130 "DELETE /v2.0/subnets/c4c06583-ef87-45de-a907-0b29d8129a04 HTTP/1.1" status: 204 len: 168 time: 0.3516252
2026-05-06 06:09:29.407 10 INFO neutron.wsgi [None req-944c56b5-2111-4a2a-b7fa-c42ff6a32110 ca89b9242353463790d86e73147b14ab f7a7fcbf79c64ad8bdb5a244cd81c59a - - default default] 10.0.0.35 "GET /v2.0/networks HTTP/1.1" status: 200 len: 7515 time: 0.1220200
2026-05-06 06:09:29.461 10 INFO neutron.wsgi [None req-ca5ad6e1-932d-419e-9765-b99edfe96514 ca89b9242353463790d86e73147b14ab f7a7fcbf79c64ad8bdb5a244cd81c59a - - default default] 10.0.0.35 "GET /v2.0/subnets HTTP/1.1" status: 200 len: 2723 time: 0.0460103
2026-05-06 06:09:29.488 10 INFO neutron.wsgi [None req-88fe0363-9909-4915-b2ac-6faa54a44a93 ca89b9242353463790d86e73147b14ab f7a7fcbf79c64ad8bdb5a244cd81c59a - - default default] 10.0.0.35 "GET /v2.0/subnetpools HTTP/1.1" status: 200 len: 193 time: 0.0247493
2026-05-06 06:09:29.501 10 INFO neutron.db.ovn_revision_numbers_db [None req-f3761a2d-1123-4b79-ba7b-398ee7991734 c12e2d51a6594f3194cd452be4c402de 3dc5fb32bf674fbb8cd6c4e34eb662f3 - - default default] Successfully bumped revision number for resource 8f1d1cc0-6f3f-42fb-8671-a10702217eaf (type: floatingips) to 0
2026-05-06 06:09:29.523 10 INFO neutron.wsgi [None req-f3761a2d-1123-4b79-ba7b-398ee7991734 c12e2d51a6594f3194cd452be4c402de 3dc5fb32bf674fbb8cd6c4e34eb662f3 - - default default] 10.0.0.130 "POST /v2.0/floatingips HTTP/1.1" status: 201 len: 751 time: 1.8021822
2026-05-06 06:09:29.537 10 WARNING neutron_lib.context [None req-7fb2b067-4986-4135-bb45-4ee7446dec5d c12e2d51a6594f3194cd452be4c402de 3dc5fb32bf674fbb8cd6c4e34eb662f3 - - default default] Method 'is_advsvc' is deprecated since 2023.2 release (neutron-lib 3.8.0) and will be removed once support for the old RBAC API policies will be removed from Neutron. Please use method 'is_service_role' instead.
2026-05-06 06:09:29.552 9 WARNING neutron.scheduler.dhcp_agent_scheduler [None req-a8b8b8e3-cd11-4a43-a217-3737df70e0bd 2386b1c517854eb98b7f9c7053009bec 5ade327770314e1e9b720453f6845cba - - default default] No more DHCP agents
2026-05-06 06:09:29.556 9 WARNING neutron.api.rpc.agentnotifiers.dhcp_rpc_agent_api [None req-a8b8b8e3-cd11-4a43-a217-3737df70e0bd 2386b1c517854eb98b7f9c7053009bec 5ade327770314e1e9b720453f6845cba - - default default] Unable to schedule network 3ab1ff23-0ee2-4e61-8fd1-870fbb83580c: no agents available; will retry on subsequent port and subnet creation events.
2026-05-06 06:09:29.642 10 INFO neutron.wsgi [None req-3c4655ae-44b2-4ebc-8e52-d4e5ebfb0536 f48760bb10144048a47fc2350138e64c b4bb2f492a024557806a59f6ae0c9c3e - - default default] 10.0.0.130 "DELETE /v2.0/subnets/2f039430-203a-4c21-bf00-1e2cb3fd3f62 HTTP/1.1" status: 204 len: 168 time: 0.2587698
2026-05-06 06:09:29.666 9 INFO neutron.db.ovn_revision_numbers_db [None req-a8b8b8e3-cd11-4a43-a217-3737df70e0bd 2386b1c517854eb98b7f9c7053009bec 5ade327770314e1e9b720453f6845cba - - default default] Successfully bumped revision number for resource 83efc0e0-afce-42d6-96a4-70a228c19af8 (type: ports) to 1
2026-05-06 06:09:29.694 9 INFO neutron.wsgi [None req-a8b8b8e3-cd11-4a43-a217-3737df70e0bd 2386b1c517854eb98b7f9c7053009bec 5ade327770314e1e9b720453f6845cba - - default default] 10.0.0.130 "POST /v2.0/networks HTTP/1.1" status: 201 len: 853 time: 0.6583877
2026-05-06 06:09:29.869 10 WARNING neutron.scheduler.dhcp_agent_scheduler [None req-7fb2b067-4986-4135-bb45-4ee7446dec5d c12e2d51a6594f3194cd452be4c402de 3dc5fb32bf674fbb8cd6c4e34eb662f3 - - default default] No more DHCP agents
2026-05-06 06:09:29.871 10 WARNING neutron.api.rpc.agentnotifiers.dhcp_rpc_agent_api [None req-7fb2b067-4986-4135-bb45-4ee7446dec5d c12e2d51a6594f3194cd452be4c402de 3dc5fb32bf674fbb8cd6c4e34eb662f3 - - default default] Unable to schedule network 5b11ae42-edf5-4a66-80a7-95b6ab14d670: no agents available; will retry on subsequent port and subnet creation events.
2026-05-06 06:09:29.897 9 INFO neutron.wsgi [None req-7b2431a2-cc89-46fd-abe5-98a7eee1a776 f56d3a1c7d1b4fc8a948d1d9347ab986 4a2faf2fa1da4d6abc4cf052ce37d00f - - default default] 10.0.0.130 "DELETE /v2.0/security-groups/1e5f3172-07a4-4d24-ae23-deb82e89e3c9 HTTP/1.1" status: 204 len: 168 time: 0.1318994
2026-05-06 06:09:29.916 9 INFO neutron.api.v2.resource [None req-ab2d77e8-442c-410d-a610-f303827158fc f56d3a1c7d1b4fc8a948d1d9347ab986 4a2faf2fa1da4d6abc4cf052ce37d00f - - default default] show failed (client error): The resource could not be found.
2026-05-06 06:09:29.918 9 INFO neutron.wsgi [None req-ab2d77e8-442c-410d-a610-f303827158fc f56d3a1c7d1b4fc8a948d1d9347ab986 4a2faf2fa1da4d6abc4cf052ce37d00f - - default default] 10.0.0.130 "GET /v2.0/security-groups/1e5f3172-07a4-4d24-ae23-deb82e89e3c9 HTTP/1.1" status: 404 len: 347 time: 0.0147009
2026-05-06 06:09:30.095 10 INFO neutron.services.segments.plugin [-] Segment f6deb099-051e-4a78-a75b-08b625493edd resource provider aggregate not found
2026-05-06 06:09:30.103 10 INFO neutron.services.segments.plugin [-] Segment f6deb099-051e-4a78-a75b-08b625493edd resource provider aggregate not found
2026-05-06 06:09:30.115 10 INFO neutron.services.segments.plugin [-] Segment f6deb099-051e-4a78-a75b-08b625493edd resource provider not found; error: Placement Client Error (4xx): {"errors": [{"status": 404, "title": "Not Found", "detail": "The resource could not be found.\n\n No resource provider with uuid f6deb099-051e-4a78-a75b-08b625493edd found for delete ", "request_id": "req-8addc015-1ea7-4f55-8190-aaa53d7ffb54"}]}
2026-05-06 06:09:30.126 10 INFO neutron.services.segments.plugin [-] Segment f6deb099-051e-4a78-a75b-08b625493edd resource provider not found; error: Placement Client Error (4xx): {"errors": [{"status": 404, "title": "Not Found", "detail": "The resource could not be found.\n\n No resource provider with uuid f6deb099-051e-4a78-a75b-08b625493edd found for delete ", "request_id": "req-2797bf53-de25-41cc-8a68-ce4ba0073c43"}]}
2026-05-06 06:09:30.168 10 WARNING neutron_lib.context [None req-6b67b485-84f5-4276-9c1f-c81b947dd05c 2386b1c517854eb98b7f9c7053009bec 5ade327770314e1e9b720453f6845cba - - default default] Method 'is_advsvc' is deprecated since 2023.2 release (neutron-lib 3.8.0) and will be removed once support for the old RBAC API policies will be removed from Neutron. Please use method 'is_service_role' instead.
2026-05-06 06:09:30.175 10 INFO neutron.wsgi [None req-7783146e-e9c8-45c5-9ee6-a7fc58bda6e2 f48760bb10144048a47fc2350138e64c b4bb2f492a024557806a59f6ae0c9c3e - - default default] 10.0.0.130 "DELETE /v2.0/networks/bce38419-c7af-481f-b456-b2c7174995f9 HTTP/1.1" status: 204 len: 168 time: 0.5260222
2026-05-06 06:09:30.224 10 WARNING neutron_lib.context [None req-6b67b485-84f5-4276-9c1f-c81b947dd05c 2386b1c517854eb98b7f9c7053009bec 5ade327770314e1e9b720453f6845cba - - default default] Method 'is_advsvc' is deprecated since 2023.2 release (neutron-lib 3.8.0) and will be removed once support for the old RBAC API policies will be removed from Neutron. Please use method 'is_service_role' instead.
2026-05-06 06:09:30.272 10 INFO neutron.db.ovn_revision_numbers_db [None req-7fb2b067-4986-4135-bb45-4ee7446dec5d c12e2d51a6594f3194cd452be4c402de 3dc5fb32bf674fbb8cd6c4e34eb662f3 - - default default] Successfully bumped revision number for resource 7df7ba8c-c4bc-45c5-80c1-30f4b91e8d2e (type: floatingips) to 0
2026-05-06 06:09:30.289 10 INFO neutron.wsgi [None req-7fb2b067-4986-4135-bb45-4ee7446dec5d c12e2d51a6594f3194cd452be4c402de 3dc5fb32bf674fbb8cd6c4e34eb662f3 - - default default] 10.0.0.130 "POST /v2.0/floatingips HTTP/1.1" status: 201 len: 751 time: 0.7571120
2026-05-06 06:09:30.301 9 WARNING neutron_lib.context [None req-90858eda-af1c-4345-b3ab-ac3b98831e56 c12e2d51a6594f3194cd452be4c402de 3dc5fb32bf674fbb8cd6c4e34eb662f3 - - default default] Method 'is_advsvc' is deprecated since 2023.2 release (neutron-lib 3.8.0) and will be removed once support for the old RBAC API policies will be removed from Neutron. Please use method 'is_service_role' instead.
2026-05-06 06:09:30.654 10 WARNING neutron.scheduler.dhcp_agent_scheduler [None req-6b67b485-84f5-4276-9c1f-c81b947dd05c 2386b1c517854eb98b7f9c7053009bec 5ade327770314e1e9b720453f6845cba - - default default] No more DHCP agents
2026-05-06 06:09:30.658 10 WARNING neutron.api.rpc.agentnotifiers.dhcp_rpc_agent_api [None req-6b67b485-84f5-4276-9c1f-c81b947dd05c 2386b1c517854eb98b7f9c7053009bec 5ade327770314e1e9b720453f6845cba - - default default] Unable to schedule network 5d0bf477-a71f-493d-8433-33fb00b93a4b: no agents available; will retry on subsequent port and subnet creation events.
2026-05-06 06:09:30.706 10 INFO neutron.db.ovn_revision_numbers_db [None req-6b67b485-84f5-4276-9c1f-c81b947dd05c 2386b1c517854eb98b7f9c7053009bec 5ade327770314e1e9b720453f6845cba - - default default] Successfully bumped revision number for resource 34724c9e-fa5e-43a0-b153-3181294081ee (type: subnets) to 0
2026-05-06 06:09:30.738 10 WARNING neutron.scheduler.dhcp_agent_scheduler [None req-6b67b485-84f5-4276-9c1f-c81b947dd05c 2386b1c517854eb98b7f9c7053009bec 5ade327770314e1e9b720453f6845cba - - default default] No more DHCP agents
2026-05-06 06:09:30.740 10 WARNING neutron.api.rpc.agentnotifiers.dhcp_rpc_agent_api [None req-6b67b485-84f5-4276-9c1f-c81b947dd05c 2386b1c517854eb98b7f9c7053009bec 5ade327770314e1e9b720453f6845cba - - default default] Unable to schedule network 3ab1ff23-0ee2-4e61-8fd1-870fbb83580c: no agents available; will retry on subsequent port and subnet creation events.
2026-05-06 06:09:30.788 10 INFO neutron.db.ovn_revision_numbers_db [None req-6b67b485-84f5-4276-9c1f-c81b947dd05c 2386b1c517854eb98b7f9c7053009bec 5ade327770314e1e9b720453f6845cba - - default default] Successfully bumped revision number for resource ea292bb4-3dec-4ccc-bfd2-e59075a33235 (type: subnets) to 0
2026-05-06 06:09:30.806 10 INFO neutron.wsgi [None req-6b67b485-84f5-4276-9c1f-c81b947dd05c 2386b1c517854eb98b7f9c7053009bec 5ade327770314e1e9b720453f6845cba - - default default] 10.0.0.130 "POST /v2.0/subnets HTTP/1.1" status: 201 len: 1475 time: 0.6457646
2026-05-06 06:09:30.829 9 INFO neutron.wsgi [None req-3e93aae6-d5e1-410f-8872-b3e6b96f8308 f56d3a1c7d1b4fc8a948d1d9347ab986 4a2faf2fa1da4d6abc4cf052ce37d00f - - default default] 10.0.0.130 "DELETE /v2.0/floatingips/2cf16c08-4b78-4b5b-bd49-ad3d7fca037d HTTP/1.1" status: 204 len: 168 time: 0.9065316
2026-05-06 06:09:30.870 10 INFO neutron.wsgi [None req-15a4e3c6-0be9-47c7-9d58-a9e9dde16a00 2386b1c517854eb98b7f9c7053009bec 5ade327770314e1e9b720453f6845cba - - default default] 10.0.0.130 "GET /v2.0/subnets HTTP/1.1" status: 200 len: 2083 time: 0.0578079
2026-05-06 06:09:31.119 9 WARNING neutron.scheduler.dhcp_agent_scheduler [None req-90858eda-af1c-4345-b3ab-ac3b98831e56 c12e2d51a6594f3194cd452be4c402de 3dc5fb32bf674fbb8cd6c4e34eb662f3 - - default default] No more DHCP agents
2026-05-06 06:09:31.126 10 INFO neutron.wsgi [None req-f2405013-055f-42f3-8d81-4f5f470b98d4 2386b1c517854eb98b7f9c7053009bec 5ade327770314e1e9b720453f6845cba - - default default] 10.0.0.130 "DELETE /v2.0/subnets/34724c9e-fa5e-43a0-b153-3181294081ee HTTP/1.1" status: 204 len: 168 time: 0.2406359
2026-05-06 06:09:31.138 9 WARNING neutron.api.rpc.agentnotifiers.dhcp_rpc_agent_api [None req-90858eda-af1c-4345-b3ab-ac3b98831e56 c12e2d51a6594f3194cd452be4c402de 3dc5fb32bf674fbb8cd6c4e34eb662f3 - - default default] Unable to schedule network 5b11ae42-edf5-4a66-80a7-95b6ab14d670: no agents available; will retry on subsequent port and subnet creation events.
2026-05-06 06:09:31.154 10 WARNING neutron.plugins.ml2.drivers.ovn.mech_driver.ovsdb.ovn_client [None req-e3256b9d-3a67-40a3-a56b-ef7bdefb95c1 - - - - - -] No port found with ID 995f04b2-741b-43ee-a1ba-5a31a73a0626: RuntimeError: No port found with ID 995f04b2-741b-43ee-a1ba-5a31a73a0626
2026-05-06 06:09:31.154 10 INFO neutron.plugins.ml2.drivers.ovn.mech_driver.mech_driver [None req-e3256b9d-3a67-40a3-a56b-ef7bdefb95c1 - - - - - -] OVN reports status down for port: e1b6072f-9077-4977-9985-7714bcd500c1
2026-05-06 06:09:31.179 9 INFO neutron.services.segments.plugin [-] Segment f4780ac2-0a5c-43c3-ae9c-bf6c6f7f013c resource provider aggregate not found
2026-05-06 06:09:31.186 9 INFO neutron.services.segments.plugin [-] Segment f4780ac2-0a5c-43c3-ae9c-bf6c6f7f013c resource provider aggregate not found
2026-05-06 06:09:31.208 9 INFO neutron.services.segments.plugin [-] Segment f4780ac2-0a5c-43c3-ae9c-bf6c6f7f013c resource provider not found; error: Placement Client Error (4xx): {"errors": [{"status": 404, "title": "Not Found", "detail": "The resource could not be found.\n\n No resource provider with uuid f4780ac2-0a5c-43c3-ae9c-bf6c6f7f013c found for delete ", "request_id": "req-fc36f8ec-2d5c-450d-a322-972b02f21e8b"}]}
2026-05-06 06:09:31.212 9 INFO neutron.services.segments.plugin [-] Segment f4780ac2-0a5c-43c3-ae9c-bf6c6f7f013c resource provider not found; error: Placement Client Error (4xx): {"errors": [{"status": 404, "title": "Not Found", "detail": "The resource could not be found.\n\n No resource provider with uuid f4780ac2-0a5c-43c3-ae9c-bf6c6f7f013c found for delete ", "request_id": "req-f05e82a0-e1b8-412d-8941-203aaa3bf015"}]}
2026-05-06 06:09:31.261 9 INFO neutron.wsgi [None req-cfc15036-e0b0-471a-9408-389c401d8cde f48760bb10144048a47fc2350138e64c b4bb2f492a024557806a59f6ae0c9c3e - - default default] 10.0.0.130 "DELETE /v2.0/networks/b316ffc5-5918-40ea-b674-00d0ce37a21b HTTP/1.1" status: 204 len: 168 time: 1.0787997
2026-05-06 06:09:31.282 9 WARNING neutron_lib.context [None req-6ff7e1c9-f2c3-47f1-abdd-1887f72b3ff6 f48760bb10144048a47fc2350138e64c b4bb2f492a024557806a59f6ae0c9c3e - - default default] Method 'is_advsvc' is deprecated since 2023.2 release (neutron-lib 3.8.0) and will be removed once support for the old RBAC API policies will be removed from Neutron. Please use method 'is_service_role' instead.
2026-05-06 06:09:31.415 9 INFO neutron.db.segments_db [None req-6ff7e1c9-f2c3-47f1-abdd-1887f72b3ff6 f48760bb10144048a47fc2350138e64c b4bb2f492a024557806a59f6ae0c9c3e - - default default] Added segment 3a2d5c74-baea-461c-98d2-114dde585d7e of type geneve for network a0916c5b-5795-46ab-b443-4e0c4b98f9e6
2026-05-06 06:09:31.641 9 INFO neutron.db.ovn_revision_numbers_db [None req-6ff7e1c9-f2c3-47f1-abdd-1887f72b3ff6 f48760bb10144048a47fc2350138e64c b4bb2f492a024557806a59f6ae0c9c3e - - default default] Successfully bumped revision number for resource a0916c5b-5795-46ab-b443-4e0c4b98f9e6 (type: networks) to 1
2026-05-06 06:09:31.711 10 INFO neutron.wsgi [None req-2e286e32-4005-4dcc-82c2-42bebeebe7e9 2386b1c517854eb98b7f9c7053009bec 5ade327770314e1e9b720453f6845cba - - default default] 10.0.0.130 "DELETE /v2.0/subnets/ea292bb4-3dec-4ccc-bfd2-e59075a33235 HTTP/1.1" status: 204 len: 168 time: 0.5788357
2026-05-06 06:09:31.713 9 INFO neutron.db.ovn_revision_numbers_db [None req-90858eda-af1c-4345-b3ab-ac3b98831e56 c12e2d51a6594f3194cd452be4c402de 3dc5fb32bf674fbb8cd6c4e34eb662f3 - - default default] Successfully bumped revision number for resource c80294ae-ad6f-42ff-ab6d-3f33ec49818b (type: floatingips) to 0
2026-05-06 06:09:31.734 9 INFO neutron.wsgi [None req-90858eda-af1c-4345-b3ab-ac3b98831e56 c12e2d51a6594f3194cd452be4c402de 3dc5fb32bf674fbb8cd6c4e34eb662f3 - - default default] 10.0.0.130 "POST /v2.0/floatingips HTTP/1.1" status: 201 len: 751 time: 1.4394810
2026-05-06 06:09:31.746 10 WARNING neutron_lib.context [None req-cab506c8-c729-4fa0-8df2-48e6f33e9704 c12e2d51a6594f3194cd452be4c402de 3dc5fb32bf674fbb8cd6c4e34eb662f3 - - default default] Method 'is_advsvc' is deprecated since 2023.2 release (neutron-lib 3.8.0) and will be removed once support for the old RBAC API policies will be removed from Neutron. Please use method 'is_service_role' instead.
2026-05-06 06:09:31.761 10 INFO neutron.wsgi [None req-03c01d59-fdb4-4786-993d-58797b1eccec 2386b1c517854eb98b7f9c7053009bec 5ade327770314e1e9b720453f6845cba - - default default] 10.0.0.130 "GET /v2.0/subnets HTTP/1.1" status: 200 len: 820 time: 0.0437195
2026-05-06 06:09:31.934 9 WARNING neutron.scheduler.dhcp_agent_scheduler [None req-6ff7e1c9-f2c3-47f1-abdd-1887f72b3ff6 f48760bb10144048a47fc2350138e64c b4bb2f492a024557806a59f6ae0c9c3e - - default default] No more DHCP agents
2026-05-06 06:09:31.940 9 WARNING neutron.api.rpc.agentnotifiers.dhcp_rpc_agent_api [None req-6ff7e1c9-f2c3-47f1-abdd-1887f72b3ff6 f48760bb10144048a47fc2350138e64c b4bb2f492a024557806a59f6ae0c9c3e - - default default] Unable to schedule network a0916c5b-5795-46ab-b443-4e0c4b98f9e6: no agents available; will retry on subsequent port and subnet creation events.
2026-05-06 06:09:32.067 9 INFO neutron.db.ovn_revision_numbers_db [None req-6ff7e1c9-f2c3-47f1-abdd-1887f72b3ff6 f48760bb10144048a47fc2350138e64c b4bb2f492a024557806a59f6ae0c9c3e - - default default] Successfully bumped revision number for resource 0ee40be2-cc49-47bd-a5a1-b31f541f1bc0 (type: ports) to 1
2026-05-06 06:09:32.091 9 INFO neutron.wsgi [None req-6ff7e1c9-f2c3-47f1-abdd-1887f72b3ff6 f48760bb10144048a47fc2350138e64c b4bb2f492a024557806a59f6ae0c9c3e - - default default] 10.0.0.130 "POST /v2.0/networks HTTP/1.1" status: 201 len: 833 time: 0.8210881
2026-05-06 06:09:32.106 10 WARNING neutron_lib.context [None req-51e1c5a7-75dc-42ee-a382-eeed95bf479e f48760bb10144048a47fc2350138e64c b4bb2f492a024557806a59f6ae0c9c3e - - default default] Method 'is_advsvc' is deprecated since 2023.2 release (neutron-lib 3.8.0) and will be removed once support for the old RBAC API policies will be removed from Neutron. Please use method 'is_service_role' instead.
2026-05-06 06:09:32.244 10 WARNING neutron.scheduler.dhcp_agent_scheduler [None req-cab506c8-c729-4fa0-8df2-48e6f33e9704 c12e2d51a6594f3194cd452be4c402de 3dc5fb32bf674fbb8cd6c4e34eb662f3 - - default default] No more DHCP agents
2026-05-06 06:09:32.256 10 WARNING neutron.api.rpc.agentnotifiers.dhcp_rpc_agent_api [None req-cab506c8-c729-4fa0-8df2-48e6f33e9704 c12e2d51a6594f3194cd452be4c402de 3dc5fb32bf674fbb8cd6c4e34eb662f3 - - default default] Unable to schedule network 5b11ae42-edf5-4a66-80a7-95b6ab14d670: no agents available; will retry on subsequent port and subnet creation events.
2026-05-06 06:09:32.286 9 INFO neutron.wsgi [None req-3f72a1a6-9ccd-4b0e-8553-f93c69b64b86 2386b1c517854eb98b7f9c7053009bec 5ade327770314e1e9b720453f6845cba - - default default] 10.0.0.130 "DELETE /v2.0/networks/3ab1ff23-0ee2-4e61-8fd1-870fbb83580c HTTP/1.1" status: 204 len: 168 time: 0.5167568
2026-05-06 06:09:32.576 10 WARNING neutron.scheduler.dhcp_agent_scheduler [None req-51e1c5a7-75dc-42ee-a382-eeed95bf479e f48760bb10144048a47fc2350138e64c b4bb2f492a024557806a59f6ae0c9c3e - - default default] No more DHCP agents
2026-05-06 06:09:32.589 10 WARNING neutron.api.rpc.agentnotifiers.dhcp_rpc_agent_api [None req-51e1c5a7-75dc-42ee-a382-eeed95bf479e f48760bb10144048a47fc2350138e64c b4bb2f492a024557806a59f6ae0c9c3e - - default default] Unable to schedule network a0916c5b-5795-46ab-b443-4e0c4b98f9e6: no agents available; will retry on subsequent port and subnet creation events.
2026-05-06 06:09:32.662 10 INFO neutron.wsgi [None req-edbc6632-d612-4c14-a9dc-e013c5b2227f ca89b9242353463790d86e73147b14ab f7a7fcbf79c64ad8bdb5a244cd81c59a - - default default] 10.0.0.130 "PUT /v2.0/routers/5b5cf1ee-098c-4ba9-b59d-c1cf17b4cb4d/remove_router_interface HTTP/1.1" status: 200 len: 503 time: 1.8266363
2026-05-06 06:09:32.683 10 INFO neutron.db.ovn_revision_numbers_db [None req-51e1c5a7-75dc-42ee-a382-eeed95bf479e f48760bb10144048a47fc2350138e64c b4bb2f492a024557806a59f6ae0c9c3e - - default default] Successfully bumped revision number for resource 8c18f467-11ee-42a3-8fe6-f3ff9d4c050f (type: subnets) to 0
2026-05-06 06:09:32.716 10 INFO neutron.wsgi [None req-51e1c5a7-75dc-42ee-a382-eeed95bf479e f48760bb10144048a47fc2350138e64c b4bb2f492a024557806a59f6ae0c9c3e - - default default] 10.0.0.130 "POST /v2.0/subnets HTTP/1.1" status: 201 len: 821 time: 0.6167531
2026-05-06 06:09:32.730 9 WARNING neutron_lib.context [None req-e9a6a601-8690-4760-8354-f18b87839c7b f48760bb10144048a47fc2350138e64c b4bb2f492a024557806a59f6ae0c9c3e - - default default] Method 'is_advsvc' is deprecated since 2023.2 release (neutron-lib 3.8.0) and will be removed once support for the old RBAC API policies will be removed from Neutron. Please use method 'is_service_role' instead.
2026-05-06 06:09:32.797 9 INFO neutron.wsgi [None req-85b2772c-65b4-4a0c-be1d-2bec39e5acdd 2386b1c517854eb98b7f9c7053009bec 5ade327770314e1e9b720453f6845cba - - default default] 10.0.0.130 "DELETE /v2.0/networks/5d0bf477-a71f-493d-8433-33fb00b93a4b HTTP/1.1" status: 204 len: 168 time: 0.5000534 /var/lib/openstack/lib/python3.10/site-packages/pycadf/identifier.py:71: UserWarning: Invalid uuid: neutron. To ensure interoperability, identifiers should be a valid uuid. warnings.warn(('Invalid uuid: %s. To ensure interoperability, '
2026-05-06 06:09:32.862 10 INFO neutron.db.ovn_revision_numbers_db [None req-cab506c8-c729-4fa0-8df2-48e6f33e9704 c12e2d51a6594f3194cd452be4c402de 3dc5fb32bf674fbb8cd6c4e34eb662f3 - - default default] Successfully bumped revision number for resource 4c2ba017-4ff3-41da-a189-3f0d51d666ce (type: floatingips) to 0
2026-05-06 06:09:32.880 10 INFO neutron.wsgi [None req-cab506c8-c729-4fa0-8df2-48e6f33e9704 c12e2d51a6594f3194cd452be4c402de 3dc5fb32bf674fbb8cd6c4e34eb662f3 - - default default] 10.0.0.130 "POST /v2.0/floatingips HTTP/1.1" status: 201 len: 751 time: 1.1385264
2026-05-06 06:09:32.899 10 WARNING neutron_lib.context [None req-2621eb58-a85d-4437-90c1-e9069478482c c12e2d51a6594f3194cd452be4c402de 3dc5fb32bf674fbb8cd6c4e34eb662f3 - - default default] Method 'is_advsvc' is deprecated since 2023.2 release (neutron-lib 3.8.0) and will be removed once support for the old RBAC API policies will be removed from Neutron. Please use method 'is_service_role' instead.
2026-05-06 06:09:32.981 9 INFO neutron.db.ovn_revision_numbers_db [None req-e9a6a601-8690-4760-8354-f18b87839c7b f48760bb10144048a47fc2350138e64c b4bb2f492a024557806a59f6ae0c9c3e - - default default] Successfully bumped revision number for resource e0ded463-39ad-44c4-a17f-1dc18c6c91eb (type: routers) to 1
2026-05-06 06:09:33.005 9 INFO neutron.wsgi [None req-e9a6a601-8690-4760-8354-f18b87839c7b f48760bb10144048a47fc2350138e64c b4bb2f492a024557806a59f6ae0c9c3e - - default default] 10.0.0.130 "POST /v2.0/routers HTTP/1.1" status: 201 len: 691 time: 0.2817321
2026-05-06 06:09:33.016 9 WARNING neutron_lib.context [None req-a37ae494-5275-411a-a449-d9f350384b99 f48760bb10144048a47fc2350138e64c b4bb2f492a024557806a59f6ae0c9c3e - - default default] Method 'is_advsvc' is deprecated since 2023.2 release (neutron-lib 3.8.0) and will be removed once support for the old RBAC API policies will be removed from Neutron. Please use method 'is_service_role' instead.
2026-05-06 06:09:33.240 9 INFO neutron.services.segments.plugin [-] Segment 54c9b761-98f4-468b-926f-123a2346fae8 resource provider aggregate not found
2026-05-06 06:09:33.250 9 INFO neutron.services.segments.plugin [-] Segment 54c9b761-98f4-468b-926f-123a2346fae8 resource provider aggregate not found
2026-05-06 06:09:33.262 9 INFO neutron.services.segments.plugin [-] Segment 54c9b761-98f4-468b-926f-123a2346fae8 resource provider not found; error: Placement Client Error (4xx): {"errors": [{"status": 404, "title": "Not Found", "detail": "The resource could not be found.\n\n No resource provider with uuid 54c9b761-98f4-468b-926f-123a2346fae8 found for delete ", "request_id": "req-669151b5-b296-4c54-b7bf-359ba0f3bbd7"}]}
2026-05-06 06:09:33.262 10 WARNING neutron.scheduler.dhcp_agent_scheduler [None req-2621eb58-a85d-4437-90c1-e9069478482c c12e2d51a6594f3194cd452be4c402de 3dc5fb32bf674fbb8cd6c4e34eb662f3 - - default default] No more DHCP agents
2026-05-06 06:09:33.267 10 WARNING neutron.api.rpc.agentnotifiers.dhcp_rpc_agent_api [None req-2621eb58-a85d-4437-90c1-e9069478482c c12e2d51a6594f3194cd452be4c402de 3dc5fb32bf674fbb8cd6c4e34eb662f3 - - default default] Unable to schedule network 5b11ae42-edf5-4a66-80a7-95b6ab14d670: no agents available; will retry on subsequent port and subnet creation events.
2026-05-06 06:09:33.270 9 INFO neutron.services.segments.plugin [-] Segment 54c9b761-98f4-468b-926f-123a2346fae8 resource provider not found; error: Placement Client Error (4xx): {"errors": [{"status": 404, "title": "Not Found", "detail": "The resource could not be found.\n\n No resource provider with uuid 54c9b761-98f4-468b-926f-123a2346fae8 found for delete ", "request_id": "req-2437ff43-d665-43ef-ac13-cd88f6d33e6e"}]}
2026-05-06 06:09:33.293 9 INFO neutron.services.segments.plugin [-] Segment ba24ab59-632d-4ea3-8623-b94f845b5984 resource provider aggregate not found
2026-05-06 06:09:33.309 9 INFO neutron.services.segments.plugin [-] Segment ba24ab59-632d-4ea3-8623-b94f845b5984 resource provider aggregate not found
2026-05-06 06:09:33.321 10 INFO neutron.services.segments.plugin [-] Segment 8df0d991-9afe-4e8e-94ea-c6f290a52fe7 resource provider aggregate not found
2026-05-06 06:09:33.328 9 INFO neutron.services.segments.plugin [-] Segment ba24ab59-632d-4ea3-8623-b94f845b5984 resource provider not found; error: Placement Client Error (4xx): {"errors": [{"status": 404, "title": "Not Found", "detail": "The resource could not be found.\n\n No resource provider with uuid ba24ab59-632d-4ea3-8623-b94f845b5984 found for delete ", "request_id": "req-793c0177-23ec-42f4-9864-849981b0d490"}]}
2026-05-06 06:09:33.329 10 INFO neutron.services.segments.plugin [-] Segment 8df0d991-9afe-4e8e-94ea-c6f290a52fe7 resource provider aggregate not found
2026-05-06 06:09:33.330 9 INFO neutron.services.segments.plugin [-] Segment ba24ab59-632d-4ea3-8623-b94f845b5984 resource provider not found; error: Placement Client Error (4xx): {"errors": [{"status": 404, "title": "Not Found", "detail": "The resource could not be found.\n\n No resource provider with uuid ba24ab59-632d-4ea3-8623-b94f845b5984 found for delete ", "request_id": "req-5e264adf-6c4e-44d8-98fd-2ab4496af064"}]}
