2026-05-06 06:12:49.370 10 INFO neutron.db.l3_db [req-fff7ae9b-8409-4fe5-9e03-4236a31b4c47 req-ab6fd603-d848-4bf0-9675-a1e7b66960fa 45956df3ac2749dd9b207c5767a1bc12 06cc4a18b9a84dcfb5aa98cad84f8acb - - default default] Floating IP 5a2383c2-a841-478e-b7c5-69fd15ba94c1 disassociated. External IP: 10.96.250.209, port: 901ef80d-0afb-44e1-8676-2ab6fbc66407.
2026-05-06 06:12:49.602 10 INFO neutron.wsgi [req-fff7ae9b-8409-4fe5-9e03-4236a31b4c47 req-ab6fd603-d848-4bf0-9675-a1e7b66960fa 45956df3ac2749dd9b207c5767a1bc12 06cc4a18b9a84dcfb5aa98cad84f8acb - - default default] 199.19.213.73 "DELETE /v2.0/ports/901ef80d-0afb-44e1-8676-2ab6fbc66407 HTTP/1.1" status: 204 len: 173 time: 0.5857062
2026-05-06 06:12:49.637 10 INFO neutron.notifiers.nova [-] Nova event matching ['req-5c36ac45-6990-4c20-b1a1-9968ef456ce5'] response: {'server_uuid': 'bfdeff04-9b6e-4f12-a974-1330779aaa4a', 'name': 'network-vif-deleted', 'tag': '901ef80d-0afb-44e1-8676-2ab6fbc66407', 'status': 'completed', 'code': 200} /var/lib/openstack/lib/python3.10/site-packages/pycadf/identifier.py:71: UserWarning: Invalid uuid: neutron. To ensure interoperability, identifiers should be a valid uuid. warnings.warn(('Invalid uuid: %s. To ensure interoperability, '
2026-05-06 06:12:49.912 10 INFO neutron.wsgi [req-a01d5c44-150e-4dc9-a66a-680b7228c4be req-cb0f144d-356c-41a2-b2bf-ef9d94fae452 45956df3ac2749dd9b207c5767a1bc12 06cc4a18b9a84dcfb5aa98cad84f8acb - - default default] 10.0.0.210 "GET /v2.0/ports?device_id=bfdeff04-9b6e-4f12-a974-1330779aaa4a HTTP/1.1" status: 200 len: 210 time: 0.0301673
2026-05-06 06:12:50.857 9 INFO neutron.notifiers.nova [-] Nova event matching ['req-7904d7c9-82ce-4c40-95fe-b441d10bd79f'] response: {'server_uuid': 'bfdeff04-9b6e-4f12-a974-1330779aaa4a', 'name': 'network-vif-plugged', 'status': 'completed', 'tag': '901ef80d-0afb-44e1-8676-2ab6fbc66407', 'code': 200} /var/lib/openstack/lib/python3.10/site-packages/pycadf/identifier.py:71: UserWarning: Invalid uuid: neutron. To ensure interoperability, identifiers should be a valid uuid. warnings.warn(('Invalid uuid: %s. To ensure interoperability, '
2026-05-06 06:12:51.121 9 INFO neutron.wsgi [None req-2a53e1e4-c7e9-4a6e-a978-fa2ada679166 ca89b9242353463790d86e73147b14ab f7a7fcbf79c64ad8bdb5a244cd81c59a - - default default] 10.0.0.18 "GET /v2.0/extensions/security-group HTTP/1.1" status: 200 len: 369 time: 0.0102022
2026-05-06 06:12:51.138 9 INFO neutron.wsgi [None req-dc6a91b9-5f72-40c4-b076-de1f82196aac ca89b9242353463790d86e73147b14ab f7a7fcbf79c64ad8bdb5a244cd81c59a - - default default] 10.0.0.18 "GET /v2.0/extensions/dns-integration HTTP/1.1" status: 200 len: 371 time: 0.0053463
2026-05-06 06:12:51.146 9 INFO neutron.wsgi [None req-3765a1cf-1604-491a-bf12-03cec3562b44 ca89b9242353463790d86e73147b14ab f7a7fcbf79c64ad8bdb5a244cd81c59a - - default default] 10.0.0.18 "GET /v2.0/extensions/qos HTTP/1.1" status: 200 len: 365 time: 0.0033052
2026-05-06 06:12:51.161 9 INFO neutron.wsgi [None req-e9454b3f-d5e0-48a5-a37d-475a6f21efb3 ca89b9242353463790d86e73147b14ab f7a7fcbf79c64ad8bdb5a244cd81c59a - - default default] 10.0.0.18 "GET /v2.0/extensions/allowed-address-pairs HTTP/1.1" status: 200 len: 383 time: 0.0099549
2026-05-06 06:12:51.249 10 INFO neutron.wsgi [None req-8dea099f-4103-4c30-97f5-ae60b2613445 45956df3ac2749dd9b207c5767a1bc12 06cc4a18b9a84dcfb5aa98cad84f8acb - - default default] 10.0.0.130 "DELETE /v2.0/security-groups/4f68fc5d-904f-4be3-a810-d4f16f23e16e HTTP/1.1" status: 204 len: 168 time: 0.1760087
2026-05-06 06:12:51.270 10 INFO neutron.api.v2.resource [None req-49ab84c8-a456-4182-99d4-ed0a639e636d 45956df3ac2749dd9b207c5767a1bc12 06cc4a18b9a84dcfb5aa98cad84f8acb - - default default] show failed (client error): The resource could not be found.
2026-05-06 06:12:51.272 10 INFO neutron.wsgi [None req-49ab84c8-a456-4182-99d4-ed0a639e636d 45956df3ac2749dd9b207c5767a1bc12 06cc4a18b9a84dcfb5aa98cad84f8acb - - default default] 10.0.0.130 "GET /v2.0/security-groups/4f68fc5d-904f-4be3-a810-d4f16f23e16e HTTP/1.1" status: 404 len: 347 time: 0.0175567
2026-05-06 06:12:51.521 9 INFO neutron.wsgi [-] 10.0.0.18 "GET / HTTP/1.1" status: 200 len: 284 time: 0.0014787
2026-05-06 06:12:51.581 9 INFO neutron.wsgi [None req-0fef1c2d-50a2-4110-a7b6-1b4e81c62102 76102664cf5940278b23e935320a5bda e83447576dfd4831bea34b23967b8673 - - default default] 10.0.0.18 "GET /v2.0/subnets/557e0f1a-d5ad-4666-9f3c-fb4ad2d0344a HTTP/1.1" status: 200 len: 831 time: 0.0391607
2026-05-06 06:12:51.725 9 INFO neutron.wsgi [-] 10.0.0.69 "GET / HTTP/1.1" status: 200 len: 247 time: 0.0029042
2026-05-06 06:12:51.730 9 INFO neutron.wsgi [-] 10.0.0.69 "GET / HTTP/1.1" status: 200 len: 247 time: 0.0035336
2026-05-06 06:12:52.013 10 INFO neutron.wsgi [None req-dc4aef2a-f4d0-4acf-8d08-8fbfbe7c09f9 45956df3ac2749dd9b207c5767a1bc12 06cc4a18b9a84dcfb5aa98cad84f8acb - - default default] 10.0.0.130 "DELETE /v2.0/floatingips/5a2383c2-a841-478e-b7c5-69fd15ba94c1 HTTP/1.1" status: 204 len: 168 time: 0.7366321
2026-05-06 06:12:52.153 10 INFO neutron.wsgi [None req-525bb0bf-b177-42f7-a330-b802cf4850a5 45956df3ac2749dd9b207c5767a1bc12 06cc4a18b9a84dcfb5aa98cad84f8acb - - default default] 10.0.0.130 "DELETE /v2.0/security-groups/451bfff6-f189-446c-a9a3-495b5dd49e8b HTTP/1.1" status: 204 len: 168 time: 0.1348913
2026-05-06 06:12:53.368 9 INFO neutron.wsgi [None req-7230e182-b601-4a5c-ac2d-4575285f6b52 ca89b9242353463790d86e73147b14ab f7a7fcbf79c64ad8bdb5a244cd81c59a - - default default] 199.19.213.73 "GET /v2.0/extensions/security-group HTTP/1.1" status: 200 len: 369 time: 0.0545025
2026-05-06 06:12:53.381 9 INFO neutron.wsgi [None req-eb6c8417-e5ba-4a76-9e11-958394a565fc ca89b9242353463790d86e73147b14ab f7a7fcbf79c64ad8bdb5a244cd81c59a - - default default] 199.19.213.73 "GET /v2.0/extensions/dns-integration HTTP/1.1" status: 200 len: 371 time: 0.0051911
2026-05-06 06:12:53.393 9 INFO neutron.wsgi [None req-ef7a89c8-57d9-463e-bccd-071d01a31f78 ca89b9242353463790d86e73147b14ab f7a7fcbf79c64ad8bdb5a244cd81c59a - - default default] 199.19.213.73 "GET /v2.0/extensions/qos HTTP/1.1" status: 200 len: 365 time: 0.0038402
2026-05-06 06:12:53.401 9 INFO neutron.wsgi [None req-cd06f669-34b6-49f9-9305-6386df45acc1 ca89b9242353463790d86e73147b14ab f7a7fcbf79c64ad8bdb5a244cd81c59a - - default default] 199.19.213.73 "GET /v2.0/extensions/allowed-address-pairs HTTP/1.1" status: 200 len: 383 time: 0.0056343
2026-05-06 06:12:53.436 10 INFO neutron.wsgi [None req-f55c3309-855e-42ec-936f-2111edb69cc2 ca89b9242353463790d86e73147b14ab f7a7fcbf79c64ad8bdb5a244cd81c59a - - default default] 10.0.0.130 "PUT /v2.0/routers/ffc6813e-977b-4c91-9d26-d149aa101248/remove_router_interface HTTP/1.1" status: 200 len: 503 time: 1.2376046 /var/lib/openstack/lib/python3.10/site-packages/pycadf/identifier.py:71: UserWarning: Invalid uuid: neutron. To ensure interoperability, identifiers should be a valid uuid. warnings.warn(('Invalid uuid: %s. To ensure interoperability, '
2026-05-06 06:12:53.544 9 INFO neutron.wsgi [None req-1cd43257-d335-432f-90b3-31d305e6e1b0 ca89b9242353463790d86e73147b14ab f7a7fcbf79c64ad8bdb5a244cd81c59a - - default default] 199.19.213.73 "GET /v2.0/subnets/557e0f1a-d5ad-4666-9f3c-fb4ad2d0344a HTTP/1.1" status: 200 len: 849 time: 0.0336463
2026-05-06 06:12:53.589 9 INFO neutron.wsgi [None req-0cd311d4-c34f-4b20-aead-867b87f3fe15 ca89b9242353463790d86e73147b14ab f7a7fcbf79c64ad8bdb5a244cd81c59a - - default default] 199.19.213.73 "GET /v2.0/ports?device_id=f9b21828-198d-4653-a631-f37c0590698b HTTP/1.1" status: 200 len: 2724 time: 0.0375502
2026-05-06 06:12:53.750 9 INFO neutron.wsgi [None req-1a62c200-df4a-4506-84f8-c03434c7f4fd ca89b9242353463790d86e73147b14ab f7a7fcbf79c64ad8bdb5a244cd81c59a - - default default] 199.19.213.73 "GET /v2.0/extensions/security-group HTTP/1.1" status: 200 len: 369 time: 0.0069437
2026-05-06 06:12:53.759 9 INFO neutron.wsgi [None req-47a3f7f6-9085-4884-bf15-658d4e439dea ca89b9242353463790d86e73147b14ab f7a7fcbf79c64ad8bdb5a244cd81c59a - - default default] 199.19.213.73 "GET /v2.0/extensions/dns-integration HTTP/1.1" status: 200 len: 371 time: 0.0034103
2026-05-06 06:12:53.768 9 INFO neutron.wsgi [None req-cb4ca81e-2ebc-4b88-a1ad-543fdccd9b52 ca89b9242353463790d86e73147b14ab f7a7fcbf79c64ad8bdb5a244cd81c59a - - default default] 199.19.213.73 "GET /v2.0/extensions/qos HTTP/1.1" status: 200 len: 365 time: 0.0050571
2026-05-06 06:12:53.778 9 INFO neutron.wsgi [None req-2c91a096-863f-4bea-b584-5ebf386f5cac ca89b9242353463790d86e73147b14ab f7a7fcbf79c64ad8bdb5a244cd81c59a - - default default] 199.19.213.73 "GET /v2.0/extensions/allowed-address-pairs HTTP/1.1" status: 200 len: 383 time: 0.0049825
2026-05-06 06:12:54.336 10 INFO neutron.wsgi [None req-008a5a9b-cfa6-4441-8b2d-0f5bdb341c35 ca89b9242353463790d86e73147b14ab f7a7fcbf79c64ad8bdb5a244cd81c59a - - default default] 10.0.0.130 "DELETE /v2.0/routers/ffc6813e-977b-4c91-9d26-d149aa101248 HTTP/1.1" status: 204 len: 168 time: 0.8938200
2026-05-06 06:12:54.354 10 INFO neutron.wsgi [req-d432f209-87d6-4508-a323-d3a0f47cabad req-e4472cc2-5f27-4a41-91ed-0257d0651c35 a238ef8cbb32488283c894b7070d3528 20c20568c9f14e2cab3944b99efdf9c1 - - 37e4c56f4a5048cf8cf69f406f61be15 37e4c56f4a5048cf8cf69f406f61be15] 199.19.213.73 "GET /v2.0/networks/775e36c6-95f8-4a61-9c43-7ed7bf643b32?fields=segments HTTP/1.1" status: 200 len: 212 time: 0.0610259
2026-05-06 06:12:54.422 10 INFO neutron.wsgi [req-d432f209-87d6-4508-a323-d3a0f47cabad req-65c1a451-fbcf-4339-8bca-da89c3cc7ad2 a238ef8cbb32488283c894b7070d3528 20c20568c9f14e2cab3944b99efdf9c1 - - 37e4c56f4a5048cf8cf69f406f61be15 37e4c56f4a5048cf8cf69f406f61be15] 199.19.213.73 "GET /v2.0/networks/775e36c6-95f8-4a61-9c43-7ed7bf643b32?fields=provider%3Aphysical_network&fields=provider%3Anetwork_type HTTP/1.1" status: 200 len: 277 time: 0.0617852
2026-05-06 06:12:54.523 10 INFO neutron.wsgi [req-d432f209-87d6-4508-a323-d3a0f47cabad req-ee854715-9341-424f-82aa-60f68645728b ca89b9242353463790d86e73147b14ab f7a7fcbf79c64ad8bdb5a244cd81c59a - - default default] 199.19.213.73 "GET /v2.0/networks?id=775e36c6-95f8-4a61-9c43-7ed7bf643b32 HTTP/1.1" status: 200 len: 1003 time: 0.0761132
2026-05-06 06:12:54.572 9 INFO neutron.wsgi [None req-c93fa95b-bf13-4b8b-bce7-1c1c72b41b10 ca89b9242353463790d86e73147b14ab f7a7fcbf79c64ad8bdb5a244cd81c59a - - default default] 10.0.0.130 "DELETE /v2.0/subnets/acb5552e-2992-4ef6-ae22-1c92d47e8357 HTTP/1.1" status: 204 len: 168 time: 0.2298079
2026-05-06 06:12:54.843 10 WARNING neutron.scheduler.dhcp_agent_scheduler [req-d432f209-87d6-4508-a323-d3a0f47cabad req-1b8066bb-0555-4312-946d-c5bab614c4b0 ca89b9242353463790d86e73147b14ab f7a7fcbf79c64ad8bdb5a244cd81c59a - - default default] No more DHCP agents
2026-05-06 06:12:54.845 10 WARNING neutron.api.rpc.agentnotifiers.dhcp_rpc_agent_api [req-d432f209-87d6-4508-a323-d3a0f47cabad req-1b8066bb-0555-4312-946d-c5bab614c4b0 ca89b9242353463790d86e73147b14ab f7a7fcbf79c64ad8bdb5a244cd81c59a - - default default] Unable to schedule network 775e36c6-95f8-4a61-9c43-7ed7bf643b32: no agents available; will retry on subsequent port and subnet creation events.
2026-05-06 06:12:54.992 10 INFO neutron.db.ovn_revision_numbers_db [req-d432f209-87d6-4508-a323-d3a0f47cabad req-1b8066bb-0555-4312-946d-c5bab614c4b0 ca89b9242353463790d86e73147b14ab f7a7fcbf79c64ad8bdb5a244cd81c59a - - default default] Successfully bumped revision number for resource 3c6737ff-ffd8-4cd3-955e-5c7cd7a361cc (type: ports) to 1
2026-05-06 06:12:55.011 10 INFO neutron.wsgi [req-d432f209-87d6-4508-a323-d3a0f47cabad req-1b8066bb-0555-4312-946d-c5bab614c4b0 ca89b9242353463790d86e73147b14ab f7a7fcbf79c64ad8bdb5a244cd81c59a - - default default] 199.19.213.73 "POST /v2.0/ports HTTP/1.1" status: 201 len: 1508 time: 0.4833431 /var/lib/openstack/lib/python3.10/site-packages/pycadf/identifier.py:71: UserWarning: Invalid uuid: neutron. To ensure interoperability, identifiers should be a valid uuid. warnings.warn(('Invalid uuid: %s. To ensure interoperability, '
2026-05-06 06:12:55.271 9 INFO neutron.wsgi [None req-683db125-6a6d-4e0d-a0bd-2d70eb8313bd ca89b9242353463790d86e73147b14ab f7a7fcbf79c64ad8bdb5a244cd81c59a - - default default] 10.0.0.130 "DELETE /v2.0/networks/2c872013-62eb-4f61-9767-3ba79b9f2f1f HTTP/1.1" status: 204 len: 168 time: 0.6922762
2026-05-06 06:12:55.381 9 INFO neutron.services.segments.plugin [-] Segment f927624a-7f1b-4c73-8b62-6da7d46adec8 resource provider aggregate not found
2026-05-06 06:12:55.389 9 INFO neutron.services.segments.plugin [-] Segment f927624a-7f1b-4c73-8b62-6da7d46adec8 resource provider aggregate not found
2026-05-06 06:12:55.407 9 INFO neutron.services.segments.plugin [-] Segment f927624a-7f1b-4c73-8b62-6da7d46adec8 resource provider not found; error: Placement Client Error (4xx): {"errors": [{"status": 404, "title": "Not Found", "detail": "The resource could not be found.\n\n No resource provider with uuid f927624a-7f1b-4c73-8b62-6da7d46adec8 found for delete ", "request_id": "req-2ba309f9-c9cd-4949-b2db-b48ee6489ffe"}]}
2026-05-06 06:12:55.431 9 INFO neutron.services.segments.plugin [-] Segment f927624a-7f1b-4c73-8b62-6da7d46adec8 resource provider not found; error: Placement Client Error (4xx): {"errors": [{"status": 404, "title": "Not Found", "detail": "The resource could not be found.\n\n No resource provider with uuid f927624a-7f1b-4c73-8b62-6da7d46adec8 found for delete ", "request_id": "req-e89a5533-3fef-4c84-be51-924bb2562ff6"}]}
2026-05-06 06:12:55.452 10 INFO neutron.db.ovn_revision_numbers_db [req-d432f209-87d6-4508-a323-d3a0f47cabad req-947d8484-5371-4836-b708-e9818f681876 a238ef8cbb32488283c894b7070d3528 20c20568c9f14e2cab3944b99efdf9c1 - - 37e4c56f4a5048cf8cf69f406f61be15 37e4c56f4a5048cf8cf69f406f61be15] Successfully bumped revision number for resource 3c6737ff-ffd8-4cd3-955e-5c7cd7a361cc (type: ports) to 2
2026-05-06 06:12:55.647 10 INFO neutron.db.ovn_revision_numbers_db [req-d432f209-87d6-4508-a323-d3a0f47cabad req-947d8484-5371-4836-b708-e9818f681876 a238ef8cbb32488283c894b7070d3528 20c20568c9f14e2cab3944b99efdf9c1 - - 37e4c56f4a5048cf8cf69f406f61be15 37e4c56f4a5048cf8cf69f406f61be15] Successfully bumped revision number for resource 3c6737ff-ffd8-4cd3-955e-5c7cd7a361cc (type: ports) to 2
2026-05-06 06:12:55.666 10 INFO neutron.wsgi [req-d432f209-87d6-4508-a323-d3a0f47cabad req-947d8484-5371-4836-b708-e9818f681876 a238ef8cbb32488283c894b7070d3528 20c20568c9f14e2cab3944b99efdf9c1 - - 37e4c56f4a5048cf8cf69f406f61be15 37e4c56f4a5048cf8cf69f406f61be15] 199.19.213.73 "PUT /v2.0/ports/3c6737ff-ffd8-4cd3-955e-5c7cd7a361cc HTTP/1.1" status: 200 len: 1605 time: 0.6458759
2026-05-06 06:12:55.707 10 INFO neutron.notifiers.nova [-] Nova event matching ['req-28433879-18fb-4f40-96cc-d6a3095228bc'] response: {'name': 'network-changed', 'server_uuid': 'f9b21828-198d-4653-a631-f37c0590698b', 'tag': '3c6737ff-ffd8-4cd3-955e-5c7cd7a361cc', 'status': 'completed', 'code': 200} /var/lib/openstack/lib/python3.10/site-packages/pycadf/identifier.py:71: UserWarning: Invalid uuid: neutron. To ensure interoperability, identifiers should be a valid uuid. warnings.warn(('Invalid uuid: %s. To ensure interoperability, '
2026-05-06 06:12:55.760 10 INFO neutron.wsgi [req-d432f209-87d6-4508-a323-d3a0f47cabad req-d821e15c-1dcd-4aa0-a513-3ce8c4a54b5a a238ef8cbb32488283c894b7070d3528 20c20568c9f14e2cab3944b99efdf9c1 - - 37e4c56f4a5048cf8cf69f406f61be15 37e4c56f4a5048cf8cf69f406f61be15] 199.19.213.73 "GET /v2.0/ports?tenant_id=f7a7fcbf79c64ad8bdb5a244cd81c59a&device_id=f9b21828-198d-4653-a631-f37c0590698b HTTP/1.1" status: 200 len: 4149 time: 0.0479221
2026-05-06 06:12:55.792 10 INFO neutron.wsgi [req-d432f209-87d6-4508-a323-d3a0f47cabad req-0b99b5bc-5ce3-4325-8f9d-595021fd86cc a238ef8cbb32488283c894b7070d3528 20c20568c9f14e2cab3944b99efdf9c1 - - 37e4c56f4a5048cf8cf69f406f61be15 37e4c56f4a5048cf8cf69f406f61be15] 199.19.213.73 "GET /v2.0/floatingips?fixed_ip_address=172.24.3.165&port_id=afbaa48c-accd-4698-bfec-b495ac532717 HTTP/1.1" status: 200 len: 217 time: 0.0228927
2026-05-06 06:12:55.836 10 INFO neutron.wsgi [req-d432f209-87d6-4508-a323-d3a0f47cabad req-d3e992b0-08d5-4de3-9e6d-eedac0c020cd a238ef8cbb32488283c894b7070d3528 20c20568c9f14e2cab3944b99efdf9c1 - - 37e4c56f4a5048cf8cf69f406f61be15 37e4c56f4a5048cf8cf69f406f61be15] 199.19.213.73 "GET /v2.0/subnets?id=013106a4-c08f-4722-9f51-d95087160c6b HTTP/1.1" status: 200 len: 829 time: 0.0338218
2026-05-06 06:12:55.870 10 INFO neutron.wsgi [req-d432f209-87d6-4508-a323-d3a0f47cabad req-530a9820-dd22-4395-af59-cde581ce08d9 a238ef8cbb32488283c894b7070d3528 20c20568c9f14e2cab3944b99efdf9c1 - - 37e4c56f4a5048cf8cf69f406f61be15 37e4c56f4a5048cf8cf69f406f61be15] 199.19.213.73 "GET /v2.0/ports?network_id=792a7ad5-6cd5-4c53-b1fd-0e57c8270d79&device_owner=network%3Adhcp HTTP/1.1" status: 200 len: 210 time: 0.0235641
2026-05-06 06:12:55.941 10 INFO neutron.wsgi [req-d432f209-87d6-4508-a323-d3a0f47cabad req-08fbd883-ffa3-41aa-a68c-9be093565933 a238ef8cbb32488283c894b7070d3528 20c20568c9f14e2cab3944b99efdf9c1 - - 37e4c56f4a5048cf8cf69f406f61be15 37e4c56f4a5048cf8cf69f406f61be15] 199.19.213.73 "GET /v2.0/networks/792a7ad5-6cd5-4c53-b1fd-0e57c8270d79?fields=segments HTTP/1.1" status: 200 len: 212 time: 0.0642321
2026-05-06 06:12:56.085 10 INFO neutron.wsgi [req-d432f209-87d6-4508-a323-d3a0f47cabad req-1b18b102-4c89-4e05-9307-651bc1d856a4 a238ef8cbb32488283c894b7070d3528 20c20568c9f14e2cab3944b99efdf9c1 - - 37e4c56f4a5048cf8cf69f406f61be15 37e4c56f4a5048cf8cf69f406f61be15] 199.19.213.73 "GET /v2.0/networks/792a7ad5-6cd5-4c53-b1fd-0e57c8270d79?fields=provider%3Aphysical_network&fields=provider%3Anetwork_type HTTP/1.1" status: 200 len: 277 time: 0.1345570
2026-05-06 06:12:56.130 10 INFO neutron.wsgi [req-d432f209-87d6-4508-a323-d3a0f47cabad req-5c2f408a-5613-431e-8fbc-3a745e891b3e a238ef8cbb32488283c894b7070d3528 20c20568c9f14e2cab3944b99efdf9c1 - - 37e4c56f4a5048cf8cf69f406f61be15 37e4c56f4a5048cf8cf69f406f61be15] 199.19.213.73 "GET /v2.0/floatingips?fixed_ip_address=10.1.1.21&port_id=84d293ec-89da-4ae7-b16e-9b499e7ab1c8 HTTP/1.1" status: 200 len: 217 time: 0.0268474
2026-05-06 06:12:56.171 10 INFO neutron.wsgi [req-d432f209-87d6-4508-a323-d3a0f47cabad req-8b87304c-6f6f-4577-83fd-b5900e674363 a238ef8cbb32488283c894b7070d3528 20c20568c9f14e2cab3944b99efdf9c1 - - 37e4c56f4a5048cf8cf69f406f61be15 37e4c56f4a5048cf8cf69f406f61be15] 199.19.213.73 "GET /v2.0/subnets?id=495053cb-aea8-4fb0-a87f-ce8adf97b86c HTTP/1.1" status: 200 len: 853 time: 0.0343056
2026-05-06 06:12:56.199 10 INFO neutron.wsgi [req-d432f209-87d6-4508-a323-d3a0f47cabad req-22264cb8-2ef0-453e-98e9-997c87b73b8a a238ef8cbb32488283c894b7070d3528 20c20568c9f14e2cab3944b99efdf9c1 - - 37e4c56f4a5048cf8cf69f406f61be15 37e4c56f4a5048cf8cf69f406f61be15] 199.19.213.73 "GET /v2.0/ports?network_id=336701c1-ba98-40d1-9703-d72760456507&device_owner=network%3Adhcp HTTP/1.1" status: 200 len: 210 time: 0.0188472
2026-05-06 06:12:56.267 10 INFO neutron.wsgi [req-d432f209-87d6-4508-a323-d3a0f47cabad req-ab5b8017-5a13-4de3-9750-9e36d8e6e6a8 a238ef8cbb32488283c894b7070d3528 20c20568c9f14e2cab3944b99efdf9c1 - - 37e4c56f4a5048cf8cf69f406f61be15 37e4c56f4a5048cf8cf69f406f61be15] 199.19.213.73 "GET /v2.0/networks/336701c1-ba98-40d1-9703-d72760456507?fields=segments HTTP/1.1" status: 200 len: 212 time: 0.0585394
2026-05-06 06:12:56.498 9 INFO neutron.wsgi [None req-a9a3bf05-3489-4f8d-ad07-6bcdf50c028f ca89b9242353463790d86e73147b14ab f7a7fcbf79c64ad8bdb5a244cd81c59a - - default default] 10.0.0.130 "PUT /v2.0/routers/51097d7a-7f11-4c2e-bfb7-15a5f6ccdd6c/remove_router_interface HTTP/1.1" status: 200 len: 503 time: 1.2178226 /var/lib/openstack/lib/python3.10/site-packages/pycadf/identifier.py:71: UserWarning: Invalid uuid: neutron. To ensure interoperability, identifiers should be a valid uuid. warnings.warn(('Invalid uuid: %s. To ensure interoperability, '
2026-05-06 06:12:56.650 10 INFO neutron.wsgi [req-d432f209-87d6-4508-a323-d3a0f47cabad req-96e79598-7752-4ef8-802b-412073ee1835 a238ef8cbb32488283c894b7070d3528 20c20568c9f14e2cab3944b99efdf9c1 - - 37e4c56f4a5048cf8cf69f406f61be15 37e4c56f4a5048cf8cf69f406f61be15] 199.19.213.73 "GET /v2.0/networks/336701c1-ba98-40d1-9703-d72760456507?fields=provider%3Aphysical_network&fields=provider%3Anetwork_type HTTP/1.1" status: 200 len: 277 time: 0.3742375
2026-05-06 06:12:56.685 10 INFO neutron.wsgi [req-d432f209-87d6-4508-a323-d3a0f47cabad req-c4d158fd-10c5-4069-8462-d24511699bb9 a238ef8cbb32488283c894b7070d3528 20c20568c9f14e2cab3944b99efdf9c1 - - 37e4c56f4a5048cf8cf69f406f61be15 37e4c56f4a5048cf8cf69f406f61be15] 199.19.213.73 "GET /v2.0/floatingips?fixed_ip_address=10.2.1.141&port_id=3c6737ff-ffd8-4cd3-955e-5c7cd7a361cc HTTP/1.1" status: 200 len: 217 time: 0.0264752
2026-05-06 06:12:56.726 10 INFO neutron.wsgi [req-d432f209-87d6-4508-a323-d3a0f47cabad req-e1effde0-004a-49cc-9678-9017e51f4e22 a238ef8cbb32488283c894b7070d3528 20c20568c9f14e2cab3944b99efdf9c1 - - 37e4c56f4a5048cf8cf69f406f61be15 37e4c56f4a5048cf8cf69f406f61be15] 199.19.213.73 "GET /v2.0/floatingips?fixed_ip_address=fd7b%3Af9f7%3Afff%3A4eca%3A%3A31b&port_id=3c6737ff-ffd8-4cd3-955e-5c7cd7a361cc HTTP/1.1" status: 200 len: 217 time: 0.0332463
2026-05-06 06:12:56.784 10 INFO neutron.wsgi [req-d432f209-87d6-4508-a323-d3a0f47cabad req-2658f9c4-c187-406b-a08e-1a266aaa2c91 a238ef8cbb32488283c894b7070d3528 20c20568c9f14e2cab3944b99efdf9c1 - - 37e4c56f4a5048cf8cf69f406f61be15 37e4c56f4a5048cf8cf69f406f61be15] 199.19.213.73 "GET /v2.0/subnets?id=0dd74b4f-1bcc-4212-adf8-eec27d73e11a&id=557e0f1a-d5ad-4666-9f3c-fb4ad2d0344a HTTP/1.1" status: 200 len: 1563 time: 0.0535955
2026-05-06 06:12:56.812 10 INFO neutron.wsgi [req-d432f209-87d6-4508-a323-d3a0f47cabad req-87655619-2db8-4dc1-a138-f32267bbf457 a238ef8cbb32488283c894b7070d3528 20c20568c9f14e2cab3944b99efdf9c1 - - 37e4c56f4a5048cf8cf69f406f61be15 37e4c56f4a5048cf8cf69f406f61be15] 199.19.213.73 "GET /v2.0/ports?network_id=775e36c6-95f8-4a61-9c43-7ed7bf643b32&device_owner=network%3Adhcp HTTP/1.1" status: 200 len: 210 time: 0.0190425
2026-05-06 06:12:56.840 10 INFO neutron.wsgi [req-d432f209-87d6-4508-a323-d3a0f47cabad req-b069bb2d-f233-4df9-a402-e9fe53b1c41d a238ef8cbb32488283c894b7070d3528 20c20568c9f14e2cab3944b99efdf9c1 - - 37e4c56f4a5048cf8cf69f406f61be15 37e4c56f4a5048cf8cf69f406f61be15] 199.19.213.73 "GET /v2.0/ports?network_id=775e36c6-95f8-4a61-9c43-7ed7bf643b32&device_owner=network%3Adhcp HTTP/1.1" status: 200 len: 210 time: 0.0219407
2026-05-06 06:12:56.907 10 INFO neutron.wsgi [req-d432f209-87d6-4508-a323-d3a0f47cabad req-795dda71-2755-402f-8ce2-031d73a38e6f a238ef8cbb32488283c894b7070d3528 20c20568c9f14e2cab3944b99efdf9c1 - - 37e4c56f4a5048cf8cf69f406f61be15 37e4c56f4a5048cf8cf69f406f61be15] 199.19.213.73 "GET /v2.0/networks/775e36c6-95f8-4a61-9c43-7ed7bf643b32?fields=segments HTTP/1.1" status: 200 len: 212 time: 0.0607011
2026-05-06 06:12:56.978 10 INFO neutron.wsgi [req-d432f209-87d6-4508-a323-d3a0f47cabad req-ceadbbcc-2d47-4896-9e0b-2d9c358707b1 a238ef8cbb32488283c894b7070d3528 20c20568c9f14e2cab3944b99efdf9c1 - - 37e4c56f4a5048cf8cf69f406f61be15 37e4c56f4a5048cf8cf69f406f61be15] 199.19.213.73 "GET /v2.0/networks/775e36c6-95f8-4a61-9c43-7ed7bf643b32?fields=provider%3Aphysical_network&fields=provider%3Anetwork_type HTTP/1.1" status: 200 len: 277 time: 0.0641870
2026-05-06 06:12:57.090 10 INFO neutron.plugins.ml2.drivers.ovn.mech_driver.mech_driver [None req-e3256b9d-3a67-40a3-a56b-ef7bdefb95c1 - - - - - -] OVN reports status up for port: 3c6737ff-ffd8-4cd3-955e-5c7cd7a361cc
2026-05-06 06:12:57.103 10 INFO neutron.wsgi [req-fb7d11d7-5380-432b-97ad-64d9a387121b req-d9648427-e546-47c9-bc66-b094e129451d a238ef8cbb32488283c894b7070d3528 20c20568c9f14e2cab3944b99efdf9c1 - - 37e4c56f4a5048cf8cf69f406f61be15 37e4c56f4a5048cf8cf69f406f61be15] 199.19.213.73 "GET /v2.0/ports?tenant_id=f7a7fcbf79c64ad8bdb5a244cd81c59a&device_id=f9b21828-198d-4653-a631-f37c0590698b HTTP/1.1" status: 200 len: 4149 time: 0.0791101
2026-05-06 06:12:57.110 10 INFO neutron.plugins.ml2.plugin [None req-e3256b9d-3a67-40a3-a56b-ef7bdefb95c1 - - - - - -] Attempt 1 to provision port 3c6737ff-ffd8-4cd3-955e-5c7cd7a361cc
2026-05-06 06:12:57.184 10 INFO neutron.wsgi [req-fb7d11d7-5380-432b-97ad-64d9a387121b req-1992e3b9-e5e9-4ae0-9a3d-f866368fa033 a238ef8cbb32488283c894b7070d3528 20c20568c9f14e2cab3944b99efdf9c1 - - 37e4c56f4a5048cf8cf69f406f61be15 37e4c56f4a5048cf8cf69f406f61be15] 199.19.213.73 "GET /v2.0/networks?id=775e36c6-95f8-4a61-9c43-7ed7bf643b32 HTTP/1.1" status: 200 len: 1003 time: 0.0729933
2026-05-06 06:12:57.220 10 INFO neutron.wsgi [req-fb7d11d7-5380-432b-97ad-64d9a387121b req-4f481aa3-9e9d-470e-810f-a461f2c43cfb a238ef8cbb32488283c894b7070d3528 20c20568c9f14e2cab3944b99efdf9c1 - - 37e4c56f4a5048cf8cf69f406f61be15 37e4c56f4a5048cf8cf69f406f61be15] 199.19.213.73 "GET /v2.0/floatingips?fixed_ip_address=10.2.1.141&port_id=3c6737ff-ffd8-4cd3-955e-5c7cd7a361cc HTTP/1.1" status: 200 len: 217 time: 0.0275390
2026-05-06 06:12:57.254 10 INFO neutron.wsgi [req-fb7d11d7-5380-432b-97ad-64d9a387121b req-3e3ffd83-ba83-400f-8fe4-e5f9e2a40fce a238ef8cbb32488283c894b7070d3528 20c20568c9f14e2cab3944b99efdf9c1 - - 37e4c56f4a5048cf8cf69f406f61be15 37e4c56f4a5048cf8cf69f406f61be15] 199.19.213.73 "GET /v2.0/floatingips?fixed_ip_address=fd7b%3Af9f7%3Afff%3A4eca%3A%3A31b&port_id=3c6737ff-ffd8-4cd3-955e-5c7cd7a361cc HTTP/1.1" status: 200 len: 217 time: 0.0262043
2026-05-06 06:12:57.311 10 INFO neutron.wsgi [req-d432f209-87d6-4508-a323-d3a0f47cabad req-782a1815-bd53-468c-902c-543b0887367b ca89b9242353463790d86e73147b14ab f7a7fcbf79c64ad8bdb5a244cd81c59a - - default default] 10.0.0.210 "GET /v2.0/ports/3c6737ff-ffd8-4cd3-955e-5c7cd7a361cc HTTP/1.1" status: 200 len: 1633 time: 0.0519574
2026-05-06 06:12:57.323 10 INFO neutron.wsgi [req-fb7d11d7-5380-432b-97ad-64d9a387121b req-1fdc6035-f3fe-4a47-af2e-aa3e56a1ecb8 a238ef8cbb32488283c894b7070d3528 20c20568c9f14e2cab3944b99efdf9c1 - - 37e4c56f4a5048cf8cf69f406f61be15 37e4c56f4a5048cf8cf69f406f61be15] 199.19.213.73 "GET /v2.0/subnets?id=0dd74b4f-1bcc-4212-adf8-eec27d73e11a&id=557e0f1a-d5ad-4666-9f3c-fb4ad2d0344a HTTP/1.1" status: 200 len: 1563 time: 0.0625265
2026-05-06 06:12:57.357 10 INFO neutron.wsgi [req-fb7d11d7-5380-432b-97ad-64d9a387121b req-1a5c3eb9-5d6a-4506-b0ab-1bab4d2c105e a238ef8cbb32488283c894b7070d3528 20c20568c9f14e2cab3944b99efdf9c1 - - 37e4c56f4a5048cf8cf69f406f61be15 37e4c56f4a5048cf8cf69f406f61be15] 199.19.213.73 "GET /v2.0/ports?network_id=775e36c6-95f8-4a61-9c43-7ed7bf643b32&device_owner=network%3Adhcp HTTP/1.1" status: 200 len: 210 time: 0.0217137
2026-05-06 06:12:57.386 10 INFO neutron.wsgi [req-fb7d11d7-5380-432b-97ad-64d9a387121b req-e70b8335-82da-4b94-9370-a0ba36cda125 a238ef8cbb32488283c894b7070d3528 20c20568c9f14e2cab3944b99efdf9c1 - - 37e4c56f4a5048cf8cf69f406f61be15 37e4c56f4a5048cf8cf69f406f61be15] 199.19.213.73 "GET /v2.0/ports?network_id=775e36c6-95f8-4a61-9c43-7ed7bf643b32&device_owner=network%3Adhcp HTTP/1.1" status: 200 len: 210 time: 0.0207548
2026-05-06 06:12:57.393 9 INFO neutron.wsgi [None req-47f9bbbc-4410-4901-9386-f595df73fb7e ca89b9242353463790d86e73147b14ab f7a7fcbf79c64ad8bdb5a244cd81c59a - - default default] 199.19.213.73 "GET /v2.0/ports/3c6737ff-ffd8-4cd3-955e-5c7cd7a361cc HTTP/1.1" status: 200 len: 1635 time: 0.0650058
2026-05-06 06:12:57.486 10 INFO neutron.wsgi [req-fb7d11d7-5380-432b-97ad-64d9a387121b req-8b340ed0-73ff-416d-9d18-66fc66225862 a238ef8cbb32488283c894b7070d3528 20c20568c9f14e2cab3944b99efdf9c1 - - 37e4c56f4a5048cf8cf69f406f61be15 37e4c56f4a5048cf8cf69f406f61be15] 199.19.213.73 "GET /v2.0/networks/775e36c6-95f8-4a61-9c43-7ed7bf643b32?fields=segments HTTP/1.1" status: 200 len: 212 time: 0.0920208
2026-05-06 06:12:57.495 9 INFO neutron.wsgi [None req-02d0d198-c11c-460a-8c4b-dd90383d22d4 ca89b9242353463790d86e73147b14ab f7a7fcbf79c64ad8bdb5a244cd81c59a - - default default] 199.19.213.73 "GET /v2.0/ports/3c6737ff-ffd8-4cd3-955e-5c7cd7a361cc HTTP/1.1" status: 200 len: 1635 time: 0.0815866
2026-05-06 06:12:57.538 9 INFO neutron.wsgi [None req-630f8e38-b54a-48f3-96e0-ce3500944f73 ca89b9242353463790d86e73147b14ab f7a7fcbf79c64ad8bdb5a244cd81c59a - - default default] 10.0.0.130 "DELETE /v2.0/routers/51097d7a-7f11-4c2e-bfb7-15a5f6ccdd6c HTTP/1.1" status: 204 len: 168 time: 1.0339131
2026-05-06 06:12:57.561 10 INFO neutron.db.ovn_revision_numbers_db [None req-e3256b9d-3a67-40a3-a56b-ef7bdefb95c1 - - - - - -] Successfully bumped revision number for resource 3c6737ff-ffd8-4cd3-955e-5c7cd7a361cc (type: ports) to 4
2026-05-06 06:12:57.599 10 INFO neutron.wsgi [req-fb7d11d7-5380-432b-97ad-64d9a387121b req-cf211866-77a8-449f-b623-cce3f16c725b a238ef8cbb32488283c894b7070d3528 20c20568c9f14e2cab3944b99efdf9c1 - - 37e4c56f4a5048cf8cf69f406f61be15 37e4c56f4a5048cf8cf69f406f61be15] 199.19.213.73 "GET /v2.0/networks/775e36c6-95f8-4a61-9c43-7ed7bf643b32?fields=provider%3Aphysical_network&fields=provider%3Anetwork_type HTTP/1.1" status: 200 len: 277 time: 0.1025352
2026-05-06 06:12:57.752 10 INFO neutron.notifiers.nova [-] Nova event matching ['req-bd1f0e9c-8ee0-4391-a18b-a11018e7a98f'] response: {'server_uuid': 'f9b21828-198d-4653-a631-f37c0590698b', 'name': 'network-vif-plugged', 'status': 'completed', 'tag': '3c6737ff-ffd8-4cd3-955e-5c7cd7a361cc', 'code': 200}
2026-05-06 06:12:57.753 10 INFO neutron.notifiers.nova [-] Nova event matching ['req-bd1f0e9c-8ee0-4391-a18b-a11018e7a98f'] response: {'server_uuid': 'f9b21828-198d-4653-a631-f37c0590698b', 'name': 'network-vif-plugged', 'status': 'completed', 'tag': '3c6737ff-ffd8-4cd3-955e-5c7cd7a361cc', 'code': 200}
2026-05-06 06:12:57.772 10 INFO neutron.wsgi [None req-7fd3c526-3b11-4739-9e96-0e1ba3b53c7c ca89b9242353463790d86e73147b14ab f7a7fcbf79c64ad8bdb5a244cd81c59a - - default default] 10.0.0.130 "DELETE /v2.0/subnets/898ef4c7-ed99-4790-a23e-21988a1ef320 HTTP/1.1" status: 204 len: 168 time: 0.2281535 /var/lib/openstack/lib/python3.10/site-packages/pycadf/identifier.py:71: UserWarning: Invalid uuid: neutron. To ensure interoperability, identifiers should be a valid uuid. warnings.warn(('Invalid uuid: %s. To ensure interoperability, '
2026-05-06 06:12:58.028 9 INFO neutron.db.ovn_revision_numbers_db [None req-46bf5dda-4b95-4484-9481-6d1e93056df1 ca89b9242353463790d86e73147b14ab f7a7fcbf79c64ad8bdb5a244cd81c59a - - default default] Successfully bumped revision number for resource 3c6737ff-ffd8-4cd3-955e-5c7cd7a361cc (type: ports) to 5
2026-05-06 06:12:58.043 9 INFO neutron.wsgi [None req-46bf5dda-4b95-4484-9481-6d1e93056df1 ca89b9242353463790d86e73147b14ab f7a7fcbf79c64ad8bdb5a244cd81c59a - - default default] 199.19.213.73 "PUT /v2.0/ports/3c6737ff-ffd8-4cd3-955e-5c7cd7a361cc HTTP/1.1" status: 200 len: 1378 time: 0.5345123 /var/lib/openstack/lib/python3.10/site-packages/pycadf/identifier.py:71: UserWarning: Invalid uuid: neutron. To ensure interoperability, identifiers should be a valid uuid. warnings.warn(('Invalid uuid: %s. To ensure interoperability, '
2026-05-06 06:12:58.084 9 INFO neutron.notifiers.nova [-] Nova event matching ['req-b7e3f3b9-fb3d-4b79-b910-ab7024f4cb05'] response: {'name': 'network-changed', 'server_uuid': 'f9b21828-198d-4653-a631-f37c0590698b', 'tag': '3c6737ff-ffd8-4cd3-955e-5c7cd7a361cc', 'status': 'completed', 'code': 200}
2026-05-06 06:12:58.124 9 INFO neutron.wsgi [None req-ee5d0eaf-20b4-4471-8f03-fed7e52037f8 ca89b9242353463790d86e73147b14ab f7a7fcbf79c64ad8bdb5a244cd81c59a - - default default] 199.19.213.73 "GET /v2.0/networks/775e36c6-95f8-4a61-9c43-7ed7bf643b32 HTTP/1.1" status: 200 len: 1000 time: 0.0732329
2026-05-06 06:12:58.173 9 INFO neutron.wsgi [None req-e73ff6d2-841d-4131-a3ed-46123a90af90 ca89b9242353463790d86e73147b14ab f7a7fcbf79c64ad8bdb5a244cd81c59a - - default default] 199.19.213.73 "GET /v2.0/subnets/557e0f1a-d5ad-4666-9f3c-fb4ad2d0344a HTTP/1.1" status: 200 len: 849 time: 0.0404761
2026-05-06 06:12:58.189 10 INFO neutron.services.segments.plugin [-] Segment 7ef2d383-f64a-4f3c-a4fb-8287bd2e40a8 resource provider aggregate not found
2026-05-06 06:12:58.194 10 INFO neutron.services.segments.plugin [-] Segment 7ef2d383-f64a-4f3c-a4fb-8287bd2e40a8 resource provider aggregate not found
2026-05-06 06:12:58.214 10 INFO neutron.wsgi [req-02177739-ad28-4317-b860-61f36895e09a req-be436e73-35bc-4932-94ca-7f7a04ddf846 a238ef8cbb32488283c894b7070d3528 20c20568c9f14e2cab3944b99efdf9c1 - - 37e4c56f4a5048cf8cf69f406f61be15 37e4c56f4a5048cf8cf69f406f61be15] 199.19.213.73 "GET /v2.0/ports?tenant_id=f7a7fcbf79c64ad8bdb5a244cd81c59a&device_id=f9b21828-198d-4653-a631-f37c0590698b HTTP/1.1" status: 200 len: 3922 time: 0.1115072
2026-05-06 06:12:58.215 10 INFO neutron.services.segments.plugin [-] Segment 7ef2d383-f64a-4f3c-a4fb-8287bd2e40a8 resource provider not found; error: Placement Client Error (4xx): {"errors": [{"status": 404, "title": "Not Found", "detail": "The resource could not be found.\n\n No resource provider with uuid 7ef2d383-f64a-4f3c-a4fb-8287bd2e40a8 found for delete ", "request_id": "req-fcf8228c-0002-4f16-b3ff-aab91014caec"}]}
2026-05-06 06:12:58.215 10 INFO neutron.services.segments.plugin [-] Segment 7ef2d383-f64a-4f3c-a4fb-8287bd2e40a8 resource provider not found; error: Placement Client Error (4xx): {"errors": [{"status": 404, "title": "Not Found", "detail": "The resource could not be found.\n\n No resource provider with uuid 7ef2d383-f64a-4f3c-a4fb-8287bd2e40a8 found for delete ", "request_id": "req-00bc7cd6-366d-430d-889c-3f9065511216"}]}
2026-05-06 06:12:58.234 10 INFO neutron.wsgi [None req-1b2374b9-291f-40f2-80d1-74c81e2fa212 ca89b9242353463790d86e73147b14ab f7a7fcbf79c64ad8bdb5a244cd81c59a - - default default] 10.0.0.130 "DELETE /v2.0/networks/9b65a1f0-1bf0-4519-a84e-31dfdbf70391 HTTP/1.1" status: 204 len: 168 time: 0.4574990
2026-05-06 06:12:58.280 9 INFO neutron.wsgi [None req-5cdbcbfc-f5bd-47fd-9090-da23da8d2e02 ca89b9242353463790d86e73147b14ab f7a7fcbf79c64ad8bdb5a244cd81c59a - - default default] 199.19.213.73 "GET /v2.0/extensions/security-group HTTP/1.1" status: 200 len: 369 time: 0.0077004
2026-05-06 06:12:58.282 10 INFO neutron.wsgi [req-02177739-ad28-4317-b860-61f36895e09a req-3b17fdf7-297b-48df-acfd-8cac703fba6b a238ef8cbb32488283c894b7070d3528 20c20568c9f14e2cab3944b99efdf9c1 - - 37e4c56f4a5048cf8cf69f406f61be15 37e4c56f4a5048cf8cf69f406f61be15] 199.19.213.73 "GET /v2.0/networks?id=775e36c6-95f8-4a61-9c43-7ed7bf643b32 HTTP/1.1" status: 200 len: 1003 time: 0.0629728
2026-05-06 06:12:58.288 9 INFO neutron.wsgi [None req-08ed2ea9-c9da-48ca-93e1-e66abfe65a63 ca89b9242353463790d86e73147b14ab f7a7fcbf79c64ad8bdb5a244cd81c59a - - default default] 199.19.213.73 "GET /v2.0/extensions/dns-integration HTTP/1.1" status: 200 len: 371 time: 0.0032663
2026-05-06 06:12:58.295 9 INFO neutron.wsgi [None req-b507764b-d4fc-4c19-bfd4-1db189badf61 ca89b9242353463790d86e73147b14ab f7a7fcbf79c64ad8bdb5a244cd81c59a - - default default] 199.19.213.73 "GET /v2.0/extensions/qos HTTP/1.1" status: 200 len: 365 time: 0.0041983
2026-05-06 06:12:58.309 9 INFO neutron.wsgi [None req-6017cc6f-cbd4-4417-aa9e-60f6a1a8850d ca89b9242353463790d86e73147b14ab f7a7fcbf79c64ad8bdb5a244cd81c59a - - default default] 199.19.213.73 "GET /v2.0/extensions/allowed-address-pairs HTTP/1.1" status: 200 len: 383 time: 0.0052979
2026-05-06 06:12:58.316 10 INFO neutron.wsgi [req-02177739-ad28-4317-b860-61f36895e09a req-2621aedb-30f9-4311-82fa-abd9e86b5fd2 a238ef8cbb32488283c894b7070d3528 20c20568c9f14e2cab3944b99efdf9c1 - - 37e4c56f4a5048cf8cf69f406f61be15 37e4c56f4a5048cf8cf69f406f61be15] 199.19.213.73 "GET /v2.0/floatingips?fixed_ip_address=10.2.1.141&port_id=3c6737ff-ffd8-4cd3-955e-5c7cd7a361cc HTTP/1.1" status: 200 len: 217 time: 0.0271943
2026-05-06 06:12:58.349 9 INFO neutron.wsgi [None req-7b552b3d-c3f9-4d93-aa79-a9cca2b4ff66 ca89b9242353463790d86e73147b14ab f7a7fcbf79c64ad8bdb5a244cd81c59a - - default default] 199.19.213.73 "GET /v2.0/subnets/495053cb-aea8-4fb0-a87f-ce8adf97b86c HTTP/1.1" status: 200 len: 850 time: 0.0364139
2026-05-06 06:12:58.361 10 INFO neutron.wsgi [req-02177739-ad28-4317-b860-61f36895e09a req-e67b5349-30be-4284-b929-066109dc8ada a238ef8cbb32488283c894b7070d3528 20c20568c9f14e2cab3944b99efdf9c1 - - 37e4c56f4a5048cf8cf69f406f61be15 37e4c56f4a5048cf8cf69f406f61be15] 199.19.213.73 "GET /v2.0/subnets?id=557e0f1a-d5ad-4666-9f3c-fb4ad2d0344a HTTP/1.1" status: 200 len: 852 time: 0.0401723
2026-05-06 06:12:58.386 9 INFO neutron.wsgi [None req-d9d3749c-e413-4f53-8620-9d74f0a58e7a ca89b9242353463790d86e73147b14ab f7a7fcbf79c64ad8bdb5a244cd81c59a - - default default] 199.19.213.73 "GET /v2.0/ports/8be1af60-d577-4600-807f-488e426cc4ea HTTP/1.1" status: 200 len: 1340 time: 0.0304403
2026-05-06 06:12:58.393 10 INFO neutron.wsgi [req-02177739-ad28-4317-b860-61f36895e09a req-a95734af-06da-4e90-aa19-d5c8a6fc857f a238ef8cbb32488283c894b7070d3528 20c20568c9f14e2cab3944b99efdf9c1 - - 37e4c56f4a5048cf8cf69f406f61be15 37e4c56f4a5048cf8cf69f406f61be15] 199.19.213.73 "GET /v2.0/ports?network_id=775e36c6-95f8-4a61-9c43-7ed7bf643b32&device_owner=network%3Adhcp HTTP/1.1" status: 200 len: 210 time: 0.0227268
2026-05-06 06:12:58.429 9 INFO neutron.wsgi [None req-c83b1ecc-f29d-40a4-a5ed-72d452d046a2 ca89b9242353463790d86e73147b14ab f7a7fcbf79c64ad8bdb5a244cd81c59a - - default default] 199.19.213.73 "GET /v2.0/ports/84d293ec-89da-4ae7-b16e-9b499e7ab1c8 HTTP/1.1" status: 200 len: 1515 time: 0.0362883
2026-05-06 06:12:58.463 10 INFO neutron.wsgi [req-02177739-ad28-4317-b860-61f36895e09a req-78c2cf7e-e3ce-4eb2-8a21-3f103090e891 a238ef8cbb32488283c894b7070d3528 20c20568c9f14e2cab3944b99efdf9c1 - - 37e4c56f4a5048cf8cf69f406f61be15 37e4c56f4a5048cf8cf69f406f61be15] 199.19.213.73 "GET /v2.0/networks/775e36c6-95f8-4a61-9c43-7ed7bf643b32?fields=segments HTTP/1.1" status: 200 len: 212 time: 0.0634496
2026-05-06 06:12:58.470 9 INFO neutron.wsgi [None req-3d857134-5e4e-47ff-8f4e-3f3591852873 ca89b9242353463790d86e73147b14ab f7a7fcbf79c64ad8bdb5a244cd81c59a - - default default] 199.19.213.73 "GET /v2.0/subnets/495053cb-aea8-4fb0-a87f-ce8adf97b86c HTTP/1.1" status: 200 len: 850 time: 0.0337403
2026-05-06 06:12:58.535 9 INFO neutron.wsgi [None req-af792f0b-5ace-403c-a416-19395b7fa8b7 ca89b9242353463790d86e73147b14ab f7a7fcbf79c64ad8bdb5a244cd81c59a - - default default] 199.19.213.73 "GET /v2.0/networks/336701c1-ba98-40d1-9703-d72760456507 HTTP/1.1" status: 200 len: 1001 time: 0.0595136
2026-05-06 06:12:58.542 10 INFO neutron.wsgi [req-02177739-ad28-4317-b860-61f36895e09a req-5ce0dddd-96b0-4203-9aac-cbc08f6b5bc3 a238ef8cbb32488283c894b7070d3528 20c20568c9f14e2cab3944b99efdf9c1 - - 37e4c56f4a5048cf8cf69f406f61be15 37e4c56f4a5048cf8cf69f406f61be15] 199.19.213.73 "GET /v2.0/networks/775e36c6-95f8-4a61-9c43-7ed7bf643b32?fields=provider%3Aphysical_network&fields=provider%3Anetwork_type HTTP/1.1" status: 200 len: 277 time: 0.0737159
2026-05-06 06:12:58.544 10 INFO neutron.wsgi [None req-4f3fd5d6-4d8b-4c41-89c9-0d1f584dab29 ca89b9242353463790d86e73147b14ab f7a7fcbf79c64ad8bdb5a244cd81c59a - - default default] 10.0.0.130 "GET /v2.0/security-groups?tenant_id=06cc4a18b9a84dcfb5aa98cad84f8acb&name=default HTTP/1.1" status: 200 len: 2996 time: 0.0409815
2026-05-06 06:12:58.581 9 INFO neutron.wsgi [None req-d7ca1fea-6171-4e46-b285-91362e6b0e44 ca89b9242353463790d86e73147b14ab f7a7fcbf79c64ad8bdb5a244cd81c59a - - default default] 199.19.213.73 "GET /v2.0/ports/8be1af60-d577-4600-807f-488e426cc4ea HTTP/1.1" status: 200 len: 1340 time: 0.0393076
2026-05-06 06:12:58.634 9 INFO neutron.wsgi [None req-8b6ca700-381b-4c62-8fee-b3842a39c650 ca89b9242353463790d86e73147b14ab f7a7fcbf79c64ad8bdb5a244cd81c59a - - default default] 199.19.213.73 "GET /v2.0/subnets/495053cb-aea8-4fb0-a87f-ce8adf97b86c HTTP/1.1" status: 200 len: 850 time: 0.0465302
2026-05-06 06:12:58.768 10 INFO neutron.wsgi [None req-bb2e79c1-8d9d-429e-8c39-0b3c92308af7 ca89b9242353463790d86e73147b14ab f7a7fcbf79c64ad8bdb5a244cd81c59a - - default default] 10.0.0.130 "DELETE /v2.0/security-groups/bbc26f9c-b096-42fa-9953-e9674b482757 HTTP/1.1" status: 204 len: 168 time: 0.2183239
2026-05-06 06:12:58.955 9 INFO neutron.wsgi [None req-a0a096b6-33da-4bb8-b9a6-11f49f290dbb ca89b9242353463790d86e73147b14ab f7a7fcbf79c64ad8bdb5a244cd81c59a - - default default] 10.0.0.130 "GET /v2.0/security-groups?tenant_id=09d64996891a48d888eebff01637bb44&name=default HTTP/1.1" status: 200 len: 2996 time: 0.0372090
2026-05-06 06:12:59.160 9 INFO neutron.wsgi [None req-8f77c0f6-eee4-4e31-8222-4181902192db ca89b9242353463790d86e73147b14ab f7a7fcbf79c64ad8bdb5a244cd81c59a - - default default] 10.0.0.130 "DELETE /v2.0/security-groups/bfbfef2c-7278-48d7-a8b8-b7bbddb561b6 HTTP/1.1" status: 204 len: 168 time: 0.1996586
2026-05-06 06:13:03.463 10 WARNING neutron_lib.context [None req-e333e374-60be-40fd-88ec-080da5ad4ae5 be6f3f336c404f32a80a6d321117414d f85597d298d640c59c0b1f5616dad42f - - default default] Method 'is_advsvc' is deprecated since 2023.2 release (neutron-lib 3.8.0) and will be removed once support for the old RBAC API policies will be removed from Neutron. Please use method 'is_service_role' instead.
2026-05-06 06:13:03.602 10 INFO neutron.db.ovn_revision_numbers_db [None req-e333e374-60be-40fd-88ec-080da5ad4ae5 be6f3f336c404f32a80a6d321117414d f85597d298d640c59c0b1f5616dad42f - - default default] Successfully bumped revision number for resource 5e1d1af7-bd27-456a-9474-1e7db347998f (type: security_groups) to 1
2026-05-06 06:13:03.616 10 INFO neutron.db.ovn_revision_numbers_db [None req-e333e374-60be-40fd-88ec-080da5ad4ae5 be6f3f336c404f32a80a6d321117414d f85597d298d640c59c0b1f5616dad42f - - default default] Successfully bumped revision number for resource 13b4b6b7-5f3b-40ae-bade-c18637db8e15 (type: security_group_rules) to 0
2026-05-06 06:13:03.631 10 INFO neutron.db.ovn_revision_numbers_db [None req-e333e374-60be-40fd-88ec-080da5ad4ae5 be6f3f336c404f32a80a6d321117414d f85597d298d640c59c0b1f5616dad42f - - default default] Successfully bumped revision number for resource 99bd9858-0aa9-4acf-a804-58065f41b8c5 (type: security_group_rules) to 0
2026-05-06 06:13:03.647 10 INFO neutron.db.ovn_revision_numbers_db [None req-e333e374-60be-40fd-88ec-080da5ad4ae5 be6f3f336c404f32a80a6d321117414d f85597d298d640c59c0b1f5616dad42f - - default default] Successfully bumped revision number for resource abea91fa-2090-4b6e-8b26-267e5527c7b1 (type: security_group_rules) to 0
2026-05-06 06:13:03.662 10 INFO neutron.db.ovn_revision_numbers_db [None req-e333e374-60be-40fd-88ec-080da5ad4ae5 be6f3f336c404f32a80a6d321117414d f85597d298d640c59c0b1f5616dad42f - - default default] Successfully bumped revision number for resource b1b85625-1b57-4417-be03-73e0290d9882 (type: security_group_rules) to 0
2026-05-06 06:13:03.724 10 INFO neutron.db.segments_db [None req-e333e374-60be-40fd-88ec-080da5ad4ae5 be6f3f336c404f32a80a6d321117414d f85597d298d640c59c0b1f5616dad42f - - default default] Added segment 560a5f3c-ea29-48e2-acf1-115d147dd7f1 of type geneve for network 6dbc6683-560d-4597-8ebf-4ea080680b63
2026-05-06 06:13:03.891 10 INFO neutron.db.ovn_revision_numbers_db [None req-e333e374-60be-40fd-88ec-080da5ad4ae5 be6f3f336c404f32a80a6d321117414d f85597d298d640c59c0b1f5616dad42f - - default default] Successfully bumped revision number for resource 6dbc6683-560d-4597-8ebf-4ea080680b63 (type: networks) to 1
2026-05-06 06:13:04.076 10 WARNING neutron.scheduler.dhcp_agent_scheduler [None req-e333e374-60be-40fd-88ec-080da5ad4ae5 be6f3f336c404f32a80a6d321117414d f85597d298d640c59c0b1f5616dad42f - - default default] No more DHCP agents
2026-05-06 06:13:04.077 10 WARNING neutron.api.rpc.agentnotifiers.dhcp_rpc_agent_api [None req-e333e374-60be-40fd-88ec-080da5ad4ae5 be6f3f336c404f32a80a6d321117414d f85597d298d640c59c0b1f5616dad42f - - default default] Unable to schedule network 6dbc6683-560d-4597-8ebf-4ea080680b63: no agents available; will retry on subsequent port and subnet creation events.
2026-05-06 06:13:04.162 10 INFO neutron.db.ovn_revision_numbers_db [None req-e333e374-60be-40fd-88ec-080da5ad4ae5 be6f3f336c404f32a80a6d321117414d f85597d298d640c59c0b1f5616dad42f - - default default] Successfully bumped revision number for resource 10b4fe9a-5b77-473a-a81e-0f45756f2c75 (type: ports) to 1
2026-05-06 06:13:04.183 10 INFO neutron.wsgi [None req-e333e374-60be-40fd-88ec-080da5ad4ae5 be6f3f336c404f32a80a6d321117414d f85597d298d640c59c0b1f5616dad42f - - default default] 10.0.0.130 "POST /v2.0/networks HTTP/1.1" status: 201 len: 830 time: 0.9130337
2026-05-06 06:13:04.194 10 WARNING neutron_lib.context [None req-0a1bc426-5f6c-4c33-90a5-eb1f218c1715 be6f3f336c404f32a80a6d321117414d f85597d298d640c59c0b1f5616dad42f - - default default] Method 'is_advsvc' is deprecated since 2023.2 release (neutron-lib 3.8.0) and will be removed once support for the old RBAC API policies will be removed from Neutron. Please use method 'is_service_role' instead.
2026-05-06 06:13:04.424 10 WARNING neutron.scheduler.dhcp_agent_scheduler [None req-0a1bc426-5f6c-4c33-90a5-eb1f218c1715 be6f3f336c404f32a80a6d321117414d f85597d298d640c59c0b1f5616dad42f - - default default] No more DHCP agents
2026-05-06 06:13:04.426 10 WARNING neutron.api.rpc.agentnotifiers.dhcp_rpc_agent_api [None req-0a1bc426-5f6c-4c33-90a5-eb1f218c1715 be6f3f336c404f32a80a6d321117414d f85597d298d640c59c0b1f5616dad42f - - default default] Unable to schedule network 6dbc6683-560d-4597-8ebf-4ea080680b63: no agents available; will retry on subsequent port and subnet creation events.
2026-05-06 06:13:04.505 10 INFO neutron.db.ovn_revision_numbers_db [None req-0a1bc426-5f6c-4c33-90a5-eb1f218c1715 be6f3f336c404f32a80a6d321117414d f85597d298d640c59c0b1f5616dad42f - - default default] Successfully bumped revision number for resource 11a1d24e-ba9f-43d2-8648-52bdedbd2426 (type: ports) to 1
2026-05-06 06:13:04.528 10 INFO neutron.wsgi [None req-0a1bc426-5f6c-4c33-90a5-eb1f218c1715 be6f3f336c404f32a80a6d321117414d f85597d298d640c59c0b1f5616dad42f - - default default] 10.0.0.130 "POST /v2.0/ports HTTP/1.1" status: 201 len: 942 time: 0.3397737 /var/lib/openstack/lib/python3.10/site-packages/pycadf/identifier.py:71: UserWarning: Invalid uuid: neutron. To ensure interoperability, identifiers should be a valid uuid. warnings.warn(('Invalid uuid: %s. To ensure interoperability, '
2026-05-06 06:13:04.541 10 WARNING neutron_lib.context [None req-e7674bf3-6222-40a8-a8c8-bc9b673e55c1 be6f3f336c404f32a80a6d321117414d f85597d298d640c59c0b1f5616dad42f - - default default] Method 'is_advsvc' is deprecated since 2023.2 release (neutron-lib 3.8.0) and will be removed once support for the old RBAC API policies will be removed from Neutron. Please use method 'is_service_role' instead.
2026-05-06 06:13:04.619 10 INFO neutron.db.segments_db [None req-e7674bf3-6222-40a8-a8c8-bc9b673e55c1 be6f3f336c404f32a80a6d321117414d f85597d298d640c59c0b1f5616dad42f - - default default] Added segment 0bf4ebce-dd9a-4f31-ab61-694529a19e20 of type geneve for network 267af986-1793-49a2-b245-b89cd71fa499
2026-05-06 06:13:04.798 10 INFO neutron.db.ovn_revision_numbers_db [None req-e7674bf3-6222-40a8-a8c8-bc9b673e55c1 be6f3f336c404f32a80a6d321117414d f85597d298d640c59c0b1f5616dad42f - - default default] Successfully bumped revision number for resource 267af986-1793-49a2-b245-b89cd71fa499 (type: networks) to 1
2026-05-06 06:13:04.966 10 WARNING neutron.scheduler.dhcp_agent_scheduler [None req-e7674bf3-6222-40a8-a8c8-bc9b673e55c1 be6f3f336c404f32a80a6d321117414d f85597d298d640c59c0b1f5616dad42f - - default default] No more DHCP agents
2026-05-06 06:13:04.968 10 WARNING neutron.api.rpc.agentnotifiers.dhcp_rpc_agent_api [None req-e7674bf3-6222-40a8-a8c8-bc9b673e55c1 be6f3f336c404f32a80a6d321117414d f85597d298d640c59c0b1f5616dad42f - - default default] Unable to schedule network 267af986-1793-49a2-b245-b89cd71fa499: no agents available; will retry on subsequent port and subnet creation events.
2026-05-06 06:13:05.047 10 INFO neutron.db.ovn_revision_numbers_db [None req-e7674bf3-6222-40a8-a8c8-bc9b673e55c1 be6f3f336c404f32a80a6d321117414d f85597d298d640c59c0b1f5616dad42f - - default default] Successfully bumped revision number for resource efc2fe2b-33c1-438a-a343-cda10400cd6f (type: ports) to 1
2026-05-06 06:13:05.071 10 INFO neutron.wsgi [None req-e7674bf3-6222-40a8-a8c8-bc9b673e55c1 be6f3f336c404f32a80a6d321117414d f85597d298d640c59c0b1f5616dad42f - - default default] 10.0.0.130 "POST /v2.0/networks HTTP/1.1" status: 201 len: 831 time: 0.5365615
2026-05-06 06:13:05.080 10 WARNING neutron_lib.context [None req-30ca1e24-b6c1-4e73-aa05-8249bdadf265 be6f3f336c404f32a80a6d321117414d f85597d298d640c59c0b1f5616dad42f - - default default] Method 'is_advsvc' is deprecated since 2023.2 release (neutron-lib 3.8.0) and will be removed once support for the old RBAC API policies will be removed from Neutron. Please use method 'is_service_role' instead.
2026-05-06 06:13:05.427 10 WARNING neutron.scheduler.dhcp_agent_scheduler [None req-30ca1e24-b6c1-4e73-aa05-8249bdadf265 be6f3f336c404f32a80a6d321117414d f85597d298d640c59c0b1f5616dad42f - - default default] No more DHCP agents
2026-05-06 06:13:05.431 10 WARNING neutron.api.rpc.agentnotifiers.dhcp_rpc_agent_api [None req-30ca1e24-b6c1-4e73-aa05-8249bdadf265 be6f3f336c404f32a80a6d321117414d f85597d298d640c59c0b1f5616dad42f - - default default] Unable to schedule network 267af986-1793-49a2-b245-b89cd71fa499: no agents available; will retry on subsequent port and subnet creation events.
2026-05-06 06:13:05.510 10 INFO neutron.db.ovn_revision_numbers_db [None req-30ca1e24-b6c1-4e73-aa05-8249bdadf265 be6f3f336c404f32a80a6d321117414d f85597d298d640c59c0b1f5616dad42f - - default default] Successfully bumped revision number for resource 64f79865-1569-4e6f-997f-b09bc73ed6f7 (type: ports) to 1
