2026-05-06 06:09:33.339 10 INFO neutron.services.segments.plugin [-] Segment 8df0d991-9afe-4e8e-94ea-c6f290a52fe7 resource provider not found; error: Placement Client Error (4xx): {"errors": [{"status": 404, "title": "Not Found", "detail": "The resource could not be found.\n\n No resource provider with uuid 8df0d991-9afe-4e8e-94ea-c6f290a52fe7 found for delete ", "request_id": "req-31a0ac86-6802-447e-842a-60b2c1e7d78c"}]}
2026-05-06 06:09:33.356 10 INFO neutron.services.segments.plugin [-] Segment 8df0d991-9afe-4e8e-94ea-c6f290a52fe7 resource provider not found; error: Placement Client Error (4xx): {"errors": [{"status": 404, "title": "Not Found", "detail": "The resource could not be found.\n\n No resource provider with uuid 8df0d991-9afe-4e8e-94ea-c6f290a52fe7 found for delete ", "request_id": "req-dbbfc48d-d647-470d-b755-afacb7d0a26d"}]}
2026-05-06 06:09:33.385 10 INFO neutron.wsgi [None req-03c7faec-5168-44ab-983b-410321f1b9f4 2386b1c517854eb98b7f9c7053009bec 5ade327770314e1e9b720453f6845cba - - default default] 10.0.0.130 "DELETE /v2.0/networks/2a8d0093-3275-47ca-96bf-aef28005555b HTTP/1.1" status: 204 len: 168 time: 0.5802543
2026-05-06 06:09:33.623 9 WARNING neutron.scheduler.dhcp_agent_scheduler [None req-a37ae494-5275-411a-a449-d9f350384b99 f48760bb10144048a47fc2350138e64c b4bb2f492a024557806a59f6ae0c9c3e - - default default] No more DHCP agents
2026-05-06 06:09:33.627 9 WARNING neutron.api.rpc.agentnotifiers.dhcp_rpc_agent_api [None req-a37ae494-5275-411a-a449-d9f350384b99 f48760bb10144048a47fc2350138e64c b4bb2f492a024557806a59f6ae0c9c3e - - default default] Unable to schedule network a0916c5b-5795-46ab-b443-4e0c4b98f9e6: no agents available; will retry on subsequent port and subnet creation events.
2026-05-06 06:09:33.805 9 INFO neutron.db.ovn_revision_numbers_db [None req-a37ae494-5275-411a-a449-d9f350384b99 f48760bb10144048a47fc2350138e64c b4bb2f492a024557806a59f6ae0c9c3e - - default default] Successfully bumped revision number for resource bca1fa53-c5e5-40a0-bcff-855372c2a49d (type: ports) to 1
2026-05-06 06:09:33.809 10 INFO neutron.db.ovn_revision_numbers_db [None req-2621eb58-a85d-4437-90c1-e9069478482c c12e2d51a6594f3194cd452be4c402de 3dc5fb32bf674fbb8cd6c4e34eb662f3 - - default default] Successfully bumped revision number for resource 7d8e2003-258b-4a52-a6d8-69d43ba6eb8e (type: floatingips) to 0
2026-05-06 06:09:33.828 10 INFO neutron.wsgi [None req-2621eb58-a85d-4437-90c1-e9069478482c c12e2d51a6594f3194cd452be4c402de 3dc5fb32bf674fbb8cd6c4e34eb662f3 - - default default] 10.0.0.130 "POST /v2.0/floatingips HTTP/1.1" status: 201 len: 751 time: 0.9347715 /var/lib/openstack/lib/python3.10/site-packages/pycadf/identifier.py:71: UserWarning: Invalid uuid: neutron. To ensure interoperability, identifiers should be a valid uuid. warnings.warn(('Invalid uuid: %s. To ensure interoperability, '
2026-05-06 06:09:33.930 10 INFO neutron.wsgi [None req-f5d398e1-846b-49a2-800e-37ec5fdb7a8e 2386b1c517854eb98b7f9c7053009bec 5ade327770314e1e9b720453f6845cba - - default default] 10.0.0.130 "DELETE /v2.0/networks/05cf28fb-8de1-4325-80bc-894af27aa8ca HTTP/1.1" status: 204 len: 168 time: 0.5365717
2026-05-06 06:09:34.261 9 INFO neutron.wsgi [None req-a37ae494-5275-411a-a449-d9f350384b99 f48760bb10144048a47fc2350138e64c b4bb2f492a024557806a59f6ae0c9c3e - - default default] 10.0.0.130 "POST /v2.0/ports HTTP/1.1" status: 201 len: 1162 time: 1.2512438
2026-05-06 06:09:34.315 9 INFO neutron.wsgi [None req-614caac0-fc11-4b13-879d-64a5cfffe7f8 c12e2d51a6594f3194cd452be4c402de 3dc5fb32bf674fbb8cd6c4e34eb662f3 - - default default] 10.0.0.130 "PUT /v2.0/floatingips/8f1d1cc0-6f3f-42fb-8671-a10702217eaf/tags HTTP/1.1" status: 200 len: 210 time: 0.4802237
2026-05-06 06:09:34.381 10 INFO neutron.wsgi [None req-7f9ab7ff-5bb7-4401-95b2-065159486242 c12e2d51a6594f3194cd452be4c402de 3dc5fb32bf674fbb8cd6c4e34eb662f3 - - default default] 10.0.0.130 "PUT /v2.0/floatingips/7df7ba8c-c4bc-45c5-80c1-30f4b91e8d2e/tags HTTP/1.1" status: 200 len: 218 time: 0.0561717
2026-05-06 06:09:34.428 10 INFO neutron.wsgi [None req-6628e84b-950b-49cb-ba0a-02713573f800 c12e2d51a6594f3194cd452be4c402de 3dc5fb32bf674fbb8cd6c4e34eb662f3 - - default default] 10.0.0.130 "PUT /v2.0/floatingips/c80294ae-ad6f-42ff-ab6d-3f33ec49818b/tags HTTP/1.1" status: 200 len: 227 time: 0.0419784
2026-05-06 06:09:34.475 10 INFO neutron.wsgi [None req-0b856d77-7edc-4f75-a39b-31a01ac584cd c12e2d51a6594f3194cd452be4c402de 3dc5fb32bf674fbb8cd6c4e34eb662f3 - - default default] 10.0.0.130 "PUT /v2.0/floatingips/4c2ba017-4ff3-41da-a189-3f0d51d666ce/tags HTTP/1.1" status: 200 len: 212 time: 0.0420327
2026-05-06 06:09:34.507 9 INFO neutron.wsgi [None req-defc62d0-6850-4a10-abbd-698999bf5a9f ca89b9242353463790d86e73147b14ab f7a7fcbf79c64ad8bdb5a244cd81c59a - - default default] 10.0.0.130 "DELETE /v2.0/routers/5b5cf1ee-098c-4ba9-b59d-c1cf17b4cb4d HTTP/1.1" status: 204 len: 168 time: 1.8399572
2026-05-06 06:09:34.526 10 INFO neutron.wsgi [None req-4d78e7b4-a25f-4689-9e8b-5da00a5e0b6f c12e2d51a6594f3194cd452be4c402de 3dc5fb32bf674fbb8cd6c4e34eb662f3 - - default default] 10.0.0.130 "GET /v2.0/floatingips?tags=red HTTP/1.1" status: 200 len: 1866 time: 0.0453608
2026-05-06 06:09:34.583 10 INFO neutron.wsgi [None req-bf50a835-05a3-4db2-ae97-3f56882dd7ae c12e2d51a6594f3194cd452be4c402de 3dc5fb32bf674fbb8cd6c4e34eb662f3 - - default default] 10.0.0.130 "GET /v2.0/floatingips?tags=red%2Cblue HTTP/1.1" status: 200 len: 1323 time: 0.0461020
2026-05-06 06:09:34.645 10 INFO neutron.wsgi [None req-e5e3bae0-a050-4ec9-96d5-b270e40554bd c12e2d51a6594f3194cd452be4c402de 3dc5fb32bf674fbb8cd6c4e34eb662f3 - - default default] 10.0.0.130 "GET /v2.0/floatingips?tags-any=blue HTTP/1.1" status: 200 len: 1323 time: 0.0538414
2026-05-06 06:09:34.690 10 INFO neutron.wsgi [None req-ad5d517e-9df4-4804-9005-cd54fa0a340f c12e2d51a6594f3194cd452be4c402de 3dc5fb32bf674fbb8cd6c4e34eb662f3 - - default default] 10.0.0.130 "GET /v2.0/floatingips?tags-any=red%2Cblue HTTP/1.1" status: 200 len: 1866 time: 0.0359778
2026-05-06 06:09:34.702 9 INFO neutron.wsgi [None req-51ccc1fd-acf6-4426-aa1c-5eaaf461adef ca89b9242353463790d86e73147b14ab f7a7fcbf79c64ad8bdb5a244cd81c59a - - default default] 10.0.0.130 "GET /v2.0/security-groups?tenant_id=5ade327770314e1e9b720453f6845cba&name=default HTTP/1.1" status: 200 len: 2996 time: 0.2050607
2026-05-06 06:09:34.753 10 INFO neutron.wsgi [None req-32818acf-a83c-4c48-8533-0751bcc0813f c12e2d51a6594f3194cd452be4c402de 3dc5fb32bf674fbb8cd6c4e34eb662f3 - - default default] 10.0.0.130 "GET /v2.0/floatingips?not-tags=red HTTP/1.1" status: 200 len: 1295 time: 0.0572264
2026-05-06 06:09:34.818 10 INFO neutron.wsgi [None req-bf863dfd-f208-422c-92c1-5b595b5bda0b c12e2d51a6594f3194cd452be4c402de 3dc5fb32bf674fbb8cd6c4e34eb662f3 - - default default] 10.0.0.130 "GET /v2.0/floatingips?not-tags=red%2Cblue HTTP/1.1" status: 200 len: 1838 time: 0.0599287
2026-05-06 06:09:34.927 9 INFO neutron.wsgi [None req-dfc918d1-18c4-4854-b214-e97379a5df71 ca89b9242353463790d86e73147b14ab f7a7fcbf79c64ad8bdb5a244cd81c59a - - default default] 10.0.0.130 "DELETE /v2.0/subnets/47c107f6-1dba-45a6-9f68-b29e20e7911b HTTP/1.1" status: 204 len: 168 time: 0.4085524 /var/lib/openstack/lib/python3.10/site-packages/pycadf/identifier.py:71: UserWarning: Invalid uuid: neutron. To ensure interoperability, identifiers should be a valid uuid. warnings.warn(('Invalid uuid: %s. To ensure interoperability, '
2026-05-06 06:09:34.969 9 INFO neutron.db.ovn_revision_numbers_db [None req-9e443c32-7203-4208-b92a-7483e274cf38 f48760bb10144048a47fc2350138e64c b4bb2f492a024557806a59f6ae0c9c3e - - default default] Successfully bumped revision number for resource bca1fa53-c5e5-40a0-bcff-855372c2a49d (type: router_ports) to 2
2026-05-06 06:09:35.269 9 INFO neutron.db.ovn_revision_numbers_db [None req-9e443c32-7203-4208-b92a-7483e274cf38 f48760bb10144048a47fc2350138e64c b4bb2f492a024557806a59f6ae0c9c3e - - default default] Successfully bumped revision number for resource bca1fa53-c5e5-40a0-bcff-855372c2a49d (type: ports) to 2
2026-05-06 06:09:35.299 10 INFO neutron.plugins.ml2.drivers.ovn.mech_driver.mech_driver [None req-e3256b9d-3a67-40a3-a56b-ef7bdefb95c1 - - - - - -] OVN reports status up for port: bca1fa53-c5e5-40a0-bcff-855372c2a49d
2026-05-06 06:09:35.304 10 INFO neutron.wsgi [None req-6a74a836-2c88-4c5f-bf33-f57549d11c9c c12e2d51a6594f3194cd452be4c402de 3dc5fb32bf674fbb8cd6c4e34eb662f3 - - default default] 10.0.0.130 "GET /v2.0/floatingips?not-tags-any=blue HTTP/1.1" status: 200 len: 1838 time: 0.4802945
2026-05-06 06:09:35.309 9 INFO neutron.wsgi [None req-fa6d0734-6b81-4f06-8017-e51d1e1dd899 ca89b9242353463790d86e73147b14ab f7a7fcbf79c64ad8bdb5a244cd81c59a - - default default] 10.0.0.130 "DELETE /v2.0/security-groups/96e58e44-b6bc-467b-b604-b545b5394f29 HTTP/1.1" status: 204 len: 168 time: 0.5949464
2026-05-06 06:09:35.319 10 INFO neutron.plugins.ml2.plugin [None req-e3256b9d-3a67-40a3-a56b-ef7bdefb95c1 - - - - - -] Attempt 1 to provision port bca1fa53-c5e5-40a0-bcff-855372c2a49d
2026-05-06 06:09:35.351 10 INFO neutron.wsgi [None req-deb835f0-cc69-4243-98e6-5a87e7a62fe4 c12e2d51a6594f3194cd452be4c402de 3dc5fb32bf674fbb8cd6c4e34eb662f3 - - default default] 10.0.0.130 "GET /v2.0/floatingips?not-tags-any=red%2Cblue HTTP/1.1" status: 200 len: 1295 time: 0.0408349
2026-05-06 06:09:35.367 10 INFO neutron.services.segments.plugin [-] Segment 4382d73a-0bc1-461c-9381-365810a333bd resource provider aggregate not found
2026-05-06 06:09:35.381 10 INFO neutron.services.segments.plugin [-] Segment 4382d73a-0bc1-461c-9381-365810a333bd resource provider aggregate not found
2026-05-06 06:09:35.397 10 INFO neutron.services.segments.plugin [-] Segment 4382d73a-0bc1-461c-9381-365810a333bd resource provider not found; error: Placement Client Error (4xx): {"errors": [{"status": 404, "title": "Not Found", "detail": "The resource could not be found.\n\n No resource provider with uuid 4382d73a-0bc1-461c-9381-365810a333bd found for delete ", "request_id": "req-7fb85ff6-da0a-4a05-9fbc-646c3fcc87bb"}]}
2026-05-06 06:09:35.399 10 INFO neutron.services.segments.plugin [-] Segment 4382d73a-0bc1-461c-9381-365810a333bd resource provider not found; error: Placement Client Error (4xx): {"errors": [{"status": 404, "title": "Not Found", "detail": "The resource could not be found.\n\n No resource provider with uuid 4382d73a-0bc1-461c-9381-365810a333bd found for delete ", "request_id": "req-0726ab6f-54df-49ed-b4af-a44b7980485c"}]}
2026-05-06 06:09:35.574 9 INFO neutron.services.segments.plugin [-] Segment bc753aad-93b6-4097-ae0e-f24c3ba90be0 resource provider aggregate not found
2026-05-06 06:09:35.579 9 INFO neutron.services.segments.plugin [-] Segment bc753aad-93b6-4097-ae0e-f24c3ba90be0 resource provider aggregate not found
2026-05-06 06:09:35.587 9 INFO neutron.services.segments.plugin [-] Segment bc753aad-93b6-4097-ae0e-f24c3ba90be0 resource provider not found; error: Placement Client Error (4xx): {"errors": [{"status": 404, "title": "Not Found", "detail": "The resource could not be found.\n\n No resource provider with uuid bc753aad-93b6-4097-ae0e-f24c3ba90be0 found for delete ", "request_id": "req-a3858995-a07d-475d-930d-77a70bf37fe0"}]}
2026-05-06 06:09:35.599 9 INFO neutron.services.segments.plugin [-] Segment bc753aad-93b6-4097-ae0e-f24c3ba90be0 resource provider not found; error: Placement Client Error (4xx): {"errors": [{"status": 404, "title": "Not Found", "detail": "The resource could not be found.\n\n No resource provider with uuid bc753aad-93b6-4097-ae0e-f24c3ba90be0 found for delete ", "request_id": "req-ed0dd6eb-1238-4469-9d79-e610ae562d0e"}]}
2026-05-06 06:09:35.649 9 INFO neutron.wsgi [None req-bd9265b0-90ef-435d-836f-629b702fe1a1 ca89b9242353463790d86e73147b14ab f7a7fcbf79c64ad8bdb5a244cd81c59a - - default default] 10.0.0.130 "DELETE /v2.0/networks/1ada8613-f117-4236-987d-7ef72a9a4dfb HTTP/1.1" status: 204 len: 168 time: 0.7125127
2026-05-06 06:09:35.833 10 INFO neutron.db.ovn_revision_numbers_db [None req-e3256b9d-3a67-40a3-a56b-ef7bdefb95c1 - - - - - -] Successfully bumped revision number for resource bca1fa53-c5e5-40a0-bcff-855372c2a49d (type: ports) to 3 /var/lib/openstack/lib/python3.10/site-packages/pycadf/identifier.py:71: UserWarning: Invalid uuid: neutron. To ensure interoperability, identifiers should be a valid uuid. warnings.warn(('Invalid uuid: %s. To ensure interoperability, '
2026-05-06 06:09:35.877 10 INFO neutron.wsgi [None req-a0151828-513e-4899-a8a3-35e7487ab7ee c12e2d51a6594f3194cd452be4c402de 3dc5fb32bf674fbb8cd6c4e34eb662f3 - - default default] 10.0.0.130 "DELETE /v2.0/floatingips/8f1d1cc0-6f3f-42fb-8671-a10702217eaf HTTP/1.1" status: 204 len: 168 time: 0.5112579
2026-05-06 06:09:35.895 9 INFO neutron.db.ovn_revision_numbers_db [None req-9e443c32-7203-4208-b92a-7483e274cf38 f48760bb10144048a47fc2350138e64c b4bb2f492a024557806a59f6ae0c9c3e - - default default] Successfully bumped revision number for resource bca1fa53-c5e5-40a0-bcff-855372c2a49d (type: router_ports) to 3
2026-05-06 06:09:35.990 9 INFO neutron.wsgi [None req-512a6e39-d9bd-4560-832e-5c2e477c8e07 ca89b9242353463790d86e73147b14ab f7a7fcbf79c64ad8bdb5a244cd81c59a - - default default] 10.0.0.130 "GET /v2.0/security-groups?tenant_id=4a2faf2fa1da4d6abc4cf052ce37d00f&name=default HTTP/1.1" status: 200 len: 2996 time: 0.1199040 /var/lib/openstack/lib/python3.10/site-packages/pycadf/identifier.py:71: UserWarning: Invalid uuid: neutron. To ensure interoperability, identifiers should be a valid uuid. warnings.warn(('Invalid uuid: %s. To ensure interoperability, '
2026-05-06 06:09:36.142 9 INFO neutron.db.ovn_revision_numbers_db [None req-9e443c32-7203-4208-b92a-7483e274cf38 f48760bb10144048a47fc2350138e64c b4bb2f492a024557806a59f6ae0c9c3e - - default default] Successfully bumped revision number for resource bca1fa53-c5e5-40a0-bcff-855372c2a49d (type: ports) to 3
2026-05-06 06:09:36.257 10 INFO neutron.wsgi [None req-4f48960a-5157-4917-990a-9b585351154d ca89b9242353463790d86e73147b14ab f7a7fcbf79c64ad8bdb5a244cd81c59a - - default default] 10.0.0.130 "DELETE /v2.0/security-groups/a0cb48ea-509b-428a-8e2c-ec74b64bab10 HTTP/1.1" status: 204 len: 168 time: 0.2529919
2026-05-06 06:09:36.265 9 WARNING neutron.scheduler.dhcp_agent_scheduler [None req-9e443c32-7203-4208-b92a-7483e274cf38 f48760bb10144048a47fc2350138e64c b4bb2f492a024557806a59f6ae0c9c3e - - default default] No more DHCP agents
2026-05-06 06:09:36.267 9 WARNING neutron.api.rpc.agentnotifiers.dhcp_rpc_agent_api [None req-9e443c32-7203-4208-b92a-7483e274cf38 f48760bb10144048a47fc2350138e64c b4bb2f492a024557806a59f6ae0c9c3e - - default default] Unable to schedule network a0916c5b-5795-46ab-b443-4e0c4b98f9e6: no agents available; will retry on subsequent port and subnet creation events.
2026-05-06 06:09:36.433 9 INFO neutron.db.ovn_revision_numbers_db [None req-9e443c32-7203-4208-b92a-7483e274cf38 f48760bb10144048a47fc2350138e64c b4bb2f492a024557806a59f6ae0c9c3e - - default default] Successfully bumped revision number for resource bca1fa53-c5e5-40a0-bcff-855372c2a49d (type: router_ports) to 3
2026-05-06 06:09:36.435 9 INFO neutron.wsgi [None req-9e443c32-7203-4208-b92a-7483e274cf38 f48760bb10144048a47fc2350138e64c b4bb2f492a024557806a59f6ae0c9c3e - - default default] 10.0.0.130 "PUT /v2.0/routers/e0ded463-39ad-44c4-a17f-1dc18c6c91eb/add_router_interface HTTP/1.1" status: 200 len: 503 time: 2.1692004
2026-05-06 06:09:36.447 9 INFO neutron.wsgi [None req-a4846176-a869-48d3-9089-c67fa290e33e c12e2d51a6594f3194cd452be4c402de 3dc5fb32bf674fbb8cd6c4e34eb662f3 - - default default] 10.0.0.130 "DELETE /v2.0/floatingips/7df7ba8c-c4bc-45c5-80c1-30f4b91e8d2e HTTP/1.1" status: 204 len: 168 time: 0.5644510
2026-05-06 06:09:36.496 10 INFO neutron.wsgi [None req-21cd6b08-5b12-4cad-a6f8-1acc6f3a4e61 f48760bb10144048a47fc2350138e64c b4bb2f492a024557806a59f6ae0c9c3e - - default default] 10.0.0.130 "GET /v2.0/ports/bca1fa53-c5e5-40a0-bcff-855372c2a49d HTTP/1.1" status: 200 len: 1220 time: 0.0548940
2026-05-06 06:09:36.725 9 INFO neutron.wsgi [-] 10.0.0.69 "GET / HTTP/1.1" status: 200 len: 247 time: 0.0027747
2026-05-06 06:09:36.726 10 INFO neutron.wsgi [-] 10.0.0.69 "GET / HTTP/1.1" status: 200 len: 247 time: 0.0014105
2026-05-06 06:09:37.012 10 INFO neutron.wsgi [None req-9abeb968-8063-44a7-aa00-df855fb0b3e0 c12e2d51a6594f3194cd452be4c402de 3dc5fb32bf674fbb8cd6c4e34eb662f3 - - default default] 10.0.0.130 "DELETE /v2.0/floatingips/c80294ae-ad6f-42ff-ab6d-3f33ec49818b HTTP/1.1" status: 204 len: 168 time: 0.5593846 /var/lib/openstack/lib/python3.10/site-packages/pycadf/identifier.py:71: UserWarning: Invalid uuid: neutron. To ensure interoperability, identifiers should be a valid uuid. warnings.warn(('Invalid uuid: %s. To ensure interoperability, '
2026-05-06 06:09:37.422 10 INFO neutron.wsgi [None req-cdc8356a-9b96-4c7f-8437-8ed32501b0f3 f48760bb10144048a47fc2350138e64c b4bb2f492a024557806a59f6ae0c9c3e - - default default] 10.0.0.130 "PUT /v2.0/routers/e0ded463-39ad-44c4-a17f-1dc18c6c91eb/remove_router_interface HTTP/1.1" status: 200 len: 503 time: 0.9101777
2026-05-06 06:09:37.525 10 INFO neutron.wsgi [None req-5985e790-4141-4d8d-a8ae-37d6c750cf0b c12e2d51a6594f3194cd452be4c402de 3dc5fb32bf674fbb8cd6c4e34eb662f3 - - default default] 10.0.0.130 "DELETE /v2.0/floatingips/4c2ba017-4ff3-41da-a189-3f0d51d666ce HTTP/1.1" status: 204 len: 168 time: 0.4984436 /var/lib/openstack/lib/python3.10/site-packages/pycadf/identifier.py:71: UserWarning: Invalid uuid: neutron. To ensure interoperability, identifiers should be a valid uuid. warnings.warn(('Invalid uuid: %s. To ensure interoperability, '
2026-05-06 06:09:37.789 9 WARNING neutron_lib.context [None req-78d184c3-577f-4fb4-8441-76964d26df70 bef5140f659348b8b76481d7c8286ff2 90c539252e034fd489d228f947cc31e7 - - default default] Method 'is_advsvc' is deprecated since 2023.2 release (neutron-lib 3.8.0) and will be removed once support for the old RBAC API policies will be removed from Neutron. Please use method 'is_service_role' instead.
2026-05-06 06:09:37.834 9 INFO neutron.api.v2.resource [None req-17f78397-be84-4721-a94a-a62039a28dfe f48760bb10144048a47fc2350138e64c b4bb2f492a024557806a59f6ae0c9c3e - - default default] remove_router_interface failed (client error): The resource could not be found.
2026-05-06 06:09:37.836 9 INFO neutron.wsgi [None req-17f78397-be84-4721-a94a-a62039a28dfe f48760bb10144048a47fc2350138e64c b4bb2f492a024557806a59f6ae0c9c3e - - default default] 10.0.0.130 "PUT /v2.0/routers/e0ded463-39ad-44c4-a17f-1dc18c6c91eb/remove_router_interface HTTP/1.1" status: 404 len: 398 time: 0.4089520
2026-05-06 06:09:37.865 10 INFO neutron.wsgi [None req-89e03c19-342e-4931-97d4-c534cfdd8454 f48760bb10144048a47fc2350138e64c b4bb2f492a024557806a59f6ae0c9c3e - - default default] 10.0.0.130 "GET /v2.0/ports?device_id=e0ded463-39ad-44c4-a17f-1dc18c6c91eb HTTP/1.1" status: 200 len: 205 time: 0.0242503
2026-05-06 06:09:37.902 10 INFO neutron.wsgi [None req-9b1619e4-91b5-4151-98b0-6c41949acb7e c12e2d51a6594f3194cd452be4c402de 3dc5fb32bf674fbb8cd6c4e34eb662f3 - - default default] 10.0.0.130 "DELETE /v2.0/floatingips/7d8e2003-258b-4a52-a6d8-69d43ba6eb8e HTTP/1.1" status: 204 len: 168 time: 0.3712883
2026-05-06 06:09:37.981 9 INFO neutron.db.ovn_revision_numbers_db [None req-78d184c3-577f-4fb4-8441-76964d26df70 bef5140f659348b8b76481d7c8286ff2 90c539252e034fd489d228f947cc31e7 - - default default] Successfully bumped revision number for resource 189a58b9-3805-4359-a968-234a05bda654 (type: security_groups) to 1
2026-05-06 06:09:37.996 9 INFO neutron.db.ovn_revision_numbers_db [None req-78d184c3-577f-4fb4-8441-76964d26df70 bef5140f659348b8b76481d7c8286ff2 90c539252e034fd489d228f947cc31e7 - - default default] Successfully bumped revision number for resource 036eb95c-8653-40b0-8d8b-ef84214b7fbe (type: security_group_rules) to 0
2026-05-06 06:09:38.015 9 INFO neutron.db.ovn_revision_numbers_db [None req-78d184c3-577f-4fb4-8441-76964d26df70 bef5140f659348b8b76481d7c8286ff2 90c539252e034fd489d228f947cc31e7 - - default default] Successfully bumped revision number for resource 27127ad9-0f59-4ffd-8e36-1d42664a1bf1 (type: security_group_rules) to 0
2026-05-06 06:09:38.031 9 INFO neutron.db.ovn_revision_numbers_db [None req-78d184c3-577f-4fb4-8441-76964d26df70 bef5140f659348b8b76481d7c8286ff2 90c539252e034fd489d228f947cc31e7 - - default default] Successfully bumped revision number for resource 51a40b17-b2b9-469f-a4de-5a764c0d7ab5 (type: security_group_rules) to 0
2026-05-06 06:09:38.046 9 INFO neutron.db.ovn_revision_numbers_db [None req-78d184c3-577f-4fb4-8441-76964d26df70 bef5140f659348b8b76481d7c8286ff2 90c539252e034fd489d228f947cc31e7 - - default default] Successfully bumped revision number for resource f6dbbf9e-f561-422a-b6d4-5daf8a27a19e (type: security_group_rules) to 0
2026-05-06 06:09:38.099 9 INFO neutron.db.segments_db [None req-78d184c3-577f-4fb4-8441-76964d26df70 bef5140f659348b8b76481d7c8286ff2 90c539252e034fd489d228f947cc31e7 - - default default] Added segment e1a64a7d-5ea3-4571-922e-320d489849ac of type geneve for network 7774eb1e-0081-49d3-b18a-2348a224266d
2026-05-06 06:09:38.158 10 INFO neutron.wsgi [None req-c228341a-0bce-4bc9-b449-4a4ce73aad76 f48760bb10144048a47fc2350138e64c b4bb2f492a024557806a59f6ae0c9c3e - - default default] 10.0.0.130 "DELETE /v2.0/routers/e0ded463-39ad-44c4-a17f-1dc18c6c91eb HTTP/1.1" status: 204 len: 168 time: 0.2862120
2026-05-06 06:09:38.264 9 INFO neutron.db.ovn_revision_numbers_db [None req-78d184c3-577f-4fb4-8441-76964d26df70 bef5140f659348b8b76481d7c8286ff2 90c539252e034fd489d228f947cc31e7 - - default default] Successfully bumped revision number for resource 7774eb1e-0081-49d3-b18a-2348a224266d (type: networks) to 1
2026-05-06 06:09:38.375 10 INFO neutron.wsgi [None req-02aa3f72-5c70-43ab-9f99-da6a5a6fe349 f48760bb10144048a47fc2350138e64c b4bb2f492a024557806a59f6ae0c9c3e - - default default] 10.0.0.130 "DELETE /v2.0/subnets/8c18f467-11ee-42a3-8fe6-f3ff9d4c050f HTTP/1.1" status: 204 len: 168 time: 0.2108123
2026-05-06 06:09:38.435 9 WARNING neutron.scheduler.dhcp_agent_scheduler [None req-78d184c3-577f-4fb4-8441-76964d26df70 bef5140f659348b8b76481d7c8286ff2 90c539252e034fd489d228f947cc31e7 - - default default] No more DHCP agents
2026-05-06 06:09:38.438 9 WARNING neutron.api.rpc.agentnotifiers.dhcp_rpc_agent_api [None req-78d184c3-577f-4fb4-8441-76964d26df70 bef5140f659348b8b76481d7c8286ff2 90c539252e034fd489d228f947cc31e7 - - default default] Unable to schedule network 7774eb1e-0081-49d3-b18a-2348a224266d: no agents available; will retry on subsequent port and subnet creation events.
2026-05-06 06:09:38.525 9 INFO neutron.db.ovn_revision_numbers_db [None req-78d184c3-577f-4fb4-8441-76964d26df70 bef5140f659348b8b76481d7c8286ff2 90c539252e034fd489d228f947cc31e7 - - default default] Successfully bumped revision number for resource b962f20a-2b97-4d42-8448-d0af20d10aab (type: ports) to 1
2026-05-06 06:09:38.549 9 INFO neutron.wsgi [None req-78d184c3-577f-4fb4-8441-76964d26df70 bef5140f659348b8b76481d7c8286ff2 90c539252e034fd489d228f947cc31e7 - - default default] 10.0.0.130 "POST /v2.0/networks HTTP/1.1" status: 201 len: 828 time: 1.2151129
2026-05-06 06:09:38.559 9 WARNING neutron_lib.context [None req-09fc3543-90ce-4f11-b1bb-5c9bb975c6b6 bef5140f659348b8b76481d7c8286ff2 90c539252e034fd489d228f947cc31e7 - - default default] Method 'is_advsvc' is deprecated since 2023.2 release (neutron-lib 3.8.0) and will be removed once support for the old RBAC API policies will be removed from Neutron. Please use method 'is_service_role' instead.
2026-05-06 06:09:38.583 10 INFO neutron.db.ovn_revision_numbers_db [None req-c04edb6b-f7b1-4d2f-a9f1-783532eac8b6 ca89b9242353463790d86e73147b14ab f7a7fcbf79c64ad8bdb5a244cd81c59a - - default default] Successfully bumped revision number for resource d59c4e0b-82d0-4abc-b76d-e7e62de7edeb (type: security_groups) to 1
2026-05-06 06:09:38.600 10 INFO neutron.db.ovn_revision_numbers_db [None req-c04edb6b-f7b1-4d2f-a9f1-783532eac8b6 ca89b9242353463790d86e73147b14ab f7a7fcbf79c64ad8bdb5a244cd81c59a - - default default] Successfully bumped revision number for resource 043b2d07-bc17-4388-b203-2e8b0d35ac15 (type: security_group_rules) to 0
2026-05-06 06:09:38.613 10 INFO neutron.db.ovn_revision_numbers_db [None req-c04edb6b-f7b1-4d2f-a9f1-783532eac8b6 ca89b9242353463790d86e73147b14ab f7a7fcbf79c64ad8bdb5a244cd81c59a - - default default] Successfully bumped revision number for resource 9b5175d0-2370-4349-a746-7e7ed9abf7e3 (type: security_group_rules) to 0
2026-05-06 06:09:38.648 10 INFO neutron.db.ovn_revision_numbers_db [None req-c04edb6b-f7b1-4d2f-a9f1-783532eac8b6 ca89b9242353463790d86e73147b14ab f7a7fcbf79c64ad8bdb5a244cd81c59a - - default default] Successfully bumped revision number for resource b1290d1b-8f1a-4f46-9718-8f5f160d9d12 (type: security_group_rules) to 0
2026-05-06 06:09:38.660 9 INFO neutron.db.segments_db [None req-09fc3543-90ce-4f11-b1bb-5c9bb975c6b6 bef5140f659348b8b76481d7c8286ff2 90c539252e034fd489d228f947cc31e7 - - default default] Added segment a461bd32-0392-409b-b724-db786b9d1265 of type geneve for network 6c62b58b-8e85-472c-8933-8f15f437f3ec
2026-05-06 06:09:38.694 10 INFO neutron.db.ovn_revision_numbers_db [None req-c04edb6b-f7b1-4d2f-a9f1-783532eac8b6 ca89b9242353463790d86e73147b14ab f7a7fcbf79c64ad8bdb5a244cd81c59a - - default default] Successfully bumped revision number for resource b1f415ca-5178-44a9-81f3-1382400ae2d4 (type: security_group_rules) to 0
2026-05-06 06:09:38.770 10 INFO neutron.db.segments_db [None req-c04edb6b-f7b1-4d2f-a9f1-783532eac8b6 ca89b9242353463790d86e73147b14ab f7a7fcbf79c64ad8bdb5a244cd81c59a - - default default] Added segment bd98557a-70fd-40f1-aa81-83cc8cc40066 of type geneve for network 089439f2-594f-4483-93cf-04e9a805d1ff
2026-05-06 06:09:38.850 10 INFO neutron.services.segments.plugin [-] Segment 3a2d5c74-baea-461c-98d2-114dde585d7e resource provider aggregate not found
2026-05-06 06:09:38.858 10 INFO neutron.services.segments.plugin [-] Segment 3a2d5c74-baea-461c-98d2-114dde585d7e resource provider aggregate not found
2026-05-06 06:09:38.877 9 INFO neutron.db.ovn_revision_numbers_db [None req-09fc3543-90ce-4f11-b1bb-5c9bb975c6b6 bef5140f659348b8b76481d7c8286ff2 90c539252e034fd489d228f947cc31e7 - - default default] Successfully bumped revision number for resource 6c62b58b-8e85-472c-8933-8f15f437f3ec (type: networks) to 1
2026-05-06 06:09:38.879 10 INFO neutron.services.segments.plugin [-] Segment 3a2d5c74-baea-461c-98d2-114dde585d7e resource provider not found; error: Placement Client Error (4xx): {"errors": [{"status": 404, "title": "Not Found", "detail": "The resource could not be found.\n\n No resource provider with uuid 3a2d5c74-baea-461c-98d2-114dde585d7e found for delete ", "request_id": "req-feea4ec1-afd1-4199-8e1a-c91d389565f7"}]}
2026-05-06 06:09:38.880 10 INFO neutron.services.segments.plugin [-] Segment 3a2d5c74-baea-461c-98d2-114dde585d7e resource provider not found; error: Placement Client Error (4xx): {"errors": [{"status": 404, "title": "Not Found", "detail": "The resource could not be found.\n\n No resource provider with uuid 3a2d5c74-baea-461c-98d2-114dde585d7e found for delete ", "request_id": "req-45a0f92c-a691-4b08-b58c-c879e64bb60c"}]}
2026-05-06 06:09:38.935 10 INFO neutron.wsgi [None req-1d4e8156-76b6-4dc2-9fc2-fb7bdf2ccb09 f48760bb10144048a47fc2350138e64c b4bb2f492a024557806a59f6ae0c9c3e - - default default] 10.0.0.130 "DELETE /v2.0/networks/a0916c5b-5795-46ab-b443-4e0c4b98f9e6 HTTP/1.1" status: 204 len: 168 time: 0.5505567
2026-05-06 06:09:38.960 9 WARNING neutron_lib.context [None req-03d3a0c0-e886-4175-ae95-531c4eec9349 f48760bb10144048a47fc2350138e64c b4bb2f492a024557806a59f6ae0c9c3e - - default default] Method 'is_advsvc' is deprecated since 2023.2 release (neutron-lib 3.8.0) and will be removed once support for the old RBAC API policies will be removed from Neutron. Please use method 'is_service_role' instead.
2026-05-06 06:09:39.077 9 INFO neutron.db.segments_db [None req-03d3a0c0-e886-4175-ae95-531c4eec9349 f48760bb10144048a47fc2350138e64c b4bb2f492a024557806a59f6ae0c9c3e - - default default] Added segment fc9208d9-8dd3-41af-a3e5-9b57c36b2cbd of type geneve for network 20759830-31e1-459c-b502-56a6f426a7d2
2026-05-06 06:09:39.160 9 WARNING neutron.scheduler.dhcp_agent_scheduler [None req-09fc3543-90ce-4f11-b1bb-5c9bb975c6b6 bef5140f659348b8b76481d7c8286ff2 90c539252e034fd489d228f947cc31e7 - - default default] No more DHCP agents
2026-05-06 06:09:39.165 9 WARNING neutron.api.rpc.agentnotifiers.dhcp_rpc_agent_api [None req-09fc3543-90ce-4f11-b1bb-5c9bb975c6b6 bef5140f659348b8b76481d7c8286ff2 90c539252e034fd489d228f947cc31e7 - - default default] Unable to schedule network 6c62b58b-8e85-472c-8933-8f15f437f3ec: no agents available; will retry on subsequent port and subnet creation events.
2026-05-06 06:09:39.281 9 INFO neutron.db.ovn_revision_numbers_db [None req-03d3a0c0-e886-4175-ae95-531c4eec9349 f48760bb10144048a47fc2350138e64c b4bb2f492a024557806a59f6ae0c9c3e - - default default] Successfully bumped revision number for resource 20759830-31e1-459c-b502-56a6f426a7d2 (type: networks) to 1
2026-05-06 06:09:39.302 9 INFO neutron.db.ovn_revision_numbers_db [None req-09fc3543-90ce-4f11-b1bb-5c9bb975c6b6 bef5140f659348b8b76481d7c8286ff2 90c539252e034fd489d228f947cc31e7 - - default default] Successfully bumped revision number for resource e06902f1-ec55-45ca-8963-e10c7c41d76f (type: ports) to 1
2026-05-06 06:09:39.328 9 INFO neutron.wsgi [None req-09fc3543-90ce-4f11-b1bb-5c9bb975c6b6 bef5140f659348b8b76481d7c8286ff2 90c539252e034fd489d228f947cc31e7 - - default default] 10.0.0.130 "POST /v2.0/networks HTTP/1.1" status: 201 len: 829 time: 0.7738318
2026-05-06 06:09:39.348 9 WARNING neutron_lib.context [None req-072571bf-5e40-42fe-8733-6a34287919c6 bef5140f659348b8b76481d7c8286ff2 90c539252e034fd489d228f947cc31e7 - - default default] Method 'is_advsvc' is deprecated since 2023.2 release (neutron-lib 3.8.0) and will be removed once support for the old RBAC API policies will be removed from Neutron. Please use method 'is_service_role' instead.
2026-05-06 06:09:39.472 10 INFO neutron.db.ovn_revision_numbers_db [None req-c04edb6b-f7b1-4d2f-a9f1-783532eac8b6 ca89b9242353463790d86e73147b14ab f7a7fcbf79c64ad8bdb5a244cd81c59a - - default default] Successfully bumped revision number for resource 089439f2-594f-4483-93cf-04e9a805d1ff (type: networks) to 1
2026-05-06 06:09:39.519 9 WARNING neutron.scheduler.dhcp_agent_scheduler [None req-03d3a0c0-e886-4175-ae95-531c4eec9349 f48760bb10144048a47fc2350138e64c b4bb2f492a024557806a59f6ae0c9c3e - - default default] No more DHCP agents
2026-05-06 06:09:39.523 9 WARNING neutron.api.rpc.agentnotifiers.dhcp_rpc_agent_api [None req-03d3a0c0-e886-4175-ae95-531c4eec9349 f48760bb10144048a47fc2350138e64c b4bb2f492a024557806a59f6ae0c9c3e - - default default] Unable to schedule network 20759830-31e1-459c-b502-56a6f426a7d2: no agents available; will retry on subsequent port and subnet creation events.
2026-05-06 06:09:39.526 10 INFO neutron.db.ovn_revision_numbers_db [None req-8b5d63bc-ddd1-4394-bdd4-73595d3b5c71 ca89b9242353463790d86e73147b14ab f7a7fcbf79c64ad8bdb5a244cd81c59a - - default default] Successfully bumped revision number for resource ffee0ba5-6140-4088-a7b1-3f8e3fd156a7 (type: security_groups) to 1
2026-05-06 06:09:39.555 10 INFO neutron.db.ovn_revision_numbers_db [None req-8b5d63bc-ddd1-4394-bdd4-73595d3b5c71 ca89b9242353463790d86e73147b14ab f7a7fcbf79c64ad8bdb5a244cd81c59a - - default default] Successfully bumped revision number for resource 494addab-1464-4437-a142-bc0b925a723b (type: security_group_rules) to 0
2026-05-06 06:09:39.596 10 INFO neutron.db.ovn_revision_numbers_db [None req-8b5d63bc-ddd1-4394-bdd4-73595d3b5c71 ca89b9242353463790d86e73147b14ab f7a7fcbf79c64ad8bdb5a244cd81c59a - - default default] Successfully bumped revision number for resource 5d85c6f6-3495-4087-871c-898f1db11cf6 (type: security_group_rules) to 0
2026-05-06 06:09:39.622 10 INFO neutron.db.ovn_revision_numbers_db [None req-8b5d63bc-ddd1-4394-bdd4-73595d3b5c71 ca89b9242353463790d86e73147b14ab f7a7fcbf79c64ad8bdb5a244cd81c59a - - default default] Successfully bumped revision number for resource ab54f222-897a-4841-b6c2-e08367404f9b (type: security_group_rules) to 0
2026-05-06 06:09:39.639 9 INFO neutron.db.ovn_revision_numbers_db [None req-03d3a0c0-e886-4175-ae95-531c4eec9349 f48760bb10144048a47fc2350138e64c b4bb2f492a024557806a59f6ae0c9c3e - - default default] Successfully bumped revision number for resource 398c762b-b979-4c2a-8ab9-824ecb9b2099 (type: ports) to 1
2026-05-06 06:09:39.658 10 INFO neutron.db.ovn_revision_numbers_db [None req-8b5d63bc-ddd1-4394-bdd4-73595d3b5c71 ca89b9242353463790d86e73147b14ab f7a7fcbf79c64ad8bdb5a244cd81c59a - - default default] Successfully bumped revision number for resource e1009468-027a-488a-b617-3aeecb651534 (type: security_group_rules) to 0
2026-05-06 06:09:39.666 9 WARNING neutron.scheduler.dhcp_agent_scheduler [None req-072571bf-5e40-42fe-8733-6a34287919c6 bef5140f659348b8b76481d7c8286ff2 90c539252e034fd489d228f947cc31e7 - - default default] No more DHCP agents
2026-05-06 06:09:39.669 9 WARNING neutron.api.rpc.agentnotifiers.dhcp_rpc_agent_api [None req-072571bf-5e40-42fe-8733-6a34287919c6 bef5140f659348b8b76481d7c8286ff2 90c539252e034fd489d228f947cc31e7 - - default default] Unable to schedule network 7774eb1e-0081-49d3-b18a-2348a224266d: no agents available; will retry on subsequent port and subnet creation events.
2026-05-06 06:09:39.683 9 INFO neutron.wsgi [None req-03d3a0c0-e886-4175-ae95-531c4eec9349 f48760bb10144048a47fc2350138e64c b4bb2f492a024557806a59f6ae0c9c3e - - default default] 10.0.0.130 "POST /v2.0/networks HTTP/1.1" status: 201 len: 833 time: 0.7357244
2026-05-06 06:09:39.698 9 WARNING neutron_lib.context [None req-5347ae12-33e0-47eb-ae18-6d9e7cd043d7 f48760bb10144048a47fc2350138e64c b4bb2f492a024557806a59f6ae0c9c3e - - default default] Method 'is_advsvc' is deprecated since 2023.2 release (neutron-lib 3.8.0) and will be removed once support for the old RBAC API policies will be removed from Neutron. Please use method 'is_service_role' instead.
2026-05-06 06:09:39.714 10 INFO neutron.wsgi [None req-8b5d63bc-ddd1-4394-bdd4-73595d3b5c71 ca89b9242353463790d86e73147b14ab f7a7fcbf79c64ad8bdb5a244cd81c59a - - default default] 10.0.0.130 "GET /v2.0/security-groups?tenant_id=3dc5fb32bf674fbb8cd6c4e34eb662f3&name=default HTTP/1.1" status: 200 len: 2996 time: 0.9431596
2026-05-06 06:09:39.722 10 WARNING neutron.scheduler.dhcp_agent_scheduler [None req-c04edb6b-f7b1-4d2f-a9f1-783532eac8b6 ca89b9242353463790d86e73147b14ab f7a7fcbf79c64ad8bdb5a244cd81c59a - - default default] No more DHCP agents
2026-05-06 06:09:39.727 10 WARNING neutron.api.rpc.agentnotifiers.dhcp_rpc_agent_api [None req-c04edb6b-f7b1-4d2f-a9f1-783532eac8b6 ca89b9242353463790d86e73147b14ab f7a7fcbf79c64ad8bdb5a244cd81c59a - - default default] Unable to schedule network 089439f2-594f-4483-93cf-04e9a805d1ff: no agents available; will retry on subsequent port and subnet creation events.
2026-05-06 06:09:39.843 10 INFO neutron.db.ovn_revision_numbers_db [None req-c04edb6b-f7b1-4d2f-a9f1-783532eac8b6 ca89b9242353463790d86e73147b14ab f7a7fcbf79c64ad8bdb5a244cd81c59a - - default default] Successfully bumped revision number for resource bcff77e4-7afa-49b9-9225-aa64671a150a (type: ports) to 1
2026-05-06 06:09:39.867 10 INFO neutron.wsgi [None req-c04edb6b-f7b1-4d2f-a9f1-783532eac8b6 ca89b9242353463790d86e73147b14ab f7a7fcbf79c64ad8bdb5a244cd81c59a - - default default] 10.0.0.130 "POST /v2.0/networks HTTP/1.1" status: 201 len: 946 time: 1.6829932
2026-05-06 06:09:40.036 10 WARNING neutron.scheduler.dhcp_agent_scheduler [None req-1813b9eb-7cb4-4be9-8e3a-b2a253b5eea1 ca89b9242353463790d86e73147b14ab f7a7fcbf79c64ad8bdb5a244cd81c59a - - default default] No more DHCP agents
2026-05-06 06:09:40.038 10 WARNING neutron.api.rpc.agentnotifiers.dhcp_rpc_agent_api [None req-1813b9eb-7cb4-4be9-8e3a-b2a253b5eea1 ca89b9242353463790d86e73147b14ab f7a7fcbf79c64ad8bdb5a244cd81c59a - - default default] Unable to schedule network 089439f2-594f-4483-93cf-04e9a805d1ff: no agents available; will retry on subsequent port and subnet creation events.
2026-05-06 06:09:40.106 9 WARNING neutron.scheduler.dhcp_agent_scheduler [None req-5347ae12-33e0-47eb-ae18-6d9e7cd043d7 f48760bb10144048a47fc2350138e64c b4bb2f492a024557806a59f6ae0c9c3e - - default default] No more DHCP agents
2026-05-06 06:09:40.115 9 WARNING neutron.api.rpc.agentnotifiers.dhcp_rpc_agent_api [None req-5347ae12-33e0-47eb-ae18-6d9e7cd043d7 f48760bb10144048a47fc2350138e64c b4bb2f492a024557806a59f6ae0c9c3e - - default default] Unable to schedule network 20759830-31e1-459c-b502-56a6f426a7d2: no agents available; will retry on subsequent port and subnet creation events.
2026-05-06 06:09:40.188 9 INFO neutron.wsgi [None req-84c41232-57e4-4ecd-a804-7cbb67760d7a ca89b9242353463790d86e73147b14ab f7a7fcbf79c64ad8bdb5a244cd81c59a - - default default] 10.0.0.130 "DELETE /v2.0/security-groups/ffee0ba5-6140-4088-a7b1-3f8e3fd156a7 HTTP/1.1" status: 204 len: 168 time: 0.4656579
2026-05-06 06:09:40.192 9 INFO neutron.db.ovn_revision_numbers_db [None req-5347ae12-33e0-47eb-ae18-6d9e7cd043d7 f48760bb10144048a47fc2350138e64c b4bb2f492a024557806a59f6ae0c9c3e - - default default] Successfully bumped revision number for resource a6ebe103-a01b-442c-bd5f-263fc722c63c (type: subnets) to 0
2026-05-06 06:09:40.213 9 INFO neutron.wsgi [None req-5347ae12-33e0-47eb-ae18-6d9e7cd043d7 f48760bb10144048a47fc2350138e64c b4bb2f492a024557806a59f6ae0c9c3e - - default default] 10.0.0.130 "POST /v2.0/subnets HTTP/1.1" status: 201 len: 821 time: 0.5220661
2026-05-06 06:09:40.225 10 WARNING neutron_lib.context [None req-eaf90608-511c-4394-a9cb-ac02dc909e95 f48760bb10144048a47fc2350138e64c b4bb2f492a024557806a59f6ae0c9c3e - - default default] Method 'is_advsvc' is deprecated since 2023.2 release (neutron-lib 3.8.0) and will be removed once support for the old RBAC API policies will be removed from Neutron. Please use method 'is_service_role' instead.
2026-05-06 06:09:40.447 10 INFO neutron.db.ovn_revision_numbers_db [None req-eaf90608-511c-4394-a9cb-ac02dc909e95 f48760bb10144048a47fc2350138e64c b4bb2f492a024557806a59f6ae0c9c3e - - default default] Successfully bumped revision number for resource cfac64db-d6ef-4d25-b845-260bd7a82400 (type: routers) to 1
2026-05-06 06:09:40.462 10 INFO neutron.wsgi [None req-eaf90608-511c-4394-a9cb-ac02dc909e95 f48760bb10144048a47fc2350138e64c b4bb2f492a024557806a59f6ae0c9c3e - - default default] 10.0.0.130 "POST /v2.0/routers HTTP/1.1" status: 201 len: 691 time: 0.2431211
2026-05-06 06:09:40.497 9 INFO neutron.db.ovn_revision_numbers_db [None req-072571bf-5e40-42fe-8733-6a34287919c6 bef5140f659348b8b76481d7c8286ff2 90c539252e034fd489d228f947cc31e7 - - default default] Successfully bumped revision number for resource b962f20a-2b97-4d42-8448-d0af20d10aab (type: ports) to 2
2026-05-06 06:09:40.547 9 INFO neutron.db.ovn_revision_numbers_db [None req-6972dc24-6f85-4c08-9221-070e53d9b006 ca89b9242353463790d86e73147b14ab f7a7fcbf79c64ad8bdb5a244cd81c59a - - default default] Successfully bumped revision number for resource 02604139-89f8-4206-9fac-9721ce6f9563 (type: security_groups) to 1
2026-05-06 06:09:40.590 9 INFO neutron.db.ovn_revision_numbers_db [None req-6972dc24-6f85-4c08-9221-070e53d9b006 ca89b9242353463790d86e73147b14ab f7a7fcbf79c64ad8bdb5a244cd81c59a - - default default] Successfully bumped revision number for resource 1e8eec0d-000d-40ba-9aa2-9f14d278f770 (type: security_group_rules) to 0
2026-05-06 06:09:40.600 9 INFO neutron.db.ovn_revision_numbers_db [None req-072571bf-5e40-42fe-8733-6a34287919c6 bef5140f659348b8b76481d7c8286ff2 90c539252e034fd489d228f947cc31e7 - - default default] Successfully bumped revision number for resource 54eede0c-40eb-4436-9548-c5418eb47733 (type: subnets) to 0
2026-05-06 06:09:40.623 9 INFO neutron.db.ovn_revision_numbers_db [None req-6972dc24-6f85-4c08-9221-070e53d9b006 ca89b9242353463790d86e73147b14ab f7a7fcbf79c64ad8bdb5a244cd81c59a - - default default] Successfully bumped revision number for resource 2756afb6-3de7-43d9-86ed-3b4451e2fe46 (type: security_group_rules) to 0
2026-05-06 06:09:40.630 9 INFO neutron.wsgi [None req-072571bf-5e40-42fe-8733-6a34287919c6 bef5140f659348b8b76481d7c8286ff2 90c539252e034fd489d228f947cc31e7 - - default default] 10.0.0.130 "POST /v2.0/subnets HTTP/1.1" status: 201 len: 801 time: 1.2961063
2026-05-06 06:09:40.643 9 WARNING neutron_lib.context [None req-20fc2375-e3aa-4462-a458-5d53ff60230d bef5140f659348b8b76481d7c8286ff2 90c539252e034fd489d228f947cc31e7 - - default default] Method 'is_advsvc' is deprecated since 2023.2 release (neutron-lib 3.8.0) and will be removed once support for the old RBAC API policies will be removed from Neutron. Please use method 'is_service_role' instead.
2026-05-06 06:09:40.665 9 INFO neutron.db.ovn_revision_numbers_db [None req-6972dc24-6f85-4c08-9221-070e53d9b006 ca89b9242353463790d86e73147b14ab f7a7fcbf79c64ad8bdb5a244cd81c59a - - default default] Successfully bumped revision number for resource a03f9b6f-38cc-4041-9758-f39682de3328 (type: security_group_rules) to 0
2026-05-06 06:09:40.714 9 INFO neutron.db.ovn_revision_numbers_db [None req-6972dc24-6f85-4c08-9221-070e53d9b006 ca89b9242353463790d86e73147b14ab f7a7fcbf79c64ad8bdb5a244cd81c59a - - default default] Successfully bumped revision number for resource e8cbbe8d-fd3a-4198-bc0b-cf1fe3b4a76d (type: security_group_rules) to 0
2026-05-06 06:09:40.769 10 INFO neutron.db.ovn_revision_numbers_db [None req-1813b9eb-7cb4-4be9-8e3a-b2a253b5eea1 ca89b9242353463790d86e73147b14ab f7a7fcbf79c64ad8bdb5a244cd81c59a - - default default] Successfully bumped revision number for resource bcff77e4-7afa-49b9-9225-aa64671a150a (type: ports) to 2
2026-05-06 06:09:40.771 9 INFO neutron.wsgi [None req-6972dc24-6f85-4c08-9221-070e53d9b006 ca89b9242353463790d86e73147b14ab f7a7fcbf79c64ad8bdb5a244cd81c59a - - default default] 10.0.0.130 "GET /v2.0/security-groups?tenant_id=68178382a4884f37a0af3254ba454acf&name=default HTTP/1.1" status: 200 len: 2996 time: 0.4506590
2026-05-06 06:09:40.819 10 INFO neutron.db.ovn_revision_numbers_db [None req-1813b9eb-7cb4-4be9-8e3a-b2a253b5eea1 ca89b9242353463790d86e73147b14ab f7a7fcbf79c64ad8bdb5a244cd81c59a - - default default] Successfully bumped revision number for resource b230ff6f-8a82-4d1c-aab9-7e76da11f308 (type: subnets) to 0
2026-05-06 06:09:40.839 10 INFO neutron.wsgi [None req-1813b9eb-7cb4-4be9-8e3a-b2a253b5eea1 ca89b9242353463790d86e73147b14ab f7a7fcbf79c64ad8bdb5a244cd81c59a - - default default] 10.0.0.130 "POST /v2.0/subnets HTTP/1.1" status: 201 len: 867 time: 0.9639580
2026-05-06 06:09:41.096 10 WARNING neutron.plugins.ml2.drivers.ovn.mech_driver.ovsdb.ovn_client [None req-e3256b9d-3a67-40a3-a56b-ef7bdefb95c1 - - - - - -] No port found with ID bca1fa53-c5e5-40a0-bcff-855372c2a49d: RuntimeError: No port found with ID bca1fa53-c5e5-40a0-bcff-855372c2a49d
2026-05-06 06:09:41.158 9 WARNING neutron.scheduler.dhcp_agent_scheduler [None req-20fc2375-e3aa-4462-a458-5d53ff60230d bef5140f659348b8b76481d7c8286ff2 90c539252e034fd489d228f947cc31e7 - - default default] No more DHCP agents
2026-05-06 06:09:41.166 9 WARNING neutron.api.rpc.agentnotifiers.dhcp_rpc_agent_api [None req-20fc2375-e3aa-4462-a458-5d53ff60230d bef5140f659348b8b76481d7c8286ff2 90c539252e034fd489d228f947cc31e7 - - default default] Unable to schedule network 6c62b58b-8e85-472c-8933-8f15f437f3ec: no agents available; will retry on subsequent port and subnet creation events.
2026-05-06 06:09:41.199 9 WARNING neutron.scheduler.dhcp_agent_scheduler [None req-67c8f474-6fad-49d9-8500-be86e61d352a f48760bb10144048a47fc2350138e64c b4bb2f492a024557806a59f6ae0c9c3e - - default default] No more DHCP agents
2026-05-06 06:09:41.207 9 WARNING neutron.api.rpc.agentnotifiers.dhcp_rpc_agent_api [None req-67c8f474-6fad-49d9-8500-be86e61d352a f48760bb10144048a47fc2350138e64c b4bb2f492a024557806a59f6ae0c9c3e - - default default] Unable to schedule network 20759830-31e1-459c-b502-56a6f426a7d2: no agents available; will retry on subsequent port and subnet creation events.
2026-05-06 06:09:41.368 9 INFO neutron.wsgi [None req-aac419ad-8345-4f54-b215-57075ec9a6a9 ca89b9242353463790d86e73147b14ab f7a7fcbf79c64ad8bdb5a244cd81c59a - - default default] 10.0.0.130 "DELETE /v2.0/security-groups/02604139-89f8-4206-9fac-9721ce6f9563 HTTP/1.1" status: 204 len: 168 time: 0.5832040
2026-05-06 06:09:41.420 9 INFO neutron.db.ovn_revision_numbers_db [None req-67c8f474-6fad-49d9-8500-be86e61d352a f48760bb10144048a47fc2350138e64c b4bb2f492a024557806a59f6ae0c9c3e - - default default] Successfully bumped revision number for resource 543e136f-2ed6-4545-8bb8-e53f67e3fdd1 (type: ports) to 1
2026-05-06 06:09:41.461 10 WARNING neutron.scheduler.dhcp_agent_scheduler [None req-cb7358bf-1a25-4b46-94d9-d18d5de4f439 ca89b9242353463790d86e73147b14ab f7a7fcbf79c64ad8bdb5a244cd81c59a - - default default] No more DHCP agents
2026-05-06 06:09:41.465 10 WARNING neutron.api.rpc.agentnotifiers.dhcp_rpc_agent_api [None req-cb7358bf-1a25-4b46-94d9-d18d5de4f439 ca89b9242353463790d86e73147b14ab f7a7fcbf79c64ad8bdb5a244cd81c59a - - default default] Unable to schedule network 5b11ae42-edf5-4a66-80a7-95b6ab14d670: no agents available; will retry on subsequent port and subnet creation events.
2026-05-06 06:09:41.674 10 INFO neutron.db.ovn_revision_numbers_db [None req-cb7358bf-1a25-4b46-94d9-d18d5de4f439 ca89b9242353463790d86e73147b14ab f7a7fcbf79c64ad8bdb5a244cd81c59a - - default default] Successfully bumped revision number for resource 1457a269-075f-44fe-a3f2-c5bf5f4a97ea (type: ports) to 1
2026-05-06 06:09:41.743 10 INFO neutron.db.ovn_revision_numbers_db [None req-ee7f8fdd-d9a4-46b8-a34b-2e754d124563 ca89b9242353463790d86e73147b14ab f7a7fcbf79c64ad8bdb5a244cd81c59a - - default default] Successfully bumped revision number for resource b5c9e0ce-0040-4297-92fc-1a002844e315 (type: security_groups) to 1
2026-05-06 06:09:41.760 10 INFO neutron.db.ovn_revision_numbers_db [None req-ee7f8fdd-d9a4-46b8-a34b-2e754d124563 ca89b9242353463790d86e73147b14ab f7a7fcbf79c64ad8bdb5a244cd81c59a - - default default] Successfully bumped revision number for resource 109724e3-107f-40d3-a072-8577629faa0b (type: security_group_rules) to 0
2026-05-06 06:09:41.816 10 INFO neutron.db.ovn_revision_numbers_db [None req-ee7f8fdd-d9a4-46b8-a34b-2e754d124563 ca89b9242353463790d86e73147b14ab f7a7fcbf79c64ad8bdb5a244cd81c59a - - default default] Successfully bumped revision number for resource 28bfd2f7-490a-4275-9f44-a1fc3cef3320 (type: security_group_rules) to 0
2026-05-06 06:09:41.834 10 INFO neutron.db.ovn_revision_numbers_db [None req-ee7f8fdd-d9a4-46b8-a34b-2e754d124563 ca89b9242353463790d86e73147b14ab f7a7fcbf79c64ad8bdb5a244cd81c59a - - default default] Successfully bumped revision number for resource 294ff99b-d3ce-434e-b558-1c3056b10d24 (type: security_group_rules) to 0
2026-05-06 06:09:41.859 10 INFO neutron.db.ovn_revision_numbers_db [None req-ee7f8fdd-d9a4-46b8-a34b-2e754d124563 ca89b9242353463790d86e73147b14ab f7a7fcbf79c64ad8bdb5a244cd81c59a - - default default] Successfully bumped revision number for resource aa6bc217-574d-4103-95fe-aa57e26b45c9 (type: security_group_rules) to 0
2026-05-06 06:09:41.894 10 INFO neutron.wsgi [None req-ee7f8fdd-d9a4-46b8-a34b-2e754d124563 ca89b9242353463790d86e73147b14ab f7a7fcbf79c64ad8bdb5a244cd81c59a - - default default] 10.0.0.130 "GET /v2.0/security-groups?tenant_id=2f10d0b33a9a4f8f9008bbcb4273493f&name=default HTTP/1.1" status: 200 len: 2996 time: 0.3591599
2026-05-06 06:09:42.163 10 INFO neutron.wsgi [None req-13fddb8d-7953-40e9-9b59-d853473b899d ca89b9242353463790d86e73147b14ab f7a7fcbf79c64ad8bdb5a244cd81c59a - - default default] 10.0.0.130 "DELETE /v2.0/security-groups/b5c9e0ce-0040-4297-92fc-1a002844e315 HTTP/1.1" status: 204 len: 168 time: 0.2639956
2026-05-06 06:09:42.233 10 INFO neutron.plugins.ml2.drivers.ovn.mech_driver.mech_driver [None req-e3256b9d-3a67-40a3-a56b-ef7bdefb95c1 - - - - - -] OVN reports status up for port: 543e136f-2ed6-4545-8bb8-e53f67e3fdd1
2026-05-06 06:09:42.242 10 INFO neutron.plugins.ml2.plugin [None req-e3256b9d-3a67-40a3-a56b-ef7bdefb95c1 - - - - - -] Attempt 1 to provision port 543e136f-2ed6-4545-8bb8-e53f67e3fdd1
2026-05-06 06:09:42.296 9 INFO neutron.db.ovn_revision_numbers_db [None req-67c8f474-6fad-49d9-8500-be86e61d352a f48760bb10144048a47fc2350138e64c b4bb2f492a024557806a59f6ae0c9c3e - - default default] Successfully bumped revision number for resource 543e136f-2ed6-4545-8bb8-e53f67e3fdd1 (type: router_ports) to 1
2026-05-06 06:09:42.319 9 INFO neutron.db.ovn_revision_numbers_db [None req-20fc2375-e3aa-4462-a458-5d53ff60230d bef5140f659348b8b76481d7c8286ff2 90c539252e034fd489d228f947cc31e7 - - default default] Successfully bumped revision number for resource e06902f1-ec55-45ca-8963-e10c7c41d76f (type: ports) to 2
2026-05-06 06:09:42.359 9 INFO neutron.plugins.ml2.drivers.ovn.mech_driver.ovsdb.ovsdb_monitor [None req-dd7a3a94-5d78-425e-a70c-89cd81a85b3d - - - - - -] Router 295cfcd4-98ec-4905-ab1d-d1c002c04da5 is bound to host instance
2026-05-06 06:09:42.394 9 INFO neutron.db.ovn_revision_numbers_db [None req-20fc2375-e3aa-4462-a458-5d53ff60230d bef5140f659348b8b76481d7c8286ff2 90c539252e034fd489d228f947cc31e7 - - default default] Successfully bumped revision number for resource 4eae53ba-d07a-401c-aa27-7b2a203cc206 (type: subnets) to 0
2026-05-06 06:09:42.421 9 INFO neutron.wsgi [None req-20fc2375-e3aa-4462-a458-5d53ff60230d bef5140f659348b8b76481d7c8286ff2 90c539252e034fd489d228f947cc31e7 - - default default] 10.0.0.130 "POST /v2.0/subnets HTTP/1.1" status: 201 len: 801 time: 1.7836971
2026-05-06 06:09:42.428 10 INFO neutron.db.ovn_revision_numbers_db [None req-cb7358bf-1a25-4b46-94d9-d18d5de4f439 ca89b9242353463790d86e73147b14ab f7a7fcbf79c64ad8bdb5a244cd81c59a - - default default] Successfully bumped revision number for resource 1457a269-075f-44fe-a3f2-c5bf5f4a97ea (type: router_ports) to 1
