2026-05-06 06:08:06.115 10 INFO neutron.wsgi [req-dc199d0e-b851-4def-8528-f65fe7b02d1a req-9ea93294-b291-4811-a3aa-41ba705a6a44 f5b7dc7504d24ff19739a3766817d585 e0c1c5d68a8d490bb427c559c86accab - - default default] 10.0.0.210 "GET /v2.0/quotas/e0c1c5d68a8d490bb427c559c86accab HTTP/1.1" status: 200 len: 386 time: 0.0150642
2026-05-06 06:08:06.241 10 INFO neutron.wsgi [req-7bbb3f16-a396-4493-94e4-cb5be412ae40 req-46e59014-1f6a-469a-82bd-608e18da610a 9fc92db56fd14aa3b97b4ffb609e13a3 041fcc5705624e72bdd978b0c2d0e7bf - - default default] 10.0.0.210 "GET /v2.0/security-groups?name=tempest-securitygroup--94167267&fields=id&tenant_id=041fcc5705624e72bdd978b0c2d0e7bf HTTP/1.1" status: 200 len: 267 time: 0.0897415
2026-05-06 06:08:06.326 10 INFO neutron.wsgi [req-dc199d0e-b851-4def-8528-f65fe7b02d1a req-b21c0193-727b-418f-9358-2766b6c14078 f5b7dc7504d24ff19739a3766817d585 e0c1c5d68a8d490bb427c559c86accab - - default default] 10.0.0.210 "GET /v2.0/ports?tenant_id=e0c1c5d68a8d490bb427c559c86accab&fields=id HTTP/1.1" status: 200 len: 302 time: 0.2023048
2026-05-06 06:08:06.369 10 INFO neutron.wsgi [req-7bbb3f16-a396-4493-94e4-cb5be412ae40 req-95fc4536-1248-482b-ac6e-2aa13f106e5a 9fc92db56fd14aa3b97b4ffb609e13a3 041fcc5705624e72bdd978b0c2d0e7bf - - default default] 10.0.0.210 "GET /v2.0/networks?id=7a00d8dc-8e4e-4542-8d7f-e987accdd171 HTTP/1.1" status: 200 len: 875 time: 0.1194596
2026-05-06 06:08:06.406 10 INFO neutron.wsgi [req-7bbb3f16-a396-4493-94e4-cb5be412ae40 req-873faa5d-05ef-4c8a-a7b2-fd9fc5d88f64 9fc92db56fd14aa3b97b4ffb609e13a3 041fcc5705624e72bdd978b0c2d0e7bf - - default default] 10.0.0.210 "GET /v2.0/quotas/041fcc5705624e72bdd978b0c2d0e7bf HTTP/1.1" status: 200 len: 386 time: 0.0290661
2026-05-06 06:08:06.473 10 INFO neutron.db.ovn_revision_numbers_db [None req-32d4f445-ae0c-4651-8631-e857d232ba40 41742ac6f2ff41539f05f286c477c4f7 1a93d4e409e64cab9eaa1f3daad9de50 - - default default] Successfully bumped revision number for resource 71c0bad0-e59e-4f5d-99a5-fc54a7c4a7b4 (type: ports) to 1
2026-05-06 06:08:06.477 10 INFO neutron.wsgi [req-dc199d0e-b851-4def-8528-f65fe7b02d1a req-2509c965-28d3-484b-8154-bd668b0aec7e a238ef8cbb32488283c894b7070d3528 20c20568c9f14e2cab3944b99efdf9c1 - - 37e4c56f4a5048cf8cf69f406f61be15 37e4c56f4a5048cf8cf69f406f61be15] 10.0.0.210 "GET /v2.0/networks/b7320171-2f72-4f30-a7ec-343e20cdd15d?fields=segments HTTP/1.1" status: 200 len: 212 time: 0.1338456
2026-05-06 06:08:06.554 10 INFO neutron.wsgi [None req-32d4f445-ae0c-4651-8631-e857d232ba40 41742ac6f2ff41539f05f286c477c4f7 1a93d4e409e64cab9eaa1f3daad9de50 - - default default] 10.0.0.130 "POST /v2.0/ports HTTP/1.1" status: 201 len: 1158 time: 0.8763490 /var/lib/openstack/lib/python3.10/site-packages/pycadf/identifier.py:71: UserWarning: Invalid uuid: neutron. To ensure interoperability, identifiers should be a valid uuid. warnings.warn(('Invalid uuid: %s. To ensure interoperability, '
2026-05-06 06:08:06.569 9 WARNING neutron_lib.context [None req-59b666f7-ae44-4b92-a5ff-558f4b4e4f6d 41742ac6f2ff41539f05f286c477c4f7 1a93d4e409e64cab9eaa1f3daad9de50 - - default default] Method 'is_advsvc' is deprecated since 2023.2 release (neutron-lib 3.8.0) and will be removed once support for the old RBAC API policies will be removed from Neutron. Please use method 'is_service_role' instead.
2026-05-06 06:08:06.592 10 INFO neutron.wsgi [req-7bbb3f16-a396-4493-94e4-cb5be412ae40 req-c105db9a-b820-4810-9442-712c82d92f85 9fc92db56fd14aa3b97b4ffb609e13a3 041fcc5705624e72bdd978b0c2d0e7bf - - default default] 10.0.0.210 "GET /v2.0/ports?tenant_id=041fcc5705624e72bdd978b0c2d0e7bf&fields=id HTTP/1.1" status: 200 len: 302 time: 0.1712115
2026-05-06 06:08:06.611 10 INFO neutron.wsgi [req-dc199d0e-b851-4def-8528-f65fe7b02d1a req-7168af79-56cb-40c9-ba25-41d27825adb0 a238ef8cbb32488283c894b7070d3528 20c20568c9f14e2cab3944b99efdf9c1 - - 37e4c56f4a5048cf8cf69f406f61be15 37e4c56f4a5048cf8cf69f406f61be15] 10.0.0.210 "GET /v2.0/networks/b7320171-2f72-4f30-a7ec-343e20cdd15d?fields=provider%3Aphysical_network&fields=provider%3Anetwork_type HTTP/1.1" status: 200 len: 277 time: 0.1247938
2026-05-06 06:08:06.621 9 WARNING neutron.plugins.ml2.drivers.ovn.mech_driver.ovsdb.ovn_client [None req-abbeebd0-d50e-4d66-a978-89d93b228ab9 - - - - - -] No hosting information found for port a2a5d977-aa1a-44a9-9ed8-d4ce43f450f7: RuntimeError: No hosting information found for port a2a5d977-aa1a-44a9-9ed8-d4ce43f450f7
2026-05-06 06:08:06.622 9 INFO neutron.plugins.ml2.drivers.ovn.mech_driver.mech_driver [None req-abbeebd0-d50e-4d66-a978-89d93b228ab9 - - - - - -] OVN reports status up for port: c8aea960-fcb7-4912-ace1-5184530dbbae
2026-05-06 06:08:06.653 9 INFO neutron.plugins.ml2.plugin [None req-abbeebd0-d50e-4d66-a978-89d93b228ab9 - - - - - -] Attempt 1 to provision port c8aea960-fcb7-4912-ace1-5184530dbbae
2026-05-06 06:08:06.726 10 INFO neutron.wsgi [-] 10.0.0.69 "GET / HTTP/1.1" status: 200 len: 247 time: 0.0027761
2026-05-06 06:08:06.728 10 INFO neutron.wsgi [-] 10.0.0.69 "GET / HTTP/1.1" status: 200 len: 247 time: 0.0014462
2026-05-06 06:08:06.835 10 INFO neutron.wsgi [req-fa46ad19-9ef3-4035-bc55-9e2e855a72b2 req-2e7dfbb1-59e8-4924-a0d6-b96866b5e142 8f6c18d9508c45108e037b0e35d7b06c 629bb505c6634731ab057b2a0575d1f4 - - default default] 10.0.0.210 "GET /v2.0/ports?device_id=c7b12eea-88cb-413e-9c45-ad4cee9338e0 HTTP/1.1" status: 200 len: 1168 time: 0.0695984
2026-05-06 06:08:06.920 10 INFO neutron.wsgi [req-fa46ad19-9ef3-4035-bc55-9e2e855a72b2 req-e46ec9b3-d82a-4986-a5e6-302eb5f0e408 8f6c18d9508c45108e037b0e35d7b06c 629bb505c6634731ab057b2a0575d1f4 - - default default] 10.0.0.210 "GET /v2.0/security-groups?id=502a37ba-03d7-48e0-abb8-d79730e3549f&fields=id&fields=name HTTP/1.1" status: 200 len: 313 time: 0.0777919
2026-05-06 06:08:06.994 10 INFO neutron.wsgi [req-eae1de32-5caa-4d03-af7f-28118fb17843 req-1070ce11-074c-4ed9-bb31-d21c8132f39d f5b7dc7504d24ff19739a3766817d585 e0c1c5d68a8d490bb427c559c86accab - - default default] 10.0.0.210 "GET /v2.0/ports?device_id=50c48633-3da8-4c7f-9939-019189358538 HTTP/1.1" status: 200 len: 210 time: 0.0245595
2026-05-06 06:08:07.052 10 INFO neutron.wsgi [req-7bbb3f16-a396-4493-94e4-cb5be412ae40 req-52eb1417-c2c0-4ef4-a329-e3648830edb3 a238ef8cbb32488283c894b7070d3528 20c20568c9f14e2cab3944b99efdf9c1 - - 37e4c56f4a5048cf8cf69f406f61be15 37e4c56f4a5048cf8cf69f406f61be15] 10.0.0.210 "GET /v2.0/extensions HTTP/1.1" status: 200 len: 16980 time: 0.0916390
2026-05-06 06:08:07.122 10 INFO neutron.wsgi [req-7bbb3f16-a396-4493-94e4-cb5be412ae40 req-58e30658-8f31-40a4-8dae-0ee51106c51b a238ef8cbb32488283c894b7070d3528 20c20568c9f14e2cab3944b99efdf9c1 - - 37e4c56f4a5048cf8cf69f406f61be15 37e4c56f4a5048cf8cf69f406f61be15] 10.0.0.210 "GET /v2.0/networks/7a00d8dc-8e4e-4542-8d7f-e987accdd171?fields=segments HTTP/1.1" status: 200 len: 212 time: 0.0615726
2026-05-06 06:08:07.185 9 WARNING neutron.scheduler.dhcp_agent_scheduler [None req-59b666f7-ae44-4b92-a5ff-558f4b4e4f6d 41742ac6f2ff41539f05f286c477c4f7 1a93d4e409e64cab9eaa1f3daad9de50 - - default default] No more DHCP agents
2026-05-06 06:08:07.190 9 WARNING neutron.api.rpc.agentnotifiers.dhcp_rpc_agent_api [None req-59b666f7-ae44-4b92-a5ff-558f4b4e4f6d 41742ac6f2ff41539f05f286c477c4f7 1a93d4e409e64cab9eaa1f3daad9de50 - - default default] Unable to schedule network 5b11ae42-edf5-4a66-80a7-95b6ab14d670: no agents available; will retry on subsequent port and subnet creation events.
2026-05-06 06:08:07.218 10 INFO neutron.wsgi [req-7bbb3f16-a396-4493-94e4-cb5be412ae40 req-efeaf1e4-14c1-4e15-b51c-08e3364c8e9e a238ef8cbb32488283c894b7070d3528 20c20568c9f14e2cab3944b99efdf9c1 - - 37e4c56f4a5048cf8cf69f406f61be15 37e4c56f4a5048cf8cf69f406f61be15] 10.0.0.210 "GET /v2.0/networks/7a00d8dc-8e4e-4542-8d7f-e987accdd171?fields=provider%3Aphysical_network&fields=provider%3Anetwork_type HTTP/1.1" status: 200 len: 277 time: 0.0864024
2026-05-06 06:08:07.227 9 INFO neutron.notifiers.nova [-] Nova event matching ['req-6aa8f38a-fa2b-44f0-88ed-2941637c5195'] response: {'server_uuid': 'c7b12eea-88cb-413e-9c45-ad4cee9338e0', 'name': 'network-vif-plugged', 'status': 'completed', 'tag': 'c8aea960-fcb7-4912-ace1-5184530dbbae', 'code': 200}
2026-05-06 06:08:07.283 9 INFO neutron.db.ovn_revision_numbers_db [None req-abbeebd0-d50e-4d66-a978-89d93b228ab9 - - - - - -] Successfully bumped revision number for resource c8aea960-fcb7-4912-ace1-5184530dbbae (type: ports) to 4
2026-05-06 06:08:07.498 10 INFO neutron.wsgi [req-9ec29808-c681-4231-9e04-e2ed0546f87e req-61668208-5fd0-4308-b3ab-da9cf95c01a2 9fc92db56fd14aa3b97b4ffb609e13a3 041fcc5705624e72bdd978b0c2d0e7bf - - default default] 10.0.0.210 "GET /v2.0/ports?device_id=840856ab-76ab-4485-89c0-de0174ab512c HTTP/1.1" status: 200 len: 210 time: 0.0199349
2026-05-06 06:08:07.785 9 INFO neutron.db.l3_db [None req-59b666f7-ae44-4b92-a5ff-558f4b4e4f6d 41742ac6f2ff41539f05f286c477c4f7 1a93d4e409e64cab9eaa1f3daad9de50 - - default default] Floating IP 9ac100e5-b6b3-49ec-9b5c-5e9af45fa86e associated. External IP: 10.96.250.206, port: 71c0bad0-e59e-4f5d-99a5-fc54a7c4a7b4.
2026-05-06 06:08:07.794 10 INFO neutron.wsgi [req-dc199d0e-b851-4def-8528-f65fe7b02d1a req-2ef13ded-6ffc-4d1e-8ac8-6aa8ac499e5c f5b7dc7504d24ff19739a3766817d585 e0c1c5d68a8d490bb427c559c86accab - - default default] 199.19.213.73 "GET /v2.0/networks?id=b7320171-2f72-4f30-a7ec-343e20cdd15d HTTP/1.1" status: 200 len: 883 time: 0.1024137
2026-05-06 06:08:07.845 10 INFO neutron.wsgi [req-dc199d0e-b851-4def-8528-f65fe7b02d1a req-5afff6ae-964b-49f6-9b41-df559e241b64 f5b7dc7504d24ff19739a3766817d585 e0c1c5d68a8d490bb427c559c86accab - - default default] 199.19.213.73 "GET /v2.0/security-groups?fields=id&fields=name&tenant_id=e0c1c5d68a8d490bb427c559c86accab HTTP/1.1" status: 200 len: 380 time: 0.0446258
2026-05-06 06:08:07.853 10 WARNING neutron_lib.context [req-dc199d0e-b851-4def-8528-f65fe7b02d1a req-03cb8393-16cb-4693-8808-4f03d3d24045 f5b7dc7504d24ff19739a3766817d585 e0c1c5d68a8d490bb427c559c86accab - - default default] Method 'is_advsvc' is deprecated since 2023.2 release (neutron-lib 3.8.0) and will be removed once support for the old RBAC API policies will be removed from Neutron. Please use method 'is_service_role' instead.
2026-05-06 06:08:07.932 10 WARNING neutron.plugins.ml2.drivers.ovn.mech_driver.ovsdb.ovn_client [None req-e3256b9d-3a67-40a3-a56b-ef7bdefb95c1 - - - - - -] No hosting information found for port acaf494a-4e9e-4878-8dd5-aa3695c91504: RuntimeError: No hosting information found for port acaf494a-4e9e-4878-8dd5-aa3695c91504
2026-05-06 06:08:07.932 10 INFO neutron.plugins.ml2.drivers.ovn.mech_driver.mech_driver [None req-e3256b9d-3a67-40a3-a56b-ef7bdefb95c1 - - - - - -] OVN reports status up for port: cfbe99b3-7961-4b2d-bcfa-7fc09a90ae4b
2026-05-06 06:08:07.946 10 INFO neutron.plugins.ml2.plugin [None req-e3256b9d-3a67-40a3-a56b-ef7bdefb95c1 - - - - - -] Attempt 1 to provision port cfbe99b3-7961-4b2d-bcfa-7fc09a90ae4b
2026-05-06 06:08:08.049 9 INFO neutron.db.ovn_revision_numbers_db [None req-59b666f7-ae44-4b92-a5ff-558f4b4e4f6d 41742ac6f2ff41539f05f286c477c4f7 1a93d4e409e64cab9eaa1f3daad9de50 - - default default] Successfully bumped revision number for resource 9ac100e5-b6b3-49ec-9b5c-5e9af45fa86e (type: floatingips) to 0
2026-05-06 06:08:08.165 9 INFO neutron.db.ovn_revision_numbers_db [None req-59b666f7-ae44-4b92-a5ff-558f4b4e4f6d 41742ac6f2ff41539f05f286c477c4f7 1a93d4e409e64cab9eaa1f3daad9de50 - - default default] Successfully bumped revision number for resource 9ac100e5-b6b3-49ec-9b5c-5e9af45fa86e (type: floatingips) to 1
2026-05-06 06:08:08.207 9 INFO neutron.wsgi [None req-59b666f7-ae44-4b92-a5ff-558f4b4e4f6d 41742ac6f2ff41539f05f286c477c4f7 1a93d4e409e64cab9eaa1f3daad9de50 - - default default] 10.0.0.130 "POST /v2.0/floatingips HTTP/1.1" status: 201 len: 1042 time: 1.6454713 /var/lib/openstack/lib/python3.10/site-packages/pycadf/identifier.py:71: UserWarning: Invalid uuid: neutron. To ensure interoperability, identifiers should be a valid uuid. warnings.warn(('Invalid uuid: %s. To ensure interoperability, '
2026-05-06 06:08:08.277 10 INFO neutron.wsgi [req-d4e7c453-9ba1-465e-b1a4-dc1bd8468708 req-6d076ab3-3979-4805-972c-0ab3cfead9d4 f5b7dc7504d24ff19739a3766817d585 e0c1c5d68a8d490bb427c559c86accab - - default default] 10.0.0.210 "GET /v2.0/ports?device_id=50c48633-3da8-4c7f-9939-019189358538 HTTP/1.1" status: 200 len: 210 time: 0.0780697
2026-05-06 06:08:08.320 10 INFO neutron.wsgi [req-0d37e730-b4b0-4071-8693-e7aea6f4d41d req-e85ad37e-12f4-4f77-9f8d-5fd48c8ab2be 8f6c18d9508c45108e037b0e35d7b06c 629bb505c6634731ab057b2a0575d1f4 - - default default] 10.0.0.210 "GET /v2.0/ports?device_id=c7b12eea-88cb-413e-9c45-ad4cee9338e0 HTTP/1.1" status: 200 len: 1170 time: 0.1228554
2026-05-06 06:08:08.379 10 INFO neutron.wsgi [req-0d37e730-b4b0-4071-8693-e7aea6f4d41d req-a0edfbce-0140-48fa-a163-3a3a2c077aba 8f6c18d9508c45108e037b0e35d7b06c 629bb505c6634731ab057b2a0575d1f4 - - default default] 10.0.0.210 "GET /v2.0/security-groups?id=502a37ba-03d7-48e0-abb8-d79730e3549f&fields=id&fields=name HTTP/1.1" status: 200 len: 313 time: 0.0503631
2026-05-06 06:08:08.537 10 INFO neutron.wsgi [req-5640b28b-b3d2-455d-905a-6393d907cafe req-9d2d9b5d-f68b-4260-b1c6-e6836ed046d4 8f6c18d9508c45108e037b0e35d7b06c 629bb505c6634731ab057b2a0575d1f4 - - default default] 10.0.0.210 "GET /v2.0/ports?device_id=c7b12eea-88cb-413e-9c45-ad4cee9338e0 HTTP/1.1" status: 200 len: 1170 time: 0.0548556 /var/lib/openstack/lib/python3.10/site-packages/pycadf/identifier.py:71: UserWarning: Invalid uuid: neutron. To ensure interoperability, identifiers should be a valid uuid. warnings.warn(('Invalid uuid: %s. To ensure interoperability, '
2026-05-06 06:08:08.560 9 INFO neutron.db.l3_db [None req-7b97a272-3a18-45da-ae20-ce9736881b47 41742ac6f2ff41539f05f286c477c4f7 1a93d4e409e64cab9eaa1f3daad9de50 - - default default] Floating IP 9ac100e5-b6b3-49ec-9b5c-5e9af45fa86e disassociated. External IP: 10.96.250.206, port: 71c0bad0-e59e-4f5d-99a5-fc54a7c4a7b4.
2026-05-06 06:08:08.612 10 WARNING neutron.scheduler.dhcp_agent_scheduler [req-dc199d0e-b851-4def-8528-f65fe7b02d1a req-03cb8393-16cb-4693-8808-4f03d3d24045 f5b7dc7504d24ff19739a3766817d585 e0c1c5d68a8d490bb427c559c86accab - - default default] No more DHCP agents
2026-05-06 06:08:08.623 10 WARNING neutron.api.rpc.agentnotifiers.dhcp_rpc_agent_api [req-dc199d0e-b851-4def-8528-f65fe7b02d1a req-03cb8393-16cb-4693-8808-4f03d3d24045 f5b7dc7504d24ff19739a3766817d585 e0c1c5d68a8d490bb427c559c86accab - - default default] Unable to schedule network b7320171-2f72-4f30-a7ec-343e20cdd15d: no agents available; will retry on subsequent port and subnet creation events.
2026-05-06 06:08:08.626 9 INFO neutron.wsgi [req-7bbb3f16-a396-4493-94e4-cb5be412ae40 req-b3c9798f-c207-4ebb-a254-c25965920098 9fc92db56fd14aa3b97b4ffb609e13a3 041fcc5705624e72bdd978b0c2d0e7bf - - default default] 199.19.213.73 "GET /v2.0/networks?id=7a00d8dc-8e4e-4542-8d7f-e987accdd171 HTTP/1.1" status: 200 len: 875 time: 0.1255794
2026-05-06 06:08:08.627 9 INFO neutron.db.ovn_revision_numbers_db [None req-7b97a272-3a18-45da-ae20-ce9736881b47 41742ac6f2ff41539f05f286c477c4f7 1a93d4e409e64cab9eaa1f3daad9de50 - - default default] Successfully bumped revision number for resource 9ac100e5-b6b3-49ec-9b5c-5e9af45fa86e (type: floatingips) to 2
2026-05-06 06:08:08.639 10 INFO neutron.wsgi [req-4b88e9d3-c0d4-44eb-982a-41d0cc1d1740 req-c2c615f3-04b6-4617-8021-0dd13efaac39 9fc92db56fd14aa3b97b4ffb609e13a3 041fcc5705624e72bdd978b0c2d0e7bf - - default default] 10.0.0.210 "GET /v2.0/ports?device_id=840856ab-76ab-4485-89c0-de0174ab512c HTTP/1.1" status: 200 len: 210 time: 0.0417762
2026-05-06 06:08:08.750 9 INFO neutron.wsgi [None req-7b97a272-3a18-45da-ae20-ce9736881b47 41742ac6f2ff41539f05f286c477c4f7 1a93d4e409e64cab9eaa1f3daad9de50 - - default default] 10.0.0.130 "PUT /v2.0/floatingips/9ac100e5-b6b3-49ec-9b5c-5e9af45fa86e HTTP/1.1" status: 200 len: 748 time: 0.5384102
2026-05-06 06:08:08.769 9 INFO neutron.wsgi [req-7bbb3f16-a396-4493-94e4-cb5be412ae40 req-e78493c2-443f-4e22-aeb7-624d228bcd65 9fc92db56fd14aa3b97b4ffb609e13a3 041fcc5705624e72bdd978b0c2d0e7bf - - default default] 199.19.213.73 "GET /v2.0/security-groups?fields=id&fields=name&tenant_id=041fcc5705624e72bdd978b0c2d0e7bf HTTP/1.1" status: 200 len: 378 time: 0.0893655
2026-05-06 06:08:08.796 9 WARNING neutron_lib.context [req-7bbb3f16-a396-4493-94e4-cb5be412ae40 req-c1895d0d-ec2f-4fd2-976b-0f6bb5b421a4 9fc92db56fd14aa3b97b4ffb609e13a3 041fcc5705624e72bdd978b0c2d0e7bf - - default default] Method 'is_advsvc' is deprecated since 2023.2 release (neutron-lib 3.8.0) and will be removed once support for the old RBAC API policies will be removed from Neutron. Please use method 'is_service_role' instead.
2026-05-06 06:08:08.960 10 INFO neutron.db.l3_db [None req-e20ed43e-87bd-4bc9-b7b6-524f0fcdab3f 8f6c18d9508c45108e037b0e35d7b06c 629bb505c6634731ab057b2a0575d1f4 - - default default] Floating IP 422ee3b5-b2e2-4fe2-b3b3-d257536d6362 associated. External IP: 10.96.250.220, port: c8aea960-fcb7-4912-ace1-5184530dbbae.
2026-05-06 06:08:09.009 10 INFO neutron.db.ovn_revision_numbers_db [req-dc199d0e-b851-4def-8528-f65fe7b02d1a req-03cb8393-16cb-4693-8808-4f03d3d24045 f5b7dc7504d24ff19739a3766817d585 e0c1c5d68a8d490bb427c559c86accab - - default default] Successfully bumped revision number for resource e31f3baa-f657-4cf4-9a04-210d0dd9d5aa (type: ports) to 1
2026-05-06 06:08:09.040 10 INFO neutron.wsgi [req-dc199d0e-b851-4def-8528-f65fe7b02d1a req-03cb8393-16cb-4693-8808-4f03d3d24045 f5b7dc7504d24ff19739a3766817d585 e0c1c5d68a8d490bb427c559c86accab - - default default] 199.19.213.73 "POST /v2.0/ports HTTP/1.1" status: 201 len: 1158 time: 1.1915758 /var/lib/openstack/lib/python3.10/site-packages/pycadf/identifier.py:71: UserWarning: Invalid uuid: neutron. To ensure interoperability, identifiers should be a valid uuid. warnings.warn(('Invalid uuid: %s. To ensure interoperability, '
2026-05-06 06:08:09.260 10 INFO neutron.db.ovn_revision_numbers_db [None req-e20ed43e-87bd-4bc9-b7b6-524f0fcdab3f 8f6c18d9508c45108e037b0e35d7b06c 629bb505c6634731ab057b2a0575d1f4 - - default default] Successfully bumped revision number for resource 422ee3b5-b2e2-4fe2-b3b3-d257536d6362 (type: floatingips) to 1
2026-05-06 06:08:09.282 9 INFO neutron.notifiers.nova [-] Nova event matching ['req-7ea09d05-05b5-4bd3-9920-52637b516e27'] response: {'server_uuid': 'c7b12eea-88cb-413e-9c45-ad4cee9338e0', 'name': 'network-vif-plugged', 'status': 'completed', 'tag': 'c8aea960-fcb7-4912-ace1-5184530dbbae', 'code': 200}
2026-05-06 06:08:09.295 9 WARNING neutron.scheduler.dhcp_agent_scheduler [req-7bbb3f16-a396-4493-94e4-cb5be412ae40 req-c1895d0d-ec2f-4fd2-976b-0f6bb5b421a4 9fc92db56fd14aa3b97b4ffb609e13a3 041fcc5705624e72bdd978b0c2d0e7bf - - default default] No more DHCP agents
2026-05-06 06:08:09.299 9 WARNING neutron.api.rpc.agentnotifiers.dhcp_rpc_agent_api [req-7bbb3f16-a396-4493-94e4-cb5be412ae40 req-c1895d0d-ec2f-4fd2-976b-0f6bb5b421a4 9fc92db56fd14aa3b97b4ffb609e13a3 041fcc5705624e72bdd978b0c2d0e7bf - - default default] Unable to schedule network 7a00d8dc-8e4e-4542-8d7f-e987accdd171: no agents available; will retry on subsequent port and subnet creation events.
2026-05-06 06:08:09.328 9 INFO neutron.wsgi [None req-21209d42-0ed0-4883-a347-30e3d4bc0d53 41742ac6f2ff41539f05f286c477c4f7 1a93d4e409e64cab9eaa1f3daad9de50 - - default default] 10.0.0.130 "DELETE /v2.0/floatingips/9ac100e5-b6b3-49ec-9b5c-5e9af45fa86e HTTP/1.1" status: 204 len: 168 time: 0.5697000 /var/lib/openstack/lib/python3.10/site-packages/pycadf/identifier.py:71: UserWarning: Invalid uuid: neutron. To ensure interoperability, identifiers should be a valid uuid. warnings.warn(('Invalid uuid: %s. To ensure interoperability, '
2026-05-06 06:08:09.339 9 WARNING neutron_lib.context [None req-7db0f183-c890-416d-be0c-3d693df83156 41742ac6f2ff41539f05f286c477c4f7 1a93d4e409e64cab9eaa1f3daad9de50 - - default default] Method 'is_advsvc' is deprecated since 2023.2 release (neutron-lib 3.8.0) and will be removed once support for the old RBAC API policies will be removed from Neutron. Please use method 'is_service_role' instead.
2026-05-06 06:08:09.410 10 INFO neutron.wsgi [req-c75fe6a4-e4e0-4935-a7e4-c419aa5667bc req-2fab886f-cfaf-4b29-ac5e-f5e8623fa285 f5b7dc7504d24ff19739a3766817d585 e0c1c5d68a8d490bb427c559c86accab - - default default] 10.0.0.210 "GET /v2.0/ports?device_id=50c48633-3da8-4c7f-9939-019189358538 HTTP/1.1" status: 200 len: 1156 time: 0.0646150
2026-05-06 06:08:09.551 9 INFO neutron.db.ovn_revision_numbers_db [req-7bbb3f16-a396-4493-94e4-cb5be412ae40 req-c1895d0d-ec2f-4fd2-976b-0f6bb5b421a4 9fc92db56fd14aa3b97b4ffb609e13a3 041fcc5705624e72bdd978b0c2d0e7bf - - default default] Successfully bumped revision number for resource a34d1a16-80ef-46f7-8acc-472b6f57f067 (type: ports) to 1
2026-05-06 06:08:09.581 9 INFO neutron.wsgi [req-7bbb3f16-a396-4493-94e4-cb5be412ae40 req-c1895d0d-ec2f-4fd2-976b-0f6bb5b421a4 9fc92db56fd14aa3b97b4ffb609e13a3 041fcc5705624e72bdd978b0c2d0e7bf - - default default] 199.19.213.73 "POST /v2.0/ports HTTP/1.1" status: 201 len: 1158 time: 0.7995138
2026-05-06 06:08:09.666 10 INFO neutron.db.ovn_revision_numbers_db [None req-e20ed43e-87bd-4bc9-b7b6-524f0fcdab3f 8f6c18d9508c45108e037b0e35d7b06c 629bb505c6634731ab057b2a0575d1f4 - - default default] Successfully bumped revision number for resource 422ee3b5-b2e2-4fe2-b3b3-d257536d6362 (type: floatingips) to 2
2026-05-06 06:08:09.673 9 WARNING neutron.scheduler.dhcp_agent_scheduler [None req-7db0f183-c890-416d-be0c-3d693df83156 41742ac6f2ff41539f05f286c477c4f7 1a93d4e409e64cab9eaa1f3daad9de50 - - default default] No more DHCP agents
2026-05-06 06:08:09.678 9 WARNING neutron.api.rpc.agentnotifiers.dhcp_rpc_agent_api [None req-7db0f183-c890-416d-be0c-3d693df83156 41742ac6f2ff41539f05f286c477c4f7 1a93d4e409e64cab9eaa1f3daad9de50 - - default default] Unable to schedule network 5b11ae42-edf5-4a66-80a7-95b6ab14d670: no agents available; will retry on subsequent port and subnet creation events.
2026-05-06 06:08:09.710 10 INFO neutron.wsgi [None req-e20ed43e-87bd-4bc9-b7b6-524f0fcdab3f 8f6c18d9508c45108e037b0e35d7b06c 629bb505c6634731ab057b2a0575d1f4 - - default default] 10.0.0.130 "PUT /v2.0/floatingips/422ee3b5-b2e2-4fe2-b3b3-d257536d6362 HTTP/1.1" status: 200 len: 1049 time: 1.1581802
2026-05-06 06:08:09.720 10 INFO neutron.wsgi [req-c75fe6a4-e4e0-4935-a7e4-c419aa5667bc req-a24057f2-8112-474f-8110-b482f2ef4f4a f5b7dc7504d24ff19739a3766817d585 e0c1c5d68a8d490bb427c559c86accab - - default default] 10.0.0.210 "GET /v2.0/security-groups?id=4b034151-a66d-422d-aa15-cc6f28876875&fields=id&fields=name HTTP/1.1" status: 200 len: 313 time: 0.3015432 /var/lib/openstack/lib/python3.10/site-packages/pycadf/identifier.py:71: UserWarning: Invalid uuid: neutron. To ensure interoperability, identifiers should be a valid uuid. warnings.warn(('Invalid uuid: %s. To ensure interoperability, '
2026-05-06 06:08:09.803 10 INFO neutron.notifiers.nova [-] Nova event matching ['req-9ac0fd60-10f1-44aa-b0d6-41be07dfb0de'] response: {'name': 'network-changed', 'server_uuid': 'c7b12eea-88cb-413e-9c45-ad4cee9338e0', 'tag': 'c8aea960-fcb7-4912-ace1-5184530dbbae', 'status': 'completed', 'code': 200}
2026-05-06 06:08:09.813 10 INFO neutron.wsgi [req-50985728-667c-4c1a-bc86-f89dc0880743 req-b7ea62a4-9b0b-4c4f-b3b5-ac255f3f3553 9fc92db56fd14aa3b97b4ffb609e13a3 041fcc5705624e72bdd978b0c2d0e7bf - - default default] 10.0.0.210 "GET /v2.0/ports?device_id=840856ab-76ab-4485-89c0-de0174ab512c HTTP/1.1" status: 200 len: 1156 time: 0.0605247
2026-05-06 06:08:09.867 10 INFO neutron.db.ovn_revision_numbers_db [req-dc199d0e-b851-4def-8528-f65fe7b02d1a req-b9877d32-6773-412d-8937-571b15f7acfe a238ef8cbb32488283c894b7070d3528 20c20568c9f14e2cab3944b99efdf9c1 - - 37e4c56f4a5048cf8cf69f406f61be15 37e4c56f4a5048cf8cf69f406f61be15] Successfully bumped revision number for resource e31f3baa-f657-4cf4-9a04-210d0dd9d5aa (type: ports) to 2
2026-05-06 06:08:09.892 10 INFO neutron.wsgi [req-375d264e-cd2b-4857-8843-bab90a126c0e req-45dda690-8e66-4bb7-8026-01ec9dce15f1 a238ef8cbb32488283c894b7070d3528 20c20568c9f14e2cab3944b99efdf9c1 - - 37e4c56f4a5048cf8cf69f406f61be15 37e4c56f4a5048cf8cf69f406f61be15] 199.19.213.73 "GET /v2.0/ports?tenant_id=629bb505c6634731ab057b2a0575d1f4&device_id=c7b12eea-88cb-413e-9c45-ad4cee9338e0 HTTP/1.1" status: 200 len: 1409 time: 0.0628490
2026-05-06 06:08:09.943 10 INFO neutron.wsgi [req-50985728-667c-4c1a-bc86-f89dc0880743 req-5d907145-137d-43a3-8f13-92f1a005d56c 9fc92db56fd14aa3b97b4ffb609e13a3 041fcc5705624e72bdd978b0c2d0e7bf - - default default] 10.0.0.210 "GET /v2.0/security-groups?id=7130f3d3-ad92-420b-b979-eff5cc4ede07&fields=id&fields=name HTTP/1.1" status: 200 len: 311 time: 0.1209159
2026-05-06 06:08:09.952 10 INFO neutron.wsgi [req-16ad341c-e0a0-4479-b2cf-ea2e639b7151 req-b6ceba3a-8cf8-4d54-9fb7-70974aed7dde 8f6c18d9508c45108e037b0e35d7b06c 629bb505c6634731ab057b2a0575d1f4 - - default default] 10.0.0.210 "GET /v2.0/ports?device_id=c7b12eea-88cb-413e-9c45-ad4cee9338e0 HTTP/1.1" status: 200 len: 1170 time: 0.0954790
2026-05-06 06:08:10.018 10 INFO neutron.wsgi [req-16ad341c-e0a0-4479-b2cf-ea2e639b7151 req-87715d26-7599-4dfb-adaa-3da4269b13b4 8f6c18d9508c45108e037b0e35d7b06c 629bb505c6634731ab057b2a0575d1f4 - - default default] 10.0.0.210 "GET /v2.0/security-groups?id=502a37ba-03d7-48e0-abb8-d79730e3549f&fields=id&fields=name HTTP/1.1" status: 200 len: 313 time: 0.0593729
2026-05-06 06:08:10.037 10 INFO neutron.wsgi [req-375d264e-cd2b-4857-8843-bab90a126c0e req-dcccf16c-7c5e-4041-81d5-d66b9251615c a238ef8cbb32488283c894b7070d3528 20c20568c9f14e2cab3944b99efdf9c1 - - 37e4c56f4a5048cf8cf69f406f61be15 37e4c56f4a5048cf8cf69f406f61be15] 199.19.213.73 "GET /v2.0/networks?id=e91e004a-3410-4c6b-86ce-0980ce38ad14 HTTP/1.1" status: 200 len: 978 time: 0.1040652
2026-05-06 06:08:10.123 10 INFO neutron.wsgi [req-375d264e-cd2b-4857-8843-bab90a126c0e req-c794b37c-5d9e-4bfa-9509-6563131aff1a a238ef8cbb32488283c894b7070d3528 20c20568c9f14e2cab3944b99efdf9c1 - - 37e4c56f4a5048cf8cf69f406f61be15 37e4c56f4a5048cf8cf69f406f61be15] 199.19.213.73 "GET /v2.0/floatingips?fixed_ip_address=10.100.0.3&port_id=c8aea960-fcb7-4912-ace1-5184530dbbae HTTP/1.1" status: 200 len: 1059 time: 0.0788286 /var/lib/openstack/lib/python3.10/site-packages/pycadf/identifier.py:71: UserWarning: Invalid uuid: neutron. To ensure interoperability, identifiers should be a valid uuid. warnings.warn(('Invalid uuid: %s. To ensure interoperability, '
2026-05-06 06:08:10.205 9 INFO neutron.db.ovn_revision_numbers_db [req-7bbb3f16-a396-4493-94e4-cb5be412ae40 req-070f48b5-90f0-46be-a844-148caa1057a5 a238ef8cbb32488283c894b7070d3528 20c20568c9f14e2cab3944b99efdf9c1 - - 37e4c56f4a5048cf8cf69f406f61be15 37e4c56f4a5048cf8cf69f406f61be15] Successfully bumped revision number for resource a34d1a16-80ef-46f7-8acc-472b6f57f067 (type: ports) to 2
2026-05-06 06:08:10.211 10 INFO neutron.wsgi [req-375d264e-cd2b-4857-8843-bab90a126c0e req-49c70435-78f6-4783-af5c-dd54a72b4411 a238ef8cbb32488283c894b7070d3528 20c20568c9f14e2cab3944b99efdf9c1 - - 37e4c56f4a5048cf8cf69f406f61be15 37e4c56f4a5048cf8cf69f406f61be15] 199.19.213.73 "GET /v2.0/subnets?id=da01a297-e1b8-439e-92e3-5a085689fe72 HTTP/1.1" status: 200 len: 873 time: 0.0742033
2026-05-06 06:08:10.246 10 INFO neutron.wsgi [req-375d264e-cd2b-4857-8843-bab90a126c0e req-fabb50b5-ce68-48d7-9d75-ce78316c2195 a238ef8cbb32488283c894b7070d3528 20c20568c9f14e2cab3944b99efdf9c1 - - 37e4c56f4a5048cf8cf69f406f61be15 37e4c56f4a5048cf8cf69f406f61be15] 199.19.213.73 "GET /v2.0/ports?network_id=e91e004a-3410-4c6b-86ce-0980ce38ad14&device_owner=network%3Adhcp HTTP/1.1" status: 200 len: 210 time: 0.0272577
2026-05-06 06:08:10.248 10 INFO neutron.db.ovn_revision_numbers_db [req-dc199d0e-b851-4def-8528-f65fe7b02d1a req-b9877d32-6773-412d-8937-571b15f7acfe a238ef8cbb32488283c894b7070d3528 20c20568c9f14e2cab3944b99efdf9c1 - - 37e4c56f4a5048cf8cf69f406f61be15 37e4c56f4a5048cf8cf69f406f61be15] Successfully bumped revision number for resource e31f3baa-f657-4cf4-9a04-210d0dd9d5aa (type: ports) to 2
2026-05-06 06:08:10.275 10 INFO neutron.wsgi [req-dc199d0e-b851-4def-8528-f65fe7b02d1a req-b9877d32-6773-412d-8937-571b15f7acfe a238ef8cbb32488283c894b7070d3528 20c20568c9f14e2cab3944b99efdf9c1 - - 37e4c56f4a5048cf8cf69f406f61be15 37e4c56f4a5048cf8cf69f406f61be15] 199.19.213.73 "PUT /v2.0/ports/e31f3baa-f657-4cf4-9a04-210d0dd9d5aa HTTP/1.1" status: 200 len: 1376 time: 1.2121186
2026-05-06 06:08:10.327 10 INFO neutron.wsgi [req-375d264e-cd2b-4857-8843-bab90a126c0e req-c9b0206a-62c5-4865-88b1-7bad84d70fe7 a238ef8cbb32488283c894b7070d3528 20c20568c9f14e2cab3944b99efdf9c1 - - 37e4c56f4a5048cf8cf69f406f61be15 37e4c56f4a5048cf8cf69f406f61be15] 199.19.213.73 "GET /v2.0/networks/e91e004a-3410-4c6b-86ce-0980ce38ad14?fields=segments HTTP/1.1" status: 200 len: 212 time: 0.0708179
2026-05-06 06:08:10.419 10 INFO neutron.wsgi [req-dc199d0e-b851-4def-8528-f65fe7b02d1a req-babccf0b-7496-4390-a620-470623f3098b a238ef8cbb32488283c894b7070d3528 20c20568c9f14e2cab3944b99efdf9c1 - - 37e4c56f4a5048cf8cf69f406f61be15 37e4c56f4a5048cf8cf69f406f61be15] 199.19.213.73 "GET /v2.0/ports?tenant_id=e0c1c5d68a8d490bb427c559c86accab&device_id=50c48633-3da8-4c7f-9939-019189358538 HTTP/1.1" status: 200 len: 1407 time: 0.0607109
2026-05-06 06:08:10.448 10 INFO neutron.wsgi [req-375d264e-cd2b-4857-8843-bab90a126c0e req-1e1dda23-e4a1-4238-bc4c-c8e710df13e5 a238ef8cbb32488283c894b7070d3528 20c20568c9f14e2cab3944b99efdf9c1 - - 37e4c56f4a5048cf8cf69f406f61be15 37e4c56f4a5048cf8cf69f406f61be15] 199.19.213.73 "GET /v2.0/networks/e91e004a-3410-4c6b-86ce-0980ce38ad14?fields=provider%3Aphysical_network&fields=provider%3Anetwork_type HTTP/1.1" status: 200 len: 277 time: 0.1169906
2026-05-06 06:08:10.466 10 INFO neutron.wsgi [req-dc199d0e-b851-4def-8528-f65fe7b02d1a req-8dbcdd5b-bfe0-40c3-a58d-28a9698fbb50 a238ef8cbb32488283c894b7070d3528 20c20568c9f14e2cab3944b99efdf9c1 - - 37e4c56f4a5048cf8cf69f406f61be15 37e4c56f4a5048cf8cf69f406f61be15] 199.19.213.73 "GET /v2.0/floatingips?fixed_ip_address=10.100.0.5&port_id=e31f3baa-f657-4cf4-9a04-210d0dd9d5aa HTTP/1.1" status: 200 len: 217 time: 0.0381186
2026-05-06 06:08:10.476 10 INFO neutron.wsgi [req-c936e84f-7e05-48d9-988b-afdeea177996 req-f8db0777-a9a9-4275-9228-06d1af7fa107 8f6c18d9508c45108e037b0e35d7b06c 629bb505c6634731ab057b2a0575d1f4 - - default default] 10.0.0.210 "GET /v2.0/ports?device_id=c7b12eea-88cb-413e-9c45-ad4cee9338e0 HTTP/1.1" status: 200 len: 1170 time: 0.0751586
2026-05-06 06:08:10.500 9 INFO neutron.plugins.ml2.drivers.ovn.mech_driver.mech_driver [None req-abbeebd0-d50e-4d66-a978-89d93b228ab9 - - - - - -] OVN reports status down for port: c8aea960-fcb7-4912-ace1-5184530dbbae
2026-05-06 06:08:10.532 10 INFO neutron.wsgi [req-dc199d0e-b851-4def-8528-f65fe7b02d1a req-1ca8a675-c1b3-47fe-8b2c-0bdf17edceff a238ef8cbb32488283c894b7070d3528 20c20568c9f14e2cab3944b99efdf9c1 - - 37e4c56f4a5048cf8cf69f406f61be15 37e4c56f4a5048cf8cf69f406f61be15] 199.19.213.73 "GET /v2.0/subnets?id=2a888abc-0d0a-4d42-9b1f-3873758f091c HTTP/1.1" status: 200 len: 877 time: 0.0628588
2026-05-06 06:08:10.535 10 INFO neutron.wsgi [req-c936e84f-7e05-48d9-988b-afdeea177996 req-15f3cfb7-992e-440e-a912-9a369c59c9c4 8f6c18d9508c45108e037b0e35d7b06c 629bb505c6634731ab057b2a0575d1f4 - - default default] 10.0.0.210 "GET /v2.0/security-groups?id=502a37ba-03d7-48e0-abb8-d79730e3549f&fields=id&fields=name HTTP/1.1" status: 200 len: 313 time: 0.0512636
2026-05-06 06:08:10.570 10 INFO neutron.wsgi [req-dc199d0e-b851-4def-8528-f65fe7b02d1a req-f1b6bb28-94fc-4537-9c1a-56dc7487ab20 a238ef8cbb32488283c894b7070d3528 20c20568c9f14e2cab3944b99efdf9c1 - - 37e4c56f4a5048cf8cf69f406f61be15 37e4c56f4a5048cf8cf69f406f61be15] 199.19.213.73 "GET /v2.0/ports?network_id=b7320171-2f72-4f30-a7ec-343e20cdd15d&device_owner=network%3Adhcp HTTP/1.1" status: 200 len: 210 time: 0.0304506
2026-05-06 06:08:10.626 9 INFO neutron.db.l3_db [None req-7db0f183-c890-416d-be0c-3d693df83156 41742ac6f2ff41539f05f286c477c4f7 1a93d4e409e64cab9eaa1f3daad9de50 - - default default] Floating IP bf438a57-77a1-4fc2-934d-884464e653ec associated. External IP: 10.96.250.207, port: 65bc7c03-9bcc-48ee-92a1-2da21fc88950.
2026-05-06 06:08:10.657 10 INFO neutron.wsgi [req-dc199d0e-b851-4def-8528-f65fe7b02d1a req-43a2babc-6182-4f61-b570-f04da42910e4 a238ef8cbb32488283c894b7070d3528 20c20568c9f14e2cab3944b99efdf9c1 - - 37e4c56f4a5048cf8cf69f406f61be15 37e4c56f4a5048cf8cf69f406f61be15] 199.19.213.73 "GET /v2.0/networks/b7320171-2f72-4f30-a7ec-343e20cdd15d?fields=segments HTTP/1.1" status: 200 len: 212 time: 0.0785763
2026-05-06 06:08:10.734 10 INFO neutron.wsgi [req-dc199d0e-b851-4def-8528-f65fe7b02d1a req-d904b8f4-49ec-486f-aa73-6437852a125b a238ef8cbb32488283c894b7070d3528 20c20568c9f14e2cab3944b99efdf9c1 - - 37e4c56f4a5048cf8cf69f406f61be15 37e4c56f4a5048cf8cf69f406f61be15] 199.19.213.73 "GET /v2.0/networks/b7320171-2f72-4f30-a7ec-343e20cdd15d?fields=provider%3Aphysical_network&fields=provider%3Anetwork_type HTTP/1.1" status: 200 len: 277 time: 0.0636353
2026-05-06 06:08:10.858 10 INFO neutron.wsgi [req-2a7430b1-c033-4d84-b396-e14718d47655 req-c8655d3e-1162-4b40-8bd2-c39ce2811d8a f5b7dc7504d24ff19739a3766817d585 e0c1c5d68a8d490bb427c559c86accab - - default default] 10.0.0.210 "GET /v2.0/ports?device_id=50c48633-3da8-4c7f-9939-019189358538 HTTP/1.1" status: 200 len: 1168 time: 0.0523846
2026-05-06 06:08:10.891 10 INFO neutron.wsgi [req-254717dd-54f1-470e-909b-d57deae06fdc req-012cef63-0e93-4572-95c8-3f7369fe2b34 8f6c18d9508c45108e037b0e35d7b06c 629bb505c6634731ab057b2a0575d1f4 - - default default] 199.19.213.73 "GET /v2.0/ports?device_id=c7b12eea-88cb-413e-9c45-ad4cee9338e0 HTTP/1.1" status: 200 len: 1168 time: 0.1176400
2026-05-06 06:08:10.925 10 INFO neutron.wsgi [req-2a7430b1-c033-4d84-b396-e14718d47655 req-9fc70825-8bc2-450d-8221-3699933a62cd f5b7dc7504d24ff19739a3766817d585 e0c1c5d68a8d490bb427c559c86accab - - default default] 10.0.0.210 "GET /v2.0/security-groups?id=4b034151-a66d-422d-aa15-cc6f28876875&fields=id&fields=name HTTP/1.1" status: 200 len: 313 time: 0.0557482
2026-05-06 06:08:10.981 9 INFO neutron.db.ovn_revision_numbers_db [req-7bbb3f16-a396-4493-94e4-cb5be412ae40 req-070f48b5-90f0-46be-a844-148caa1057a5 a238ef8cbb32488283c894b7070d3528 20c20568c9f14e2cab3944b99efdf9c1 - - 37e4c56f4a5048cf8cf69f406f61be15 37e4c56f4a5048cf8cf69f406f61be15] Successfully bumped revision number for resource a34d1a16-80ef-46f7-8acc-472b6f57f067 (type: ports) to 2
2026-05-06 06:08:11.069 9 INFO neutron.wsgi [req-7bbb3f16-a396-4493-94e4-cb5be412ae40 req-070f48b5-90f0-46be-a844-148caa1057a5 a238ef8cbb32488283c894b7070d3528 20c20568c9f14e2cab3944b99efdf9c1 - - 37e4c56f4a5048cf8cf69f406f61be15 37e4c56f4a5048cf8cf69f406f61be15] 199.19.213.73 "PUT /v2.0/ports/a34d1a16-80ef-46f7-8acc-472b6f57f067 HTTP/1.1" status: 200 len: 1376 time: 1.4793620
2026-05-06 06:08:11.075 10 INFO neutron.wsgi [req-d312cf6b-ea2b-4308-9410-a211e406a818 req-c65ea878-8551-479b-b36e-32672a0fe8ed 9fc92db56fd14aa3b97b4ffb609e13a3 041fcc5705624e72bdd978b0c2d0e7bf - - default default] 10.0.0.210 "GET /v2.0/ports?device_id=840856ab-76ab-4485-89c0-de0174ab512c HTTP/1.1" status: 200 len: 1168 time: 0.0553322
2026-05-06 06:08:11.091 9 INFO neutron.db.ovn_revision_numbers_db [None req-7db0f183-c890-416d-be0c-3d693df83156 41742ac6f2ff41539f05f286c477c4f7 1a93d4e409e64cab9eaa1f3daad9de50 - - default default] Successfully bumped revision number for resource bf438a57-77a1-4fc2-934d-884464e653ec (type: floatingips) to 0 /var/lib/openstack/lib/python3.10/site-packages/pycadf/identifier.py:71: UserWarning: Invalid uuid: neutron. To ensure interoperability, identifiers should be a valid uuid. warnings.warn(('Invalid uuid: %s. To ensure interoperability, '
2026-05-06 06:08:11.186 10 INFO neutron.wsgi [req-d312cf6b-ea2b-4308-9410-a211e406a818 req-34774557-40a7-45fc-9aa9-468fa214fa83 9fc92db56fd14aa3b97b4ffb609e13a3 041fcc5705624e72bdd978b0c2d0e7bf - - default default] 10.0.0.210 "GET /v2.0/security-groups?id=7130f3d3-ad92-420b-b979-eff5cc4ede07&fields=id&fields=name HTTP/1.1" status: 200 len: 311 time: 0.1005952
2026-05-06 06:08:11.232 9 INFO neutron.db.ovn_revision_numbers_db [None req-abbeebd0-d50e-4d66-a978-89d93b228ab9 - - - - - -] Successfully bumped revision number for resource c8aea960-fcb7-4912-ace1-5184530dbbae (type: ports) to 5
2026-05-06 06:08:11.238 9 INFO neutron.wsgi [req-7bbb3f16-a396-4493-94e4-cb5be412ae40 req-c04964fa-80d6-42d2-bbec-e965495c8714 a238ef8cbb32488283c894b7070d3528 20c20568c9f14e2cab3944b99efdf9c1 - - 37e4c56f4a5048cf8cf69f406f61be15 37e4c56f4a5048cf8cf69f406f61be15] 199.19.213.73 "GET /v2.0/ports?tenant_id=041fcc5705624e72bdd978b0c2d0e7bf&device_id=840856ab-76ab-4485-89c0-de0174ab512c HTTP/1.1" status: 200 len: 1407 time: 0.0617254
2026-05-06 06:08:11.294 9 INFO neutron.wsgi [req-7bbb3f16-a396-4493-94e4-cb5be412ae40 req-c43bf51a-cdc2-4a8e-92a2-3aefbd5e0ca1 a238ef8cbb32488283c894b7070d3528 20c20568c9f14e2cab3944b99efdf9c1 - - 37e4c56f4a5048cf8cf69f406f61be15 37e4c56f4a5048cf8cf69f406f61be15] 199.19.213.73 "GET /v2.0/floatingips?fixed_ip_address=10.100.0.6&port_id=a34d1a16-80ef-46f7-8acc-472b6f57f067 HTTP/1.1" status: 200 len: 217 time: 0.0419981
2026-05-06 06:08:11.299 10 INFO neutron.db.l3_db [req-254717dd-54f1-470e-909b-d57deae06fdc req-8177e062-22f8-4b61-b2ed-9089e6746aa7 8f6c18d9508c45108e037b0e35d7b06c 629bb505c6634731ab057b2a0575d1f4 - - default default] Floating IP 422ee3b5-b2e2-4fe2-b3b3-d257536d6362 disassociated. External IP: 10.96.250.220, port: c8aea960-fcb7-4912-ace1-5184530dbbae.
2026-05-06 06:08:11.329 9 INFO neutron.notifiers.nova [-] Nova event matching ['req-f392a947-1933-4b0c-aad6-70de55e04698'] response: {'server_uuid': 'c7b12eea-88cb-413e-9c45-ad4cee9338e0', 'name': 'network-vif-unplugged', 'status': 'completed', 'tag': 'c8aea960-fcb7-4912-ace1-5184530dbbae', 'code': 200}
2026-05-06 06:08:11.329 9 INFO neutron.notifiers.nova [-] Nova event matching ['req-f392a947-1933-4b0c-aad6-70de55e04698'] response: {'name': 'network-changed', 'server_uuid': '840856ab-76ab-4485-89c0-de0174ab512c', 'tag': 'a34d1a16-80ef-46f7-8acc-472b6f57f067', 'status': 'completed', 'code': 200}
2026-05-06 06:08:11.330 9 INFO neutron.notifiers.nova [-] Nova event matching ['req-f392a947-1933-4b0c-aad6-70de55e04698'] response: {'server_uuid': 'c7b12eea-88cb-413e-9c45-ad4cee9338e0', 'name': 'network-vif-plugged', 'status': 'completed', 'tag': 'c8aea960-fcb7-4912-ace1-5184530dbbae', 'code': 200}
2026-05-06 06:08:11.334 9 INFO neutron.db.ovn_revision_numbers_db [None req-7db0f183-c890-416d-be0c-3d693df83156 41742ac6f2ff41539f05f286c477c4f7 1a93d4e409e64cab9eaa1f3daad9de50 - - default default] Successfully bumped revision number for resource bf438a57-77a1-4fc2-934d-884464e653ec (type: floatingips) to 1
2026-05-06 06:08:11.357 9 INFO neutron.wsgi [req-7bbb3f16-a396-4493-94e4-cb5be412ae40 req-80e09e92-787d-4058-8516-5c3f680eebde a238ef8cbb32488283c894b7070d3528 20c20568c9f14e2cab3944b99efdf9c1 - - 37e4c56f4a5048cf8cf69f406f61be15 37e4c56f4a5048cf8cf69f406f61be15] 199.19.213.73 "GET /v2.0/subnets?id=8214e827-127f-44d5-b63f-0afcc4a359ae HTTP/1.1" status: 200 len: 869 time: 0.0532482 /var/lib/openstack/lib/python3.10/site-packages/pycadf/identifier.py:71: UserWarning: Invalid uuid: neutron. To ensure interoperability, identifiers should be a valid uuid. warnings.warn(('Invalid uuid: %s. To ensure interoperability, '
2026-05-06 06:08:11.403 9 INFO neutron.wsgi [req-7bbb3f16-a396-4493-94e4-cb5be412ae40 req-2b53423d-210e-4f15-bc89-24d88a57617a a238ef8cbb32488283c894b7070d3528 20c20568c9f14e2cab3944b99efdf9c1 - - 37e4c56f4a5048cf8cf69f406f61be15 37e4c56f4a5048cf8cf69f406f61be15] 199.19.213.73 "GET /v2.0/ports?network_id=7a00d8dc-8e4e-4542-8d7f-e987accdd171&device_owner=network%3Adhcp HTTP/1.1" status: 200 len: 210 time: 0.0312700
2026-05-06 06:08:11.406 9 INFO neutron.wsgi [None req-7db0f183-c890-416d-be0c-3d693df83156 41742ac6f2ff41539f05f286c477c4f7 1a93d4e409e64cab9eaa1f3daad9de50 - - default default] 10.0.0.130 "POST /v2.0/floatingips HTTP/1.1" status: 201 len: 1042 time: 2.0712759
2026-05-06 06:08:11.468 9 INFO neutron.plugins.ml2.drivers.ovn.mech_driver.mech_driver [None req-abbeebd0-d50e-4d66-a978-89d93b228ab9 - - - - - -] OVN reports status up for port: e31f3baa-f657-4cf4-9a04-210d0dd9d5aa
2026-05-06 06:08:11.500 9 INFO neutron.plugins.ml2.plugin [None req-abbeebd0-d50e-4d66-a978-89d93b228ab9 - - - - - -] Attempt 1 to provision port e31f3baa-f657-4cf4-9a04-210d0dd9d5aa
2026-05-06 06:08:11.506 9 INFO neutron.wsgi [None req-818dfab4-7b8c-41f7-94b5-2daf80a50779 41742ac6f2ff41539f05f286c477c4f7 1a93d4e409e64cab9eaa1f3daad9de50 - - default default] 10.0.0.130 "GET /v2.0/floatingips/bf438a57-77a1-4fc2-934d-884464e653ec HTTP/1.1" status: 200 len: 1039 time: 0.0892639
2026-05-06 06:08:11.527 9 INFO neutron.wsgi [req-7bbb3f16-a396-4493-94e4-cb5be412ae40 req-cc768ca1-20bf-4b96-a52c-4c2e009780f2 a238ef8cbb32488283c894b7070d3528 20c20568c9f14e2cab3944b99efdf9c1 - - 37e4c56f4a5048cf8cf69f406f61be15 37e4c56f4a5048cf8cf69f406f61be15] 199.19.213.73 "GET /v2.0/networks/7a00d8dc-8e4e-4542-8d7f-e987accdd171?fields=segments HTTP/1.1" status: 200 len: 212 time: 0.1183872
2026-05-06 06:08:11.538 10 INFO neutron.wsgi [req-254717dd-54f1-470e-909b-d57deae06fdc req-8177e062-22f8-4b61-b2ed-9089e6746aa7 8f6c18d9508c45108e037b0e35d7b06c 629bb505c6634731ab057b2a0575d1f4 - - default default] 199.19.213.73 "DELETE /v2.0/ports/c8aea960-fcb7-4912-ace1-5184530dbbae HTTP/1.1" status: 204 len: 173 time: 0.6427913
2026-05-06 06:08:11.601 10 INFO neutron.wsgi [None req-3898161d-8bf0-47dd-b852-5a5d62a182ef 41742ac6f2ff41539f05f286c477c4f7 1a93d4e409e64cab9eaa1f3daad9de50 - - default default] 10.0.0.130 "GET /v2.0/floatingips HTTP/1.1" status: 200 len: 1042 time: 0.0894957
2026-05-06 06:08:11.612 9 INFO neutron.wsgi [req-7bbb3f16-a396-4493-94e4-cb5be412ae40 req-993f78f4-602d-49a9-8829-38055a2e931d a238ef8cbb32488283c894b7070d3528 20c20568c9f14e2cab3944b99efdf9c1 - - 37e4c56f4a5048cf8cf69f406f61be15 37e4c56f4a5048cf8cf69f406f61be15] 199.19.213.73 "GET /v2.0/networks/7a00d8dc-8e4e-4542-8d7f-e987accdd171?fields=provider%3Aphysical_network&fields=provider%3Anetwork_type HTTP/1.1" status: 200 len: 277 time: 0.0790970
2026-05-06 06:08:11.663 10 INFO neutron.wsgi [req-e1f88ab8-ae10-4d19-acca-f9ea5beb443e req-ed06459d-dc65-43b5-a9c0-2ccbf932969c 8f6c18d9508c45108e037b0e35d7b06c 629bb505c6634731ab057b2a0575d1f4 - - default default] 10.0.0.210 "GET /v2.0/ports?device_id=c7b12eea-88cb-413e-9c45-ad4cee9338e0 HTTP/1.1" status: 200 len: 210 time: 0.0312645
2026-05-06 06:08:11.722 9 INFO neutron.wsgi [req-c8215e5d-07b5-419f-bafb-171c40622e14 req-8486fad6-85c8-4e19-b3cd-d769fb220341 a238ef8cbb32488283c894b7070d3528 20c20568c9f14e2cab3944b99efdf9c1 - - 37e4c56f4a5048cf8cf69f406f61be15 37e4c56f4a5048cf8cf69f406f61be15] 199.19.213.73 "GET /v2.0/ports?tenant_id=041fcc5705624e72bdd978b0c2d0e7bf&device_id=840856ab-76ab-4485-89c0-de0174ab512c HTTP/1.1" status: 200 len: 1407 time: 0.0567064
2026-05-06 06:08:11.837 9 INFO neutron.wsgi [req-c8215e5d-07b5-419f-bafb-171c40622e14 req-5bedea35-8c37-49d1-8e6d-30c7b7d59c05 a238ef8cbb32488283c894b7070d3528 20c20568c9f14e2cab3944b99efdf9c1 - - 37e4c56f4a5048cf8cf69f406f61be15 37e4c56f4a5048cf8cf69f406f61be15] 199.19.213.73 "GET /v2.0/networks?id=7a00d8dc-8e4e-4542-8d7f-e987accdd171 HTTP/1.1" status: 200 len: 974 time: 0.1069365
2026-05-06 06:08:11.874 10 INFO neutron.notifiers.nova [-] Nova event matching ['req-bba2ea42-970d-445c-9dbe-e6ce1c56f14e'] response: {'name': 'network-changed', 'server_uuid': '50c48633-3da8-4c7f-9939-019189358538', 'tag': 'e31f3baa-f657-4cf4-9a04-210d0dd9d5aa', 'status': 'completed', 'code': 200}
2026-05-06 06:08:11.875 10 INFO neutron.notifiers.nova [-] Nova event matching ['req-bba2ea42-970d-445c-9dbe-e6ce1c56f14e'] response: {'server_uuid': 'c7b12eea-88cb-413e-9c45-ad4cee9338e0', 'name': 'network-vif-deleted', 'tag': 'c8aea960-fcb7-4912-ace1-5184530dbbae', 'status': 'completed', 'code': 200}
2026-05-06 06:08:11.888 9 INFO neutron.wsgi [req-c8215e5d-07b5-419f-bafb-171c40622e14 req-ca708082-4eae-4691-90bf-9d354b25e917 a238ef8cbb32488283c894b7070d3528 20c20568c9f14e2cab3944b99efdf9c1 - - 37e4c56f4a5048cf8cf69f406f61be15 37e4c56f4a5048cf8cf69f406f61be15] 199.19.213.73 "GET /v2.0/floatingips?fixed_ip_address=10.100.0.6&port_id=a34d1a16-80ef-46f7-8acc-472b6f57f067 HTTP/1.1" status: 200 len: 217 time: 0.0428002
2026-05-06 06:08:11.968 9 INFO neutron.wsgi [req-c8215e5d-07b5-419f-bafb-171c40622e14 req-b285af0e-0e1b-48a0-98fd-511182c4cb7c a238ef8cbb32488283c894b7070d3528 20c20568c9f14e2cab3944b99efdf9c1 - - 37e4c56f4a5048cf8cf69f406f61be15 37e4c56f4a5048cf8cf69f406f61be15] 199.19.213.73 "GET /v2.0/subnets?id=8214e827-127f-44d5-b63f-0afcc4a359ae HTTP/1.1" status: 200 len: 869 time: 0.0713921
2026-05-06 06:08:11.971 10 INFO neutron.wsgi [req-a0681864-a380-42f6-bef4-116559a6a65b req-24d9053f-8203-4594-ab0d-1793552bfffd a238ef8cbb32488283c894b7070d3528 20c20568c9f14e2cab3944b99efdf9c1 - - 37e4c56f4a5048cf8cf69f406f61be15 37e4c56f4a5048cf8cf69f406f61be15] 199.19.213.73 "GET /v2.0/ports?tenant_id=e0c1c5d68a8d490bb427c559c86accab&device_id=50c48633-3da8-4c7f-9939-019189358538 HTTP/1.1" status: 200 len: 1409 time: 0.0611937
2026-05-06 06:08:12.021 9 INFO neutron.wsgi [req-c8215e5d-07b5-419f-bafb-171c40622e14 req-00fdadf6-7dfe-4d46-b269-8a9b30e05195 a238ef8cbb32488283c894b7070d3528 20c20568c9f14e2cab3944b99efdf9c1 - - 37e4c56f4a5048cf8cf69f406f61be15 37e4c56f4a5048cf8cf69f406f61be15] 199.19.213.73 "GET /v2.0/ports?network_id=7a00d8dc-8e4e-4542-8d7f-e987accdd171&device_owner=network%3Adhcp HTTP/1.1" status: 200 len: 210 time: 0.0447893
2026-05-06 06:08:12.100 9 INFO neutron.db.ovn_revision_numbers_db [None req-abbeebd0-d50e-4d66-a978-89d93b228ab9 - - - - - -] Successfully bumped revision number for resource e31f3baa-f657-4cf4-9a04-210d0dd9d5aa (type: ports) to 4
2026-05-06 06:08:12.159 9 INFO neutron.wsgi [req-c8215e5d-07b5-419f-bafb-171c40622e14 req-a1485166-53a6-4532-91d7-75f9f32f9c37 a238ef8cbb32488283c894b7070d3528 20c20568c9f14e2cab3944b99efdf9c1 - - 37e4c56f4a5048cf8cf69f406f61be15 37e4c56f4a5048cf8cf69f406f61be15] 199.19.213.73 "GET /v2.0/networks/7a00d8dc-8e4e-4542-8d7f-e987accdd171?fields=segments HTTP/1.1" status: 200 len: 212 time: 0.1202917
2026-05-06 06:08:12.334 10 INFO neutron.db.l3_db [None req-1116cd25-f4a4-40d1-b638-2961cd2cae3e 41742ac6f2ff41539f05f286c477c4f7 1a93d4e409e64cab9eaa1f3daad9de50 - - default default] Floating IP bf438a57-77a1-4fc2-934d-884464e653ec associated. External IP: 10.96.250.207, port: 65bc7c03-9bcc-48ee-92a1-2da21fc88950.
2026-05-06 06:08:12.410 10 INFO neutron.wsgi [req-a0681864-a380-42f6-bef4-116559a6a65b req-fda02468-7f49-43ed-86b0-8d068a80584a a238ef8cbb32488283c894b7070d3528 20c20568c9f14e2cab3944b99efdf9c1 - - 37e4c56f4a5048cf8cf69f406f61be15 37e4c56f4a5048cf8cf69f406f61be15] 199.19.213.73 "GET /v2.0/networks?id=b7320171-2f72-4f30-a7ec-343e20cdd15d HTTP/1.1" status: 200 len: 982 time: 0.4329062
2026-05-06 06:08:12.470 10 INFO neutron.wsgi [req-a0681864-a380-42f6-bef4-116559a6a65b req-d6cbe361-50c3-4205-b3a7-60085ec69c50 a238ef8cbb32488283c894b7070d3528 20c20568c9f14e2cab3944b99efdf9c1 - - 37e4c56f4a5048cf8cf69f406f61be15 37e4c56f4a5048cf8cf69f406f61be15] 199.19.213.73 "GET /v2.0/floatingips?fixed_ip_address=10.100.0.5&port_id=e31f3baa-f657-4cf4-9a04-210d0dd9d5aa HTTP/1.1" status: 200 len: 217 time: 0.0531957
2026-05-06 06:08:12.533 10 INFO neutron.wsgi [req-2581d0dc-4011-4b93-9b37-10ab05ff051a req-222c0ff5-05c7-479e-ad44-6ab6551874ca f5b7dc7504d24ff19739a3766817d585 e0c1c5d68a8d490bb427c559c86accab - - default default] 10.0.0.210 "GET /v2.0/ports?device_id=50c48633-3da8-4c7f-9939-019189358538 HTTP/1.1" status: 200 len: 1170 time: 0.2300599
2026-05-06 06:08:12.545 9 INFO neutron.wsgi [req-c8215e5d-07b5-419f-bafb-171c40622e14 req-8f6da446-458e-4cf1-8933-b7ab405e8e3d a238ef8cbb32488283c894b7070d3528 20c20568c9f14e2cab3944b99efdf9c1 - - 37e4c56f4a5048cf8cf69f406f61be15 37e4c56f4a5048cf8cf69f406f61be15] 199.19.213.73 "GET /v2.0/networks/7a00d8dc-8e4e-4542-8d7f-e987accdd171?fields=provider%3Aphysical_network&fields=provider%3Anetwork_type HTTP/1.1" status: 200 len: 277 time: 0.3765457
2026-05-06 06:08:12.566 10 INFO neutron.wsgi [req-a0681864-a380-42f6-bef4-116559a6a65b req-d218bca6-9c51-44cb-80d3-7a55af4c1eb9 a238ef8cbb32488283c894b7070d3528 20c20568c9f14e2cab3944b99efdf9c1 - - 37e4c56f4a5048cf8cf69f406f61be15 37e4c56f4a5048cf8cf69f406f61be15] 199.19.213.73 "GET /v2.0/subnets?id=2a888abc-0d0a-4d42-9b1f-3873758f091c HTTP/1.1" status: 200 len: 877 time: 0.0890346
2026-05-06 06:08:12.578 10 INFO neutron.wsgi [req-9905c154-cbd7-4623-87ba-ec8d598c2cc7 req-2867a11a-8420-4b65-8370-8edea8d6d5bd 9fc92db56fd14aa3b97b4ffb609e13a3 041fcc5705624e72bdd978b0c2d0e7bf - - default default] 10.0.0.210 "GET /v2.0/ports?device_id=840856ab-76ab-4485-89c0-de0174ab512c HTTP/1.1" status: 200 len: 1168 time: 0.2719667
2026-05-06 06:08:12.614 10 INFO neutron.wsgi [req-a0681864-a380-42f6-bef4-116559a6a65b req-7bce606f-e63c-42f5-b0cb-5532e69dfd2c a238ef8cbb32488283c894b7070d3528 20c20568c9f14e2cab3944b99efdf9c1 - - 37e4c56f4a5048cf8cf69f406f61be15 37e4c56f4a5048cf8cf69f406f61be15] 199.19.213.73 "GET /v2.0/ports?network_id=b7320171-2f72-4f30-a7ec-343e20cdd15d&device_owner=network%3Adhcp HTTP/1.1" status: 200 len: 210 time: 0.0329375
2026-05-06 06:08:12.646 10 INFO neutron.wsgi [req-2581d0dc-4011-4b93-9b37-10ab05ff051a req-c363beaa-e0a1-41cd-b203-430396b68398 f5b7dc7504d24ff19739a3766817d585 e0c1c5d68a8d490bb427c559c86accab - - default default] 10.0.0.210 "GET /v2.0/security-groups?id=4b034151-a66d-422d-aa15-cc6f28876875&fields=id&fields=name HTTP/1.1" status: 200 len: 313 time: 0.1062696
2026-05-06 06:08:12.682 10 INFO neutron.wsgi [req-9905c154-cbd7-4623-87ba-ec8d598c2cc7 req-b4c19c96-67aa-4a40-bf0c-7db7dbb1b41b 9fc92db56fd14aa3b97b4ffb609e13a3 041fcc5705624e72bdd978b0c2d0e7bf - - default default] 10.0.0.210 "GET /v2.0/security-groups?id=7130f3d3-ad92-420b-b979-eff5cc4ede07&fields=id&fields=name HTTP/1.1" status: 200 len: 311 time: 0.0966508
