2026-05-06 06:13:25.825 10 INFO neutron.wsgi [req-2aaa2f9e-a667-4255-a724-605b0798b582 req-8d276ddf-320b-4cf5-b21e-f818df36db70 a238ef8cbb32488283c894b7070d3528 20c20568c9f14e2cab3944b99efdf9c1 - - 37e4c56f4a5048cf8cf69f406f61be15 37e4c56f4a5048cf8cf69f406f61be15] 199.19.213.73 "GET /v2.0/networks/775e36c6-95f8-4a61-9c43-7ed7bf643b32?fields=provider%3Aphysical_network&fields=provider%3Anetwork_type HTTP/1.1" status: 200 len: 277 time: 0.1036379
2026-05-06 06:13:25.838 10 INFO neutron.db.ovn_revision_numbers_db [None req-72f4b3a0-d16b-4a24-9baf-cacc5119d259 c3ec27f09def4005ae0f95a4237e8586 10eec093c3ba433b8ebc72ca220d22e5 - - default default] Successfully bumped revision number for resource 12d36275-ac8d-4b21-8921-f2323bc3061a (type: ports) to 2
2026-05-06 06:13:25.894 10 INFO neutron.db.ovn_revision_numbers_db [None req-72f4b3a0-d16b-4a24-9baf-cacc5119d259 c3ec27f09def4005ae0f95a4237e8586 10eec093c3ba433b8ebc72ca220d22e5 - - default default] Successfully bumped revision number for resource 4c6dd85f-96fd-4b09-9b3b-f3862122627e (type: subnets) to 0
2026-05-06 06:13:25.910 10 INFO neutron.wsgi [None req-72f4b3a0-d16b-4a24-9baf-cacc5119d259 c3ec27f09def4005ae0f95a4237e8586 10eec093c3ba433b8ebc72ca220d22e5 - - default default] 10.0.0.130 "POST /v2.0/subnets HTTP/1.1" status: 201 len: 804 time: 1.4937069
2026-05-06 06:13:25.931 10 WARNING neutron_lib.context [None req-ddf368c5-1c4b-43a6-9e5f-366f2785836d c3ec27f09def4005ae0f95a4237e8586 10eec093c3ba433b8ebc72ca220d22e5 - - default default] Method 'is_advsvc' is deprecated since 2023.2 release (neutron-lib 3.8.0) and will be removed once support for the old RBAC API policies will be removed from Neutron. Please use method 'is_service_role' instead.
2026-05-06 06:13:26.001 10 INFO neutron.db.segments_db [None req-ddf368c5-1c4b-43a6-9e5f-366f2785836d c3ec27f09def4005ae0f95a4237e8586 10eec093c3ba433b8ebc72ca220d22e5 - - default default] Added segment ca1ae87c-9ca5-40c1-8e72-a4028c80ebf7 of type geneve for network 949765ad-56ae-4132-bed1-a5dd013df2d0
2026-05-06 06:13:26.050 10 INFO neutron.notifiers.nova [-] Nova event matching ['req-a19d2540-5258-457d-a8c1-48f5d5b1bfd9'] response: {'server_uuid': 'f9b21828-198d-4653-a631-f37c0590698b', 'name': 'network-vif-plugged', 'status': 'completed', 'tag': '26d6a377-c47f-4320-9f39-d16b482d710f', 'code': 200}
2026-05-06 06:13:26.050 10 INFO neutron.notifiers.nova [-] Nova event matching ['req-a19d2540-5258-457d-a8c1-48f5d5b1bfd9'] response: {'server_uuid': 'f9b21828-198d-4653-a631-f37c0590698b', 'name': 'network-vif-deleted', 'tag': '26d6a377-c47f-4320-9f39-d16b482d710f', 'status': 'completed', 'code': 200}
2026-05-06 06:13:26.152 10 INFO neutron.db.ovn_revision_numbers_db [None req-ddf368c5-1c4b-43a6-9e5f-366f2785836d c3ec27f09def4005ae0f95a4237e8586 10eec093c3ba433b8ebc72ca220d22e5 - - default default] Successfully bumped revision number for resource 949765ad-56ae-4132-bed1-a5dd013df2d0 (type: networks) to 1
2026-05-06 06:13:26.354 10 WARNING neutron.scheduler.dhcp_agent_scheduler [None req-ddf368c5-1c4b-43a6-9e5f-366f2785836d c3ec27f09def4005ae0f95a4237e8586 10eec093c3ba433b8ebc72ca220d22e5 - - default default] No more DHCP agents
2026-05-06 06:13:26.356 10 WARNING neutron.api.rpc.agentnotifiers.dhcp_rpc_agent_api [None req-ddf368c5-1c4b-43a6-9e5f-366f2785836d c3ec27f09def4005ae0f95a4237e8586 10eec093c3ba433b8ebc72ca220d22e5 - - default default] Unable to schedule network 949765ad-56ae-4132-bed1-a5dd013df2d0: no agents available; will retry on subsequent port and subnet creation events.
2026-05-06 06:13:26.445 10 INFO neutron.db.ovn_revision_numbers_db [None req-ddf368c5-1c4b-43a6-9e5f-366f2785836d c3ec27f09def4005ae0f95a4237e8586 10eec093c3ba433b8ebc72ca220d22e5 - - default default] Successfully bumped revision number for resource 5a21d9e6-ae8d-49f2-853a-947b78b9b556 (type: ports) to 1
2026-05-06 06:13:26.469 10 INFO neutron.wsgi [None req-ddf368c5-1c4b-43a6-9e5f-366f2785836d c3ec27f09def4005ae0f95a4237e8586 10eec093c3ba433b8ebc72ca220d22e5 - - default default] 10.0.0.130 "POST /v2.0/networks HTTP/1.1" status: 201 len: 830 time: 0.5412226
2026-05-06 06:13:26.478 10 WARNING neutron_lib.context [None req-6314c52f-6b4a-43cd-8267-0c653dc31c90 c3ec27f09def4005ae0f95a4237e8586 10eec093c3ba433b8ebc72ca220d22e5 - - default default] Method 'is_advsvc' is deprecated since 2023.2 release (neutron-lib 3.8.0) and will be removed once support for the old RBAC API policies will be removed from Neutron. Please use method 'is_service_role' instead.
2026-05-06 06:13:26.707 10 WARNING neutron.scheduler.dhcp_agent_scheduler [None req-6314c52f-6b4a-43cd-8267-0c653dc31c90 c3ec27f09def4005ae0f95a4237e8586 10eec093c3ba433b8ebc72ca220d22e5 - - default default] No more DHCP agents
2026-05-06 06:13:26.709 10 WARNING neutron.api.rpc.agentnotifiers.dhcp_rpc_agent_api [None req-6314c52f-6b4a-43cd-8267-0c653dc31c90 c3ec27f09def4005ae0f95a4237e8586 10eec093c3ba433b8ebc72ca220d22e5 - - default default] Unable to schedule network 949765ad-56ae-4132-bed1-a5dd013df2d0: no agents available; will retry on subsequent port and subnet creation events.
2026-05-06 06:13:27.228 10 INFO neutron.db.ovn_revision_numbers_db [None req-6314c52f-6b4a-43cd-8267-0c653dc31c90 c3ec27f09def4005ae0f95a4237e8586 10eec093c3ba433b8ebc72ca220d22e5 - - default default] Successfully bumped revision number for resource 5a21d9e6-ae8d-49f2-853a-947b78b9b556 (type: ports) to 2
2026-05-06 06:13:27.261 10 INFO neutron.db.ovn_revision_numbers_db [None req-6314c52f-6b4a-43cd-8267-0c653dc31c90 c3ec27f09def4005ae0f95a4237e8586 10eec093c3ba433b8ebc72ca220d22e5 - - default default] Successfully bumped revision number for resource 4d81ddfa-34d2-46e5-a652-3ec038a17474 (type: subnets) to 0
2026-05-06 06:13:27.279 10 INFO neutron.wsgi [None req-6314c52f-6b4a-43cd-8267-0c653dc31c90 c3ec27f09def4005ae0f95a4237e8586 10eec093c3ba433b8ebc72ca220d22e5 - - default default] 10.0.0.130 "POST /v2.0/subnets HTTP/1.1" status: 201 len: 804 time: 0.8056343
2026-05-06 06:13:27.290 10 WARNING neutron_lib.context [None req-55d82a45-1469-4391-9c7f-d02ec10c8c96 c3ec27f09def4005ae0f95a4237e8586 10eec093c3ba433b8ebc72ca220d22e5 - - default default] Method 'is_advsvc' is deprecated since 2023.2 release (neutron-lib 3.8.0) and will be removed once support for the old RBAC API policies will be removed from Neutron. Please use method 'is_service_role' instead.
2026-05-06 06:13:27.378 10 INFO neutron.db.segments_db [None req-55d82a45-1469-4391-9c7f-d02ec10c8c96 c3ec27f09def4005ae0f95a4237e8586 10eec093c3ba433b8ebc72ca220d22e5 - - default default] Added segment 670b53d6-76c8-4bc8-8378-31aae24ffd29 of type geneve for network d103aeb6-f35c-4c09-91ee-41c3e3da6aff
2026-05-06 06:13:27.536 10 INFO neutron.db.ovn_revision_numbers_db [None req-55d82a45-1469-4391-9c7f-d02ec10c8c96 c3ec27f09def4005ae0f95a4237e8586 10eec093c3ba433b8ebc72ca220d22e5 - - default default] Successfully bumped revision number for resource d103aeb6-f35c-4c09-91ee-41c3e3da6aff (type: networks) to 1
2026-05-06 06:13:27.725 10 WARNING neutron.scheduler.dhcp_agent_scheduler [None req-55d82a45-1469-4391-9c7f-d02ec10c8c96 c3ec27f09def4005ae0f95a4237e8586 10eec093c3ba433b8ebc72ca220d22e5 - - default default] No more DHCP agents
2026-05-06 06:13:27.732 10 WARNING neutron.api.rpc.agentnotifiers.dhcp_rpc_agent_api [None req-55d82a45-1469-4391-9c7f-d02ec10c8c96 c3ec27f09def4005ae0f95a4237e8586 10eec093c3ba433b8ebc72ca220d22e5 - - default default] Unable to schedule network d103aeb6-f35c-4c09-91ee-41c3e3da6aff: no agents available; will retry on subsequent port and subnet creation events.
2026-05-06 06:13:27.784 9 INFO neutron.wsgi [None req-65edbf4d-317a-454f-a918-beb4de67ff42 ca89b9242353463790d86e73147b14ab f7a7fcbf79c64ad8bdb5a244cd81c59a - - default default] 199.19.213.73 "GET /v2.0/extensions/security-group HTTP/1.1" status: 200 len: 369 time: 0.0055933
2026-05-06 06:13:27.796 9 INFO neutron.wsgi [None req-d45ec420-8c54-4965-95af-b6f42410a446 ca89b9242353463790d86e73147b14ab f7a7fcbf79c64ad8bdb5a244cd81c59a - - default default] 199.19.213.73 "GET /v2.0/extensions/dns-integration HTTP/1.1" status: 200 len: 371 time: 0.0043094
2026-05-06 06:13:27.809 9 INFO neutron.wsgi [None req-1a447618-4abe-45fb-9775-83ac1f679ade ca89b9242353463790d86e73147b14ab f7a7fcbf79c64ad8bdb5a244cd81c59a - - default default] 199.19.213.73 "GET /v2.0/extensions/qos HTTP/1.1" status: 200 len: 365 time: 0.0090904
2026-05-06 06:13:27.818 10 INFO neutron.db.ovn_revision_numbers_db [None req-55d82a45-1469-4391-9c7f-d02ec10c8c96 c3ec27f09def4005ae0f95a4237e8586 10eec093c3ba433b8ebc72ca220d22e5 - - default default] Successfully bumped revision number for resource cbdd59f1-ef2f-45f0-a05d-3dca0cc001c5 (type: ports) to 1
2026-05-06 06:13:27.820 9 INFO neutron.wsgi [None req-a7388392-fcf3-4223-a4fa-3c5cce14cbfe ca89b9242353463790d86e73147b14ab f7a7fcbf79c64ad8bdb5a244cd81c59a - - default default] 199.19.213.73 "GET /v2.0/extensions/allowed-address-pairs HTTP/1.1" status: 200 len: 383 time: 0.0068088
2026-05-06 06:13:27.844 10 INFO neutron.wsgi [None req-55d82a45-1469-4391-9c7f-d02ec10c8c96 c3ec27f09def4005ae0f95a4237e8586 10eec093c3ba433b8ebc72ca220d22e5 - - default default] 10.0.0.130 "POST /v2.0/networks HTTP/1.1" status: 201 len: 831 time: 0.5588477
2026-05-06 06:13:27.855 10 WARNING neutron_lib.context [None req-7409592c-370b-4275-8f71-31915f313216 c3ec27f09def4005ae0f95a4237e8586 10eec093c3ba433b8ebc72ca220d22e5 - - default default] Method 'is_advsvc' is deprecated since 2023.2 release (neutron-lib 3.8.0) and will be removed once support for the old RBAC API policies will be removed from Neutron. Please use method 'is_service_role' instead.
2026-05-06 06:13:27.881 9 INFO neutron.wsgi [None req-d223cc24-be14-4b2d-b3f9-3a7f7f0b8d8a ca89b9242353463790d86e73147b14ab f7a7fcbf79c64ad8bdb5a244cd81c59a - - default default] 199.19.213.73 "GET /v2.0/ports?device_id=f9b21828-198d-4653-a631-f37c0590698b HTTP/1.1" status: 200 len: 3922 time: 0.0549934
2026-05-06 06:13:28.035 9 INFO neutron.wsgi [None req-6081973d-0bfd-4550-b8ec-626ad81abe9c ca89b9242353463790d86e73147b14ab f7a7fcbf79c64ad8bdb5a244cd81c59a - - default default] 199.19.213.73 "GET /v2.0/extensions/security-group HTTP/1.1" status: 200 len: 369 time: 0.0082059
2026-05-06 06:13:28.045 9 INFO neutron.wsgi [None req-628c4ddb-11ad-4c70-b273-c77467377368 ca89b9242353463790d86e73147b14ab f7a7fcbf79c64ad8bdb5a244cd81c59a - - default default] 199.19.213.73 "GET /v2.0/extensions/dns-integration HTTP/1.1" status: 200 len: 371 time: 0.0048215
2026-05-06 06:13:28.054 9 INFO neutron.wsgi [None req-bd8593fb-6ce6-43ff-b130-6524d6f9399b ca89b9242353463790d86e73147b14ab f7a7fcbf79c64ad8bdb5a244cd81c59a - - default default] 199.19.213.73 "GET /v2.0/extensions/qos HTTP/1.1" status: 200 len: 365 time: 0.0050297
2026-05-06 06:13:28.065 9 INFO neutron.wsgi [None req-3db6406b-bb13-47c8-a438-f46b12407abb ca89b9242353463790d86e73147b14ab f7a7fcbf79c64ad8bdb5a244cd81c59a - - default default] 199.19.213.73 "GET /v2.0/extensions/allowed-address-pairs HTTP/1.1" status: 200 len: 383 time: 0.0059023
2026-05-06 06:13:28.092 10 WARNING neutron.scheduler.dhcp_agent_scheduler [None req-7409592c-370b-4275-8f71-31915f313216 c3ec27f09def4005ae0f95a4237e8586 10eec093c3ba433b8ebc72ca220d22e5 - - default default] No more DHCP agents
2026-05-06 06:13:28.095 10 WARNING neutron.api.rpc.agentnotifiers.dhcp_rpc_agent_api [None req-7409592c-370b-4275-8f71-31915f313216 c3ec27f09def4005ae0f95a4237e8586 10eec093c3ba433b8ebc72ca220d22e5 - - default default] Unable to schedule network d103aeb6-f35c-4c09-91ee-41c3e3da6aff: no agents available; will retry on subsequent port and subnet creation events.
2026-05-06 06:13:28.111 9 INFO neutron.wsgi [None req-2397b3c5-cbf6-437d-afa1-4673b154a98e ca89b9242353463790d86e73147b14ab f7a7fcbf79c64ad8bdb5a244cd81c59a - - default default] 199.19.213.73 "GET /v2.0/ports/3c6737ff-ffd8-4cd3-955e-5c7cd7a361cc HTTP/1.1" status: 200 len: 1406 time: 0.0419126
2026-05-06 06:13:28.290 10 INFO neutron.wsgi [None req-f1ddbeb7-cfce-4c54-9e17-f939b84cacab ca89b9242353463790d86e73147b14ab f7a7fcbf79c64ad8bdb5a244cd81c59a - - default default] 10.0.0.35 "GET /v2.0/floatingips HTTP/1.1" status: 200 len: 2765 time: 0.1343331
2026-05-06 06:13:28.577 10 INFO neutron.wsgi [None req-ced4bc75-4858-4ade-976a-2b0da53c52df ca89b9242353463790d86e73147b14ab f7a7fcbf79c64ad8bdb5a244cd81c59a - - default default] 10.0.0.35 "GET /v2.0/subnets HTTP/1.1" status: 200 len: 8557 time: 0.2852552
2026-05-06 06:13:28.701 10 INFO neutron.wsgi [None req-7d05c5a3-67e4-40b6-ab9d-1675603f7f64 ca89b9242353463790d86e73147b14ab f7a7fcbf79c64ad8bdb5a244cd81c59a - - default default] 10.0.0.35 "GET /v2.0/routers HTTP/1.1" status: 200 len: 849 time: 0.1210561
2026-05-06 06:13:28.724 10 INFO neutron.wsgi [None req-1171cc80-4ccf-4e3a-93ed-243fea00c7d7 ca89b9242353463790d86e73147b14ab f7a7fcbf79c64ad8bdb5a244cd81c59a - - default default] 10.0.0.35 "GET /v2.0/agents?binary=ovn-controller HTTP/1.1" status: 200 len: 591 time: 0.0205865
2026-05-06 06:13:28.741 10 INFO neutron.wsgi [None req-e5f44c13-5a20-47b7-bba9-0e8ab065697b ca89b9242353463790d86e73147b14ab f7a7fcbf79c64ad8bdb5a244cd81c59a - - default default] 10.0.0.35 "GET /v2.0/agents HTTP/1.1" status: 200 len: 997 time: 0.0147848
2026-05-06 06:13:28.776 10 INFO neutron.wsgi [None req-29b9244e-68af-4af5-9585-c17d4f90a40c ca89b9242353463790d86e73147b14ab f7a7fcbf79c64ad8bdb5a244cd81c59a - - default default] 10.0.0.35 "GET /v2.0/network-ip-availabilities HTTP/1.1" status: 200 len: 5438 time: 0.0264132
2026-05-06 06:13:28.901 10 INFO neutron.wsgi [None req-9419a774-0158-452c-ad6b-0c69197debff ca89b9242353463790d86e73147b14ab f7a7fcbf79c64ad8bdb5a244cd81c59a - - default default] 10.0.0.35 "GET /v2.0/networks HTTP/1.1" status: 200 len: 8441 time: 0.1197171
2026-05-06 06:13:28.984 10 INFO neutron.wsgi [None req-d14e5e86-b3e7-4148-8877-4e54910b6029 ca89b9242353463790d86e73147b14ab f7a7fcbf79c64ad8bdb5a244cd81c59a - - default default] 10.0.0.35 "GET /v2.0/security-groups HTTP/1.1" status: 200 len: 33011 time: 0.0782189
2026-05-06 06:13:28.988 9 INFO neutron.db.ovn_revision_numbers_db [None req-331bcb3f-788d-40d1-959f-e903c0dd099d ca89b9242353463790d86e73147b14ab f7a7fcbf79c64ad8bdb5a244cd81c59a - - default default] Successfully bumped revision number for resource 3c6737ff-ffd8-4cd3-955e-5c7cd7a361cc (type: ports) to 6
2026-05-06 06:13:29.000 9 INFO neutron.wsgi [None req-331bcb3f-788d-40d1-959f-e903c0dd099d ca89b9242353463790d86e73147b14ab f7a7fcbf79c64ad8bdb5a244cd81c59a - - default default] 199.19.213.73 "PUT /v2.0/ports/3c6737ff-ffd8-4cd3-955e-5c7cd7a361cc HTTP/1.1" status: 200 len: 1203 time: 0.8808773 /var/lib/openstack/lib/python3.10/site-packages/pycadf/identifier.py:71: UserWarning: Invalid uuid: neutron. To ensure interoperability, identifiers should be a valid uuid. warnings.warn(('Invalid uuid: %s. To ensure interoperability, '
2026-05-06 06:13:29.047 9 INFO neutron.notifiers.nova [-] Nova event matching ['req-ed6c0aca-e399-47a7-baca-51f322568709'] response: {'name': 'network-changed', 'server_uuid': 'f9b21828-198d-4653-a631-f37c0590698b', 'tag': '3c6737ff-ffd8-4cd3-955e-5c7cd7a361cc', 'status': 'completed', 'code': 200}
2026-05-06 06:13:29.073 9 INFO neutron.wsgi [None req-6e96b3cb-b3d8-4fb8-a09b-31604cd7cc7c ca89b9242353463790d86e73147b14ab f7a7fcbf79c64ad8bdb5a244cd81c59a - - default default] 199.19.213.73 "GET /v2.0/networks/775e36c6-95f8-4a61-9c43-7ed7bf643b32 HTTP/1.1" status: 200 len: 1000 time: 0.0670094
2026-05-06 06:13:29.123 10 INFO neutron.wsgi [None req-4cd3d835-628f-411b-a748-af8f25dbb20b ca89b9242353463790d86e73147b14ab f7a7fcbf79c64ad8bdb5a244cd81c59a - - default default] 10.0.0.35 "GET /v2.0/ports HTTP/1.1" status: 200 len: 28508 time: 0.1179097
2026-05-06 06:13:29.132 9 INFO neutron.wsgi [None req-87d58b46-87bd-49a5-b2c0-b86ca8010243 ca89b9242353463790d86e73147b14ab f7a7fcbf79c64ad8bdb5a244cd81c59a - - default default] 199.19.213.73 "GET /v2.0/ports?device_id=f9b21828-198d-4653-a631-f37c0590698b HTTP/1.1" status: 200 len: 3747 time: 0.0529504
2026-05-06 06:13:29.190 10 INFO neutron.wsgi [req-3a9584cb-6c55-41d4-8815-a713fb84f358 req-046daf22-20ee-4257-afa2-11f54749c7c2 a238ef8cbb32488283c894b7070d3528 20c20568c9f14e2cab3944b99efdf9c1 - - 37e4c56f4a5048cf8cf69f406f61be15 37e4c56f4a5048cf8cf69f406f61be15] 199.19.213.73 "GET /v2.0/ports?tenant_id=f7a7fcbf79c64ad8bdb5a244cd81c59a&device_id=f9b21828-198d-4653-a631-f37c0590698b HTTP/1.1" status: 200 len: 3747 time: 0.0665636
2026-05-06 06:13:29.215 10 INFO neutron.wsgi [None req-11e17647-79d4-4ee3-b7a1-014dabd92e55 ca89b9242353463790d86e73147b14ab f7a7fcbf79c64ad8bdb5a244cd81c59a - - default default] 10.0.0.35 "GET /v2.0/subnets HTTP/1.1" status: 200 len: 8557 time: 0.0714104
2026-05-06 06:13:29.218 10 INFO neutron.db.ovn_revision_numbers_db [None req-7409592c-370b-4275-8f71-31915f313216 c3ec27f09def4005ae0f95a4237e8586 10eec093c3ba433b8ebc72ca220d22e5 - - default default] Successfully bumped revision number for resource cbdd59f1-ef2f-45f0-a05d-3dca0cc001c5 (type: ports) to 2
2026-05-06 06:13:29.240 10 INFO neutron.wsgi [None req-f6047ae7-1aea-420a-b827-48b7f9e357c8 ca89b9242353463790d86e73147b14ab f7a7fcbf79c64ad8bdb5a244cd81c59a - - default default] 10.0.0.35 "GET /v2.0/subnetpools HTTP/1.1" status: 200 len: 193 time: 0.0141356
2026-05-06 06:13:29.255 9 INFO neutron.wsgi [None req-a9981020-b337-456d-a49e-91756022b80b ca89b9242353463790d86e73147b14ab f7a7fcbf79c64ad8bdb5a244cd81c59a - - default default] 199.19.213.73 "GET /v2.0/ports?device_id=f9b21828-198d-4653-a631-f37c0590698b HTTP/1.1" status: 200 len: 3747 time: 0.0539174
2026-05-06 06:13:29.284 10 INFO neutron.wsgi [req-3a9584cb-6c55-41d4-8815-a713fb84f358 req-de84f9c3-57e8-412b-a35f-c286261171ad a238ef8cbb32488283c894b7070d3528 20c20568c9f14e2cab3944b99efdf9c1 - - 37e4c56f4a5048cf8cf69f406f61be15 37e4c56f4a5048cf8cf69f406f61be15] 199.19.213.73 "GET /v2.0/networks?id=775e36c6-95f8-4a61-9c43-7ed7bf643b32 HTTP/1.1" status: 200 len: 1003 time: 0.0680511
2026-05-06 06:13:29.285 10 INFO neutron.db.ovn_revision_numbers_db [None req-7409592c-370b-4275-8f71-31915f313216 c3ec27f09def4005ae0f95a4237e8586 10eec093c3ba433b8ebc72ca220d22e5 - - default default] Successfully bumped revision number for resource e571ff0a-48ca-4510-8105-718cdd8a234a (type: subnets) to 0
2026-05-06 06:13:29.304 10 INFO neutron.wsgi [None req-7409592c-370b-4275-8f71-31915f313216 c3ec27f09def4005ae0f95a4237e8586 10eec093c3ba433b8ebc72ca220d22e5 - - default default] 10.0.0.130 "POST /v2.0/subnets HTTP/1.1" status: 201 len: 804 time: 1.4542861
2026-05-06 06:13:29.348 10 INFO neutron.wsgi [req-3a9584cb-6c55-41d4-8815-a713fb84f358 req-4702225a-33bc-413b-a4de-9c553280a54d a238ef8cbb32488283c894b7070d3528 20c20568c9f14e2cab3944b99efdf9c1 - - 37e4c56f4a5048cf8cf69f406f61be15 37e4c56f4a5048cf8cf69f406f61be15] 199.19.213.73 "GET /v2.0/networks/775e36c6-95f8-4a61-9c43-7ed7bf643b32?fields=segments HTTP/1.1" status: 200 len: 212 time: 0.0536547
2026-05-06 06:13:29.396 9 INFO neutron.wsgi [None req-9c29f62f-b5e1-4e54-8c0f-22fc32a2c5b9 c3ec27f09def4005ae0f95a4237e8586 10eec093c3ba433b8ebc72ca220d22e5 - - default default] 10.0.0.130 "PUT /v2.0/subnets/db20e300-188c-48b1-9f28-8dad3abe673b/tags HTTP/1.1" status: 200 len: 210 time: 0.0843675
2026-05-06 06:13:29.425 10 INFO neutron.wsgi [req-3a9584cb-6c55-41d4-8815-a713fb84f358 req-e68da888-d007-45a8-aebf-f8e1f2c9246d a238ef8cbb32488283c894b7070d3528 20c20568c9f14e2cab3944b99efdf9c1 - - 37e4c56f4a5048cf8cf69f406f61be15 37e4c56f4a5048cf8cf69f406f61be15] 199.19.213.73 "GET /v2.0/networks/775e36c6-95f8-4a61-9c43-7ed7bf643b32?fields=provider%3Aphysical_network&fields=provider%3Anetwork_type HTTP/1.1" status: 200 len: 277 time: 0.0604093
2026-05-06 06:13:29.460 9 INFO neutron.wsgi [None req-df1dc163-5b67-4229-83f3-22e7bd8d7a0f c3ec27f09def4005ae0f95a4237e8586 10eec093c3ba433b8ebc72ca220d22e5 - - default default] 10.0.0.130 "PUT /v2.0/subnets/54dd9af0-6385-4985-bfac-42f8184c9541/tags HTTP/1.1" status: 200 len: 218 time: 0.0590975
2026-05-06 06:13:29.522 10 INFO neutron.plugins.ml2.drivers.ovn.mech_driver.mech_driver [None req-e3256b9d-3a67-40a3-a56b-ef7bdefb95c1 - - - - - -] OVN reports status down for port: 3c6737ff-ffd8-4cd3-955e-5c7cd7a361cc
2026-05-06 06:13:29.549 9 INFO neutron.wsgi [None req-12182727-1b8c-49b9-9a34-ffe491aab7ce c3ec27f09def4005ae0f95a4237e8586 10eec093c3ba433b8ebc72ca220d22e5 - - default default] 10.0.0.130 "PUT /v2.0/subnets/4c6dd85f-96fd-4b09-9b3b-f3862122627e/tags HTTP/1.1" status: 200 len: 227 time: 0.0819235
2026-05-06 06:13:29.650 10 INFO neutron.wsgi [req-3448b137-dcd0-40eb-9903-fc56d985d8ba req-98c3ebaf-4b61-46cd-ad24-69f66644635c a238ef8cbb32488283c894b7070d3528 20c20568c9f14e2cab3944b99efdf9c1 - - 37e4c56f4a5048cf8cf69f406f61be15 37e4c56f4a5048cf8cf69f406f61be15] 199.19.213.73 "GET /v2.0/ports/3c6737ff-ffd8-4cd3-955e-5c7cd7a361cc HTTP/1.1" status: 200 len: 1231 time: 0.0679731
2026-05-06 06:13:29.658 10 INFO neutron.wsgi [None req-42963ded-7812-448d-a754-8749d68c8ecf c3ec27f09def4005ae0f95a4237e8586 10eec093c3ba433b8ebc72ca220d22e5 - - default default] 10.0.0.130 "PUT /v2.0/subnets/4d81ddfa-34d2-46e5-a652-3ec038a17474/tags HTTP/1.1" status: 200 len: 212 time: 0.1040375
2026-05-06 06:13:29.717 10 INFO neutron.notifiers.nova [-] Nova event matching ['req-704f0734-6319-4d53-8b00-a9386fa0fa87'] response: {'server_uuid': 'f9b21828-198d-4653-a631-f37c0590698b', 'name': 'network-vif-unplugged', 'status': 'completed', 'tag': '3c6737ff-ffd8-4cd3-955e-5c7cd7a361cc', 'code': 200}
2026-05-06 06:13:29.735 9 INFO neutron.wsgi [None req-54ebd1b1-39cb-4ccb-a9ee-de368c007259 c3ec27f09def4005ae0f95a4237e8586 10eec093c3ba433b8ebc72ca220d22e5 - - default default] 10.0.0.130 "GET /v2.0/subnets?tags=red HTTP/1.1" status: 200 len: 2027 time: 0.0698535
2026-05-06 06:13:29.801 9 INFO neutron.wsgi [None req-e44d7902-1af3-45f7-8293-511ba679b3fd c3ec27f09def4005ae0f95a4237e8586 10eec093c3ba433b8ebc72ca220d22e5 - - default default] 10.0.0.130 "GET /v2.0/subnets?tags=red%2Cblue HTTP/1.1" status: 200 len: 1430 time: 0.0608244
2026-05-06 06:13:29.862 9 INFO neutron.wsgi [None req-fa79f4fd-06e4-465a-8526-372a2ee249c0 c3ec27f09def4005ae0f95a4237e8586 10eec093c3ba433b8ebc72ca220d22e5 - - default default] 10.0.0.130 "GET /v2.0/subnets?tags-any=blue HTTP/1.1" status: 200 len: 1430 time: 0.0564053
2026-05-06 06:13:30.172 10 INFO neutron.wsgi [None req-ad138503-4c79-4fb3-b810-311be62ef27a c3ec27f09def4005ae0f95a4237e8586 10eec093c3ba433b8ebc72ca220d22e5 - - default default] 10.0.0.130 "GET /v2.0/subnets?tags-any=red%2Cblue HTTP/1.1" status: 200 len: 2027 time: 0.3023076
2026-05-06 06:13:30.178 10 INFO neutron.db.ovn_revision_numbers_db [None req-e3256b9d-3a67-40a3-a56b-ef7bdefb95c1 - - - - - -] Successfully bumped revision number for resource 3c6737ff-ffd8-4cd3-955e-5c7cd7a361cc (type: ports) to 7
2026-05-06 06:13:30.247 10 INFO neutron.wsgi [None req-29ce71fc-f3dd-45be-adf8-3e0bebfdbd22 c3ec27f09def4005ae0f95a4237e8586 10eec093c3ba433b8ebc72ca220d22e5 - - default default] 10.0.0.130 "GET /v2.0/subnets?not-tags=red HTTP/1.1" status: 200 len: 2018 time: 0.0678134
2026-05-06 06:13:30.272 10 INFO neutron.wsgi [req-3448b137-dcd0-40eb-9903-fc56d985d8ba req-f798f106-8b67-4370-b61a-4343edc3d2d3 ca89b9242353463790d86e73147b14ab f7a7fcbf79c64ad8bdb5a244cd81c59a - - default default] 199.19.213.73 "DELETE /v2.0/ports/3c6737ff-ffd8-4cd3-955e-5c7cd7a361cc HTTP/1.1" status: 204 len: 173 time: 0.6190991
2026-05-06 06:13:30.353 9 INFO neutron.wsgi [None req-c86188cf-9b4b-435d-ad54-8e36cba8beb8 c3ec27f09def4005ae0f95a4237e8586 10eec093c3ba433b8ebc72ca220d22e5 - - default default] 10.0.0.130 "GET /v2.0/subnets?not-tags=red%2Cblue HTTP/1.1" status: 200 len: 2615 time: 0.0984023
2026-05-06 06:13:30.366 9 INFO neutron.wsgi [None req-e5c70685-973f-456f-9faa-56ce918a06e8 ca89b9242353463790d86e73147b14ab f7a7fcbf79c64ad8bdb5a244cd81c59a - - default default] 199.19.213.73 "GET /v2.0/ports?device_id=f9b21828-198d-4653-a631-f37c0590698b HTTP/1.1" status: 200 len: 2724 time: 0.0977151
2026-05-06 06:13:30.385 10 INFO neutron.wsgi [req-3448b137-dcd0-40eb-9903-fc56d985d8ba req-a3583450-30e2-4998-bffe-cd050361d445 a238ef8cbb32488283c894b7070d3528 20c20568c9f14e2cab3944b99efdf9c1 - - 37e4c56f4a5048cf8cf69f406f61be15 37e4c56f4a5048cf8cf69f406f61be15] 199.19.213.73 "GET /v2.0/ports?tenant_id=f7a7fcbf79c64ad8bdb5a244cd81c59a&device_id=f9b21828-198d-4653-a631-f37c0590698b HTTP/1.1" status: 200 len: 2724 time: 0.0531282
2026-05-06 06:13:30.412 9 INFO neutron.pecan_wsgi.hooks.translation [None req-870d94c0-d566-4e64-a077-a86b612671a7 ca89b9242353463790d86e73147b14ab f7a7fcbf79c64ad8bdb5a244cd81c59a - - default default] DELETE failed (client error): The resource could not be found.
2026-05-06 06:13:30.414 9 INFO neutron.wsgi [None req-870d94c0-d566-4e64-a077-a86b612671a7 ca89b9242353463790d86e73147b14ab f7a7fcbf79c64ad8bdb5a244cd81c59a - - default default] 199.19.213.73 "DELETE /v2.0/ports/3c6737ff-ffd8-4cd3-955e-5c7cd7a361cc HTTP/1.1" status: 404 len: 338 time: 0.0299530
2026-05-06 06:13:30.439 9 INFO neutron.wsgi [None req-b6771424-4463-4b56-aa90-f851c582ae30 c3ec27f09def4005ae0f95a4237e8586 10eec093c3ba433b8ebc72ca220d22e5 - - default default] 10.0.0.130 "GET /v2.0/subnets?not-tags-any=blue HTTP/1.1" status: 200 len: 2615 time: 0.0702066
2026-05-06 06:13:30.466 10 INFO neutron.wsgi [req-3448b137-dcd0-40eb-9903-fc56d985d8ba req-af35921e-6e1a-466e-b68c-2c929a8193fa a238ef8cbb32488283c894b7070d3528 20c20568c9f14e2cab3944b99efdf9c1 - - 37e4c56f4a5048cf8cf69f406f61be15 37e4c56f4a5048cf8cf69f406f61be15] 199.19.213.73 "GET /v2.0/networks?id=792a7ad5-6cd5-4c53-b1fd-0e57c8270d79&id=336701c1-ba98-40d1-9703-d72760456507&id=775e36c6-95f8-4a61-9c43-7ed7bf643b32 HTTP/1.1" status: 200 len: 2519 time: 0.0755713
2026-05-06 06:13:30.487 9 INFO neutron.wsgi [None req-c4991310-783b-441a-9265-7d33afa0ad09 c3ec27f09def4005ae0f95a4237e8586 10eec093c3ba433b8ebc72ca220d22e5 - - default default] 10.0.0.130 "GET /v2.0/subnets?not-tags-any=red%2Cblue HTTP/1.1" status: 200 len: 2018 time: 0.0417678
2026-05-06 06:13:30.496 10 INFO neutron.wsgi [req-3448b137-dcd0-40eb-9903-fc56d985d8ba req-ed2ce1df-5037-4d87-befb-cbe9f42a3075 a238ef8cbb32488283c894b7070d3528 20c20568c9f14e2cab3944b99efdf9c1 - - 37e4c56f4a5048cf8cf69f406f61be15 37e4c56f4a5048cf8cf69f406f61be15] 199.19.213.73 "GET /v2.0/floatingips?fixed_ip_address=172.24.3.165&port_id=afbaa48c-accd-4698-bfec-b495ac532717 HTTP/1.1" status: 200 len: 217 time: 0.0223804
2026-05-06 06:13:30.532 9 INFO neutron.wsgi [None req-ea890a22-3874-4db8-9271-d95203b77796 ca89b9242353463790d86e73147b14ab f7a7fcbf79c64ad8bdb5a244cd81c59a - - default default] 199.19.213.73 "GET /v2.0/extensions/security-group HTTP/1.1" status: 200 len: 369 time: 0.0065312
2026-05-06 06:13:30.539 9 INFO neutron.wsgi [None req-4c525bb2-dd5f-41a0-81ff-65c0b4df3201 ca89b9242353463790d86e73147b14ab f7a7fcbf79c64ad8bdb5a244cd81c59a - - default default] 199.19.213.73 "GET /v2.0/extensions/dns-integration HTTP/1.1" status: 200 len: 371 time: 0.0034146
2026-05-06 06:13:30.540 10 INFO neutron.wsgi [req-3448b137-dcd0-40eb-9903-fc56d985d8ba req-8fb5093a-1349-4909-805e-94b8d0edef26 a238ef8cbb32488283c894b7070d3528 20c20568c9f14e2cab3944b99efdf9c1 - - 37e4c56f4a5048cf8cf69f406f61be15 37e4c56f4a5048cf8cf69f406f61be15] 199.19.213.73 "GET /v2.0/subnets?id=013106a4-c08f-4722-9f51-d95087160c6b HTTP/1.1" status: 200 len: 829 time: 0.0378840
2026-05-06 06:13:30.548 9 INFO neutron.wsgi [None req-9846edea-3fce-442a-ad9d-d71cb21f23f8 ca89b9242353463790d86e73147b14ab f7a7fcbf79c64ad8bdb5a244cd81c59a - - default default] 199.19.213.73 "GET /v2.0/extensions/qos HTTP/1.1" status: 200 len: 365 time: 0.0046027
2026-05-06 06:13:30.559 9 INFO neutron.wsgi [None req-27e803d3-bd1e-468a-b0f9-1874346ffccb ca89b9242353463790d86e73147b14ab f7a7fcbf79c64ad8bdb5a244cd81c59a - - default default] 199.19.213.73 "GET /v2.0/extensions/allowed-address-pairs HTTP/1.1" status: 200 len: 383 time: 0.0030627
2026-05-06 06:13:30.566 10 INFO neutron.wsgi [req-3448b137-dcd0-40eb-9903-fc56d985d8ba req-ee3ce9ab-88c7-44ba-8e21-b592b8000a13 a238ef8cbb32488283c894b7070d3528 20c20568c9f14e2cab3944b99efdf9c1 - - 37e4c56f4a5048cf8cf69f406f61be15 37e4c56f4a5048cf8cf69f406f61be15] 199.19.213.73 "GET /v2.0/ports?network_id=792a7ad5-6cd5-4c53-b1fd-0e57c8270d79&device_owner=network%3Adhcp HTTP/1.1" status: 200 len: 210 time: 0.0223501
2026-05-06 06:13:30.602 9 INFO neutron.wsgi [None req-ccc93155-6d8f-4850-a9ab-c9ce40bc5fa0 ca89b9242353463790d86e73147b14ab f7a7fcbf79c64ad8bdb5a244cd81c59a - - default default] 199.19.213.73 "GET /v2.0/subnets/495053cb-aea8-4fb0-a87f-ce8adf97b86c HTTP/1.1" status: 200 len: 850 time: 0.0387945
2026-05-06 06:13:30.638 10 INFO neutron.wsgi [req-3448b137-dcd0-40eb-9903-fc56d985d8ba req-8f424311-2518-4263-9912-e87b34d45cb2 a238ef8cbb32488283c894b7070d3528 20c20568c9f14e2cab3944b99efdf9c1 - - 37e4c56f4a5048cf8cf69f406f61be15 37e4c56f4a5048cf8cf69f406f61be15] 199.19.213.73 "GET /v2.0/networks/792a7ad5-6cd5-4c53-b1fd-0e57c8270d79?fields=segments HTTP/1.1" status: 200 len: 212 time: 0.0631154
2026-05-06 06:13:30.660 9 INFO neutron.wsgi [None req-db266732-a94b-4877-aeea-9e3427bc3613 ca89b9242353463790d86e73147b14ab f7a7fcbf79c64ad8bdb5a244cd81c59a - - default default] 199.19.213.73 "GET /v2.0/ports/8be1af60-d577-4600-807f-488e426cc4ea HTTP/1.1" status: 200 len: 1340 time: 0.0502207
2026-05-06 06:13:30.712 9 INFO neutron.wsgi [None req-d6f5c072-a812-4982-8772-08a2d94ce3dd ca89b9242353463790d86e73147b14ab f7a7fcbf79c64ad8bdb5a244cd81c59a - - default default] 199.19.213.73 "GET /v2.0/ports/84d293ec-89da-4ae7-b16e-9b499e7ab1c8 HTTP/1.1" status: 200 len: 1515 time: 0.0394726
2026-05-06 06:13:30.723 10 INFO neutron.wsgi [req-3448b137-dcd0-40eb-9903-fc56d985d8ba req-67e8cc07-94ad-448d-b88c-3d01060e7118 a238ef8cbb32488283c894b7070d3528 20c20568c9f14e2cab3944b99efdf9c1 - - 37e4c56f4a5048cf8cf69f406f61be15 37e4c56f4a5048cf8cf69f406f61be15] 199.19.213.73 "GET /v2.0/networks/792a7ad5-6cd5-4c53-b1fd-0e57c8270d79?fields=provider%3Aphysical_network&fields=provider%3Anetwork_type HTTP/1.1" status: 200 len: 277 time: 0.0778971
2026-05-06 06:13:30.758 10 INFO neutron.wsgi [req-3448b137-dcd0-40eb-9903-fc56d985d8ba req-7c17f11e-8c9b-4734-8a8f-d9f03f1219f3 a238ef8cbb32488283c894b7070d3528 20c20568c9f14e2cab3944b99efdf9c1 - - 37e4c56f4a5048cf8cf69f406f61be15 37e4c56f4a5048cf8cf69f406f61be15] 199.19.213.73 "GET /v2.0/floatingips?fixed_ip_address=10.1.1.21&port_id=84d293ec-89da-4ae7-b16e-9b499e7ab1c8 HTTP/1.1" status: 200 len: 217 time: 0.0247126
2026-05-06 06:13:30.774 9 INFO neutron.wsgi [None req-c6f52077-9f3e-4401-88e0-5dbc7a651d6a ca89b9242353463790d86e73147b14ab f7a7fcbf79c64ad8bdb5a244cd81c59a - - default default] 199.19.213.73 "GET /v2.0/subnets/495053cb-aea8-4fb0-a87f-ce8adf97b86c HTTP/1.1" status: 200 len: 850 time: 0.0535176
2026-05-06 06:13:30.798 10 INFO neutron.wsgi [req-3448b137-dcd0-40eb-9903-fc56d985d8ba req-a70532b2-94b0-4838-a4ae-582677954301 a238ef8cbb32488283c894b7070d3528 20c20568c9f14e2cab3944b99efdf9c1 - - 37e4c56f4a5048cf8cf69f406f61be15 37e4c56f4a5048cf8cf69f406f61be15] 199.19.213.73 "GET /v2.0/subnets?id=495053cb-aea8-4fb0-a87f-ce8adf97b86c HTTP/1.1" status: 200 len: 853 time: 0.0333154
2026-05-06 06:13:30.823 10 INFO neutron.wsgi [req-3448b137-dcd0-40eb-9903-fc56d985d8ba req-c603b117-7eee-4926-8735-d3751485dff1 a238ef8cbb32488283c894b7070d3528 20c20568c9f14e2cab3944b99efdf9c1 - - 37e4c56f4a5048cf8cf69f406f61be15 37e4c56f4a5048cf8cf69f406f61be15] 199.19.213.73 "GET /v2.0/ports?network_id=336701c1-ba98-40d1-9703-d72760456507&device_owner=network%3Adhcp HTTP/1.1" status: 200 len: 210 time: 0.0190563
2026-05-06 06:13:30.830 9 INFO neutron.wsgi [None req-118c064f-868f-4b63-be4f-631b1fc84c78 c3ec27f09def4005ae0f95a4237e8586 10eec093c3ba433b8ebc72ca220d22e5 - - default default] 10.0.0.130 "DELETE /v2.0/subnets/db20e300-188c-48b1-9f28-8dad3abe673b HTTP/1.1" status: 204 len: 168 time: 0.3353715
2026-05-06 06:13:30.869 9 INFO neutron.wsgi [None req-7b31eb04-9ff7-48c9-a587-b1bed9406c6e ca89b9242353463790d86e73147b14ab f7a7fcbf79c64ad8bdb5a244cd81c59a - - default default] 199.19.213.73 "GET /v2.0/networks/336701c1-ba98-40d1-9703-d72760456507 HTTP/1.1" status: 200 len: 1001 time: 0.0869777
2026-05-06 06:13:30.897 10 INFO neutron.wsgi [req-3448b137-dcd0-40eb-9903-fc56d985d8ba req-9a8e79f3-be86-4f8d-83f0-ce29d9a94eaa a238ef8cbb32488283c894b7070d3528 20c20568c9f14e2cab3944b99efdf9c1 - - 37e4c56f4a5048cf8cf69f406f61be15 37e4c56f4a5048cf8cf69f406f61be15] 199.19.213.73 "GET /v2.0/networks/336701c1-ba98-40d1-9703-d72760456507?fields=segments HTTP/1.1" status: 200 len: 212 time: 0.0669768
2026-05-06 06:13:30.921 9 INFO neutron.wsgi [None req-341ff694-8e59-4fee-8ea5-805cfc09c572 ca89b9242353463790d86e73147b14ab f7a7fcbf79c64ad8bdb5a244cd81c59a - - default default] 199.19.213.73 "GET /v2.0/ports/8be1af60-d577-4600-807f-488e426cc4ea HTTP/1.1" status: 200 len: 1340 time: 0.0427656
2026-05-06 06:13:30.968 9 INFO neutron.wsgi [None req-49353348-cfc1-4682-84f1-b94b038954ed ca89b9242353463790d86e73147b14ab f7a7fcbf79c64ad8bdb5a244cd81c59a - - default default] 199.19.213.73 "GET /v2.0/subnets/495053cb-aea8-4fb0-a87f-ce8adf97b86c HTTP/1.1" status: 200 len: 850 time: 0.0383108
2026-05-06 06:13:30.974 10 INFO neutron.wsgi [req-3448b137-dcd0-40eb-9903-fc56d985d8ba req-a9279a46-e39b-4286-ab68-1d6f10cd26cc a238ef8cbb32488283c894b7070d3528 20c20568c9f14e2cab3944b99efdf9c1 - - 37e4c56f4a5048cf8cf69f406f61be15 37e4c56f4a5048cf8cf69f406f61be15] 199.19.213.73 "GET /v2.0/networks/336701c1-ba98-40d1-9703-d72760456507?fields=provider%3Aphysical_network&fields=provider%3Anetwork_type HTTP/1.1" status: 200 len: 277 time: 0.0684988
2026-05-06 06:13:31.075 9 INFO neutron.wsgi [None req-b224dbba-cf83-4e0f-8ece-dc9bb468f1f9 c3ec27f09def4005ae0f95a4237e8586 10eec093c3ba433b8ebc72ca220d22e5 - - default default] 10.0.0.130 "DELETE /v2.0/subnets/54dd9af0-6385-4985-bfac-42f8184c9541 HTTP/1.1" status: 204 len: 168 time: 0.2388566
2026-05-06 06:13:31.297 9 INFO neutron.wsgi [None req-23c67a4e-c096-4860-b8b0-2c9df63937aa c3ec27f09def4005ae0f95a4237e8586 10eec093c3ba433b8ebc72ca220d22e5 - - default default] 10.0.0.130 "DELETE /v2.0/subnets/4c6dd85f-96fd-4b09-9b3b-f3862122627e HTTP/1.1" status: 204 len: 168 time: 0.2170904
2026-05-06 06:13:31.532 9 INFO neutron.wsgi [None req-7c2adaaa-cdf7-4236-9289-843412656bf2 c3ec27f09def4005ae0f95a4237e8586 10eec093c3ba433b8ebc72ca220d22e5 - - default default] 10.0.0.130 "DELETE /v2.0/subnets/4d81ddfa-34d2-46e5-a652-3ec038a17474 HTTP/1.1" status: 204 len: 168 time: 0.2296326
2026-05-06 06:13:31.768 10 INFO neutron.notifiers.nova [-] Nova event matching ['req-b9d91eed-30d0-4d51-82eb-aa505776bd21'] response: {'server_uuid': 'f9b21828-198d-4653-a631-f37c0590698b', 'name': 'network-vif-plugged', 'status': 'completed', 'tag': '3c6737ff-ffd8-4cd3-955e-5c7cd7a361cc', 'code': 200}
2026-05-06 06:13:31.768 10 INFO neutron.notifiers.nova [-] Nova event matching ['req-b9d91eed-30d0-4d51-82eb-aa505776bd21'] response: {'server_uuid': 'f9b21828-198d-4653-a631-f37c0590698b', 'name': 'network-vif-deleted', 'tag': '3c6737ff-ffd8-4cd3-955e-5c7cd7a361cc', 'status': 'completed', 'code': 200}
2026-05-06 06:13:31.781 9 INFO neutron.wsgi [None req-c2b3d821-5421-4533-bb89-821a58f6bab5 c3ec27f09def4005ae0f95a4237e8586 10eec093c3ba433b8ebc72ca220d22e5 - - default default] 10.0.0.130 "DELETE /v2.0/subnets/e571ff0a-48ca-4510-8105-718cdd8a234a HTTP/1.1" status: 204 len: 168 time: 0.2432964
2026-05-06 06:13:32.177 10 INFO neutron.services.segments.plugin [-] Segment edd3d285-18db-4129-b52e-10c7ff75c2c9 resource provider aggregate not found
2026-05-06 06:13:32.184 10 INFO neutron.services.segments.plugin [-] Segment edd3d285-18db-4129-b52e-10c7ff75c2c9 resource provider aggregate not found
2026-05-06 06:13:32.202 10 INFO neutron.services.segments.plugin [-] Segment edd3d285-18db-4129-b52e-10c7ff75c2c9 resource provider not found; error: Placement Client Error (4xx): {"errors": [{"status": 404, "title": "Not Found", "detail": "The resource could not be found.\n\n No resource provider with uuid edd3d285-18db-4129-b52e-10c7ff75c2c9 found for delete ", "request_id": "req-4c836c2a-681c-4e4a-bf89-0d5c342e94cd"}]}
2026-05-06 06:13:32.203 10 INFO neutron.services.segments.plugin [-] Segment edd3d285-18db-4129-b52e-10c7ff75c2c9 resource provider not found; error: Placement Client Error (4xx): {"errors": [{"status": 404, "title": "Not Found", "detail": "The resource could not be found.\n\n No resource provider with uuid edd3d285-18db-4129-b52e-10c7ff75c2c9 found for delete ", "request_id": "req-5831a68e-61e3-4395-9684-b10e59709d88"}]}
2026-05-06 06:13:32.224 10 INFO neutron.wsgi [None req-7ccacc82-faa1-446e-88fb-d719bab4002a c3ec27f09def4005ae0f95a4237e8586 10eec093c3ba433b8ebc72ca220d22e5 - - default default] 10.0.0.130 "DELETE /v2.0/networks/c880cd76-98ca-468c-bcb0-bf9342111a67 HTTP/1.1" status: 204 len: 168 time: 0.4376819
2026-05-06 06:13:32.664 9 INFO neutron.services.segments.plugin [-] Segment 60100c1d-4dae-41d5-8a6c-56806af3e49e resource provider aggregate not found
2026-05-06 06:13:32.669 9 INFO neutron.services.segments.plugin [-] Segment 60100c1d-4dae-41d5-8a6c-56806af3e49e resource provider aggregate not found
2026-05-06 06:13:32.683 9 INFO neutron.services.segments.plugin [-] Segment 60100c1d-4dae-41d5-8a6c-56806af3e49e resource provider not found; error: Placement Client Error (4xx): {"errors": [{"status": 404, "title": "Not Found", "detail": "The resource could not be found.\n\n No resource provider with uuid 60100c1d-4dae-41d5-8a6c-56806af3e49e found for delete ", "request_id": "req-1c859409-e020-47fa-99fb-2cbf2a031e9d"}]}
2026-05-06 06:13:32.689 9 INFO neutron.services.segments.plugin [-] Segment 60100c1d-4dae-41d5-8a6c-56806af3e49e resource provider not found; error: Placement Client Error (4xx): {"errors": [{"status": 404, "title": "Not Found", "detail": "The resource could not be found.\n\n No resource provider with uuid 60100c1d-4dae-41d5-8a6c-56806af3e49e found for delete ", "request_id": "req-7efaa7e7-8a4f-4398-8b9d-bafa625dc4e7"}]}
2026-05-06 06:13:32.715 9 INFO neutron.wsgi [None req-979fc862-2ed6-452f-a600-0f59b64112fa c3ec27f09def4005ae0f95a4237e8586 10eec093c3ba433b8ebc72ca220d22e5 - - default default] 10.0.0.130 "DELETE /v2.0/networks/cb6be69b-bc07-4a6e-b83a-38b4cd4041f4 HTTP/1.1" status: 204 len: 168 time: 0.4847958
2026-05-06 06:13:33.195 10 INFO neutron.wsgi [None req-eb257ae8-76fd-4144-bdd0-1681dce4dbb6 c3ec27f09def4005ae0f95a4237e8586 10eec093c3ba433b8ebc72ca220d22e5 - - default default] 10.0.0.130 "DELETE /v2.0/networks/838dad28-fc34-4cfd-9a63-d007d2e71706 HTTP/1.1" status: 204 len: 168 time: 0.4748678
2026-05-06 06:13:33.646 9 INFO neutron.wsgi [None req-12c9a716-a13e-4188-ad6f-613c69bdbb1e c3ec27f09def4005ae0f95a4237e8586 10eec093c3ba433b8ebc72ca220d22e5 - - default default] 10.0.0.130 "DELETE /v2.0/networks/949765ad-56ae-4132-bed1-a5dd013df2d0 HTTP/1.1" status: 204 len: 168 time: 0.4439383
2026-05-06 06:13:34.045 10 INFO neutron.wsgi [None req-837f8604-e13d-4906-8dfd-eb652786da64 c3ec27f09def4005ae0f95a4237e8586 10eec093c3ba433b8ebc72ca220d22e5 - - default default] 10.0.0.130 "DELETE /v2.0/networks/d103aeb6-f35c-4c09-91ee-41c3e3da6aff HTTP/1.1" status: 204 len: 168 time: 0.3934233
2026-05-06 06:13:34.227 10 INFO neutron.services.segments.plugin [-] Segment 3431d421-a253-41d0-ae31-d7b78a9b597b resource provider aggregate not found
2026-05-06 06:13:34.233 10 INFO neutron.services.segments.plugin [-] Segment 3431d421-a253-41d0-ae31-d7b78a9b597b resource provider aggregate not found
2026-05-06 06:13:34.250 10 INFO neutron.services.segments.plugin [-] Segment 3431d421-a253-41d0-ae31-d7b78a9b597b resource provider not found; error: Placement Client Error (4xx): {"errors": [{"status": 404, "title": "Not Found", "detail": "The resource could not be found.\n\n No resource provider with uuid 3431d421-a253-41d0-ae31-d7b78a9b597b found for delete ", "request_id": "req-680c23ec-c6d3-4924-9f1c-55b41d3a7ebe"}]}
2026-05-06 06:13:34.259 10 INFO neutron.services.segments.plugin [-] Segment 3431d421-a253-41d0-ae31-d7b78a9b597b resource provider not found; error: Placement Client Error (4xx): {"errors": [{"status": 404, "title": "Not Found", "detail": "The resource could not be found.\n\n No resource provider with uuid 3431d421-a253-41d0-ae31-d7b78a9b597b found for delete ", "request_id": "req-25a25c00-2f41-4f2d-b338-f26f0426e801"}]}
2026-05-06 06:13:34.271 10 INFO neutron.services.segments.plugin [-] Segment 670b53d6-76c8-4bc8-8378-31aae24ffd29 resource provider aggregate not found
2026-05-06 06:13:34.277 10 INFO neutron.services.segments.plugin [-] Segment 670b53d6-76c8-4bc8-8378-31aae24ffd29 resource provider aggregate not found
2026-05-06 06:13:34.284 10 INFO neutron.services.segments.plugin [-] Segment 670b53d6-76c8-4bc8-8378-31aae24ffd29 resource provider not found; error: Placement Client Error (4xx): {"errors": [{"status": 404, "title": "Not Found", "detail": "The resource could not be found.\n\n No resource provider with uuid 670b53d6-76c8-4bc8-8378-31aae24ffd29 found for delete ", "request_id": "req-884850b6-a333-47de-a5db-9efbb86ea2d4"}]}
2026-05-06 06:13:34.293 10 INFO neutron.services.segments.plugin [-] Segment 670b53d6-76c8-4bc8-8378-31aae24ffd29 resource provider not found; error: Placement Client Error (4xx): {"errors": [{"status": 404, "title": "Not Found", "detail": "The resource could not be found.\n\n No resource provider with uuid 670b53d6-76c8-4bc8-8378-31aae24ffd29 found for delete ", "request_id": "req-27b491f3-1928-4a72-a5a1-c0832ed144ce"}]}
2026-05-06 06:13:34.705 9 INFO neutron.services.segments.plugin [-] Segment ca1ae87c-9ca5-40c1-8e72-a4028c80ebf7 resource provider aggregate not found
2026-05-06 06:13:34.713 9 INFO neutron.services.segments.plugin [-] Segment ca1ae87c-9ca5-40c1-8e72-a4028c80ebf7 resource provider aggregate not found
2026-05-06 06:13:34.732 9 INFO neutron.services.segments.plugin [-] Segment ca1ae87c-9ca5-40c1-8e72-a4028c80ebf7 resource provider not found; error: Placement Client Error (4xx): {"errors": [{"status": 404, "title": "Not Found", "detail": "The resource could not be found.\n\n No resource provider with uuid ca1ae87c-9ca5-40c1-8e72-a4028c80ebf7 found for delete ", "request_id": "req-0b99f175-1478-46fb-9d1a-f4298f995478"}]}
2026-05-06 06:13:34.734 9 INFO neutron.services.segments.plugin [-] Segment ca1ae87c-9ca5-40c1-8e72-a4028c80ebf7 resource provider not found; error: Placement Client Error (4xx): {"errors": [{"status": 404, "title": "Not Found", "detail": "The resource could not be found.\n\n No resource provider with uuid ca1ae87c-9ca5-40c1-8e72-a4028c80ebf7 found for delete ", "request_id": "req-7efa2e1e-c290-43ad-a311-5a1386d35844"}]}
2026-05-06 06:13:35.139 9 INFO neutron.db.ovn_revision_numbers_db [None req-1cafb5ca-60e7-4d23-8df0-0029b39225ed ca89b9242353463790d86e73147b14ab f7a7fcbf79c64ad8bdb5a244cd81c59a - - default default] Successfully bumped revision number for resource ec724fda-91c8-49ae-b15b-76e0e1254af7 (type: security_groups) to 1
2026-05-06 06:13:35.153 9 INFO neutron.db.ovn_revision_numbers_db [None req-1cafb5ca-60e7-4d23-8df0-0029b39225ed ca89b9242353463790d86e73147b14ab f7a7fcbf79c64ad8bdb5a244cd81c59a - - default default] Successfully bumped revision number for resource 0de48cd6-9363-498a-af48-5ba0d990a79d (type: security_group_rules) to 0
2026-05-06 06:13:35.167 9 INFO neutron.db.ovn_revision_numbers_db [None req-1cafb5ca-60e7-4d23-8df0-0029b39225ed ca89b9242353463790d86e73147b14ab f7a7fcbf79c64ad8bdb5a244cd81c59a - - default default] Successfully bumped revision number for resource d08b37ac-5967-4b09-9e20-78e0bbec5ad8 (type: security_group_rules) to 0
2026-05-06 06:13:35.181 9 INFO neutron.db.ovn_revision_numbers_db [None req-1cafb5ca-60e7-4d23-8df0-0029b39225ed ca89b9242353463790d86e73147b14ab f7a7fcbf79c64ad8bdb5a244cd81c59a - - default default] Successfully bumped revision number for resource d62b7739-2a0a-4a31-a0e8-0b1053053c02 (type: security_group_rules) to 0
2026-05-06 06:13:35.197 9 INFO neutron.db.ovn_revision_numbers_db [None req-1cafb5ca-60e7-4d23-8df0-0029b39225ed ca89b9242353463790d86e73147b14ab f7a7fcbf79c64ad8bdb5a244cd81c59a - - default default] Successfully bumped revision number for resource fdc5cc01-71f4-4fda-b300-4460c304171e (type: security_group_rules) to 0
2026-05-06 06:13:35.231 9 INFO neutron.wsgi [None req-1cafb5ca-60e7-4d23-8df0-0029b39225ed ca89b9242353463790d86e73147b14ab f7a7fcbf79c64ad8bdb5a244cd81c59a - - default default] 10.0.0.130 "GET /v2.0/security-groups?tenant_id=cdf0c1d7a51a47a18c63eead5a456433&name=default HTTP/1.1" status: 200 len: 3000 time: 0.3902535
2026-05-06 06:13:35.512 9 INFO neutron.wsgi [None req-19f447ee-aba0-40ed-873e-333dbe2ebb5d ca89b9242353463790d86e73147b14ab f7a7fcbf79c64ad8bdb5a244cd81c59a - - default default] 10.0.0.130 "DELETE /v2.0/security-groups/ec724fda-91c8-49ae-b15b-76e0e1254af7 HTTP/1.1" status: 204 len: 168 time: 0.2753599
2026-05-06 06:13:35.642 9 INFO neutron.wsgi [None req-e2c9fc6a-0451-44a7-abbe-556fe63f6ac9 ca89b9242353463790d86e73147b14ab f7a7fcbf79c64ad8bdb5a244cd81c59a - - default default] 10.0.0.130 "GET /v2.0/security-groups?tenant_id=10eec093c3ba433b8ebc72ca220d22e5&name=default HTTP/1.1" status: 200 len: 3000 time: 0.0393732
2026-05-06 06:13:35.875 9 INFO neutron.wsgi [None req-8842e564-0d59-4064-b04a-232fd07baabb ca89b9242353463790d86e73147b14ab f7a7fcbf79c64ad8bdb5a244cd81c59a - - default default] 10.0.0.130 "DELETE /v2.0/security-groups/b2ff87a5-16c8-4afd-9b5a-fc7822fcaa37 HTTP/1.1" status: 204 len: 168 time: 0.2295923
2026-05-06 06:13:36.222 10 INFO neutron.db.ovn_revision_numbers_db [None req-ec6c5065-d291-45df-a41c-6f48eb3afd13 ca89b9242353463790d86e73147b14ab f7a7fcbf79c64ad8bdb5a244cd81c59a - - default default] Successfully bumped revision number for resource c8ded549-d04f-4bfd-8e3a-88eb60e84aa2 (type: security_groups) to 1
2026-05-06 06:13:36.238 10 INFO neutron.db.ovn_revision_numbers_db [None req-ec6c5065-d291-45df-a41c-6f48eb3afd13 ca89b9242353463790d86e73147b14ab f7a7fcbf79c64ad8bdb5a244cd81c59a - - default default] Successfully bumped revision number for resource 184c721f-5265-4d70-ae3a-a29b80574339 (type: security_group_rules) to 0
2026-05-06 06:13:36.260 10 INFO neutron.db.ovn_revision_numbers_db [None req-ec6c5065-d291-45df-a41c-6f48eb3afd13 ca89b9242353463790d86e73147b14ab f7a7fcbf79c64ad8bdb5a244cd81c59a - - default default] Successfully bumped revision number for resource 6046c829-5d39-40b5-a27e-7e1470a1f3c6 (type: security_group_rules) to 0
2026-05-06 06:13:36.279 10 INFO neutron.db.ovn_revision_numbers_db [None req-ec6c5065-d291-45df-a41c-6f48eb3afd13 ca89b9242353463790d86e73147b14ab f7a7fcbf79c64ad8bdb5a244cd81c59a - - default default] Successfully bumped revision number for resource 7870ed5b-d705-4a74-9330-2fc94caae233 (type: security_group_rules) to 0
2026-05-06 06:13:36.296 10 INFO neutron.db.ovn_revision_numbers_db [None req-ec6c5065-d291-45df-a41c-6f48eb3afd13 ca89b9242353463790d86e73147b14ab f7a7fcbf79c64ad8bdb5a244cd81c59a - - default default] Successfully bumped revision number for resource af461ddf-261c-45b0-9074-6606e507ebdf (type: security_group_rules) to 0
2026-05-06 06:13:36.321 10 INFO neutron.wsgi [None req-ec6c5065-d291-45df-a41c-6f48eb3afd13 ca89b9242353463790d86e73147b14ab f7a7fcbf79c64ad8bdb5a244cd81c59a - - default default] 10.0.0.130 "GET /v2.0/security-groups?tenant_id=6fad435708344c7c92c293fccf5a3b98&name=default HTTP/1.1" status: 200 len: 3000 time: 0.2491851
2026-05-06 06:13:36.712 9 INFO neutron.wsgi [None req-82bf494a-b767-4088-8ba3-dd610331293c ca89b9242353463790d86e73147b14ab f7a7fcbf79c64ad8bdb5a244cd81c59a - - default default] 10.0.0.130 "DELETE /v2.0/security-groups/c8ded549-d04f-4bfd-8e3a-88eb60e84aa2 HTTP/1.1" status: 204 len: 168 time: 0.2232964
2026-05-06 06:13:36.725 9 INFO neutron.wsgi [-] 10.0.0.69 "GET / HTTP/1.1" status: 200 len: 247 time: 0.0030084
2026-05-06 06:13:36.725 10 INFO neutron.wsgi [-] 10.0.0.69 "GET / HTTP/1.1" status: 200 len: 247 time: 0.0030162
2026-05-06 06:13:41.074 10 WARNING neutron_lib.context [None req-9279fe68-0c0b-4770-8044-b2391e53de43 b4d10e67f1af43b3b965ef829c4ced1a 7f9fcd56363a478d96c8cb277adbb36c - - default default] Method 'is_advsvc' is deprecated since 2023.2 release (neutron-lib 3.8.0) and will be removed once support for the old RBAC API policies will be removed from Neutron. Please use method 'is_service_role' instead.
2026-05-06 06:13:41.128 10 INFO neutron.wsgi [None req-9279fe68-0c0b-4770-8044-b2391e53de43 b4d10e67f1af43b3b965ef829c4ced1a 7f9fcd56363a478d96c8cb277adbb36c - - default default] 10.0.0.130 "POST /v2.0/subnetpools HTTP/1.1" status: 201 len: 715 time: 0.2511334
2026-05-06 06:13:41.138 10 WARNING neutron_lib.context [None req-67b94eca-0373-4365-83c1-a2d69922c120 b4d10e67f1af43b3b965ef829c4ced1a 7f9fcd56363a478d96c8cb277adbb36c - - default default] Method 'is_advsvc' is deprecated since 2023.2 release (neutron-lib 3.8.0) and will be removed once support for the old RBAC API policies will be removed from Neutron. Please use method 'is_service_role' instead.
2026-05-06 06:13:41.190 10 INFO neutron.wsgi [None req-67b94eca-0373-4365-83c1-a2d69922c120 b4d10e67f1af43b3b965ef829c4ced1a 7f9fcd56363a478d96c8cb277adbb36c - - default default] 10.0.0.130 "POST /v2.0/subnetpools HTTP/1.1" status: 201 len: 715 time: 0.0568810
2026-05-06 06:13:41.202 10 WARNING neutron_lib.context [None req-8b45e301-683a-4441-854a-fc3a7ef41954 b4d10e67f1af43b3b965ef829c4ced1a 7f9fcd56363a478d96c8cb277adbb36c - - default default] Method 'is_advsvc' is deprecated since 2023.2 release (neutron-lib 3.8.0) and will be removed once support for the old RBAC API policies will be removed from Neutron. Please use method 'is_service_role' instead.
2026-05-06 06:13:41.259 10 INFO neutron.wsgi [None req-8b45e301-683a-4441-854a-fc3a7ef41954 b4d10e67f1af43b3b965ef829c4ced1a 7f9fcd56363a478d96c8cb277adbb36c - - default default] 10.0.0.130 "POST /v2.0/subnetpools HTTP/1.1" status: 201 len: 715 time: 0.0621011
