2026-05-06 06:08:32.721 10 INFO neutron.wsgi [req-969f0231-d974-48d4-99eb-524b7859fbac req-f6080aa3-d4a9-4a56-b53e-93547c3cca3c a238ef8cbb32488283c894b7070d3528 20c20568c9f14e2cab3944b99efdf9c1 - - 37e4c56f4a5048cf8cf69f406f61be15 37e4c56f4a5048cf8cf69f406f61be15] 199.19.213.73 "GET /v2.0/ports?network_id=b7320171-2f72-4f30-a7ec-343e20cdd15d&device_owner=network%3Adhcp HTTP/1.1" status: 200 len: 210 time: 0.5720663
2026-05-06 06:08:32.734 10 INFO neutron.wsgi [req-b6d5eeff-c247-4834-81d1-4deecc9c71e1 req-f1bf94ce-ea6c-4b98-9b9e-f0b9d2869bc1 41584c2de4bd4f5687243b9c8afdfdb1 5c4bedf162f34827bdb95f16401c14be - - default default] 10.0.0.210 "GET /v2.0/ports?device_id=d5003f69-6bf8-4463-a421-f105d1028f28 HTTP/1.1" status: 200 len: 210 time: 0.5655971
2026-05-06 06:08:32.778 9 INFO neutron.wsgi [None req-2c757eaf-5544-4546-95e5-519e387f893b 6410c18360a148a7bc7c83b962e14ee3 c2d7013754384b399bf564185e9f6798 - - default default] 10.0.0.130 "DELETE /v2.0/subnets/8525a1c8-8114-44ec-9bc9-a36fcd6f3c17 HTTP/1.1" status: 204 len: 168 time: 0.3875782
2026-05-06 06:08:32.783 10 WARNING neutron.plugins.ml2.drivers.ovn.mech_driver.ovsdb.ovn_client [None req-e3256b9d-3a67-40a3-a56b-ef7bdefb95c1 - - - - - -] No hosting information found for port f7724048-f022-4cae-a8ff-b2f7ee340528: RuntimeError: No hosting information found for port f7724048-f022-4cae-a8ff-b2f7ee340528
2026-05-06 06:08:32.850 10 INFO neutron.wsgi [req-969f0231-d974-48d4-99eb-524b7859fbac req-d052cd09-101e-49aa-a716-0314b7dd4000 a238ef8cbb32488283c894b7070d3528 20c20568c9f14e2cab3944b99efdf9c1 - - 37e4c56f4a5048cf8cf69f406f61be15 37e4c56f4a5048cf8cf69f406f61be15] 199.19.213.73 "GET /v2.0/networks/b7320171-2f72-4f30-a7ec-343e20cdd15d?fields=segments HTTP/1.1" status: 200 len: 212 time: 0.1198063
2026-05-06 06:08:32.854 10 INFO neutron.wsgi [None req-ad858a74-d434-4566-99f9-84f209f460ab 6410c18360a148a7bc7c83b962e14ee3 c2d7013754384b399bf564185e9f6798 - - default default] 10.0.0.130 "GET /v2.0/subnets HTTP/1.1" status: 200 len: 820 time: 0.0682206 /var/lib/openstack/lib/python3.10/site-packages/pycadf/identifier.py:71: UserWarning: Invalid uuid: neutron. To ensure interoperability, identifiers should be a valid uuid. warnings.warn(('Invalid uuid: %s. To ensure interoperability, '
2026-05-06 06:08:32.908 10 INFO neutron.db.ovn_revision_numbers_db [None req-cf0ab23b-c27d-40d2-8bb2-ece6d9bdb60d ca89b9242353463790d86e73147b14ab f7a7fcbf79c64ad8bdb5a244cd81c59a - - default default] Successfully bumped revision number for resource a0cb48ea-509b-428a-8e2c-ec74b64bab10 (type: security_groups) to 1
2026-05-06 06:08:32.926 10 INFO neutron.wsgi [req-969f0231-d974-48d4-99eb-524b7859fbac req-488687c5-618a-4cf4-8db1-87fab882aa42 a238ef8cbb32488283c894b7070d3528 20c20568c9f14e2cab3944b99efdf9c1 - - 37e4c56f4a5048cf8cf69f406f61be15 37e4c56f4a5048cf8cf69f406f61be15] 199.19.213.73 "GET /v2.0/networks/b7320171-2f72-4f30-a7ec-343e20cdd15d?fields=provider%3Aphysical_network&fields=provider%3Anetwork_type HTTP/1.1" status: 200 len: 277 time: 0.0692930
2026-05-06 06:08:32.929 9 WARNING neutron.scheduler.dhcp_agent_scheduler [req-19848860-81c3-4419-9694-9184b12ecd48 req-a0e879c6-5b51-4137-b724-60266b6635b7 41584c2de4bd4f5687243b9c8afdfdb1 5c4bedf162f34827bdb95f16401c14be - - default default] No more DHCP agents
2026-05-06 06:08:32.931 10 INFO neutron.db.ovn_revision_numbers_db [None req-cf0ab23b-c27d-40d2-8bb2-ece6d9bdb60d ca89b9242353463790d86e73147b14ab f7a7fcbf79c64ad8bdb5a244cd81c59a - - default default] Successfully bumped revision number for resource 428fc89d-3793-4362-ada2-a5b0fb9783d1 (type: security_group_rules) to 0
2026-05-06 06:08:32.937 9 WARNING neutron.api.rpc.agentnotifiers.dhcp_rpc_agent_api [req-19848860-81c3-4419-9694-9184b12ecd48 req-a0e879c6-5b51-4137-b724-60266b6635b7 41584c2de4bd4f5687243b9c8afdfdb1 5c4bedf162f34827bdb95f16401c14be - - default default] Unable to schedule network 4399f50f-f4c4-4612-9839-cede377bfa31: no agents available; will retry on subsequent port and subnet creation events.
2026-05-06 06:08:32.944 10 INFO neutron.db.ovn_revision_numbers_db [None req-cf0ab23b-c27d-40d2-8bb2-ece6d9bdb60d ca89b9242353463790d86e73147b14ab f7a7fcbf79c64ad8bdb5a244cd81c59a - - default default] Successfully bumped revision number for resource 44b9a300-587e-4c68-84f2-278d0e60afb5 (type: security_group_rules) to 0
2026-05-06 06:08:32.958 10 INFO neutron.db.ovn_revision_numbers_db [None req-cf0ab23b-c27d-40d2-8bb2-ece6d9bdb60d ca89b9242353463790d86e73147b14ab f7a7fcbf79c64ad8bdb5a244cd81c59a - - default default] Successfully bumped revision number for resource 6f779d83-a3a8-4d4b-a23e-4a6243d65897 (type: security_group_rules) to 0
2026-05-06 06:08:32.979 10 INFO neutron.db.ovn_revision_numbers_db [None req-cf0ab23b-c27d-40d2-8bb2-ece6d9bdb60d ca89b9242353463790d86e73147b14ab f7a7fcbf79c64ad8bdb5a244cd81c59a - - default default] Successfully bumped revision number for resource f25fa32f-c397-43f4-bf7d-d4777704552c (type: security_group_rules) to 0
2026-05-06 06:08:33.011 10 INFO neutron.wsgi [req-87aa4ae5-9540-42e2-aa7f-b633708c7208 req-ac9e5fc2-b2b9-4884-a2d2-1988b1fdbaa3 a238ef8cbb32488283c894b7070d3528 20c20568c9f14e2cab3944b99efdf9c1 - - 37e4c56f4a5048cf8cf69f406f61be15 37e4c56f4a5048cf8cf69f406f61be15] 199.19.213.73 "GET /v2.0/ports?tenant_id=e0c1c5d68a8d490bb427c559c86accab&device_id=50c48633-3da8-4c7f-9939-019189358538 HTTP/1.1" status: 200 len: 1586 time: 0.0427601
2026-05-06 06:08:33.044 10 INFO neutron.db.segments_db [None req-cf0ab23b-c27d-40d2-8bb2-ece6d9bdb60d ca89b9242353463790d86e73147b14ab f7a7fcbf79c64ad8bdb5a244cd81c59a - - default default] Added segment bc753aad-93b6-4097-ae0e-f24c3ba90be0 of type geneve for network 1ada8613-f117-4236-987d-7ef72a9a4dfb
2026-05-06 06:08:33.113 10 INFO neutron.wsgi [req-87aa4ae5-9540-42e2-aa7f-b633708c7208 req-2ee5737e-cac4-411a-a4c3-2bedeee2210d a238ef8cbb32488283c894b7070d3528 20c20568c9f14e2cab3944b99efdf9c1 - - 37e4c56f4a5048cf8cf69f406f61be15 37e4c56f4a5048cf8cf69f406f61be15] 199.19.213.73 "GET /v2.0/networks?id=b7320171-2f72-4f30-a7ec-343e20cdd15d HTTP/1.1" status: 200 len: 982 time: 0.0986280
2026-05-06 06:08:33.202 9 INFO neutron.db.ovn_revision_numbers_db [req-19848860-81c3-4419-9694-9184b12ecd48 req-a0e879c6-5b51-4137-b724-60266b6635b7 41584c2de4bd4f5687243b9c8afdfdb1 5c4bedf162f34827bdb95f16401c14be - - default default] Successfully bumped revision number for resource 6d1a400e-8eff-4907-ad96-8807037efbb0 (type: ports) to 1
2026-05-06 06:08:33.231 10 INFO neutron.wsgi [req-1fecd7cb-6a88-4518-8d69-e1288f9619fe req-49e5b094-c5d0-4523-866e-cdca155f500f f5b7dc7504d24ff19739a3766817d585 e0c1c5d68a8d490bb427c559c86accab - - default default] 10.0.0.210 "GET /v2.0/ports?device_id=50c48633-3da8-4c7f-9939-019189358538 HTTP/1.1" status: 200 len: 1348 time: 0.0828812
2026-05-06 06:08:33.244 9 INFO neutron.wsgi [req-19848860-81c3-4419-9694-9184b12ecd48 req-a0e879c6-5b51-4137-b724-60266b6635b7 41584c2de4bd4f5687243b9c8afdfdb1 5c4bedf162f34827bdb95f16401c14be - - default default] 199.19.213.73 "POST /v2.0/ports HTTP/1.1" status: 201 len: 1158 time: 0.8958449
2026-05-06 06:08:33.251 10 INFO neutron.wsgi [req-87aa4ae5-9540-42e2-aa7f-b633708c7208 req-e3dfb3da-5f8e-49cd-b23b-bc15ed5ffb35 a238ef8cbb32488283c894b7070d3528 20c20568c9f14e2cab3944b99efdf9c1 - - 37e4c56f4a5048cf8cf69f406f61be15 37e4c56f4a5048cf8cf69f406f61be15] 199.19.213.73 "GET /v2.0/floatingips?fixed_ip_address=10.100.0.5&port_id=e31f3baa-f657-4cf4-9a04-210d0dd9d5aa HTTP/1.1" status: 200 len: 1059 time: 0.1313694 /var/lib/openstack/lib/python3.10/site-packages/pycadf/identifier.py:71: UserWarning: Invalid uuid: neutron. To ensure interoperability, identifiers should be a valid uuid. warnings.warn(('Invalid uuid: %s. To ensure interoperability, '
2026-05-06 06:08:33.307 10 INFO neutron.wsgi [req-87aa4ae5-9540-42e2-aa7f-b633708c7208 req-1365f8d2-fdfa-4add-bcc4-a8ee59b2a8ff a238ef8cbb32488283c894b7070d3528 20c20568c9f14e2cab3944b99efdf9c1 - - 37e4c56f4a5048cf8cf69f406f61be15 37e4c56f4a5048cf8cf69f406f61be15] 199.19.213.73 "GET /v2.0/floatingips?fixed_ip_address=10.100.0.9&port_id=e31f3baa-f657-4cf4-9a04-210d0dd9d5aa HTTP/1.1" status: 200 len: 217 time: 0.0409622
2026-05-06 06:08:33.352 10 INFO neutron.wsgi [req-1fecd7cb-6a88-4518-8d69-e1288f9619fe req-eae5df88-6f5f-4d6f-b8ce-b71bcd286916 f5b7dc7504d24ff19739a3766817d585 e0c1c5d68a8d490bb427c559c86accab - - default default] 10.0.0.210 "GET /v2.0/security-groups?id=4b034151-a66d-422d-aa15-cc6f28876875&fields=id&fields=name HTTP/1.1" status: 200 len: 313 time: 0.1083796
2026-05-06 06:08:33.361 10 INFO neutron.db.ovn_revision_numbers_db [None req-cf0ab23b-c27d-40d2-8bb2-ece6d9bdb60d ca89b9242353463790d86e73147b14ab f7a7fcbf79c64ad8bdb5a244cd81c59a - - default default] Successfully bumped revision number for resource 1ada8613-f117-4236-987d-7ef72a9a4dfb (type: networks) to 1
2026-05-06 06:08:33.376 10 INFO neutron.wsgi [req-87aa4ae5-9540-42e2-aa7f-b633708c7208 req-ba936805-4fa1-42a4-a97c-978dbf8ab7ec a238ef8cbb32488283c894b7070d3528 20c20568c9f14e2cab3944b99efdf9c1 - - 37e4c56f4a5048cf8cf69f406f61be15 37e4c56f4a5048cf8cf69f406f61be15] 199.19.213.73 "GET /v2.0/subnets?id=2a888abc-0d0a-4d42-9b1f-3873758f091c HTTP/1.1" status: 200 len: 877 time: 0.0610597
2026-05-06 06:08:33.406 10 INFO neutron.wsgi [req-87aa4ae5-9540-42e2-aa7f-b633708c7208 req-1949d703-368c-44da-8fc3-8f7edef23fee a238ef8cbb32488283c894b7070d3528 20c20568c9f14e2cab3944b99efdf9c1 - - 37e4c56f4a5048cf8cf69f406f61be15 37e4c56f4a5048cf8cf69f406f61be15] 199.19.213.73 "GET /v2.0/ports?network_id=b7320171-2f72-4f30-a7ec-343e20cdd15d&device_owner=network%3Adhcp HTTP/1.1" status: 200 len: 210 time: 0.0201941
2026-05-06 06:08:33.441 9 INFO neutron.services.segments.plugin [-] Segment 175fe3b7-cf28-4d68-b737-27866a01b52c resource provider aggregate not found
2026-05-06 06:08:33.451 9 INFO neutron.services.segments.plugin [-] Segment 175fe3b7-cf28-4d68-b737-27866a01b52c resource provider aggregate not found
2026-05-06 06:08:33.478 9 INFO neutron.services.segments.plugin [-] Segment 175fe3b7-cf28-4d68-b737-27866a01b52c resource provider not found; error: Placement Client Error (4xx): {"errors": [{"status": 404, "title": "Not Found", "detail": "The resource could not be found.\n\n No resource provider with uuid 175fe3b7-cf28-4d68-b737-27866a01b52c found for delete ", "request_id": "req-9ad1576a-9d83-45f0-954e-e4f47253fedd"}]}
2026-05-06 06:08:33.478 9 INFO neutron.services.segments.plugin [-] Segment 175fe3b7-cf28-4d68-b737-27866a01b52c resource provider not found; error: Placement Client Error (4xx): {"errors": [{"status": 404, "title": "Not Found", "detail": "The resource could not be found.\n\n No resource provider with uuid 175fe3b7-cf28-4d68-b737-27866a01b52c found for delete ", "request_id": "req-3f8b036b-4735-4067-bde2-128d8a9f1277"}]}
2026-05-06 06:08:33.497 10 INFO neutron.wsgi [req-87aa4ae5-9540-42e2-aa7f-b633708c7208 req-d52b0dd7-a581-4e4f-b5ec-fb4d812c25be a238ef8cbb32488283c894b7070d3528 20c20568c9f14e2cab3944b99efdf9c1 - - 37e4c56f4a5048cf8cf69f406f61be15 37e4c56f4a5048cf8cf69f406f61be15] 199.19.213.73 "GET /v2.0/networks/b7320171-2f72-4f30-a7ec-343e20cdd15d?fields=segments HTTP/1.1" status: 200 len: 212 time: 0.0840778
2026-05-06 06:08:33.519 9 INFO neutron.wsgi [None req-cfea47b9-d4e2-4488-b52e-737fe5bbebac 6410c18360a148a7bc7c83b962e14ee3 c2d7013754384b399bf564185e9f6798 - - default default] 10.0.0.130 "DELETE /v2.0/networks/8ccb2e51-ee6c-40ee-80d9-49e8ec9169d7 HTTP/1.1" status: 204 len: 168 time: 0.6570244
2026-05-06 06:08:33.570 10 INFO neutron.wsgi [req-87aa4ae5-9540-42e2-aa7f-b633708c7208 req-864777a8-7cea-472a-ab2e-4b63143b2a84 a238ef8cbb32488283c894b7070d3528 20c20568c9f14e2cab3944b99efdf9c1 - - 37e4c56f4a5048cf8cf69f406f61be15 37e4c56f4a5048cf8cf69f406f61be15] 199.19.213.73 "GET /v2.0/networks/b7320171-2f72-4f30-a7ec-343e20cdd15d?fields=provider%3Aphysical_network&fields=provider%3Anetwork_type HTTP/1.1" status: 200 len: 277 time: 0.0637457
2026-05-06 06:08:33.646 10 WARNING neutron.scheduler.dhcp_agent_scheduler [None req-cf0ab23b-c27d-40d2-8bb2-ece6d9bdb60d ca89b9242353463790d86e73147b14ab f7a7fcbf79c64ad8bdb5a244cd81c59a - - default default] No more DHCP agents
2026-05-06 06:08:33.651 10 WARNING neutron.api.rpc.agentnotifiers.dhcp_rpc_agent_api [None req-cf0ab23b-c27d-40d2-8bb2-ece6d9bdb60d ca89b9242353463790d86e73147b14ab f7a7fcbf79c64ad8bdb5a244cd81c59a - - default default] Unable to schedule network 1ada8613-f117-4236-987d-7ef72a9a4dfb: no agents available; will retry on subsequent port and subnet creation events.
2026-05-06 06:08:33.665 10 INFO neutron.wsgi [req-24e7e6ca-3471-41b8-9f82-a71df9b9f095 req-107425c3-e646-4c55-87c9-1f40d6eccaa0 f5b7dc7504d24ff19739a3766817d585 e0c1c5d68a8d490bb427c559c86accab - - default default] 199.19.213.73 "GET /v2.0/ports?device_id=50c48633-3da8-4c7f-9939-019189358538&device_owner=compute%3Anova&fixed_ips=ip_address%3D10.100.0.9 HTTP/1.1" status: 200 len: 1348 time: 0.0719645
2026-05-06 06:08:33.750 10 INFO neutron.db.ovn_revision_numbers_db [None req-cf0ab23b-c27d-40d2-8bb2-ece6d9bdb60d ca89b9242353463790d86e73147b14ab f7a7fcbf79c64ad8bdb5a244cd81c59a - - default default] Successfully bumped revision number for resource a7a16ae0-6bb1-4af7-b8ed-3e1943738a56 (type: ports) to 1
2026-05-06 06:08:33.791 10 INFO neutron.wsgi [None req-cf0ab23b-c27d-40d2-8bb2-ece6d9bdb60d ca89b9242353463790d86e73147b14ab f7a7fcbf79c64ad8bdb5a244cd81c59a - - default default] 10.0.0.130 "POST /v2.0/networks HTTP/1.1" status: 201 len: 945 time: 1.9132679 /var/lib/openstack/lib/python3.10/site-packages/pycadf/identifier.py:71: UserWarning: Invalid uuid: neutron. To ensure interoperability, identifiers should be a valid uuid. warnings.warn(('Invalid uuid: %s. To ensure interoperability, '
2026-05-06 06:08:33.857 10 INFO neutron.wsgi [req-17eea544-2afa-4e83-8204-92a38b542300 req-16deb1f4-bf93-4cbd-bd82-31dbb76358f1 41584c2de4bd4f5687243b9c8afdfdb1 5c4bedf162f34827bdb95f16401c14be - - default default] 10.0.0.210 "GET /v2.0/ports?device_id=d5003f69-6bf8-4463-a421-f105d1028f28 HTTP/1.1" status: 200 len: 1168 time: 0.0540979
2026-05-06 06:08:33.925 10 INFO neutron.wsgi [req-17eea544-2afa-4e83-8204-92a38b542300 req-76b7a845-559f-4f7c-9e3e-33ed0fb55e32 41584c2de4bd4f5687243b9c8afdfdb1 5c4bedf162f34827bdb95f16401c14be - - default default] 10.0.0.210 "GET /v2.0/security-groups?id=80a7daa0-a089-4983-b9b0-f124088fa1cc&fields=id&fields=name HTTP/1.1" status: 200 len: 313 time: 0.0620162
2026-05-06 06:08:33.931 9 INFO neutron.db.ovn_revision_numbers_db [req-19848860-81c3-4419-9694-9184b12ecd48 req-34bdff7d-133f-446f-b61a-cc1ffb35bc55 a238ef8cbb32488283c894b7070d3528 20c20568c9f14e2cab3944b99efdf9c1 - - 37e4c56f4a5048cf8cf69f406f61be15 37e4c56f4a5048cf8cf69f406f61be15] Successfully bumped revision number for resource 6d1a400e-8eff-4907-ad96-8807037efbb0 (type: ports) to 2
2026-05-06 06:08:34.069 9 WARNING neutron.scheduler.dhcp_agent_scheduler [None req-4b882177-be60-4780-88e2-2d6ec1ab2146 ca89b9242353463790d86e73147b14ab f7a7fcbf79c64ad8bdb5a244cd81c59a - - default default] No more DHCP agents
2026-05-06 06:08:34.075 9 WARNING neutron.api.rpc.agentnotifiers.dhcp_rpc_agent_api [None req-4b882177-be60-4780-88e2-2d6ec1ab2146 ca89b9242353463790d86e73147b14ab f7a7fcbf79c64ad8bdb5a244cd81c59a - - default default] Unable to schedule network 1ada8613-f117-4236-987d-7ef72a9a4dfb: no agents available; will retry on subsequent port and subnet creation events.
2026-05-06 06:08:34.112 9 INFO neutron.wsgi [None req-fe5755ff-0956-4bc5-818f-2013576f81cf 6410c18360a148a7bc7c83b962e14ee3 c2d7013754384b399bf564185e9f6798 - - default default] 10.0.0.130 "DELETE /v2.0/networks/7eab06b1-1551-40e9-b51a-0208a52e251d HTTP/1.1" status: 204 len: 168 time: 0.5843585
2026-05-06 06:08:34.325 9 INFO neutron.db.ovn_revision_numbers_db [req-19848860-81c3-4419-9694-9184b12ecd48 req-34bdff7d-133f-446f-b61a-cc1ffb35bc55 a238ef8cbb32488283c894b7070d3528 20c20568c9f14e2cab3944b99efdf9c1 - - 37e4c56f4a5048cf8cf69f406f61be15 37e4c56f4a5048cf8cf69f406f61be15] Successfully bumped revision number for resource 6d1a400e-8eff-4907-ad96-8807037efbb0 (type: ports) to 2
2026-05-06 06:08:34.341 10 INFO neutron.db.ovn_revision_numbers_db [req-24e7e6ca-3471-41b8-9f82-a71df9b9f095 req-08c431a2-2943-4ede-ad5e-5a84fb5b348c f5b7dc7504d24ff19739a3766817d585 e0c1c5d68a8d490bb427c559c86accab - - default default] Successfully bumped revision number for resource e31f3baa-f657-4cf4-9a04-210d0dd9d5aa (type: ports) to 6
2026-05-06 06:08:34.355 10 INFO neutron.wsgi [req-24e7e6ca-3471-41b8-9f82-a71df9b9f095 req-08c431a2-2943-4ede-ad5e-5a84fb5b348c f5b7dc7504d24ff19739a3766817d585 e0c1c5d68a8d490bb427c559c86accab - - default default] 199.19.213.73 "PUT /v2.0/ports/e31f3baa-f657-4cf4-9a04-210d0dd9d5aa HTTP/1.1" status: 200 len: 1167 time: 0.6837373
2026-05-06 06:08:34.361 9 INFO neutron.wsgi [req-19848860-81c3-4419-9694-9184b12ecd48 req-34bdff7d-133f-446f-b61a-cc1ffb35bc55 a238ef8cbb32488283c894b7070d3528 20c20568c9f14e2cab3944b99efdf9c1 - - 37e4c56f4a5048cf8cf69f406f61be15 37e4c56f4a5048cf8cf69f406f61be15] 199.19.213.73 "PUT /v2.0/ports/6d1a400e-8eff-4907-ad96-8807037efbb0 HTTP/1.1" status: 200 len: 1376 time: 1.1079159 /var/lib/openstack/lib/python3.10/site-packages/pycadf/identifier.py:71: UserWarning: Invalid uuid: neutron. To ensure interoperability, identifiers should be a valid uuid. warnings.warn(('Invalid uuid: %s. To ensure interoperability, '
2026-05-06 06:08:34.397 10 INFO neutron.notifiers.nova [-] Nova event matching ['req-8c15698c-8b47-45e9-9840-ba3009a15f2c'] response: {'name': 'network-changed', 'server_uuid': '50c48633-3da8-4c7f-9939-019189358538', 'tag': 'e31f3baa-f657-4cf4-9a04-210d0dd9d5aa', 'status': 'completed', 'code': 200}
2026-05-06 06:08:34.400 9 INFO neutron.notifiers.nova [-] Nova event matching ['req-9c2c321d-c40e-4ddd-98f4-588e69a2bb14'] response: {'name': 'network-changed', 'server_uuid': 'd5003f69-6bf8-4463-a421-f105d1028f28', 'tag': '6d1a400e-8eff-4907-ad96-8807037efbb0', 'status': 'completed', 'code': 200} /var/lib/openstack/lib/python3.10/site-packages/pycadf/identifier.py:71: UserWarning: Invalid uuid: neutron. To ensure interoperability, identifiers should be a valid uuid. warnings.warn(('Invalid uuid: %s. To ensure interoperability, '
2026-05-06 06:08:34.450 9 INFO neutron.wsgi [req-24e7e6ca-3471-41b8-9f82-a71df9b9f095 req-86863d00-22ef-4560-accc-d5b9c6d00369 a238ef8cbb32488283c894b7070d3528 20c20568c9f14e2cab3944b99efdf9c1 - - 37e4c56f4a5048cf8cf69f406f61be15 37e4c56f4a5048cf8cf69f406f61be15] 199.19.213.73 "GET /v2.0/ports?tenant_id=e0c1c5d68a8d490bb427c559c86accab&device_id=50c48633-3da8-4c7f-9939-019189358538 HTTP/1.1" status: 200 len: 1409 time: 0.0646582
2026-05-06 06:08:34.471 10 INFO neutron.wsgi [req-19848860-81c3-4419-9694-9184b12ecd48 req-6d88ae1f-dfd5-4b92-af60-8fb11103416f a238ef8cbb32488283c894b7070d3528 20c20568c9f14e2cab3944b99efdf9c1 - - 37e4c56f4a5048cf8cf69f406f61be15 37e4c56f4a5048cf8cf69f406f61be15] 199.19.213.73 "GET /v2.0/ports?tenant_id=5c4bedf162f34827bdb95f16401c14be&device_id=d5003f69-6bf8-4463-a421-f105d1028f28 HTTP/1.1" status: 200 len: 1407 time: 0.0477538
2026-05-06 06:08:34.523 10 INFO neutron.wsgi [req-19848860-81c3-4419-9694-9184b12ecd48 req-42c3d0f4-c9a1-46cc-b7da-b3799acd9fb5 a238ef8cbb32488283c894b7070d3528 20c20568c9f14e2cab3944b99efdf9c1 - - 37e4c56f4a5048cf8cf69f406f61be15 37e4c56f4a5048cf8cf69f406f61be15] 199.19.213.73 "GET /v2.0/floatingips?fixed_ip_address=10.100.0.5&port_id=6d1a400e-8eff-4907-ad96-8807037efbb0 HTTP/1.1" status: 200 len: 217 time: 0.0386665
2026-05-06 06:08:34.564 9 INFO neutron.wsgi [req-24e7e6ca-3471-41b8-9f82-a71df9b9f095 req-858e7022-3142-4840-84f5-5f5d916de8fc a238ef8cbb32488283c894b7070d3528 20c20568c9f14e2cab3944b99efdf9c1 - - 37e4c56f4a5048cf8cf69f406f61be15 37e4c56f4a5048cf8cf69f406f61be15] 199.19.213.73 "GET /v2.0/networks?id=b7320171-2f72-4f30-a7ec-343e20cdd15d HTTP/1.1" status: 200 len: 982 time: 0.1085877
2026-05-06 06:08:34.603 10 INFO neutron.wsgi [req-19848860-81c3-4419-9694-9184b12ecd48 req-07e4ab58-e015-4a86-9204-ac1019177d13 a238ef8cbb32488283c894b7070d3528 20c20568c9f14e2cab3944b99efdf9c1 - - 37e4c56f4a5048cf8cf69f406f61be15 37e4c56f4a5048cf8cf69f406f61be15] 199.19.213.73 "GET /v2.0/subnets?id=0b570df5-55f4-4cb3-abf9-48e48a473a71 HTTP/1.1" status: 200 len: 862 time: 0.0692556
2026-05-06 06:08:34.647 10 INFO neutron.wsgi [req-19848860-81c3-4419-9694-9184b12ecd48 req-a404259f-821a-451c-9eb4-dcdf0181231b a238ef8cbb32488283c894b7070d3528 20c20568c9f14e2cab3944b99efdf9c1 - - 37e4c56f4a5048cf8cf69f406f61be15 37e4c56f4a5048cf8cf69f406f61be15] 199.19.213.73 "GET /v2.0/ports?network_id=4399f50f-f4c4-4612-9839-cede377bfa31&device_owner=network%3Adhcp HTTP/1.1" status: 200 len: 210 time: 0.0331104
2026-05-06 06:08:34.647 9 INFO neutron.wsgi [req-24e7e6ca-3471-41b8-9f82-a71df9b9f095 req-15d489da-5958-486b-8f32-73da7ee0e02e a238ef8cbb32488283c894b7070d3528 20c20568c9f14e2cab3944b99efdf9c1 - - 37e4c56f4a5048cf8cf69f406f61be15 37e4c56f4a5048cf8cf69f406f61be15] 199.19.213.73 "GET /v2.0/floatingips?fixed_ip_address=10.100.0.5&port_id=e31f3baa-f657-4cf4-9a04-210d0dd9d5aa HTTP/1.1" status: 200 len: 1059 time: 0.0733016
2026-05-06 06:08:34.698 9 INFO neutron.wsgi [req-24e7e6ca-3471-41b8-9f82-a71df9b9f095 req-608b86b0-f905-426c-a468-7385be0a4d83 a238ef8cbb32488283c894b7070d3528 20c20568c9f14e2cab3944b99efdf9c1 - - 37e4c56f4a5048cf8cf69f406f61be15 37e4c56f4a5048cf8cf69f406f61be15] 199.19.213.73 "GET /v2.0/subnets?id=2a888abc-0d0a-4d42-9b1f-3873758f091c HTTP/1.1" status: 200 len: 877 time: 0.0372746
2026-05-06 06:08:34.720 10 INFO neutron.services.segments.plugin [-] Segment aafcb2c8-11c5-4783-8dc2-ebce23fceba2 resource provider aggregate not found
2026-05-06 06:08:34.726 10 INFO neutron.services.segments.plugin [-] Segment aafcb2c8-11c5-4783-8dc2-ebce23fceba2 resource provider aggregate not found
2026-05-06 06:08:34.729 9 INFO neutron.wsgi [req-24e7e6ca-3471-41b8-9f82-a71df9b9f095 req-735185e4-ad1b-4183-a5c8-442c16650e32 a238ef8cbb32488283c894b7070d3528 20c20568c9f14e2cab3944b99efdf9c1 - - 37e4c56f4a5048cf8cf69f406f61be15 37e4c56f4a5048cf8cf69f406f61be15] 199.19.213.73 "GET /v2.0/ports?network_id=b7320171-2f72-4f30-a7ec-343e20cdd15d&device_owner=network%3Adhcp HTTP/1.1" status: 200 len: 210 time: 0.0235949
2026-05-06 06:08:34.747 10 INFO neutron.services.segments.plugin [-] Segment aafcb2c8-11c5-4783-8dc2-ebce23fceba2 resource provider not found; error: Placement Client Error (4xx): {"errors": [{"status": 404, "title": "Not Found", "detail": "The resource could not be found.\n\n No resource provider with uuid aafcb2c8-11c5-4783-8dc2-ebce23fceba2 found for delete ", "request_id": "req-0b254cce-5897-4b89-90af-6771a067677b"}]}
2026-05-06 06:08:34.750 10 INFO neutron.services.segments.plugin [-] Segment aafcb2c8-11c5-4783-8dc2-ebce23fceba2 resource provider not found; error: Placement Client Error (4xx): {"errors": [{"status": 404, "title": "Not Found", "detail": "The resource could not be found.\n\n No resource provider with uuid aafcb2c8-11c5-4783-8dc2-ebce23fceba2 found for delete ", "request_id": "req-5187d8c3-8f58-4226-8f0d-52d235d903b2"}]}
2026-05-06 06:08:34.790 10 INFO neutron.wsgi [req-19848860-81c3-4419-9694-9184b12ecd48 req-097931de-9321-4ca3-8303-f90d4e732308 a238ef8cbb32488283c894b7070d3528 20c20568c9f14e2cab3944b99efdf9c1 - - 37e4c56f4a5048cf8cf69f406f61be15 37e4c56f4a5048cf8cf69f406f61be15] 199.19.213.73 "GET /v2.0/networks/4399f50f-f4c4-4612-9839-cede377bfa31?fields=segments HTTP/1.1" status: 200 len: 212 time: 0.1310637
2026-05-06 06:08:34.801 10 INFO neutron.wsgi [None req-bee43247-ed52-4a3c-a0ea-a2ba669b5f86 6410c18360a148a7bc7c83b962e14ee3 c2d7013754384b399bf564185e9f6798 - - default default] 10.0.0.130 "DELETE /v2.0/networks/193743e3-cfc5-4e94-8227-de05f282fa68 HTTP/1.1" status: 204 len: 168 time: 0.6824512
2026-05-06 06:08:35.210 10 INFO neutron.wsgi [req-54cacacc-5134-4fcf-b7e2-f3939cef635f req-979a96c9-3880-455b-a086-de99ab867e79 41584c2de4bd4f5687243b9c8afdfdb1 5c4bedf162f34827bdb95f16401c14be - - default default] 10.0.0.210 "GET /v2.0/ports?device_id=d5003f69-6bf8-4463-a421-f105d1028f28 HTTP/1.1" status: 200 len: 1168 time: 0.0521429
2026-05-06 06:08:35.225 9 INFO neutron.wsgi [req-24e7e6ca-3471-41b8-9f82-a71df9b9f095 req-aebfbcb1-3e0a-4afa-8763-47d8a4628ca9 a238ef8cbb32488283c894b7070d3528 20c20568c9f14e2cab3944b99efdf9c1 - - 37e4c56f4a5048cf8cf69f406f61be15 37e4c56f4a5048cf8cf69f406f61be15] 199.19.213.73 "GET /v2.0/networks/b7320171-2f72-4f30-a7ec-343e20cdd15d?fields=segments HTTP/1.1" status: 200 len: 212 time: 0.4876213
2026-05-06 06:08:35.229 10 INFO neutron.wsgi [req-19848860-81c3-4419-9694-9184b12ecd48 req-676973dc-96a4-47e1-9a42-bb5b9a212c1e a238ef8cbb32488283c894b7070d3528 20c20568c9f14e2cab3944b99efdf9c1 - - 37e4c56f4a5048cf8cf69f406f61be15 37e4c56f4a5048cf8cf69f406f61be15] 199.19.213.73 "GET /v2.0/networks/4399f50f-f4c4-4612-9839-cede377bfa31?fields=provider%3Aphysical_network&fields=provider%3Anetwork_type HTTP/1.1" status: 200 len: 277 time: 0.4276185
2026-05-06 06:08:35.258 10 INFO neutron.wsgi [req-54cacacc-5134-4fcf-b7e2-f3939cef635f req-57199262-1ee7-4de7-9cdf-e0f7238b03fa 41584c2de4bd4f5687243b9c8afdfdb1 5c4bedf162f34827bdb95f16401c14be - - default default] 10.0.0.210 "GET /v2.0/security-groups?id=80a7daa0-a089-4983-b9b0-f124088fa1cc&fields=id&fields=name HTTP/1.1" status: 200 len: 313 time: 0.0380681
2026-05-06 06:08:35.313 10 INFO neutron.wsgi [req-1cff6010-9c40-4f18-9ed0-fc831e53c1da req-7634c6d1-f2ed-4614-82da-d33217d935ee a238ef8cbb32488283c894b7070d3528 20c20568c9f14e2cab3944b99efdf9c1 - - 37e4c56f4a5048cf8cf69f406f61be15 37e4c56f4a5048cf8cf69f406f61be15] 199.19.213.73 "GET /v2.0/ports?tenant_id=5c4bedf162f34827bdb95f16401c14be&device_id=d5003f69-6bf8-4463-a421-f105d1028f28 HTTP/1.1" status: 200 len: 1407 time: 0.0426075
2026-05-06 06:08:35.385 9 INFO neutron.wsgi [req-24e7e6ca-3471-41b8-9f82-a71df9b9f095 req-8e92bf7f-8ac4-49b7-b502-62078c2f3c7c a238ef8cbb32488283c894b7070d3528 20c20568c9f14e2cab3944b99efdf9c1 - - 37e4c56f4a5048cf8cf69f406f61be15 37e4c56f4a5048cf8cf69f406f61be15] 199.19.213.73 "GET /v2.0/networks/b7320171-2f72-4f30-a7ec-343e20cdd15d?fields=provider%3Aphysical_network&fields=provider%3Anetwork_type HTTP/1.1" status: 200 len: 277 time: 0.1434722
2026-05-06 06:08:35.403 10 INFO neutron.wsgi [req-1cff6010-9c40-4f18-9ed0-fc831e53c1da req-74c1f460-30c3-4712-b437-00186cbdd2c7 a238ef8cbb32488283c894b7070d3528 20c20568c9f14e2cab3944b99efdf9c1 - - 37e4c56f4a5048cf8cf69f406f61be15 37e4c56f4a5048cf8cf69f406f61be15] 199.19.213.73 "GET /v2.0/networks?id=4399f50f-f4c4-4612-9839-cede377bfa31 HTTP/1.1" status: 200 len: 967 time: 0.0855925
2026-05-06 06:08:35.418 9 INFO neutron.db.ovn_revision_numbers_db [None req-4b882177-be60-4780-88e2-2d6ec1ab2146 ca89b9242353463790d86e73147b14ab f7a7fcbf79c64ad8bdb5a244cd81c59a - - default default] Successfully bumped revision number for resource a7a16ae0-6bb1-4af7-b8ed-3e1943738a56 (type: ports) to 2
2026-05-06 06:08:35.457 10 INFO neutron.wsgi [req-1cff6010-9c40-4f18-9ed0-fc831e53c1da req-8de26e05-d09a-4776-86a6-c6199b0f055d a238ef8cbb32488283c894b7070d3528 20c20568c9f14e2cab3944b99efdf9c1 - - 37e4c56f4a5048cf8cf69f406f61be15 37e4c56f4a5048cf8cf69f406f61be15] 199.19.213.73 "GET /v2.0/floatingips?fixed_ip_address=10.100.0.5&port_id=6d1a400e-8eff-4907-ad96-8807037efbb0 HTTP/1.1" status: 200 len: 217 time: 0.0472939
2026-05-06 06:08:35.522 9 INFO neutron.plugins.ml2.drivers.ovn.mech_driver.mech_driver [None req-abbeebd0-d50e-4d66-a978-89d93b228ab9 - - - - - -] OVN reports status up for port: 6d1a400e-8eff-4907-ad96-8807037efbb0
2026-05-06 06:08:35.536 9 INFO neutron.services.segments.plugin [-] Segment d6174fd2-9115-4e59-b4b0-a8bc105293e4 resource provider aggregate not found
2026-05-06 06:08:35.542 10 INFO neutron.wsgi [req-1cff6010-9c40-4f18-9ed0-fc831e53c1da req-44570344-4f46-49b7-a770-c0a8244b6a83 a238ef8cbb32488283c894b7070d3528 20c20568c9f14e2cab3944b99efdf9c1 - - 37e4c56f4a5048cf8cf69f406f61be15 37e4c56f4a5048cf8cf69f406f61be15] 199.19.213.73 "GET /v2.0/subnets?id=0b570df5-55f4-4cb3-abf9-48e48a473a71 HTTP/1.1" status: 200 len: 862 time: 0.0768855
2026-05-06 06:08:35.557 9 INFO neutron.wsgi [req-5a5ba160-7afb-4c7c-9a72-bf1002022211 req-10797110-6b84-455c-b10d-c3c905b271fd a238ef8cbb32488283c894b7070d3528 20c20568c9f14e2cab3944b99efdf9c1 - - 37e4c56f4a5048cf8cf69f406f61be15 37e4c56f4a5048cf8cf69f406f61be15] 199.19.213.73 "GET /v2.0/ports?tenant_id=e0c1c5d68a8d490bb427c559c86accab&device_id=50c48633-3da8-4c7f-9939-019189358538 HTTP/1.1" status: 200 len: 1409 time: 0.1159394
2026-05-06 06:08:35.570 9 INFO neutron.services.segments.plugin [-] Segment d6174fd2-9115-4e59-b4b0-a8bc105293e4 resource provider not found; error: Placement Client Error (4xx): {"errors": [{"status": 404, "title": "Not Found", "detail": "The resource could not be found.\n\n No resource provider with uuid d6174fd2-9115-4e59-b4b0-a8bc105293e4 found for delete ", "request_id": "req-67edbacd-d3a4-427e-8c82-72db0c269ed6"}]}
2026-05-06 06:08:35.571 9 INFO neutron.services.segments.plugin [-] Segment d6174fd2-9115-4e59-b4b0-a8bc105293e4 resource provider aggregate not found
2026-05-06 06:08:35.577 10 INFO neutron.wsgi [req-1cff6010-9c40-4f18-9ed0-fc831e53c1da req-f6dfc513-8a0c-493e-8aaf-72608ade4f87 a238ef8cbb32488283c894b7070d3528 20c20568c9f14e2cab3944b99efdf9c1 - - 37e4c56f4a5048cf8cf69f406f61be15 37e4c56f4a5048cf8cf69f406f61be15] 199.19.213.73 "GET /v2.0/ports?network_id=4399f50f-f4c4-4612-9839-cede377bfa31&device_owner=network%3Adhcp HTTP/1.1" status: 200 len: 210 time: 0.0302167
2026-05-06 06:08:35.592 9 INFO neutron.plugins.ml2.plugin [None req-abbeebd0-d50e-4d66-a978-89d93b228ab9 - - - - - -] Attempt 1 to provision port 6d1a400e-8eff-4907-ad96-8807037efbb0
2026-05-06 06:08:35.606 9 INFO neutron.db.ovn_revision_numbers_db [None req-4b882177-be60-4780-88e2-2d6ec1ab2146 ca89b9242353463790d86e73147b14ab f7a7fcbf79c64ad8bdb5a244cd81c59a - - default default] Successfully bumped revision number for resource 47c107f6-1dba-45a6-9f68-b29e20e7911b (type: subnets) to 0
2026-05-06 06:08:35.612 9 INFO neutron.services.segments.plugin [-] Segment d6174fd2-9115-4e59-b4b0-a8bc105293e4 resource provider not found; error: Placement Client Error (4xx): {"errors": [{"status": 404, "title": "Not Found", "detail": "The resource could not be found.\n\n No resource provider with uuid d6174fd2-9115-4e59-b4b0-a8bc105293e4 found for delete ", "request_id": "req-aff791eb-d366-44b3-894a-312d9b943ab0"}]}
2026-05-06 06:08:35.668 9 INFO neutron.wsgi [None req-4b882177-be60-4780-88e2-2d6ec1ab2146 ca89b9242353463790d86e73147b14ab f7a7fcbf79c64ad8bdb5a244cd81c59a - - default default] 10.0.0.130 "POST /v2.0/subnets HTTP/1.1" status: 201 len: 865 time: 1.8701494
2026-05-06 06:08:35.675 10 INFO neutron.wsgi [req-1cff6010-9c40-4f18-9ed0-fc831e53c1da req-59770be5-52bf-457a-97b0-79851257cfc3 a238ef8cbb32488283c894b7070d3528 20c20568c9f14e2cab3944b99efdf9c1 - - 37e4c56f4a5048cf8cf69f406f61be15 37e4c56f4a5048cf8cf69f406f61be15] 199.19.213.73 "GET /v2.0/networks/4399f50f-f4c4-4612-9839-cede377bfa31?fields=segments HTTP/1.1" status: 200 len: 212 time: 0.0918515
2026-05-06 06:08:35.726 9 INFO neutron.wsgi [req-5a5ba160-7afb-4c7c-9a72-bf1002022211 req-02906f06-4b49-4027-af7c-73e80a932135 a238ef8cbb32488283c894b7070d3528 20c20568c9f14e2cab3944b99efdf9c1 - - 37e4c56f4a5048cf8cf69f406f61be15 37e4c56f4a5048cf8cf69f406f61be15] 199.19.213.73 "GET /v2.0/networks?id=b7320171-2f72-4f30-a7ec-343e20cdd15d HTTP/1.1" status: 200 len: 982 time: 0.1477656
2026-05-06 06:08:35.845 10 INFO neutron.wsgi [req-1cff6010-9c40-4f18-9ed0-fc831e53c1da req-5ec9810a-6299-4913-80f7-b2099954ed6b a238ef8cbb32488283c894b7070d3528 20c20568c9f14e2cab3944b99efdf9c1 - - 37e4c56f4a5048cf8cf69f406f61be15 37e4c56f4a5048cf8cf69f406f61be15] 199.19.213.73 "GET /v2.0/networks/4399f50f-f4c4-4612-9839-cede377bfa31?fields=provider%3Aphysical_network&fields=provider%3Anetwork_type HTTP/1.1" status: 200 len: 277 time: 0.1623895
2026-05-06 06:08:35.853 9 INFO neutron.wsgi [req-5a5ba160-7afb-4c7c-9a72-bf1002022211 req-9c54c981-499b-4239-8099-03cbb788840b a238ef8cbb32488283c894b7070d3528 20c20568c9f14e2cab3944b99efdf9c1 - - 37e4c56f4a5048cf8cf69f406f61be15 37e4c56f4a5048cf8cf69f406f61be15] 199.19.213.73 "GET /v2.0/floatingips?fixed_ip_address=10.100.0.5&port_id=e31f3baa-f657-4cf4-9a04-210d0dd9d5aa HTTP/1.1" status: 200 len: 1059 time: 0.1173337
2026-05-06 06:08:35.905 10 INFO neutron.wsgi [req-7f9c6dea-4532-41c3-bd8f-afe9b34297ce req-9959cbd9-f7f2-48c0-8314-13eb8ef09ed0 f5b7dc7504d24ff19739a3766817d585 e0c1c5d68a8d490bb427c559c86accab - - default default] 10.0.0.210 "GET /v2.0/ports?device_id=50c48633-3da8-4c7f-9939-019189358538 HTTP/1.1" status: 200 len: 1170 time: 0.1023364
2026-05-06 06:08:35.958 10 INFO neutron.wsgi [req-7f9c6dea-4532-41c3-bd8f-afe9b34297ce req-8843d0df-14d6-47e5-9867-6a0bd93d94a1 f5b7dc7504d24ff19739a3766817d585 e0c1c5d68a8d490bb427c559c86accab - - default default] 10.0.0.210 "GET /v2.0/security-groups?id=4b034151-a66d-422d-aa15-cc6f28876875&fields=id&fields=name HTTP/1.1" status: 200 len: 313 time: 0.0449395
2026-05-06 06:08:35.981 9 INFO neutron.wsgi [req-5a5ba160-7afb-4c7c-9a72-bf1002022211 req-c222e61c-dcfe-4579-ad6d-2a98748de21f a238ef8cbb32488283c894b7070d3528 20c20568c9f14e2cab3944b99efdf9c1 - - 37e4c56f4a5048cf8cf69f406f61be15 37e4c56f4a5048cf8cf69f406f61be15] 199.19.213.73 "GET /v2.0/subnets?id=2a888abc-0d0a-4d42-9b1f-3873758f091c HTTP/1.1" status: 200 len: 877 time: 0.1220491
2026-05-06 06:08:36.061 9 INFO neutron.wsgi [req-5a5ba160-7afb-4c7c-9a72-bf1002022211 req-956d25ed-cb63-40e6-a698-6385648d6d06 a238ef8cbb32488283c894b7070d3528 20c20568c9f14e2cab3944b99efdf9c1 - - 37e4c56f4a5048cf8cf69f406f61be15 37e4c56f4a5048cf8cf69f406f61be15] 199.19.213.73 "GET /v2.0/ports?network_id=b7320171-2f72-4f30-a7ec-343e20cdd15d&device_owner=network%3Adhcp HTTP/1.1" status: 200 len: 210 time: 0.0708499
2026-05-06 06:08:36.215 9 INFO neutron.wsgi [None req-b86fe790-2e49-4cf1-80da-2ab83c1edc15 6410c18360a148a7bc7c83b962e14ee3 c2d7013754384b399bf564185e9f6798 - - default default] 10.0.0.130 "DELETE /v2.0/networks/b4a85225-1d90-485e-836f-8332561127b4 HTTP/1.1" status: 204 len: 168 time: 1.4077566
2026-05-06 06:08:36.219 10 INFO neutron.wsgi [req-16dbae1e-e948-42e4-b8b7-e7c1a6766bcf req-92d4a3c4-63d0-4d2f-a9d9-3d90a4b40ec6 f5b7dc7504d24ff19739a3766817d585 e0c1c5d68a8d490bb427c559c86accab - - default default] 199.19.213.73 "GET /v2.0/ports?device_id=50c48633-3da8-4c7f-9939-019189358538 HTTP/1.1" status: 200 len: 1170 time: 0.0484548
2026-05-06 06:08:36.220 9 INFO neutron.wsgi [req-5a5ba160-7afb-4c7c-9a72-bf1002022211 req-21b76bd1-0fd0-4381-a97d-8beec7a0d203 a238ef8cbb32488283c894b7070d3528 20c20568c9f14e2cab3944b99efdf9c1 - - 37e4c56f4a5048cf8cf69f406f61be15 37e4c56f4a5048cf8cf69f406f61be15] 199.19.213.73 "GET /v2.0/networks/b7320171-2f72-4f30-a7ec-343e20cdd15d?fields=segments HTTP/1.1" status: 200 len: 212 time: 0.1523087
2026-05-06 06:08:36.389 9 INFO neutron.wsgi [req-5a5ba160-7afb-4c7c-9a72-bf1002022211 req-2d56c7a2-2eb5-42ef-bd7b-644aea488e8b a238ef8cbb32488283c894b7070d3528 20c20568c9f14e2cab3944b99efdf9c1 - - 37e4c56f4a5048cf8cf69f406f61be15 37e4c56f4a5048cf8cf69f406f61be15] 199.19.213.73 "GET /v2.0/networks/b7320171-2f72-4f30-a7ec-343e20cdd15d?fields=provider%3Aphysical_network&fields=provider%3Anetwork_type HTTP/1.1" status: 200 len: 277 time: 0.1439245
2026-05-06 06:08:36.417 9 INFO neutron.db.ovn_revision_numbers_db [None req-abbeebd0-d50e-4d66-a978-89d93b228ab9 - - - - - -] Successfully bumped revision number for resource 6d1a400e-8eff-4907-ad96-8807037efbb0 (type: ports) to 4
2026-05-06 06:08:36.447 9 INFO neutron.notifiers.nova [-] Nova event matching ['req-9a6ed754-eaa6-4368-a820-f0dac080d3ea'] response: {'server_uuid': 'd5003f69-6bf8-4463-a421-f105d1028f28', 'name': 'network-vif-plugged', 'status': 'completed', 'tag': '6d1a400e-8eff-4907-ad96-8807037efbb0', 'code': 200}
2026-05-06 06:08:36.470 10 INFO neutron.wsgi [req-7f876009-b40e-4e0c-8e92-949eaa52e673 req-0db10fba-8518-49fe-9206-1283f3604e58 41584c2de4bd4f5687243b9c8afdfdb1 5c4bedf162f34827bdb95f16401c14be - - default default] 10.0.0.210 "GET /v2.0/ports?device_id=d5003f69-6bf8-4463-a421-f105d1028f28 HTTP/1.1" status: 200 len: 1170 time: 0.1331873
2026-05-06 06:08:36.527 9 INFO neutron.plugins.ml2.drivers.ovn.mech_driver.mech_driver [None req-abbeebd0-d50e-4d66-a978-89d93b228ab9 - - - - - -] OVN reports status down for port: e31f3baa-f657-4cf4-9a04-210d0dd9d5aa
2026-05-06 06:08:36.549 10 INFO neutron.wsgi [req-7f876009-b40e-4e0c-8e92-949eaa52e673 req-0fb807e9-3d39-4492-b62b-9ecdd69e8a55 41584c2de4bd4f5687243b9c8afdfdb1 5c4bedf162f34827bdb95f16401c14be - - default default] 10.0.0.210 "GET /v2.0/security-groups?id=80a7daa0-a089-4983-b9b0-f124088fa1cc&fields=id&fields=name HTTP/1.1" status: 200 len: 313 time: 0.0651412
2026-05-06 06:08:36.637 10 INFO neutron.db.l3_db [req-16dbae1e-e948-42e4-b8b7-e7c1a6766bcf req-c773ddbb-c821-419d-8a54-238805c72b8b f5b7dc7504d24ff19739a3766817d585 e0c1c5d68a8d490bb427c559c86accab - - default default] Floating IP 3bba0b8b-21a0-42e0-b6d2-6c1e7f82b1e3 disassociated. External IP: 10.96.250.217, port: e31f3baa-f657-4cf4-9a04-210d0dd9d5aa.
2026-05-06 06:08:36.724 10 INFO neutron.wsgi [-] 10.0.0.69 "GET / HTTP/1.1" status: 200 len: 247 time: 0.0014369
2026-05-06 06:08:36.726 10 INFO neutron.wsgi [-] 10.0.0.69 "GET / HTTP/1.1" status: 200 len: 247 time: 0.0009415
2026-05-06 06:08:36.738 9 WARNING neutron.scheduler.dhcp_agent_scheduler [None req-da3a9096-9abc-487d-9a44-a4cabe1efd85 ca89b9242353463790d86e73147b14ab f7a7fcbf79c64ad8bdb5a244cd81c59a - - default default] No more DHCP agents
2026-05-06 06:08:36.742 9 WARNING neutron.api.rpc.agentnotifiers.dhcp_rpc_agent_api [None req-da3a9096-9abc-487d-9a44-a4cabe1efd85 ca89b9242353463790d86e73147b14ab f7a7fcbf79c64ad8bdb5a244cd81c59a - - default default] Unable to schedule network 5b11ae42-edf5-4a66-80a7-95b6ab14d670: no agents available; will retry on subsequent port and subnet creation events.
2026-05-06 06:08:36.859 10 INFO neutron.wsgi [req-16dbae1e-e948-42e4-b8b7-e7c1a6766bcf req-c773ddbb-c821-419d-8a54-238805c72b8b f5b7dc7504d24ff19739a3766817d585 e0c1c5d68a8d490bb427c559c86accab - - default default] 199.19.213.73 "DELETE /v2.0/ports/e31f3baa-f657-4cf4-9a04-210d0dd9d5aa HTTP/1.1" status: 204 len: 173 time: 0.6296277
2026-05-06 06:08:36.918 10 INFO neutron.notifiers.nova [-] Nova event matching ['req-30aa6eea-aad4-4ec0-9226-230790fb5312'] response: {'server_uuid': '50c48633-3da8-4c7f-9939-019189358538', 'name': 'network-vif-deleted', 'tag': 'e31f3baa-f657-4cf4-9a04-210d0dd9d5aa', 'status': 'completed', 'code': 200}
2026-05-06 06:08:36.923 10 INFO neutron.wsgi [None req-f794c1fb-e9d5-4af4-954d-ca91a5482613 ca89b9242353463790d86e73147b14ab f7a7fcbf79c64ad8bdb5a244cd81c59a - - default default] 10.0.0.130 "GET /v2.0/security-groups?tenant_id=c2d7013754384b399bf564185e9f6798&name=default HTTP/1.1" status: 200 len: 2996 time: 0.1734390
2026-05-06 06:08:36.984 9 INFO neutron.db.ovn_revision_numbers_db [None req-da3a9096-9abc-487d-9a44-a4cabe1efd85 ca89b9242353463790d86e73147b14ab f7a7fcbf79c64ad8bdb5a244cd81c59a - - default default] Successfully bumped revision number for resource 2832b177-2dd4-42e8-afa6-689857967d42 (type: ports) to 1
2026-05-06 06:08:37.080 10 INFO neutron.wsgi [req-abffec57-f5a4-4a23-a61c-2818b3e85de8 req-40e26570-3cac-4faa-99c9-03a6e0c760a4 f5b7dc7504d24ff19739a3766817d585 e0c1c5d68a8d490bb427c559c86accab - - default default] 10.0.0.210 "GET /v2.0/ports?device_id=50c48633-3da8-4c7f-9939-019189358538 HTTP/1.1" status: 200 len: 210 time: 0.0297124
2026-05-06 06:08:37.197 10 INFO neutron.wsgi [None req-7714a339-ca9f-48bb-85a1-cf688c11764c ca89b9242353463790d86e73147b14ab f7a7fcbf79c64ad8bdb5a244cd81c59a - - default default] 10.0.0.130 "DELETE /v2.0/security-groups/69931694-a2aa-47b1-bafc-0c1398f87ba6 HTTP/1.1" status: 204 len: 168 time: 0.2684860
2026-05-06 06:08:37.331 9 ERROR ovsdbapp.backend.ovs_idl.command [None req-abbeebd0-d50e-4d66-a978-89d93b228ab9 - - - - - -] Error executing command (LspGetUpCommand): ovsdbapp.backend.ovs_idl.idlutils.RowNotFound: Cannot find Logical_Switch_Port with name=e31f3baa-f657-4cf4-9a04-210d0dd9d5aa
2026-05-06 06:08:37.331 9 ERROR ovsdbapp.backend.ovs_idl.command
Traceback (most recent call last):
2026-05-06 06:08:37.331 9 ERROR ovsdbapp.backend.ovs_idl.command
File "/var/lib/openstack/lib/python3.10/site-packages/ovsdbapp/backend/ovs_idl/command.py", line 47, in execute
2026-05-06 06:08:37.331 9 ERROR ovsdbapp.backend.ovs_idl.command self.run_idl(None)
2026-05-06 06:08:37.331 9 ERROR ovsdbapp.backend.ovs_idl.command
File "/var/lib/openstack/lib/python3.10/site-packages/ovsdbapp/schema/ovn_northbound/commands.py", line 672, in run_idl
2026-05-06 06:08:37.331 9 ERROR ovsdbapp.backend.ovs_idl.command lsp = self.api.lookup('Logical_Switch_Port', self.port)
2026-05-06 06:08:37.331 9 ERROR ovsdbapp.backend.ovs_idl.command
File "/var/lib/openstack/lib/python3.10/site-packages/ovsdbapp/backend/ovs_idl/__init__.py", line 184, in lookup
2026-05-06 06:08:37.331 9 ERROR ovsdbapp.backend.ovs_idl.command return self._lookup(table, record)
2026-05-06 06:08:37.331 9 ERROR ovsdbapp.backend.ovs_idl.command
File "/var/lib/openstack/lib/python3.10/site-packages/ovsdbapp/backend/ovs_idl/__init__.py", line 235, in _lookup
2026-05-06 06:08:37.331 9 ERROR ovsdbapp.backend.ovs_idl.command row = idlutils.row_by_value(self, rl.table, rl.column, record)
2026-05-06 06:08:37.331 9 ERROR ovsdbapp.backend.ovs_idl.command
File "/var/lib/openstack/lib/python3.10/site-packages/ovsdbapp/backend/ovs_idl/idlutils.py", line 114, in row_by_value
2026-05-06 06:08:37.331 9 ERROR ovsdbapp.backend.ovs_idl.command raise RowNotFound(table=table, col=column, match=match)
2026-05-06 06:08:37.331 9 ERROR ovsdbapp.backend.ovs_idl.command ovsdbapp.backend.ovs_idl.idlutils.RowNotFound: Cannot find Logical_Switch_Port with name=e31f3baa-f657-4cf4-9a04-210d0dd9d5aa
2026-05-06 06:08:37.331 9 ERROR ovsdbapp.backend.ovs_idl.command 
2026-05-06 06:08:37.333 9 ERROR ovsdbapp.event [None req-abbeebd0-d50e-4d66-a978-89d93b228ab9 - - - - - -] Unexpected exception in notify_loop: ovsdbapp.backend.ovs_idl.idlutils.RowNotFound: Cannot find Logical_Switch_Port with name=e31f3baa-f657-4cf4-9a04-210d0dd9d5aa
2026-05-06 06:08:37.333 9 ERROR ovsdbapp.event
Traceback (most recent call last):
2026-05-06 06:08:37.333 9 ERROR ovsdbapp.event
File "/var/lib/openstack/lib/python3.10/site-packages/ovsdbapp/event.py", line 177, in notify_loop
2026-05-06 06:08:37.333 9 ERROR ovsdbapp.event match.run(event, row, updates)
2026-05-06 06:08:37.333 9 ERROR ovsdbapp.event
File "/var/lib/openstack/lib/python3.10/site-packages/neutron/plugins/ml2/drivers/ovn/mech_driver/ovsdb/ovsdb_monitor.py", line 543, in run
2026-05-06 06:08:37.333 9 ERROR ovsdbapp.event self.driver.set_port_status_down(row.name)
2026-05-06 06:08:37.333 9 ERROR ovsdbapp.event
File "/var/lib/openstack/lib/python3.10/site-packages/neutron/plugins/ml2/drivers/ovn/mech_driver/mech_driver.py", line 1241, in set_port_status_down
2026-05-06 06:08:37.333 9 ERROR ovsdbapp.event self._ovn_client.update_lsp_host_info(
2026-05-06 06:08:37.333 9 ERROR ovsdbapp.event
File "/var/lib/openstack/lib/python3.10/site-packages/neutron/plugins/ml2/drivers/ovn/mech_driver/ovsdb/ovn_client.py", line 297, in update_lsp_host_info
2026-05-06 06:08:37.333 9 ERROR ovsdbapp.event port_up = self._nb_idl.lsp_get_up(db_port.id).execute(
2026-05-06 06:08:37.333 9 ERROR ovsdbapp.event
File "/var/lib/openstack/lib/python3.10/site-packages/ovsdbapp/backend/ovs_idl/command.py", line 47, in execute
2026-05-06 06:08:37.333 9 ERROR ovsdbapp.event self.run_idl(None)
2026-05-06 06:08:37.333 9 ERROR ovsdbapp.event
File "/var/lib/openstack/lib/python3.10/site-packages/ovsdbapp/schema/ovn_northbound/commands.py", line 672, in run_idl
2026-05-06 06:08:37.333 9 ERROR ovsdbapp.event lsp = self.api.lookup('Logical_Switch_Port', self.port)
2026-05-06 06:08:37.333 9 ERROR ovsdbapp.event
File "/var/lib/openstack/lib/python3.10/site-packages/ovsdbapp/backend/ovs_idl/__init__.py", line 184, in lookup
2026-05-06 06:08:37.333 9 ERROR ovsdbapp.event return self._lookup(table, record)
2026-05-06 06:08:37.333 9 ERROR ovsdbapp.event
File "/var/lib/openstack/lib/python3.10/site-packages/ovsdbapp/backend/ovs_idl/__init__.py", line 235, in _lookup
2026-05-06 06:08:37.333 9 ERROR ovsdbapp.event row = idlutils.row_by_value(self, rl.table, rl.column, record)
2026-05-06 06:08:37.333 9 ERROR ovsdbapp.event
File "/var/lib/openstack/lib/python3.10/site-packages/ovsdbapp/backend/ovs_idl/idlutils.py", line 114, in row_by_value
2026-05-06 06:08:37.333 9 ERROR ovsdbapp.event raise RowNotFound(table=table, col=column, match=match)
2026-05-06 06:08:37.333 9 ERROR ovsdbapp.event ovsdbapp.backend.ovs_idl.idlutils.RowNotFound: Cannot find Logical_Switch_Port with name=e31f3baa-f657-4cf4-9a04-210d0dd9d5aa
2026-05-06 06:08:37.333 9 ERROR ovsdbapp.event 
2026-05-06 06:08:37.594 9 INFO neutron.services.segments.plugin [-] Segment f53ba4e7-b9fa-43ae-a276-f3b94bf429df resource provider aggregate not found
2026-05-06 06:08:37.619 9 INFO neutron.services.segments.plugin [-] Segment f53ba4e7-b9fa-43ae-a276-f3b94bf429df resource provider not found; error: Placement Client Error (4xx): {"errors": [{"status": 404, "title": "Not Found", "detail": "The resource could not be found.\n\n No resource provider with uuid f53ba4e7-b9fa-43ae-a276-f3b94bf429df found for delete ", "request_id": "req-daadf848-95a3-4331-82be-2ff2e512c0e1"}]}
2026-05-06 06:08:37.636 9 INFO neutron.services.segments.plugin [-] Segment f53ba4e7-b9fa-43ae-a276-f3b94bf429df resource provider aggregate not found
2026-05-06 06:08:37.654 10 INFO neutron.wsgi [req-16f14285-57d1-4a26-9f38-a5c303304157 req-a55fcba3-918b-4644-ab17-19a64ef0f367 41584c2de4bd4f5687243b9c8afdfdb1 5c4bedf162f34827bdb95f16401c14be - - default default] 10.0.0.210 "GET /v2.0/ports?device_id=d5003f69-6bf8-4463-a421-f105d1028f28 HTTP/1.1" status: 200 len: 1170 time: 0.0450466
2026-05-06 06:08:37.658 9 INFO neutron.services.segments.plugin [-] Segment f53ba4e7-b9fa-43ae-a276-f3b94bf429df resource provider not found; error: Placement Client Error (4xx): {"errors": [{"status": 404, "title": "Not Found", "detail": "The resource could not be found.\n\n No resource provider with uuid f53ba4e7-b9fa-43ae-a276-f3b94bf429df found for delete ", "request_id": "req-5404d8a7-b0ee-4c61-b3c9-e1690d58470a"}]}
2026-05-06 06:08:37.718 10 INFO neutron.wsgi [req-16f14285-57d1-4a26-9f38-a5c303304157 req-501a09bd-8bfb-4010-92b9-9048cb3ed5e4 41584c2de4bd4f5687243b9c8afdfdb1 5c4bedf162f34827bdb95f16401c14be - - default default] 10.0.0.210 "GET /v2.0/security-groups?id=80a7daa0-a089-4983-b9b0-f124088fa1cc&fields=id&fields=name HTTP/1.1" status: 200 len: 313 time: 0.0543382
2026-05-06 06:08:37.777 10 INFO neutron.plugins.ml2.drivers.ovn.mech_driver.mech_driver [None req-e3256b9d-3a67-40a3-a56b-ef7bdefb95c1 - - - - - -] OVN reports status up for port: 2832b177-2dd4-42e8-afa6-689857967d42
2026-05-06 06:08:37.785 10 INFO neutron.plugins.ml2.drivers.ovn.mech_driver.ovsdb.ovsdb_monitor [None req-67c05c48-2433-4bb8-8ed4-5c234990bdde - - - - - -] Router 5b5cf1ee-098c-4ba9-b59d-c1cf17b4cb4d is bound to host instance
2026-05-06 06:08:37.805 10 INFO neutron.plugins.ml2.plugin [None req-e3256b9d-3a67-40a3-a56b-ef7bdefb95c1 - - - - - -] Attempt 1 to provision port 2832b177-2dd4-42e8-afa6-689857967d42
2026-05-06 06:08:37.834 9 INFO neutron.db.ovn_revision_numbers_db [None req-da3a9096-9abc-487d-9a44-a4cabe1efd85 ca89b9242353463790d86e73147b14ab f7a7fcbf79c64ad8bdb5a244cd81c59a - - default default] Successfully bumped revision number for resource 2832b177-2dd4-42e8-afa6-689857967d42 (type: router_ports) to 1
2026-05-06 06:08:37.862 10 INFO neutron.wsgi [req-3664e753-53f7-4d9a-992d-4e152cd5d534 req-81c0b024-e120-43cd-8601-8102af28a958 41584c2de4bd4f5687243b9c8afdfdb1 5c4bedf162f34827bdb95f16401c14be - - default default] 10.0.0.210 "GET /v2.0/ports?device_id=d5003f69-6bf8-4463-a421-f105d1028f28 HTTP/1.1" status: 200 len: 1170 time: 0.0517683 /var/lib/openstack/lib/python3.10/site-packages/pycadf/identifier.py:71: UserWarning: Invalid uuid: neutron. To ensure interoperability, identifiers should be a valid uuid. warnings.warn(('Invalid uuid: %s. To ensure interoperability, '
2026-05-06 06:08:38.235 9 INFO neutron.db.ovn_revision_numbers_db [None req-da3a9096-9abc-487d-9a44-a4cabe1efd85 ca89b9242353463790d86e73147b14ab f7a7fcbf79c64ad8bdb5a244cd81c59a - - default default] Successfully bumped revision number for resource 5b5cf1ee-098c-4ba9-b59d-c1cf17b4cb4d (type: routers) to 2
2026-05-06 06:08:38.272 9 INFO neutron.wsgi [None req-da3a9096-9abc-487d-9a44-a4cabe1efd85 ca89b9242353463790d86e73147b14ab f7a7fcbf79c64ad8bdb5a244cd81c59a - - default default] 10.0.0.130 "POST /v2.0/routers HTTP/1.1" status: 201 len: 876 time: 2.5966785
2026-05-06 06:08:38.384 9 INFO neutron.db.l3_db [None req-19260539-3b43-4a26-a3fe-be90b4b1a8ff 41584c2de4bd4f5687243b9c8afdfdb1 5c4bedf162f34827bdb95f16401c14be - - default default] Floating IP b176bc9e-2c0c-4e43-8ee5-43fca161529b associated. External IP: 10.96.250.210, port: 6d1a400e-8eff-4907-ad96-8807037efbb0.
2026-05-06 06:08:38.440 10 INFO neutron.wsgi [None req-2173ebd9-e5d8-4a83-8f9a-2d453fb409a8 f5b7dc7504d24ff19739a3766817d585 e0c1c5d68a8d490bb427c559c86accab - - default default] 10.0.0.130 "DELETE /v2.0/security-groups/4b034151-a66d-422d-aa15-cc6f28876875 HTTP/1.1" status: 204 len: 168 time: 0.2466063
2026-05-06 06:08:38.445 10 INFO neutron.db.ovn_revision_numbers_db [None req-67c05c48-2433-4bb8-8ed4-5c234990bdde - - - - - -] Successfully bumped revision number for resource 2832b177-2dd4-42e8-afa6-689857967d42 (type: ports) to 1
2026-05-06 06:08:38.460 10 INFO neutron.api.v2.resource [None req-d66c3831-eaf4-4843-b08f-10581fb52a5c f5b7dc7504d24ff19739a3766817d585 e0c1c5d68a8d490bb427c559c86accab - - default default] show failed (client error): The resource could not be found.
