2026-05-06 06:10:23.413 10 INFO neutron.wsgi [None req-dc3fd2d1-bfec-401d-aad5-adba456f5057 6d6238a5d68941e680fac61f04d4d928 bad14915e0e941c1840f5cf05ea728b4 - - default default] 10.0.0.130 "GET /v2.0/trunks/12a20f95-a56d-49c8-b67f-2b6697fcc796/tags/green HTTP/1.1" status: 404 len: 299 time: 0.0347192
2026-05-06 06:10:23.446 10 INFO neutron.wsgi [None req-8b1426e0-e03f-4cd7-81b3-2f9d12e8d192 3ba1b97427854623a37ef4e700e7f99e bb1a49724ff04534b5fb8b3471b0d352 - - default default] 10.0.0.130 "GET /v2.0/security-group-rules HTTP/1.1" status: 200 len: 4114 time: 0.0490913
2026-05-06 06:10:23.460 9 INFO neutron.wsgi [None req-ecad4587-fdbe-47a6-b7ba-3c137b29c541 6d6238a5d68941e680fac61f04d4d928 bad14915e0e941c1840f5cf05ea728b4 - - default default] 10.0.0.130 "DELETE /v2.0/trunks/12a20f95-a56d-49c8-b67f-2b6697fcc796/tags/red HTTP/1.1" status: 204 len: 168 time: 0.0419955
2026-05-06 06:10:23.486 10 INFO neutron.wsgi [None req-0af1b5df-10f5-4d4f-9c87-0cdd4ac5f03a 6d6238a5d68941e680fac61f04d4d928 bad14915e0e941c1840f5cf05ea728b4 - - default default] 10.0.0.130 "GET /v2.0/trunks/12a20f95-a56d-49c8-b67f-2b6697fcc796/tags HTTP/1.1" status: 200 len: 223 time: 0.0219822
2026-05-06 06:10:23.518 10 INFO neutron.api.v2.resource [None req-1631d4d7-cbd7-40f4-ae7e-031350c252df 6d6238a5d68941e680fac61f04d4d928 bad14915e0e941c1840f5cf05ea728b4 - - default default] delete failed (client error): The resource could not be found.
2026-05-06 06:10:23.520 10 INFO neutron.wsgi [None req-1631d4d7-cbd7-40f4-ae7e-031350c252df 6d6238a5d68941e680fac61f04d4d928 bad14915e0e941c1840f5cf05ea728b4 - - default default] 10.0.0.130 "DELETE /v2.0/trunks/12a20f95-a56d-49c8-b67f-2b6697fcc796/tags/green HTTP/1.1" status: 404 len: 299 time: 0.0283926
2026-05-06 06:10:23.559 10 INFO neutron.wsgi [None req-5be52464-72ea-4036-bcf3-8421a9b84b1f 6d6238a5d68941e680fac61f04d4d928 bad14915e0e941c1840f5cf05ea728b4 - - default default] 10.0.0.130 "DELETE /v2.0/trunks/12a20f95-a56d-49c8-b67f-2b6697fcc796/tags HTTP/1.1" status: 204 len: 168 time: 0.0352199
2026-05-06 06:10:23.586 10 INFO neutron.wsgi [None req-61cc3df6-7568-4b66-87f0-ed4cf936d524 3ba1b97427854623a37ef4e700e7f99e bb1a49724ff04534b5fb8b3471b0d352 - - default default] 10.0.0.130 "DELETE /v2.0/security-group-rules/d88b39a4-4401-42b5-bdc2-320d55a34c25 HTTP/1.1" status: 204 len: 168 time: 0.1333673
2026-05-06 06:10:23.589 10 INFO neutron.wsgi [None req-c697af97-46df-4a61-beb3-b3ca46fa0776 6d6238a5d68941e680fac61f04d4d928 bad14915e0e941c1840f5cf05ea728b4 - - default default] 10.0.0.130 "GET /v2.0/trunks/12a20f95-a56d-49c8-b67f-2b6697fcc796/tags HTTP/1.1" status: 200 len: 205 time: 0.0261278
2026-05-06 06:10:23.618 9 INFO neutron.wsgi [None req-d8b5da3c-77b9-4765-985b-1ee984dd52cc 6d6238a5d68941e680fac61f04d4d928 bad14915e0e941c1840f5cf05ea728b4 - - default default] 10.0.0.130 "GET /v2.0/trunks/12a20f95-a56d-49c8-b67f-2b6697fcc796 HTTP/1.1" status: 200 len: 603 time: 0.0206861
2026-05-06 06:10:23.628 10 INFO neutron.wsgi [None req-49abdba7-2097-4e21-ae0f-7751b9748e62 3ba1b97427854623a37ef4e700e7f99e bb1a49724ff04534b5fb8b3471b0d352 - - default default] 10.0.0.130 "GET /v2.0/security-group-rules HTTP/1.1" status: 200 len: 3567 time: 0.0362301
2026-05-06 06:10:23.743 9 INFO neutron.wsgi [None req-cd513025-b8d3-4f25-9f3d-4467673f125c 6d6238a5d68941e680fac61f04d4d928 bad14915e0e941c1840f5cf05ea728b4 - - default default] 10.0.0.130 "GET /v2.0/ports/df1af082-6a0c-401f-81b4-f0d617dca40e HTTP/1.1" status: 200 len: 1020 time: 0.1217680
2026-05-06 06:10:23.778 10 INFO neutron.wsgi [None req-d362c19d-e557-458a-9459-2b860540c260 3ba1b97427854623a37ef4e700e7f99e bb1a49724ff04534b5fb8b3471b0d352 - - default default] 10.0.0.130 "DELETE /v2.0/security-groups/3b733c66-3537-4aac-9c5c-d95ada25a80d HTTP/1.1" status: 204 len: 168 time: 0.1454589
2026-05-06 06:10:23.843 10 INFO neutron.wsgi [None req-b6fc48b5-62bb-4b31-a5e4-271e70af508d 6d6238a5d68941e680fac61f04d4d928 bad14915e0e941c1840f5cf05ea728b4 - - default default] 10.0.0.130 "DELETE /v2.0/trunks/12a20f95-a56d-49c8-b67f-2b6697fcc796 HTTP/1.1" status: 204 len: 168 time: 0.0944743
2026-05-06 06:10:23.847 9 INFO neutron.wsgi [None req-cde696c7-cff0-40e9-b184-e15813de0abc 3ba1b97427854623a37ef4e700e7f99e bb1a49724ff04534b5fb8b3471b0d352 - - default default] 10.0.0.130 "GET /v2.0/security-groups HTTP/1.1" status: 200 len: 2996 time: 0.0618317
2026-05-06 06:10:23.899 9 INFO neutron.wsgi [None req-f23485cc-6bca-4be5-833f-45f1ae362c0c 3ba1b97427854623a37ef4e700e7f99e bb1a49724ff04534b5fb8b3471b0d352 - - default default] 10.0.0.130 "GET /v2.0/security-groups HTTP/1.1" status: 200 len: 2996 time: 0.0449002
2026-05-06 06:10:24.130 10 INFO neutron.wsgi [None req-3b5db835-3cab-458a-96a9-911d4992ce38 6d6238a5d68941e680fac61f04d4d928 bad14915e0e941c1840f5cf05ea728b4 - - default default] 10.0.0.130 "DELETE /v2.0/ports/df1af082-6a0c-401f-81b4-f0d617dca40e HTTP/1.1" status: 204 len: 168 time: 0.2803051
2026-05-06 06:10:24.541 9 INFO neutron.services.segments.plugin [-] Segment ef92c486-ae8a-4fd6-a594-d06e4723a98c resource provider aggregate not found
2026-05-06 06:10:24.546 9 INFO neutron.services.segments.plugin [-] Segment ef92c486-ae8a-4fd6-a594-d06e4723a98c resource provider aggregate not found
2026-05-06 06:10:24.565 9 INFO neutron.services.segments.plugin [-] Segment ef92c486-ae8a-4fd6-a594-d06e4723a98c resource provider not found; error: Placement Client Error (4xx): {"errors": [{"status": 404, "title": "Not Found", "detail": "The resource could not be found.\n\n No resource provider with uuid ef92c486-ae8a-4fd6-a594-d06e4723a98c found for delete ", "request_id": "req-cc5bc670-2927-4edc-acc3-a49fe8d33d5a"}]}
2026-05-06 06:10:24.569 9 INFO neutron.services.segments.plugin [-] Segment ef92c486-ae8a-4fd6-a594-d06e4723a98c resource provider not found; error: Placement Client Error (4xx): {"errors": [{"status": 404, "title": "Not Found", "detail": "The resource could not be found.\n\n No resource provider with uuid ef92c486-ae8a-4fd6-a594-d06e4723a98c found for delete ", "request_id": "req-f44378f4-7fc3-4e5d-b33a-909745cd6004"}]}
2026-05-06 06:10:24.621 9 INFO neutron.wsgi [None req-49e0532e-3106-4ddb-9b0c-4ca4afbf2d15 6d6238a5d68941e680fac61f04d4d928 bad14915e0e941c1840f5cf05ea728b4 - - default default] 10.0.0.130 "DELETE /v2.0/networks/dd9465ea-f35a-46f0-96d7-b9b9d9d553da HTTP/1.1" status: 204 len: 168 time: 0.4878356
2026-05-06 06:10:24.696 10 INFO neutron.wsgi [None req-5888be82-f60b-4b34-a759-1154d6e9e747 ca89b9242353463790d86e73147b14ab f7a7fcbf79c64ad8bdb5a244cd81c59a - - default default] 10.0.0.130 "GET /v2.0/security-groups?tenant_id=bb1a49724ff04534b5fb8b3471b0d352&name=default HTTP/1.1" status: 200 len: 2996 time: 0.3096225
2026-05-06 06:10:24.930 10 INFO neutron.wsgi [None req-ec089015-e381-49bc-82a3-bfbaf307c5cd ca89b9242353463790d86e73147b14ab f7a7fcbf79c64ad8bdb5a244cd81c59a - - default default] 10.0.0.130 "DELETE /v2.0/security-groups/a65575be-09cc-4c91-ada4-4fca5c44070b HTTP/1.1" status: 204 len: 168 time: 0.2276125
2026-05-06 06:10:25.437 9 INFO neutron.wsgi [None req-2640c225-8bcf-47ed-8bdf-f0b2754a6d27 ca89b9242353463790d86e73147b14ab f7a7fcbf79c64ad8bdb5a244cd81c59a - - default default] 10.0.0.130 "GET /v2.0/security-groups?tenant_id=bad14915e0e941c1840f5cf05ea728b4&name=default HTTP/1.1" status: 200 len: 2996 time: 0.1494029
2026-05-06 06:10:25.668 9 INFO neutron.wsgi [None req-ff3c2dea-56f0-4c85-958f-4a9c8b5823ca ca89b9242353463790d86e73147b14ab f7a7fcbf79c64ad8bdb5a244cd81c59a - - default default] 10.0.0.130 "DELETE /v2.0/security-groups/cf780c0e-c2d0-49cb-b101-8f1047f6be5a HTTP/1.1" status: 204 len: 168 time: 0.2241983
2026-05-06 06:10:25.950 10 INFO neutron.db.ovn_revision_numbers_db [None req-1f9c5cd4-e076-41ad-bb2f-2a1e222ea1cb ca89b9242353463790d86e73147b14ab f7a7fcbf79c64ad8bdb5a244cd81c59a - - default default] Successfully bumped revision number for resource 3a558681-32a4-4133-a517-2ae51d8503b4 (type: security_groups) to 1
2026-05-06 06:10:25.964 10 INFO neutron.db.ovn_revision_numbers_db [None req-1f9c5cd4-e076-41ad-bb2f-2a1e222ea1cb ca89b9242353463790d86e73147b14ab f7a7fcbf79c64ad8bdb5a244cd81c59a - - default default] Successfully bumped revision number for resource 3f45e1a4-ee3d-4fbb-819f-33b3118d3b05 (type: security_group_rules) to 0
2026-05-06 06:10:25.981 10 INFO neutron.db.ovn_revision_numbers_db [None req-1f9c5cd4-e076-41ad-bb2f-2a1e222ea1cb ca89b9242353463790d86e73147b14ab f7a7fcbf79c64ad8bdb5a244cd81c59a - - default default] Successfully bumped revision number for resource 80fd0aef-de76-41b1-abc2-8cc212edeea4 (type: security_group_rules) to 0
2026-05-06 06:10:25.996 10 INFO neutron.db.ovn_revision_numbers_db [None req-1f9c5cd4-e076-41ad-bb2f-2a1e222ea1cb ca89b9242353463790d86e73147b14ab f7a7fcbf79c64ad8bdb5a244cd81c59a - - default default] Successfully bumped revision number for resource db29ab74-fe47-4bec-801d-559e538188d6 (type: security_group_rules) to 0
2026-05-06 06:10:26.015 10 INFO neutron.db.ovn_revision_numbers_db [None req-1f9c5cd4-e076-41ad-bb2f-2a1e222ea1cb ca89b9242353463790d86e73147b14ab f7a7fcbf79c64ad8bdb5a244cd81c59a - - default default] Successfully bumped revision number for resource e6a9bed2-4a23-46df-9cbf-34b952549ccf (type: security_group_rules) to 0
2026-05-06 06:10:26.037 10 INFO neutron.wsgi [None req-1f9c5cd4-e076-41ad-bb2f-2a1e222ea1cb ca89b9242353463790d86e73147b14ab f7a7fcbf79c64ad8bdb5a244cd81c59a - - default default] 10.0.0.130 "GET /v2.0/security-groups?tenant_id=a687001aaf0149808a4b762b0e7329cc&name=default HTTP/1.1" status: 200 len: 2996 time: 0.1982296
2026-05-06 06:10:26.263 10 INFO neutron.wsgi [None req-02ae987c-5386-4371-9090-96fe5eefa17e ca89b9242353463790d86e73147b14ab f7a7fcbf79c64ad8bdb5a244cd81c59a - - default default] 10.0.0.130 "DELETE /v2.0/security-groups/3a558681-32a4-4133-a517-2ae51d8503b4 HTTP/1.1" status: 204 len: 168 time: 0.2200582
2026-05-06 06:10:27.444 9 INFO neutron.db.ovn_revision_numbers_db [None req-3a298ab5-ae34-41b5-9adc-228db287cd48 ca89b9242353463790d86e73147b14ab f7a7fcbf79c64ad8bdb5a244cd81c59a - - default default] Successfully bumped revision number for resource e4d1c0af-4cad-432d-b2ed-8ded321a2fbd (type: security_groups) to 1
2026-05-06 06:10:27.460 9 INFO neutron.db.ovn_revision_numbers_db [None req-3a298ab5-ae34-41b5-9adc-228db287cd48 ca89b9242353463790d86e73147b14ab f7a7fcbf79c64ad8bdb5a244cd81c59a - - default default] Successfully bumped revision number for resource 1a8d66d2-3c5c-4be0-8291-19382cea5ea5 (type: security_group_rules) to 0
2026-05-06 06:10:27.483 9 INFO neutron.db.ovn_revision_numbers_db [None req-3a298ab5-ae34-41b5-9adc-228db287cd48 ca89b9242353463790d86e73147b14ab f7a7fcbf79c64ad8bdb5a244cd81c59a - - default default] Successfully bumped revision number for resource 3af33bb0-a9fa-4726-a68a-9c5736fe29f7 (type: security_group_rules) to 0
2026-05-06 06:10:27.502 9 INFO neutron.db.ovn_revision_numbers_db [None req-3a298ab5-ae34-41b5-9adc-228db287cd48 ca89b9242353463790d86e73147b14ab f7a7fcbf79c64ad8bdb5a244cd81c59a - - default default] Successfully bumped revision number for resource c663425c-dda7-49df-a568-c864e717f564 (type: security_group_rules) to 0
2026-05-06 06:10:27.543 9 INFO neutron.db.ovn_revision_numbers_db [None req-3a298ab5-ae34-41b5-9adc-228db287cd48 ca89b9242353463790d86e73147b14ab f7a7fcbf79c64ad8bdb5a244cd81c59a - - default default] Successfully bumped revision number for resource d4fea3e1-4a04-4644-9e68-4251f6ff07ff (type: security_group_rules) to 0
2026-05-06 06:10:27.582 9 INFO neutron.wsgi [None req-3a298ab5-ae34-41b5-9adc-228db287cd48 ca89b9242353463790d86e73147b14ab f7a7fcbf79c64ad8bdb5a244cd81c59a - - default default] 10.0.0.130 "GET /v2.0/security-groups?tenant_id=89c014d2685b466aac31f9611e616303&name=default HTTP/1.1" status: 200 len: 2996 time: 0.3694468
2026-05-06 06:10:27.821 9 INFO neutron.wsgi [None req-6737f70a-5b3e-4696-b573-d604965d2c70 ca89b9242353463790d86e73147b14ab f7a7fcbf79c64ad8bdb5a244cd81c59a - - default default] 10.0.0.130 "DELETE /v2.0/security-groups/e4d1c0af-4cad-432d-b2ed-8ded321a2fbd HTTP/1.1" status: 204 len: 168 time: 0.2321527
2026-05-06 06:10:28.070 9 WARNING neutron_lib.context [None req-934f7c72-04cf-401a-8cf1-1fcb1b77e26d 76102664cf5940278b23e935320a5bda e83447576dfd4831bea34b23967b8673 - - default default] Method 'is_advsvc' is deprecated since 2023.2 release (neutron-lib 3.8.0) and will be removed once support for the old RBAC API policies will be removed from Neutron. Please use method 'is_service_role' instead.
2026-05-06 06:10:28.072 9 INFO neutron.db.ovn_revision_numbers_db [None req-b0ecd4fb-919e-46e5-a450-59c4431007c3 ca89b9242353463790d86e73147b14ab f7a7fcbf79c64ad8bdb5a244cd81c59a - - default default] Successfully bumped revision number for resource 968df830-8f03-4976-9d7d-39c28b10b706 (type: security_groups) to 1
2026-05-06 06:10:28.091 9 INFO neutron.db.ovn_revision_numbers_db [None req-b0ecd4fb-919e-46e5-a450-59c4431007c3 ca89b9242353463790d86e73147b14ab f7a7fcbf79c64ad8bdb5a244cd81c59a - - default default] Successfully bumped revision number for resource 1608c825-30c1-48bd-906c-b59f19ee70b7 (type: security_group_rules) to 0
2026-05-06 06:10:28.109 9 INFO neutron.db.ovn_revision_numbers_db [None req-b0ecd4fb-919e-46e5-a450-59c4431007c3 ca89b9242353463790d86e73147b14ab f7a7fcbf79c64ad8bdb5a244cd81c59a - - default default] Successfully bumped revision number for resource 1fafa08a-b247-4217-9f19-37d0ac15b711 (type: security_group_rules) to 0
2026-05-06 06:10:28.140 9 INFO neutron.db.ovn_revision_numbers_db [None req-b0ecd4fb-919e-46e5-a450-59c4431007c3 ca89b9242353463790d86e73147b14ab f7a7fcbf79c64ad8bdb5a244cd81c59a - - default default] Successfully bumped revision number for resource 7ed0e3ee-5f9a-4947-97b5-890ab9bfac21 (type: security_group_rules) to 0
2026-05-06 06:10:28.160 9 INFO neutron.db.ovn_revision_numbers_db [None req-b0ecd4fb-919e-46e5-a450-59c4431007c3 ca89b9242353463790d86e73147b14ab f7a7fcbf79c64ad8bdb5a244cd81c59a - - default default] Successfully bumped revision number for resource b5684cef-bf30-4bac-b9f4-7e1cc4c8dc28 (type: security_group_rules) to 0
2026-05-06 06:10:28.187 9 INFO neutron.wsgi [None req-b0ecd4fb-919e-46e5-a450-59c4431007c3 ca89b9242353463790d86e73147b14ab f7a7fcbf79c64ad8bdb5a244cd81c59a - - default default] 10.0.0.130 "GET /v2.0/security-groups?tenant_id=3a7347b6768741fa8e6a1b4c5b1b0368&name=default HTTP/1.1" status: 200 len: 2996 time: 0.2344375
2026-05-06 06:10:28.227 9 INFO neutron.db.ovn_revision_numbers_db [None req-934f7c72-04cf-401a-8cf1-1fcb1b77e26d 76102664cf5940278b23e935320a5bda e83447576dfd4831bea34b23967b8673 - - default default] Successfully bumped revision number for resource d360cd23-a538-4047-abf3-ff51ac10fcfb (type: security_groups) to 1
2026-05-06 06:10:28.243 9 INFO neutron.db.ovn_revision_numbers_db [None req-934f7c72-04cf-401a-8cf1-1fcb1b77e26d 76102664cf5940278b23e935320a5bda e83447576dfd4831bea34b23967b8673 - - default default] Successfully bumped revision number for resource 2b39a908-d180-4921-9735-b73c6518ac99 (type: security_group_rules) to 0
2026-05-06 06:10:28.267 9 INFO neutron.db.ovn_revision_numbers_db [None req-934f7c72-04cf-401a-8cf1-1fcb1b77e26d 76102664cf5940278b23e935320a5bda e83447576dfd4831bea34b23967b8673 - - default default] Successfully bumped revision number for resource 394b6bee-91a8-4ca1-b54e-690c567b2a53 (type: security_group_rules) to 0
2026-05-06 06:10:28.284 9 INFO neutron.db.ovn_revision_numbers_db [None req-934f7c72-04cf-401a-8cf1-1fcb1b77e26d 76102664cf5940278b23e935320a5bda e83447576dfd4831bea34b23967b8673 - - default default] Successfully bumped revision number for resource eb599566-9629-4f3e-a0b8-57f1064f5710 (type: security_group_rules) to 0
2026-05-06 06:10:28.322 9 INFO neutron.db.ovn_revision_numbers_db [None req-934f7c72-04cf-401a-8cf1-1fcb1b77e26d 76102664cf5940278b23e935320a5bda e83447576dfd4831bea34b23967b8673 - - default default] Successfully bumped revision number for resource f1add273-53b5-44df-a479-c7205d89acc1 (type: security_group_rules) to 0
2026-05-06 06:10:28.438 10 INFO neutron.wsgi [None req-77f9a2bd-5708-40f1-8c8d-18533e208fe2 ca89b9242353463790d86e73147b14ab f7a7fcbf79c64ad8bdb5a244cd81c59a - - default default] 10.0.0.35 "GET /v2.0/security-groups HTTP/1.1" status: 200 len: 22359 time: 0.1711161
2026-05-06 06:10:28.495 10 INFO neutron.wsgi [None req-405356a9-62c0-4408-8143-e6316ac5e1a1 ca89b9242353463790d86e73147b14ab f7a7fcbf79c64ad8bdb5a244cd81c59a - - default default] 10.0.0.35 "GET /v2.0/agents HTTP/1.1" status: 200 len: 997 time: 0.0428166
2026-05-06 06:10:28.539 10 INFO neutron.wsgi [None req-133b6624-1ae1-4075-98ee-fcfbbfcd314a ca89b9242353463790d86e73147b14ab f7a7fcbf79c64ad8bdb5a244cd81c59a - - default default] 10.0.0.35 "GET /v2.0/subnets HTTP/1.1" status: 200 len: 1437 time: 0.0414176
2026-05-06 06:10:28.565 10 INFO neutron.wsgi [None req-73ad4917-56bf-4831-95e9-8f84bd5f9779 ca89b9242353463790d86e73147b14ab f7a7fcbf79c64ad8bdb5a244cd81c59a - - default default] 10.0.0.35 "GET /v2.0/routers HTTP/1.1" status: 200 len: 189 time: 0.0229807
2026-05-06 06:10:28.581 10 INFO neutron.wsgi [None req-c0aafe18-552d-497e-8b51-c144fc896490 ca89b9242353463790d86e73147b14ab f7a7fcbf79c64ad8bdb5a244cd81c59a - - default default] 10.0.0.35 "GET /v2.0/agents?binary=ovn-controller HTTP/1.1" status: 200 len: 591 time: 0.0139883
2026-05-06 06:10:28.603 10 INFO neutron.wsgi [None req-5fe6dbcf-fb36-4cc6-8e47-4f16af603a61 ca89b9242353463790d86e73147b14ab f7a7fcbf79c64ad8bdb5a244cd81c59a - - default default] 10.0.0.35 "GET /v2.0/network-ip-availabilities HTTP/1.1" status: 200 len: 1280 time: 0.0198967
2026-05-06 06:10:28.647 9 INFO neutron.db.segments_db [None req-934f7c72-04cf-401a-8cf1-1fcb1b77e26d 76102664cf5940278b23e935320a5bda e83447576dfd4831bea34b23967b8673 - - default default] Added segment 4eb7ff91-06f8-48f1-9318-aaa5f736b5d3 of type geneve for network 336701c1-ba98-40d1-9703-d72760456507
2026-05-06 06:10:28.647 10 INFO neutron.wsgi [None req-35413304-cebc-49e7-a85c-5c0017cca7c3 ca89b9242353463790d86e73147b14ab f7a7fcbf79c64ad8bdb5a244cd81c59a - - default default] 10.0.0.35 "GET /v2.0/subnets HTTP/1.1" status: 200 len: 1437 time: 0.0424204
2026-05-06 06:10:28.672 10 INFO neutron.wsgi [None req-f3d9bd16-d765-47b3-a478-4ca92ff94eea ca89b9242353463790d86e73147b14ab f7a7fcbf79c64ad8bdb5a244cd81c59a - - default default] 10.0.0.35 "GET /v2.0/subnetpools HTTP/1.1" status: 200 len: 193 time: 0.0231755
2026-05-06 06:10:28.702 10 INFO neutron.db.ovn_revision_numbers_db [None req-51269b6e-c0d7-4776-aa45-7a38351eb1bd ca89b9242353463790d86e73147b14ab f7a7fcbf79c64ad8bdb5a244cd81c59a - - default default] Successfully bumped revision number for resource fd5bfaca-992b-49b5-a1e1-ec42b79078ed (type: security_groups) to 1
2026-05-06 06:10:28.706 10 INFO neutron.wsgi [None req-91eed9ad-bcfb-4beb-be40-156e7be263dd ca89b9242353463790d86e73147b14ab f7a7fcbf79c64ad8bdb5a244cd81c59a - - default default] 10.0.0.35 "GET /v2.0/floatingips HTTP/1.1" status: 200 len: 193 time: 0.0323186
2026-05-06 06:10:28.731 10 INFO neutron.db.ovn_revision_numbers_db [None req-51269b6e-c0d7-4776-aa45-7a38351eb1bd ca89b9242353463790d86e73147b14ab f7a7fcbf79c64ad8bdb5a244cd81c59a - - default default] Successfully bumped revision number for resource 59d1846d-141b-4921-8fb0-7e409de437b5 (type: security_group_rules) to 0
2026-05-06 06:10:28.767 10 INFO neutron.db.ovn_revision_numbers_db [None req-51269b6e-c0d7-4776-aa45-7a38351eb1bd ca89b9242353463790d86e73147b14ab f7a7fcbf79c64ad8bdb5a244cd81c59a - - default default] Successfully bumped revision number for resource 5caa9d6c-70ae-4008-8e74-a5edf4ec562b (type: security_group_rules) to 0
2026-05-06 06:10:28.804 10 INFO neutron.wsgi [None req-6664f601-ed6d-4e72-8352-8d48327da683 ca89b9242353463790d86e73147b14ab f7a7fcbf79c64ad8bdb5a244cd81c59a - - default default] 10.0.0.35 "GET /v2.0/networks HTTP/1.1" status: 200 len: 2350 time: 0.0931158
2026-05-06 06:10:28.807 10 INFO neutron.db.ovn_revision_numbers_db [None req-51269b6e-c0d7-4776-aa45-7a38351eb1bd ca89b9242353463790d86e73147b14ab f7a7fcbf79c64ad8bdb5a244cd81c59a - - default default] Successfully bumped revision number for resource 74d722d5-9fdb-4d0e-aa05-cd9d8436b937 (type: security_group_rules) to 0
2026-05-06 06:10:28.831 9 INFO neutron.wsgi [None req-702a6f96-0260-4165-86c5-b9706ca123fc ca89b9242353463790d86e73147b14ab f7a7fcbf79c64ad8bdb5a244cd81c59a - - default default] 10.0.0.130 "DELETE /v2.0/security-groups/968df830-8f03-4976-9d7d-39c28b10b706 HTTP/1.1" status: 204 len: 168 time: 0.6387324
2026-05-06 06:10:28.850 10 INFO neutron.db.ovn_revision_numbers_db [None req-51269b6e-c0d7-4776-aa45-7a38351eb1bd ca89b9242353463790d86e73147b14ab f7a7fcbf79c64ad8bdb5a244cd81c59a - - default default] Successfully bumped revision number for resource 8b94a407-394a-4832-b695-311854ed1d33 (type: security_group_rules) to 0
2026-05-06 06:10:28.857 9 INFO neutron.db.ovn_revision_numbers_db [None req-934f7c72-04cf-401a-8cf1-1fcb1b77e26d 76102664cf5940278b23e935320a5bda e83447576dfd4831bea34b23967b8673 - - default default] Successfully bumped revision number for resource 336701c1-ba98-40d1-9703-d72760456507 (type: networks) to 1
2026-05-06 06:10:28.876 10 INFO neutron.wsgi [None req-b3647b18-fc0e-42b8-9cd8-2ecf617e52a9 ca89b9242353463790d86e73147b14ab f7a7fcbf79c64ad8bdb5a244cd81c59a - - default default] 10.0.0.35 "GET /v2.0/ports HTTP/1.1" status: 200 len: 5347 time: 0.0697589
2026-05-06 06:10:28.899 10 INFO neutron.wsgi [None req-51269b6e-c0d7-4776-aa45-7a38351eb1bd ca89b9242353463790d86e73147b14ab f7a7fcbf79c64ad8bdb5a244cd81c59a - - default default] 10.0.0.130 "GET /v2.0/security-groups?tenant_id=b9f71e4ac2d64ca6b9c621f1bc774698&name=default HTTP/1.1" status: 200 len: 2996 time: 0.5836971
2026-05-06 06:10:29.075 9 WARNING neutron.scheduler.dhcp_agent_scheduler [None req-934f7c72-04cf-401a-8cf1-1fcb1b77e26d 76102664cf5940278b23e935320a5bda e83447576dfd4831bea34b23967b8673 - - default default] No more DHCP agents
2026-05-06 06:10:29.076 9 WARNING neutron.api.rpc.agentnotifiers.dhcp_rpc_agent_api [None req-934f7c72-04cf-401a-8cf1-1fcb1b77e26d 76102664cf5940278b23e935320a5bda e83447576dfd4831bea34b23967b8673 - - default default] Unable to schedule network 336701c1-ba98-40d1-9703-d72760456507: no agents available; will retry on subsequent port and subnet creation events.
2026-05-06 06:10:29.167 10 INFO neutron.wsgi [None req-90d7e528-dcae-4d14-bca2-51526bc69159 ca89b9242353463790d86e73147b14ab f7a7fcbf79c64ad8bdb5a244cd81c59a - - default default] 10.0.0.130 "DELETE /v2.0/security-groups/fd5bfaca-992b-49b5-a1e1-ec42b79078ed HTTP/1.1" status: 204 len: 168 time: 0.2594450
2026-05-06 06:10:29.172 9 INFO neutron.db.ovn_revision_numbers_db [None req-934f7c72-04cf-401a-8cf1-1fcb1b77e26d 76102664cf5940278b23e935320a5bda e83447576dfd4831bea34b23967b8673 - - default default] Successfully bumped revision number for resource 06a3c83e-2860-43b0-9d9f-f00ba5dea39a (type: ports) to 1
2026-05-06 06:10:29.200 9 INFO neutron.wsgi [None req-934f7c72-04cf-401a-8cf1-1fcb1b77e26d 76102664cf5940278b23e935320a5bda e83447576dfd4831bea34b23967b8673 - - default default] 10.0.0.130 "POST /v2.0/networks HTTP/1.1" status: 201 len: 839 time: 1.2806678
2026-05-06 06:10:29.212 9 WARNING neutron_lib.context [None req-4887e008-cdc1-4d7c-b5ce-314ec986fe15 76102664cf5940278b23e935320a5bda e83447576dfd4831bea34b23967b8673 - - default default] Method 'is_advsvc' is deprecated since 2023.2 release (neutron-lib 3.8.0) and will be removed once support for the old RBAC API policies will be removed from Neutron. Please use method 'is_service_role' instead.
2026-05-06 06:10:29.487 9 WARNING neutron.scheduler.dhcp_agent_scheduler [None req-4887e008-cdc1-4d7c-b5ce-314ec986fe15 76102664cf5940278b23e935320a5bda e83447576dfd4831bea34b23967b8673 - - default default] No more DHCP agents
2026-05-06 06:10:29.489 9 WARNING neutron.api.rpc.agentnotifiers.dhcp_rpc_agent_api [None req-4887e008-cdc1-4d7c-b5ce-314ec986fe15 76102664cf5940278b23e935320a5bda e83447576dfd4831bea34b23967b8673 - - default default] Unable to schedule network 336701c1-ba98-40d1-9703-d72760456507: no agents available; will retry on subsequent port and subnet creation events.
2026-05-06 06:10:30.016 10 WARNING neutron_lib.context [None req-0c420a0f-0e10-4ded-be6d-1765b09975af 5f85f96cd2a14ed5bf75e3fda9c5e06b ba1588537cdf4bab82001d1ba2b35270 - - default default] Method 'is_advsvc' is deprecated since 2023.2 release (neutron-lib 3.8.0) and will be removed once support for the old RBAC API policies will be removed from Neutron. Please use method 'is_service_role' instead.
2026-05-06 06:10:30.038 9 INFO neutron.db.ovn_revision_numbers_db [None req-4887e008-cdc1-4d7c-b5ce-314ec986fe15 76102664cf5940278b23e935320a5bda e83447576dfd4831bea34b23967b8673 - - default default] Successfully bumped revision number for resource 06a3c83e-2860-43b0-9d9f-f00ba5dea39a (type: ports) to 2
2026-05-06 06:10:30.075 9 INFO neutron.db.ovn_revision_numbers_db [None req-4887e008-cdc1-4d7c-b5ce-314ec986fe15 76102664cf5940278b23e935320a5bda e83447576dfd4831bea34b23967b8673 - - default default] Successfully bumped revision number for resource 495053cb-aea8-4fb0-a87f-ce8adf97b86c (type: subnets) to 0
2026-05-06 06:10:30.102 9 INFO neutron.wsgi [None req-4887e008-cdc1-4d7c-b5ce-314ec986fe15 76102664cf5940278b23e935320a5bda e83447576dfd4831bea34b23967b8673 - - default default] 10.0.0.130 "POST /v2.0/subnets HTTP/1.1" status: 201 len: 832 time: 0.8961844
2026-05-06 06:10:30.177 10 INFO neutron.db.ovn_revision_numbers_db [None req-0c420a0f-0e10-4ded-be6d-1765b09975af 5f85f96cd2a14ed5bf75e3fda9c5e06b ba1588537cdf4bab82001d1ba2b35270 - - default default] Successfully bumped revision number for resource 919f33be-5b68-4b11-b4dc-a949b7545009 (type: security_groups) to 1
2026-05-06 06:10:30.198 10 INFO neutron.db.ovn_revision_numbers_db [None req-0c420a0f-0e10-4ded-be6d-1765b09975af 5f85f96cd2a14ed5bf75e3fda9c5e06b ba1588537cdf4bab82001d1ba2b35270 - - default default] Successfully bumped revision number for resource 734c1373-c140-48a5-8849-80feb41a8648 (type: security_group_rules) to 0
2026-05-06 06:10:30.213 10 INFO neutron.db.ovn_revision_numbers_db [None req-0c420a0f-0e10-4ded-be6d-1765b09975af 5f85f96cd2a14ed5bf75e3fda9c5e06b ba1588537cdf4bab82001d1ba2b35270 - - default default] Successfully bumped revision number for resource aa0886d2-a0c8-49ae-a354-1ce447c0471d (type: security_group_rules) to 0
2026-05-06 06:10:30.228 10 INFO neutron.db.ovn_revision_numbers_db [None req-0c420a0f-0e10-4ded-be6d-1765b09975af 5f85f96cd2a14ed5bf75e3fda9c5e06b ba1588537cdf4bab82001d1ba2b35270 - - default default] Successfully bumped revision number for resource cff8b312-d148-4ddc-9f77-117593bfc3c9 (type: security_group_rules) to 0
2026-05-06 06:10:30.244 10 INFO neutron.db.ovn_revision_numbers_db [None req-0c420a0f-0e10-4ded-be6d-1765b09975af 5f85f96cd2a14ed5bf75e3fda9c5e06b ba1588537cdf4bab82001d1ba2b35270 - - default default] Successfully bumped revision number for resource dba8b047-899b-49e1-a3cb-f7fe4a8c3589 (type: security_group_rules) to 0
2026-05-06 06:10:30.296 10 INFO neutron.db.segments_db [None req-0c420a0f-0e10-4ded-be6d-1765b09975af 5f85f96cd2a14ed5bf75e3fda9c5e06b ba1588537cdf4bab82001d1ba2b35270 - - default default] Added segment 22f4ac33-b4a8-4d8f-a083-9b14db3bf98e of type geneve for network fa81ffe1-8adb-4dfb-a09f-7a9cd024b435
2026-05-06 06:10:30.330 10 INFO neutron.wsgi [None req-17a832d6-e962-47f3-ab1f-1e8db4146999 98e494561e284fd7ae1834bc47633e9b e64e578d3f98459eba999c9131f86694 - - default default] 10.0.0.130 "GET /v2.0/subnetpools?name=shared-default-subnetpool-v6 HTTP/1.1" status: 200 len: 212 time: 0.2212937
2026-05-06 06:10:30.343 9 WARNING neutron_lib.context [None req-eadb5f8f-905a-4ca5-b992-98a1c07b1584 76102664cf5940278b23e935320a5bda e83447576dfd4831bea34b23967b8673 - - default default] Method 'is_advsvc' is deprecated since 2023.2 release (neutron-lib 3.8.0) and will be removed once support for the old RBAC API policies will be removed from Neutron. Please use method 'is_service_role' instead.
2026-05-06 06:10:30.512 10 INFO neutron.db.ovn_revision_numbers_db [None req-0c420a0f-0e10-4ded-be6d-1765b09975af 5f85f96cd2a14ed5bf75e3fda9c5e06b ba1588537cdf4bab82001d1ba2b35270 - - default default] Successfully bumped revision number for resource fa81ffe1-8adb-4dfb-a09f-7a9cd024b435 (type: networks) to 1
2026-05-06 06:10:30.621 9 WARNING neutron.scheduler.dhcp_agent_scheduler [None req-eadb5f8f-905a-4ca5-b992-98a1c07b1584 76102664cf5940278b23e935320a5bda e83447576dfd4831bea34b23967b8673 - - default default] No more DHCP agents
2026-05-06 06:10:30.624 9 WARNING neutron.api.rpc.agentnotifiers.dhcp_rpc_agent_api [None req-eadb5f8f-905a-4ca5-b992-98a1c07b1584 76102664cf5940278b23e935320a5bda e83447576dfd4831bea34b23967b8673 - - default default] Unable to schedule network 336701c1-ba98-40d1-9703-d72760456507: no agents available; will retry on subsequent port and subnet creation events.
2026-05-06 06:10:30.669 9 INFO neutron.db.ovn_revision_numbers_db [None req-eadb5f8f-905a-4ca5-b992-98a1c07b1584 76102664cf5940278b23e935320a5bda e83447576dfd4831bea34b23967b8673 - - default default] Successfully bumped revision number for resource f2ae5a99-2581-44d6-acd6-8ac7f1cba3d4 (type: subnets) to 0
2026-05-06 06:10:30.687 9 INFO neutron.wsgi [None req-eadb5f8f-905a-4ca5-b992-98a1c07b1584 76102664cf5940278b23e935320a5bda e83447576dfd4831bea34b23967b8673 - - default default] 10.0.0.130 "POST /v2.0/subnets HTTP/1.1" status: 201 len: 906 time: 0.3511186
2026-05-06 06:10:30.701 10 WARNING neutron_lib.context [None req-c73514f9-e07e-40e9-9788-6b562e997d33 76102664cf5940278b23e935320a5bda e83447576dfd4831bea34b23967b8673 - - default default] Method 'is_advsvc' is deprecated since 2023.2 release (neutron-lib 3.8.0) and will be removed once support for the old RBAC API policies will be removed from Neutron. Please use method 'is_service_role' instead.
2026-05-06 06:10:30.768 10 WARNING neutron.scheduler.dhcp_agent_scheduler [None req-0c420a0f-0e10-4ded-be6d-1765b09975af 5f85f96cd2a14ed5bf75e3fda9c5e06b ba1588537cdf4bab82001d1ba2b35270 - - default default] No more DHCP agents
2026-05-06 06:10:30.771 10 WARNING neutron.api.rpc.agentnotifiers.dhcp_rpc_agent_api [None req-0c420a0f-0e10-4ded-be6d-1765b09975af 5f85f96cd2a14ed5bf75e3fda9c5e06b ba1588537cdf4bab82001d1ba2b35270 - - default default] Unable to schedule network fa81ffe1-8adb-4dfb-a09f-7a9cd024b435: no agents available; will retry on subsequent port and subnet creation events.
2026-05-06 06:10:30.814 10 INFO neutron.db.segments_db [None req-c73514f9-e07e-40e9-9788-6b562e997d33 76102664cf5940278b23e935320a5bda e83447576dfd4831bea34b23967b8673 - - default default] Added segment f7b50f2f-ce19-4649-a995-f7a83710796d of type geneve for network 775e36c6-95f8-4a61-9c43-7ed7bf643b32
2026-05-06 06:10:30.908 10 INFO neutron.db.ovn_revision_numbers_db [None req-0c420a0f-0e10-4ded-be6d-1765b09975af 5f85f96cd2a14ed5bf75e3fda9c5e06b ba1588537cdf4bab82001d1ba2b35270 - - default default] Successfully bumped revision number for resource 70d22dcb-bd4b-44b5-b32e-d1dc892b156d (type: ports) to 1
2026-05-06 06:10:30.942 9 WARNING neutron_lib.context [None req-30f7e6ba-ce30-4c82-a81f-181ddd7e3a60 067a2172f9bc436485d5a855b456fcda 771e95f9c1674cc1be970f91b4c41bde - - default default] Method 'is_advsvc' is deprecated since 2023.2 release (neutron-lib 3.8.0) and will be removed once support for the old RBAC API policies will be removed from Neutron. Please use method 'is_service_role' instead.
2026-05-06 06:10:30.946 10 INFO neutron.wsgi [None req-0c420a0f-0e10-4ded-be6d-1765b09975af 5f85f96cd2a14ed5bf75e3fda9c5e06b ba1588537cdf4bab82001d1ba2b35270 - - default default] 10.0.0.130 "POST /v2.0/networks HTTP/1.1" status: 201 len: 831 time: 1.1965034
2026-05-06 06:10:30.958 9 WARNING neutron_lib.context [None req-2724ad64-7ef4-4331-9edc-2c2843331b6d 5f85f96cd2a14ed5bf75e3fda9c5e06b ba1588537cdf4bab82001d1ba2b35270 - - default default] Method 'is_advsvc' is deprecated since 2023.2 release (neutron-lib 3.8.0) and will be removed once support for the old RBAC API policies will be removed from Neutron. Please use method 'is_service_role' instead.
2026-05-06 06:10:31.007 10 INFO neutron.db.ovn_revision_numbers_db [None req-c73514f9-e07e-40e9-9788-6b562e997d33 76102664cf5940278b23e935320a5bda e83447576dfd4831bea34b23967b8673 - - default default] Successfully bumped revision number for resource 775e36c6-95f8-4a61-9c43-7ed7bf643b32 (type: networks) to 1
2026-05-06 06:10:31.056 9 INFO neutron.db.segments_db [None req-2724ad64-7ef4-4331-9edc-2c2843331b6d 5f85f96cd2a14ed5bf75e3fda9c5e06b ba1588537cdf4bab82001d1ba2b35270 - - default default] Added segment 609e2d12-453d-4578-8534-d5fabb6b1535 of type geneve for network 2939eab5-60b1-4ea8-8483-fdbea9cca616
2026-05-06 06:10:31.122 9 INFO neutron.db.ovn_revision_numbers_db [None req-30f7e6ba-ce30-4c82-a81f-181ddd7e3a60 067a2172f9bc436485d5a855b456fcda 771e95f9c1674cc1be970f91b4c41bde - - default default] Successfully bumped revision number for resource 70458bbc-98fa-414e-9c08-b4bb83c8c51f (type: security_groups) to 1
2026-05-06 06:10:31.142 9 INFO neutron.db.ovn_revision_numbers_db [None req-30f7e6ba-ce30-4c82-a81f-181ddd7e3a60 067a2172f9bc436485d5a855b456fcda 771e95f9c1674cc1be970f91b4c41bde - - default default] Successfully bumped revision number for resource 203bcee7-a325-490e-9077-d53f41c2405a (type: security_group_rules) to 0
2026-05-06 06:10:31.180 9 INFO neutron.db.ovn_revision_numbers_db [None req-30f7e6ba-ce30-4c82-a81f-181ddd7e3a60 067a2172f9bc436485d5a855b456fcda 771e95f9c1674cc1be970f91b4c41bde - - default default] Successfully bumped revision number for resource 25bf8e93-e9ec-48df-96b6-1eee33fc3943 (type: security_group_rules) to 0
2026-05-06 06:10:31.210 9 INFO neutron.db.ovn_revision_numbers_db [None req-30f7e6ba-ce30-4c82-a81f-181ddd7e3a60 067a2172f9bc436485d5a855b456fcda 771e95f9c1674cc1be970f91b4c41bde - - default default] Successfully bumped revision number for resource 65be3b30-a2a9-4ee7-90eb-61a6e1d08adb (type: security_group_rules) to 0
2026-05-06 06:10:31.219 9 INFO neutron.db.ovn_revision_numbers_db [None req-2724ad64-7ef4-4331-9edc-2c2843331b6d 5f85f96cd2a14ed5bf75e3fda9c5e06b ba1588537cdf4bab82001d1ba2b35270 - - default default] Successfully bumped revision number for resource 2939eab5-60b1-4ea8-8483-fdbea9cca616 (type: networks) to 1
2026-05-06 06:10:31.228 9 INFO neutron.db.ovn_revision_numbers_db [None req-30f7e6ba-ce30-4c82-a81f-181ddd7e3a60 067a2172f9bc436485d5a855b456fcda 771e95f9c1674cc1be970f91b4c41bde - - default default] Successfully bumped revision number for resource ed0a2f6a-b48c-405f-af2f-f824a527ba76 (type: security_group_rules) to 0
2026-05-06 06:10:31.274 10 WARNING neutron.scheduler.dhcp_agent_scheduler [None req-c73514f9-e07e-40e9-9788-6b562e997d33 76102664cf5940278b23e935320a5bda e83447576dfd4831bea34b23967b8673 - - default default] No more DHCP agents
2026-05-06 06:10:31.278 10 WARNING neutron.api.rpc.agentnotifiers.dhcp_rpc_agent_api [None req-c73514f9-e07e-40e9-9788-6b562e997d33 76102664cf5940278b23e935320a5bda e83447576dfd4831bea34b23967b8673 - - default default] Unable to schedule network 775e36c6-95f8-4a61-9c43-7ed7bf643b32: no agents available; will retry on subsequent port and subnet creation events.
2026-05-06 06:10:31.291 9 INFO neutron.db.segments_db [None req-30f7e6ba-ce30-4c82-a81f-181ddd7e3a60 067a2172f9bc436485d5a855b456fcda 771e95f9c1674cc1be970f91b4c41bde - - default default] Added segment e49e386c-9022-4113-8e2f-f6e9b9790f36 of type geneve for network f3d9a0cc-df54-4ff4-a0c8-0bd3cab18857
2026-05-06 06:10:31.356 10 INFO neutron.db.ovn_revision_numbers_db [None req-c73514f9-e07e-40e9-9788-6b562e997d33 76102664cf5940278b23e935320a5bda e83447576dfd4831bea34b23967b8673 - - default default] Successfully bumped revision number for resource ce0d15d0-adff-4bf2-a300-0647f237e9fe (type: ports) to 1
2026-05-06 06:10:31.378 10 INFO neutron.wsgi [None req-c73514f9-e07e-40e9-9788-6b562e997d33 76102664cf5940278b23e935320a5bda e83447576dfd4831bea34b23967b8673 - - default default] 10.0.0.130 "POST /v2.0/networks HTTP/1.1" status: 201 len: 837 time: 0.6832242
2026-05-06 06:10:31.389 10 WARNING neutron_lib.context [None req-0a5e9fb1-da0d-4ab5-994e-df8f18c697e0 76102664cf5940278b23e935320a5bda e83447576dfd4831bea34b23967b8673 - - default default] Method 'is_advsvc' is deprecated since 2023.2 release (neutron-lib 3.8.0) and will be removed once support for the old RBAC API policies will be removed from Neutron. Please use method 'is_service_role' instead.
2026-05-06 06:10:31.470 9 WARNING neutron.scheduler.dhcp_agent_scheduler [None req-2724ad64-7ef4-4331-9edc-2c2843331b6d 5f85f96cd2a14ed5bf75e3fda9c5e06b ba1588537cdf4bab82001d1ba2b35270 - - default default] No more DHCP agents
2026-05-06 06:10:31.474 9 WARNING neutron.api.rpc.agentnotifiers.dhcp_rpc_agent_api [None req-2724ad64-7ef4-4331-9edc-2c2843331b6d 5f85f96cd2a14ed5bf75e3fda9c5e06b ba1588537cdf4bab82001d1ba2b35270 - - default default] Unable to schedule network 2939eab5-60b1-4ea8-8483-fdbea9cca616: no agents available; will retry on subsequent port and subnet creation events.
2026-05-06 06:10:31.490 9 INFO neutron.db.ovn_revision_numbers_db [None req-30f7e6ba-ce30-4c82-a81f-181ddd7e3a60 067a2172f9bc436485d5a855b456fcda 771e95f9c1674cc1be970f91b4c41bde - - default default] Successfully bumped revision number for resource f3d9a0cc-df54-4ff4-a0c8-0bd3cab18857 (type: networks) to 1
2026-05-06 06:10:31.581 9 INFO neutron.db.ovn_revision_numbers_db [None req-2724ad64-7ef4-4331-9edc-2c2843331b6d 5f85f96cd2a14ed5bf75e3fda9c5e06b ba1588537cdf4bab82001d1ba2b35270 - - default default] Successfully bumped revision number for resource 374e7243-7aeb-4e2c-b259-8696a59be21f (type: ports) to 1
2026-05-06 06:10:31.617 9 INFO neutron.wsgi [None req-2724ad64-7ef4-4331-9edc-2c2843331b6d 5f85f96cd2a14ed5bf75e3fda9c5e06b ba1588537cdf4bab82001d1ba2b35270 - - default default] 10.0.0.130 "POST /v2.0/networks HTTP/1.1" status: 201 len: 831 time: 0.6640363
2026-05-06 06:10:31.677 10 WARNING neutron.scheduler.dhcp_agent_scheduler [None req-0a5e9fb1-da0d-4ab5-994e-df8f18c697e0 76102664cf5940278b23e935320a5bda e83447576dfd4831bea34b23967b8673 - - default default] No more DHCP agents
2026-05-06 06:10:31.682 10 WARNING neutron.api.rpc.agentnotifiers.dhcp_rpc_agent_api [None req-0a5e9fb1-da0d-4ab5-994e-df8f18c697e0 76102664cf5940278b23e935320a5bda e83447576dfd4831bea34b23967b8673 - - default default] Unable to schedule network 775e36c6-95f8-4a61-9c43-7ed7bf643b32: no agents available; will retry on subsequent port and subnet creation events.
2026-05-06 06:10:31.698 9 WARNING neutron.scheduler.dhcp_agent_scheduler [None req-30f7e6ba-ce30-4c82-a81f-181ddd7e3a60 067a2172f9bc436485d5a855b456fcda 771e95f9c1674cc1be970f91b4c41bde - - default default] No more DHCP agents
2026-05-06 06:10:31.702 9 WARNING neutron.api.rpc.agentnotifiers.dhcp_rpc_agent_api [None req-30f7e6ba-ce30-4c82-a81f-181ddd7e3a60 067a2172f9bc436485d5a855b456fcda 771e95f9c1674cc1be970f91b4c41bde - - default default] Unable to schedule network f3d9a0cc-df54-4ff4-a0c8-0bd3cab18857: no agents available; will retry on subsequent port and subnet creation events.
2026-05-06 06:10:31.785 9 INFO neutron.db.ovn_revision_numbers_db [None req-0a456238-f08e-4cfb-a2a3-30a1e966971b ca89b9242353463790d86e73147b14ab f7a7fcbf79c64ad8bdb5a244cd81c59a - - default default] Successfully bumped revision number for resource 7c998544-024d-4669-a03f-58a77673f1d7 (type: security_groups) to 1
2026-05-06 06:10:31.792 9 INFO neutron.db.ovn_revision_numbers_db [None req-30f7e6ba-ce30-4c82-a81f-181ddd7e3a60 067a2172f9bc436485d5a855b456fcda 771e95f9c1674cc1be970f91b4c41bde - - default default] Successfully bumped revision number for resource 0f2136cd-2a86-49fc-979c-1ec3a2c8f27f (type: ports) to 1
2026-05-06 06:10:31.802 9 INFO neutron.db.ovn_revision_numbers_db [None req-0a456238-f08e-4cfb-a2a3-30a1e966971b ca89b9242353463790d86e73147b14ab f7a7fcbf79c64ad8bdb5a244cd81c59a - - default default] Successfully bumped revision number for resource 183ac290-a69d-4173-98e3-fca35d41da0f (type: security_group_rules) to 0
2026-05-06 06:10:31.813 9 INFO neutron.wsgi [None req-30f7e6ba-ce30-4c82-a81f-181ddd7e3a60 067a2172f9bc436485d5a855b456fcda 771e95f9c1674cc1be970f91b4c41bde - - default default] 10.0.0.130 "POST /v2.0/networks HTTP/1.1" status: 201 len: 847 time: 1.1078575
2026-05-06 06:10:31.817 9 INFO neutron.db.ovn_revision_numbers_db [None req-0a456238-f08e-4cfb-a2a3-30a1e966971b ca89b9242353463790d86e73147b14ab f7a7fcbf79c64ad8bdb5a244cd81c59a - - default default] Successfully bumped revision number for resource 2734f971-3321-47e2-8deb-054e1c313bad (type: security_group_rules) to 0
2026-05-06 06:10:31.830 9 INFO neutron.db.ovn_revision_numbers_db [None req-0a456238-f08e-4cfb-a2a3-30a1e966971b ca89b9242353463790d86e73147b14ab f7a7fcbf79c64ad8bdb5a244cd81c59a - - default default] Successfully bumped revision number for resource c8a2db25-f116-4d98-a683-d2e9aae7fdf9 (type: security_group_rules) to 0
2026-05-06 06:10:31.854 9 INFO neutron.db.ovn_revision_numbers_db [None req-0a456238-f08e-4cfb-a2a3-30a1e966971b ca89b9242353463790d86e73147b14ab f7a7fcbf79c64ad8bdb5a244cd81c59a - - default default] Successfully bumped revision number for resource f5dafe91-5368-43a3-85f7-2309f0e5d373 (type: security_group_rules) to 0
2026-05-06 06:10:31.878 9 INFO neutron.wsgi [None req-0a456238-f08e-4cfb-a2a3-30a1e966971b ca89b9242353463790d86e73147b14ab f7a7fcbf79c64ad8bdb5a244cd81c59a - - default default] 10.0.0.130 "GET /v2.0/security-groups?tenant_id=4fe74d2ee729436c9d26549adf61914f&name=default HTTP/1.1" status: 200 len: 2996 time: 0.3629932
2026-05-06 06:10:32.057 9 INFO neutron.wsgi [None req-2ba6f9c6-349f-4070-891a-effbbcc190ba ca89b9242353463790d86e73147b14ab f7a7fcbf79c64ad8bdb5a244cd81c59a - - default default] 10.0.0.130 "DELETE /v2.0/security-groups/7c998544-024d-4669-a03f-58a77673f1d7 HTTP/1.1" status: 204 len: 168 time: 0.1733439
2026-05-06 06:10:32.160 10 INFO neutron.wsgi [None req-dbe93a35-53b4-4e6a-9eee-4eb84475b6ec 5f85f96cd2a14ed5bf75e3fda9c5e06b ba1588537cdf4bab82001d1ba2b35270 - - default default] 10.0.0.130 "PUT /v2.0/networks/fa81ffe1-8adb-4dfb-a09f-7a9cd024b435/tags HTTP/1.1" status: 200 len: 218 time: 0.5358827
2026-05-06 06:10:32.228 9 INFO neutron.wsgi [None req-f4c67662-be04-4694-ac88-035d7b63a0ee 5f85f96cd2a14ed5bf75e3fda9c5e06b ba1588537cdf4bab82001d1ba2b35270 - - default default] 10.0.0.130 "GET /v2.0/networks/fa81ffe1-8adb-4dfb-a09f-7a9cd024b435/tags HTTP/1.1" status: 200 len: 218 time: 0.0594606
2026-05-06 06:10:32.290 10 WARNING neutron_lib.context [None req-096d2c05-b713-437a-916e-aaaa09016b95 067a2172f9bc436485d5a855b456fcda 771e95f9c1674cc1be970f91b4c41bde - - default default] Method 'is_advsvc' is deprecated since 2023.2 release (neutron-lib 3.8.0) and will be removed once support for the old RBAC API policies will be removed from Neutron. Please use method 'is_service_role' instead.
2026-05-06 06:10:32.291 9 INFO neutron.wsgi [None req-4572cb69-1e49-4731-9fe5-09b3727580b4 5f85f96cd2a14ed5bf75e3fda9c5e06b ba1588537cdf4bab82001d1ba2b35270 - - default default] 10.0.0.130 "PUT /v2.0/networks/2939eab5-60b1-4ea8-8483-fdbea9cca616/tags HTTP/1.1" status: 200 len: 210 time: 0.0564711
2026-05-06 06:10:32.358 9 INFO neutron.wsgi [None req-e18339a2-aeac-4c60-b198-6550449197c0 5f85f96cd2a14ed5bf75e3fda9c5e06b ba1588537cdf4bab82001d1ba2b35270 - - default default] 10.0.0.130 "GET /v2.0/networks/2939eab5-60b1-4ea8-8483-fdbea9cca616/tags HTTP/1.1" status: 200 len: 210 time: 0.0613968
2026-05-06 06:10:32.427 9 INFO neutron.wsgi [None req-83cb9254-c3bb-4152-a236-707a563a7708 5f85f96cd2a14ed5bf75e3fda9c5e06b ba1588537cdf4bab82001d1ba2b35270 - - default default] 10.0.0.130 "PUT /v2.0/networks/2939eab5-60b1-4ea8-8483-fdbea9cca616/tags HTTP/1.1" status: 200 len: 205 time: 0.0565705
2026-05-06 06:10:32.488 9 INFO neutron.wsgi [None req-91bb94a5-affa-47f7-9cee-06ff6cba818f 5f85f96cd2a14ed5bf75e3fda9c5e06b ba1588537cdf4bab82001d1ba2b35270 - - default default] 10.0.0.130 "GET /v2.0/networks/2939eab5-60b1-4ea8-8483-fdbea9cca616/tags HTTP/1.1" status: 200 len: 205 time: 0.0551586
2026-05-06 06:10:32.537 9 INFO neutron.wsgi [None req-ee3239f2-7b8f-4285-ad64-24e3f39406e2 5f85f96cd2a14ed5bf75e3fda9c5e06b ba1588537cdf4bab82001d1ba2b35270 - - default default] 10.0.0.130 "GET /v2.0/networks/fa81ffe1-8adb-4dfb-a09f-7a9cd024b435/tags HTTP/1.1" status: 200 len: 218 time: 0.0455573
2026-05-06 06:10:32.655 10 WARNING neutron.scheduler.dhcp_agent_scheduler [None req-096d2c05-b713-437a-916e-aaaa09016b95 067a2172f9bc436485d5a855b456fcda 771e95f9c1674cc1be970f91b4c41bde - - default default] No more DHCP agents
2026-05-06 06:10:32.660 10 WARNING neutron.api.rpc.agentnotifiers.dhcp_rpc_agent_api [None req-096d2c05-b713-437a-916e-aaaa09016b95 067a2172f9bc436485d5a855b456fcda 771e95f9c1674cc1be970f91b4c41bde - - default default] Unable to schedule network f3d9a0cc-df54-4ff4-a0c8-0bd3cab18857: no agents available; will retry on subsequent port and subnet creation events.
2026-05-06 06:10:32.724 10 INFO neutron.db.ovn_revision_numbers_db [None req-096d2c05-b713-437a-916e-aaaa09016b95 067a2172f9bc436485d5a855b456fcda 771e95f9c1674cc1be970f91b4c41bde - - default default] Successfully bumped revision number for resource 66a01ad9-56fa-4441-b30e-ec9557ae6ad6 (type: subnets) to 0
2026-05-06 06:10:32.747 10 INFO neutron.wsgi [None req-096d2c05-b713-437a-916e-aaaa09016b95 067a2172f9bc436485d5a855b456fcda 771e95f9c1674cc1be970f91b4c41bde - - default default] 10.0.0.130 "POST /v2.0/subnets HTTP/1.1" status: 201 len: 848 time: 0.4626141
2026-05-06 06:10:32.764 10 WARNING neutron_lib.context [None req-ef91b438-5b47-4e2c-a4b1-90514bdc17bf 067a2172f9bc436485d5a855b456fcda 771e95f9c1674cc1be970f91b4c41bde - - default default] Method 'is_advsvc' is deprecated since 2023.2 release (neutron-lib 3.8.0) and will be removed once support for the old RBAC API policies will be removed from Neutron. Please use method 'is_service_role' instead.
2026-05-06 06:10:32.865 10 INFO neutron.db.ovn_revision_numbers_db [None req-0a5e9fb1-da0d-4ab5-994e-df8f18c697e0 76102664cf5940278b23e935320a5bda e83447576dfd4831bea34b23967b8673 - - default default] Successfully bumped revision number for resource ce0d15d0-adff-4bf2-a300-0647f237e9fe (type: ports) to 2
2026-05-06 06:10:32.897 10 INFO neutron.db.segments_db [None req-ef91b438-5b47-4e2c-a4b1-90514bdc17bf 067a2172f9bc436485d5a855b456fcda 771e95f9c1674cc1be970f91b4c41bde - - default default] Added segment 2c1cc27f-7fe8-48e2-897b-392cee638129 of type geneve for network 9c57944c-38f7-4b4b-bdfd-3163a2faf222
2026-05-06 06:10:32.924 10 INFO neutron.db.ovn_revision_numbers_db [None req-0a5e9fb1-da0d-4ab5-994e-df8f18c697e0 76102664cf5940278b23e935320a5bda e83447576dfd4831bea34b23967b8673 - - default default] Successfully bumped revision number for resource 557e0f1a-d5ad-4666-9f3c-fb4ad2d0344a (type: subnets) to 0
2026-05-06 06:10:32.958 10 INFO neutron.wsgi [None req-0a5e9fb1-da0d-4ab5-994e-df8f18c697e0 76102664cf5940278b23e935320a5bda e83447576dfd4831bea34b23967b8673 - - default default] 10.0.0.130 "POST /v2.0/subnets HTTP/1.1" status: 201 len: 831 time: 1.5738065
2026-05-06 06:10:32.978 9 INFO neutron.services.segments.plugin [-] Segment 22f4ac33-b4a8-4d8f-a083-9b14db3bf98e resource provider aggregate not found
2026-05-06 06:10:32.983 9 INFO neutron.services.segments.plugin [-] Segment 22f4ac33-b4a8-4d8f-a083-9b14db3bf98e resource provider aggregate not found
2026-05-06 06:10:32.990 9 WARNING neutron_lib.context [None req-e84b974f-066a-45e5-86ef-30be8ea3ca84 76102664cf5940278b23e935320a5bda e83447576dfd4831bea34b23967b8673 - - default default] Method 'is_advsvc' is deprecated since 2023.2 release (neutron-lib 3.8.0) and will be removed once support for the old RBAC API policies will be removed from Neutron. Please use method 'is_service_role' instead.
2026-05-06 06:10:33.006 9 INFO neutron.services.segments.plugin [-] Segment 22f4ac33-b4a8-4d8f-a083-9b14db3bf98e resource provider not found; error: Placement Client Error (4xx): {"errors": [{"status": 404, "title": "Not Found", "detail": "The resource could not be found.\n\n No resource provider with uuid 22f4ac33-b4a8-4d8f-a083-9b14db3bf98e found for delete ", "request_id": "req-965615c9-0201-4966-ae3e-42d5420264b8"}]}
2026-05-06 06:10:33.011 9 INFO neutron.services.segments.plugin [-] Segment 22f4ac33-b4a8-4d8f-a083-9b14db3bf98e resource provider not found; error: Placement Client Error (4xx): {"errors": [{"status": 404, "title": "Not Found", "detail": "The resource could not be found.\n\n No resource provider with uuid 22f4ac33-b4a8-4d8f-a083-9b14db3bf98e found for delete ", "request_id": "req-91023b1f-8280-45d1-a047-0ddf39070db5"}]}
2026-05-06 06:10:33.048 9 INFO neutron.wsgi [None req-778d67b5-2390-4e7b-b867-708df8ca1bd6 5f85f96cd2a14ed5bf75e3fda9c5e06b ba1588537cdf4bab82001d1ba2b35270 - - default default] 10.0.0.130 "DELETE /v2.0/networks/fa81ffe1-8adb-4dfb-a09f-7a9cd024b435 HTTP/1.1" status: 204 len: 168 time: 0.4993987
2026-05-06 06:10:33.106 10 INFO neutron.db.ovn_revision_numbers_db [None req-ef91b438-5b47-4e2c-a4b1-90514bdc17bf 067a2172f9bc436485d5a855b456fcda 771e95f9c1674cc1be970f91b4c41bde - - default default] Successfully bumped revision number for resource 9c57944c-38f7-4b4b-bdfd-3163a2faf222 (type: networks) to 1
2026-05-06 06:10:33.357 9 WARNING neutron.scheduler.dhcp_agent_scheduler [None req-e84b974f-066a-45e5-86ef-30be8ea3ca84 76102664cf5940278b23e935320a5bda e83447576dfd4831bea34b23967b8673 - - default default] No more DHCP agents
2026-05-06 06:10:33.360 9 WARNING neutron.api.rpc.agentnotifiers.dhcp_rpc_agent_api [None req-e84b974f-066a-45e5-86ef-30be8ea3ca84 76102664cf5940278b23e935320a5bda e83447576dfd4831bea34b23967b8673 - - default default] Unable to schedule network 775e36c6-95f8-4a61-9c43-7ed7bf643b32: no agents available; will retry on subsequent port and subnet creation events.
