2026-05-06 06:08:24.074 10 INFO neutron.wsgi [req-0f1d2227-a201-4294-89f6-6031aea735c4 req-32b5ad25-ec9d-4b4d-b628-0b6723fb91c0 9fc92db56fd14aa3b97b4ffb609e13a3 041fcc5705624e72bdd978b0c2d0e7bf - - default default] 199.19.213.73 "DELETE /v2.0/ports/a34d1a16-80ef-46f7-8acc-472b6f57f067 HTTP/1.1" status: 204 len: 173 time: 0.5301020
2026-05-06 06:08:24.137 9 INFO neutron.services.segments.plugin [-] Segment 47359795-5f2c-4c32-9996-2ea0472c2e28 resource provider aggregate not found
2026-05-06 06:08:24.145 9 INFO neutron.services.segments.plugin [-] Segment 47359795-5f2c-4c32-9996-2ea0472c2e28 resource provider aggregate not found
2026-05-06 06:08:24.161 9 INFO neutron.services.segments.plugin [-] Segment 47359795-5f2c-4c32-9996-2ea0472c2e28 resource provider not found; error: Placement Client Error (4xx): {"errors": [{"status": 404, "title": "Not Found", "detail": "The resource could not be found.\n\n No resource provider with uuid 47359795-5f2c-4c32-9996-2ea0472c2e28 found for delete ", "request_id": "req-a2d57b83-d372-405a-a6b8-5aee8aa8e128"}]}
2026-05-06 06:08:24.162 9 INFO neutron.services.segments.plugin [-] Segment 47359795-5f2c-4c32-9996-2ea0472c2e28 resource provider not found; error: Placement Client Error (4xx): {"errors": [{"status": 404, "title": "Not Found", "detail": "The resource could not be found.\n\n No resource provider with uuid 47359795-5f2c-4c32-9996-2ea0472c2e28 found for delete ", "request_id": "req-b63011b0-51e3-4a5a-8bba-c70dda80527d"}]}
2026-05-06 06:08:24.197 9 INFO neutron.wsgi [None req-2d0f413c-4cd7-4c40-ab99-9baec5eb22dc 6410c18360a148a7bc7c83b962e14ee3 c2d7013754384b399bf564185e9f6798 - - default default] 10.0.0.130 "DELETE /v2.0/networks/d0fe7276-e6df-446f-af2f-127e931b8542 HTTP/1.1" status: 204 len: 168 time: 0.6013317 /var/lib/openstack/lib/python3.10/site-packages/pycadf/identifier.py:71: UserWarning: Invalid uuid: neutron. To ensure interoperability, identifiers should be a valid uuid. warnings.warn(('Invalid uuid: %s. To ensure interoperability, '
2026-05-06 06:08:24.249 9 INFO neutron.plugins.ml2.drivers.ovn.mech_driver.mech_driver [None req-abbeebd0-d50e-4d66-a978-89d93b228ab9 - - - - - -] OVN reports status up for port: d437a864-b46c-49ef-8b53-5b6e3aafd1e2
2026-05-06 06:08:24.271 10 INFO neutron.plugins.ml2.drivers.ovn.mech_driver.ovsdb.ovsdb_monitor [None req-67c05c48-2433-4bb8-8ed4-5c234990bdde - - - - - -] Router 4cee789f-b825-4936-92e3-63c01b198fa3 is bound to host instance
2026-05-06 06:08:24.271 9 INFO neutron.plugins.ml2.plugin [None req-abbeebd0-d50e-4d66-a978-89d93b228ab9 - - - - - -] Attempt 1 to provision port d437a864-b46c-49ef-8b53-5b6e3aafd1e2
2026-05-06 06:08:24.292 9 INFO neutron.db.ovn_revision_numbers_db [None req-813180ec-7286-4aed-9df5-3bd3faa9a946 ca89b9242353463790d86e73147b14ab f7a7fcbf79c64ad8bdb5a244cd81c59a - - default default] Successfully bumped revision number for resource d437a864-b46c-49ef-8b53-5b6e3aafd1e2 (type: router_ports) to 1
2026-05-06 06:08:24.386 9 INFO neutron.db.ovn_revision_numbers_db [None req-813180ec-7286-4aed-9df5-3bd3faa9a946 ca89b9242353463790d86e73147b14ab f7a7fcbf79c64ad8bdb5a244cd81c59a - - default default] Successfully bumped revision number for resource 4cee789f-b825-4936-92e3-63c01b198fa3 (type: routers) to 2
2026-05-06 06:08:24.403 9 INFO neutron.wsgi [None req-813180ec-7286-4aed-9df5-3bd3faa9a946 ca89b9242353463790d86e73147b14ab f7a7fcbf79c64ad8bdb5a244cd81c59a - - default default] 10.0.0.130 "POST /v2.0/routers HTTP/1.1" status: 201 len: 870 time: 2.2340951 /var/lib/openstack/lib/python3.10/site-packages/pycadf/identifier.py:71: UserWarning: Invalid uuid: neutron. To ensure interoperability, identifiers should be a valid uuid. warnings.warn(('Invalid uuid: %s. To ensure interoperability, '
2026-05-06 06:08:24.470 10 INFO neutron.notifiers.nova [-] Nova event matching ['req-2df12738-ef42-495d-8b67-23574e8898e0'] response: {'server_uuid': '840856ab-76ab-4485-89c0-de0174ab512c', 'name': 'network-vif-unplugged', 'status': 'completed', 'tag': 'a34d1a16-80ef-46f7-8acc-472b6f57f067', 'code': 200}
2026-05-06 06:08:24.471 10 INFO neutron.notifiers.nova [-] Nova event matching ['req-2df12738-ef42-495d-8b67-23574e8898e0'] response: {'server_uuid': '840856ab-76ab-4485-89c0-de0174ab512c', 'name': 'network-vif-plugged', 'status': 'completed', 'tag': 'a34d1a16-80ef-46f7-8acc-472b6f57f067', 'code': 200}
2026-05-06 06:08:24.471 10 INFO neutron.notifiers.nova [-] Nova event matching ['req-2df12738-ef42-495d-8b67-23574e8898e0'] response: {'server_uuid': '840856ab-76ab-4485-89c0-de0174ab512c', 'name': 'network-vif-deleted', 'tag': 'a34d1a16-80ef-46f7-8acc-472b6f57f067', 'status': 'completed', 'code': 200}
2026-05-06 06:08:24.681 10 INFO neutron.services.segments.plugin [-] Segment 5879f42f-fdd2-49c5-a0df-363cc4a04015 resource provider aggregate not found
2026-05-06 06:08:24.687 10 INFO neutron.services.segments.plugin [-] Segment 5879f42f-fdd2-49c5-a0df-363cc4a04015 resource provider aggregate not found
2026-05-06 06:08:24.701 10 INFO neutron.services.segments.plugin [-] Segment 5879f42f-fdd2-49c5-a0df-363cc4a04015 resource provider not found; error: Placement Client Error (4xx): {"errors": [{"status": 404, "title": "Not Found", "detail": "The resource could not be found.\n\n No resource provider with uuid 5879f42f-fdd2-49c5-a0df-363cc4a04015 found for delete ", "request_id": "req-58df8cd5-014f-4006-93cc-560061a6c8b2"}]}
2026-05-06 06:08:24.704 10 INFO neutron.services.segments.plugin [-] Segment 5879f42f-fdd2-49c5-a0df-363cc4a04015 resource provider not found; error: Placement Client Error (4xx): {"errors": [{"status": 404, "title": "Not Found", "detail": "The resource could not be found.\n\n No resource provider with uuid 5879f42f-fdd2-49c5-a0df-363cc4a04015 found for delete ", "request_id": "req-b61df958-b9ad-4229-bff6-f377a140673a"}]}
2026-05-06 06:08:24.750 10 INFO neutron.wsgi [None req-93c8a58e-dbd5-4057-bd03-deb3ff70b094 6410c18360a148a7bc7c83b962e14ee3 c2d7013754384b399bf564185e9f6798 - - default default] 10.0.0.130 "DELETE /v2.0/networks/e4864b92-988f-41b4-87fe-8b25e65ffbad HTTP/1.1" status: 204 len: 168 time: 0.5453360
2026-05-06 06:08:24.854 10 INFO neutron.wsgi [None req-f3ee83e8-d5b6-4b2c-a511-09689245254e 6410c18360a148a7bc7c83b962e14ee3 c2d7013754384b399bf564185e9f6798 - - default default] 10.0.0.130 "GET /v2.0/networks HTTP/1.1" status: 200 len: 845 time: 0.0951846
2026-05-06 06:08:24.873 10 WARNING neutron_lib.context [None req-7e0f72a0-3cd5-4138-9131-0a9054245bcf 6410c18360a148a7bc7c83b962e14ee3 c2d7013754384b399bf564185e9f6798 - - default default] Method 'is_advsvc' is deprecated since 2023.2 release (neutron-lib 3.8.0) and will be removed once support for the old RBAC API policies will be removed from Neutron. Please use method 'is_service_role' instead.
2026-05-06 06:08:24.935 10 INFO neutron.wsgi [None req-eb154024-518f-422d-b334-86732108ca37 9fc92db56fd14aa3b97b4ffb609e13a3 041fcc5705624e72bdd978b0c2d0e7bf - - default default] 10.0.0.130 "DELETE /v2.0/security-groups/7130f3d3-ad92-420b-b979-eff5cc4ede07 HTTP/1.1" status: 204 len: 168 time: 0.2217240
2026-05-06 06:08:24.949 10 INFO neutron.db.ovn_revision_numbers_db [None req-67c05c48-2433-4bb8-8ed4-5c234990bdde - - - - - -] Successfully bumped revision number for resource d437a864-b46c-49ef-8b53-5b6e3aafd1e2 (type: ports) to 1
2026-05-06 06:08:24.965 10 INFO neutron.db.segments_db [None req-7e0f72a0-3cd5-4138-9131-0a9054245bcf 6410c18360a148a7bc7c83b962e14ee3 c2d7013754384b399bf564185e9f6798 - - default default] Added segment f53ba4e7-b9fa-43ae-a276-f3b94bf429df of type geneve for network b4a85225-1d90-485e-836f-8332561127b4
2026-05-06 06:08:24.966 9 INFO neutron.api.v2.resource [None req-ddb154fa-6116-4928-8c30-355b93285aa3 9fc92db56fd14aa3b97b4ffb609e13a3 041fcc5705624e72bdd978b0c2d0e7bf - - default default] show failed (client error): The resource could not be found.
2026-05-06 06:08:24.967 9 INFO neutron.wsgi [None req-ddb154fa-6116-4928-8c30-355b93285aa3 9fc92db56fd14aa3b97b4ffb609e13a3 041fcc5705624e72bdd978b0c2d0e7bf - - default default] 10.0.0.130 "GET /v2.0/security-groups/7130f3d3-ad92-420b-b979-eff5cc4ede07 HTTP/1.1" status: 404 len: 347 time: 0.0253203
2026-05-06 06:08:25.222 10 INFO neutron.db.ovn_revision_numbers_db [None req-7e0f72a0-3cd5-4138-9131-0a9054245bcf 6410c18360a148a7bc7c83b962e14ee3 c2d7013754384b399bf564185e9f6798 - - default default] Successfully bumped revision number for resource b4a85225-1d90-485e-836f-8332561127b4 (type: networks) to 1
2026-05-06 06:08:25.280 9 WARNING neutron.scheduler.dhcp_agent_scheduler [None req-a738def3-6c65-4609-8f0f-0bcf3259f4b9 ca89b9242353463790d86e73147b14ab f7a7fcbf79c64ad8bdb5a244cd81c59a - - default default] No more DHCP agents
2026-05-06 06:08:25.282 9 WARNING neutron.api.rpc.agentnotifiers.dhcp_rpc_agent_api [None req-a738def3-6c65-4609-8f0f-0bcf3259f4b9 ca89b9242353463790d86e73147b14ab f7a7fcbf79c64ad8bdb5a244cd81c59a - - default default] Unable to schedule network 4399f50f-f4c4-4612-9839-cede377bfa31: no agents available; will retry on subsequent port and subnet creation events.
2026-05-06 06:08:25.357 10 INFO neutron.db.ovn_revision_numbers_db [None req-67c05c48-2433-4bb8-8ed4-5c234990bdde - - - - - -] Successfully bumped revision number for resource d437a864-b46c-49ef-8b53-5b6e3aafd1e2 (type: router_ports) to 3
2026-05-06 06:08:25.463 9 INFO neutron.db.ovn_revision_numbers_db [None req-a738def3-6c65-4609-8f0f-0bcf3259f4b9 ca89b9242353463790d86e73147b14ab f7a7fcbf79c64ad8bdb5a244cd81c59a - - default default] Successfully bumped revision number for resource f7724048-f022-4cae-a8ff-b2f7ee340528 (type: ports) to 1
2026-05-06 06:08:25.519 10 WARNING neutron.scheduler.dhcp_agent_scheduler [None req-7e0f72a0-3cd5-4138-9131-0a9054245bcf 6410c18360a148a7bc7c83b962e14ee3 c2d7013754384b399bf564185e9f6798 - - default default] No more DHCP agents
2026-05-06 06:08:25.522 10 WARNING neutron.api.rpc.agentnotifiers.dhcp_rpc_agent_api [None req-7e0f72a0-3cd5-4138-9131-0a9054245bcf 6410c18360a148a7bc7c83b962e14ee3 c2d7013754384b399bf564185e9f6798 - - default default] Unable to schedule network b4a85225-1d90-485e-836f-8332561127b4: no agents available; will retry on subsequent port and subnet creation events.
2026-05-06 06:08:25.560 10 INFO neutron.wsgi [None req-90b1eb34-a6c6-4ff3-a28e-d4ccb8147f59 9fc92db56fd14aa3b97b4ffb609e13a3 041fcc5705624e72bdd978b0c2d0e7bf - - default default] 10.0.0.130 "DELETE /v2.0/floatingips/6543671b-386b-4082-becb-cf933c0d00a5 HTTP/1.1" status: 204 len: 168 time: 0.5866964
2026-05-06 06:08:25.829 10 INFO neutron.db.ovn_revision_numbers_db [None req-67c05c48-2433-4bb8-8ed4-5c234990bdde - - - - - -] Successfully bumped revision number for resource d437a864-b46c-49ef-8b53-5b6e3aafd1e2 (type: ports) to 2
2026-05-06 06:08:25.840 10 INFO neutron.db.ovn_revision_numbers_db [None req-7e0f72a0-3cd5-4138-9131-0a9054245bcf 6410c18360a148a7bc7c83b962e14ee3 c2d7013754384b399bf564185e9f6798 - - default default] Successfully bumped revision number for resource 76a1037c-2060-4f06-9d8e-db2fa0b3aefc (type: ports) to 1
2026-05-06 06:08:25.887 10 INFO neutron.wsgi [None req-7e0f72a0-3cd5-4138-9131-0a9054245bcf 6410c18360a148a7bc7c83b962e14ee3 c2d7013754384b399bf564185e9f6798 - - default default] 10.0.0.130 "POST /v2.0/networks HTTP/1.1" status: 201 len: 848 time: 1.0249403
2026-05-06 06:08:25.899 10 WARNING neutron_lib.context [None req-12673156-1ccf-4549-9f4c-b0af88da2bfe 6410c18360a148a7bc7c83b962e14ee3 c2d7013754384b399bf564185e9f6798 - - default default] Method 'is_advsvc' is deprecated since 2023.2 release (neutron-lib 3.8.0) and will be removed once support for the old RBAC API policies will be removed from Neutron. Please use method 'is_service_role' instead.
2026-05-06 06:08:25.993 10 INFO neutron.db.segments_db [None req-12673156-1ccf-4549-9f4c-b0af88da2bfe 6410c18360a148a7bc7c83b962e14ee3 c2d7013754384b399bf564185e9f6798 - - default default] Added segment aafcb2c8-11c5-4783-8dc2-ebce23fceba2 of type geneve for network 193743e3-cfc5-4e94-8227-de05f282fa68
2026-05-06 06:08:26.028 10 INFO neutron.plugins.ml2.drivers.ovn.mech_driver.mech_driver [None req-e3256b9d-3a67-40a3-a56b-ef7bdefb95c1 - - - - - -] OVN reports status up for port: f7724048-f022-4cae-a8ff-b2f7ee340528
2026-05-06 06:08:26.067 10 INFO neutron.plugins.ml2.plugin [None req-e3256b9d-3a67-40a3-a56b-ef7bdefb95c1 - - - - - -] Attempt 1 to provision port f7724048-f022-4cae-a8ff-b2f7ee340528
2026-05-06 06:08:26.067 9 INFO neutron.db.ovn_revision_numbers_db [None req-a738def3-6c65-4609-8f0f-0bcf3259f4b9 ca89b9242353463790d86e73147b14ab f7a7fcbf79c64ad8bdb5a244cd81c59a - - default default] Successfully bumped revision number for resource f7724048-f022-4cae-a8ff-b2f7ee340528 (type: router_ports) to 1
2026-05-06 06:08:26.207 10 INFO neutron.db.ovn_revision_numbers_db [None req-67c05c48-2433-4bb8-8ed4-5c234990bdde - - - - - -] Successfully bumped revision number for resource d437a864-b46c-49ef-8b53-5b6e3aafd1e2 (type: ports) to 4
2026-05-06 06:08:26.209 10 INFO neutron.db.ovn_revision_numbers_db [None req-12673156-1ccf-4549-9f4c-b0af88da2bfe 6410c18360a148a7bc7c83b962e14ee3 c2d7013754384b399bf564185e9f6798 - - default default] Successfully bumped revision number for resource 193743e3-cfc5-4e94-8227-de05f282fa68 (type: networks) to 1
2026-05-06 06:08:26.266 9 INFO neutron.db.ovn_revision_numbers_db [None req-a738def3-6c65-4609-8f0f-0bcf3259f4b9 ca89b9242353463790d86e73147b14ab f7a7fcbf79c64ad8bdb5a244cd81c59a - - default default] Successfully bumped revision number for resource f7724048-f022-4cae-a8ff-b2f7ee340528 (type: ports) to 1
2026-05-06 06:08:26.366 9 WARNING neutron.scheduler.dhcp_agent_scheduler [None req-a738def3-6c65-4609-8f0f-0bcf3259f4b9 ca89b9242353463790d86e73147b14ab f7a7fcbf79c64ad8bdb5a244cd81c59a - - default default] No more DHCP agents
2026-05-06 06:08:26.368 9 WARNING neutron.api.rpc.agentnotifiers.dhcp_rpc_agent_api [None req-a738def3-6c65-4609-8f0f-0bcf3259f4b9 ca89b9242353463790d86e73147b14ab f7a7fcbf79c64ad8bdb5a244cd81c59a - - default default] Unable to schedule network 4399f50f-f4c4-4612-9839-cede377bfa31: no agents available; will retry on subsequent port and subnet creation events.
2026-05-06 06:08:26.516 9 INFO neutron.wsgi [req-b62d0d23-eccc-4507-8984-c4b7c60bc1c6 req-075e1017-557b-4ba8-883a-b11f46e860a1 a238ef8cbb32488283c894b7070d3528 20c20568c9f14e2cab3944b99efdf9c1 - - 37e4c56f4a5048cf8cf69f406f61be15 37e4c56f4a5048cf8cf69f406f61be15] 10.0.0.24 "GET /v2.0/ports?device_id=50c48633-3da8-4c7f-9939-019189358538 HTTP/1.1" status: 200 len: 1409 time: 0.1900623
2026-05-06 06:08:26.520 10 WARNING neutron.scheduler.dhcp_agent_scheduler [None req-12673156-1ccf-4549-9f4c-b0af88da2bfe 6410c18360a148a7bc7c83b962e14ee3 c2d7013754384b399bf564185e9f6798 - - default default] No more DHCP agents
2026-05-06 06:08:26.526 10 WARNING neutron.api.rpc.agentnotifiers.dhcp_rpc_agent_api [None req-12673156-1ccf-4549-9f4c-b0af88da2bfe 6410c18360a148a7bc7c83b962e14ee3 c2d7013754384b399bf564185e9f6798 - - default default] Unable to schedule network 193743e3-cfc5-4e94-8227-de05f282fa68: no agents available; will retry on subsequent port and subnet creation events.
2026-05-06 06:08:26.588 10 INFO neutron.db.ovn_revision_numbers_db [None req-67c05c48-2433-4bb8-8ed4-5c234990bdde - - - - - -] Successfully bumped revision number for resource d437a864-b46c-49ef-8b53-5b6e3aafd1e2 (type: router_ports) to 4
2026-05-06 06:08:26.606 9 INFO neutron.wsgi [req-b62d0d23-eccc-4507-8984-c4b7c60bc1c6 req-25d24ab8-10ac-4223-b3b1-693d7b99f230 a238ef8cbb32488283c894b7070d3528 20c20568c9f14e2cab3944b99efdf9c1 - - 37e4c56f4a5048cf8cf69f406f61be15 37e4c56f4a5048cf8cf69f406f61be15] 10.0.0.24 "GET /v2.0/security-groups?id=4b034151-a66d-422d-aa15-cc6f28876875&fields=id&fields=name HTTP/1.1" status: 200 len: 313 time: 0.0747662
2026-05-06 06:08:26.619 10 INFO neutron.db.ovn_revision_numbers_db [None req-e3256b9d-3a67-40a3-a56b-ef7bdefb95c1 - - - - - -] Successfully bumped revision number for resource f7724048-f022-4cae-a8ff-b2f7ee340528 (type: ports) to 2
2026-05-06 06:08:26.709 10 INFO neutron.db.ovn_revision_numbers_db [None req-12673156-1ccf-4549-9f4c-b0af88da2bfe 6410c18360a148a7bc7c83b962e14ee3 c2d7013754384b399bf564185e9f6798 - - default default] Successfully bumped revision number for resource 8f213c39-96ce-4910-874c-83d97cd4ca88 (type: ports) to 1
2026-05-06 06:08:26.739 10 INFO neutron.wsgi [None req-12673156-1ccf-4549-9f4c-b0af88da2bfe 6410c18360a148a7bc7c83b962e14ee3 c2d7013754384b399bf564185e9f6798 - - default default] 10.0.0.130 "POST /v2.0/networks HTTP/1.1" status: 201 len: 848 time: 0.8445921
2026-05-06 06:08:26.752 10 WARNING neutron_lib.context [None req-865a0eb1-19c7-4761-8526-d7d955357db7 6410c18360a148a7bc7c83b962e14ee3 c2d7013754384b399bf564185e9f6798 - - default default] Method 'is_advsvc' is deprecated since 2023.2 release (neutron-lib 3.8.0) and will be removed once support for the old RBAC API policies will be removed from Neutron. Please use method 'is_service_role' instead.
2026-05-06 06:08:26.763 10 INFO neutron.db.ovn_revision_numbers_db [None req-e3256b9d-3a67-40a3-a56b-ef7bdefb95c1 - - - - - -] Successfully bumped revision number for resource f7724048-f022-4cae-a8ff-b2f7ee340528 (type: router_ports) to 2
2026-05-06 06:08:26.799 10 WARNING neutron_lib.context [None req-865a0eb1-19c7-4761-8526-d7d955357db7 6410c18360a148a7bc7c83b962e14ee3 c2d7013754384b399bf564185e9f6798 - - default default] Method 'is_advsvc' is deprecated since 2023.2 release (neutron-lib 3.8.0) and will be removed once support for the old RBAC API policies will be removed from Neutron. Please use method 'is_service_role' instead.
2026-05-06 06:08:27.277 10 WARNING neutron.scheduler.dhcp_agent_scheduler [None req-865a0eb1-19c7-4761-8526-d7d955357db7 6410c18360a148a7bc7c83b962e14ee3 c2d7013754384b399bf564185e9f6798 - - default default] No more DHCP agents
2026-05-06 06:08:27.280 10 WARNING neutron.api.rpc.agentnotifiers.dhcp_rpc_agent_api [None req-865a0eb1-19c7-4761-8526-d7d955357db7 6410c18360a148a7bc7c83b962e14ee3 c2d7013754384b399bf564185e9f6798 - - default default] Unable to schedule network b4a85225-1d90-485e-836f-8332561127b4: no agents available; will retry on subsequent port and subnet creation events.
2026-05-06 06:08:27.354 10 INFO neutron.db.ovn_revision_numbers_db [None req-865a0eb1-19c7-4761-8526-d7d955357db7 6410c18360a148a7bc7c83b962e14ee3 c2d7013754384b399bf564185e9f6798 - - default default] Successfully bumped revision number for resource af812d1b-1d5d-4c40-8b62-fa917120bb69 (type: ports) to 1
2026-05-06 06:08:27.380 10 WARNING neutron.scheduler.dhcp_agent_scheduler [None req-865a0eb1-19c7-4761-8526-d7d955357db7 6410c18360a148a7bc7c83b962e14ee3 c2d7013754384b399bf564185e9f6798 - - default default] No more DHCP agents
2026-05-06 06:08:27.382 10 WARNING neutron.api.rpc.agentnotifiers.dhcp_rpc_agent_api [None req-865a0eb1-19c7-4761-8526-d7d955357db7 6410c18360a148a7bc7c83b962e14ee3 c2d7013754384b399bf564185e9f6798 - - default default] Unable to schedule network 193743e3-cfc5-4e94-8227-de05f282fa68: no agents available; will retry on subsequent port and subnet creation events.
2026-05-06 06:08:27.468 10 INFO neutron.db.ovn_revision_numbers_db [None req-865a0eb1-19c7-4761-8526-d7d955357db7 6410c18360a148a7bc7c83b962e14ee3 c2d7013754384b399bf564185e9f6798 - - default default] Successfully bumped revision number for resource b9c4b672-47f9-4329-907a-74f1bbeb27bf (type: ports) to 1
2026-05-06 06:08:27.490 10 INFO neutron.wsgi [None req-865a0eb1-19c7-4761-8526-d7d955357db7 6410c18360a148a7bc7c83b962e14ee3 c2d7013754384b399bf564185e9f6798 - - default default] 10.0.0.130 "POST /v2.0/ports HTTP/1.1" status: 201 len: 1706 time: 0.7436666 /var/lib/openstack/lib/python3.10/site-packages/pycadf/identifier.py:71: UserWarning: Invalid uuid: neutron. To ensure interoperability, identifiers should be a valid uuid. warnings.warn(('Invalid uuid: %s. To ensure interoperability, '
2026-05-06 06:08:27.624 10 INFO neutron.wsgi [None req-959c8a8e-92e3-41b9-ac0f-368849793481 6410c18360a148a7bc7c83b962e14ee3 c2d7013754384b399bf564185e9f6798 - - default default] 10.0.0.130 "GET /v2.0/ports HTTP/1.1" status: 200 len: 3213 time: 0.1286831
2026-05-06 06:08:27.670 9 INFO neutron.wsgi [None req-b231154a-e321-4907-867e-bb6a7262fee6 ca89b9242353463790d86e73147b14ab f7a7fcbf79c64ad8bdb5a244cd81c59a - - default default] 10.0.0.130 "PUT /v2.0/routers/d54d5ece-2a9b-4851-8b03-b1081d820ebc/remove_router_interface HTTP/1.1" status: 200 len: 503 time: 2.1024115
2026-05-06 06:08:27.727 9 INFO neutron.db.ovn_revision_numbers_db [None req-a738def3-6c65-4609-8f0f-0bcf3259f4b9 ca89b9242353463790d86e73147b14ab f7a7fcbf79c64ad8bdb5a244cd81c59a - - default default] Successfully bumped revision number for resource f7724048-f022-4cae-a8ff-b2f7ee340528 (type: router_ports) to 2
2026-05-06 06:08:27.730 9 INFO neutron.wsgi [None req-a738def3-6c65-4609-8f0f-0bcf3259f4b9 ca89b9242353463790d86e73147b14ab f7a7fcbf79c64ad8bdb5a244cd81c59a - - default default] 10.0.0.130 "PUT /v2.0/routers/4cee789f-b825-4936-92e3-63c01b198fa3/add_router_interface HTTP/1.1" status: 200 len: 503 time: 3.3209834
2026-05-06 06:08:27.939 10 INFO neutron.wsgi [None req-e3297fab-bfc9-4bd0-8031-673362678969 6410c18360a148a7bc7c83b962e14ee3 c2d7013754384b399bf564185e9f6798 - - default default] 10.0.0.130 "DELETE /v2.0/ports/af812d1b-1d5d-4c40-8b62-fa917120bb69 HTTP/1.1" status: 204 len: 168 time: 0.3086610 /var/lib/openstack/lib/python3.10/site-packages/pycadf/identifier.py:71: UserWarning: Invalid uuid: neutron. To ensure interoperability, identifiers should be a valid uuid. warnings.warn(('Invalid uuid: %s. To ensure interoperability, '
2026-05-06 06:08:28.233 9 INFO neutron.wsgi [None req-b961df2a-faa4-4392-8b34-7df42a06a440 6410c18360a148a7bc7c83b962e14ee3 c2d7013754384b399bf564185e9f6798 - - default default] 10.0.0.130 "DELETE /v2.0/ports/b9c4b672-47f9-4329-907a-74f1bbeb27bf HTTP/1.1" status: 204 len: 168 time: 0.2862117
2026-05-06 06:08:28.299 9 WARNING neutron_lib.context [None req-7fd53f73-6a40-4680-a30a-52a63873e8fa 41584c2de4bd4f5687243b9c8afdfdb1 5c4bedf162f34827bdb95f16401c14be - - default default] Method 'is_advsvc' is deprecated since 2023.2 release (neutron-lib 3.8.0) and will be removed once support for the old RBAC API policies will be removed from Neutron. Please use method 'is_service_role' instead.
2026-05-06 06:08:28.310 10 INFO neutron.wsgi [None req-a2da7199-8bf5-4d32-828a-8325c4d063ac ca89b9242353463790d86e73147b14ab f7a7fcbf79c64ad8bdb5a244cd81c59a - - default default] 10.0.0.35 "GET /v2.0/ports HTTP/1.1" status: 200 len: 17912 time: 0.1185644
2026-05-06 06:08:28.396 10 INFO neutron.wsgi [None req-6f9ae439-a80d-4d7a-971b-ee5a2c71ec68 ca89b9242353463790d86e73147b14ab f7a7fcbf79c64ad8bdb5a244cd81c59a - - default default] 10.0.0.35 "GET /v2.0/security-groups HTTP/1.1" status: 200 len: 30661 time: 0.0708156
2026-05-06 06:08:28.423 9 INFO neutron.wsgi [None req-66a7f3dc-73b1-4ff0-a4b4-ffe142caec53 6410c18360a148a7bc7c83b962e14ee3 c2d7013754384b399bf564185e9f6798 - - default default] 10.0.0.130 "GET /v2.0/ports HTTP/1.1" status: 200 len: 1718 time: 0.1839337
2026-05-06 06:08:28.438 9 WARNING neutron_lib.context [None req-fcd6ad69-b123-4c08-b963-8f84190b96b5 6410c18360a148a7bc7c83b962e14ee3 c2d7013754384b399bf564185e9f6798 - - default default] Method 'is_advsvc' is deprecated since 2023.2 release (neutron-lib 3.8.0) and will be removed once support for the old RBAC API policies will be removed from Neutron. Please use method 'is_service_role' instead.
2026-05-06 06:08:28.499 10 INFO neutron.wsgi [None req-1ee678f8-c25c-4e6b-9f7e-07a031eb4ecd ca89b9242353463790d86e73147b14ab f7a7fcbf79c64ad8bdb5a244cd81c59a - - default default] 10.0.0.35 "GET /v2.0/networks HTTP/1.1" status: 200 len: 6082 time: 0.0918441
2026-05-06 06:08:28.519 9 INFO neutron.db.ovn_revision_numbers_db [None req-7fd53f73-6a40-4680-a30a-52a63873e8fa 41584c2de4bd4f5687243b9c8afdfdb1 5c4bedf162f34827bdb95f16401c14be - - default default] Successfully bumped revision number for resource 80a7daa0-a089-4983-b9b0-f124088fa1cc (type: security_groups) to 1
2026-05-06 06:08:28.537 9 INFO neutron.db.ovn_revision_numbers_db [None req-7fd53f73-6a40-4680-a30a-52a63873e8fa 41584c2de4bd4f5687243b9c8afdfdb1 5c4bedf162f34827bdb95f16401c14be - - default default] Successfully bumped revision number for resource 18bfb85f-7ad1-4b71-887a-58fd3afc6e1b (type: security_group_rules) to 0
2026-05-06 06:08:28.543 9 INFO neutron.db.segments_db [None req-fcd6ad69-b123-4c08-b963-8f84190b96b5 6410c18360a148a7bc7c83b962e14ee3 c2d7013754384b399bf564185e9f6798 - - default default] Added segment d6174fd2-9115-4e59-b4b0-a8bc105293e4 of type geneve for network 7eab06b1-1551-40e9-b51a-0208a52e251d
2026-05-06 06:08:28.558 9 INFO neutron.db.ovn_revision_numbers_db [None req-7fd53f73-6a40-4680-a30a-52a63873e8fa 41584c2de4bd4f5687243b9c8afdfdb1 5c4bedf162f34827bdb95f16401c14be - - default default] Successfully bumped revision number for resource f8a94653-cee7-4b81-b04d-32900d29a507 (type: security_group_rules) to 0
2026-05-06 06:08:28.592 9 INFO neutron.wsgi [None req-7fd53f73-6a40-4680-a30a-52a63873e8fa 41584c2de4bd4f5687243b9c8afdfdb1 5c4bedf162f34827bdb95f16401c14be - - default default] 10.0.0.130 "POST /v2.0/security-groups HTTP/1.1" status: 201 len: 1794 time: 0.2993870
2026-05-06 06:08:28.616 9 WARNING neutron_lib.context [None req-7428b602-9b8d-4e92-9bae-158e90924f67 41584c2de4bd4f5687243b9c8afdfdb1 5c4bedf162f34827bdb95f16401c14be - - default default] Method 'is_advsvc' is deprecated since 2023.2 release (neutron-lib 3.8.0) and will be removed once support for the old RBAC API policies will be removed from Neutron. Please use method 'is_service_role' instead.
2026-05-06 06:08:28.842 9 INFO neutron.db.ovn_revision_numbers_db [None req-fcd6ad69-b123-4c08-b963-8f84190b96b5 6410c18360a148a7bc7c83b962e14ee3 c2d7013754384b399bf564185e9f6798 - - default default] Successfully bumped revision number for resource 7eab06b1-1551-40e9-b51a-0208a52e251d (type: networks) to 1
2026-05-06 06:08:28.901 10 INFO neutron.wsgi [None req-6560a436-fe57-4dfc-b308-29de41bd41a5 ca89b9242353463790d86e73147b14ab f7a7fcbf79c64ad8bdb5a244cd81c59a - - default default] 10.0.0.35 "GET /v2.0/routers HTTP/1.1" status: 200 len: 2031 time: 0.1452429
2026-05-06 06:08:28.918 9 INFO neutron.db.ovn_revision_numbers_db [None req-7428b602-9b8d-4e92-9bae-158e90924f67 41584c2de4bd4f5687243b9c8afdfdb1 5c4bedf162f34827bdb95f16401c14be - - default default] Successfully bumped revision number for resource f397713a-97a0-4a56-b269-d7f2c3eb6125 (type: security_group_rules) to 0
2026-05-06 06:08:28.936 10 INFO neutron.wsgi [None req-b6e7dbbe-97f1-4db4-9d8f-edc815b0721e ca89b9242353463790d86e73147b14ab f7a7fcbf79c64ad8bdb5a244cd81c59a - - default default] 10.0.0.35 "GET /v2.0/agents?binary=ovn-controller HTTP/1.1" status: 200 len: 591 time: 0.0225387
2026-05-06 06:08:28.973 9 INFO neutron.wsgi [None req-7428b602-9b8d-4e92-9bae-158e90924f67 41584c2de4bd4f5687243b9c8afdfdb1 5c4bedf162f34827bdb95f16401c14be - - default default] 10.0.0.130 "POST /v2.0/security-group-rules HTTP/1.1" status: 201 len: 764 time: 0.3655949
2026-05-06 06:08:28.984 10 WARNING neutron_lib.context [None req-e4f7d1ab-3153-4362-965c-e8b6ba51da87 41584c2de4bd4f5687243b9c8afdfdb1 5c4bedf162f34827bdb95f16401c14be - - default default] Method 'is_advsvc' is deprecated since 2023.2 release (neutron-lib 3.8.0) and will be removed once support for the old RBAC API policies will be removed from Neutron. Please use method 'is_service_role' instead.
2026-05-06 06:08:29.001 10 INFO neutron.wsgi [None req-ab3824e5-7342-4922-82a0-74f5a44bcd87 ca89b9242353463790d86e73147b14ab f7a7fcbf79c64ad8bdb5a244cd81c59a - - default default] 10.0.0.35 "GET /v2.0/floatingips HTTP/1.1" status: 200 len: 1035 time: 0.0637383
2026-05-06 06:08:29.032 10 INFO neutron.wsgi [None req-abcc2f78-8737-4b34-985d-2b539731f070 ca89b9242353463790d86e73147b14ab f7a7fcbf79c64ad8bdb5a244cd81c59a - - default default] 10.0.0.130 "DELETE /v2.0/routers/d54d5ece-2a9b-4851-8b03-b1081d820ebc HTTP/1.1" status: 204 len: 168 time: 1.3557522
2026-05-06 06:08:29.045 10 INFO neutron.wsgi [None req-1813d65f-6808-45ea-a0e9-2c02b685fc51 ca89b9242353463790d86e73147b14ab f7a7fcbf79c64ad8bdb5a244cd81c59a - - default default] 10.0.0.35 "GET /v2.0/subnets HTTP/1.1" status: 200 len: 3409 time: 0.0421638
2026-05-06 06:08:29.059 10 INFO neutron.wsgi [None req-b7752623-9963-4b18-90cd-226909f4cec5 ca89b9242353463790d86e73147b14ab f7a7fcbf79c64ad8bdb5a244cd81c59a - - default default] 10.0.0.35 "GET /v2.0/subnetpools HTTP/1.1" status: 200 len: 193 time: 0.0118964
2026-05-06 06:08:29.075 10 INFO neutron.wsgi [None req-7c15f4bd-de04-452c-9efc-4d2f85178ae1 ca89b9242353463790d86e73147b14ab f7a7fcbf79c64ad8bdb5a244cd81c59a - - default default] 10.0.0.35 "GET /v2.0/agents HTTP/1.1" status: 200 len: 997 time: 0.0140955
2026-05-06 06:08:29.095 10 INFO neutron.wsgi [None req-3182ad4f-cb96-462b-819c-496845315a5b ca89b9242353463790d86e73147b14ab f7a7fcbf79c64ad8bdb5a244cd81c59a - - default default] 10.0.0.35 "GET /v2.0/network-ip-availabilities HTTP/1.1" status: 200 len: 3571 time: 0.0153108
2026-05-06 06:08:29.108 9 WARNING neutron.scheduler.dhcp_agent_scheduler [None req-fcd6ad69-b123-4c08-b963-8f84190b96b5 6410c18360a148a7bc7c83b962e14ee3 c2d7013754384b399bf564185e9f6798 - - default default] No more DHCP agents
2026-05-06 06:08:29.113 9 WARNING neutron.api.rpc.agentnotifiers.dhcp_rpc_agent_api [None req-fcd6ad69-b123-4c08-b963-8f84190b96b5 6410c18360a148a7bc7c83b962e14ee3 c2d7013754384b399bf564185e9f6798 - - default default] Unable to schedule network 7eab06b1-1551-40e9-b51a-0208a52e251d: no agents available; will retry on subsequent port and subnet creation events.
2026-05-06 06:08:29.135 10 INFO neutron.wsgi [None req-4e2e91ce-8b0f-4bb4-be43-b777e141d6cc ca89b9242353463790d86e73147b14ab f7a7fcbf79c64ad8bdb5a244cd81c59a - - default default] 10.0.0.35 "GET /v2.0/subnets HTTP/1.1" status: 200 len: 3409 time: 0.0388319
2026-05-06 06:08:29.179 10 INFO neutron.db.ovn_revision_numbers_db [None req-e4f7d1ab-3153-4362-965c-e8b6ba51da87 41584c2de4bd4f5687243b9c8afdfdb1 5c4bedf162f34827bdb95f16401c14be - - default default] Successfully bumped revision number for resource 97f51263-8ef1-42be-a315-73b0f65cf046 (type: security_group_rules) to 0
2026-05-06 06:08:29.207 10 INFO neutron.wsgi [None req-e4f7d1ab-3153-4362-965c-e8b6ba51da87 41584c2de4bd4f5687243b9c8afdfdb1 5c4bedf162f34827bdb95f16401c14be - - default default] 10.0.0.130 "POST /v2.0/security-group-rules HTTP/1.1" status: 201 len: 769 time: 0.2276988
2026-05-06 06:08:29.217 10 WARNING neutron_lib.context [None req-79fb91e2-ed10-4842-9f9e-1760ef6868ea 41584c2de4bd4f5687243b9c8afdfdb1 5c4bedf162f34827bdb95f16401c14be - - default default] Method 'is_advsvc' is deprecated since 2023.2 release (neutron-lib 3.8.0) and will be removed once support for the old RBAC API policies will be removed from Neutron. Please use method 'is_service_role' instead.
2026-05-06 06:08:29.234 9 INFO neutron.db.ovn_revision_numbers_db [None req-fcd6ad69-b123-4c08-b963-8f84190b96b5 6410c18360a148a7bc7c83b962e14ee3 c2d7013754384b399bf564185e9f6798 - - default default] Successfully bumped revision number for resource 01d5baca-9793-4444-9f27-3cabe093a3a2 (type: ports) to 1
2026-05-06 06:08:29.260 9 INFO neutron.wsgi [None req-fcd6ad69-b123-4c08-b963-8f84190b96b5 6410c18360a148a7bc7c83b962e14ee3 c2d7013754384b399bf564185e9f6798 - - default default] 10.0.0.130 "POST /v2.0/networks HTTP/1.1" status: 201 len: 848 time: 0.8270323
2026-05-06 06:08:29.272 10 WARNING neutron_lib.context [None req-60d39341-c16b-4361-93f6-c38e459dfb4f 6410c18360a148a7bc7c83b962e14ee3 c2d7013754384b399bf564185e9f6798 - - default default] Method 'is_advsvc' is deprecated since 2023.2 release (neutron-lib 3.8.0) and will be removed once support for the old RBAC API policies will be removed from Neutron. Please use method 'is_service_role' instead.
2026-05-06 06:08:29.294 9 INFO neutron.wsgi [None req-006d2932-13c7-42d1-b4f2-86bef9d2d222 ca89b9242353463790d86e73147b14ab f7a7fcbf79c64ad8bdb5a244cd81c59a - - default default] 10.0.0.130 "DELETE /v2.0/subnets/8214e827-127f-44d5-b63f-0afcc4a359ae HTTP/1.1" status: 204 len: 168 time: 0.2543957
2026-05-06 06:08:29.363 10 INFO neutron.db.segments_db [None req-60d39341-c16b-4361-93f6-c38e459dfb4f 6410c18360a148a7bc7c83b962e14ee3 c2d7013754384b399bf564185e9f6798 - - default default] Added segment 175fe3b7-cf28-4d68-b737-27866a01b52c of type geneve for network 8ccb2e51-ee6c-40ee-80d9-49e8ec9169d7
2026-05-06 06:08:29.524 10 WARNING neutron.scheduler.dhcp_agent_scheduler [None req-79fb91e2-ed10-4842-9f9e-1760ef6868ea 41584c2de4bd4f5687243b9c8afdfdb1 5c4bedf162f34827bdb95f16401c14be - - default default] No more DHCP agents
2026-05-06 06:08:29.527 10 WARNING neutron.api.rpc.agentnotifiers.dhcp_rpc_agent_api [None req-79fb91e2-ed10-4842-9f9e-1760ef6868ea 41584c2de4bd4f5687243b9c8afdfdb1 5c4bedf162f34827bdb95f16401c14be - - default default] Unable to schedule network 5b11ae42-edf5-4a66-80a7-95b6ab14d670: no agents available; will retry on subsequent port and subnet creation events.
2026-05-06 06:08:29.530 10 INFO neutron.db.ovn_revision_numbers_db [None req-60d39341-c16b-4361-93f6-c38e459dfb4f 6410c18360a148a7bc7c83b962e14ee3 c2d7013754384b399bf564185e9f6798 - - default default] Successfully bumped revision number for resource 8ccb2e51-ee6c-40ee-80d9-49e8ec9169d7 (type: networks) to 1
2026-05-06 06:08:29.679 9 INFO neutron.services.segments.plugin [-] Segment 0a45d80e-63ee-4027-80e2-c617cdc22f31 resource provider aggregate not found
2026-05-06 06:08:29.689 9 INFO neutron.services.segments.plugin [-] Segment 0a45d80e-63ee-4027-80e2-c617cdc22f31 resource provider aggregate not found
2026-05-06 06:08:29.699 9 INFO neutron.services.segments.plugin [-] Segment 0a45d80e-63ee-4027-80e2-c617cdc22f31 resource provider not found; error: Placement Client Error (4xx): {"errors": [{"status": 404, "title": "Not Found", "detail": "The resource could not be found.\n\n No resource provider with uuid 0a45d80e-63ee-4027-80e2-c617cdc22f31 found for delete ", "request_id": "req-8d220ac5-087d-44ef-bafd-dd8eb72d3893"}]}
2026-05-06 06:08:29.711 9 INFO neutron.services.segments.plugin [-] Segment 0a45d80e-63ee-4027-80e2-c617cdc22f31 resource provider not found; error: Placement Client Error (4xx): {"errors": [{"status": 404, "title": "Not Found", "detail": "The resource could not be found.\n\n No resource provider with uuid 0a45d80e-63ee-4027-80e2-c617cdc22f31 found for delete ", "request_id": "req-5e2a0078-a487-493b-adef-f19eb1e254aa"}]}
2026-05-06 06:08:29.725 10 WARNING neutron.scheduler.dhcp_agent_scheduler [None req-60d39341-c16b-4361-93f6-c38e459dfb4f 6410c18360a148a7bc7c83b962e14ee3 c2d7013754384b399bf564185e9f6798 - - default default] No more DHCP agents
2026-05-06 06:08:29.730 10 WARNING neutron.api.rpc.agentnotifiers.dhcp_rpc_agent_api [None req-60d39341-c16b-4361-93f6-c38e459dfb4f 6410c18360a148a7bc7c83b962e14ee3 c2d7013754384b399bf564185e9f6798 - - default default] Unable to schedule network 8ccb2e51-ee6c-40ee-80d9-49e8ec9169d7: no agents available; will retry on subsequent port and subnet creation events.
2026-05-06 06:08:29.743 9 INFO neutron.wsgi [None req-eb0dc16d-7d29-4429-9348-9c2b8fe681a4 ca89b9242353463790d86e73147b14ab f7a7fcbf79c64ad8bdb5a244cd81c59a - - default default] 10.0.0.130 "DELETE /v2.0/networks/7a00d8dc-8e4e-4542-8d7f-e987accdd171 HTTP/1.1" status: 204 len: 168 time: 0.4430871
2026-05-06 06:08:29.830 10 INFO neutron.db.ovn_revision_numbers_db [None req-60d39341-c16b-4361-93f6-c38e459dfb4f 6410c18360a148a7bc7c83b962e14ee3 c2d7013754384b399bf564185e9f6798 - - default default] Successfully bumped revision number for resource 037fde31-07e8-4941-99b1-e8fd5a7e5464 (type: ports) to 1
2026-05-06 06:08:29.860 10 INFO neutron.wsgi [None req-60d39341-c16b-4361-93f6-c38e459dfb4f 6410c18360a148a7bc7c83b962e14ee3 c2d7013754384b399bf564185e9f6798 - - default default] 10.0.0.130 "POST /v2.0/networks HTTP/1.1" status: 201 len: 849 time: 0.5925534
2026-05-06 06:08:29.897 9 WARNING neutron_lib.context [None req-0c1b18b4-4872-4a3b-80d6-2d2c1adf4484 6410c18360a148a7bc7c83b962e14ee3 c2d7013754384b399bf564185e9f6798 - - default default] Method 'is_advsvc' is deprecated since 2023.2 release (neutron-lib 3.8.0) and will be removed once support for the old RBAC API policies will be removed from Neutron. Please use method 'is_service_role' instead.
2026-05-06 06:08:29.914 9 INFO neutron.wsgi [None req-f6b3c904-f6c8-413d-a500-b729a561c82c ca89b9242353463790d86e73147b14ab f7a7fcbf79c64ad8bdb5a244cd81c59a - - default default] 10.0.0.130 "GET /v2.0/security-groups?tenant_id=041fcc5705624e72bdd978b0c2d0e7bf&name=default HTTP/1.1" status: 200 len: 2996 time: 0.0527165
2026-05-06 06:08:29.925 10 INFO neutron.db.ovn_revision_numbers_db [None req-79fb91e2-ed10-4842-9f9e-1760ef6868ea 41584c2de4bd4f5687243b9c8afdfdb1 5c4bedf162f34827bdb95f16401c14be - - default default] Successfully bumped revision number for resource b176bc9e-2c0c-4e43-8ee5-43fca161529b (type: floatingips) to 0
2026-05-06 06:08:29.941 10 INFO neutron.wsgi [None req-79fb91e2-ed10-4842-9f9e-1760ef6868ea 41584c2de4bd4f5687243b9c8afdfdb1 5c4bedf162f34827bdb95f16401c14be - - default default] 10.0.0.130 "POST /v2.0/floatingips HTTP/1.1" status: 201 len: 751 time: 0.7279859
2026-05-06 06:08:29.941 9 WARNING neutron_lib.context [None req-0c1b18b4-4872-4a3b-80d6-2d2c1adf4484 6410c18360a148a7bc7c83b962e14ee3 c2d7013754384b399bf564185e9f6798 - - default default] Method 'is_advsvc' is deprecated since 2023.2 release (neutron-lib 3.8.0) and will be removed once support for the old RBAC API policies will be removed from Neutron. Please use method 'is_service_role' instead.
2026-05-06 06:08:30.068 10 INFO neutron.wsgi [None req-0d396f02-d1d1-4231-a18d-d4a9ff85fdd1 ca89b9242353463790d86e73147b14ab f7a7fcbf79c64ad8bdb5a244cd81c59a - - default default] 10.0.0.130 "DELETE /v2.0/security-groups/f4ae0dc9-96a5-4077-af65-512e8f230e80 HTTP/1.1" status: 204 len: 168 time: 0.1478040
2026-05-06 06:08:30.400 9 WARNING neutron.scheduler.dhcp_agent_scheduler [None req-0c1b18b4-4872-4a3b-80d6-2d2c1adf4484 6410c18360a148a7bc7c83b962e14ee3 c2d7013754384b399bf564185e9f6798 - - default default] No more DHCP agents
2026-05-06 06:08:30.402 9 WARNING neutron.api.rpc.agentnotifiers.dhcp_rpc_agent_api [None req-0c1b18b4-4872-4a3b-80d6-2d2c1adf4484 6410c18360a148a7bc7c83b962e14ee3 c2d7013754384b399bf564185e9f6798 - - default default] Unable to schedule network 7eab06b1-1551-40e9-b51a-0208a52e251d: no agents available; will retry on subsequent port and subnet creation events.
2026-05-06 06:08:30.503 10 INFO neutron.wsgi [req-19848860-81c3-4419-9694-9184b12ecd48 req-8fb42309-62ec-42b4-92f7-849beaf5ca9f 41584c2de4bd4f5687243b9c8afdfdb1 5c4bedf162f34827bdb95f16401c14be - - default default] 10.0.0.210 "GET /v2.0/security-groups?name=tempest-securitygroup--1527788706&fields=id&tenant_id=5c4bedf162f34827bdb95f16401c14be HTTP/1.1" status: 200 len: 267 time: 0.0418713
2026-05-06 06:08:30.602 10 INFO neutron.wsgi [req-19848860-81c3-4419-9694-9184b12ecd48 req-97cc4d9e-ddc9-410b-bcfe-9952344de2b7 41584c2de4bd4f5687243b9c8afdfdb1 5c4bedf162f34827bdb95f16401c14be - - default default] 10.0.0.210 "GET /v2.0/networks?id=4399f50f-f4c4-4612-9839-cede377bfa31 HTTP/1.1" status: 200 len: 868 time: 0.0924976
2026-05-06 06:08:30.624 10 INFO neutron.wsgi [req-19848860-81c3-4419-9694-9184b12ecd48 req-4b2d1aab-b5fe-47e2-8687-37a2acd84411 41584c2de4bd4f5687243b9c8afdfdb1 5c4bedf162f34827bdb95f16401c14be - - default default] 10.0.0.210 "GET /v2.0/quotas/5c4bedf162f34827bdb95f16401c14be HTTP/1.1" status: 200 len: 386 time: 0.0143828
2026-05-06 06:08:30.773 10 INFO neutron.wsgi [req-19848860-81c3-4419-9694-9184b12ecd48 req-97e37df1-5d8c-421d-83e7-4861df966d0d 41584c2de4bd4f5687243b9c8afdfdb1 5c4bedf162f34827bdb95f16401c14be - - default default] 10.0.0.210 "GET /v2.0/ports?tenant_id=5c4bedf162f34827bdb95f16401c14be&fields=id HTTP/1.1" status: 200 len: 302 time: 0.1434355
2026-05-06 06:08:30.778 10 INFO neutron.wsgi [req-dfcd3868-cdd6-48f8-84c8-cb68081f6e65 req-e4fd3521-6ab7-42e2-b7e8-9a254ce74140 f5b7dc7504d24ff19739a3766817d585 e0c1c5d68a8d490bb427c559c86accab - - default default] 10.0.0.210 "GET /v2.0/ports?device_id=50c48633-3da8-4c7f-9939-019189358538 HTTP/1.1" status: 200 len: 1170 time: 0.1503441
2026-05-06 06:08:30.847 10 INFO neutron.wsgi [req-19848860-81c3-4419-9694-9184b12ecd48 req-feb88028-09ba-44c9-b7c8-9b887b411d49 a238ef8cbb32488283c894b7070d3528 20c20568c9f14e2cab3944b99efdf9c1 - - 37e4c56f4a5048cf8cf69f406f61be15 37e4c56f4a5048cf8cf69f406f61be15] 10.0.0.210 "GET /v2.0/networks/4399f50f-f4c4-4612-9839-cede377bfa31?fields=segments HTTP/1.1" status: 200 len: 212 time: 0.0589247
2026-05-06 06:08:30.879 10 INFO neutron.wsgi [req-2be88f1e-d032-44ea-ab05-157c7180f71e req-d93dff36-2b49-4259-9208-49539837f7cf f5b7dc7504d24ff19739a3766817d585 e0c1c5d68a8d490bb427c559c86accab - - default default] 10.0.0.210 "GET /v2.0/ports/e31f3baa-f657-4cf4-9a04-210d0dd9d5aa HTTP/1.1" status: 200 len: 1167 time: 0.0440540
2026-05-06 06:08:30.914 10 INFO neutron.wsgi [req-19848860-81c3-4419-9694-9184b12ecd48 req-32d05085-b006-4c70-a0f1-6705d80a72e3 a238ef8cbb32488283c894b7070d3528 20c20568c9f14e2cab3944b99efdf9c1 - - 37e4c56f4a5048cf8cf69f406f61be15 37e4c56f4a5048cf8cf69f406f61be15] 10.0.0.210 "GET /v2.0/networks/4399f50f-f4c4-4612-9839-cede377bfa31?fields=provider%3Aphysical_network&fields=provider%3Anetwork_type HTTP/1.1" status: 200 len: 277 time: 0.0608892
2026-05-06 06:08:30.936 9 INFO neutron.db.ovn_revision_numbers_db [None req-0c1b18b4-4872-4a3b-80d6-2d2c1adf4484 6410c18360a148a7bc7c83b962e14ee3 c2d7013754384b399bf564185e9f6798 - - default default] Successfully bumped revision number for resource 01d5baca-9793-4444-9f27-3cabe093a3a2 (type: ports) to 2
2026-05-06 06:08:30.975 9 INFO neutron.db.ovn_revision_numbers_db [None req-0c1b18b4-4872-4a3b-80d6-2d2c1adf4484 6410c18360a148a7bc7c83b962e14ee3 c2d7013754384b399bf564185e9f6798 - - default default] Successfully bumped revision number for resource 413b21c3-7ae8-4d23-9ec9-1c9b5ef32f5b (type: subnets) to 0
2026-05-06 06:08:31.001 9 WARNING neutron.scheduler.dhcp_agent_scheduler [None req-0c1b18b4-4872-4a3b-80d6-2d2c1adf4484 6410c18360a148a7bc7c83b962e14ee3 c2d7013754384b399bf564185e9f6798 - - default default] No more DHCP agents
2026-05-06 06:08:31.004 9 WARNING neutron.api.rpc.agentnotifiers.dhcp_rpc_agent_api [None req-0c1b18b4-4872-4a3b-80d6-2d2c1adf4484 6410c18360a148a7bc7c83b962e14ee3 c2d7013754384b399bf564185e9f6798 - - default default] Unable to schedule network 8ccb2e51-ee6c-40ee-80d9-49e8ec9169d7: no agents available; will retry on subsequent port and subnet creation events.
2026-05-06 06:08:31.051 10 INFO neutron.wsgi [req-969f0231-d974-48d4-99eb-524b7859fbac req-47f71d5a-142e-413b-b400-63568dc9a822 f5b7dc7504d24ff19739a3766817d585 e0c1c5d68a8d490bb427c559c86accab - - default default] 199.19.213.73 "GET /v2.0/subnets?network_id=b7320171-2f72-4f30-a7ec-343e20cdd15d HTTP/1.1" status: 200 len: 859 time: 0.0531411
2026-05-06 06:08:31.080 10 INFO neutron.wsgi [req-8cca678e-c767-48ee-a9b4-0e51364e731c req-b231886f-f299-442f-ac30-a717fa9d0c32 41584c2de4bd4f5687243b9c8afdfdb1 5c4bedf162f34827bdb95f16401c14be - - default default] 10.0.0.210 "GET /v2.0/ports?device_id=d5003f69-6bf8-4463-a421-f105d1028f28 HTTP/1.1" status: 200 len: 210 time: 0.0273917
2026-05-06 06:08:31.132 10 INFO neutron.wsgi [req-969f0231-d974-48d4-99eb-524b7859fbac req-42f20d5e-83f3-45c7-b9a8-20da96dd028b f5b7dc7504d24ff19739a3766817d585 e0c1c5d68a8d490bb427c559c86accab - - default default] 199.19.213.73 "GET /v2.0/ports?device_id=50c48633-3da8-4c7f-9939-019189358538&device_owner=compute%3Anova&network_id=b7320171-2f72-4f30-a7ec-343e20cdd15d HTTP/1.1" status: 200 len: 1170 time: 0.0728815
2026-05-06 06:08:31.792 10 INFO neutron.db.ovn_revision_numbers_db [req-969f0231-d974-48d4-99eb-524b7859fbac req-0e4973e5-d537-4e91-9c70-6d0f7a960ba6 f5b7dc7504d24ff19739a3766817d585 e0c1c5d68a8d490bb427c559c86accab - - default default] Successfully bumped revision number for resource e31f3baa-f657-4cf4-9a04-210d0dd9d5aa (type: ports) to 5
2026-05-06 06:08:31.806 10 INFO neutron.wsgi [req-969f0231-d974-48d4-99eb-524b7859fbac req-0e4973e5-d537-4e91-9c70-6d0f7a960ba6 f5b7dc7504d24ff19739a3766817d585 e0c1c5d68a8d490bb427c559c86accab - - default default] 199.19.213.73 "PUT /v2.0/ports/e31f3baa-f657-4cf4-9a04-210d0dd9d5aa HTTP/1.1" status: 200 len: 1345 time: 0.6689484 /var/lib/openstack/lib/python3.10/site-packages/pycadf/identifier.py:71: UserWarning: Invalid uuid: neutron. To ensure interoperability, identifiers should be a valid uuid. warnings.warn(('Invalid uuid: %s. To ensure interoperability, '
2026-05-06 06:08:31.864 10 INFO neutron.notifiers.nova [-] Nova event matching ['req-f245b37b-6477-4964-91b0-0cbcd2bdaf01'] response: {'name': 'network-changed', 'server_uuid': '50c48633-3da8-4c7f-9939-019189358538', 'tag': 'e31f3baa-f657-4cf4-9a04-210d0dd9d5aa', 'status': 'completed', 'code': 200}
2026-05-06 06:08:31.885 10 INFO neutron.wsgi [req-969f0231-d974-48d4-99eb-524b7859fbac req-fe7ae611-dce3-4151-915b-ec3818527115 a238ef8cbb32488283c894b7070d3528 20c20568c9f14e2cab3944b99efdf9c1 - - 37e4c56f4a5048cf8cf69f406f61be15 37e4c56f4a5048cf8cf69f406f61be15] 199.19.213.73 "GET /v2.0/ports?tenant_id=e0c1c5d68a8d490bb427c559c86accab&device_id=50c48633-3da8-4c7f-9939-019189358538 HTTP/1.1" status: 200 len: 1586 time: 0.0508788
2026-05-06 06:08:31.925 9 INFO neutron.db.ovn_revision_numbers_db [None req-0c1b18b4-4872-4a3b-80d6-2d2c1adf4484 6410c18360a148a7bc7c83b962e14ee3 c2d7013754384b399bf564185e9f6798 - - default default] Successfully bumped revision number for resource 037fde31-07e8-4941-99b1-e8fd5a7e5464 (type: ports) to 2
2026-05-06 06:08:31.964 9 INFO neutron.db.ovn_revision_numbers_db [None req-0c1b18b4-4872-4a3b-80d6-2d2c1adf4484 6410c18360a148a7bc7c83b962e14ee3 c2d7013754384b399bf564185e9f6798 - - default default] Successfully bumped revision number for resource 8525a1c8-8114-44ec-9bc9-a36fcd6f3c17 (type: subnets) to 0
2026-05-06 06:08:31.968 10 INFO neutron.wsgi [req-969f0231-d974-48d4-99eb-524b7859fbac req-f6d3aae2-00e6-49a7-90af-113d8519505c a238ef8cbb32488283c894b7070d3528 20c20568c9f14e2cab3944b99efdf9c1 - - 37e4c56f4a5048cf8cf69f406f61be15 37e4c56f4a5048cf8cf69f406f61be15] 199.19.213.73 "GET /v2.0/networks?id=b7320171-2f72-4f30-a7ec-343e20cdd15d HTTP/1.1" status: 200 len: 982 time: 0.0776086
2026-05-06 06:08:31.986 9 INFO neutron.wsgi [None req-0c1b18b4-4872-4a3b-80d6-2d2c1adf4484 6410c18360a148a7bc7c83b962e14ee3 c2d7013754384b399bf564185e9f6798 - - default default] 10.0.0.130 "POST /v2.0/subnets HTTP/1.1" status: 201 len: 1425 time: 2.0948367
2026-05-06 06:08:32.035 10 INFO neutron.wsgi [req-969f0231-d974-48d4-99eb-524b7859fbac req-58cfb7f1-b646-4c93-9933-1439b0c550fd a238ef8cbb32488283c894b7070d3528 20c20568c9f14e2cab3944b99efdf9c1 - - 37e4c56f4a5048cf8cf69f406f61be15 37e4c56f4a5048cf8cf69f406f61be15] 199.19.213.73 "GET /v2.0/floatingips?fixed_ip_address=10.100.0.5&port_id=e31f3baa-f657-4cf4-9a04-210d0dd9d5aa HTTP/1.1" status: 200 len: 1059 time: 0.0554581
2026-05-06 06:08:32.055 9 INFO neutron.wsgi [None req-01b8d4cf-88ec-4fd3-ade3-4cbf766dd034 6410c18360a148a7bc7c83b962e14ee3 c2d7013754384b399bf564185e9f6798 - - default default] 10.0.0.130 "GET /v2.0/subnets HTTP/1.1" status: 200 len: 2033 time: 0.0641370
2026-05-06 06:08:32.071 10 INFO neutron.wsgi [req-969f0231-d974-48d4-99eb-524b7859fbac req-9055d3c1-8cc2-430f-8b81-30320ee48a49 a238ef8cbb32488283c894b7070d3528 20c20568c9f14e2cab3944b99efdf9c1 - - 37e4c56f4a5048cf8cf69f406f61be15 37e4c56f4a5048cf8cf69f406f61be15] 199.19.213.73 "GET /v2.0/floatingips?fixed_ip_address=10.100.0.9&port_id=e31f3baa-f657-4cf4-9a04-210d0dd9d5aa HTTP/1.1" status: 200 len: 217 time: 0.0309966
2026-05-06 06:08:32.134 10 INFO neutron.wsgi [req-969f0231-d974-48d4-99eb-524b7859fbac req-13b32faa-8010-441a-8c76-1bc7cc0bcab8 a238ef8cbb32488283c894b7070d3528 20c20568c9f14e2cab3944b99efdf9c1 - - 37e4c56f4a5048cf8cf69f406f61be15 37e4c56f4a5048cf8cf69f406f61be15] 199.19.213.73 "GET /v2.0/subnets?id=2a888abc-0d0a-4d42-9b1f-3873758f091c HTTP/1.1" status: 200 len: 877 time: 0.0542998
2026-05-06 06:08:32.270 9 INFO neutron.wsgi [req-19848860-81c3-4419-9694-9184b12ecd48 req-937d89f1-7975-4356-92ea-de9a171c4339 41584c2de4bd4f5687243b9c8afdfdb1 5c4bedf162f34827bdb95f16401c14be - - default default] 199.19.213.73 "GET /v2.0/networks?id=4399f50f-f4c4-4612-9839-cede377bfa31 HTTP/1.1" status: 200 len: 868 time: 0.1033561
2026-05-06 06:08:32.338 9 INFO neutron.wsgi [req-19848860-81c3-4419-9694-9184b12ecd48 req-eefe833c-f45a-4210-a3ea-0e82d818339a 41584c2de4bd4f5687243b9c8afdfdb1 5c4bedf162f34827bdb95f16401c14be - - default default] 199.19.213.73 "GET /v2.0/security-groups?fields=id&fields=name&tenant_id=5c4bedf162f34827bdb95f16401c14be HTTP/1.1" status: 200 len: 380 time: 0.0610652
2026-05-06 06:08:32.356 9 WARNING neutron_lib.context [req-19848860-81c3-4419-9694-9184b12ecd48 req-a0e879c6-5b51-4137-b724-60266b6635b7 41584c2de4bd4f5687243b9c8afdfdb1 5c4bedf162f34827bdb95f16401c14be - - default default] Method 'is_advsvc' is deprecated since 2023.2 release (neutron-lib 3.8.0) and will be removed once support for the old RBAC API policies will be removed from Neutron. Please use method 'is_service_role' instead.
2026-05-06 06:08:32.384 9 INFO neutron.wsgi [None req-a32dfd4b-b3b5-4eee-bcb6-d3f42f9e676e 6410c18360a148a7bc7c83b962e14ee3 c2d7013754384b399bf564185e9f6798 - - default default] 10.0.0.130 "DELETE /v2.0/subnets/413b21c3-7ae8-4d23-9ec9-1c9b5ef32f5b HTTP/1.1" status: 204 len: 168 time: 0.3197987
