2026-05-06 06:10:52.054 9 INFO neutron.db.ovn_revision_numbers_db [req-8303eb2d-5ab6-46d2-a4f4-0581c3f18326 req-3be4855d-a8cc-4786-a580-633b42876f6a 76102664cf5940278b23e935320a5bda e83447576dfd4831bea34b23967b8673 - - default default] Successfully bumped revision number for resource bbbad068-f922-4616-8b84-b9b47b59fbfe (type: ports) to 1
2026-05-06 06:10:52.078 9 INFO neutron.wsgi [req-8303eb2d-5ab6-46d2-a4f4-0581c3f18326 req-3be4855d-a8cc-4786-a580-633b42876f6a 76102664cf5940278b23e935320a5bda e83447576dfd4831bea34b23967b8673 - - default default] 199.19.213.73 "POST /v2.0/ports HTTP/1.1" status: 201 len: 1384 time: 0.6237075 /var/lib/openstack/lib/python3.10/site-packages/pycadf/identifier.py:71: UserWarning: Invalid uuid: neutron. To ensure interoperability, identifiers should be a valid uuid. warnings.warn(('Invalid uuid: %s. To ensure interoperability, '
2026-05-06 06:10:52.360 10 INFO neutron.wsgi [req-b4f5732f-1a09-4f81-a020-14f831311d3a req-c6d35316-2f96-4c0f-a823-1477a887c521 0fa19865da4f45719a02adb2758c0cfa d28f8b1c967f45cea3edb25dc3b70398 - - default default] 10.0.0.210 "GET /v2.0/ports?device_id=7fb57f90-a6bb-4a55-9985-2c77519de06c HTTP/1.1" status: 200 len: 1168 time: 0.0467966
2026-05-06 06:10:52.416 10 INFO neutron.wsgi [req-b4f5732f-1a09-4f81-a020-14f831311d3a req-58d1d897-08c3-4b42-ad14-3213477e7f1e 0fa19865da4f45719a02adb2758c0cfa d28f8b1c967f45cea3edb25dc3b70398 - - default default] 10.0.0.210 "GET /v2.0/security-groups?id=77c5080a-924f-45d5-94f9-797ec04c07a4&fields=id&fields=name HTTP/1.1" status: 200 len: 286 time: 0.0504172
2026-05-06 06:10:52.567 9 INFO neutron.db.ovn_revision_numbers_db [req-8303eb2d-5ab6-46d2-a4f4-0581c3f18326 req-bb948563-34a3-4bc9-8062-32d95a99ff0e a238ef8cbb32488283c894b7070d3528 20c20568c9f14e2cab3944b99efdf9c1 - - 37e4c56f4a5048cf8cf69f406f61be15 37e4c56f4a5048cf8cf69f406f61be15] Successfully bumped revision number for resource bbbad068-f922-4616-8b84-b9b47b59fbfe (type: ports) to 2
2026-05-06 06:10:52.765 9 INFO neutron.db.ovn_revision_numbers_db [req-8303eb2d-5ab6-46d2-a4f4-0581c3f18326 req-bb948563-34a3-4bc9-8062-32d95a99ff0e a238ef8cbb32488283c894b7070d3528 20c20568c9f14e2cab3944b99efdf9c1 - - 37e4c56f4a5048cf8cf69f406f61be15 37e4c56f4a5048cf8cf69f406f61be15] Successfully bumped revision number for resource bbbad068-f922-4616-8b84-b9b47b59fbfe (type: ports) to 2
2026-05-06 06:10:52.783 9 INFO neutron.wsgi [req-8303eb2d-5ab6-46d2-a4f4-0581c3f18326 req-bb948563-34a3-4bc9-8062-32d95a99ff0e a238ef8cbb32488283c894b7070d3528 20c20568c9f14e2cab3944b99efdf9c1 - - 37e4c56f4a5048cf8cf69f406f61be15 37e4c56f4a5048cf8cf69f406f61be15] 199.19.213.73 "PUT /v2.0/ports/bbbad068-f922-4616-8b84-b9b47b59fbfe HTTP/1.1" status: 200 len: 1601 time: 0.6942384 /var/lib/openstack/lib/python3.10/site-packages/pycadf/identifier.py:71: UserWarning: Invalid uuid: neutron. To ensure interoperability, identifiers should be a valid uuid. warnings.warn(('Invalid uuid: %s. To ensure interoperability, '
2026-05-06 06:10:52.830 9 INFO neutron.notifiers.nova [-] Nova event matching ['req-631361f0-08c5-4936-8953-002352b56c90'] response: {'name': 'network-changed', 'server_uuid': '257e8b58-cf26-4f2f-965e-39eb5ede4b12', 'tag': 'bbbad068-f922-4616-8b84-b9b47b59fbfe', 'status': 'completed', 'code': 200}
2026-05-06 06:10:52.857 9 INFO neutron.wsgi [req-8303eb2d-5ab6-46d2-a4f4-0581c3f18326 req-9028e0fa-22ba-4291-a1d7-faebdef2a474 a238ef8cbb32488283c894b7070d3528 20c20568c9f14e2cab3944b99efdf9c1 - - 37e4c56f4a5048cf8cf69f406f61be15 37e4c56f4a5048cf8cf69f406f61be15] 199.19.213.73 "GET /v2.0/ports?tenant_id=e83447576dfd4831bea34b23967b8673&device_id=257e8b58-cf26-4f2f-965e-39eb5ede4b12 HTTP/1.1" status: 200 len: 1632 time: 0.0353286
2026-05-06 06:10:52.883 9 INFO neutron.wsgi [req-8303eb2d-5ab6-46d2-a4f4-0581c3f18326 req-56c0c482-a82d-428d-af42-f1c14f8a913b a238ef8cbb32488283c894b7070d3528 20c20568c9f14e2cab3944b99efdf9c1 - - 37e4c56f4a5048cf8cf69f406f61be15 37e4c56f4a5048cf8cf69f406f61be15] 199.19.213.73 "GET /v2.0/floatingips?fixed_ip_address=10.2.1.137&port_id=bbbad068-f922-4616-8b84-b9b47b59fbfe HTTP/1.1" status: 200 len: 217 time: 0.0200946
2026-05-06 06:10:52.926 9 INFO neutron.wsgi [req-8303eb2d-5ab6-46d2-a4f4-0581c3f18326 req-8cb06d5a-3e12-4356-aa09-764e16dfa9a1 a238ef8cbb32488283c894b7070d3528 20c20568c9f14e2cab3944b99efdf9c1 - - 37e4c56f4a5048cf8cf69f406f61be15 37e4c56f4a5048cf8cf69f406f61be15] 199.19.213.73 "GET /v2.0/floatingips?fixed_ip_address=fd7b%3Af9f7%3Afff%3A4eca%3A%3Aae&port_id=bbbad068-f922-4616-8b84-b9b47b59fbfe HTTP/1.1" status: 200 len: 217 time: 0.0367048
2026-05-06 06:10:52.968 9 INFO neutron.wsgi [req-8303eb2d-5ab6-46d2-a4f4-0581c3f18326 req-d4491814-5179-4a6b-b423-6f3f5acd1e46 a238ef8cbb32488283c894b7070d3528 20c20568c9f14e2cab3944b99efdf9c1 - - 37e4c56f4a5048cf8cf69f406f61be15 37e4c56f4a5048cf8cf69f406f61be15] 199.19.213.73 "GET /v2.0/subnets?id=0dd74b4f-1bcc-4212-adf8-eec27d73e11a&id=557e0f1a-d5ad-4666-9f3c-fb4ad2d0344a HTTP/1.1" status: 200 len: 1563 time: 0.0351799
2026-05-06 06:10:52.993 9 INFO neutron.wsgi [req-8303eb2d-5ab6-46d2-a4f4-0581c3f18326 req-9fe1625d-77af-48ab-a53e-7b8d9aaf21bb a238ef8cbb32488283c894b7070d3528 20c20568c9f14e2cab3944b99efdf9c1 - - 37e4c56f4a5048cf8cf69f406f61be15 37e4c56f4a5048cf8cf69f406f61be15] 199.19.213.73 "GET /v2.0/ports?network_id=775e36c6-95f8-4a61-9c43-7ed7bf643b32&device_owner=network%3Adhcp HTTP/1.1" status: 200 len: 210 time: 0.0196817
2026-05-06 06:10:53.019 9 INFO neutron.wsgi [req-8303eb2d-5ab6-46d2-a4f4-0581c3f18326 req-30ed9db3-b17e-4748-a1c2-473a43b69918 a238ef8cbb32488283c894b7070d3528 20c20568c9f14e2cab3944b99efdf9c1 - - 37e4c56f4a5048cf8cf69f406f61be15 37e4c56f4a5048cf8cf69f406f61be15] 199.19.213.73 "GET /v2.0/ports?network_id=775e36c6-95f8-4a61-9c43-7ed7bf643b32&device_owner=network%3Adhcp HTTP/1.1" status: 200 len: 210 time: 0.0183868
2026-05-06 06:10:53.076 9 INFO neutron.wsgi [req-8303eb2d-5ab6-46d2-a4f4-0581c3f18326 req-fd108d42-a0d5-4fa5-8718-d4a000aefd08 a238ef8cbb32488283c894b7070d3528 20c20568c9f14e2cab3944b99efdf9c1 - - 37e4c56f4a5048cf8cf69f406f61be15 37e4c56f4a5048cf8cf69f406f61be15] 199.19.213.73 "GET /v2.0/networks/775e36c6-95f8-4a61-9c43-7ed7bf643b32?fields=segments HTTP/1.1" status: 200 len: 212 time: 0.0505044
2026-05-06 06:10:53.156 9 INFO neutron.wsgi [req-8303eb2d-5ab6-46d2-a4f4-0581c3f18326 req-d07bddf4-4401-476b-bb48-93a8cc0ef754 a238ef8cbb32488283c894b7070d3528 20c20568c9f14e2cab3944b99efdf9c1 - - 37e4c56f4a5048cf8cf69f406f61be15 37e4c56f4a5048cf8cf69f406f61be15] 199.19.213.73 "GET /v2.0/networks/775e36c6-95f8-4a61-9c43-7ed7bf643b32?fields=provider%3Aphysical_network&fields=provider%3Anetwork_type HTTP/1.1" status: 200 len: 277 time: 0.0706298
2026-05-06 06:10:53.241 9 WARNING neutron.plugins.ml2.drivers.ovn.mech_driver.ovsdb.ovn_client [None req-abbeebd0-d50e-4d66-a978-89d93b228ab9 - - - - - -] No hosting information found for port af87b846-b3db-4f5e-8631-2665e6219ddd: RuntimeError: No hosting information found for port af87b846-b3db-4f5e-8631-2665e6219ddd
2026-05-06 06:10:53.242 9 INFO neutron.plugins.ml2.drivers.ovn.mech_driver.mech_driver [None req-abbeebd0-d50e-4d66-a978-89d93b228ab9 - - - - - -] OVN reports status up for port: 194aae4f-359e-4f02-9e23-afad1c171e08
2026-05-06 06:10:53.255 9 INFO neutron.plugins.ml2.plugin [None req-abbeebd0-d50e-4d66-a978-89d93b228ab9 - - - - - -] Attempt 1 to provision port 194aae4f-359e-4f02-9e23-afad1c171e08
2026-05-06 06:10:53.262 9 INFO neutron.wsgi [req-8f1fa183-0e6f-4a11-ad1e-157a8eacfbd0 req-87a75d14-8d01-4730-854e-ee9cf582d0ad a238ef8cbb32488283c894b7070d3528 20c20568c9f14e2cab3944b99efdf9c1 - - 37e4c56f4a5048cf8cf69f406f61be15 37e4c56f4a5048cf8cf69f406f61be15] 199.19.213.73 "GET /v2.0/ports?tenant_id=e83447576dfd4831bea34b23967b8673&device_id=257e8b58-cf26-4f2f-965e-39eb5ede4b12 HTTP/1.1" status: 200 len: 1632 time: 0.0482025
2026-05-06 06:10:53.369 9 INFO neutron.wsgi [req-8f1fa183-0e6f-4a11-ad1e-157a8eacfbd0 req-d372effc-16e7-422d-b9f8-6745d89e72c0 a238ef8cbb32488283c894b7070d3528 20c20568c9f14e2cab3944b99efdf9c1 - - 37e4c56f4a5048cf8cf69f406f61be15 37e4c56f4a5048cf8cf69f406f61be15] 199.19.213.73 "GET /v2.0/networks?id=775e36c6-95f8-4a61-9c43-7ed7bf643b32 HTTP/1.1" status: 200 len: 1003 time: 0.0959353
2026-05-06 06:10:53.411 9 INFO neutron.wsgi [req-8f1fa183-0e6f-4a11-ad1e-157a8eacfbd0 req-15d96b79-5691-4322-a3bc-a93d0bc70e34 a238ef8cbb32488283c894b7070d3528 20c20568c9f14e2cab3944b99efdf9c1 - - 37e4c56f4a5048cf8cf69f406f61be15 37e4c56f4a5048cf8cf69f406f61be15] 199.19.213.73 "GET /v2.0/floatingips?fixed_ip_address=10.2.1.137&port_id=bbbad068-f922-4616-8b84-b9b47b59fbfe HTTP/1.1" status: 200 len: 217 time: 0.0336776
2026-05-06 06:10:53.443 9 INFO neutron.wsgi [req-8f1fa183-0e6f-4a11-ad1e-157a8eacfbd0 req-3a52b3fe-7519-46d4-a6df-dfdba73e7255 a238ef8cbb32488283c894b7070d3528 20c20568c9f14e2cab3944b99efdf9c1 - - 37e4c56f4a5048cf8cf69f406f61be15 37e4c56f4a5048cf8cf69f406f61be15] 199.19.213.73 "GET /v2.0/floatingips?fixed_ip_address=fd7b%3Af9f7%3Afff%3A4eca%3A%3Aae&port_id=bbbad068-f922-4616-8b84-b9b47b59fbfe HTTP/1.1" status: 200 len: 217 time: 0.0224197
2026-05-06 06:10:53.520 9 INFO neutron.wsgi [req-8f1fa183-0e6f-4a11-ad1e-157a8eacfbd0 req-a425d912-ebd4-40f9-a160-7f54e935fdf6 a238ef8cbb32488283c894b7070d3528 20c20568c9f14e2cab3944b99efdf9c1 - - 37e4c56f4a5048cf8cf69f406f61be15 37e4c56f4a5048cf8cf69f406f61be15] 199.19.213.73 "GET /v2.0/subnets?id=0dd74b4f-1bcc-4212-adf8-eec27d73e11a&id=557e0f1a-d5ad-4666-9f3c-fb4ad2d0344a HTTP/1.1" status: 200 len: 1563 time: 0.0662472
2026-05-06 06:10:53.551 9 INFO neutron.wsgi [req-8f1fa183-0e6f-4a11-ad1e-157a8eacfbd0 req-a90da24e-7108-4a16-9d03-5ebffb0d2f13 a238ef8cbb32488283c894b7070d3528 20c20568c9f14e2cab3944b99efdf9c1 - - 37e4c56f4a5048cf8cf69f406f61be15 37e4c56f4a5048cf8cf69f406f61be15] 199.19.213.73 "GET /v2.0/ports?network_id=775e36c6-95f8-4a61-9c43-7ed7bf643b32&device_owner=network%3Adhcp HTTP/1.1" status: 200 len: 210 time: 0.0259027
2026-05-06 06:10:53.560 10 INFO neutron.wsgi [req-aba91f05-d9d9-4b10-b4c3-c374b3667ae5 req-f0328801-51a7-43d7-93c5-d251c6b5ccf1 0fa19865da4f45719a02adb2758c0cfa d28f8b1c967f45cea3edb25dc3b70398 - - default default] 10.0.0.210 "GET /v2.0/ports?device_id=7fb57f90-a6bb-4a55-9985-2c77519de06c HTTP/1.1" status: 200 len: 1168 time: 0.0512195
2026-05-06 06:10:53.577 9 INFO neutron.wsgi [req-8f1fa183-0e6f-4a11-ad1e-157a8eacfbd0 req-f77d715c-48eb-4a02-8d4d-d74005c21e4b a238ef8cbb32488283c894b7070d3528 20c20568c9f14e2cab3944b99efdf9c1 - - 37e4c56f4a5048cf8cf69f406f61be15 37e4c56f4a5048cf8cf69f406f61be15] 199.19.213.73 "GET /v2.0/ports?network_id=775e36c6-95f8-4a61-9c43-7ed7bf643b32&device_owner=network%3Adhcp HTTP/1.1" status: 200 len: 210 time: 0.0202386
2026-05-06 06:10:53.613 10 INFO neutron.wsgi [req-aba91f05-d9d9-4b10-b4c3-c374b3667ae5 req-11d9f990-7bb2-4407-8b2e-3050a3b76b1d 0fa19865da4f45719a02adb2758c0cfa d28f8b1c967f45cea3edb25dc3b70398 - - default default] 10.0.0.210 "GET /v2.0/security-groups?id=77c5080a-924f-45d5-94f9-797ec04c07a4&fields=id&fields=name HTTP/1.1" status: 200 len: 286 time: 0.0451765
2026-05-06 06:10:53.667 9 INFO neutron.wsgi [req-8f1fa183-0e6f-4a11-ad1e-157a8eacfbd0 req-cb050cb4-df9a-45df-a7fc-0140c95dc2bb a238ef8cbb32488283c894b7070d3528 20c20568c9f14e2cab3944b99efdf9c1 - - 37e4c56f4a5048cf8cf69f406f61be15 37e4c56f4a5048cf8cf69f406f61be15] 199.19.213.73 "GET /v2.0/networks/775e36c6-95f8-4a61-9c43-7ed7bf643b32?fields=segments HTTP/1.1" status: 200 len: 212 time: 0.0821686
2026-05-06 06:10:53.752 9 INFO neutron.wsgi [req-8f1fa183-0e6f-4a11-ad1e-157a8eacfbd0 req-eb240333-2a6d-4297-9ca5-da05308d82c1 a238ef8cbb32488283c894b7070d3528 20c20568c9f14e2cab3944b99efdf9c1 - - 37e4c56f4a5048cf8cf69f406f61be15 37e4c56f4a5048cf8cf69f406f61be15] 199.19.213.73 "GET /v2.0/networks/775e36c6-95f8-4a61-9c43-7ed7bf643b32?fields=provider%3Aphysical_network&fields=provider%3Anetwork_type HTTP/1.1" status: 200 len: 277 time: 0.0770342
2026-05-06 06:10:53.764 9 INFO neutron.db.ovn_revision_numbers_db [None req-abbeebd0-d50e-4d66-a978-89d93b228ab9 - - - - - -] Successfully bumped revision number for resource 194aae4f-359e-4f02-9e23-afad1c171e08 (type: ports) to 2
2026-05-06 06:10:53.851 9 INFO neutron.db.ovn_revision_numbers_db [None req-abbeebd0-d50e-4d66-a978-89d93b228ab9 - - - - - -] Successfully bumped revision number for resource 194aae4f-359e-4f02-9e23-afad1c171e08 (type: router_ports) to 2
2026-05-06 06:10:54.747 10 INFO neutron.wsgi [req-427761c7-a31d-4947-9b4c-26309b806c7d req-dac7eb98-175b-40fa-8cca-b11b0f394b91 0fa19865da4f45719a02adb2758c0cfa d28f8b1c967f45cea3edb25dc3b70398 - - default default] 10.0.0.210 "GET /v2.0/ports?device_id=7fb57f90-a6bb-4a55-9985-2c77519de06c HTTP/1.1" status: 200 len: 1168 time: 0.0514767
2026-05-06 06:10:54.804 10 INFO neutron.wsgi [req-427761c7-a31d-4947-9b4c-26309b806c7d req-a56f177e-ccd0-4640-b0c4-0d2447c89079 0fa19865da4f45719a02adb2758c0cfa d28f8b1c967f45cea3edb25dc3b70398 - - default default] 10.0.0.210 "GET /v2.0/security-groups?id=77c5080a-924f-45d5-94f9-797ec04c07a4&fields=id&fields=name HTTP/1.1" status: 200 len: 286 time: 0.0485086
2026-05-06 06:10:55.727 10 INFO neutron.wsgi [req-eabca9be-0e73-47c8-abc0-ef447ab475cc req-7d14d8f2-b4d7-4b36-b0b7-abe6bcaffab6 76102664cf5940278b23e935320a5bda e83447576dfd4831bea34b23967b8673 - - default default] 10.0.0.210 "GET /v2.0/ports?device_id=257e8b58-cf26-4f2f-965e-39eb5ede4b12 HTTP/1.1" status: 200 len: 1394 time: 0.0838943
2026-05-06 06:10:55.796 10 INFO neutron.wsgi [req-eabca9be-0e73-47c8-abc0-ef447ab475cc req-4b329a94-e324-4c5c-9515-3cf6b6103247 76102664cf5940278b23e935320a5bda e83447576dfd4831bea34b23967b8673 - - default default] 10.0.0.210 "GET /v2.0/security-groups?id=0195c947-62b1-4baf-8829-7e6196497869&fields=id&fields=name HTTP/1.1" status: 200 len: 311 time: 0.0593908
2026-05-06 06:10:55.998 10 INFO neutron.wsgi [req-45410fdc-2bf4-43af-a8ad-3c3a8aa6bcb5 req-e119c9c7-618d-49b4-94b9-657918a00eda 0fa19865da4f45719a02adb2758c0cfa d28f8b1c967f45cea3edb25dc3b70398 - - default default] 10.0.0.210 "GET /v2.0/ports?device_id=7fb57f90-a6bb-4a55-9985-2c77519de06c HTTP/1.1" status: 200 len: 1168 time: 0.1185749
2026-05-06 06:10:56.057 10 INFO neutron.wsgi [req-45410fdc-2bf4-43af-a8ad-3c3a8aa6bcb5 req-dad024c0-72dd-43b1-b297-63eee4bc249f 0fa19865da4f45719a02adb2758c0cfa d28f8b1c967f45cea3edb25dc3b70398 - - default default] 10.0.0.210 "GET /v2.0/security-groups?id=77c5080a-924f-45d5-94f9-797ec04c07a4&fields=id&fields=name HTTP/1.1" status: 200 len: 286 time: 0.0493298
2026-05-06 06:10:56.244 9 INFO neutron.db.ovn_revision_numbers_db [None req-4ff5edef-58cf-49aa-b74d-c613e30d11e8 ca89b9242353463790d86e73147b14ab f7a7fcbf79c64ad8bdb5a244cd81c59a - - default default] Successfully bumped revision number for resource f1f289e9-3e33-4c11-82cd-916aeef9e5c8 (type: security_groups) to 1
2026-05-06 06:10:56.262 9 INFO neutron.db.ovn_revision_numbers_db [None req-4ff5edef-58cf-49aa-b74d-c613e30d11e8 ca89b9242353463790d86e73147b14ab f7a7fcbf79c64ad8bdb5a244cd81c59a - - default default] Successfully bumped revision number for resource 422a5269-2fef-4f7b-b08d-715216d5a32b (type: security_group_rules) to 0
2026-05-06 06:10:56.278 9 INFO neutron.db.ovn_revision_numbers_db [None req-4ff5edef-58cf-49aa-b74d-c613e30d11e8 ca89b9242353463790d86e73147b14ab f7a7fcbf79c64ad8bdb5a244cd81c59a - - default default] Successfully bumped revision number for resource 93f4613c-b991-44a3-84eb-12ddd1511ec7 (type: security_group_rules) to 0
2026-05-06 06:10:56.295 9 INFO neutron.db.ovn_revision_numbers_db [None req-4ff5edef-58cf-49aa-b74d-c613e30d11e8 ca89b9242353463790d86e73147b14ab f7a7fcbf79c64ad8bdb5a244cd81c59a - - default default] Successfully bumped revision number for resource 97ff8c9b-f365-4e0d-9036-70f9dab7c9da (type: security_group_rules) to 0
2026-05-06 06:10:56.310 9 INFO neutron.db.ovn_revision_numbers_db [None req-4ff5edef-58cf-49aa-b74d-c613e30d11e8 ca89b9242353463790d86e73147b14ab f7a7fcbf79c64ad8bdb5a244cd81c59a - - default default] Successfully bumped revision number for resource c0b6843b-8a47-486c-ad6a-8b012cb91ee2 (type: security_group_rules) to 0
2026-05-06 06:10:56.352 9 INFO neutron.wsgi [None req-4ff5edef-58cf-49aa-b74d-c613e30d11e8 ca89b9242353463790d86e73147b14ab f7a7fcbf79c64ad8bdb5a244cd81c59a - - default default] 10.0.0.130 "GET /v2.0/security-groups?tenant_id=1dc0589906c24c0996a48ea38d462251&name=default HTTP/1.1" status: 200 len: 2996 time: 0.4548600
2026-05-06 06:10:56.568 9 INFO neutron.wsgi [None req-0aaaecf4-1b27-4d5e-b951-339c3e0e9a71 ca89b9242353463790d86e73147b14ab f7a7fcbf79c64ad8bdb5a244cd81c59a - - default default] 10.0.0.130 "DELETE /v2.0/security-groups/f1f289e9-3e33-4c11-82cd-916aeef9e5c8 HTTP/1.1" status: 204 len: 168 time: 0.2102776
2026-05-06 06:10:56.835 9 INFO neutron.db.ovn_revision_numbers_db [None req-29646f11-65c0-4f53-9010-21425fd03fad ca89b9242353463790d86e73147b14ab f7a7fcbf79c64ad8bdb5a244cd81c59a - - default default] Successfully bumped revision number for resource 20e29f15-8078-417b-a9a1-106e429a48d6 (type: security_groups) to 1
2026-05-06 06:10:56.850 9 INFO neutron.db.ovn_revision_numbers_db [None req-29646f11-65c0-4f53-9010-21425fd03fad ca89b9242353463790d86e73147b14ab f7a7fcbf79c64ad8bdb5a244cd81c59a - - default default] Successfully bumped revision number for resource 39d6603b-ad34-4365-b513-f54568852b3a (type: security_group_rules) to 0
2026-05-06 06:10:56.866 9 INFO neutron.db.ovn_revision_numbers_db [None req-29646f11-65c0-4f53-9010-21425fd03fad ca89b9242353463790d86e73147b14ab f7a7fcbf79c64ad8bdb5a244cd81c59a - - default default] Successfully bumped revision number for resource 95b8c488-7bb4-4738-9a9c-1273e0242da4 (type: security_group_rules) to 0
2026-05-06 06:10:56.883 9 INFO neutron.db.ovn_revision_numbers_db [None req-29646f11-65c0-4f53-9010-21425fd03fad ca89b9242353463790d86e73147b14ab f7a7fcbf79c64ad8bdb5a244cd81c59a - - default default] Successfully bumped revision number for resource ad44e2bc-8d86-4166-905d-81fe7d980b2e (type: security_group_rules) to 0
2026-05-06 06:10:56.900 9 INFO neutron.db.ovn_revision_numbers_db [None req-29646f11-65c0-4f53-9010-21425fd03fad ca89b9242353463790d86e73147b14ab f7a7fcbf79c64ad8bdb5a244cd81c59a - - default default] Successfully bumped revision number for resource e0dd9ee4-73a6-498f-8296-b8dfa0c086ae (type: security_group_rules) to 0
2026-05-06 06:10:56.926 9 INFO neutron.wsgi [None req-29646f11-65c0-4f53-9010-21425fd03fad ca89b9242353463790d86e73147b14ab f7a7fcbf79c64ad8bdb5a244cd81c59a - - default default] 10.0.0.130 "GET /v2.0/security-groups?tenant_id=0c8bfd1825c341aca01be5a479c4a0a8&name=default HTTP/1.1" status: 200 len: 2996 time: 0.2155342
2026-05-06 06:10:57.136 9 INFO neutron.wsgi [None req-dd73f320-94b5-4262-af42-41dc4e7eb04b ca89b9242353463790d86e73147b14ab f7a7fcbf79c64ad8bdb5a244cd81c59a - - default default] 10.0.0.130 "DELETE /v2.0/security-groups/20e29f15-8078-417b-a9a1-106e429a48d6 HTTP/1.1" status: 204 len: 168 time: 0.2053461
2026-05-06 06:10:57.165 10 INFO neutron.wsgi [req-ffc468c6-43c3-4d01-b0e0-00ac6d51fdaa req-2f470360-f4a8-459a-b30a-823e3a53e923 0fa19865da4f45719a02adb2758c0cfa d28f8b1c967f45cea3edb25dc3b70398 - - default default] 10.0.0.210 "GET /v2.0/ports?device_id=7fb57f90-a6bb-4a55-9985-2c77519de06c HTTP/1.1" status: 200 len: 1168 time: 0.0363805
2026-05-06 06:10:57.218 10 INFO neutron.wsgi [req-ffc468c6-43c3-4d01-b0e0-00ac6d51fdaa req-3e34f354-d014-452f-b2c4-7474da720c4e 0fa19865da4f45719a02adb2758c0cfa d28f8b1c967f45cea3edb25dc3b70398 - - default default] 10.0.0.210 "GET /v2.0/security-groups?id=77c5080a-924f-45d5-94f9-797ec04c07a4&fields=id&fields=name HTTP/1.1" status: 200 len: 286 time: 0.0446193
2026-05-06 06:10:58.206 9 WARNING neutron.plugins.ml2.drivers.ovn.mech_driver.ovsdb.ovn_client [None req-abbeebd0-d50e-4d66-a978-89d93b228ab9 - - - - - -] No hosting information found for port 194aae4f-359e-4f02-9e23-afad1c171e08: RuntimeError: No hosting information found for port 194aae4f-359e-4f02-9e23-afad1c171e08
2026-05-06 06:10:58.207 9 INFO neutron.plugins.ml2.drivers.ovn.mech_driver.mech_driver [None req-abbeebd0-d50e-4d66-a978-89d93b228ab9 - - - - - -] OVN reports status up for port: bfed090c-2219-442f-9f67-951c370c277b
2026-05-06 06:10:58.218 9 INFO neutron.plugins.ml2.plugin [None req-abbeebd0-d50e-4d66-a978-89d93b228ab9 - - - - - -] Attempt 1 to provision port bfed090c-2219-442f-9f67-951c370c277b
2026-05-06 06:10:58.331 10 INFO neutron.wsgi [req-148fa13b-15ae-45bd-8f96-ce2a92259d42 req-16527c6a-2076-4d2c-a106-960162ccdb1b 0fa19865da4f45719a02adb2758c0cfa d28f8b1c967f45cea3edb25dc3b70398 - - default default] 10.0.0.210 "GET /v2.0/ports?device_id=7fb57f90-a6bb-4a55-9985-2c77519de06c HTTP/1.1" status: 200 len: 1168 time: 0.0436492
2026-05-06 06:10:58.344 9 INFO neutron.notifiers.nova [-] Nova event matching ['req-3065b1d1-fcad-4269-9094-7bc109e4c354'] response: {'server_uuid': '7fb57f90-a6bb-4a55-9985-2c77519de06c', 'name': 'network-vif-plugged', 'status': 'completed', 'tag': 'bfed090c-2219-442f-9f67-951c370c277b', 'code': 200}
2026-05-06 06:10:58.398 10 INFO neutron.wsgi [req-148fa13b-15ae-45bd-8f96-ce2a92259d42 req-8757beff-4155-4e26-a55c-e35ef6be89d2 0fa19865da4f45719a02adb2758c0cfa d28f8b1c967f45cea3edb25dc3b70398 - - default default] 10.0.0.210 "GET /v2.0/security-groups?id=77c5080a-924f-45d5-94f9-797ec04c07a4&fields=id&fields=name HTTP/1.1" status: 200 len: 286 time: 0.0583653
2026-05-06 06:10:58.562 9 INFO neutron.db.ovn_revision_numbers_db [None req-abbeebd0-d50e-4d66-a978-89d93b228ab9 - - - - - -] Successfully bumped revision number for resource bfed090c-2219-442f-9f67-951c370c277b (type: ports) to 4
2026-05-06 06:10:58.620 9 INFO neutron.plugins.ml2.drivers.ovn.mech_driver.mech_driver [None req-abbeebd0-d50e-4d66-a978-89d93b228ab9 - - - - - -] OVN reports status up for port: bbbad068-f922-4616-8b84-b9b47b59fbfe
2026-05-06 06:10:58.639 9 INFO neutron.plugins.ml2.plugin [None req-abbeebd0-d50e-4d66-a978-89d93b228ab9 - - - - - -] Attempt 1 to provision port bbbad068-f922-4616-8b84-b9b47b59fbfe
2026-05-06 06:10:59.016 9 INFO neutron.db.ovn_revision_numbers_db [None req-abbeebd0-d50e-4d66-a978-89d93b228ab9 - - - - - -] Successfully bumped revision number for resource bbbad068-f922-4616-8b84-b9b47b59fbfe (type: ports) to 4
2026-05-06 06:10:59.518 10 INFO neutron.wsgi [req-a88d89ca-fb47-4e12-a373-47f2d013375a req-2f03787b-3144-4256-93ad-30760acd18c8 0fa19865da4f45719a02adb2758c0cfa d28f8b1c967f45cea3edb25dc3b70398 - - default default] 10.0.0.210 "GET /v2.0/ports?device_id=7fb57f90-a6bb-4a55-9985-2c77519de06c HTTP/1.1" status: 200 len: 1170 time: 0.0468626
2026-05-06 06:11:00.009 10 INFO neutron.wsgi [req-a88d89ca-fb47-4e12-a373-47f2d013375a req-624a69ae-f7d6-452c-9fe2-12f48217617e 0fa19865da4f45719a02adb2758c0cfa d28f8b1c967f45cea3edb25dc3b70398 - - default default] 10.0.0.210 "GET /v2.0/security-groups?id=77c5080a-924f-45d5-94f9-797ec04c07a4&fields=id&fields=name HTTP/1.1" status: 200 len: 286 time: 0.4845688
2026-05-06 06:11:00.411 10 INFO neutron.wsgi [None req-9271f8b3-cb78-4a7a-a866-346cf3bcd4a3 c5bc7f9170464d1d87f529c443aa4139 7efd38a80c56424dbf1c3041af0125f3 - - default default] 10.0.0.26 "GET /v2.0/extensions HTTP/1.1" status: 200 len: 16980 time: 0.1390531
2026-05-06 06:11:00.417 9 INFO neutron.notifiers.nova [-] Nova event matching ['req-b46fef2c-e25b-46ab-a22f-634d04fe309a'] response: {'server_uuid': '7fb57f90-a6bb-4a55-9985-2c77519de06c', 'name': 'network-vif-plugged', 'status': 'completed', 'tag': 'bfed090c-2219-442f-9f67-951c370c277b', 'code': 200}
2026-05-06 06:11:00.418 9 INFO neutron.notifiers.nova [-] Nova event matching ['req-b46fef2c-e25b-46ab-a22f-634d04fe309a'] response: {'server_uuid': '257e8b58-cf26-4f2f-965e-39eb5ede4b12', 'name': 'network-vif-plugged', 'status': 'completed', 'tag': 'bbbad068-f922-4616-8b84-b9b47b59fbfe', 'code': 200}
2026-05-06 06:11:00.418 9 INFO neutron.notifiers.nova [-] Nova event matching ['req-b46fef2c-e25b-46ab-a22f-634d04fe309a'] response: {'server_uuid': '257e8b58-cf26-4f2f-965e-39eb5ede4b12', 'name': 'network-vif-plugged', 'status': 'completed', 'tag': 'bbbad068-f922-4616-8b84-b9b47b59fbfe', 'code': 200}
2026-05-06 06:11:00.582 10 INFO neutron.wsgi [None req-de04db0d-2415-4d7e-b5c4-8b873e6def0e c5bc7f9170464d1d87f529c443aa4139 7efd38a80c56424dbf1c3041af0125f3 - - default default] 10.0.0.26 "GET /v2.0/quotas/7efd38a80c56424dbf1c3041af0125f3/details HTTP/1.1" status: 200 len: 756 time: 0.1425934
2026-05-06 06:11:00.636 9 INFO neutron.plugins.ml2.drivers.ovn.mech_driver.mech_driver [None req-abbeebd0-d50e-4d66-a978-89d93b228ab9 - - - - - -] OVN reports status down for port: bfed090c-2219-442f-9f67-951c370c277b
2026-05-06 06:11:00.652 10 INFO neutron.wsgi [req-520e1925-82c2-4304-b636-6de016aa892b req-9ad5b16d-aa5c-42e1-a389-ec7e9aa3024d 0fa19865da4f45719a02adb2758c0cfa d28f8b1c967f45cea3edb25dc3b70398 - - default default] 10.0.0.210 "GET /v2.0/ports?device_id=7fb57f90-a6bb-4a55-9985-2c77519de06c HTTP/1.1" status: 200 len: 1170 time: 0.0692289
2026-05-06 06:11:00.707 10 INFO neutron.wsgi [req-520e1925-82c2-4304-b636-6de016aa892b req-cb7b959c-ef9a-4ac5-8d98-4e0706145ec7 0fa19865da4f45719a02adb2758c0cfa d28f8b1c967f45cea3edb25dc3b70398 - - default default] 10.0.0.210 "GET /v2.0/security-groups?id=77c5080a-924f-45d5-94f9-797ec04c07a4&fields=id&fields=name HTTP/1.1" status: 200 len: 286 time: 0.0477111
2026-05-06 06:11:00.975 10 INFO neutron.wsgi [req-46974aa3-cda5-4226-b319-24c153b15340 req-931817e7-9d13-43f6-8a4c-0b1ddc874d24 76102664cf5940278b23e935320a5bda e83447576dfd4831bea34b23967b8673 - - default default] 10.0.0.210 "GET /v2.0/ports?device_id=257e8b58-cf26-4f2f-965e-39eb5ede4b12 HTTP/1.1" status: 200 len: 1396 time: 0.1063623 /var/lib/openstack/lib/python3.10/site-packages/pycadf/identifier.py:71: UserWarning: Invalid uuid: neutron. To ensure interoperability, identifiers should be a valid uuid. warnings.warn(('Invalid uuid: %s. To ensure interoperability, '
2026-05-06 06:11:01.018 9 INFO neutron.db.ovn_revision_numbers_db [None req-abbeebd0-d50e-4d66-a978-89d93b228ab9 - - - - - -] Successfully bumped revision number for resource bfed090c-2219-442f-9f67-951c370c277b (type: ports) to 5
2026-05-06 06:11:01.030 10 INFO neutron.wsgi [req-46974aa3-cda5-4226-b319-24c153b15340 req-d75b4916-9e20-4044-95f6-71c7aad342e1 76102664cf5940278b23e935320a5bda e83447576dfd4831bea34b23967b8673 - - default default] 10.0.0.210 "GET /v2.0/security-groups?id=0195c947-62b1-4baf-8829-7e6196497869&fields=id&fields=name HTTP/1.1" status: 200 len: 311 time: 0.0472984
2026-05-06 06:11:01.105 9 INFO neutron.wsgi [req-8c6cf44e-c73b-4799-8fd1-2e789f1c5ae6 req-e23db435-d553-4c93-bff9-383327074149 0fa19865da4f45719a02adb2758c0cfa d28f8b1c967f45cea3edb25dc3b70398 - - default default] 199.19.213.73 "GET /v2.0/ports?device_id=7fb57f90-a6bb-4a55-9985-2c77519de06c HTTP/1.1" status: 200 len: 1168 time: 0.1275656 /var/lib/openstack/lib/python3.10/site-packages/pycadf/identifier.py:71: UserWarning: Invalid uuid: neutron. To ensure interoperability, identifiers should be a valid uuid. warnings.warn(('Invalid uuid: %s. To ensure interoperability, '
2026-05-06 06:11:01.129 10 INFO neutron.wsgi [None req-93b28c72-7832-4ea5-8a71-22d417802a4a 76102664cf5940278b23e935320a5bda e83447576dfd4831bea34b23967b8673 - - default default] 10.0.0.130 "GET /v2.0/ports?network_id=775e36c6-95f8-4a61-9c43-7ed7bf643b32&mac_address=fa%3A16%3A3e%3A97%3A85%3A60 HTTP/1.1" status: 200 len: 1391 time: 0.0579457
2026-05-06 06:11:01.139 10 WARNING neutron_lib.context [None req-58eced26-7c86-476d-ab77-bc27b3d9bc62 76102664cf5940278b23e935320a5bda e83447576dfd4831bea34b23967b8673 - - default default] Method 'is_advsvc' is deprecated since 2023.2 release (neutron-lib 3.8.0) and will be removed once support for the old RBAC API policies will be removed from Neutron. Please use method 'is_service_role' instead.
2026-05-06 06:11:01.465 10 WARNING neutron.scheduler.dhcp_agent_scheduler [None req-58eced26-7c86-476d-ab77-bc27b3d9bc62 76102664cf5940278b23e935320a5bda e83447576dfd4831bea34b23967b8673 - - default default] No more DHCP agents
2026-05-06 06:11:01.468 10 WARNING neutron.api.rpc.agentnotifiers.dhcp_rpc_agent_api [None req-58eced26-7c86-476d-ab77-bc27b3d9bc62 76102664cf5940278b23e935320a5bda e83447576dfd4831bea34b23967b8673 - - default default] Unable to schedule network 5b11ae42-edf5-4a66-80a7-95b6ab14d670: no agents available; will retry on subsequent port and subnet creation events.
2026-05-06 06:11:01.763 9 INFO neutron.wsgi [req-8c6cf44e-c73b-4799-8fd1-2e789f1c5ae6 req-7365cc16-db9e-4526-92aa-b86cdadd162f 0fa19865da4f45719a02adb2758c0cfa d28f8b1c967f45cea3edb25dc3b70398 - - default default] 199.19.213.73 "DELETE /v2.0/ports/bfed090c-2219-442f-9f67-951c370c277b HTTP/1.1" status: 204 len: 173 time: 0.6518905
2026-05-06 06:11:01.818 10 INFO neutron.wsgi [req-b59f3d14-3059-496f-8134-c1dda0b4d202 req-2bf4e8ca-b3a1-44bf-b284-c9be09b60c89 0fa19865da4f45719a02adb2758c0cfa d28f8b1c967f45cea3edb25dc3b70398 - - default default] 10.0.0.210 "GET /v2.0/ports?device_id=7fb57f90-a6bb-4a55-9985-2c77519de06c HTTP/1.1" status: 200 len: 210 time: 0.0224547
2026-05-06 06:11:02.016 10 INFO neutron.db.l3_db [None req-58eced26-7c86-476d-ab77-bc27b3d9bc62 76102664cf5940278b23e935320a5bda e83447576dfd4831bea34b23967b8673 - - default default] Floating IP 9a5ede2b-62a9-4123-b8b1-0f1c36f1d058 associated. External IP: 10.96.250.214, port: bbbad068-f922-4616-8b84-b9b47b59fbfe.
2026-05-06 06:11:02.281 10 INFO neutron.db.ovn_revision_numbers_db [None req-58eced26-7c86-476d-ab77-bc27b3d9bc62 76102664cf5940278b23e935320a5bda e83447576dfd4831bea34b23967b8673 - - default default] Successfully bumped revision number for resource 9a5ede2b-62a9-4123-b8b1-0f1c36f1d058 (type: floatingips) to 0
2026-05-06 06:11:02.390 10 INFO neutron.db.ovn_revision_numbers_db [None req-58eced26-7c86-476d-ab77-bc27b3d9bc62 76102664cf5940278b23e935320a5bda e83447576dfd4831bea34b23967b8673 - - default default] Successfully bumped revision number for resource 9a5ede2b-62a9-4123-b8b1-0f1c36f1d058 (type: floatingips) to 1
2026-05-06 06:11:02.440 10 INFO neutron.wsgi [None req-58eced26-7c86-476d-ab77-bc27b3d9bc62 76102664cf5940278b23e935320a5bda e83447576dfd4831bea34b23967b8673 - - default default] 10.0.0.130 "POST /v2.0/floatingips HTTP/1.1" status: 201 len: 1054 time: 1.3054256
2026-05-06 06:11:02.466 9 INFO neutron.notifiers.nova [-] Nova event matching ['req-9798dae0-fc31-4fb5-bc43-98f1196b91da'] response: {'server_uuid': '7fb57f90-a6bb-4a55-9985-2c77519de06c', 'name': 'network-vif-unplugged', 'status': 'completed', 'tag': 'bfed090c-2219-442f-9f67-951c370c277b', 'code': 200}
2026-05-06 06:11:02.466 9 INFO neutron.notifiers.nova [-] Nova event matching ['req-9798dae0-fc31-4fb5-bc43-98f1196b91da'] response: {'server_uuid': '7fb57f90-a6bb-4a55-9985-2c77519de06c', 'name': 'network-vif-plugged', 'status': 'completed', 'tag': 'bfed090c-2219-442f-9f67-951c370c277b', 'code': 200}
2026-05-06 06:11:02.466 9 INFO neutron.notifiers.nova [-] Nova event matching ['req-9798dae0-fc31-4fb5-bc43-98f1196b91da'] response: {'server_uuid': '7fb57f90-a6bb-4a55-9985-2c77519de06c', 'name': 'network-vif-deleted', 'tag': 'bfed090c-2219-442f-9f67-951c370c277b', 'status': 'completed', 'code': 200}
2026-05-06 06:11:02.492 10 INFO neutron.notifiers.nova [-] Nova event matching ['req-647b2e33-871d-4e14-a8e6-93d159c53049'] response: {'name': 'network-changed', 'server_uuid': '257e8b58-cf26-4f2f-965e-39eb5ede4b12', 'tag': 'bbbad068-f922-4616-8b84-b9b47b59fbfe', 'status': 'completed', 'code': 200} /var/lib/openstack/lib/python3.10/site-packages/pycadf/identifier.py:71: UserWarning: Invalid uuid: neutron. To ensure interoperability, identifiers should be a valid uuid. warnings.warn(('Invalid uuid: %s. To ensure interoperability, '
2026-05-06 06:11:02.551 10 INFO neutron.wsgi [req-60df14ad-d36c-4060-951e-f870da04a3b4 req-f19354e1-1688-497b-892f-9d78b8a98bad 76102664cf5940278b23e935320a5bda e83447576dfd4831bea34b23967b8673 - - default default] 10.0.0.210 "GET /v2.0/security-groups?name=tempest-lb_member_SG-1722013788&fields=id&tenant_id=e83447576dfd4831bea34b23967b8673 HTTP/1.1" status: 200 len: 267 time: 0.0369523
2026-05-06 06:11:02.559 9 INFO neutron.wsgi [req-a8615855-daa3-43e5-96ca-58f53cd9f093 req-dc0c01e4-3014-4de5-a4c5-d7a68cf36246 a238ef8cbb32488283c894b7070d3528 20c20568c9f14e2cab3944b99efdf9c1 - - 37e4c56f4a5048cf8cf69f406f61be15 37e4c56f4a5048cf8cf69f406f61be15] 199.19.213.73 "GET /v2.0/ports?tenant_id=e83447576dfd4831bea34b23967b8673&device_id=257e8b58-cf26-4f2f-965e-39eb5ede4b12 HTTP/1.1" status: 200 len: 1634 time: 0.0394151
2026-05-06 06:11:02.621 9 INFO neutron.wsgi [req-a8615855-daa3-43e5-96ca-58f53cd9f093 req-2495685d-9cab-481b-9a46-6aa25f9f6398 a238ef8cbb32488283c894b7070d3528 20c20568c9f14e2cab3944b99efdf9c1 - - 37e4c56f4a5048cf8cf69f406f61be15 37e4c56f4a5048cf8cf69f406f61be15] 199.19.213.73 "GET /v2.0/networks?id=775e36c6-95f8-4a61-9c43-7ed7bf643b32 HTTP/1.1" status: 200 len: 1003 time: 0.0543773
2026-05-06 06:11:02.627 10 INFO neutron.wsgi [req-60df14ad-d36c-4060-951e-f870da04a3b4 req-7f9018a2-bb2f-4a8a-bb89-aa0228afdbf0 76102664cf5940278b23e935320a5bda e83447576dfd4831bea34b23967b8673 - - default default] 10.0.0.210 "GET /v2.0/networks?id=5dc1704e-2dec-4b27-a1b4-b478de90f976 HTTP/1.1" status: 200 len: 904 time: 0.0672224
2026-05-06 06:11:02.647 10 INFO neutron.wsgi [req-60df14ad-d36c-4060-951e-f870da04a3b4 req-20f46f82-ee73-42ff-a139-b7eafc67d460 76102664cf5940278b23e935320a5bda e83447576dfd4831bea34b23967b8673 - - default default] 10.0.0.210 "GET /v2.0/quotas/e83447576dfd4831bea34b23967b8673 HTTP/1.1" status: 200 len: 386 time: 0.0126438
2026-05-06 06:11:02.694 9 INFO neutron.wsgi [req-a8615855-daa3-43e5-96ca-58f53cd9f093 req-38e48b82-96c4-4c92-9cdd-2070519ff896 a238ef8cbb32488283c894b7070d3528 20c20568c9f14e2cab3944b99efdf9c1 - - 37e4c56f4a5048cf8cf69f406f61be15 37e4c56f4a5048cf8cf69f406f61be15] 199.19.213.73 "GET /v2.0/floatingips?fixed_ip_address=10.2.1.137&port_id=bbbad068-f922-4616-8b84-b9b47b59fbfe HTTP/1.1" status: 200 len: 1059 time: 0.0619831
2026-05-06 06:11:02.725 9 INFO neutron.wsgi [req-a8615855-daa3-43e5-96ca-58f53cd9f093 req-2807d4c0-61ca-4595-bb3d-2428d026e1e8 a238ef8cbb32488283c894b7070d3528 20c20568c9f14e2cab3944b99efdf9c1 - - 37e4c56f4a5048cf8cf69f406f61be15 37e4c56f4a5048cf8cf69f406f61be15] 199.19.213.73 "GET /v2.0/floatingips?fixed_ip_address=fd7b%3Af9f7%3Afff%3A4eca%3A%3Aae&port_id=bbbad068-f922-4616-8b84-b9b47b59fbfe HTTP/1.1" status: 200 len: 217 time: 0.0239825
2026-05-06 06:11:02.798 9 INFO neutron.wsgi [req-a8615855-daa3-43e5-96ca-58f53cd9f093 req-cd5509b1-1b41-4daa-ac64-f402f98bbff2 a238ef8cbb32488283c894b7070d3528 20c20568c9f14e2cab3944b99efdf9c1 - - 37e4c56f4a5048cf8cf69f406f61be15 37e4c56f4a5048cf8cf69f406f61be15] 199.19.213.73 "GET /v2.0/subnets?id=0dd74b4f-1bcc-4212-adf8-eec27d73e11a&id=557e0f1a-d5ad-4666-9f3c-fb4ad2d0344a HTTP/1.1" status: 200 len: 1563 time: 0.0582895
2026-05-06 06:11:02.820 10 INFO neutron.wsgi [req-60df14ad-d36c-4060-951e-f870da04a3b4 req-566e0f54-31ed-45b5-9c94-cafc59501237 76102664cf5940278b23e935320a5bda e83447576dfd4831bea34b23967b8673 - - default default] 10.0.0.210 "GET /v2.0/ports?tenant_id=e83447576dfd4831bea34b23967b8673&fields=id HTTP/1.1" status: 200 len: 532 time: 0.1666019
2026-05-06 06:11:02.830 9 INFO neutron.wsgi [req-a8615855-daa3-43e5-96ca-58f53cd9f093 req-befdffea-ca7c-4353-a293-9cb67c3eae93 a238ef8cbb32488283c894b7070d3528 20c20568c9f14e2cab3944b99efdf9c1 - - 37e4c56f4a5048cf8cf69f406f61be15 37e4c56f4a5048cf8cf69f406f61be15] 199.19.213.73 "GET /v2.0/ports?network_id=775e36c6-95f8-4a61-9c43-7ed7bf643b32&device_owner=network%3Adhcp HTTP/1.1" status: 200 len: 210 time: 0.0260963
2026-05-06 06:11:02.855 9 INFO neutron.wsgi [req-a8615855-daa3-43e5-96ca-58f53cd9f093 req-d6c2a9df-f9ed-44ba-ad16-294327731e42 a238ef8cbb32488283c894b7070d3528 20c20568c9f14e2cab3944b99efdf9c1 - - 37e4c56f4a5048cf8cf69f406f61be15 37e4c56f4a5048cf8cf69f406f61be15] 199.19.213.73 "GET /v2.0/ports?network_id=775e36c6-95f8-4a61-9c43-7ed7bf643b32&device_owner=network%3Adhcp HTTP/1.1" status: 200 len: 210 time: 0.0195494
2026-05-06 06:11:02.900 10 INFO neutron.wsgi [req-60df14ad-d36c-4060-951e-f870da04a3b4 req-b7c1dd9a-2cf1-4063-a6bc-2b7ec643ad3f a238ef8cbb32488283c894b7070d3528 20c20568c9f14e2cab3944b99efdf9c1 - - 37e4c56f4a5048cf8cf69f406f61be15 37e4c56f4a5048cf8cf69f406f61be15] 10.0.0.210 "GET /v2.0/networks/5dc1704e-2dec-4b27-a1b4-b478de90f976?fields=segments HTTP/1.1" status: 200 len: 212 time: 0.0662444
2026-05-06 06:11:02.921 9 INFO neutron.wsgi [req-a8615855-daa3-43e5-96ca-58f53cd9f093 req-d30c215b-0974-443b-8901-339f567b4c11 a238ef8cbb32488283c894b7070d3528 20c20568c9f14e2cab3944b99efdf9c1 - - 37e4c56f4a5048cf8cf69f406f61be15 37e4c56f4a5048cf8cf69f406f61be15] 199.19.213.73 "GET /v2.0/networks/775e36c6-95f8-4a61-9c43-7ed7bf643b32?fields=segments HTTP/1.1" status: 200 len: 212 time: 0.0581176
2026-05-06 06:11:02.981 10 INFO neutron.wsgi [req-60df14ad-d36c-4060-951e-f870da04a3b4 req-3c6c2eda-e32a-4f28-a18c-18c441bcdb17 a238ef8cbb32488283c894b7070d3528 20c20568c9f14e2cab3944b99efdf9c1 - - 37e4c56f4a5048cf8cf69f406f61be15 37e4c56f4a5048cf8cf69f406f61be15] 10.0.0.210 "GET /v2.0/networks/5dc1704e-2dec-4b27-a1b4-b478de90f976?fields=provider%3Aphysical_network&fields=provider%3Anetwork_type HTTP/1.1" status: 200 len: 277 time: 0.0717621
2026-05-06 06:11:02.988 9 INFO neutron.wsgi [req-a8615855-daa3-43e5-96ca-58f53cd9f093 req-da86bf41-899f-4e30-bf5b-08657cac38c7 a238ef8cbb32488283c894b7070d3528 20c20568c9f14e2cab3944b99efdf9c1 - - 37e4c56f4a5048cf8cf69f406f61be15 37e4c56f4a5048cf8cf69f406f61be15] 199.19.213.73 "GET /v2.0/networks/775e36c6-95f8-4a61-9c43-7ed7bf643b32?fields=provider%3Aphysical_network&fields=provider%3Anetwork_type HTTP/1.1" status: 200 len: 277 time: 0.0602794
2026-05-06 06:11:03.121 10 INFO neutron.wsgi [None req-60cbe01b-47fa-44f6-8944-bd45e5446f53 c5bc7f9170464d1d87f529c443aa4139 7efd38a80c56424dbf1c3041af0125f3 - - default default] 10.0.0.26 "GET /v2.0/extensions HTTP/1.1" status: 200 len: 16980 time: 0.0082974
2026-05-06 06:11:03.153 10 INFO neutron.wsgi [req-d0a9bb59-1e41-4e7d-bf1a-4707118ea4cc req-2e328247-e0cc-4bf0-924b-da3e82e9778f 76102664cf5940278b23e935320a5bda e83447576dfd4831bea34b23967b8673 - - default default] 10.0.0.210 "GET /v2.0/ports?device_id=57c408b3-b2cd-4afc-9370-7c8d5c64378a HTTP/1.1" status: 200 len: 210 time: 0.0266359
2026-05-06 06:11:03.272 9 INFO neutron.wsgi [None req-3f0f019a-4d6d-4842-ad26-64524370fd39 c5bc7f9170464d1d87f529c443aa4139 7efd38a80c56424dbf1c3041af0125f3 - - default default] 10.0.0.26 "GET /v2.0/quotas/7efd38a80c56424dbf1c3041af0125f3/details HTTP/1.1" status: 200 len: 756 time: 0.1341052
2026-05-06 06:11:04.052 9 INFO neutron.wsgi [req-60df14ad-d36c-4060-951e-f870da04a3b4 req-b5018f9d-51c3-408e-9a32-63a8c95f0ece 76102664cf5940278b23e935320a5bda e83447576dfd4831bea34b23967b8673 - - default default] 199.19.213.73 "GET /v2.0/networks?id=5dc1704e-2dec-4b27-a1b4-b478de90f976 HTTP/1.1" status: 200 len: 904 time: 0.1509297
2026-05-06 06:11:04.122 9 INFO neutron.wsgi [req-60df14ad-d36c-4060-951e-f870da04a3b4 req-908a9022-5c61-4687-ba0c-e3d456cea039 76102664cf5940278b23e935320a5bda e83447576dfd4831bea34b23967b8673 - - default default] 199.19.213.73 "GET /v2.0/security-groups?fields=id&fields=name&tenant_id=e83447576dfd4831bea34b23967b8673 HTTP/1.1" status: 200 len: 378 time: 0.0625265
2026-05-06 06:11:04.138 9 WARNING neutron_lib.context [req-60df14ad-d36c-4060-951e-f870da04a3b4 req-b8ba174c-dab7-40b5-83be-ebd9b4345c84 76102664cf5940278b23e935320a5bda e83447576dfd4831bea34b23967b8673 - - default default] Method 'is_advsvc' is deprecated since 2023.2 release (neutron-lib 3.8.0) and will be removed once support for the old RBAC API policies will be removed from Neutron. Please use method 'is_service_role' instead.
2026-05-06 06:11:04.532 9 WARNING neutron.scheduler.dhcp_agent_scheduler [req-60df14ad-d36c-4060-951e-f870da04a3b4 req-b8ba174c-dab7-40b5-83be-ebd9b4345c84 76102664cf5940278b23e935320a5bda e83447576dfd4831bea34b23967b8673 - - default default] No more DHCP agents
2026-05-06 06:11:04.533 9 WARNING neutron.api.rpc.agentnotifiers.dhcp_rpc_agent_api [req-60df14ad-d36c-4060-951e-f870da04a3b4 req-b8ba174c-dab7-40b5-83be-ebd9b4345c84 76102664cf5940278b23e935320a5bda e83447576dfd4831bea34b23967b8673 - - default default] Unable to schedule network 5dc1704e-2dec-4b27-a1b4-b478de90f976: no agents available; will retry on subsequent port and subnet creation events.
2026-05-06 06:11:04.759 9 INFO neutron.db.ovn_revision_numbers_db [req-60df14ad-d36c-4060-951e-f870da04a3b4 req-b8ba174c-dab7-40b5-83be-ebd9b4345c84 76102664cf5940278b23e935320a5bda e83447576dfd4831bea34b23967b8673 - - default default] Successfully bumped revision number for resource 44a7141e-31a5-46a1-9839-d31bd3f62d3c (type: ports) to 1
2026-05-06 06:11:04.782 9 INFO neutron.wsgi [req-60df14ad-d36c-4060-951e-f870da04a3b4 req-b8ba174c-dab7-40b5-83be-ebd9b4345c84 76102664cf5940278b23e935320a5bda e83447576dfd4831bea34b23967b8673 - - default default] 199.19.213.73 "POST /v2.0/ports HTTP/1.1" status: 201 len: 1388 time: 0.6505315 /var/lib/openstack/lib/python3.10/site-packages/pycadf/identifier.py:71: UserWarning: Invalid uuid: neutron. To ensure interoperability, identifiers should be a valid uuid. warnings.warn(('Invalid uuid: %s. To ensure interoperability, '
2026-05-06 06:11:05.245 9 INFO neutron.db.ovn_revision_numbers_db [req-60df14ad-d36c-4060-951e-f870da04a3b4 req-1bc49f83-4f68-408d-b453-f3c54d3f1345 a238ef8cbb32488283c894b7070d3528 20c20568c9f14e2cab3944b99efdf9c1 - - 37e4c56f4a5048cf8cf69f406f61be15 37e4c56f4a5048cf8cf69f406f61be15] Successfully bumped revision number for resource 44a7141e-31a5-46a1-9839-d31bd3f62d3c (type: ports) to 2
2026-05-06 06:11:05.508 9 INFO neutron.db.ovn_revision_numbers_db [req-60df14ad-d36c-4060-951e-f870da04a3b4 req-1bc49f83-4f68-408d-b453-f3c54d3f1345 a238ef8cbb32488283c894b7070d3528 20c20568c9f14e2cab3944b99efdf9c1 - - 37e4c56f4a5048cf8cf69f406f61be15 37e4c56f4a5048cf8cf69f406f61be15] Successfully bumped revision number for resource 44a7141e-31a5-46a1-9839-d31bd3f62d3c (type: ports) to 2
2026-05-06 06:11:05.529 9 INFO neutron.wsgi [req-60df14ad-d36c-4060-951e-f870da04a3b4 req-1bc49f83-4f68-408d-b453-f3c54d3f1345 a238ef8cbb32488283c894b7070d3528 20c20568c9f14e2cab3944b99efdf9c1 - - 37e4c56f4a5048cf8cf69f406f61be15 37e4c56f4a5048cf8cf69f406f61be15] 199.19.213.73 "PUT /v2.0/ports/44a7141e-31a5-46a1-9839-d31bd3f62d3c HTTP/1.1" status: 200 len: 1605 time: 0.7409925 /var/lib/openstack/lib/python3.10/site-packages/pycadf/identifier.py:71: UserWarning: Invalid uuid: neutron. To ensure interoperability, identifiers should be a valid uuid. warnings.warn(('Invalid uuid: %s. To ensure interoperability, '
2026-05-06 06:11:05.599 9 INFO neutron.notifiers.nova [-] Nova event matching ['req-066985df-c43b-4872-b20f-15038f0df915'] response: {'name': 'network-changed', 'server_uuid': '57c408b3-b2cd-4afc-9370-7c8d5c64378a', 'tag': '44a7141e-31a5-46a1-9839-d31bd3f62d3c', 'status': 'completed', 'code': 200}
2026-05-06 06:11:05.644 9 INFO neutron.wsgi [req-60df14ad-d36c-4060-951e-f870da04a3b4 req-dc82ad00-bec9-406c-a810-a122a2535575 a238ef8cbb32488283c894b7070d3528 20c20568c9f14e2cab3944b99efdf9c1 - - 37e4c56f4a5048cf8cf69f406f61be15 37e4c56f4a5048cf8cf69f406f61be15] 199.19.213.73 "GET /v2.0/ports?tenant_id=e83447576dfd4831bea34b23967b8673&device_id=57c408b3-b2cd-4afc-9370-7c8d5c64378a HTTP/1.1" status: 200 len: 1636 time: 0.0612373
2026-05-06 06:11:05.682 10 INFO neutron.wsgi [None req-1cb00c3d-82a3-4b9f-b748-612f212d6bc3 ca89b9242353463790d86e73147b14ab f7a7fcbf79c64ad8bdb5a244cd81c59a - - default default] 10.0.0.130 "PUT /v2.0/routers/847442ed-3be8-480f-96a7-4b82ec6454d8/remove_router_interface HTTP/1.1" status: 200 len: 503 time: 1.5348206 /var/lib/openstack/lib/python3.10/site-packages/pycadf/identifier.py:71: UserWarning: Invalid uuid: neutron. To ensure interoperability, identifiers should be a valid uuid. warnings.warn(('Invalid uuid: %s. To ensure interoperability, '
2026-05-06 06:11:05.696 9 INFO neutron.wsgi [req-60df14ad-d36c-4060-951e-f870da04a3b4 req-566ea734-3aca-4241-bd0d-648c6c737e11 a238ef8cbb32488283c894b7070d3528 20c20568c9f14e2cab3944b99efdf9c1 - - 37e4c56f4a5048cf8cf69f406f61be15 37e4c56f4a5048cf8cf69f406f61be15] 199.19.213.73 "GET /v2.0/floatingips?fixed_ip_address=10.2.2.61&port_id=44a7141e-31a5-46a1-9839-d31bd3f62d3c HTTP/1.1" status: 200 len: 217 time: 0.0434823
2026-05-06 06:11:05.739 9 INFO neutron.wsgi [req-60df14ad-d36c-4060-951e-f870da04a3b4 req-34a8c89a-9668-4106-99dd-b250002f858d a238ef8cbb32488283c894b7070d3528 20c20568c9f14e2cab3944b99efdf9c1 - - 37e4c56f4a5048cf8cf69f406f61be15 37e4c56f4a5048cf8cf69f406f61be15] 199.19.213.73 "GET /v2.0/floatingips?fixed_ip_address=fd77%3A1457%3A4cf0%3A26a8%3A%3A22a&port_id=44a7141e-31a5-46a1-9839-d31bd3f62d3c HTTP/1.1" status: 200 len: 217 time: 0.0337143
2026-05-06 06:11:05.810 9 INFO neutron.wsgi [req-60df14ad-d36c-4060-951e-f870da04a3b4 req-efe3ef86-9afc-4c33-b81b-8fee4dd387a1 a238ef8cbb32488283c894b7070d3528 20c20568c9f14e2cab3944b99efdf9c1 - - 37e4c56f4a5048cf8cf69f406f61be15 37e4c56f4a5048cf8cf69f406f61be15] 199.19.213.73 "GET /v2.0/subnets?id=9ed102e3-5409-46ee-846d-cbc78de78da9&id=24334b68-9519-494f-a867-f08910912656 HTTP/1.1" status: 200 len: 1565 time: 0.0531847
2026-05-06 06:11:05.842 9 INFO neutron.wsgi [req-60df14ad-d36c-4060-951e-f870da04a3b4 req-52c2bafc-721e-49e7-9d48-adb7c7d3bc08 a238ef8cbb32488283c894b7070d3528 20c20568c9f14e2cab3944b99efdf9c1 - - 37e4c56f4a5048cf8cf69f406f61be15 37e4c56f4a5048cf8cf69f406f61be15] 199.19.213.73 "GET /v2.0/ports?network_id=5dc1704e-2dec-4b27-a1b4-b478de90f976&device_owner=network%3Adhcp HTTP/1.1" status: 200 len: 210 time: 0.0255258
2026-05-06 06:11:05.873 9 INFO neutron.wsgi [req-60df14ad-d36c-4060-951e-f870da04a3b4 req-8f2ac854-ad4b-4b28-8be8-de9584b50154 a238ef8cbb32488283c894b7070d3528 20c20568c9f14e2cab3944b99efdf9c1 - - 37e4c56f4a5048cf8cf69f406f61be15 37e4c56f4a5048cf8cf69f406f61be15] 199.19.213.73 "GET /v2.0/ports?network_id=5dc1704e-2dec-4b27-a1b4-b478de90f976&device_owner=network%3Adhcp HTTP/1.1" status: 200 len: 210 time: 0.0240984
2026-05-06 06:11:05.947 9 INFO neutron.wsgi [req-60df14ad-d36c-4060-951e-f870da04a3b4 req-6e06d0b1-5758-407a-ad62-d94a7c225c6d a238ef8cbb32488283c894b7070d3528 20c20568c9f14e2cab3944b99efdf9c1 - - 37e4c56f4a5048cf8cf69f406f61be15 37e4c56f4a5048cf8cf69f406f61be15] 199.19.213.73 "GET /v2.0/networks/5dc1704e-2dec-4b27-a1b4-b478de90f976?fields=segments HTTP/1.1" status: 200 len: 212 time: 0.0673172
2026-05-06 06:11:06.021 10 INFO neutron.db.ovn_revision_numbers_db [None req-7f8d2a63-a42c-4908-8c47-6ac15cafd071 ca89b9242353463790d86e73147b14ab f7a7fcbf79c64ad8bdb5a244cd81c59a - - default default] Successfully bumped revision number for resource f73066e2-60e9-4fcf-b7c1-9f313463544e (type: security_groups) to 1
2026-05-06 06:11:06.028 9 INFO neutron.wsgi [req-60df14ad-d36c-4060-951e-f870da04a3b4 req-ad38a236-aa49-4977-85ad-8a2758c35e3f a238ef8cbb32488283c894b7070d3528 20c20568c9f14e2cab3944b99efdf9c1 - - 37e4c56f4a5048cf8cf69f406f61be15 37e4c56f4a5048cf8cf69f406f61be15] 199.19.213.73 "GET /v2.0/networks/5dc1704e-2dec-4b27-a1b4-b478de90f976?fields=provider%3Aphysical_network&fields=provider%3Anetwork_type HTTP/1.1" status: 200 len: 277 time: 0.0723147
2026-05-06 06:11:06.037 10 INFO neutron.db.ovn_revision_numbers_db [None req-7f8d2a63-a42c-4908-8c47-6ac15cafd071 ca89b9242353463790d86e73147b14ab f7a7fcbf79c64ad8bdb5a244cd81c59a - - default default] Successfully bumped revision number for resource 675b7ab9-119b-44a4-b162-1e1474977aee (type: security_group_rules) to 0
2026-05-06 06:11:06.068 10 INFO neutron.db.ovn_revision_numbers_db [None req-7f8d2a63-a42c-4908-8c47-6ac15cafd071 ca89b9242353463790d86e73147b14ab f7a7fcbf79c64ad8bdb5a244cd81c59a - - default default] Successfully bumped revision number for resource b3756efb-a715-400c-9984-092caa4546c7 (type: security_group_rules) to 0
2026-05-06 06:11:06.120 9 INFO neutron.wsgi [req-f5bcbb00-d1c7-453c-a504-6b1dc6239a92 req-58803c76-c645-4c2c-a4b9-f436d14395d4 a238ef8cbb32488283c894b7070d3528 20c20568c9f14e2cab3944b99efdf9c1 - - 37e4c56f4a5048cf8cf69f406f61be15 37e4c56f4a5048cf8cf69f406f61be15] 199.19.213.73 "GET /v2.0/ports?tenant_id=e83447576dfd4831bea34b23967b8673&device_id=57c408b3-b2cd-4afc-9370-7c8d5c64378a HTTP/1.1" status: 200 len: 1636 time: 0.0400510
2026-05-06 06:11:06.125 10 INFO neutron.db.ovn_revision_numbers_db [None req-7f8d2a63-a42c-4908-8c47-6ac15cafd071 ca89b9242353463790d86e73147b14ab f7a7fcbf79c64ad8bdb5a244cd81c59a - - default default] Successfully bumped revision number for resource c89f0852-3135-43ad-be0c-86e7a8083581 (type: security_group_rules) to 0
2026-05-06 06:11:06.149 10 INFO neutron.db.ovn_revision_numbers_db [None req-7f8d2a63-a42c-4908-8c47-6ac15cafd071 ca89b9242353463790d86e73147b14ab f7a7fcbf79c64ad8bdb5a244cd81c59a - - default default] Successfully bumped revision number for resource e323ff6f-7155-483c-9625-26533f6920af (type: security_group_rules) to 0
2026-05-06 06:11:06.190 10 INFO neutron.wsgi [None req-7f8d2a63-a42c-4908-8c47-6ac15cafd071 ca89b9242353463790d86e73147b14ab f7a7fcbf79c64ad8bdb5a244cd81c59a - - default default] 10.0.0.130 "GET /v2.0/security-groups?tenant_id=7efd38a80c56424dbf1c3041af0125f3&name=default HTTP/1.1" status: 200 len: 2996 time: 0.4372859
2026-05-06 06:11:06.218 9 INFO neutron.wsgi [req-f5bcbb00-d1c7-453c-a504-6b1dc6239a92 req-22c3f2ae-bc71-4ee0-9ba6-cb682bc1a461 a238ef8cbb32488283c894b7070d3528 20c20568c9f14e2cab3944b99efdf9c1 - - 37e4c56f4a5048cf8cf69f406f61be15 37e4c56f4a5048cf8cf69f406f61be15] 199.19.213.73 "GET /v2.0/networks?id=5dc1704e-2dec-4b27-a1b4-b478de90f976 HTTP/1.1" status: 200 len: 1003 time: 0.0908046
2026-05-06 06:11:06.292 9 INFO neutron.plugins.ml2.drivers.ovn.mech_driver.mech_driver [None req-abbeebd0-d50e-4d66-a978-89d93b228ab9 - - - - - -] OVN reports status up for port: 44a7141e-31a5-46a1-9839-d31bd3f62d3c
