2026-05-07 03:41:12.329 8 WARNING neutron.scheduler.dhcp_agent_scheduler [None req-9bd174f7-4d30-49d7-9c7f-8b6e7a8fb405 32ccad805070479b900c18e11ec71f64 4140c57a98384f2199ca4fa33a12d946 - - default default] No more DHCP agents
2026-05-07 03:41:12.331 8 WARNING neutron.api.rpc.agentnotifiers.dhcp_rpc_agent_api [None req-9bd174f7-4d30-49d7-9c7f-8b6e7a8fb405 32ccad805070479b900c18e11ec71f64 4140c57a98384f2199ca4fa33a12d946 - - default default] Unable to schedule network 11f7e250-c708-47be-b5d7-f49feea27f4e: no agents available; will retry on subsequent port and subnet creation events.
2026-05-07 03:41:12.392 8 INFO neutron.plugins.ml2.drivers.ovn.mech_driver.mech_driver [None req-a5c2abac-c588-488b-b861-fe404e0c0ee6 - - - - - -] OVN reports status down for port: aa21be25-881c-405f-925b-72ff89f6311f
2026-05-07 03:41:12.459 8 INFO neutron.db.ovn_revision_numbers_db [None req-9bd174f7-4d30-49d7-9c7f-8b6e7a8fb405 32ccad805070479b900c18e11ec71f64 4140c57a98384f2199ca4fa33a12d946 - - default default] Successfully bumped revision number for resource aa21be25-881c-405f-925b-72ff89f6311f (type: ports) to 1 [pid: 8|app: 0|req: 1173/2484] 10.0.0.136 () {34 vars in 670 bytes} [Thu May 7 03:41:11 2026] POST /v2.0/networks => generated 768 bytes in 622 msecs (HTTP/1.1 201) 4 headers in 162 bytes (1 switches on core 0) [pid: 7|app: 0|req: 1312/2485] 10.0.0.136 () {32 vars in 724 bytes} [Thu May 7 03:41:12 2026] DELETE /v2.0/routers/be34fd53-463b-49ed-8647-4d673f864981 => generated 0 bytes in 221 msecs (HTTP/1.1 204) 2 headers in 112 bytes (1 switches on core 0)
2026-05-07 03:41:12.711 8 WARNING neutron.scheduler.dhcp_agent_scheduler [None req-d6fde9c2-074e-497a-97aa-b9cf27880d7b 32ccad805070479b900c18e11ec71f64 4140c57a98384f2199ca4fa33a12d946 - - default default] No more DHCP agents
2026-05-07 03:41:12.712 8 WARNING neutron.api.rpc.agentnotifiers.dhcp_rpc_agent_api [None req-d6fde9c2-074e-497a-97aa-b9cf27880d7b 32ccad805070479b900c18e11ec71f64 4140c57a98384f2199ca4fa33a12d946 - - default default] Unable to schedule network 11f7e250-c708-47be-b5d7-f49feea27f4e: no agents available; will retry on subsequent port and subnet creation events. [pid: 7|app: 0|req: 1313/2486] 10.0.0.136 () {32 vars in 724 bytes} [Thu May 7 03:41:12 2026] DELETE /v2.0/subnets/6c043b8e-7a07-4e4e-9451-130999424816 => generated 0 bytes in 274 msecs (HTTP/1.1 204) 3 headers in 131 bytes (1 switches on core 0)
2026-05-07 03:41:12.942 7 INFO neutron_taas.services.taas.taas_plugin [None req-ba969a7a-6412-456b-bff2-5f17d6f4b4af c0267a046686457eb9ee02133af1c96a f3f8348112fd4ec2a74dae4e7271ab52 - - default default] TaaS: Handle Delete Port: 7d18deae-aa38-4159-91a6-9474f611b4f8
2026-05-07 03:41:12.944 7 INFO neutron_taas.services.taas.tap_mirror_plugin [None req-ba969a7a-6412-456b-bff2-5f17d6f4b4af c0267a046686457eb9ee02133af1c96a f3f8348112fd4ec2a74dae4e7271ab52 - - default default] Tap Mirror: Handle Delete Port: 7d18deae-aa38-4159-91a6-9474f611b4f8
2026-05-07 03:41:13.134 7 INFO neutron.services.segments.plugin [-] Segment c5a70dfe-8eaf-438b-89d3-aa010fa98dd1 resource provider aggregate not found
2026-05-07 03:41:13.142 7 INFO neutron.services.segments.plugin [-] Segment c5a70dfe-8eaf-438b-89d3-aa010fa98dd1 resource provider aggregate not found
2026-05-07 03:41:13.159 7 INFO neutron.services.segments.plugin [-] Segment c5a70dfe-8eaf-438b-89d3-aa010fa98dd1 resource provider not found; error: Placement Client Error (4xx): {"errors": [{"status": 404, "title": "Not Found", "detail": "The resource could not be found.\n\n No resource provider with uuid c5a70dfe-8eaf-438b-89d3-aa010fa98dd1 found for delete ", "request_id": "req-6705f138-c341-45de-a497-1dab49e485a5"}]}
2026-05-07 03:41:13.167 7 INFO neutron.services.segments.plugin [-] Segment c5a70dfe-8eaf-438b-89d3-aa010fa98dd1 resource provider not found; error: Placement Client Error (4xx): {"errors": [{"status": 404, "title": "Not Found", "detail": "The resource could not be found.\n\n No resource provider with uuid c5a70dfe-8eaf-438b-89d3-aa010fa98dd1 found for delete ", "request_id": "req-dbb08072-c8ef-4bfb-9848-0a94334f5db9"}]} [pid: 7|app: 0|req: 1314/2487] 10.0.0.136 () {32 vars in 726 bytes} [Thu May 7 03:41:12 2026] DELETE /v2.0/networks/9f3df19c-720f-454b-ac1f-00184fa5fe36 => generated 0 bytes in 394 msecs (HTTP/1.1 204) 3 headers in 131 bytes (1 switches on core 0)
2026-05-07 03:41:13.222 8 INFO neutron.db.ovn_revision_numbers_db [None req-d6fde9c2-074e-497a-97aa-b9cf27880d7b 32ccad805070479b900c18e11ec71f64 4140c57a98384f2199ca4fa33a12d946 - - default default] Successfully bumped revision number for resource aa21be25-881c-405f-925b-72ff89f6311f (type: ports) to 2
2026-05-07 03:41:13.288 8 INFO neutron.db.ovn_revision_numbers_db [None req-d6fde9c2-074e-497a-97aa-b9cf27880d7b 32ccad805070479b900c18e11ec71f64 4140c57a98384f2199ca4fa33a12d946 - - default default] Successfully bumped revision number for resource 25c65b22-68ee-475a-a0b2-fe8fa6ab1799 (type: subnets) to 0 [pid: 8|app: 0|req: 1174/2488] 10.0.0.136 () {34 vars in 669 bytes} [Thu May 7 03:41:12 2026] POST /v2.0/subnets => generated 647 bytes in 804 msecs (HTTP/1.1 201) 4 headers in 162 bytes (1 switches on core 0)
2026-05-07 03:41:13.321 8 WARNING neutron.api.v2.base [None req-fa03742b-1f78-4b70-8354-5f1880ff61e6 32ccad805070479b900c18e11ec71f64 4140c57a98384f2199ca4fa33a12d946 - - default default] An exception happened while processing the request body. The exception message is [Invalid input for target_tenant. Reason: '1234123412341234123412341234123412341234123412341234123412341234123412341234123412341234123412341234123412341234123412341234123412341234123412341234123412341234123412341234123412341234123412341234123412341234123412341234123412341234123412341234123412341234123412341234123412341234123412341234123412341234123412341234123412341234123412341234123412341234123412341234123412341234123412341234123412341234' exceeds maximum length of 255.].: webob.exc.HTTPBadRequest: Invalid input for target_tenant. Reason: '1234123412341234123412341234123412341234123412341234123412341234123412341234123412341234123412341234123412341234123412341234123412341234123412341234123412341234123412341234123412341234123412341234123412341234123412341234123412341234123412341234123412341234123412341234123412341234123412341234123412341234123412341234123412341234123412341234123412341234123412341234123412341234123412341234123412341234' exceeds maximum length of 255.
2026-05-07 03:41:13.321 8 INFO neutron.api.v2.resource [None req-fa03742b-1f78-4b70-8354-5f1880ff61e6 32ccad805070479b900c18e11ec71f64 4140c57a98384f2199ca4fa33a12d946 - - default default] create failed (client error): Invalid input for target_tenant. Reason: '1234123412341234123412341234123412341234123412341234123412341234123412341234123412341234123412341234123412341234123412341234123412341234123412341234123412341234123412341234123412341234123412341234123412341234123412341234123412341234123412341234123412341234123412341234123412341234123412341234123412341234123412341234123412341234123412341234123412341234123412341234123412341234123412341234123412341234' exceeds maximum length of 255. [pid: 8|app: 0|req: 1175/2489] 10.0.0.136 () {34 vars in 681 bytes} [Thu May 7 03:41:13 2026] POST /v2.0/rbac-policies => generated 547 bytes in 7 msecs (HTTP/1.1 400) 4 headers in 166 bytes (1 switches on core 0)
2026-05-07 03:41:13.472 8 INFO neutron_taas.services.taas.taas_plugin [None req-0522faa5-37a7-46b4-a584-fb5e6bf25f39 32ccad805070479b900c18e11ec71f64 4140c57a98384f2199ca4fa33a12d946 - - default default] TaaS: Handle Delete Port: aa21be25-881c-405f-925b-72ff89f6311f
2026-05-07 03:41:13.475 8 INFO neutron_taas.services.taas.tap_mirror_plugin [None req-0522faa5-37a7-46b4-a584-fb5e6bf25f39 32ccad805070479b900c18e11ec71f64 4140c57a98384f2199ca4fa33a12d946 - - default default] Tap Mirror: Handle Delete Port: aa21be25-881c-405f-925b-72ff89f6311f
2026-05-07 03:41:13.713 7 WARNING neutron.scheduler.dhcp_agent_scheduler [None req-6fba5e10-3608-4e77-a212-f39f599d76c6 c0267a046686457eb9ee02133af1c96a f3f8348112fd4ec2a74dae4e7271ab52 - - default default] No more DHCP agents
2026-05-07 03:41:13.714 7 WARNING neutron.api.rpc.agentnotifiers.dhcp_rpc_agent_api [None req-6fba5e10-3608-4e77-a212-f39f599d76c6 c0267a046686457eb9ee02133af1c96a f3f8348112fd4ec2a74dae4e7271ab52 - - default default] Unable to schedule network ffe0fa47-a9a3-4158-b61f-b9573e821a5f: no agents available; will retry on subsequent port and subnet creation events.
2026-05-07 03:41:13.884 8 INFO neutron.services.segments.plugin [-] Segment 3a522b3a-164c-4da2-afca-6ab5c41f3b27 resource provider aggregate not found
2026-05-07 03:41:13.892 8 INFO neutron.services.segments.plugin [-] Segment 3a522b3a-164c-4da2-afca-6ab5c41f3b27 resource provider aggregate not found
2026-05-07 03:41:13.896 7 INFO neutron.db.ovn_revision_numbers_db [None req-6fba5e10-3608-4e77-a212-f39f599d76c6 c0267a046686457eb9ee02133af1c96a f3f8348112fd4ec2a74dae4e7271ab52 - - default default] Successfully bumped revision number for resource f39a5c8c-c935-49b9-be86-693ea41bb334 (type: ports) to 1
2026-05-07 03:41:13.909 8 INFO neutron.services.segments.plugin [-] Segment 3a522b3a-164c-4da2-afca-6ab5c41f3b27 resource provider not found; error: Placement Client Error (4xx): {"errors": [{"status": 404, "title": "Not Found", "detail": "The resource could not be found.\n\n No resource provider with uuid 3a522b3a-164c-4da2-afca-6ab5c41f3b27 found for delete ", "request_id": "req-9fc5ece0-ff38-44a0-9791-54a4dac47cb6"}]}
2026-05-07 03:41:13.911 8 INFO neutron.plugins.ml2.drivers.ovn.mech_driver.mech_driver [None req-a5c2abac-c588-488b-b861-fe404e0c0ee6 - - - - - -] OVN reports status down for port: f39a5c8c-c935-49b9-be86-693ea41bb334
2026-05-07 03:41:13.917 8 INFO neutron.services.segments.plugin [-] Segment 3a522b3a-164c-4da2-afca-6ab5c41f3b27 resource provider not found; error: Placement Client Error (4xx): {"errors": [{"status": 404, "title": "Not Found", "detail": "The resource could not be found.\n\n No resource provider with uuid 3a522b3a-164c-4da2-afca-6ab5c41f3b27 found for delete ", "request_id": "req-d4841299-4f58-44c9-8972-13d5a288fb98"}]} [pid: 8|app: 0|req: 1176/2490] 10.0.0.136 () {32 vars in 726 bytes} [Thu May 7 03:41:13 2026] DELETE /v2.0/networks/11f7e250-c708-47be-b5d7-f49feea27f4e => generated 0 bytes in 649 msecs (HTTP/1.1 204) 3 headers in 131 bytes (1 switches on core 0)
2026-05-07 03:41:14.098 8 INFO neutron.db.segments_db [None req-285c8a91-ef08-4f37-ae0f-b659229a3b5e 32ccad805070479b900c18e11ec71f64 4140c57a98384f2199ca4fa33a12d946 - - default default] Added segment 87852191-cf92-450b-b849-006073b17988 of type geneve for network 7956f295-8cae-4fdb-8c0a-8a1684e32ca1
2026-05-07 03:41:14.217 8 INFO neutron.db.ovn_revision_numbers_db [None req-285c8a91-ef08-4f37-ae0f-b659229a3b5e 32ccad805070479b900c18e11ec71f64 4140c57a98384f2199ca4fa33a12d946 - - default default] Successfully bumped revision number for resource 7956f295-8cae-4fdb-8c0a-8a1684e32ca1 (type: networks) to 1
2026-05-07 03:41:14.405 8 WARNING neutron.scheduler.dhcp_agent_scheduler [None req-285c8a91-ef08-4f37-ae0f-b659229a3b5e 32ccad805070479b900c18e11ec71f64 4140c57a98384f2199ca4fa33a12d946 - - default default] No more DHCP agents
2026-05-07 03:41:14.406 8 WARNING neutron.api.rpc.agentnotifiers.dhcp_rpc_agent_api [None req-285c8a91-ef08-4f37-ae0f-b659229a3b5e 32ccad805070479b900c18e11ec71f64 4140c57a98384f2199ca4fa33a12d946 - - default default] Unable to schedule network 7956f295-8cae-4fdb-8c0a-8a1684e32ca1: no agents available; will retry on subsequent port and subnet creation events.
2026-05-07 03:41:14.477 8 INFO neutron.db.ovn_revision_numbers_db [None req-285c8a91-ef08-4f37-ae0f-b659229a3b5e 32ccad805070479b900c18e11ec71f64 4140c57a98384f2199ca4fa33a12d946 - - default default] Successfully bumped revision number for resource c93b69f7-b8c1-4512-afbe-97d6db218cbd (type: ports) to 1 [pid: 8|app: 0|req: 1177/2491] 10.0.0.136 () {34 vars in 670 bytes} [Thu May 7 03:41:13 2026] POST /v2.0/networks => generated 768 bytes in 518 msecs (HTTP/1.1 201) 4 headers in 162 bytes (1 switches on core 0)
2026-05-07 03:41:14.606 7 INFO neutron.db.ovn_revision_numbers_db [None req-6fba5e10-3608-4e77-a212-f39f599d76c6 c0267a046686457eb9ee02133af1c96a f3f8348112fd4ec2a74dae4e7271ab52 - - default default] Successfully bumped revision number for resource f39a5c8c-c935-49b9-be86-693ea41bb334 (type: router_ports) to 1
2026-05-07 03:41:14.650 8 INFO neutron.plugins.ml2.drivers.ovn.mech_driver.mech_driver [None req-a5c2abac-c588-488b-b861-fe404e0c0ee6 - - - - - -] OVN reports status up for port: f39a5c8c-c935-49b9-be86-693ea41bb334
2026-05-07 03:41:14.679 7 INFO neutron.db.ovn_revision_numbers_db [None req-6fba5e10-3608-4e77-a212-f39f599d76c6 c0267a046686457eb9ee02133af1c96a f3f8348112fd4ec2a74dae4e7271ab52 - - default default] Successfully bumped revision number for resource fa3f0a22-5e86-4356-9071-99e14160c271 (type: routers) to 2
2026-05-07 03:41:14.680 8 INFO neutron.plugins.ml2.plugin [None req-a5c2abac-c588-488b-b861-fe404e0c0ee6 - - - - - -] Attempt 1 to provision port f39a5c8c-c935-49b9-be86-693ea41bb334 [pid: 7|app: 0|req: 1315/2492] 10.0.0.136 () {34 vars in 669 bytes} [Thu May 7 03:41:13 2026] POST /v2.0/routers => generated 973 bytes in 1490 msecs (HTTP/1.1 201) 4 headers in 162 bytes (1 switches on core 0)
2026-05-07 03:41:14.733 8 WARNING neutron.scheduler.dhcp_agent_scheduler [None req-c9ff2b9b-00a9-4af6-a901-77a87869303b 32ccad805070479b900c18e11ec71f64 4140c57a98384f2199ca4fa33a12d946 - - default default] No more DHCP agents
2026-05-07 03:41:14.737 8 WARNING neutron.api.rpc.agentnotifiers.dhcp_rpc_agent_api [None req-c9ff2b9b-00a9-4af6-a901-77a87869303b 32ccad805070479b900c18e11ec71f64 4140c57a98384f2199ca4fa33a12d946 - - default default] Unable to schedule network 7956f295-8cae-4fdb-8c0a-8a1684e32ca1: no agents available; will retry on subsequent port and subnet creation events. [pid: 7|app: 0|req: 1316/2493] 10.0.0.136 () {32 vars in 721 bytes} [Thu May 7 03:41:14 2026] GET /v2.0/routers/fa3f0a22-5e86-4356-9071-99e14160c271 => generated 979 bytes in 83 msecs (HTTP/1.1 200) 4 headers in 157 bytes (1 switches on core 0) [pid: 7|app: 0|req: 1317/2494] 10.0.0.136 () {32 vars in 647 bytes} [Thu May 7 03:41:14 2026] GET /v2.0/routers => generated 982 bytes in 94 msecs (HTTP/1.1 200) 4 headers in 157 bytes (1 switches on core 0)
2026-05-07 03:41:15.278 8 INFO neutron.db.ovn_revision_numbers_db [None req-c9ff2b9b-00a9-4af6-a901-77a87869303b 32ccad805070479b900c18e11ec71f64 4140c57a98384f2199ca4fa33a12d946 - - default default] Successfully bumped revision number for resource c93b69f7-b8c1-4512-afbe-97d6db218cbd (type: ports) to 2
2026-05-07 03:41:15.322 8 INFO neutron.db.ovn_revision_numbers_db [None req-c9ff2b9b-00a9-4af6-a901-77a87869303b 32ccad805070479b900c18e11ec71f64 4140c57a98384f2199ca4fa33a12d946 - - default default] Successfully bumped revision number for resource 41da5cf4-e0db-44e9-bfb2-2eb928816ab8 (type: subnets) to 0 [pid: 8|app: 0|req: 1178/2495] 10.0.0.136 () {34 vars in 669 bytes} [Thu May 7 03:41:14 2026] POST /v2.0/subnets => generated 647 bytes in 856 msecs (HTTP/1.1 201) 4 headers in 162 bytes (1 switches on core 0)
2026-05-07 03:41:15.424 7 INFO neutron.db.ovn_revision_numbers_db [None req-dc6eafb3-18fc-4e2e-a23d-48fedde6315d c0267a046686457eb9ee02133af1c96a f3f8348112fd4ec2a74dae4e7271ab52 - - default default] Successfully bumped revision number for resource fa3f0a22-5e86-4356-9071-99e14160c271 (type: routers) to 3 [pid: 7|app: 0|req: 1318/2496] 10.0.0.136 () {34 vars in 741 bytes} [Thu May 7 03:41:14 2026] PUT /v2.0/routers/fa3f0a22-5e86-4356-9071-99e14160c271 => generated 986 bytes in 538 msecs (HTTP/1.1 200) 4 headers in 157 bytes (1 switches on core 0) [pid: 7|app: 0|req: 1319/2497] 10.0.0.136 () {32 vars in 721 bytes} [Thu May 7 03:41:15 2026] GET /v2.0/routers/fa3f0a22-5e86-4356-9071-99e14160c271 => generated 986 bytes in 98 msecs (HTTP/1.1 200) 4 headers in 157 bytes (1 switches on core 0) [pid: 7|app: 0|req: 1320/2498] 10.0.0.136 () {32 vars in 736 bytes} [Thu May 7 03:41:15 2026] GET /v2.0/ports?device_id=fa3f0a22-5e86-4356-9071-99e14160c271 => generated 12 bytes in 24 msecs (HTTP/1.1 200) 4 headers in 156 bytes (1 switches on core 0) [pid: 8|app: 0|req: 1179/2499] 10.0.0.136 () {34 vars in 681 bytes} [Thu May 7 03:41:15 2026] POST /v2.0/rbac-policies => generated 324 bytes in 206 msecs (HTTP/1.1 201) 4 headers in 162 bytes (1 switches on core 0)
2026-05-07 03:41:15.905 7 INFO neutron_taas.services.taas.taas_plugin [None req-f5b1674c-0c41-4715-9697-79fa5f870d94 c0267a046686457eb9ee02133af1c96a f3f8348112fd4ec2a74dae4e7271ab52 - - default default] TaaS: Handle Delete Port: f39a5c8c-c935-49b9-be86-693ea41bb334
2026-05-07 03:41:15.908 7 INFO neutron_taas.services.taas.tap_mirror_plugin [None req-f5b1674c-0c41-4715-9697-79fa5f870d94 c0267a046686457eb9ee02133af1c96a f3f8348112fd4ec2a74dae4e7271ab52 - - default default] Tap Mirror: Handle Delete Port: f39a5c8c-c935-49b9-be86-693ea41bb334 [pid: 8|app: 0|req: 1180/2500] 10.0.0.136 () {32 vars in 723 bytes} [Thu May 7 03:41:15 2026] GET /v2.0/networks/7956f295-8cae-4fdb-8c0a-8a1684e32ca1 => generated 693 bytes in 293 msecs (HTTP/1.1 200) 4 headers in 157 bytes (1 switches on core 0)
2026-05-07 03:41:16.629 7 WARNING neutron.plugins.ml2.drivers.ovn.mech_driver.ovsdb.ovn_client [None req-04552844-298d-4f1e-9e3e-d38bc6ee61fd - - - - - -] No port found with ID 886de283-2805-49c7-8ebe-645f826edb31: RuntimeError: No port found with ID 886de283-2805-49c7-8ebe-645f826edb31
2026-05-07 03:41:16.633 8 INFO neutron.pecan_wsgi.hooks.translation [None req-a0bc2cb2-e07c-4ffe-9f03-777d03c6cc09 825a4fbd95ed4f74a512b91a90e00db4 5bc7695b8f2c4c71bdcf59a0edfef834 - - default default] GET failed (client error): The resource could not be found. [pid: 8|app: 0|req: 1181/2501] 10.0.0.136 () {32 vars in 723 bytes} [Thu May 7 03:41:16 2026] GET /v2.0/networks/7956f295-8cae-4fdb-8c0a-8a1684e32ca1 => generated 138 bytes in 46 msecs (HTTP/1.1 404) 4 headers in 164 bytes (1 switches on core 0)
2026-05-07 03:41:16.659 7 INFO neutron.plugins.ml2.drivers.ovn.mech_driver.mech_driver [None req-04552844-298d-4f1e-9e3e-d38bc6ee61fd - - - - - -] OVN reports status down for port: c93b69f7-b8c1-4512-afbe-97d6db218cbd [pid: 7|app: 0|req: 1321/2502] 10.0.0.136 () {32 vars in 724 bytes} [Thu May 7 03:41:15 2026] DELETE /v2.0/routers/fa3f0a22-5e86-4356-9071-99e14160c271 => generated 0 bytes in 1197 msecs (HTTP/1.1 204) 2 headers in 112 bytes (1 switches on core 0)
2026-05-07 03:41:16.824 8 INFO neutron_taas.services.taas.taas_plugin [None req-e2bb7daa-43b6-4915-b253-44346427f9d0 32ccad805070479b900c18e11ec71f64 4140c57a98384f2199ca4fa33a12d946 - - default default] TaaS: Handle Delete Port: c93b69f7-b8c1-4512-afbe-97d6db218cbd
2026-05-07 03:41:16.827 8 INFO neutron_taas.services.taas.tap_mirror_plugin [None req-e2bb7daa-43b6-4915-b253-44346427f9d0 32ccad805070479b900c18e11ec71f64 4140c57a98384f2199ca4fa33a12d946 - - default default] Tap Mirror: Handle Delete Port: c93b69f7-b8c1-4512-afbe-97d6db218cbd
2026-05-07 03:41:17.018 7 INFO neutron.db.ovn_revision_numbers_db [None req-27486b3c-2446-4dae-834d-d876e40f739b f8a21bca0d91424ca59a5512dcc9372f 71dad60903794efe9f11a444c19f5cfb - - default default] Successfully bumped revision number for resource 5731e1b2-8f39-4540-ab72-3c3ec5c96092 (type: security_groups) to 1
2026-05-07 03:41:17.030 7 INFO neutron.db.ovn_revision_numbers_db [None req-27486b3c-2446-4dae-834d-d876e40f739b f8a21bca0d91424ca59a5512dcc9372f 71dad60903794efe9f11a444c19f5cfb - - default default] Successfully bumped revision number for resource 067d361d-343e-4f9a-b85b-36a31ad65157 (type: security_group_rules) to 0
2026-05-07 03:41:17.044 7 INFO neutron.db.ovn_revision_numbers_db [None req-27486b3c-2446-4dae-834d-d876e40f739b f8a21bca0d91424ca59a5512dcc9372f 71dad60903794efe9f11a444c19f5cfb - - default default] Successfully bumped revision number for resource 261c8c71-ebf5-45c5-ab21-cf403577e9f8 (type: security_group_rules) to 0
2026-05-07 03:41:17.058 7 INFO neutron.db.ovn_revision_numbers_db [None req-27486b3c-2446-4dae-834d-d876e40f739b f8a21bca0d91424ca59a5512dcc9372f 71dad60903794efe9f11a444c19f5cfb - - default default] Successfully bumped revision number for resource 4e40897a-6953-48f0-8808-b7160212a36d (type: security_group_rules) to 0
2026-05-07 03:41:17.070 7 INFO neutron.db.ovn_revision_numbers_db [None req-27486b3c-2446-4dae-834d-d876e40f739b f8a21bca0d91424ca59a5512dcc9372f 71dad60903794efe9f11a444c19f5cfb - - default default] Successfully bumped revision number for resource c445e98f-ff65-4018-b658-5190fc599ead (type: security_group_rules) to 0
2026-05-07 03:41:17.146 8 INFO neutron.services.segments.plugin [-] Segment 87852191-cf92-450b-b849-006073b17988 resource provider aggregate not found
2026-05-07 03:41:17.154 8 INFO neutron.services.segments.plugin [-] Segment 87852191-cf92-450b-b849-006073b17988 resource provider aggregate not found
2026-05-07 03:41:17.174 8 INFO neutron.services.segments.plugin [-] Segment 87852191-cf92-450b-b849-006073b17988 resource provider not found; error: Placement Client Error (4xx): {"errors": [{"status": 404, "title": "Not Found", "detail": "The resource could not be found.\n\n No resource provider with uuid 87852191-cf92-450b-b849-006073b17988 found for delete ", "request_id": "req-fde61f8e-c4a6-4c5d-a2a2-216cee1519c1"}]}
2026-05-07 03:41:17.177 8 INFO neutron.services.segments.plugin [-] Segment 87852191-cf92-450b-b849-006073b17988 resource provider not found; error: Placement Client Error (4xx): {"errors": [{"status": 404, "title": "Not Found", "detail": "The resource could not be found.\n\n No resource provider with uuid 87852191-cf92-450b-b849-006073b17988 found for delete ", "request_id": "req-302f3491-3834-4a45-97a3-3a16958d7e47"}]}
2026-05-07 03:41:17.182 7 INFO neutron.db.segments_db [None req-27486b3c-2446-4dae-834d-d876e40f739b f8a21bca0d91424ca59a5512dcc9372f 71dad60903794efe9f11a444c19f5cfb - - default default] Added segment 795a69de-c5b5-4699-87c5-d1b8528284ad of type geneve for network bd46c87d-c384-4d11-a7ee-93941b9397a9 [pid: 8|app: 0|req: 1182/2503] 10.0.0.136 () {32 vars in 726 bytes} [Thu May 7 03:41:16 2026] DELETE /v2.0/networks/7956f295-8cae-4fdb-8c0a-8a1684e32ca1 => generated 0 bytes in 573 msecs (HTTP/1.1 204) 3 headers in 131 bytes (1 switches on core 0) [pid: 8|app: 0|req: 1183/2504] 10.0.0.136 () {32 vars in 736 bytes} [Thu May 7 03:41:17 2026] GET /v2.0/ports?device_id=fa3f0a22-5e86-4356-9071-99e14160c271 => generated 12 bytes in 20 msecs (HTTP/1.1 200) 4 headers in 156 bytes (1 switches on core 0)
2026-05-07 03:41:17.247 8 INFO neutron.pecan_wsgi.hooks.translation [None req-c6b2dae3-c13d-4b18-8d92-e5623e214c26 32ccad805070479b900c18e11ec71f64 4140c57a98384f2199ca4fa33a12d946 - - default default] DELETE failed (client error): The resource could not be found. [pid: 8|app: 0|req: 1184/2505] 10.0.0.136 () {32 vars in 724 bytes} [Thu May 7 03:41:17 2026] DELETE /v2.0/subnets/a5a60382-8ef2-4895-b2d9-39a5dcb0aa28 => generated 136 bytes in 19 msecs (HTTP/1.1 404) 4 headers in 164 bytes (1 switches on core 0)
2026-05-07 03:41:17.276 8 INFO neutron.api.v2.resource [None req-57e2fce6-4f53-4760-8f85-03f16c90a35c c0267a046686457eb9ee02133af1c96a f3f8348112fd4ec2a74dae4e7271ab52 - - default default] delete failed (client error): The resource could not be found. [pid: 8|app: 0|req: 1185/2506] 10.0.0.136 () {32 vars in 724 bytes} [Thu May 7 03:41:17 2026] DELETE /v2.0/routers/fa3f0a22-5e86-4356-9071-99e14160c271 => generated 135 bytes in 26 msecs (HTTP/1.1 404) 4 headers in 164 bytes (1 switches on core 0)
2026-05-07 03:41:17.297 8 INFO neutron.pecan_wsgi.hooks.translation [None req-f6dd89ee-e306-48b5-966d-7179593e2622 32ccad805070479b900c18e11ec71f64 4140c57a98384f2199ca4fa33a12d946 - - default default] DELETE failed (client error): The resource could not be found. [pid: 8|app: 0|req: 1186/2507] 10.0.0.136 () {32 vars in 724 bytes} [Thu May 7 03:41:17 2026] DELETE /v2.0/subnets/25c65b22-68ee-475a-a0b2-fe8fa6ab1799 => generated 136 bytes in 22 msecs (HTTP/1.1 404) 4 headers in 164 bytes (1 switches on core 0)
2026-05-07 03:41:17.318 7 INFO neutron.db.ovn_revision_numbers_db [None req-27486b3c-2446-4dae-834d-d876e40f739b f8a21bca0d91424ca59a5512dcc9372f 71dad60903794efe9f11a444c19f5cfb - - default default] Successfully bumped revision number for resource bd46c87d-c384-4d11-a7ee-93941b9397a9 (type: networks) to 1 [pid: 8|app: 0|req: 1187/2508] 10.0.0.136 () {32 vars in 736 bytes} [Thu May 7 03:41:17 2026] GET /v2.0/ports?device_id=be34fd53-463b-49ed-8647-4d673f864981 => generated 12 bytes in 22 msecs (HTTP/1.1 200) 4 headers in 156 bytes (1 switches on core 0)
2026-05-07 03:41:17.333 8 INFO neutron.pecan_wsgi.hooks.translation [None req-53005beb-d87e-43b2-a464-e8c3971630f8 32ccad805070479b900c18e11ec71f64 4140c57a98384f2199ca4fa33a12d946 - - default default] DELETE failed (client error): The resource could not be found. [pid: 8|app: 0|req: 1188/2509] 10.0.0.136 () {32 vars in 724 bytes} [Thu May 7 03:41:17 2026] DELETE /v2.0/subnets/41da5cf4-e0db-44e9-bfb2-2eb928816ab8 => generated 136 bytes in 13 msecs (HTTP/1.1 404) 4 headers in 164 bytes (1 switches on core 0)
2026-05-07 03:41:17.353 8 INFO neutron.api.v2.resource [None req-df1e8fbb-1e2c-48e5-8697-1f0a56380680 c0267a046686457eb9ee02133af1c96a f3f8348112fd4ec2a74dae4e7271ab52 - - default default] delete failed (client error): The resource could not be found. [pid: 8|app: 0|req: 1189/2510] 10.0.0.136 () {32 vars in 724 bytes} [Thu May 7 03:41:17 2026] DELETE /v2.0/routers/be34fd53-463b-49ed-8647-4d673f864981 => generated 135 bytes in 16 msecs (HTTP/1.1 404) 4 headers in 164 bytes (1 switches on core 0)
2026-05-07 03:41:17.377 8 INFO neutron.pecan_wsgi.hooks.translation [None req-af4e7fcd-1d19-479c-87cf-0dad6772664c c0267a046686457eb9ee02133af1c96a f3f8348112fd4ec2a74dae4e7271ab52 - - default default] DELETE failed (client error): The resource could not be found. [pid: 8|app: 0|req: 1190/2511] 10.0.0.136 () {32 vars in 724 bytes} [Thu May 7 03:41:17 2026] DELETE /v2.0/subnets/6c043b8e-7a07-4e4e-9451-130999424816 => generated 136 bytes in 19 msecs (HTTP/1.1 404) 4 headers in 164 bytes (1 switches on core 0) [pid: 8|app: 0|req: 1191/2512] 10.0.0.136 () {32 vars in 736 bytes} [Thu May 7 03:41:17 2026] GET /v2.0/ports?device_id=b5127b56-7853-4dbe-ad98-32cd0899476c => generated 12 bytes in 17 msecs (HTTP/1.1 200) 4 headers in 156 bytes (1 switches on core 0)
2026-05-07 03:41:17.422 8 INFO neutron.api.v2.resource [None req-4ec21ca1-1e46-44c0-8891-8c01417e25a8 c0267a046686457eb9ee02133af1c96a f3f8348112fd4ec2a74dae4e7271ab52 - - default default] delete failed (client error): The resource could not be found. [pid: 8|app: 0|req: 1192/2513] 10.0.0.136 () {32 vars in 724 bytes} [Thu May 7 03:41:17 2026] DELETE /v2.0/routers/b5127b56-7853-4dbe-ad98-32cd0899476c => generated 135 bytes in 17 msecs (HTTP/1.1 404) 4 headers in 164 bytes (1 switches on core 0)
2026-05-07 03:41:17.437 8 INFO neutron.pecan_wsgi.hooks.translation [None req-3f7f683b-a8a8-4786-b837-c7c9a9a1081e c0267a046686457eb9ee02133af1c96a f3f8348112fd4ec2a74dae4e7271ab52 - - default default] DELETE failed (client error): The resource could not be found. [pid: 8|app: 0|req: 1193/2514] 10.0.0.136 () {32 vars in 724 bytes} [Thu May 7 03:41:17 2026] DELETE /v2.0/subnets/5243ee9d-8447-4a2c-8e27-5c52335aa908 => generated 136 bytes in 13 msecs (HTTP/1.1 404) 4 headers in 164 bytes (1 switches on core 0) [pid: 8|app: 0|req: 1194/2515] 10.0.0.136 () {32 vars in 736 bytes} [Thu May 7 03:41:17 2026] GET /v2.0/ports?device_id=78fa6c50-e351-44d9-a321-0a972623321b => generated 12 bytes in 28 msecs (HTTP/1.1 200) 4 headers in 156 bytes (1 switches on core 0)
2026-05-07 03:41:17.494 8 INFO neutron.api.v2.resource [None req-81d51dec-9614-4659-8176-d9f6da4d2a9a c0267a046686457eb9ee02133af1c96a f3f8348112fd4ec2a74dae4e7271ab52 - - default default] delete failed (client error): The resource could not be found. [pid: 8|app: 0|req: 1195/2516] 10.0.0.136 () {32 vars in 724 bytes} [Thu May 7 03:41:17 2026] DELETE /v2.0/routers/78fa6c50-e351-44d9-a321-0a972623321b => generated 135 bytes in 19 msecs (HTTP/1.1 404) 4 headers in 164 bytes (1 switches on core 0)
2026-05-07 03:41:17.501 7 WARNING neutron.scheduler.dhcp_agent_scheduler [None req-27486b3c-2446-4dae-834d-d876e40f739b f8a21bca0d91424ca59a5512dcc9372f 71dad60903794efe9f11a444c19f5cfb - - default default] No more DHCP agents
2026-05-07 03:41:17.503 7 WARNING neutron.api.rpc.agentnotifiers.dhcp_rpc_agent_api [None req-27486b3c-2446-4dae-834d-d876e40f739b f8a21bca0d91424ca59a5512dcc9372f 71dad60903794efe9f11a444c19f5cfb - - default default] Unable to schedule network bd46c87d-c384-4d11-a7ee-93941b9397a9: no agents available; will retry on subsequent port and subnet creation events.
2026-05-07 03:41:17.509 8 INFO neutron.pecan_wsgi.hooks.translation [None req-6ca24aa9-162f-41fc-a952-38bedb415885 c0267a046686457eb9ee02133af1c96a f3f8348112fd4ec2a74dae4e7271ab52 - - default default] DELETE failed (client error): The resource could not be found. [pid: 8|app: 0|req: 1196/2517] 10.0.0.136 () {32 vars in 724 bytes} [Thu May 7 03:41:17 2026] DELETE /v2.0/subnets/d48e1c89-e16a-4f21-ad25-3a319d457cdc => generated 136 bytes in 13 msecs (HTTP/1.1 404) 4 headers in 164 bytes (1 switches on core 0)
2026-05-07 03:41:17.531 8 INFO neutron.pecan_wsgi.hooks.translation [None req-72e95a83-4f26-42b9-b2db-5bb9715aced4 c0267a046686457eb9ee02133af1c96a f3f8348112fd4ec2a74dae4e7271ab52 - - default default] DELETE failed (client error): The resource could not be found. [pid: 8|app: 0|req: 1197/2518] 10.0.0.136 () {32 vars in 724 bytes} [Thu May 7 03:41:17 2026] DELETE /v2.0/subnets/3c1971d0-5cbf-4406-96b9-7477f33088da => generated 136 bytes in 22 msecs (HTTP/1.1 404) 4 headers in 164 bytes (1 switches on core 0)
2026-05-07 03:41:17.590 7 INFO neutron.db.ovn_revision_numbers_db [None req-27486b3c-2446-4dae-834d-d876e40f739b f8a21bca0d91424ca59a5512dcc9372f 71dad60903794efe9f11a444c19f5cfb - - default default] Successfully bumped revision number for resource 34264567-38f4-44d7-92a0-62c21aec281b (type: ports) to 1 [pid: 7|app: 0|req: 1322/2519] 10.0.0.136 () {34 vars in 670 bytes} [Thu May 7 03:41:16 2026] POST /v2.0/networks => generated 669 bytes in 838 msecs (HTTP/1.1 201) 4 headers in 162 bytes (1 switches on core 0)
2026-05-07 03:41:17.855 8 WARNING neutron.scheduler.dhcp_agent_scheduler [None req-e1a8b683-f686-4956-b425-e143ee5f0f80 f8a21bca0d91424ca59a5512dcc9372f 71dad60903794efe9f11a444c19f5cfb - - default default] No more DHCP agents
2026-05-07 03:41:17.856 8 WARNING neutron.api.rpc.agentnotifiers.dhcp_rpc_agent_api [None req-e1a8b683-f686-4956-b425-e143ee5f0f80 f8a21bca0d91424ca59a5512dcc9372f 71dad60903794efe9f11a444c19f5cfb - - default default] Unable to schedule network bd46c87d-c384-4d11-a7ee-93941b9397a9: no agents available; will retry on subsequent port and subnet creation events.
2026-05-07 03:41:18.168 7 WARNING neutron.db.securitygroups_db [None req-2b6762da-e9f3-4440-937b-628966272cd4 a963f1965c2a4dbcbe8e0de6322bba4e 0f2ef912e4d4452989b49db59d9ca1d0 - - default default] project_id key not found in filters, using tenant_id instead. This support has been deprecated and will be removed in a future release. [pid: 7|app: 0|req: 1323/2520] 10.0.0.136 () {32 vars in 774 bytes} [Thu May 7 03:41:17 2026] GET /v2.0/security-groups?tenant_id=f3f8348112fd4ec2a74dae4e7271ab52&name=default => generated 2925 bytes in 195 msecs (HTTP/1.1 200) 4 headers in 158 bytes (1 switches on core 0)
2026-05-07 03:41:18.258 7 WARNING neutron.db.securitygroups_db [None req-f9397043-398b-490c-a57f-7dca233218e7 a963f1965c2a4dbcbe8e0de6322bba4e 0f2ef912e4d4452989b49db59d9ca1d0 - - default default] project_id key not found in filters, using tenant_id instead. This support has been deprecated and will be removed in a future release.
2026-05-07 03:41:18.341 8 INFO neutron.db.ovn_revision_numbers_db [None req-e1a8b683-f686-4956-b425-e143ee5f0f80 f8a21bca0d91424ca59a5512dcc9372f 71dad60903794efe9f11a444c19f5cfb - - default default] Successfully bumped revision number for resource 34264567-38f4-44d7-92a0-62c21aec281b (type: ports) to 2
2026-05-07 03:41:18.379 8 INFO neutron.db.ovn_revision_numbers_db [None req-e1a8b683-f686-4956-b425-e143ee5f0f80 f8a21bca0d91424ca59a5512dcc9372f 71dad60903794efe9f11a444c19f5cfb - - default default] Successfully bumped revision number for resource 50493b68-6e92-444e-abee-f41e6970da3b (type: subnets) to 0
2026-05-07 03:41:18.388 7 INFO neutron.db.ovn_revision_numbers_db [None req-f9397043-398b-490c-a57f-7dca233218e7 a963f1965c2a4dbcbe8e0de6322bba4e 0f2ef912e4d4452989b49db59d9ca1d0 - - default default] Successfully bumped revision number for resource e1dac677-fa6b-477a-a24e-e8c4ac595a73 (type: security_groups) to 1 [pid: 8|app: 0|req: 1198/2521] 10.0.0.136 () {34 vars in 669 bytes} [Thu May 7 03:41:17 2026] POST /v2.0/subnets => generated 626 bytes in 779 msecs (HTTP/1.1 201) 4 headers in 162 bytes (1 switches on core 0)
2026-05-07 03:41:18.400 7 INFO neutron.db.ovn_revision_numbers_db [None req-f9397043-398b-490c-a57f-7dca233218e7 a963f1965c2a4dbcbe8e0de6322bba4e 0f2ef912e4d4452989b49db59d9ca1d0 - - default default] Successfully bumped revision number for resource ac3de6ce-5b28-4c56-9888-580342c97469 (type: security_group_rules) to 0
2026-05-07 03:41:18.410 7 INFO neutron.db.ovn_revision_numbers_db [None req-f9397043-398b-490c-a57f-7dca233218e7 a963f1965c2a4dbcbe8e0de6322bba4e 0f2ef912e4d4452989b49db59d9ca1d0 - - default default] Successfully bumped revision number for resource e0ee8eb3-44af-4401-9471-839c6dda5b73 (type: security_group_rules) to 0
2026-05-07 03:41:18.426 7 INFO neutron.db.ovn_revision_numbers_db [None req-f9397043-398b-490c-a57f-7dca233218e7 a963f1965c2a4dbcbe8e0de6322bba4e 0f2ef912e4d4452989b49db59d9ca1d0 - - default default] Successfully bumped revision number for resource e4731487-41a0-4257-bc4d-8ec924f4f0b7 (type: security_group_rules) to 0
2026-05-07 03:41:18.444 7 INFO neutron.db.ovn_revision_numbers_db [None req-f9397043-398b-490c-a57f-7dca233218e7 a963f1965c2a4dbcbe8e0de6322bba4e 0f2ef912e4d4452989b49db59d9ca1d0 - - default default] Successfully bumped revision number for resource e84aa720-f42d-48b0-b122-5b23fd70ed4e (type: security_group_rules) to 0 [pid: 7|app: 0|req: 1324/2522] 10.0.0.136 () {32 vars in 774 bytes} [Thu May 7 03:41:18 2026] GET /v2.0/security-groups?tenant_id=5bc7695b8f2c4c71bdcf59a0edfef834&name=default => generated 2925 bytes in 294 msecs (HTTP/1.1 200) 4 headers in 158 bytes (1 switches on core 0)
2026-05-07 03:41:18.585 7 INFO neutron.db.segments_db [None req-129f375a-836a-446e-b649-505a6a279f76 f8a21bca0d91424ca59a5512dcc9372f 71dad60903794efe9f11a444c19f5cfb - - default default] Added segment b933460f-3bf2-45dc-a910-c73fa1169feb of type geneve for network e587eb9b-7b78-4ecf-b0fe-3f57359c3888 [pid: 8|app: 0|req: 1199/2523] 10.0.0.136 () {32 vars in 740 bytes} [Thu May 7 03:41:18 2026] DELETE /v2.0/security-groups/bb148837-91e6-472e-b215-8c0980b25743 => generated 0 bytes in 225 msecs (HTTP/1.1 204) 2 headers in 112 bytes (1 switches on core 0)
2026-05-07 03:41:18.716 7 INFO neutron.db.ovn_revision_numbers_db [None req-129f375a-836a-446e-b649-505a6a279f76 f8a21bca0d91424ca59a5512dcc9372f 71dad60903794efe9f11a444c19f5cfb - - default default] Successfully bumped revision number for resource e587eb9b-7b78-4ecf-b0fe-3f57359c3888 (type: networks) to 1 [pid: 8|app: 0|req: 1200/2524] 10.0.0.136 () {32 vars in 740 bytes} [Thu May 7 03:41:18 2026] DELETE /v2.0/security-groups/e1dac677-fa6b-477a-a24e-e8c4ac595a73 => generated 0 bytes in 202 msecs (HTTP/1.1 204) 2 headers in 112 bytes (1 switches on core 0)
2026-05-07 03:41:18.923 7 WARNING neutron.scheduler.dhcp_agent_scheduler [None req-129f375a-836a-446e-b649-505a6a279f76 f8a21bca0d91424ca59a5512dcc9372f 71dad60903794efe9f11a444c19f5cfb - - default default] No more DHCP agents
2026-05-07 03:41:18.925 7 WARNING neutron.api.rpc.agentnotifiers.dhcp_rpc_agent_api [None req-129f375a-836a-446e-b649-505a6a279f76 f8a21bca0d91424ca59a5512dcc9372f 71dad60903794efe9f11a444c19f5cfb - - default default] Unable to schedule network e587eb9b-7b78-4ecf-b0fe-3f57359c3888: no agents available; will retry on subsequent port and subnet creation events.
2026-05-07 03:41:18.961 8 WARNING neutron.db.securitygroups_db [None req-af98b1b0-4538-4f9f-9575-5552efb87256 a963f1965c2a4dbcbe8e0de6322bba4e 0f2ef912e4d4452989b49db59d9ca1d0 - - default default] project_id key not found in filters, using tenant_id instead. This support has been deprecated and will be removed in a future release.
2026-05-07 03:41:18.988 7 INFO neutron.plugins.ml2.drivers.ovn.mech_driver.mech_driver [None req-04552844-298d-4f1e-9e3e-d38bc6ee61fd - - - - - -] OVN reports status down for port: c00ec80f-37db-47ba-abc3-f43f3eefaef9
2026-05-07 03:41:19.060 7 INFO neutron.db.ovn_revision_numbers_db [None req-129f375a-836a-446e-b649-505a6a279f76 f8a21bca0d91424ca59a5512dcc9372f 71dad60903794efe9f11a444c19f5cfb - - default default] Successfully bumped revision number for resource c00ec80f-37db-47ba-abc3-f43f3eefaef9 (type: ports) to 1
2026-05-07 03:41:19.101 8 INFO neutron.db.ovn_revision_numbers_db [None req-af98b1b0-4538-4f9f-9575-5552efb87256 a963f1965c2a4dbcbe8e0de6322bba4e 0f2ef912e4d4452989b49db59d9ca1d0 - - default default] Successfully bumped revision number for resource 9b967a3b-02a8-4028-8491-7ce986edc583 (type: security_groups) to 1
2026-05-07 03:41:19.119 8 INFO neutron.db.ovn_revision_numbers_db [None req-af98b1b0-4538-4f9f-9575-5552efb87256 a963f1965c2a4dbcbe8e0de6322bba4e 0f2ef912e4d4452989b49db59d9ca1d0 - - default default] Successfully bumped revision number for resource 1abcde72-be22-4fa3-be98-5450be436b18 (type: security_group_rules) to 0
2026-05-07 03:41:19.135 8 INFO neutron.db.ovn_revision_numbers_db [None req-af98b1b0-4538-4f9f-9575-5552efb87256 a963f1965c2a4dbcbe8e0de6322bba4e 0f2ef912e4d4452989b49db59d9ca1d0 - - default default] Successfully bumped revision number for resource e3df26fa-6076-4ee3-98a9-efa799907289 (type: security_group_rules) to 0 [pid: 7|app: 0|req: 1325/2527] 10.0.0.136 () {34 vars in 670 bytes} [Thu May 7 03:41:18 2026] POST /v2.0/networks => generated 670 bytes in 655 msecs (HTTP/1.1 201) 4 headers in 162 bytes (1 switches on core 0)
2026-05-07 03:41:19.146 8 INFO neutron.db.ovn_revision_numbers_db [None req-af98b1b0-4538-4f9f-9575-5552efb87256 a963f1965c2a4dbcbe8e0de6322bba4e 0f2ef912e4d4452989b49db59d9ca1d0 - - default default] Successfully bumped revision number for resource ea1fa608-98d2-4fe5-8529-355c4c35f99d (type: security_group_rules) to 0
2026-05-07 03:41:19.156 8 INFO neutron.db.ovn_revision_numbers_db [None req-af98b1b0-4538-4f9f-9575-5552efb87256 a963f1965c2a4dbcbe8e0de6322bba4e 0f2ef912e4d4452989b49db59d9ca1d0 - - default default] Successfully bumped revision number for resource ff236712-1b44-4b1d-b76d-a2f2dac2c86c (type: security_group_rules) to 0 [pid: 8|app: 0|req: 1203/2528] 10.0.0.136 () {32 vars in 774 bytes} [Thu May 7 03:41:18 2026] GET /v2.0/security-groups?tenant_id=2d526f4ca3644bef9f57c26d1ed56107&name=default => generated 2925 bytes in 241 msecs (HTTP/1.1 200) 4 headers in 158 bytes (1 switches on core 0) [pid: 8|app: 0|req: 1204/2529] 10.0.0.136 () {32 vars in 740 bytes} [Thu May 7 03:41:19 2026] DELETE /v2.0/security-groups/9b967a3b-02a8-4028-8491-7ce986edc583 => generated 0 bytes in 164 msecs (HTTP/1.1 204) 2 headers in 112 bytes (1 switches on core 0)
2026-05-07 03:41:19.374 7 WARNING neutron.scheduler.dhcp_agent_scheduler [None req-837e6836-1cf7-4d94-b5b4-913dd21e12d5 f8a21bca0d91424ca59a5512dcc9372f 71dad60903794efe9f11a444c19f5cfb - - default default] No more DHCP agents
2026-05-07 03:41:19.376 7 WARNING neutron.api.rpc.agentnotifiers.dhcp_rpc_agent_api [None req-837e6836-1cf7-4d94-b5b4-913dd21e12d5 f8a21bca0d91424ca59a5512dcc9372f 71dad60903794efe9f11a444c19f5cfb - - default default] Unable to schedule network e587eb9b-7b78-4ecf-b0fe-3f57359c3888: no agents available; will retry on subsequent port and subnet creation events.
2026-05-07 03:41:19.454 8 WARNING neutron.db.securitygroups_db [None req-30f4768d-9588-435d-a22b-ef14a9b32177 a963f1965c2a4dbcbe8e0de6322bba4e 0f2ef912e4d4452989b49db59d9ca1d0 - - default default] project_id key not found in filters, using tenant_id instead. This support has been deprecated and will be removed in a future release. [pid: 8|app: 0|req: 1205/2530] 10.0.0.136 () {32 vars in 774 bytes} [Thu May 7 03:41:19 2026] GET /v2.0/security-groups?tenant_id=4140c57a98384f2199ca4fa33a12d946&name=default => generated 2925 bytes in 27 msecs (HTTP/1.1 200) 4 headers in 158 bytes (1 switches on core 0) [pid: 8|app: 0|req: 1206/2531] 10.0.0.136 () {32 vars in 740 bytes} [Thu May 7 03:41:19 2026] DELETE /v2.0/security-groups/74215a20-e5c0-4402-a48f-2040eb5aa40c => generated 0 bytes in 168 msecs (HTTP/1.1 204) 2 headers in 112 bytes (1 switches on core 0)
2026-05-07 03:41:19.696 8 WARNING neutron.plugins.ml2.drivers.ovn.mech_driver.ovsdb.ovn_client [None req-a5c2abac-c588-488b-b861-fe404e0c0ee6 - - - - - -] No port found with ID f39a5c8c-c935-49b9-be86-693ea41bb334: RuntimeError: No port found with ID f39a5c8c-c935-49b9-be86-693ea41bb334
2026-05-07 03:41:19.696 8 INFO neutron.plugins.ml2.drivers.ovn.mech_driver.mech_driver [None req-a5c2abac-c588-488b-b861-fe404e0c0ee6 - - - - - -] OVN reports status down for port: 34264567-38f4-44d7-92a0-62c21aec281b
2026-05-07 03:41:19.881 7 INFO neutron.db.ovn_revision_numbers_db [None req-837e6836-1cf7-4d94-b5b4-913dd21e12d5 f8a21bca0d91424ca59a5512dcc9372f 71dad60903794efe9f11a444c19f5cfb - - default default] Successfully bumped revision number for resource c00ec80f-37db-47ba-abc3-f43f3eefaef9 (type: ports) to 2
2026-05-07 03:41:19.913 7 INFO neutron.db.ovn_revision_numbers_db [None req-837e6836-1cf7-4d94-b5b4-913dd21e12d5 f8a21bca0d91424ca59a5512dcc9372f 71dad60903794efe9f11a444c19f5cfb - - default default] Successfully bumped revision number for resource 6468b63b-4578-4d2a-b6d8-aa2744cf5962 (type: subnets) to 0 [pid: 7|app: 0|req: 1326/2532] 10.0.0.136 () {34 vars in 669 bytes} [Thu May 7 03:41:19 2026] POST /v2.0/subnets => generated 629 bytes in 787 msecs (HTTP/1.1 201) 4 headers in 162 bytes (1 switches on core 0)
2026-05-07 03:41:20.034 8 INFO neutron.db.segments_db [None req-c6c16e1f-fb64-4bbe-8659-56445a2862a3 f8a21bca0d91424ca59a5512dcc9372f 71dad60903794efe9f11a444c19f5cfb - - default default] Added segment 49be8014-0b85-40ad-b752-bc64823caf71 of type geneve for network fdbb283b-effc-4bef-9e92-e70ddeba9bdd
2026-05-07 03:41:20.138 8 INFO neutron.db.ovn_revision_numbers_db [None req-c6c16e1f-fb64-4bbe-8659-56445a2862a3 f8a21bca0d91424ca59a5512dcc9372f 71dad60903794efe9f11a444c19f5cfb - - default default] Successfully bumped revision number for resource fdbb283b-effc-4bef-9e92-e70ddeba9bdd (type: networks) to 1
2026-05-07 03:41:20.282 8 WARNING neutron.scheduler.dhcp_agent_scheduler [None req-c6c16e1f-fb64-4bbe-8659-56445a2862a3 f8a21bca0d91424ca59a5512dcc9372f 71dad60903794efe9f11a444c19f5cfb - - default default] No more DHCP agents
2026-05-07 03:41:20.283 8 WARNING neutron.api.rpc.agentnotifiers.dhcp_rpc_agent_api [None req-c6c16e1f-fb64-4bbe-8659-56445a2862a3 f8a21bca0d91424ca59a5512dcc9372f 71dad60903794efe9f11a444c19f5cfb - - default default] Unable to schedule network fdbb283b-effc-4bef-9e92-e70ddeba9bdd: no agents available; will retry on subsequent port and subnet creation events.
2026-05-07 03:41:20.339 7 INFO neutron.plugins.ml2.drivers.ovn.mech_driver.mech_driver [None req-04552844-298d-4f1e-9e3e-d38bc6ee61fd - - - - - -] OVN reports status down for port: 57c8f419-cafd-4537-a048-a505be2b69fe
2026-05-07 03:41:20.361 8 INFO neutron.db.ovn_revision_numbers_db [None req-c6c16e1f-fb64-4bbe-8659-56445a2862a3 f8a21bca0d91424ca59a5512dcc9372f 71dad60903794efe9f11a444c19f5cfb - - default default] Successfully bumped revision number for resource 57c8f419-cafd-4537-a048-a505be2b69fe (type: ports) to 1 [pid: 8|app: 0|req: 1207/2533] 10.0.0.136 () {34 vars in 670 bytes} [Thu May 7 03:41:19 2026] POST /v2.0/networks => generated 669 bytes in 445 msecs (HTTP/1.1 201) 4 headers in 162 bytes (1 switches on core 0)
2026-05-07 03:41:20.577 7 WARNING neutron.scheduler.dhcp_agent_scheduler [None req-b3b1adfd-6bd9-4e73-82cf-f08873942c32 f8a21bca0d91424ca59a5512dcc9372f 71dad60903794efe9f11a444c19f5cfb - - default default] No more DHCP agents
2026-05-07 03:41:20.579 7 WARNING neutron.api.rpc.agentnotifiers.dhcp_rpc_agent_api [None req-b3b1adfd-6bd9-4e73-82cf-f08873942c32 f8a21bca0d91424ca59a5512dcc9372f 71dad60903794efe9f11a444c19f5cfb - - default default] Unable to schedule network fdbb283b-effc-4bef-9e92-e70ddeba9bdd: no agents available; will retry on subsequent port and subnet creation events. [pid: 8|app: 0|req: 1208/2534] 10.0.0.136 () {34 vars in 676 bytes} [Thu May 7 03:41:20 2026] POST /v2.0/subnetpools => generated 548 bytes in 201 msecs (HTTP/1.1 201) 4 headers in 162 bytes (1 switches on core 0) [pid: 8|app: 0|req: 1209/2535] 10.0.0.136 () {32 vars in 729 bytes} [Thu May 7 03:41:20 2026] GET /v2.0/subnetpools/2c494fe2-8e99-447b-9d3e-f0175e831c84 => generated 548 bytes in 22 msecs (HTTP/1.1 200) 4 headers in 157 bytes (1 switches on core 0) [pid: 8|app: 0|req: 1210/2536] 10.0.0.136 () {34 vars in 749 bytes} [Thu May 7 03:41:20 2026] PUT /v2.0/subnetpools/2c494fe2-8e99-447b-9d3e-f0175e831c84 => generated 501 bytes in 48 msecs (HTTP/1.1 200) 4 headers in 157 bytes (1 switches on core 0) [pid: 8|app: 0|req: 1211/2537] 10.0.0.136 () {32 vars in 732 bytes} [Thu May 7 03:41:20 2026] DELETE /v2.0/subnetpools/2c494fe2-8e99-447b-9d3e-f0175e831c84 => generated 0 bytes in 56 msecs (HTTP/1.1 204) 2 headers in 112 bytes (1 switches on core 0)
2026-05-07 03:41:20.740 8 INFO neutron.api.v2.resource [None req-644c6925-77d2-449e-bf40-09e459b90fe2 fd446c77a0eb4a22867aecdb0d64cb1f 4a25a0c2222a46fe9728a18a0331d3a0 - - default default] show failed (client error): The resource could not be found. [pid: 8|app: 0|req: 1212/2538] 10.0.0.136 () {32 vars in 729 bytes} [Thu May 7 03:41:20 2026] GET /v2.0/subnetpools/2c494fe2-8e99-447b-9d3e-f0175e831c84 => generated 145 bytes in 11 msecs (HTTP/1.1 404) 4 headers in 164 bytes (1 switches on core 0)
2026-05-07 03:41:20.757 8 INFO neutron.api.v2.resource [None req-dc2e84a7-65aa-4a49-ad2b-cefbe7642d3c fd446c77a0eb4a22867aecdb0d64cb1f 4a25a0c2222a46fe9728a18a0331d3a0 - - default default] delete failed (client error): The resource could not be found. [pid: 8|app: 0|req: 1213/2539] 10.0.0.136 () {32 vars in 732 bytes} [Thu May 7 03:41:20 2026] DELETE /v2.0/subnetpools/2c494fe2-8e99-447b-9d3e-f0175e831c84 => generated 145 bytes in 13 msecs (HTTP/1.1 404) 4 headers in 164 bytes (1 switches on core 0)
2026-05-07 03:41:21.071 7 INFO neutron.db.ovn_revision_numbers_db [None req-b3b1adfd-6bd9-4e73-82cf-f08873942c32 f8a21bca0d91424ca59a5512dcc9372f 71dad60903794efe9f11a444c19f5cfb - - default default] Successfully bumped revision number for resource 57c8f419-cafd-4537-a048-a505be2b69fe (type: ports) to 2
2026-05-07 03:41:21.103 7 INFO neutron.db.ovn_revision_numbers_db [None req-b3b1adfd-6bd9-4e73-82cf-f08873942c32 f8a21bca0d91424ca59a5512dcc9372f 71dad60903794efe9f11a444c19f5cfb - - default default] Successfully bumped revision number for resource 6ae11fc3-518d-4b27-a600-98a8cc2904e2 (type: subnets) to 0 [pid: 7|app: 0|req: 1327/2540] 10.0.0.136 () {34 vars in 669 bytes} [Thu May 7 03:41:20 2026] POST /v2.0/subnets => generated 629 bytes in 733 msecs (HTTP/1.1 201) 4 headers in 162 bytes (1 switches on core 0)
2026-05-07 03:41:21.218 8 INFO neutron.db.segments_db [None req-1bc84848-d495-47ac-a4d2-ce154ce63523 f8a21bca0d91424ca59a5512dcc9372f 71dad60903794efe9f11a444c19f5cfb - - default default] Added segment d9b1ddd7-09c9-4627-b812-a0f6dfc6f992 of type geneve for network 03156d67-ed22-4632-89f8-7c520308ef1d
2026-05-07 03:41:21.368 8 INFO neutron.db.ovn_revision_numbers_db [None req-1bc84848-d495-47ac-a4d2-ce154ce63523 f8a21bca0d91424ca59a5512dcc9372f 71dad60903794efe9f11a444c19f5cfb - - default default] Successfully bumped revision number for resource 03156d67-ed22-4632-89f8-7c520308ef1d (type: networks) to 1
2026-05-07 03:41:21.371 7 WARNING neutron.db.securitygroups_db [None req-dd2f19ed-1749-4484-be3f-ad4745157456 a963f1965c2a4dbcbe8e0de6322bba4e 0f2ef912e4d4452989b49db59d9ca1d0 - - default default] project_id key not found in filters, using tenant_id instead. This support has been deprecated and will be removed in a future release.
2026-05-07 03:41:21.527 7 INFO neutron.db.ovn_revision_numbers_db [None req-dd2f19ed-1749-4484-be3f-ad4745157456 a963f1965c2a4dbcbe8e0de6322bba4e 0f2ef912e4d4452989b49db59d9ca1d0 - - default default] Successfully bumped revision number for resource 6e338e46-f5d0-4fd6-85a3-e0572a3c372d (type: security_groups) to 1
2026-05-07 03:41:21.540 7 INFO neutron.db.ovn_revision_numbers_db [None req-dd2f19ed-1749-4484-be3f-ad4745157456 a963f1965c2a4dbcbe8e0de6322bba4e 0f2ef912e4d4452989b49db59d9ca1d0 - - default default] Successfully bumped revision number for resource 0531db44-b0a1-429b-a7c9-321b0f848bdb (type: security_group_rules) to 0
2026-05-07 03:41:21.551 7 INFO neutron.db.ovn_revision_numbers_db [None req-dd2f19ed-1749-4484-be3f-ad4745157456 a963f1965c2a4dbcbe8e0de6322bba4e 0f2ef912e4d4452989b49db59d9ca1d0 - - default default] Successfully bumped revision number for resource 2b138dfc-5f51-42cb-b185-9b974b2f0325 (type: security_group_rules) to 0
2026-05-07 03:41:21.566 7 INFO neutron.db.ovn_revision_numbers_db [None req-dd2f19ed-1749-4484-be3f-ad4745157456 a963f1965c2a4dbcbe8e0de6322bba4e 0f2ef912e4d4452989b49db59d9ca1d0 - - default default] Successfully bumped revision number for resource 68f0f0d1-3bd6-403f-aea8-556f2ad7b83b (type: security_group_rules) to 0
