2026-05-07 03:38:55.438 8 INFO neutron.db.ovn_revision_numbers_db [None req-0d3791e6-5a1e-4420-9b79-474c1b3877f9 a963f1965c2a4dbcbe8e0de6322bba4e 0f2ef912e4d4452989b49db59d9ca1d0 - - default default] Successfully bumped revision number for resource 41dc3c51-1df2-4a52-889e-6fb80b7c9eac (type: ports) to 2
2026-05-07 03:38:55.475 8 INFO neutron.db.ovn_revision_numbers_db [None req-0d3791e6-5a1e-4420-9b79-474c1b3877f9 a963f1965c2a4dbcbe8e0de6322bba4e 0f2ef912e4d4452989b49db59d9ca1d0 - - default default] Successfully bumped revision number for resource ea8f67a9-85bc-405c-82fb-52d0c44408cf (type: subnets) to 0 [pid: 8|app: 0|req: 757/1632] 10.0.0.136 () {34 vars in 669 bytes} [Thu May 7 03:38:54 2026] POST /v2.0/subnets => generated 687 bytes in 816 msecs (HTTP/1.1 201) 4 headers in 162 bytes (1 switches on core 0) /var/lib/openstack/lib/python3.12/site-packages/pycadf/identifier.py:70: UserWarning: Invalid uuid: neutron. To ensure interoperability, identifiers should be a valid uuid. warnings.warn(('Invalid uuid: %s. To ensure interoperability, '
2026-05-07 03:38:55.546 7 WARNING neutron.scheduler.dhcp_agent_scheduler [None req-96e16bc6-d603-4c60-9186-91ede47d3698 3aff0df366ed4bd2b783305f1e7c4228 72f4cef31a3446c38e20f3b8b941aab3 - - default default] No more DHCP agents
2026-05-07 03:38:55.547 7 WARNING neutron.api.rpc.agentnotifiers.dhcp_rpc_agent_api [None req-96e16bc6-d603-4c60-9186-91ede47d3698 3aff0df366ed4bd2b783305f1e7c4228 72f4cef31a3446c38e20f3b8b941aab3 - - default default] Unable to schedule network 6805e966-dd3a-4bf2-8c0e-c1eb2e1e2460: no agents available; will retry on subsequent port and subnet creation events.
2026-05-07 03:38:55.689 8 INFO neutron.plugins.ml2.drivers.ovn.mech_driver.mech_driver [None req-7796c582-6a25-4d91-8924-1d2b2068f102 - - - - - -] OVN reports status down for port: 854325d8-13e2-46c3-82fe-6d256590270e
2026-05-07 03:38:55.709 7 INFO neutron.db.ovn_revision_numbers_db [None req-96e16bc6-d603-4c60-9186-91ede47d3698 3aff0df366ed4bd2b783305f1e7c4228 72f4cef31a3446c38e20f3b8b941aab3 - - default default] Successfully bumped revision number for resource 854325d8-13e2-46c3-82fe-6d256590270e (type: ports) to 1
2026-05-07 03:38:56.019 8 WARNING neutron.scheduler.dhcp_agent_scheduler [None req-4c2f57f2-9bd8-4914-a479-359c85214e94 a963f1965c2a4dbcbe8e0de6322bba4e 0f2ef912e4d4452989b49db59d9ca1d0 - - default default] No more DHCP agents
2026-05-07 03:38:56.020 8 WARNING neutron.api.rpc.agentnotifiers.dhcp_rpc_agent_api [None req-4c2f57f2-9bd8-4914-a479-359c85214e94 a963f1965c2a4dbcbe8e0de6322bba4e 0f2ef912e4d4452989b49db59d9ca1d0 - - default default] Unable to schedule network ffe0fa47-a9a3-4158-b61f-b9573e821a5f: no agents available; will retry on subsequent port and subnet creation events.
2026-05-07 03:38:56.168 8 INFO neutron.plugins.ml2.drivers.ovn.mech_driver.mech_driver [None req-7796c582-6a25-4d91-8924-1d2b2068f102 - - - - - -] OVN reports status down for port: 9899e50e-fdad-4224-ad75-990711c9c61b
2026-05-07 03:38:56.243 8 INFO neutron.db.ovn_revision_numbers_db [None req-4c2f57f2-9bd8-4914-a479-359c85214e94 a963f1965c2a4dbcbe8e0de6322bba4e 0f2ef912e4d4452989b49db59d9ca1d0 - - default default] Successfully bumped revision number for resource 9899e50e-fdad-4224-ad75-990711c9c61b (type: ports) to 1
2026-05-07 03:38:56.402 8 INFO neutron.plugins.ml2.drivers.ovn.mech_driver.mech_driver [None req-7796c582-6a25-4d91-8924-1d2b2068f102 - - - - - -] OVN reports status up for port: 854325d8-13e2-46c3-82fe-6d256590270e
2026-05-07 03:38:56.434 8 INFO neutron.plugins.ml2.plugin [None req-7796c582-6a25-4d91-8924-1d2b2068f102 - - - - - -] Attempt 1 to provision port 854325d8-13e2-46c3-82fe-6d256590270e
2026-05-07 03:38:56.473 8 INFO neutron.notifiers.nova [-] Nova event matching ['req-339c38e2-024f-4faa-bce4-0b47941c27cc'] response: {'server_uuid': 'a1085f6b-f230-4358-a9ef-25a44f923619', 'name': 'network-vif-unplugged', 'status': 'completed', 'tag': 'd8b12a86-47c5-4106-a199-746bbe25c68c', 'code': 200}
2026-05-07 03:38:56.493 7 WARNING neutron.scheduler.dhcp_agent_scheduler [None req-96e16bc6-d603-4c60-9186-91ede47d3698 3aff0df366ed4bd2b783305f1e7c4228 72f4cef31a3446c38e20f3b8b941aab3 - - default default] No more DHCP agents
2026-05-07 03:38:56.494 7 WARNING neutron.api.rpc.agentnotifiers.dhcp_rpc_agent_api [None req-96e16bc6-d603-4c60-9186-91ede47d3698 3aff0df366ed4bd2b783305f1e7c4228 72f4cef31a3446c38e20f3b8b941aab3 - - default default] Unable to schedule network 6805e966-dd3a-4bf2-8c0e-c1eb2e1e2460: no agents available; will retry on subsequent port and subnet creation events.
2026-05-07 03:38:56.835 7 INFO neutron.db.ovn_revision_numbers_db [None req-96e16bc6-d603-4c60-9186-91ede47d3698 3aff0df366ed4bd2b783305f1e7c4228 72f4cef31a3446c38e20f3b8b941aab3 - - default default] Successfully bumped revision number for resource 854325d8-13e2-46c3-82fe-6d256590270e (type: router_ports) to 1 [pid: 7|app: 0|req: 876/1633] 10.0.0.136 () {34 vars in 783 bytes} [Thu May 7 03:38:55 2026] PUT /v2.0/routers/faf93e88-55fb-4b1b-aea8-854e676187b6/add_router_interface => generated 310 bytes in 1795 msecs (HTTP/1.1 200) 4 headers in 157 bytes (1 switches on core 0) [pid: 7|app: 0|req: 877/1634] 10.0.0.222 () {34 vars in 990 bytes} [Thu May 7 03:38:56 2026] GET /v2.0/ports?device_id=a1085f6b-f230-4358-a9ef-25a44f923619 => generated 969 bytes in 81 msecs (HTTP/1.1 200) 4 headers in 157 bytes (1 switches on core 0)
2026-05-07 03:38:57.238 7 INFO neutron.db.ovn_revision_numbers_db [None req-7c774469-723d-4ad6-83df-8ad0977ba6c5 c96c46349dd64e0fae4babb9922b13ab 16425bb70c154278a36f1b359313bdfc - - default default] Successfully bumped revision number for resource 15fc51bb-fc7c-4498-9352-c1782baccb4d (type: security_groups) to 1
2026-05-07 03:38:57.255 7 INFO neutron.db.ovn_revision_numbers_db [None req-7c774469-723d-4ad6-83df-8ad0977ba6c5 c96c46349dd64e0fae4babb9922b13ab 16425bb70c154278a36f1b359313bdfc - - default default] Successfully bumped revision number for resource 03037574-e22f-43b1-bc71-36345e63ddf8 (type: security_group_rules) to 0
2026-05-07 03:38:57.276 8 INFO neutron.db.ovn_revision_numbers_db [None req-7796c582-6a25-4d91-8924-1d2b2068f102 - - - - - -] Successfully bumped revision number for resource 854325d8-13e2-46c3-82fe-6d256590270e (type: ports) to 2
2026-05-07 03:38:57.278 7 INFO neutron.db.ovn_revision_numbers_db [None req-7c774469-723d-4ad6-83df-8ad0977ba6c5 c96c46349dd64e0fae4babb9922b13ab 16425bb70c154278a36f1b359313bdfc - - default default] Successfully bumped revision number for resource 3833b023-dfe2-43ba-bae5-e0b4d554dffb (type: security_group_rules) to 0
2026-05-07 03:38:57.293 7 INFO neutron.db.ovn_revision_numbers_db [None req-7c774469-723d-4ad6-83df-8ad0977ba6c5 c96c46349dd64e0fae4babb9922b13ab 16425bb70c154278a36f1b359313bdfc - - default default] Successfully bumped revision number for resource a5298825-125f-4651-af2b-29cc365c4175 (type: security_group_rules) to 0
2026-05-07 03:38:57.307 7 INFO neutron.db.ovn_revision_numbers_db [None req-7c774469-723d-4ad6-83df-8ad0977ba6c5 c96c46349dd64e0fae4babb9922b13ab 16425bb70c154278a36f1b359313bdfc - - default default] Successfully bumped revision number for resource b4e5603a-0677-4988-828a-6f6fabe809cb (type: security_group_rules) to 0
2026-05-07 03:38:57.397 7 INFO neutron.db.segments_db [None req-7c774469-723d-4ad6-83df-8ad0977ba6c5 c96c46349dd64e0fae4babb9922b13ab 16425bb70c154278a36f1b359313bdfc - - default default] Added segment 2338a83b-1c96-4dc7-9b41-369cc8187224 of type geneve for network 3c253043-f764-43b6-8975-084dd00d72db
2026-05-07 03:38:57.506 7 INFO neutron.db.ovn_revision_numbers_db [None req-7c774469-723d-4ad6-83df-8ad0977ba6c5 c96c46349dd64e0fae4babb9922b13ab 16425bb70c154278a36f1b359313bdfc - - default default] Successfully bumped revision number for resource 3c253043-f764-43b6-8975-084dd00d72db (type: networks) to 1
2026-05-07 03:38:57.588 8 INFO neutron.plugins.ml2.drivers.ovn.mech_driver.ovsdb.ovsdb_monitor [None req-b70c929d-d935-4a61-88cc-64645bf5238d - - - - - -] Router d8f62687-0935-46ac-9d81-3d652089d53e is bound to host instance
2026-05-07 03:38:57.610 8 INFO neutron.db.ovn_revision_numbers_db [None req-4c2f57f2-9bd8-4914-a479-359c85214e94 a963f1965c2a4dbcbe8e0de6322bba4e 0f2ef912e4d4452989b49db59d9ca1d0 - - default default] Successfully bumped revision number for resource 9899e50e-fdad-4224-ad75-990711c9c61b (type: router_ports) to 1
2026-05-07 03:38:57.682 7 WARNING neutron.scheduler.dhcp_agent_scheduler [None req-7c774469-723d-4ad6-83df-8ad0977ba6c5 c96c46349dd64e0fae4babb9922b13ab 16425bb70c154278a36f1b359313bdfc - - default default] No more DHCP agents
2026-05-07 03:38:57.683 7 WARNING neutron.api.rpc.agentnotifiers.dhcp_rpc_agent_api [None req-7c774469-723d-4ad6-83df-8ad0977ba6c5 c96c46349dd64e0fae4babb9922b13ab 16425bb70c154278a36f1b359313bdfc - - default default] Unable to schedule network 3c253043-f764-43b6-8975-084dd00d72db: no agents available; will retry on subsequent port and subnet creation events.
2026-05-07 03:38:57.752 8 INFO neutron.db.ovn_revision_numbers_db [None req-4c2f57f2-9bd8-4914-a479-359c85214e94 a963f1965c2a4dbcbe8e0de6322bba4e 0f2ef912e4d4452989b49db59d9ca1d0 - - default default] Successfully bumped revision number for resource d8f62687-0935-46ac-9d81-3d652089d53e (type: routers) to 2
2026-05-07 03:38:57.752 7 INFO neutron.db.ovn_revision_numbers_db [None req-7c774469-723d-4ad6-83df-8ad0977ba6c5 c96c46349dd64e0fae4babb9922b13ab 16425bb70c154278a36f1b359313bdfc - - default default] Successfully bumped revision number for resource 32147a8f-ee29-47bb-82ef-17bbffa28dfb (type: ports) to 1 [pid: 7|app: 0|req: 878/1635] 10.0.0.136 () {34 vars in 670 bytes} [Thu May 7 03:38:56 2026] POST /v2.0/networks => generated 677 bytes in 853 msecs (HTTP/1.1 201) 4 headers in 162 bytes (1 switches on core 0) [pid: 8|app: 0|req: 758/1636] 10.0.0.136 () {34 vars in 669 bytes} [Thu May 7 03:38:55 2026] POST /v2.0/routers => generated 986 bytes in 2280 msecs (HTTP/1.1 201) 4 headers in 162 bytes (1 switches on core 0) [pid: 8|app: 0|req: 759/1637] 10.0.0.222 () {34 vars in 1040 bytes} [Thu May 7 03:38:57 2026] GET /v2.0/security-groups?id=ed263f62-48c8-4b18-a63e-a81649d55792&fields=id&fields=name => generated 114 bytes in 67 msecs (HTTP/1.1 200) 4 headers in 157 bytes (1 switches on core 0)
2026-05-07 03:38:58.094 7 WARNING neutron.scheduler.dhcp_agent_scheduler [None req-3a132b74-8537-4643-9cbe-e5bac6ee6db4 3aff0df366ed4bd2b783305f1e7c4228 72f4cef31a3446c38e20f3b8b941aab3 - - default default] No more DHCP agents
2026-05-07 03:38:58.095 7 WARNING neutron.api.rpc.agentnotifiers.dhcp_rpc_agent_api [None req-3a132b74-8537-4643-9cbe-e5bac6ee6db4 3aff0df366ed4bd2b783305f1e7c4228 72f4cef31a3446c38e20f3b8b941aab3 - - default default] Unable to schedule network 6805e966-dd3a-4bf2-8c0e-c1eb2e1e2460: no agents available; will retry on subsequent port and subnet creation events.
2026-05-07 03:38:58.254 8 WARNING neutron.scheduler.dhcp_agent_scheduler [None req-1490db1e-eb3a-4e2b-adb5-ca5aa771dbcd c96c46349dd64e0fae4babb9922b13ab 16425bb70c154278a36f1b359313bdfc - - default default] No more DHCP agents
2026-05-07 03:38:58.257 8 WARNING neutron.api.rpc.agentnotifiers.dhcp_rpc_agent_api [None req-1490db1e-eb3a-4e2b-adb5-ca5aa771dbcd c96c46349dd64e0fae4babb9922b13ab 16425bb70c154278a36f1b359313bdfc - - default default] Unable to schedule network 3c253043-f764-43b6-8975-084dd00d72db: no agents available; will retry on subsequent port and subnet creation events.
2026-05-07 03:38:58.271 7 INFO neutron.db.ovn_revision_numbers_db [None req-3a132b74-8537-4643-9cbe-e5bac6ee6db4 3aff0df366ed4bd2b783305f1e7c4228 72f4cef31a3446c38e20f3b8b941aab3 - - default default] Successfully bumped revision number for resource 4c4e07f8-732a-4197-851f-b8375f6763e1 (type: ports) to 1 [pid: 7|app: 0|req: 879/1638] 10.0.0.136 () {34 vars in 665 bytes} [Thu May 7 03:38:57 2026] POST /v2.0/ports => generated 954 bytes in 548 msecs (HTTP/1.1 201) 4 headers in 162 bytes (1 switches on core 0) /var/lib/openstack/lib/python3.12/site-packages/pycadf/identifier.py:70: UserWarning: Invalid uuid: neutron. To ensure interoperability, identifiers should be a valid uuid. warnings.warn(('Invalid uuid: %s. To ensure interoperability, '
2026-05-07 03:38:58.855 7 WARNING neutron.scheduler.dhcp_agent_scheduler [None req-e11708fa-3a44-427f-9855-4edd233d30c5 a963f1965c2a4dbcbe8e0de6322bba4e 0f2ef912e4d4452989b49db59d9ca1d0 - - default default] No more DHCP agents
2026-05-07 03:38:58.857 7 WARNING neutron.api.rpc.agentnotifiers.dhcp_rpc_agent_api [None req-e11708fa-3a44-427f-9855-4edd233d30c5 a963f1965c2a4dbcbe8e0de6322bba4e 0f2ef912e4d4452989b49db59d9ca1d0 - - default default] Unable to schedule network d4afdcfc-ed69-4c13-b478-48887f322ef1: no agents available; will retry on subsequent port and subnet creation events.
2026-05-07 03:38:59.041 7 INFO neutron.db.ovn_revision_numbers_db [None req-e11708fa-3a44-427f-9855-4edd233d30c5 a963f1965c2a4dbcbe8e0de6322bba4e 0f2ef912e4d4452989b49db59d9ca1d0 - - default default] Successfully bumped revision number for resource f001b7ec-c940-4558-a8da-8b54d2ba773b (type: ports) to 1
2026-05-07 03:38:59.181 8 INFO neutron.db.ovn_revision_numbers_db [None req-1490db1e-eb3a-4e2b-adb5-ca5aa771dbcd c96c46349dd64e0fae4babb9922b13ab 16425bb70c154278a36f1b359313bdfc - - default default] Successfully bumped revision number for resource 32147a8f-ee29-47bb-82ef-17bbffa28dfb (type: ports) to 2
2026-05-07 03:38:59.241 8 INFO neutron.db.ovn_revision_numbers_db [None req-1490db1e-eb3a-4e2b-adb5-ca5aa771dbcd c96c46349dd64e0fae4babb9922b13ab 16425bb70c154278a36f1b359313bdfc - - default default] Successfully bumped revision number for resource d2ecc270-f3e7-4f16-97d3-50536dff1a48 (type: subnets) to 0
2026-05-07 03:38:59.248 8 INFO neutron.db.ovn_revision_numbers_db [None req-f2497fa4-9def-4732-8617-cec0e00535ac - - - - - -] Successfully bumped revision number for resource 9899e50e-fdad-4224-ad75-990711c9c61b (type: ports) to 4 [pid: 8|app: 0|req: 760/1639] 10.0.0.136 () {34 vars in 669 bytes} [Thu May 7 03:38:57 2026] POST /v2.0/subnets => generated 656 bytes in 1423 msecs (HTTP/1.1 201) 4 headers in 162 bytes (1 switches on core 0)
2026-05-07 03:38:59.734 7 WARNING neutron.scheduler.dhcp_agent_scheduler [None req-e11708fa-3a44-427f-9855-4edd233d30c5 a963f1965c2a4dbcbe8e0de6322bba4e 0f2ef912e4d4452989b49db59d9ca1d0 - - default default] No more DHCP agents
2026-05-07 03:38:59.735 7 WARNING neutron.api.rpc.agentnotifiers.dhcp_rpc_agent_api [None req-e11708fa-3a44-427f-9855-4edd233d30c5 a963f1965c2a4dbcbe8e0de6322bba4e 0f2ef912e4d4452989b49db59d9ca1d0 - - default default] Unable to schedule network d4afdcfc-ed69-4c13-b478-48887f322ef1: no agents available; will retry on subsequent port and subnet creation events.
2026-05-07 03:38:59.855 8 WARNING neutron.scheduler.dhcp_agent_scheduler [None req-3d09850b-129c-4bda-bb36-e11bdbeb2c6a 3aff0df366ed4bd2b783305f1e7c4228 72f4cef31a3446c38e20f3b8b941aab3 - - default default] No more DHCP agents
2026-05-07 03:38:59.859 8 WARNING neutron.api.rpc.agentnotifiers.dhcp_rpc_agent_api [None req-3d09850b-129c-4bda-bb36-e11bdbeb2c6a 3aff0df366ed4bd2b783305f1e7c4228 72f4cef31a3446c38e20f3b8b941aab3 - - default default] Unable to schedule network 6805e966-dd3a-4bf2-8c0e-c1eb2e1e2460: no agents available; will retry on subsequent port and subnet creation events.
2026-05-07 03:38:59.928 8 INFO neutron.db.ovn_revision_numbers_db [None req-f2497fa4-9def-4732-8617-cec0e00535ac - - - - - -] Successfully bumped revision number for resource 9899e50e-fdad-4224-ad75-990711c9c61b (type: ports) to 5
2026-05-07 03:39:00.102 8 INFO neutron.db.ovn_revision_numbers_db [None req-3d09850b-129c-4bda-bb36-e11bdbeb2c6a 3aff0df366ed4bd2b783305f1e7c4228 72f4cef31a3446c38e20f3b8b941aab3 - - default default] Successfully bumped revision number for resource de7fead1-ed60-4b40-84bd-a49e80851dbd (type: ports) to 1
2026-05-07 03:39:00.160 7 WARNING neutron.plugins.ml2.drivers.ovn.mech_driver.ovsdb.ovn_client [None req-3ccc49d0-f1a8-48f6-89d1-3de211b3523e - - - - - -] No hosting information found for port 0ba98b59-31ea-4c6f-b480-2beec09c428f: RuntimeError: No hosting information found for port 0ba98b59-31ea-4c6f-b480-2beec09c428f
2026-05-07 03:39:00.160 7 INFO neutron.plugins.ml2.drivers.ovn.mech_driver.mech_driver [None req-3ccc49d0-f1a8-48f6-89d1-3de211b3523e - - - - - -] OVN reports status down for port: f001b7ec-c940-4558-a8da-8b54d2ba773b [pid: 8|app: 0|req: 761/1640] 10.0.0.136 () {34 vars in 665 bytes} [Thu May 7 03:38:59 2026] POST /v2.0/ports => generated 954 bytes in 893 msecs (HTTP/1.1 201) 4 headers in 162 bytes (1 switches on core 0) /var/lib/openstack/lib/python3.12/site-packages/pycadf/identifier.py:70: UserWarning: Invalid uuid: neutron. To ensure interoperability, identifiers should be a valid uuid. warnings.warn(('Invalid uuid: %s. To ensure interoperability, ' [pid: 8|app: 0|req: 762/1641] 10.0.0.222 () {34 vars in 990 bytes} [Thu May 7 03:39:00 2026] GET /v2.0/ports?device_id=a1085f6b-f230-4358-a9ef-25a44f923619 => generated 969 bytes in 92 msecs (HTTP/1.1 200) 4 headers in 157 bytes (1 switches on core 0) [pid: 8|app: 0|req: 763/1642] 10.0.0.136 () {32 vars in 722 bytes} [Thu May 7 03:39:00 2026] GET /v2.0/subnetpools?name=shared-default-subnetpool-v6 => generated 19 bytes in 34 msecs (HTTP/1.1 200) 4 headers in 156 bytes (1 switches on core 0)
2026-05-07 03:39:00.333 7 WARNING neutron.plugins.ml2.drivers.ovn.mech_driver.ovsdb.ovn_client [None req-3ccc49d0-f1a8-48f6-89d1-3de211b3523e - - - - - -] Logical_Switch_Port f001b7ec-c940-4558-a8da-8b54d2ba773b host information not removed, the port state is up
2026-05-07 03:39:00.334 7 INFO neutron.plugins.ml2.drivers.ovn.mech_driver.mech_driver [None req-3ccc49d0-f1a8-48f6-89d1-3de211b3523e - - - - - -] OVN reports status up for port: f001b7ec-c940-4558-a8da-8b54d2ba773b
2026-05-07 03:39:00.340 7 INFO neutron.db.ovn_revision_numbers_db [None req-e11708fa-3a44-427f-9855-4edd233d30c5 a963f1965c2a4dbcbe8e0de6322bba4e 0f2ef912e4d4452989b49db59d9ca1d0 - - default default] Successfully bumped revision number for resource f001b7ec-c940-4558-a8da-8b54d2ba773b (type: router_ports) to 1 [pid: 7|app: 0|req: 880/1643] 10.0.0.136 () {34 vars in 783 bytes} [Thu May 7 03:38:58 2026] PUT /v2.0/routers/d8f62687-0935-46ac-9d81-3d652089d53e/add_router_interface => generated 310 bytes in 2022 msecs (HTTP/1.1 200) 4 headers in 157 bytes (1 switches on core 0)
2026-05-07 03:39:00.354 7 INFO neutron.plugins.ml2.plugin [None req-3ccc49d0-f1a8-48f6-89d1-3de211b3523e - - - - - -] Attempt 1 to provision port f001b7ec-c940-4558-a8da-8b54d2ba773b [pid: 7|app: 0|req: 881/1644] 10.0.0.222 () {34 vars in 1040 bytes} [Thu May 7 03:39:00 2026] GET /v2.0/security-groups?id=ed263f62-48c8-4b18-a63e-a81649d55792&fields=id&fields=name => generated 114 bytes in 41 msecs (HTTP/1.1 200) 4 headers in 157 bytes (1 switches on core 0)
2026-05-07 03:39:00.527 8 WARNING neutron.scheduler.dhcp_agent_scheduler [None req-cc85135b-f687-40bb-b722-b2dc99037712 3aff0df366ed4bd2b783305f1e7c4228 72f4cef31a3446c38e20f3b8b941aab3 - - default default] No more DHCP agents
2026-05-07 03:39:00.529 8 WARNING neutron.api.rpc.agentnotifiers.dhcp_rpc_agent_api [None req-cc85135b-f687-40bb-b722-b2dc99037712 3aff0df366ed4bd2b783305f1e7c4228 72f4cef31a3446c38e20f3b8b941aab3 - - default default] Unable to schedule network ffe0fa47-a9a3-4158-b61f-b9573e821a5f: no agents available; will retry on subsequent port and subnet creation events.
2026-05-07 03:39:01.435 7 WARNING neutron.scheduler.dhcp_agent_scheduler [None req-9779d175-3b3c-4a53-8c13-8a36056a3148 c96c46349dd64e0fae4babb9922b13ab 16425bb70c154278a36f1b359313bdfc - - default default] No more DHCP agents
2026-05-07 03:39:01.438 7 WARNING neutron.api.rpc.agentnotifiers.dhcp_rpc_agent_api [None req-9779d175-3b3c-4a53-8c13-8a36056a3148 c96c46349dd64e0fae4babb9922b13ab 16425bb70c154278a36f1b359313bdfc - - default default] Unable to schedule network 3c253043-f764-43b6-8975-084dd00d72db: no agents available; will retry on subsequent port and subnet creation events.
2026-05-07 03:39:01.533 8 INFO neutron.db.ovn_revision_numbers_db [None req-cc85135b-f687-40bb-b722-b2dc99037712 3aff0df366ed4bd2b783305f1e7c4228 72f4cef31a3446c38e20f3b8b941aab3 - - default default] Successfully bumped revision number for resource 2e9f1652-8aff-4438-9539-c0167b27d598 (type: floatingips) to 1
2026-05-07 03:39:01.534 8 INFO neutron.db.l3_db [None req-cc85135b-f687-40bb-b722-b2dc99037712 3aff0df366ed4bd2b783305f1e7c4228 72f4cef31a3446c38e20f3b8b941aab3 - - default default] Floating IP 2e9f1652-8aff-4438-9539-c0167b27d598 associated. External IP: 10.96.250.210, port: de7fead1-ed60-4b40-84bd-a49e80851dbd.
2026-05-07 03:39:01.563 7 INFO neutron.db.ovn_revision_numbers_db [None req-9779d175-3b3c-4a53-8c13-8a36056a3148 c96c46349dd64e0fae4babb9922b13ab 16425bb70c154278a36f1b359313bdfc - - default default] Successfully bumped revision number for resource f5216a48-f2d8-40ea-8541-99cdd9809ca0 (type: subnets) to 0 [pid: 7|app: 0|req: 882/1645] 10.0.0.136 () {34 vars in 669 bytes} [Thu May 7 03:39:00 2026] POST /v2.0/subnets => generated 731 bytes in 1217 msecs (HTTP/1.1 201) 4 headers in 162 bytes (1 switches on core 0) [pid: 8|app: 0|req: 764/1646] 10.0.0.136 () {34 vars in 677 bytes} [Thu May 7 03:39:00 2026] POST /v2.0/floatingips => generated 841 bytes in 1319 msecs (HTTP/1.1 201) 4 headers in 162 bytes (1 switches on core 0) [pid: 7|app: 0|req: 883/1647] 10.0.0.222 () {34 vars in 990 bytes} [Thu May 7 03:39:01 2026] GET /v2.0/ports?device_id=a1085f6b-f230-4358-a9ef-25a44f923619 => generated 969 bytes in 66 msecs (HTTP/1.1 200) 4 headers in 157 bytes (1 switches on core 0)
2026-05-07 03:39:01.721 7 INFO neutron.db.ovn_revision_numbers_db [None req-3ccc49d0-f1a8-48f6-89d1-3de211b3523e - - - - - -] Successfully bumped revision number for resource f001b7ec-c940-4558-a8da-8b54d2ba773b (type: ports) to 2
2026-05-07 03:39:01.784 8 INFO neutron.db.segments_db [None req-4c4c2668-938d-4087-b3fb-8d259280c41f c96c46349dd64e0fae4babb9922b13ab 16425bb70c154278a36f1b359313bdfc - - default default] Added segment 762f296e-54bf-48bd-a8a9-984348aa8935 of type geneve for network 63504f8a-beb1-46d5-ac15-a2346d571fe1
2026-05-07 03:39:01.971 7 INFO neutron.db.ovn_revision_numbers_db [None req-d605ff67-c388-49f4-a88f-de9eb0196365 3aff0df366ed4bd2b783305f1e7c4228 72f4cef31a3446c38e20f3b8b941aab3 - - default default] Successfully bumped revision number for resource 2e9f1652-8aff-4438-9539-c0167b27d598 (type: floatingips) to 2
2026-05-07 03:39:01.985 8 INFO neutron.db.ovn_revision_numbers_db [None req-4c4c2668-938d-4087-b3fb-8d259280c41f c96c46349dd64e0fae4babb9922b13ab 16425bb70c154278a36f1b359313bdfc - - default default] Successfully bumped revision number for resource 63504f8a-beb1-46d5-ac15-a2346d571fe1 (type: networks) to 1
2026-05-07 03:39:02.240 7 INFO neutron.db.l3_db [None req-d605ff67-c388-49f4-a88f-de9eb0196365 3aff0df366ed4bd2b783305f1e7c4228 72f4cef31a3446c38e20f3b8b941aab3 - - default default] Floating IP 2e9f1652-8aff-4438-9539-c0167b27d598 disassociated. External IP: 10.96.250.210, port: de7fead1-ed60-4b40-84bd-a49e80851dbd. [pid: 7|app: 0|req: 884/1648] 10.0.0.136 () {34 vars in 749 bytes} [Thu May 7 03:39:01 2026] PUT /v2.0/floatingips/2e9f1652-8aff-4438-9539-c0167b27d598 => generated 554 bytes in 593 msecs (HTTP/1.1 200) 4 headers in 157 bytes (1 switches on core 0)
2026-05-07 03:39:02.282 8 WARNING neutron.scheduler.dhcp_agent_scheduler [None req-4c4c2668-938d-4087-b3fb-8d259280c41f c96c46349dd64e0fae4babb9922b13ab 16425bb70c154278a36f1b359313bdfc - - default default] No more DHCP agents
2026-05-07 03:39:02.283 8 WARNING neutron.api.rpc.agentnotifiers.dhcp_rpc_agent_api [None req-4c4c2668-938d-4087-b3fb-8d259280c41f c96c46349dd64e0fae4babb9922b13ab 16425bb70c154278a36f1b359313bdfc - - default default] Unable to schedule network 63504f8a-beb1-46d5-ac15-a2346d571fe1: no agents available; will retry on subsequent port and subnet creation events. [pid: 7|app: 0|req: 885/1649] 10.0.0.222 () {34 vars in 1040 bytes} [Thu May 7 03:39:02 2026] GET /v2.0/security-groups?id=ed263f62-48c8-4b18-a63e-a81649d55792&fields=id&fields=name => generated 114 bytes in 23 msecs (HTTP/1.1 200) 4 headers in 157 bytes (1 switches on core 0)
2026-05-07 03:39:02.473 7 INFO neutron_taas.services.taas.taas_plugin [None req-474da5c9-2ea1-4ddf-9e18-1c431a7b85cf 3aff0df366ed4bd2b783305f1e7c4228 72f4cef31a3446c38e20f3b8b941aab3 - - default default] TaaS: Handle Delete Port: 76829250-f739-4ea8-9ceb-171cb6255875
2026-05-07 03:39:02.476 7 INFO neutron_taas.services.taas.tap_mirror_plugin [None req-474da5c9-2ea1-4ddf-9e18-1c431a7b85cf 3aff0df366ed4bd2b783305f1e7c4228 72f4cef31a3446c38e20f3b8b941aab3 - - default default] Tap Mirror: Handle Delete Port: 76829250-f739-4ea8-9ceb-171cb6255875
2026-05-07 03:39:02.569 8 INFO neutron.db.ovn_revision_numbers_db [None req-4c4c2668-938d-4087-b3fb-8d259280c41f c96c46349dd64e0fae4babb9922b13ab 16425bb70c154278a36f1b359313bdfc - - default default] Successfully bumped revision number for resource 962f69a7-8882-4bac-aea7-5c71e3cc4131 (type: ports) to 1
2026-05-07 03:39:02.611 8 WARNING neutron.plugins.ml2.drivers.ovn.mech_driver.ovsdb.ovn_client [None req-d168d96d-c634-4bc1-90b6-8e3e7429d532 - - - - - -] No hosting information found for port 854325d8-13e2-46c3-82fe-6d256590270e: RuntimeError: No hosting information found for port 854325d8-13e2-46c3-82fe-6d256590270e
2026-05-07 03:39:02.645 8 INFO neutron.common.ovn.utils [None req-d168d96d-c634-4bc1-90b6-8e3e7429d532 - - - - - -] HA Chassis Group neutron-6805e966-dd3a-4bf2-8c0e-c1eb2e1e2460 synchronized; highest priority chassis 2a159bb0-da6d-49a4-bb18-5bc112dea4c9 [pid: 7|app: 0|req: 886/1650] 10.0.0.136 () {32 vars in 732 bytes} [Thu May 7 03:39:02 2026] DELETE /v2.0/floatingips/2e9f1652-8aff-4438-9539-c0167b27d598 => generated 0 bytes in 370 msecs (HTTP/1.1 204) 2 headers in 112 bytes (1 switches on core 0) [pid: 8|app: 0|req: 765/1651] 10.0.0.136 () {34 vars in 670 bytes} [Thu May 7 03:39:01 2026] POST /v2.0/networks => generated 675 bytes in 1080 msecs (HTTP/1.1 201) 4 headers in 162 bytes (1 switches on core 0)
2026-05-07 03:39:02.917 8 INFO neutron.db.ovn_revision_numbers_db [None req-d168d96d-c634-4bc1-90b6-8e3e7429d532 - - - - - -] Successfully bumped revision number for resource 854325d8-13e2-46c3-82fe-6d256590270e (type: router_ports) to 2
2026-05-07 03:39:02.970 7 WARNING neutron.scheduler.dhcp_agent_scheduler [None req-7c7eaf45-711d-4452-baa5-d026de81b729 3aff0df366ed4bd2b783305f1e7c4228 72f4cef31a3446c38e20f3b8b941aab3 - - default default] No more DHCP agents
2026-05-07 03:39:02.972 7 WARNING neutron.api.rpc.agentnotifiers.dhcp_rpc_agent_api [None req-7c7eaf45-711d-4452-baa5-d026de81b729 3aff0df366ed4bd2b783305f1e7c4228 72f4cef31a3446c38e20f3b8b941aab3 - - default default] Unable to schedule network ffe0fa47-a9a3-4158-b61f-b9573e821a5f: no agents available; will retry on subsequent port and subnet creation events.
2026-05-07 03:39:02.987 8 WARNING neutron.scheduler.dhcp_agent_scheduler [None req-5ab43f38-1ff2-4191-92b4-0ace3a7e2b49 c96c46349dd64e0fae4babb9922b13ab 16425bb70c154278a36f1b359313bdfc - - default default] No more DHCP agents
2026-05-07 03:39:02.987 8 INFO neutron.plugins.ml2.drivers.ovn.mech_driver.mech_driver [None req-d168d96d-c634-4bc1-90b6-8e3e7429d532 - - - - - -] OVN reports status up for port: d8b12a86-47c5-4106-a199-746bbe25c68c
2026-05-07 03:39:02.989 8 WARNING neutron.api.rpc.agentnotifiers.dhcp_rpc_agent_api [None req-5ab43f38-1ff2-4191-92b4-0ace3a7e2b49 c96c46349dd64e0fae4babb9922b13ab 16425bb70c154278a36f1b359313bdfc - - default default] Unable to schedule network 63504f8a-beb1-46d5-ac15-a2346d571fe1: no agents available; will retry on subsequent port and subnet creation events.
2026-05-07 03:39:03.065 8 INFO neutron.plugins.ml2.plugin [None req-d168d96d-c634-4bc1-90b6-8e3e7429d532 - - - - - -] Attempt 1 to provision port d8b12a86-47c5-4106-a199-746bbe25c68c
2026-05-07 03:39:03.274 8 INFO neutron.notifiers.nova [-] Nova event matching ['req-c29217b3-d5f8-4d3f-a8e9-d500f4d333af'] response: {'server_uuid': 'a1085f6b-f230-4358-a9ef-25a44f923619', 'name': 'network-vif-plugged', 'status': 'completed', 'tag': 'd8b12a86-47c5-4106-a199-746bbe25c68c', 'code': 200}
2026-05-07 03:39:03.746 8 INFO neutron.db.ovn_revision_numbers_db [None req-d168d96d-c634-4bc1-90b6-8e3e7429d532 - - - - - -] Successfully bumped revision number for resource d8b12a86-47c5-4106-a199-746bbe25c68c (type: ports) to 7
2026-05-07 03:39:03.840 8 INFO neutron.db.ovn_revision_numbers_db [None req-5ab43f38-1ff2-4191-92b4-0ace3a7e2b49 c96c46349dd64e0fae4babb9922b13ab 16425bb70c154278a36f1b359313bdfc - - default default] Successfully bumped revision number for resource 962f69a7-8882-4bac-aea7-5c71e3cc4131 (type: ports) to 2
2026-05-07 03:39:03.970 8 INFO neutron.db.ovn_revision_numbers_db [None req-5ab43f38-1ff2-4191-92b4-0ace3a7e2b49 c96c46349dd64e0fae4babb9922b13ab 16425bb70c154278a36f1b359313bdfc - - default default] Successfully bumped revision number for resource 36d733ee-90b3-4f76-a078-66f717b93e4c (type: subnets) to 0
2026-05-07 03:39:04.065 8 INFO neutron.plugins.ml2.drivers.ovn.mech_driver.mech_driver [None req-d4923c56-aee8-4299-afe2-257e3845b6ae - - - - - -] OVN reports status up for port: 9899e50e-fdad-4224-ad75-990711c9c61b [pid: 8|app: 0|req: 766/1652] 10.0.0.136 () {34 vars in 669 bytes} [Thu May 7 03:39:02 2026] POST /v2.0/subnets => generated 655 bytes in 1393 msecs (HTTP/1.1 201) 4 headers in 162 bytes (1 switches on core 0)
2026-05-07 03:39:04.091 8 INFO neutron.plugins.ml2.plugin [None req-d4923c56-aee8-4299-afe2-257e3845b6ae - - - - - -] Attempt 1 to provision port 9899e50e-fdad-4224-ad75-990711c9c61b /var/lib/openstack/lib/python3.12/site-packages/pycadf/identifier.py:70: UserWarning: Invalid uuid: neutron. To ensure interoperability, identifiers should be a valid uuid. warnings.warn(('Invalid uuid: %s. To ensure interoperability, ' [pid: 8|app: 0|req: 767/1653] 10.0.0.222 () {34 vars in 982 bytes} [Thu May 7 03:39:04 2026] GET /v2.0/networks?id=d4afdcfc-ed69-4c13-b478-48887f322ef1 => generated 710 bytes in 92 msecs (HTTP/1.1 200) 4 headers in 157 bytes (1 switches on core 0)
2026-05-07 03:39:04.303 8 INFO neutron.plugins.ml2.drivers.ovn.mech_driver.mech_driver [None req-d4923c56-aee8-4299-afe2-257e3845b6ae - - - - - -] OVN reports status down for port: 32147a8f-ee29-47bb-82ef-17bbffa28dfb
2026-05-07 03:39:04.355 7 INFO neutron.db.ovn_revision_numbers_db [None req-7c7eaf45-711d-4452-baa5-d026de81b729 3aff0df366ed4bd2b783305f1e7c4228 72f4cef31a3446c38e20f3b8b941aab3 - - default default] Successfully bumped revision number for resource 5ec6b7c9-fcdf-41b2-bd2e-017791abf654 (type: floatingips) to 1
2026-05-07 03:39:04.356 7 INFO neutron.db.l3_db [None req-7c7eaf45-711d-4452-baa5-d026de81b729 3aff0df366ed4bd2b783305f1e7c4228 72f4cef31a3446c38e20f3b8b941aab3 - - default default] Floating IP 5ec6b7c9-fcdf-41b2-bd2e-017791abf654 associated. External IP: 10.96.250.202, port: 4c4e07f8-732a-4197-851f-b8375f6763e1.
2026-05-07 03:39:04.446 8 INFO neutron.plugins.ml2.drivers.ovn.mech_driver.mech_driver [None req-d4923c56-aee8-4299-afe2-257e3845b6ae - - - - - -] OVN reports status down for port: 4c4e07f8-732a-4197-851f-b8375f6763e1 [pid: 7|app: 0|req: 887/1656] 10.0.0.136 () {34 vars in 677 bytes} [Thu May 7 03:39:02 2026] POST /v2.0/floatingips => generated 841 bytes in 1790 msecs (HTTP/1.1 201) 4 headers in 162 bytes (1 switches on core 0) [pid: 7|app: 0|req: 888/1657] 10.0.0.222 () {34 vars in 965 bytes} [Thu May 7 03:39:04 2026] GET /v2.0/quotas/4eee3421a870425cb70a142e61ae3918 => generated 292 bytes in 9 msecs (HTTP/1.1 200) 4 headers in 157 bytes (1 switches on core 0) [pid: 7|app: 0|req: 889/1658] 10.0.0.136 () {32 vars in 729 bytes} [Thu May 7 03:39:04 2026] GET /v2.0/floatingips/5ec6b7c9-fcdf-41b2-bd2e-017791abf654 => generated 843 bytes in 72 msecs (HTTP/1.1 200) 4 headers in 157 bytes (1 switches on core 0)
2026-05-07 03:39:04.541 8 WARNING neutron.scheduler.dhcp_agent_scheduler [None req-e97487f2-214a-4bb6-8365-25f40727d800 c96c46349dd64e0fae4babb9922b13ab 16425bb70c154278a36f1b359313bdfc - - default default] No more DHCP agents
2026-05-07 03:39:04.544 8 WARNING neutron.api.rpc.agentnotifiers.dhcp_rpc_agent_api [None req-e97487f2-214a-4bb6-8365-25f40727d800 c96c46349dd64e0fae4babb9922b13ab 16425bb70c154278a36f1b359313bdfc - - default default] Unable to schedule network 63504f8a-beb1-46d5-ac15-a2346d571fe1: no agents available; will retry on subsequent port and subnet creation events.
2026-05-07 03:39:04.605 8 INFO neutron.db.ovn_revision_numbers_db [None req-e97487f2-214a-4bb6-8365-25f40727d800 c96c46349dd64e0fae4babb9922b13ab 16425bb70c154278a36f1b359313bdfc - - default default] Successfully bumped revision number for resource 6b903173-bda7-48d1-8fb7-e978b40fc105 (type: subnets) to 0 [pid: 7|app: 0|req: 890/1659] 10.0.0.222 () {34 vars in 1002 bytes} [Thu May 7 03:39:04 2026] GET /v2.0/ports?tenant_id=4eee3421a870425cb70a142e61ae3918&fields=id => generated 103 bytes in 87 msecs (HTTP/1.1 200) 4 headers in 157 bytes (1 switches on core 0)
2026-05-07 03:39:04.639 8 INFO neutron.common.ovn.utils [None req-d4923c56-aee8-4299-afe2-257e3845b6ae - - - - - -] HA Chassis Group neutron-d4afdcfc-ed69-4c13-b478-48887f322ef1 synchronized; highest priority chassis 2a159bb0-da6d-49a4-bb18-5bc112dea4c9 [pid: 7|app: 0|req: 891/1660] 10.0.0.136 () {32 vars in 655 bytes} [Thu May 7 03:39:04 2026] GET /v2.0/floatingips => generated 846 bytes in 84 msecs (HTTP/1.1 200) 4 headers in 157 bytes (1 switches on core 0) [pid: 7|app: 0|req: 892/1661] 10.0.0.222 () {34 vars in 1008 bytes} [Thu May 7 03:39:04 2026] GET /v2.0/networks/d4afdcfc-ed69-4c13-b478-48887f322ef1?fields=segments => generated 14 bytes in 56 msecs (HTTP/1.1 200) 4 headers in 156 bytes (1 switches on core 0) [pid: 8|app: 0|req: 770/1662] 10.0.0.136 () {34 vars in 669 bytes} [Thu May 7 03:39:04 2026] POST /v2.0/subnets => generated 726 bytes in 634 msecs (HTTP/1.1 201) 4 headers in 162 bytes (1 switches on core 0) /var/lib/openstack/lib/python3.12/site-packages/pycadf/identifier.py:70: UserWarning: Invalid uuid: neutron. To ensure interoperability, identifiers should be a valid uuid. warnings.warn(('Invalid uuid: %s. To ensure interoperability, ' [pid: 8|app: 0|req: 771/1663] 10.0.0.222 () {34 vars in 1108 bytes} [Thu May 7 03:39:04 2026] GET /v2.0/networks/d4afdcfc-ed69-4c13-b478-48887f322ef1?fields=provider%3Aphysical_network&fields=provider%3Anetwork_type => generated 79 bytes in 62 msecs (HTTP/1.1 200) 4 headers in 156 bytes (1 switches on core 0)
2026-05-07 03:39:05.027 8 INFO neutron.db.segments_db [None req-f60f5b0e-9f47-4463-a3e4-f1c156d75b7a c96c46349dd64e0fae4babb9922b13ab 16425bb70c154278a36f1b359313bdfc - - default default] Added segment 21212ae8-c509-4ed0-b830-3d521eb7c3d7 of type geneve for network e8657ba5-7d1d-488a-8844-24e7b5b823d7
2026-05-07 03:39:05.308 8 INFO neutron.notifiers.nova [-] Nova event matching ['req-3e79d387-dda0-44f9-b654-803b50774d48'] response: {'server_uuid': 'a1085f6b-f230-4358-a9ef-25a44f923619', 'name': 'network-vif-plugged', 'status': 'completed', 'tag': 'd8b12a86-47c5-4106-a199-746bbe25c68c', 'code': 200}
2026-05-07 03:39:05.341 8 INFO neutron.db.ovn_revision_numbers_db [None req-f60f5b0e-9f47-4463-a3e4-f1c156d75b7a c96c46349dd64e0fae4babb9922b13ab 16425bb70c154278a36f1b359313bdfc - - default default] Successfully bumped revision number for resource e8657ba5-7d1d-488a-8844-24e7b5b823d7 (type: networks) to 1
2026-05-07 03:39:05.563 7 INFO neutron.db.ovn_revision_numbers_db [None req-ba997bf5-b604-48fb-8091-2dca9298a1f3 3aff0df366ed4bd2b783305f1e7c4228 72f4cef31a3446c38e20f3b8b941aab3 - - default default] Successfully bumped revision number for resource 5ec6b7c9-fcdf-41b2-bd2e-017791abf654 (type: floatingips) to 2
2026-05-07 03:39:05.968 7 INFO neutron.db.l3_db [None req-ba997bf5-b604-48fb-8091-2dca9298a1f3 3aff0df366ed4bd2b783305f1e7c4228 72f4cef31a3446c38e20f3b8b941aab3 - - default default] Floating IP 5ec6b7c9-fcdf-41b2-bd2e-017791abf654 associated. External IP: 10.96.250.202, port: 4c4e07f8-732a-4197-851f-b8375f6763e1. [pid: 7|app: 0|req: 893/1664] 10.0.0.136 () {34 vars in 749 bytes} [Thu May 7 03:39:04 2026] PUT /v2.0/floatingips/5ec6b7c9-fcdf-41b2-bd2e-017791abf654 => generated 843 bytes in 1255 msecs (HTTP/1.1 200) 4 headers in 157 bytes (1 switches on core 0) [pid: 7|app: 0|req: 894/1665] 10.0.0.222 () {34 vars in 990 bytes} [Thu May 7 03:39:06 2026] GET /v2.0/ports?device_id=d7d42669-3c09-4287-b452-3444dbd129e8 => generated 12 bytes in 22 msecs (HTTP/1.1 200) 4 headers in 156 bytes (1 switches on core 0)
2026-05-07 03:39:06.140 8 WARNING neutron.scheduler.dhcp_agent_scheduler [None req-f60f5b0e-9f47-4463-a3e4-f1c156d75b7a c96c46349dd64e0fae4babb9922b13ab 16425bb70c154278a36f1b359313bdfc - - default default] No more DHCP agents
2026-05-07 03:39:06.142 8 WARNING neutron.api.rpc.agentnotifiers.dhcp_rpc_agent_api [None req-f60f5b0e-9f47-4463-a3e4-f1c156d75b7a c96c46349dd64e0fae4babb9922b13ab 16425bb70c154278a36f1b359313bdfc - - default default] Unable to schedule network e8657ba5-7d1d-488a-8844-24e7b5b823d7: no agents available; will retry on subsequent port and subnet creation events.
2026-05-07 03:39:06.305 8 INFO neutron.db.ovn_revision_numbers_db [None req-f60f5b0e-9f47-4463-a3e4-f1c156d75b7a c96c46349dd64e0fae4babb9922b13ab 16425bb70c154278a36f1b359313bdfc - - default default] Successfully bumped revision number for resource 5c3113f7-0641-458a-b983-16da16e04a96 (type: ports) to 1
2026-05-07 03:39:06.545 7 INFO neutron.db.ovn_revision_numbers_db [None req-a2dfb371-cdc9-428f-9f94-ccfb1db2e72e 3aff0df366ed4bd2b783305f1e7c4228 72f4cef31a3446c38e20f3b8b941aab3 - - default default] Successfully bumped revision number for resource 5ec6b7c9-fcdf-41b2-bd2e-017791abf654 (type: floatingips) to 3 [pid: 8|app: 0|req: 772/1666] 10.0.0.136 () {34 vars in 670 bytes} [Thu May 7 03:39:04 2026] POST /v2.0/networks => generated 676 bytes in 1669 msecs (HTTP/1.1 201) 4 headers in 162 bytes (1 switches on core 0) /var/lib/openstack/lib/python3.12/site-packages/pycadf/identifier.py:70: UserWarning: Invalid uuid: neutron. To ensure interoperability, identifiers should be a valid uuid. warnings.warn(('Invalid uuid: %s. To ensure interoperability, '
2026-05-07 03:39:06.864 7 INFO neutron.db.l3_db [None req-a2dfb371-cdc9-428f-9f94-ccfb1db2e72e 3aff0df366ed4bd2b783305f1e7c4228 72f4cef31a3446c38e20f3b8b941aab3 - - default default] Floating IP 5ec6b7c9-fcdf-41b2-bd2e-017791abf654 disassociated. External IP: 10.96.250.202, port: de7fead1-ed60-4b40-84bd-a49e80851dbd. [pid: 7|app: 0|req: 895/1667] 10.0.0.136 () {34 vars in 749 bytes} [Thu May 7 03:39:06 2026] PUT /v2.0/floatingips/5ec6b7c9-fcdf-41b2-bd2e-017791abf654 => generated 554 bytes in 852 msecs (HTTP/1.1 200) 4 headers in 157 bytes (1 switches on core 0)
2026-05-07 03:39:06.924 8 WARNING neutron.scheduler.dhcp_agent_scheduler [None req-2635f529-68f5-4198-bc53-89dbdba7a5c3 c96c46349dd64e0fae4babb9922b13ab 16425bb70c154278a36f1b359313bdfc - - default default] No more DHCP agents
2026-05-07 03:39:06.926 8 WARNING neutron.api.rpc.agentnotifiers.dhcp_rpc_agent_api [None req-2635f529-68f5-4198-bc53-89dbdba7a5c3 c96c46349dd64e0fae4babb9922b13ab 16425bb70c154278a36f1b359313bdfc - - default default] Unable to schedule network e8657ba5-7d1d-488a-8844-24e7b5b823d7: no agents available; will retry on subsequent port and subnet creation events.
2026-05-07 03:39:07.049 7 WARNING neutron.plugins.ml2.drivers.ovn.mech_driver.ovsdb.ovn_client [None req-815b3484-5b2c-4be7-899e-99825c969dea - - - - - -] No hosting information found for port f001b7ec-c940-4558-a8da-8b54d2ba773b: RuntimeError: No hosting information found for port f001b7ec-c940-4558-a8da-8b54d2ba773b
2026-05-07 03:39:07.050 7 INFO neutron.plugins.ml2.drivers.ovn.mech_driver.mech_driver [None req-815b3484-5b2c-4be7-899e-99825c969dea - - - - - -] OVN reports status down for port: de7fead1-ed60-4b40-84bd-a49e80851dbd
2026-05-07 03:39:07.091 7 INFO neutron_taas.services.taas.taas_plugin [None req-4b605ab0-cc1f-4ed5-9ace-b48b3aece2d3 3aff0df366ed4bd2b783305f1e7c4228 72f4cef31a3446c38e20f3b8b941aab3 - - default default] TaaS: Handle Delete Port: bd8c614a-9a2d-4357-a932-956bee402c73
2026-05-07 03:39:07.096 7 INFO neutron_taas.services.taas.tap_mirror_plugin [None req-4b605ab0-cc1f-4ed5-9ace-b48b3aece2d3 3aff0df366ed4bd2b783305f1e7c4228 72f4cef31a3446c38e20f3b8b941aab3 - - default default] Tap Mirror: Handle Delete Port: bd8c614a-9a2d-4357-a932-956bee402c73 [pid: 7|app: 0|req: 896/1668] 10.0.0.136 () {32 vars in 732 bytes} [Thu May 7 03:39:06 2026] DELETE /v2.0/floatingips/5ec6b7c9-fcdf-41b2-bd2e-017791abf654 => generated 0 bytes in 658 msecs (HTTP/1.1 204) 2 headers in 112 bytes (1 switches on core 0) [pid: 7|app: 0|req: 897/1669] 10.0.0.222 () {34 vars in 990 bytes} [Thu May 7 03:39:07 2026] GET /v2.0/ports?device_id=d7d42669-3c09-4287-b452-3444dbd129e8 => generated 12 bytes in 29 msecs (HTTP/1.1 200) 4 headers in 156 bytes (1 switches on core 0)
2026-05-07 03:39:07.600 7 INFO neutron.db.ovn_revision_numbers_db [None req-815b3484-5b2c-4be7-899e-99825c969dea - - - - - -] Successfully bumped revision number for resource f001b7ec-c940-4558-a8da-8b54d2ba773b (type: router_ports) to 2
2026-05-07 03:39:07.648 7 INFO neutron.api.v2.resource [None req-372d106d-e0c7-417a-be8a-8c8edee4ac4e 3aff0df366ed4bd2b783305f1e7c4228 72f4cef31a3446c38e20f3b8b941aab3 - - default default] delete failed (client error): The resource could not be found. [pid: 7|app: 0|req: 898/1670] 10.0.0.136 () {32 vars in 732 bytes} [Thu May 7 03:39:07 2026] DELETE /v2.0/floatingips/5ec6b7c9-fcdf-41b2-bd2e-017791abf654 => generated 144 bytes in 59 msecs (HTTP/1.1 404) 4 headers in 164 bytes (1 switches on core 0) /var/lib/openstack/lib/python3.12/site-packages/pycadf/identifier.py:70: UserWarning: Invalid uuid: neutron. To ensure interoperability, identifiers should be a valid uuid. warnings.warn(('Invalid uuid: %s. To ensure interoperability, '
2026-05-07 03:39:07.747 8 INFO neutron.db.ovn_revision_numbers_db [None req-2635f529-68f5-4198-bc53-89dbdba7a5c3 c96c46349dd64e0fae4babb9922b13ab 16425bb70c154278a36f1b359313bdfc - - default default] Successfully bumped revision number for resource 5c3113f7-0641-458a-b983-16da16e04a96 (type: ports) to 2
2026-05-07 03:39:07.773 8 INFO neutron.db.ovn_revision_numbers_db [None req-2635f529-68f5-4198-bc53-89dbdba7a5c3 c96c46349dd64e0fae4babb9922b13ab 16425bb70c154278a36f1b359313bdfc - - default default] Successfully bumped revision number for resource 83871d9a-2cfd-40f8-b715-ba13d7521fb2 (type: subnets) to 0 [pid: 8|app: 0|req: 773/1671] 10.0.0.136 () {34 vars in 669 bytes} [Thu May 7 03:39:06 2026] POST /v2.0/subnets => generated 656 bytes in 1232 msecs (HTTP/1.1 201) 4 headers in 162 bytes (1 switches on core 0)
2026-05-07 03:39:07.792 7 INFO neutron.plugins.ml2.drivers.ovn.mech_driver.mech_driver [None req-815b3484-5b2c-4be7-899e-99825c969dea - - - - - -] OVN reports status down for port: 962f69a7-8882-4bac-aea7-5c71e3cc4131
2026-05-07 03:39:07.911 7 INFO neutron.plugins.ml2.drivers.ovn.mech_driver.mech_driver [None req-815b3484-5b2c-4be7-899e-99825c969dea - - - - - -] OVN reports status down for port: 5c3113f7-0641-458a-b983-16da16e04a96
2026-05-07 03:39:07.976 7 INFO neutron_taas.services.taas.taas_plugin [None req-3f230500-6192-476c-9e4b-46876360a41c 3aff0df366ed4bd2b783305f1e7c4228 72f4cef31a3446c38e20f3b8b941aab3 - - default default] TaaS: Handle Delete Port: de7fead1-ed60-4b40-84bd-a49e80851dbd
2026-05-07 03:39:07.980 7 INFO neutron_taas.services.taas.tap_mirror_plugin [None req-3f230500-6192-476c-9e4b-46876360a41c 3aff0df366ed4bd2b783305f1e7c4228 72f4cef31a3446c38e20f3b8b941aab3 - - default default] Tap Mirror: Handle Delete Port: de7fead1-ed60-4b40-84bd-a49e80851dbd
2026-05-07 03:39:07.981 8 WARNING neutron.scheduler.dhcp_agent_scheduler [None req-e9677a8f-d284-40f4-b286-705bf01a16c0 c96c46349dd64e0fae4babb9922b13ab 16425bb70c154278a36f1b359313bdfc - - default default] No more DHCP agents
2026-05-07 03:39:07.982 8 WARNING neutron.api.rpc.agentnotifiers.dhcp_rpc_agent_api [None req-e9677a8f-d284-40f4-b286-705bf01a16c0 c96c46349dd64e0fae4babb9922b13ab 16425bb70c154278a36f1b359313bdfc - - default default] Unable to schedule network e8657ba5-7d1d-488a-8844-24e7b5b823d7: no agents available; will retry on subsequent port and subnet creation events.
2026-05-07 03:39:08.019 8 INFO neutron.db.ovn_revision_numbers_db [None req-e9677a8f-d284-40f4-b286-705bf01a16c0 c96c46349dd64e0fae4babb9922b13ab 16425bb70c154278a36f1b359313bdfc - - default default] Successfully bumped revision number for resource cdd99ac8-30ac-486e-8de9-18e422b8624a (type: subnets) to 0 [pid: 8|app: 0|req: 774/1672] 10.0.0.136 () {34 vars in 669 bytes} [Thu May 7 03:39:07 2026] POST /v2.0/subnets => generated 729 bytes in 238 msecs (HTTP/1.1 201) 4 headers in 162 bytes (1 switches on core 0) [pid: 7|app: 0|req: 899/1673] 10.0.0.136 () {32 vars in 720 bytes} [Thu May 7 03:39:07 2026] DELETE /v2.0/ports/de7fead1-ed60-4b40-84bd-a49e80851dbd => generated 0 bytes in 527 msecs (HTTP/1.1 204) 3 headers in 131 bytes (1 switches on core 0) /var/lib/openstack/lib/python3.12/site-packages/pycadf/identifier.py:70: UserWarning: Invalid uuid: neutron. To ensure interoperability, identifiers should be a valid uuid. warnings.warn(('Invalid uuid: %s. To ensure interoperability, '
2026-05-07 03:39:08.315 7 INFO neutron_taas.services.taas.taas_plugin [None req-2da59d95-260b-4823-9f17-e39fa0aa6797 3aff0df366ed4bd2b783305f1e7c4228 72f4cef31a3446c38e20f3b8b941aab3 - - default default] TaaS: Handle Delete Port: 4c4e07f8-732a-4197-851f-b8375f6763e1
2026-05-07 03:39:08.323 7 INFO neutron_taas.services.taas.tap_mirror_plugin [None req-2da59d95-260b-4823-9f17-e39fa0aa6797 3aff0df366ed4bd2b783305f1e7c4228 72f4cef31a3446c38e20f3b8b941aab3 - - default default] Tap Mirror: Handle Delete Port: 4c4e07f8-732a-4197-851f-b8375f6763e1 [pid: 7|app: 0|req: 900/1674] 10.0.0.136 () {32 vars in 720 bytes} [Thu May 7 03:39:08 2026] DELETE /v2.0/ports/4c4e07f8-732a-4197-851f-b8375f6763e1 => generated 0 bytes in 316 msecs (HTTP/1.1 204) 3 headers in 131 bytes (1 switches on core 0)
2026-05-07 03:39:08.515 8 WARNING neutron.scheduler.dhcp_agent_scheduler [None req-deb66e0a-9712-4f61-baf5-b4789af3d350 c96c46349dd64e0fae4babb9922b13ab 16425bb70c154278a36f1b359313bdfc - - default default] No more DHCP agents
2026-05-07 03:39:08.517 8 WARNING neutron.api.rpc.agentnotifiers.dhcp_rpc_agent_api [None req-deb66e0a-9712-4f61-baf5-b4789af3d350 c96c46349dd64e0fae4babb9922b13ab 16425bb70c154278a36f1b359313bdfc - - default default] Unable to schedule network ffe0fa47-a9a3-4158-b61f-b9573e821a5f: no agents available; will retry on subsequent port and subnet creation events. [pid: 7|app: 0|req: 901/1675] 10.0.0.136 () {32 vars in 736 bytes} [Thu May 7 03:39:08 2026] GET /v2.0/ports?device_id=faf93e88-55fb-4b1b-aea8-854e676187b6 => generated 946 bytes in 35 msecs (HTTP/1.1 200) 4 headers in 157 bytes (1 switches on core 0)
2026-05-07 03:39:08.655 7 INFO neutron.plugins.ml2.drivers.ovn.mech_driver.mech_driver [None req-815b3484-5b2c-4be7-899e-99825c969dea - - - - - -] OVN reports status down for port: 3b95581e-3e94-4d83-99ca-e6a08a9c4fbe
2026-05-07 03:39:08.667 8 INFO neutron.db.ovn_revision_numbers_db [None req-deb66e0a-9712-4f61-baf5-b4789af3d350 c96c46349dd64e0fae4babb9922b13ab 16425bb70c154278a36f1b359313bdfc - - default default] Successfully bumped revision number for resource 3b95581e-3e94-4d83-99ca-e6a08a9c4fbe (type: ports) to 1
2026-05-07 03:39:08.941 7 INFO neutron_taas.services.taas.taas_plugin [None req-872a9949-ceaa-4622-aad0-277810e3b038 3aff0df366ed4bd2b783305f1e7c4228 72f4cef31a3446c38e20f3b8b941aab3 - - default default] TaaS: Handle Delete Port: 854325d8-13e2-46c3-82fe-6d256590270e
2026-05-07 03:39:08.944 7 INFO neutron_taas.services.taas.tap_mirror_plugin [None req-872a9949-ceaa-4622-aad0-277810e3b038 3aff0df366ed4bd2b783305f1e7c4228 72f4cef31a3446c38e20f3b8b941aab3 - - default default] Tap Mirror: Handle Delete Port: 854325d8-13e2-46c3-82fe-6d256590270e
2026-05-07 03:39:09.312 7 INFO neutron.plugins.ml2.drivers.ovn.mech_driver.ovsdb.ovsdb_monitor [None req-a0b4f08b-d42c-46b8-8c48-3d6e2b824acd - - - - - -] Router 3c50d9ac-6006-4279-957f-69e89bc04b10 is bound to host instance
2026-05-07 03:39:09.362 8 INFO neutron.db.ovn_revision_numbers_db [None req-deb66e0a-9712-4f61-baf5-b4789af3d350 c96c46349dd64e0fae4babb9922b13ab 16425bb70c154278a36f1b359313bdfc - - default default] Successfully bumped revision number for resource 3b95581e-3e94-4d83-99ca-e6a08a9c4fbe (type: router_ports) to 1
2026-05-07 03:39:09.385 7 INFO neutron.plugins.ml2.drivers.ovn.mech_driver.mech_driver [None req-815b3484-5b2c-4be7-899e-99825c969dea - - - - - -] OVN reports status up for port: 3b95581e-3e94-4d83-99ca-e6a08a9c4fbe
2026-05-07 03:39:09.435 7 INFO neutron.plugins.ml2.plugin [None req-815b3484-5b2c-4be7-899e-99825c969dea - - - - - -] Attempt 1 to provision port 3b95581e-3e94-4d83-99ca-e6a08a9c4fbe
