2026-08-04 22:48:45.803 10 WARNING neutron.api.rpc.agentnotifiers.dhcp_rpc_agent_api [None req-beb9f5ae-54a1-4606-af74-dacb2ca82204 740880cb41bb444ea9881261192dd632 568d10949d45443ead13a88828569bd1 - - default default] Unable to schedule network eb34d95d-b22b-4bea-9500-505ffc9da712: no agents available; will retry on subsequent port and subnet creation events.
2026-08-04 22:48:45.902 10 INFO neutron.db.ovn_revision_numbers_db [None req-beb9f5ae-54a1-4606-af74-dacb2ca82204 740880cb41bb444ea9881261192dd632 568d10949d45443ead13a88828569bd1 - - default default] Successfully bumped revision number for resource 03a1c9fb-404b-4fc7-959c-d61838e863b3 (type: ports) to 1
2026-08-04 22:48:45.948 10 INFO neutron.wsgi [None req-beb9f5ae-54a1-4606-af74-dacb2ca82204 740880cb41bb444ea9881261192dd632 568d10949d45443ead13a88828569bd1 - - default default] 10.0.0.72 "POST /v2.0/networks HTTP/1.1" status: 201 len: 831 time: 0.8951931
2026-08-04 22:48:46.074 9 WARNING neutron.scheduler.dhcp_agent_scheduler [None req-d3f6da18-52a0-4630-a1fc-e0633ad0f079 e761660862c3414aa998f844134ef90b afa7bd8107b24493a44f235c1e638b44 - - default default] No more DHCP agents
2026-08-04 22:48:46.076 9 WARNING neutron.api.rpc.agentnotifiers.dhcp_rpc_agent_api [None req-d3f6da18-52a0-4630-a1fc-e0633ad0f079 e761660862c3414aa998f844134ef90b afa7bd8107b24493a44f235c1e638b44 - - default default] Unable to schedule network 939c3dde-d047-46a3-9da5-8bce04abe357: no agents available; will retry on subsequent port and subnet creation events.
2026-08-04 22:48:46.223 10 WARNING neutron.scheduler.dhcp_agent_scheduler [None req-8cdc1afe-6d47-4419-9e65-21b599efb9b6 740880cb41bb444ea9881261192dd632 568d10949d45443ead13a88828569bd1 - - default default] No more DHCP agents
2026-08-04 22:48:46.225 10 WARNING neutron.api.rpc.agentnotifiers.dhcp_rpc_agent_api [None req-8cdc1afe-6d47-4419-9e65-21b599efb9b6 740880cb41bb444ea9881261192dd632 568d10949d45443ead13a88828569bd1 - - default default] Unable to schedule network eb34d95d-b22b-4bea-9500-505ffc9da712: no agents available; will retry on subsequent port and subnet creation events.
2026-08-04 22:48:46.226 9 INFO neutron.db.ovn_revision_numbers_db [None req-d3f6da18-52a0-4630-a1fc-e0633ad0f079 e761660862c3414aa998f844134ef90b afa7bd8107b24493a44f235c1e638b44 - - default default] Successfully bumped revision number for resource 94f320d6-7754-43da-b92f-c51181271256 (type: ports) to 1 /var/lib/openstack/lib/python3.10/site-packages/pycadf/identifier.py:71: UserWarning: Invalid uuid: neutron. To ensure interoperability, identifiers should be a valid uuid. warnings.warn(('Invalid uuid: %s. To ensure interoperability, '
2026-08-04 22:48:46.312 10 INFO neutron.db.ovn_revision_numbers_db [None req-8cdc1afe-6d47-4419-9e65-21b599efb9b6 740880cb41bb444ea9881261192dd632 568d10949d45443ead13a88828569bd1 - - default default] Successfully bumped revision number for resource c39cb6e8-aae7-434f-a02d-abaa1fea81cd (type: ports) to 1
2026-08-04 22:48:46.340 10 INFO neutron.wsgi [None req-8cdc1afe-6d47-4419-9e65-21b599efb9b6 740880cb41bb444ea9881261192dd632 568d10949d45443ead13a88828569bd1 - - default default] 10.0.0.72 "POST /v2.0/ports HTTP/1.1" status: 201 len: 942 time: 0.3790243
2026-08-04 22:48:46.418 10 INFO neutron.db.ovn_revision_numbers_db [None req-ee234316-ba26-4bc6-b2ef-a5d2e48fc8cb e761660862c3414aa998f844134ef90b afa7bd8107b24493a44f235c1e638b44 - - default default] Successfully bumped revision number for resource 8cb06daf-b3bb-4860-b1a1-12486cba9587 (type: security_groups) to 1
2026-08-04 22:48:46.439 10 INFO neutron.db.ovn_revision_numbers_db [None req-ee234316-ba26-4bc6-b2ef-a5d2e48fc8cb e761660862c3414aa998f844134ef90b afa7bd8107b24493a44f235c1e638b44 - - default default] Successfully bumped revision number for resource 2bcc806b-888a-4201-9f7e-68781baaa666 (type: security_group_rules) to 0
2026-08-04 22:48:46.470 10 INFO neutron.db.ovn_revision_numbers_db [None req-ee234316-ba26-4bc6-b2ef-a5d2e48fc8cb e761660862c3414aa998f844134ef90b afa7bd8107b24493a44f235c1e638b44 - - default default] Successfully bumped revision number for resource 43102871-6ff6-4d5f-9c97-4f6dcdb357f9 (type: security_group_rules) to 0
2026-08-04 22:48:46.496 10 INFO neutron.db.ovn_revision_numbers_db [None req-ee234316-ba26-4bc6-b2ef-a5d2e48fc8cb e761660862c3414aa998f844134ef90b afa7bd8107b24493a44f235c1e638b44 - - default default] Successfully bumped revision number for resource b77db0bd-9709-464b-b576-de5a44a50a15 (type: security_group_rules) to 0
2026-08-04 22:48:46.528 10 INFO neutron.db.ovn_revision_numbers_db [None req-ee234316-ba26-4bc6-b2ef-a5d2e48fc8cb e761660862c3414aa998f844134ef90b afa7bd8107b24493a44f235c1e638b44 - - default default] Successfully bumped revision number for resource e10ac1bf-3f90-4e29-bc4e-68a5fe5167fc (type: security_group_rules) to 0
2026-08-04 22:48:46.572 10 INFO neutron.wsgi [None req-ee234316-ba26-4bc6-b2ef-a5d2e48fc8cb e761660862c3414aa998f844134ef90b afa7bd8107b24493a44f235c1e638b44 - - default default] 10.0.0.72 "GET /v2.0/security-groups?tenant_id=22423f9b86d5436ba5e28f9e5964e255&name=default HTTP/1.1" status: 200 len: 2996 time: 0.4229443
2026-08-04 22:48:46.635 10 INFO neutron.wsgi [None req-02220f85-6922-4c36-810a-b327bf78b56a 740880cb41bb444ea9881261192dd632 568d10949d45443ead13a88828569bd1 - - default default] 10.0.0.72 "POST /v2.0/trunks HTTP/1.1" status: 201 len: 608 time: 0.2899067
2026-08-04 22:48:46.665 10 INFO neutron.wsgi [None req-07e4243a-6b65-4651-a96f-32ab84ebe8fd 740880cb41bb444ea9881261192dd632 568d10949d45443ead13a88828569bd1 - - default default] 10.0.0.72 "PUT /v2.0/trunks/78e75dce-2c02-435e-a124-ad743031ba48/tags HTTP/1.1" status: 200 len: 218 time: 0.0238829
2026-08-04 22:48:46.710 9 INFO neutron.wsgi [None req-77a7a994-7809-460b-93c3-747cff5e915d 740880cb41bb444ea9881261192dd632 568d10949d45443ead13a88828569bd1 - - default default] 10.0.0.72 "GET /v2.0/trunks/78e75dce-2c02-435e-a124-ad743031ba48/tags HTTP/1.1" status: 200 len: 218 time: 0.0407698
2026-08-04 22:48:46.742 10 INFO neutron.wsgi [None req-b891216f-518a-4348-be6f-ec2e7d634ed8 740880cb41bb444ea9881261192dd632 568d10949d45443ead13a88828569bd1 - - default default] 10.0.0.72 "PUT /v2.0/trunks/78e75dce-2c02-435e-a124-ad743031ba48/tags/green HTTP/1.1" status: 201 len: 201 time: 0.0273485
2026-08-04 22:48:46.763 10 INFO neutron.wsgi [None req-cbfe971c-afa2-4e8a-bbc1-37d70844427d 740880cb41bb444ea9881261192dd632 568d10949d45443ead13a88828569bd1 - - default default] 10.0.0.72 "GET /v2.0/trunks/78e75dce-2c02-435e-a124-ad743031ba48/tags HTTP/1.1" status: 200 len: 227 time: 0.0156608
2026-08-04 22:48:46.785 10 INFO neutron.wsgi [None req-82325e03-82a1-4020-b053-bdde7f3a84e7 740880cb41bb444ea9881261192dd632 568d10949d45443ead13a88828569bd1 - - default default] 10.0.0.72 "PUT /v2.0/trunks/78e75dce-2c02-435e-a124-ad743031ba48/tags/red HTTP/1.1" status: 201 len: 201 time: 0.0161777
2026-08-04 22:48:46.813 10 INFO neutron.wsgi [None req-35040833-36b1-4a8f-b403-5783b089dd99 740880cb41bb444ea9881261192dd632 568d10949d45443ead13a88828569bd1 - - default default] 10.0.0.72 "GET /v2.0/trunks/78e75dce-2c02-435e-a124-ad743031ba48/tags HTTP/1.1" status: 200 len: 227 time: 0.0226998
2026-08-04 22:48:46.820 10 INFO neutron.wsgi [None req-1db851c2-4907-46ec-8600-50f722d0f5f5 e761660862c3414aa998f844134ef90b afa7bd8107b24493a44f235c1e638b44 - - default default] 10.0.0.72 "DELETE /v2.0/security-groups/8cb06daf-b3bb-4860-b1a1-12486cba9587 HTTP/1.1" status: 204 len: 168 time: 0.2428656
2026-08-04 22:48:46.820 9 INFO neutron.plugins.ml2.drivers.ovn.mech_driver.mech_driver [None req-ae43b803-d6a9-416c-bde3-9ed624d32b06 - - - - - -] OVN reports status up for port: 94f320d6-7754-43da-b92f-c51181271256
2026-08-04 22:48:46.845 10 INFO neutron.plugins.ml2.drivers.ovn.mech_driver.ovsdb.ovsdb_monitor [None req-7a492dc3-af97-46cf-8a05-598df4ea5c06 - - - - - -] Router 4ad0d51d-a304-4d0d-996d-b4b8f5a12582 is bound to host instance
2026-08-04 22:48:46.875 9 INFO neutron.plugins.ml2.plugin [None req-ae43b803-d6a9-416c-bde3-9ed624d32b06 - - - - - -] Attempt 1 to provision port 94f320d6-7754-43da-b92f-c51181271256
2026-08-04 22:48:46.883 9 INFO neutron.db.ovn_revision_numbers_db [None req-d3f6da18-52a0-4630-a1fc-e0633ad0f079 e761660862c3414aa998f844134ef90b afa7bd8107b24493a44f235c1e638b44 - - default default] Successfully bumped revision number for resource 94f320d6-7754-43da-b92f-c51181271256 (type: router_ports) to 1
2026-08-04 22:48:46.887 9 INFO neutron.wsgi [None req-31a2e92d-7f12-481a-b59f-f9d59eb42250 740880cb41bb444ea9881261192dd632 568d10949d45443ead13a88828569bd1 - - default default] 10.0.0.72 "PUT /v2.0/trunks/78e75dce-2c02-435e-a124-ad743031ba48/tags/black.or.white HTTP/1.1" status: 201 len: 201 time: 0.0669725
2026-08-04 22:48:46.914 10 INFO neutron.wsgi [None req-b6b7d7bb-51e0-433f-9baa-6df1f750b024 740880cb41bb444ea9881261192dd632 568d10949d45443ead13a88828569bd1 - - default default] 10.0.0.72 "GET /v2.0/trunks/78e75dce-2c02-435e-a124-ad743031ba48/tags HTTP/1.1" status: 200 len: 245 time: 0.0221329
2026-08-04 22:48:46.965 10 INFO neutron.wsgi [None req-4c7e7db4-029a-437f-8306-a1d8e6672a60 740880cb41bb444ea9881261192dd632 568d10949d45443ead13a88828569bd1 - - default default] 10.0.0.72 "PUT /v2.0/trunks/78e75dce-2c02-435e-a124-ad743031ba48/tags HTTP/1.1" status: 200 len: 230 time: 0.0438545
2026-08-04 22:48:46.989 9 INFO neutron.db.ovn_revision_numbers_db [None req-d3f6da18-52a0-4630-a1fc-e0633ad0f079 e761660862c3414aa998f844134ef90b afa7bd8107b24493a44f235c1e638b44 - - default default] Successfully bumped revision number for resource 4ad0d51d-a304-4d0d-996d-b4b8f5a12582 (type: routers) to 2
2026-08-04 22:48:47.010 9 INFO neutron.wsgi [None req-4247f5f6-e64a-4a17-9331-1ece507216b9 740880cb41bb444ea9881261192dd632 568d10949d45443ead13a88828569bd1 - - default default] 10.0.0.72 "GET /v2.0/trunks/78e75dce-2c02-435e-a124-ad743031ba48/tags HTTP/1.1" status: 200 len: 230 time: 0.0377829
2026-08-04 22:48:47.026 9 INFO neutron.wsgi [None req-d3f6da18-52a0-4630-a1fc-e0633ad0f079 e761660862c3414aa998f844134ef90b afa7bd8107b24493a44f235c1e638b44 - - default default] 10.0.0.72 "POST /v2.0/routers HTTP/1.1" status: 201 len: 873 time: 1.4244823
2026-08-04 22:48:47.029 10 INFO neutron.wsgi [None req-fa161eaa-4376-4600-ad3f-94676a4a45aa 740880cb41bb444ea9881261192dd632 568d10949d45443ead13a88828569bd1 - - default default] 10.0.0.72 "GET /v2.0/trunks/78e75dce-2c02-435e-a124-ad743031ba48/tags/red HTTP/1.1" status: 204 len: 168 time: 0.0151772
2026-08-04 22:48:47.052 10 INFO neutron.api.v2.resource [None req-e09ffb67-616c-4e74-970b-c05686df6ab1 740880cb41bb444ea9881261192dd632 568d10949d45443ead13a88828569bd1 - - default default] show failed (client error): The resource could not be found.
2026-08-04 22:48:47.053 10 INFO neutron.wsgi [None req-e09ffb67-616c-4e74-970b-c05686df6ab1 740880cb41bb444ea9881261192dd632 568d10949d45443ead13a88828569bd1 - - default default] 10.0.0.72 "GET /v2.0/trunks/78e75dce-2c02-435e-a124-ad743031ba48/tags/green HTTP/1.1" status: 404 len: 299 time: 0.0200973
2026-08-04 22:48:47.096 10 INFO neutron.wsgi [None req-7e5aa0cb-f583-4d50-acda-67154e6adcb1 740880cb41bb444ea9881261192dd632 568d10949d45443ead13a88828569bd1 - - default default] 10.0.0.72 "DELETE /v2.0/trunks/78e75dce-2c02-435e-a124-ad743031ba48/tags/red HTTP/1.1" status: 204 len: 168 time: 0.0383849
2026-08-04 22:48:47.119 9 INFO neutron.wsgi [None req-e5a19269-1fdf-4a9b-b11a-02eedbfaeef0 740880cb41bb444ea9881261192dd632 568d10949d45443ead13a88828569bd1 - - default default] 10.0.0.72 "GET /v2.0/trunks/78e75dce-2c02-435e-a124-ad743031ba48/tags HTTP/1.1" status: 200 len: 223 time: 0.0170481
2026-08-04 22:48:47.130 9 INFO neutron.db.ovn_revision_numbers_db [None req-648a204d-9f06-4af6-ba81-26fc2e668144 e761660862c3414aa998f844134ef90b afa7bd8107b24493a44f235c1e638b44 - - default default] Successfully bumped revision number for resource f0f69c21-88e1-4bf9-b06d-7c5a2169f5f1 (type: security_groups) to 1
2026-08-04 22:48:47.155 9 INFO neutron.db.ovn_revision_numbers_db [None req-648a204d-9f06-4af6-ba81-26fc2e668144 e761660862c3414aa998f844134ef90b afa7bd8107b24493a44f235c1e638b44 - - default default] Successfully bumped revision number for resource 2fd22aca-be9f-4bf4-a8e2-4806a53d6eca (type: security_group_rules) to 0
2026-08-04 22:48:47.161 10 INFO neutron.api.v2.resource [None req-51920dc4-1989-4bd2-8618-aa668a1732bc 740880cb41bb444ea9881261192dd632 568d10949d45443ead13a88828569bd1 - - default default] delete failed (client error): The resource could not be found.
2026-08-04 22:48:47.163 10 INFO neutron.wsgi [None req-51920dc4-1989-4bd2-8618-aa668a1732bc 740880cb41bb444ea9881261192dd632 568d10949d45443ead13a88828569bd1 - - default default] 10.0.0.72 "DELETE /v2.0/trunks/78e75dce-2c02-435e-a124-ad743031ba48/tags/green HTTP/1.1" status: 404 len: 299 time: 0.0374575
2026-08-04 22:48:47.174 9 INFO neutron.db.ovn_revision_numbers_db [None req-648a204d-9f06-4af6-ba81-26fc2e668144 e761660862c3414aa998f844134ef90b afa7bd8107b24493a44f235c1e638b44 - - default default] Successfully bumped revision number for resource 51f3295e-0947-480b-b580-1200a6b43a37 (type: security_group_rules) to 0
2026-08-04 22:48:47.202 9 INFO neutron.db.ovn_revision_numbers_db [None req-648a204d-9f06-4af6-ba81-26fc2e668144 e761660862c3414aa998f844134ef90b afa7bd8107b24493a44f235c1e638b44 - - default default] Successfully bumped revision number for resource 95fece3b-5e09-4b4c-b1da-f8b719929f60 (type: security_group_rules) to 0
2026-08-04 22:48:47.214 9 INFO neutron.wsgi [None req-c750f4b0-0b07-48aa-81bd-c024d04d4651 740880cb41bb444ea9881261192dd632 568d10949d45443ead13a88828569bd1 - - default default] 10.0.0.72 "DELETE /v2.0/trunks/78e75dce-2c02-435e-a124-ad743031ba48/tags HTTP/1.1" status: 204 len: 168 time: 0.0467458
2026-08-04 22:48:47.224 9 INFO neutron.db.ovn_revision_numbers_db [None req-648a204d-9f06-4af6-ba81-26fc2e668144 e761660862c3414aa998f844134ef90b afa7bd8107b24493a44f235c1e638b44 - - default default] Successfully bumped revision number for resource ef0a8e15-3266-4faf-8fbb-662979bd96e3 (type: security_group_rules) to 0
2026-08-04 22:48:47.247 9 INFO neutron.wsgi [None req-be089a7a-0083-4e2d-8534-54c45e06ddbd 740880cb41bb444ea9881261192dd632 568d10949d45443ead13a88828569bd1 - - default default] 10.0.0.72 "GET /v2.0/trunks/78e75dce-2c02-435e-a124-ad743031ba48/tags HTTP/1.1" status: 200 len: 205 time: 0.0249467
2026-08-04 22:48:47.257 9 INFO neutron.wsgi [None req-648a204d-9f06-4af6-ba81-26fc2e668144 e761660862c3414aa998f844134ef90b afa7bd8107b24493a44f235c1e638b44 - - default default] 10.0.0.72 "GET /v2.0/security-groups?tenant_id=577ebc09f9074adab7e378dd00579880&name=default HTTP/1.1" status: 200 len: 2996 time: 0.3251977
2026-08-04 22:48:47.289 9 INFO neutron.wsgi [None req-613891c7-7665-49c7-bc66-ca2d1872f397 740880cb41bb444ea9881261192dd632 568d10949d45443ead13a88828569bd1 - - default default] 10.0.0.72 "GET /v2.0/trunks/78e75dce-2c02-435e-a124-ad743031ba48 HTTP/1.1" status: 200 len: 603 time: 0.0309181
2026-08-04 22:48:47.448 9 INFO neutron.wsgi [None req-bd11e738-fa48-4745-b46f-08316f29513a 740880cb41bb444ea9881261192dd632 568d10949d45443ead13a88828569bd1 - - default default] 10.0.0.72 "GET /v2.0/ports/c39cb6e8-aae7-434f-a02d-abaa1fea81cd HTTP/1.1" status: 200 len: 1020 time: 0.1551735
2026-08-04 22:48:47.573 10 INFO neutron.db.ovn_revision_numbers_db [None req-7a492dc3-af97-46cf-8a05-598df4ea5c06 - - - - - -] Successfully bumped revision number for resource 94f320d6-7754-43da-b92f-c51181271256 (type: ports) to 1
2026-08-04 22:48:47.587 9 INFO neutron.wsgi [None req-28b0d52e-4e21-4212-840b-4a30ab88a7a5 740880cb41bb444ea9881261192dd632 568d10949d45443ead13a88828569bd1 - - default default] 10.0.0.72 "DELETE /v2.0/trunks/78e75dce-2c02-435e-a124-ad743031ba48 HTTP/1.1" status: 204 len: 168 time: 0.1338687
2026-08-04 22:48:47.642 9 WARNING neutron.scheduler.dhcp_agent_scheduler [None req-a5e160bd-2cf0-429c-b632-036df94b2d41 e761660862c3414aa998f844134ef90b afa7bd8107b24493a44f235c1e638b44 - - default default] No more DHCP agents
2026-08-04 22:48:47.643 9 WARNING neutron.api.rpc.agentnotifiers.dhcp_rpc_agent_api [None req-a5e160bd-2cf0-429c-b632-036df94b2d41 e761660862c3414aa998f844134ef90b afa7bd8107b24493a44f235c1e638b44 - - default default] Unable to schedule network a425d486-7c5a-4269-a869-56e8e5192d3f: no agents available; will retry on subsequent port and subnet creation events.
2026-08-04 22:48:47.678 9 INFO neutron.wsgi [None req-807fe52c-4ab7-4f6a-9822-d0f1a3d78163 e761660862c3414aa998f844134ef90b afa7bd8107b24493a44f235c1e638b44 - - default default] 10.0.0.72 "DELETE /v2.0/security-groups/f0f69c21-88e1-4bf9-b06d-7c5a2169f5f1 HTTP/1.1" status: 204 len: 168 time: 0.4089386
2026-08-04 22:48:47.842 10 INFO neutron.db.ovn_revision_numbers_db [None req-7a492dc3-af97-46cf-8a05-598df4ea5c06 - - - - - -] Successfully bumped revision number for resource 94f320d6-7754-43da-b92f-c51181271256 (type: router_ports) to 3
2026-08-04 22:48:47.874 9 INFO neutron.db.ovn_revision_numbers_db [None req-a5e160bd-2cf0-429c-b632-036df94b2d41 e761660862c3414aa998f844134ef90b afa7bd8107b24493a44f235c1e638b44 - - default default] Successfully bumped revision number for resource 664f4846-b5af-4f35-8426-7a9aa4ae5b39 (type: ports) to 1
2026-08-04 22:48:47.892 9 INFO neutron.wsgi [None req-75e8b6b0-fa9f-41fe-85c2-c17478bc867d 740880cb41bb444ea9881261192dd632 568d10949d45443ead13a88828569bd1 - - default default] 10.0.0.72 "DELETE /v2.0/ports/c39cb6e8-aae7-434f-a02d-abaa1fea81cd HTTP/1.1" status: 204 len: 168 time: 0.2965896
2026-08-04 22:48:47.931 10 INFO neutron.wsgi [None req-5ee033f3-928a-470f-92ce-7cf6a7ea4e8e e761660862c3414aa998f844134ef90b afa7bd8107b24493a44f235c1e638b44 - - default default] 10.0.0.72 "GET /v2.0/security-groups?tenant_id=e9079149926c457b901cda7e8eaac06d&name=default HTTP/1.1" status: 200 len: 2996 time: 0.0744245
2026-08-04 22:48:48.102 10 INFO neutron.db.ovn_revision_numbers_db [None req-7a492dc3-af97-46cf-8a05-598df4ea5c06 - - - - - -] Successfully bumped revision number for resource 94f320d6-7754-43da-b92f-c51181271256 (type: ports) to 2
2026-08-04 22:48:48.339 10 INFO neutron.services.segments.plugin [-] Segment f0a14b94-4f6a-48eb-8a8b-060f0c3cce8c resource provider aggregate not found
2026-08-04 22:48:48.344 10 INFO neutron.services.segments.plugin [-] Segment f0a14b94-4f6a-48eb-8a8b-060f0c3cce8c resource provider aggregate not found
2026-08-04 22:48:48.356 10 INFO neutron.services.segments.plugin [-] Segment f0a14b94-4f6a-48eb-8a8b-060f0c3cce8c resource provider not found; error: Placement Client Error (4xx): {"errors": [{"status": 404, "title": "Not Found", "detail": "The resource could not be found.\n\n No resource provider with uuid f0a14b94-4f6a-48eb-8a8b-060f0c3cce8c found for delete ", "request_id": "req-c7b3d01a-e891-4b75-bd12-25ec1ca86bff"}]}
2026-08-04 22:48:48.365 10 INFO neutron.services.segments.plugin [-] Segment f0a14b94-4f6a-48eb-8a8b-060f0c3cce8c resource provider not found; error: Placement Client Error (4xx): {"errors": [{"status": 404, "title": "Not Found", "detail": "The resource could not be found.\n\n No resource provider with uuid f0a14b94-4f6a-48eb-8a8b-060f0c3cce8c found for delete ", "request_id": "req-defcc6a2-cbb7-4bed-a7b1-7aa1bfb1e687"}]}
2026-08-04 22:48:48.401 10 INFO neutron.wsgi [None req-57ced622-2c4e-4801-b19e-e6a2c240b94b 740880cb41bb444ea9881261192dd632 568d10949d45443ead13a88828569bd1 - - default default] 10.0.0.72 "DELETE /v2.0/networks/eb34d95d-b22b-4bea-9500-505ffc9da712 HTTP/1.1" status: 204 len: 168 time: 0.5000083
2026-08-04 22:48:48.438 10 INFO neutron.db.ovn_revision_numbers_db [None req-7a492dc3-af97-46cf-8a05-598df4ea5c06 - - - - - -] Successfully bumped revision number for resource 94f320d6-7754-43da-b92f-c51181271256 (type: ports) to 4
2026-08-04 22:48:48.442 9 INFO neutron.wsgi [None req-2bba7204-6078-42c1-ab57-5defcc7cbfde e761660862c3414aa998f844134ef90b afa7bd8107b24493a44f235c1e638b44 - - default default] 10.0.0.72 "DELETE /v2.0/security-groups/67326247-53de-46da-80a2-171e110d73d7 HTTP/1.1" status: 204 len: 168 time: 0.5066879
2026-08-04 22:48:48.595 9 INFO neutron.db.ovn_revision_numbers_db [None req-a5e160bd-2cf0-429c-b632-036df94b2d41 e761660862c3414aa998f844134ef90b afa7bd8107b24493a44f235c1e638b44 - - default default] Successfully bumped revision number for resource 664f4846-b5af-4f35-8426-7a9aa4ae5b39 (type: router_ports) to 1
2026-08-04 22:48:48.665 10 INFO neutron.db.ovn_revision_numbers_db [None req-7a492dc3-af97-46cf-8a05-598df4ea5c06 - - - - - -] Successfully bumped revision number for resource 94f320d6-7754-43da-b92f-c51181271256 (type: router_ports) to 4
2026-08-04 22:48:48.725 10 WARNING neutron.plugins.ml2.drivers.ovn.mech_driver.ovsdb.ovn_client [None req-a04ed9aa-9a94-4106-8ac5-7bd5a8e8f978 - - - - - -] No hosting information found for port e50178b4-02a5-4301-b0fa-1cac6a431136: RuntimeError: No hosting information found for port e50178b4-02a5-4301-b0fa-1cac6a431136
2026-08-04 22:48:48.758 9 INFO neutron.db.ovn_revision_numbers_db [None req-a5e160bd-2cf0-429c-b632-036df94b2d41 e761660862c3414aa998f844134ef90b afa7bd8107b24493a44f235c1e638b44 - - default default] Successfully bumped revision number for resource 664f4846-b5af-4f35-8426-7a9aa4ae5b39 (type: ports) to 1
2026-08-04 22:48:48.841 9 WARNING neutron.scheduler.dhcp_agent_scheduler [None req-a5e160bd-2cf0-429c-b632-036df94b2d41 e761660862c3414aa998f844134ef90b afa7bd8107b24493a44f235c1e638b44 - - default default] No more DHCP agents
2026-08-04 22:48:48.844 9 WARNING neutron.api.rpc.agentnotifiers.dhcp_rpc_agent_api [None req-a5e160bd-2cf0-429c-b632-036df94b2d41 e761660862c3414aa998f844134ef90b afa7bd8107b24493a44f235c1e638b44 - - default default] Unable to schedule network a425d486-7c5a-4269-a869-56e8e5192d3f: no agents available; will retry on subsequent port and subnet creation events.
2026-08-04 22:48:49.166 10 INFO neutron.wsgi [None req-dacc9cbf-56cf-44ae-8850-14e140dac805 e761660862c3414aa998f844134ef90b afa7bd8107b24493a44f235c1e638b44 - - default default] 10.0.0.72 "GET /v2.0/security-groups?tenant_id=568d10949d45443ead13a88828569bd1&name=default HTTP/1.1" status: 200 len: 2996 time: 0.1241052
2026-08-04 22:48:49.285 9 INFO neutron.plugins.ml2.drivers.ovn.mech_driver.mech_driver [None req-ae43b803-d6a9-416c-bde3-9ed624d32b06 - - - - - -] OVN reports status up for port: 664f4846-b5af-4f35-8426-7a9aa4ae5b39
2026-08-04 22:48:49.294 9 INFO neutron.plugins.ml2.plugin [None req-ae43b803-d6a9-416c-bde3-9ed624d32b06 - - - - - -] Attempt 1 to provision port 664f4846-b5af-4f35-8426-7a9aa4ae5b39
2026-08-04 22:48:49.384 10 INFO neutron.wsgi [None req-c640cb57-b4d6-4451-9c50-2aba1f0a4454 e761660862c3414aa998f844134ef90b afa7bd8107b24493a44f235c1e638b44 - - default default] 10.0.0.72 "DELETE /v2.0/security-groups/03e868a8-9a5e-4d38-8c42-736232080b51 HTTP/1.1" status: 204 len: 168 time: 0.2122161
2026-08-04 22:48:49.421 9 INFO neutron.db.ovn_revision_numbers_db [None req-a5e160bd-2cf0-429c-b632-036df94b2d41 e761660862c3414aa998f844134ef90b afa7bd8107b24493a44f235c1e638b44 - - default default] Successfully bumped revision number for resource 664f4846-b5af-4f35-8426-7a9aa4ae5b39 (type: router_ports) to 1
2026-08-04 22:48:49.423 9 INFO neutron.wsgi [None req-a5e160bd-2cf0-429c-b632-036df94b2d41 e761660862c3414aa998f844134ef90b afa7bd8107b24493a44f235c1e638b44 - - default default] 10.0.0.72 "PUT /v2.0/routers/4ad0d51d-a304-4d0d-996d-b4b8f5a12582/add_router_interface HTTP/1.1" status: 200 len: 503 time: 2.3932774
2026-08-04 22:48:49.602 9 INFO neutron.db.ovn_revision_numbers_db [None req-ae43b803-d6a9-416c-bde3-9ed624d32b06 - - - - - -] Successfully bumped revision number for resource 664f4846-b5af-4f35-8426-7a9aa4ae5b39 (type: ports) to 2
2026-08-04 22:48:49.721 9 INFO neutron.db.ovn_revision_numbers_db [None req-717fd923-3fb9-4f8a-9802-8e84350f33ff e761660862c3414aa998f844134ef90b afa7bd8107b24493a44f235c1e638b44 - - default default] Successfully bumped revision number for resource ef66e7c8-697d-4d3e-88af-db17bbca3dad (type: security_groups) to 1
2026-08-04 22:48:49.749 9 INFO neutron.db.ovn_revision_numbers_db [None req-717fd923-3fb9-4f8a-9802-8e84350f33ff e761660862c3414aa998f844134ef90b afa7bd8107b24493a44f235c1e638b44 - - default default] Successfully bumped revision number for resource 15da03c9-7949-4eb7-bd77-ae6e4c8b4e37 (type: security_group_rules) to 0
2026-08-04 22:48:49.760 9 INFO neutron.db.ovn_revision_numbers_db [None req-ae43b803-d6a9-416c-bde3-9ed624d32b06 - - - - - -] Successfully bumped revision number for resource 664f4846-b5af-4f35-8426-7a9aa4ae5b39 (type: router_ports) to 2
2026-08-04 22:48:49.769 9 INFO neutron.db.ovn_revision_numbers_db [None req-717fd923-3fb9-4f8a-9802-8e84350f33ff e761660862c3414aa998f844134ef90b afa7bd8107b24493a44f235c1e638b44 - - default default] Successfully bumped revision number for resource 6ece40cb-100b-4d50-b8cb-acbb26a627f3 (type: security_group_rules) to 0
2026-08-04 22:48:49.801 9 INFO neutron.db.ovn_revision_numbers_db [None req-717fd923-3fb9-4f8a-9802-8e84350f33ff e761660862c3414aa998f844134ef90b afa7bd8107b24493a44f235c1e638b44 - - default default] Successfully bumped revision number for resource a6f468d5-0991-4b54-8868-222b65e553fa (type: security_group_rules) to 0
2026-08-04 22:48:49.818 9 INFO neutron.db.ovn_revision_numbers_db [None req-717fd923-3fb9-4f8a-9802-8e84350f33ff e761660862c3414aa998f844134ef90b afa7bd8107b24493a44f235c1e638b44 - - default default] Successfully bumped revision number for resource fe279690-c5cd-473c-9c2b-8ff0cfe73b82 (type: security_group_rules) to 0
2026-08-04 22:48:49.861 9 INFO neutron.wsgi [None req-717fd923-3fb9-4f8a-9802-8e84350f33ff e761660862c3414aa998f844134ef90b afa7bd8107b24493a44f235c1e638b44 - - default default] 10.0.0.72 "GET /v2.0/security-groups?tenant_id=7dcbbfea1467463dbe0db88336175c3d&name=default HTTP/1.1" status: 200 len: 2996 time: 0.3359389
2026-08-04 22:48:50.041 9 INFO neutron.wsgi [None req-6e56d2d3-3b78-4e54-9feb-439ba7a329e5 e761660862c3414aa998f844134ef90b afa7bd8107b24493a44f235c1e638b44 - - default default] 10.0.0.72 "DELETE /v2.0/security-groups/ef66e7c8-697d-4d3e-88af-db17bbca3dad HTTP/1.1" status: 204 len: 168 time: 0.1735191
2026-08-04 22:48:50.224 9 INFO neutron.db.ovn_revision_numbers_db [None req-c4841f83-d941-4285-b924-a247604f9ff9 40b929abc5b74584aacc71959e8f0441 0193ecce98b4477489537d17169dd728 - - default default] Successfully bumped revision number for resource 3f10f89f-c84a-4e07-8a21-76259a7bc8ad (type: security_groups) to 1
2026-08-04 22:48:50.238 9 INFO neutron.db.ovn_revision_numbers_db [None req-c4841f83-d941-4285-b924-a247604f9ff9 40b929abc5b74584aacc71959e8f0441 0193ecce98b4477489537d17169dd728 - - default default] Successfully bumped revision number for resource 5d894c7f-9e8c-4806-9fb4-b4d0a9880d36 (type: security_group_rules) to 0
2026-08-04 22:48:50.253 9 INFO neutron.db.ovn_revision_numbers_db [None req-c4841f83-d941-4285-b924-a247604f9ff9 40b929abc5b74584aacc71959e8f0441 0193ecce98b4477489537d17169dd728 - - default default] Successfully bumped revision number for resource f860b2c1-153a-4457-9c0b-72399604ebd5 (type: security_group_rules) to 0
2026-08-04 22:48:50.275 9 INFO neutron.wsgi [None req-c4841f83-d941-4285-b924-a247604f9ff9 40b929abc5b74584aacc71959e8f0441 0193ecce98b4477489537d17169dd728 - - default default] 10.0.0.72 "POST /v2.0/security-groups HTTP/1.1" status: 201 len: 1809 time: 0.1653001
2026-08-04 22:48:50.406 9 INFO neutron.db.ovn_revision_numbers_db [None req-372c9e15-e7d4-4bc8-8975-5293291fe5fa 40b929abc5b74584aacc71959e8f0441 0193ecce98b4477489537d17169dd728 - - default default] Successfully bumped revision number for resource f027d77f-7b95-4c3c-b8d7-d2b03db98277 (type: security_group_rules) to 0
2026-08-04 22:48:50.437 9 INFO neutron.wsgi [None req-372c9e15-e7d4-4bc8-8975-5293291fe5fa 40b929abc5b74584aacc71959e8f0441 0193ecce98b4477489537d17169dd728 - - default default] 10.0.0.72 "POST /v2.0/security-group-rules HTTP/1.1" status: 201 len: 764 time: 0.1571605
2026-08-04 22:48:50.601 9 INFO neutron.db.ovn_revision_numbers_db [None req-e29f0698-cb45-4e8a-bbd4-1944afa4e6c1 40b929abc5b74584aacc71959e8f0441 0193ecce98b4477489537d17169dd728 - - default default] Successfully bumped revision number for resource 2361a92f-aa13-4706-b674-4243146dda23 (type: security_group_rules) to 0
2026-08-04 22:48:50.636 9 INFO neutron.wsgi [None req-e29f0698-cb45-4e8a-bbd4-1944afa4e6c1 40b929abc5b74584aacc71959e8f0441 0193ecce98b4477489537d17169dd728 - - default default] 10.0.0.72 "POST /v2.0/security-group-rules HTTP/1.1" status: 201 len: 763 time: 0.1950169
2026-08-04 22:48:50.791 9 INFO neutron.db.ovn_revision_numbers_db [None req-d8353cec-d9ed-4764-bc5e-27ae0eefe45b 40b929abc5b74584aacc71959e8f0441 0193ecce98b4477489537d17169dd728 - - default default] Successfully bumped revision number for resource ca8ff506-8560-4c59-9eb4-e43271a0d49f (type: security_group_rules) to 0
2026-08-04 22:48:50.824 9 INFO neutron.wsgi [None req-d8353cec-d9ed-4764-bc5e-27ae0eefe45b 40b929abc5b74584aacc71959e8f0441 0193ecce98b4477489537d17169dd728 - - default default] 10.0.0.72 "POST /v2.0/security-group-rules HTTP/1.1" status: 201 len: 769 time: 0.1816115
2026-08-04 22:48:50.960 9 INFO neutron.db.ovn_revision_numbers_db [None req-d6ecdef0-fd7e-4016-9dea-3eb09ee540d9 40b929abc5b74584aacc71959e8f0441 0193ecce98b4477489537d17169dd728 - - default default] Successfully bumped revision number for resource c1b42235-b14f-4ce4-a060-635fcba7b63a (type: security_group_rules) to 0
2026-08-04 22:48:50.983 9 INFO neutron.wsgi [None req-d6ecdef0-fd7e-4016-9dea-3eb09ee540d9 40b929abc5b74584aacc71959e8f0441 0193ecce98b4477489537d17169dd728 - - default default] 10.0.0.72 "POST /v2.0/security-group-rules HTTP/1.1" status: 201 len: 768 time: 0.1543653
2026-08-04 22:48:51.007 9 INFO neutron.db.securitygroups_db [None req-98166c94-19f5-43e0-8b49-995ebcc062a9 40b929abc5b74584aacc71959e8f0441 0193ecce98b4477489537d17169dd728 - - default default] Project 0193ecce98b4477489537d17169dd728 added a security group rule with legacy IPv6 ICMP protocol name icmp, ipv6-icmp should be used instead. It was automatically converted.
2026-08-04 22:48:51.094 9 INFO neutron.db.ovn_revision_numbers_db [None req-98166c94-19f5-43e0-8b49-995ebcc062a9 40b929abc5b74584aacc71959e8f0441 0193ecce98b4477489537d17169dd728 - - default default] Successfully bumped revision number for resource 90cf9944-c03b-4e43-87a6-6ed8a30393e8 (type: security_group_rules) to 0
2026-08-04 22:48:51.118 9 INFO neutron.wsgi [None req-98166c94-19f5-43e0-8b49-995ebcc062a9 40b929abc5b74584aacc71959e8f0441 0193ecce98b4477489537d17169dd728 - - default default] 10.0.0.72 "POST /v2.0/security-group-rules HTTP/1.1" status: 201 len: 774 time: 0.1296818
2026-08-04 22:48:51.146 9 INFO neutron.db.securitygroups_db [None req-109844bb-6c1f-49e6-93cf-d469d3b17603 40b929abc5b74584aacc71959e8f0441 0193ecce98b4477489537d17169dd728 - - default default] Project 0193ecce98b4477489537d17169dd728 added a security group rule with legacy IPv6 ICMP protocol name icmp, ipv6-icmp should be used instead. It was automatically converted.
2026-08-04 22:48:51.268 9 INFO neutron.db.ovn_revision_numbers_db [None req-109844bb-6c1f-49e6-93cf-d469d3b17603 40b929abc5b74584aacc71959e8f0441 0193ecce98b4477489537d17169dd728 - - default default] Successfully bumped revision number for resource 93a58f04-0fb5-4ac4-b25c-f69edcf3a608 (type: security_group_rules) to 0
2026-08-04 22:48:51.305 9 INFO neutron.wsgi [None req-109844bb-6c1f-49e6-93cf-d469d3b17603 40b929abc5b74584aacc71959e8f0441 0193ecce98b4477489537d17169dd728 - - default default] 10.0.0.72 "POST /v2.0/security-group-rules HTTP/1.1" status: 201 len: 773 time: 0.1823926
2026-08-04 22:48:51.826 10 INFO neutron.db.ovn_revision_numbers_db [None req-77abc0c6-8a74-4576-a1f8-03d66f638671 40b929abc5b74584aacc71959e8f0441 0193ecce98b4477489537d17169dd728 - - default default] Successfully bumped revision number for resource 932ef030-0ee1-417b-86a5-d2e856cf3ee6 (type: security_groups) to 1
2026-08-04 22:48:51.842 10 INFO neutron.db.ovn_revision_numbers_db [None req-77abc0c6-8a74-4576-a1f8-03d66f638671 40b929abc5b74584aacc71959e8f0441 0193ecce98b4477489537d17169dd728 - - default default] Successfully bumped revision number for resource 66e9c54b-50e1-4b1e-91ac-af4225720bf1 (type: security_group_rules) to 0
2026-08-04 22:48:51.861 10 INFO neutron.db.ovn_revision_numbers_db [None req-77abc0c6-8a74-4576-a1f8-03d66f638671 40b929abc5b74584aacc71959e8f0441 0193ecce98b4477489537d17169dd728 - - default default] Successfully bumped revision number for resource c1d8f565-2d09-444c-8ad7-2a8d5fa5e220 (type: security_group_rules) to 0
2026-08-04 22:48:51.886 10 INFO neutron.wsgi [None req-77abc0c6-8a74-4576-a1f8-03d66f638671 40b929abc5b74584aacc71959e8f0441 0193ecce98b4477489537d17169dd728 - - default default] 10.0.0.72 "POST /v2.0/security-groups HTTP/1.1" status: 201 len: 1796 time: 0.1890559
2026-08-04 22:48:51.991 10 INFO neutron.db.ovn_revision_numbers_db [None req-c0c39bec-b80b-487c-966a-b6e23c448179 40b929abc5b74584aacc71959e8f0441 0193ecce98b4477489537d17169dd728 - - default default] Successfully bumped revision number for resource e900244a-0ea3-4a99-bad6-9d20a201d18f (type: security_group_rules) to 0
2026-08-04 22:48:52.017 10 INFO neutron.wsgi [None req-c0c39bec-b80b-487c-966a-b6e23c448179 40b929abc5b74584aacc71959e8f0441 0193ecce98b4477489537d17169dd728 - - default default] 10.0.0.72 "POST /v2.0/security-group-rules HTTP/1.1" status: 201 len: 764 time: 0.1282973
2026-08-04 22:48:52.123 10 INFO neutron.db.ovn_revision_numbers_db [None req-f312c931-ab1f-40a1-af7a-11e52331f204 40b929abc5b74584aacc71959e8f0441 0193ecce98b4477489537d17169dd728 - - default default] Successfully bumped revision number for resource ba554988-60eb-49b3-b579-262a32ae0f17 (type: security_group_rules) to 0
2026-08-04 22:48:52.149 10 INFO neutron.wsgi [None req-f312c931-ab1f-40a1-af7a-11e52331f204 40b929abc5b74584aacc71959e8f0441 0193ecce98b4477489537d17169dd728 - - default default] 10.0.0.72 "POST /v2.0/security-group-rules HTTP/1.1" status: 201 len: 769 time: 0.1267993
2026-08-04 22:48:52.404 10 WARNING neutron.scheduler.dhcp_agent_scheduler [None req-a4f5d140-86cf-4db2-af65-2fa285c66236 40b929abc5b74584aacc71959e8f0441 0193ecce98b4477489537d17169dd728 - - default default] No more DHCP agents
2026-08-04 22:48:52.407 10 WARNING neutron.api.rpc.agentnotifiers.dhcp_rpc_agent_api [None req-a4f5d140-86cf-4db2-af65-2fa285c66236 40b929abc5b74584aacc71959e8f0441 0193ecce98b4477489537d17169dd728 - - default default] Unable to schedule network 939c3dde-d047-46a3-9da5-8bce04abe357: no agents available; will retry on subsequent port and subnet creation events.
2026-08-04 22:48:52.685 10 INFO neutron.db.ovn_revision_numbers_db [None req-a4f5d140-86cf-4db2-af65-2fa285c66236 40b929abc5b74584aacc71959e8f0441 0193ecce98b4477489537d17169dd728 - - default default] Successfully bumped revision number for resource 85c85257-30a8-4ef6-9dd4-b2065a2155d8 (type: floatingips) to 0
2026-08-04 22:48:52.701 10 INFO neutron.wsgi [None req-a4f5d140-86cf-4db2-af65-2fa285c66236 40b929abc5b74584aacc71959e8f0441 0193ecce98b4477489537d17169dd728 - - default default] 10.0.0.72 "POST /v2.0/floatingips HTTP/1.1" status: 201 len: 751 time: 0.5473650
2026-08-04 22:48:52.846 9 INFO neutron.wsgi [req-8523a4e2-45fc-4804-836d-f662d3405200 req-9798d183-84c1-4af5-bde1-494120a8292b 40b929abc5b74584aacc71959e8f0441 0193ecce98b4477489537d17169dd728 - - default default] 10.0.0.127 "GET /v2.0/security-groups?name=tempest-secgroup-smoke-635945172&fields=id&tenant_id=0193ecce98b4477489537d17169dd728 HTTP/1.1" status: 200 len: 267 time: 0.0743630
2026-08-04 22:48:52.850 9 INFO neutron.db.ovn_revision_numbers_db [None req-c73792e5-a4d0-4d0a-964a-9ed64f9650ec 8ad1a76fc68445bc8f993bc3a1a681c0 79634dfc524e4ed4835482279d59060e - - default default] Successfully bumped revision number for resource b473bd07-558e-493e-a694-9bfbbf4c0f60 (type: security_groups) to 1
2026-08-04 22:48:52.881 9 INFO neutron.db.ovn_revision_numbers_db [None req-c73792e5-a4d0-4d0a-964a-9ed64f9650ec 8ad1a76fc68445bc8f993bc3a1a681c0 79634dfc524e4ed4835482279d59060e - - default default] Successfully bumped revision number for resource 0f120846-6da9-412b-85cd-2338018190ce (type: security_group_rules) to 0
2026-08-04 22:48:52.902 9 INFO neutron.wsgi [req-8523a4e2-45fc-4804-836d-f662d3405200 req-cd38a404-44f5-43d6-8fc9-72f3a25436e0 40b929abc5b74584aacc71959e8f0441 0193ecce98b4477489537d17169dd728 - - default default] 10.0.0.127 "GET /v2.0/security-groups?name=tempest-securitygroup--1244124891&fields=id&tenant_id=0193ecce98b4477489537d17169dd728 HTTP/1.1" status: 200 len: 267 time: 0.0478997
2026-08-04 22:48:52.905 9 INFO neutron.db.ovn_revision_numbers_db [None req-c73792e5-a4d0-4d0a-964a-9ed64f9650ec 8ad1a76fc68445bc8f993bc3a1a681c0 79634dfc524e4ed4835482279d59060e - - default default] Successfully bumped revision number for resource 10fe2d05-8ec1-4056-9d29-4daf4ee3fd7d (type: security_group_rules) to 0
2026-08-04 22:48:52.929 9 INFO neutron.db.ovn_revision_numbers_db [None req-c73792e5-a4d0-4d0a-964a-9ed64f9650ec 8ad1a76fc68445bc8f993bc3a1a681c0 79634dfc524e4ed4835482279d59060e - - default default] Successfully bumped revision number for resource 67e86fea-eef9-4aca-872e-4dba8bd3f7cb (type: security_group_rules) to 0
2026-08-04 22:48:52.975 9 INFO neutron.db.ovn_revision_numbers_db [None req-c73792e5-a4d0-4d0a-964a-9ed64f9650ec 8ad1a76fc68445bc8f993bc3a1a681c0 79634dfc524e4ed4835482279d59060e - - default default] Successfully bumped revision number for resource d33d58f2-07ec-433e-8a18-4c0415712283 (type: security_group_rules) to 0
2026-08-04 22:48:53.011 9 INFO neutron.wsgi [req-8523a4e2-45fc-4804-836d-f662d3405200 req-875f8b39-a1fd-4760-be1c-696600d28018 40b929abc5b74584aacc71959e8f0441 0193ecce98b4477489537d17169dd728 - - default default] 10.0.0.127 "GET /v2.0/networks?id=4295be38-3360-4b90-b19b-4b76490ec71c HTTP/1.1" status: 200 len: 871 time: 0.0988126
2026-08-04 22:48:53.040 9 INFO neutron.wsgi [req-8523a4e2-45fc-4804-836d-f662d3405200 req-26447027-cf93-44a7-8c33-eac3229bf6a4 40b929abc5b74584aacc71959e8f0441 0193ecce98b4477489537d17169dd728 - - default default] 10.0.0.127 "GET /v2.0/quotas/0193ecce98b4477489537d17169dd728 HTTP/1.1" status: 200 len: 386 time: 0.0186806
2026-08-04 22:48:53.042 9 INFO neutron.db.segments_db [None req-c73792e5-a4d0-4d0a-964a-9ed64f9650ec 8ad1a76fc68445bc8f993bc3a1a681c0 79634dfc524e4ed4835482279d59060e - - default default] Added segment 5858a75e-f54e-46c8-8f3a-e7e90f92a429 of type geneve for network c7c1cfaa-0e84-4cd8-bfb3-dad9f04d8b97
2026-08-04 22:48:53.185 9 INFO neutron.wsgi [req-8523a4e2-45fc-4804-836d-f662d3405200 req-3c25a59c-075d-45f2-a67a-17dd3a7ec437 40b929abc5b74584aacc71959e8f0441 0193ecce98b4477489537d17169dd728 - - default default] 10.0.0.127 "GET /v2.0/ports?tenant_id=0193ecce98b4477489537d17169dd728&fields=id HTTP/1.1" status: 200 len: 302 time: 0.1388860
2026-08-04 22:48:53.254 9 INFO neutron.db.ovn_revision_numbers_db [None req-c73792e5-a4d0-4d0a-964a-9ed64f9650ec 8ad1a76fc68445bc8f993bc3a1a681c0 79634dfc524e4ed4835482279d59060e - - default default] Successfully bumped revision number for resource c7c1cfaa-0e84-4cd8-bfb3-dad9f04d8b97 (type: networks) to 1
2026-08-04 22:48:53.278 9 INFO neutron.wsgi [req-8523a4e2-45fc-4804-836d-f662d3405200 req-998226c9-2d53-4c96-969c-88fda7f7ebcb f52cb827014648a9baf493a70e099238 5b436957e7cd48c980ddb81b422b049f - - a992c7e162aa4dd9b879f0a13a6e7ea8 a992c7e162aa4dd9b879f0a13a6e7ea8] 10.0.0.127 "GET /v2.0/networks/4295be38-3360-4b90-b19b-4b76490ec71c?fields=segments HTTP/1.1" status: 200 len: 212 time: 0.0780520
2026-08-04 22:48:53.364 9 INFO neutron.wsgi [req-8523a4e2-45fc-4804-836d-f662d3405200 req-e1d85868-cb9c-4a07-bd8e-32ee25db5431 f52cb827014648a9baf493a70e099238 5b436957e7cd48c980ddb81b422b049f - - a992c7e162aa4dd9b879f0a13a6e7ea8 a992c7e162aa4dd9b879f0a13a6e7ea8] 10.0.0.127 "GET /v2.0/networks/4295be38-3360-4b90-b19b-4b76490ec71c?fields=provider%3Aphysical_network&fields=provider%3Anetwork_type HTTP/1.1" status: 200 len: 277 time: 0.0777566
2026-08-04 22:48:53.436 9 WARNING neutron.scheduler.dhcp_agent_scheduler [None req-c73792e5-a4d0-4d0a-964a-9ed64f9650ec 8ad1a76fc68445bc8f993bc3a1a681c0 79634dfc524e4ed4835482279d59060e - - default default] No more DHCP agents
2026-08-04 22:48:53.438 9 WARNING neutron.api.rpc.agentnotifiers.dhcp_rpc_agent_api [None req-c73792e5-a4d0-4d0a-964a-9ed64f9650ec 8ad1a76fc68445bc8f993bc3a1a681c0 79634dfc524e4ed4835482279d59060e - - default default] Unable to schedule network c7c1cfaa-0e84-4cd8-bfb3-dad9f04d8b97: no agents available; will retry on subsequent port and subnet creation events.
2026-08-04 22:48:53.511 9 INFO neutron.db.ovn_revision_numbers_db [None req-c73792e5-a4d0-4d0a-964a-9ed64f9650ec 8ad1a76fc68445bc8f993bc3a1a681c0 79634dfc524e4ed4835482279d59060e - - default default] Successfully bumped revision number for resource 248f3371-a1a9-4bb4-941c-cf0dd63b5496 (type: ports) to 1
2026-08-04 22:48:53.521 10 INFO neutron.wsgi [req-2e98dc32-7f3c-4786-a2e2-933d0a024678 req-69d2574a-8b35-40cd-8a0a-bc8b7a764b9f 40b929abc5b74584aacc71959e8f0441 0193ecce98b4477489537d17169dd728 - - default default] 10.0.0.127 "GET /v2.0/ports?device_id=e1063a0d-3b8d-46c3-8f20-01dbf7c2fb00 HTTP/1.1" status: 200 len: 210 time: 0.0265574
2026-08-04 22:48:53.534 9 INFO neutron.wsgi [None req-c73792e5-a4d0-4d0a-964a-9ed64f9650ec 8ad1a76fc68445bc8f993bc3a1a681c0 79634dfc524e4ed4835482279d59060e - - default default] 10.0.0.72 "POST /v2.0/networks HTTP/1.1" status: 201 len: 831 time: 0.9559746
2026-08-04 22:48:53.795 9 WARNING neutron.scheduler.dhcp_agent_scheduler [None req-c15b79d1-67ff-4dde-bde7-111f62db3383 8ad1a76fc68445bc8f993bc3a1a681c0 79634dfc524e4ed4835482279d59060e - - default default] No more DHCP agents
2026-08-04 22:48:53.797 9 WARNING neutron.api.rpc.agentnotifiers.dhcp_rpc_agent_api [None req-c15b79d1-67ff-4dde-bde7-111f62db3383 8ad1a76fc68445bc8f993bc3a1a681c0 79634dfc524e4ed4835482279d59060e - - default default] Unable to schedule network c7c1cfaa-0e84-4cd8-bfb3-dad9f04d8b97: no agents available; will retry on subsequent port and subnet creation events.
2026-08-04 22:48:53.924 9 INFO neutron.db.ovn_revision_numbers_db [None req-c15b79d1-67ff-4dde-bde7-111f62db3383 8ad1a76fc68445bc8f993bc3a1a681c0 79634dfc524e4ed4835482279d59060e - - default default] Successfully bumped revision number for resource 1a0bb5a5-8a3f-45fb-ac9e-82e11faf89c9 (type: ports) to 1
2026-08-04 22:48:53.960 9 INFO neutron.wsgi [None req-c15b79d1-67ff-4dde-bde7-111f62db3383 8ad1a76fc68445bc8f993bc3a1a681c0 79634dfc524e4ed4835482279d59060e - - default default] 10.0.0.72 "POST /v2.0/ports HTTP/1.1" status: 201 len: 942 time: 0.4214203 /var/lib/openstack/lib/python3.10/site-packages/pycadf/identifier.py:71: UserWarning: Invalid uuid: neutron. To ensure interoperability, identifiers should be a valid uuid. warnings.warn(('Invalid uuid: %s. To ensure interoperability, '
2026-08-04 22:48:54.162 9 INFO neutron.wsgi [None req-0740082a-b28c-41ea-a7c1-21a39f508ac7 8ad1a76fc68445bc8f993bc3a1a681c0 79634dfc524e4ed4835482279d59060e - - default default] 10.0.0.72 "POST /v2.0/trunks HTTP/1.1" status: 201 len: 608 time: 0.1967678
2026-08-04 22:48:54.244 9 INFO neutron.db.segments_db [None req-809771ea-e63e-4a73-bc7e-f5a01e7ed642 8ad1a76fc68445bc8f993bc3a1a681c0 79634dfc524e4ed4835482279d59060e - - default default] Added segment 19497f35-8c26-472c-8680-a5adab4d8029 of type geneve for network e1c376eb-bc44-4be0-9c09-4c0d1a1dd306
2026-08-04 22:48:54.351 10 INFO neutron.wsgi [req-8523a4e2-45fc-4804-836d-f662d3405200 req-d204837d-6277-448d-aeb2-2b9b7a50fd65 40b929abc5b74584aacc71959e8f0441 0193ecce98b4477489537d17169dd728 - - default default] 199.204.45.138 "GET /v2.0/networks?id=4295be38-3360-4b90-b19b-4b76490ec71c HTTP/1.1" status: 200 len: 871 time: 0.1215482
2026-08-04 22:48:54.383 9 INFO neutron.db.ovn_revision_numbers_db [None req-809771ea-e63e-4a73-bc7e-f5a01e7ed642 8ad1a76fc68445bc8f993bc3a1a681c0 79634dfc524e4ed4835482279d59060e - - default default] Successfully bumped revision number for resource e1c376eb-bc44-4be0-9c09-4c0d1a1dd306 (type: networks) to 1
2026-08-04 22:48:54.439 10 INFO neutron.wsgi [req-8523a4e2-45fc-4804-836d-f662d3405200 req-f7957ee8-0cc6-4771-a808-e516bc8118d8 40b929abc5b74584aacc71959e8f0441 0193ecce98b4477489537d17169dd728 - - default default] 199.204.45.138 "GET /v2.0/security-groups?fields=id&fields=name&tenant_id=0193ecce98b4477489537d17169dd728 HTTP/1.1" status: 200 len: 472 time: 0.0660062
2026-08-04 22:48:54.557 9 WARNING neutron.scheduler.dhcp_agent_scheduler [None req-809771ea-e63e-4a73-bc7e-f5a01e7ed642 8ad1a76fc68445bc8f993bc3a1a681c0 79634dfc524e4ed4835482279d59060e - - default default] No more DHCP agents
2026-08-04 22:48:54.561 9 WARNING neutron.api.rpc.agentnotifiers.dhcp_rpc_agent_api [None req-809771ea-e63e-4a73-bc7e-f5a01e7ed642 8ad1a76fc68445bc8f993bc3a1a681c0 79634dfc524e4ed4835482279d59060e - - default default] Unable to schedule network e1c376eb-bc44-4be0-9c09-4c0d1a1dd306: no agents available; will retry on subsequent port and subnet creation events.
2026-08-04 22:48:54.606 9 INFO neutron.wsgi [req-ac62eb0d-e90f-4eea-be2c-de8efe4be3ad req-907598a0-0427-4723-b4a9-49c4bd38914a 40b929abc5b74584aacc71959e8f0441 0193ecce98b4477489537d17169dd728 - - default default] 10.0.0.127 "GET /v2.0/ports?device_id=e1063a0d-3b8d-46c3-8f20-01dbf7c2fb00 HTTP/1.1" status: 200 len: 210 time: 0.0194087
2026-08-04 22:48:54.643 9 INFO neutron.db.ovn_revision_numbers_db [None req-809771ea-e63e-4a73-bc7e-f5a01e7ed642 8ad1a76fc68445bc8f993bc3a1a681c0 79634dfc524e4ed4835482279d59060e - - default default] Successfully bumped revision number for resource 7e21528f-731a-48b3-bc59-5e961eb8a004 (type: ports) to 1
2026-08-04 22:48:54.667 9 INFO neutron.wsgi [None req-809771ea-e63e-4a73-bc7e-f5a01e7ed642 8ad1a76fc68445bc8f993bc3a1a681c0 79634dfc524e4ed4835482279d59060e - - default default] 10.0.0.72 "POST /v2.0/networks HTTP/1.1" status: 201 len: 831 time: 0.4987466
2026-08-04 22:48:54.804 10 WARNING neutron.scheduler.dhcp_agent_scheduler [req-8523a4e2-45fc-4804-836d-f662d3405200 req-64cab32e-d108-4b8a-9a08-eaea0019c25e 40b929abc5b74584aacc71959e8f0441 0193ecce98b4477489537d17169dd728 - - default default] No more DHCP agents
2026-08-04 22:48:54.806 10 WARNING neutron.api.rpc.agentnotifiers.dhcp_rpc_agent_api [req-8523a4e2-45fc-4804-836d-f662d3405200 req-64cab32e-d108-4b8a-9a08-eaea0019c25e 40b929abc5b74584aacc71959e8f0441 0193ecce98b4477489537d17169dd728 - - default default] Unable to schedule network 4295be38-3360-4b90-b19b-4b76490ec71c: no agents available; will retry on subsequent port and subnet creation events.
2026-08-04 22:48:54.929 9 WARNING neutron.scheduler.dhcp_agent_scheduler [None req-33a69421-e97f-4e5d-8fb6-ccd3c7461706 8ad1a76fc68445bc8f993bc3a1a681c0 79634dfc524e4ed4835482279d59060e - - default default] No more DHCP agents
2026-08-04 22:48:54.931 9 WARNING neutron.api.rpc.agentnotifiers.dhcp_rpc_agent_api [None req-33a69421-e97f-4e5d-8fb6-ccd3c7461706 8ad1a76fc68445bc8f993bc3a1a681c0 79634dfc524e4ed4835482279d59060e - - default default] Unable to schedule network e1c376eb-bc44-4be0-9c09-4c0d1a1dd306: no agents available; will retry on subsequent port and subnet creation events.
2026-08-04 22:48:54.963 10 INFO neutron.db.ovn_revision_numbers_db [req-8523a4e2-45fc-4804-836d-f662d3405200 req-64cab32e-d108-4b8a-9a08-eaea0019c25e 40b929abc5b74584aacc71959e8f0441 0193ecce98b4477489537d17169dd728 - - default default] Successfully bumped revision number for resource 9798ed29-c1d3-453a-8374-05f1dd61cee2 (type: ports) to 1
2026-08-04 22:48:54.987 10 INFO neutron.wsgi [req-8523a4e2-45fc-4804-836d-f662d3405200 req-64cab32e-d108-4b8a-9a08-eaea0019c25e 40b929abc5b74584aacc71959e8f0441 0193ecce98b4477489537d17169dd728 - - default default] 199.204.45.138 "POST /v2.0/ports HTTP/1.1" status: 201 len: 1197 time: 0.5253921 /var/lib/openstack/lib/python3.10/site-packages/pycadf/identifier.py:71: UserWarning: Invalid uuid: neutron. To ensure interoperability, identifiers should be a valid uuid. warnings.warn(('Invalid uuid: %s. To ensure interoperability, '
2026-08-04 22:48:55.007 9 INFO neutron.db.ovn_revision_numbers_db [None req-33a69421-e97f-4e5d-8fb6-ccd3c7461706 8ad1a76fc68445bc8f993bc3a1a681c0 79634dfc524e4ed4835482279d59060e - - default default] Successfully bumped revision number for resource 6786be50-688d-4ae6-ba46-3e729cb9917f (type: ports) to 1
2026-08-04 22:48:55.025 9 INFO neutron.wsgi [None req-33a69421-e97f-4e5d-8fb6-ccd3c7461706 8ad1a76fc68445bc8f993bc3a1a681c0 79634dfc524e4ed4835482279d59060e - - default default] 10.0.0.72 "POST /v2.0/ports HTTP/1.1" status: 201 len: 942 time: 0.3541176 /var/lib/openstack/lib/python3.10/site-packages/pycadf/identifier.py:71: UserWarning: Invalid uuid: neutron. To ensure interoperability, identifiers should be a valid uuid. warnings.warn(('Invalid uuid: %s. To ensure interoperability, '
2026-08-04 22:48:55.170 9 INFO neutron.wsgi [None req-a049defe-d52e-4d9e-9a80-0fa0a365b83a 8ad1a76fc68445bc8f993bc3a1a681c0 79634dfc524e4ed4835482279d59060e - - default default] 10.0.0.72 "POST /v2.0/trunks HTTP/1.1" status: 201 len: 608 time: 0.1397238
2026-08-04 22:48:55.247 9 INFO neutron.db.segments_db [None req-3b08d0a3-bc5f-4c9f-87e5-9effa0c31326 8ad1a76fc68445bc8f993bc3a1a681c0 79634dfc524e4ed4835482279d59060e - - default default] Added segment 2e205d20-1309-4a16-b0f9-df5db6a42671 of type geneve for network 7fc28aeb-b15b-4bfb-a9d5-5c1580e9596f
2026-08-04 22:48:55.358 9 WARNING neutron.plugins.ml2.drivers.ovn.mech_driver.ovsdb.ovn_client [None req-ae43b803-d6a9-416c-bde3-9ed624d32b06 - - - - - -] No hosting information found for port 664f4846-b5af-4f35-8426-7a9aa4ae5b39: RuntimeError: No hosting information found for port 664f4846-b5af-4f35-8426-7a9aa4ae5b39
