2026-08-04 22:46:55.509 9 ERROR ovsdbapp.backend.ovs_idl.command
File "/var/lib/openstack/lib/python3.10/site-packages/ovsdbapp/schema/ovn_northbound/commands.py", line 650, in run_idl
2026-08-04 22:46:55.509 9 ERROR ovsdbapp.backend.ovs_idl.command lsp = self.api.lookup('Logical_Switch_Port', self.port)
2026-08-04 22:46:55.509 9 ERROR ovsdbapp.backend.ovs_idl.command
File "/var/lib/openstack/lib/python3.10/site-packages/ovsdbapp/backend/ovs_idl/__init__.py", line 183, in lookup
2026-08-04 22:46:55.509 9 ERROR ovsdbapp.backend.ovs_idl.command return self._lookup(table, record)
2026-08-04 22:46:55.509 9 ERROR ovsdbapp.backend.ovs_idl.command
File "/var/lib/openstack/lib/python3.10/site-packages/ovsdbapp/backend/ovs_idl/__init__.py", line 234, in _lookup
2026-08-04 22:46:55.509 9 ERROR ovsdbapp.backend.ovs_idl.command row = idlutils.row_by_value(self, rl.table, rl.column, record)
2026-08-04 22:46:55.509 9 ERROR ovsdbapp.backend.ovs_idl.command
File "/var/lib/openstack/lib/python3.10/site-packages/ovsdbapp/backend/ovs_idl/idlutils.py", line 114, in row_by_value
2026-08-04 22:46:55.509 9 ERROR ovsdbapp.backend.ovs_idl.command raise RowNotFound(table=table, col=column, match=match)
2026-08-04 22:46:55.509 9 ERROR ovsdbapp.backend.ovs_idl.command ovsdbapp.backend.ovs_idl.idlutils.RowNotFound: Cannot find Logical_Switch_Port with name=56b271d7-50cf-4e8a-b1c1-c67d4dce1109
2026-08-04 22:46:55.509 9 ERROR ovsdbapp.backend.ovs_idl.command 
2026-08-04 22:46:55.510 9 ERROR ovsdbapp.event [None req-ae43b803-d6a9-416c-bde3-9ed624d32b06 - - - - - -] Unexpected exception in notify_loop: ovsdbapp.backend.ovs_idl.idlutils.RowNotFound: Cannot find Logical_Switch_Port with name=56b271d7-50cf-4e8a-b1c1-c67d4dce1109
2026-08-04 22:46:55.510 9 ERROR ovsdbapp.event
Traceback (most recent call last):
2026-08-04 22:46:55.510 9 ERROR ovsdbapp.event
File "/var/lib/openstack/lib/python3.10/site-packages/ovsdbapp/event.py", line 177, in notify_loop
2026-08-04 22:46:55.510 9 ERROR ovsdbapp.event match.run(event, row, updates)
2026-08-04 22:46:55.510 9 ERROR ovsdbapp.event
File "/var/lib/openstack/lib/python3.10/site-packages/neutron/plugins/ml2/drivers/ovn/mech_driver/ovsdb/ovsdb_monitor.py", line 543, in run
2026-08-04 22:46:55.510 9 ERROR ovsdbapp.event self.driver.set_port_status_down(row.name)
2026-08-04 22:46:55.510 9 ERROR ovsdbapp.event
File "/var/lib/openstack/lib/python3.10/site-packages/neutron/plugins/ml2/drivers/ovn/mech_driver/mech_driver.py", line 1231, in set_port_status_down
2026-08-04 22:46:55.510 9 ERROR ovsdbapp.event self._ovn_client.update_lsp_host_info(
2026-08-04 22:46:55.510 9 ERROR ovsdbapp.event
File "/var/lib/openstack/lib/python3.10/site-packages/neutron/plugins/ml2/drivers/ovn/mech_driver/ovsdb/ovn_client.py", line 297, in update_lsp_host_info
2026-08-04 22:46:55.510 9 ERROR ovsdbapp.event port_up = self._nb_idl.lsp_get_up(db_port.id).execute(
2026-08-04 22:46:55.510 9 ERROR ovsdbapp.event
File "/var/lib/openstack/lib/python3.10/site-packages/ovsdbapp/backend/ovs_idl/command.py", line 47, in execute
2026-08-04 22:46:55.510 9 ERROR ovsdbapp.event self.run_idl(None)
2026-08-04 22:46:55.510 9 ERROR ovsdbapp.event
File "/var/lib/openstack/lib/python3.10/site-packages/ovsdbapp/schema/ovn_northbound/commands.py", line 650, in run_idl
2026-08-04 22:46:55.510 9 ERROR ovsdbapp.event lsp = self.api.lookup('Logical_Switch_Port', self.port)
2026-08-04 22:46:55.510 9 ERROR ovsdbapp.event
File "/var/lib/openstack/lib/python3.10/site-packages/ovsdbapp/backend/ovs_idl/__init__.py", line 183, in lookup
2026-08-04 22:46:55.510 9 ERROR ovsdbapp.event return self._lookup(table, record)
2026-08-04 22:46:55.510 9 ERROR ovsdbapp.event
File "/var/lib/openstack/lib/python3.10/site-packages/ovsdbapp/backend/ovs_idl/__init__.py", line 234, in _lookup
2026-08-04 22:46:55.510 9 ERROR ovsdbapp.event row = idlutils.row_by_value(self, rl.table, rl.column, record)
2026-08-04 22:46:55.510 9 ERROR ovsdbapp.event
File "/var/lib/openstack/lib/python3.10/site-packages/ovsdbapp/backend/ovs_idl/idlutils.py", line 114, in row_by_value
2026-08-04 22:46:55.510 9 ERROR ovsdbapp.event raise RowNotFound(table=table, col=column, match=match)
2026-08-04 22:46:55.510 9 ERROR ovsdbapp.event ovsdbapp.backend.ovs_idl.idlutils.RowNotFound: Cannot find Logical_Switch_Port with name=56b271d7-50cf-4e8a-b1c1-c67d4dce1109
2026-08-04 22:46:55.510 9 ERROR ovsdbapp.event 
2026-08-04 22:46:55.678 10 INFO neutron.plugins.ml2.drivers.ovn.mech_driver.mech_driver [None req-a04ed9aa-9a94-4106-8ac5-7bd5a8e8f978 - - - - - -] OVN reports status up for port: a05a84d2-ce80-4060-ab08-09ab9abeca0d
2026-08-04 22:46:55.688 10 INFO neutron.plugins.ml2.plugin [None req-a04ed9aa-9a94-4106-8ac5-7bd5a8e8f978 - - - - - -] Attempt 1 to provision port a05a84d2-ce80-4060-ab08-09ab9abeca0d
2026-08-04 22:46:55.708 9 INFO neutron.db.ovn_revision_numbers_db [None req-85ac165b-5c6b-4bdc-bf17-c09cc0c422cb 06a431efea9e464fb711ad5de9867856 53921cb7418f49248c0a808c5f17a482 - - default default] Successfully bumped revision number for resource a05a84d2-ce80-4060-ab08-09ab9abeca0d (type: router_ports) to 1
2026-08-04 22:46:55.898 10 INFO neutron.notifiers.nova [-] Nova event matching ['req-237ae6ef-e68a-4156-92bd-93b6ba2cc7a1'] response: {'server_uuid': '39f4e0de-4025-4e2b-884d-f470a37798c5', 'name': 'network-vif-deleted', 'tag': '56b271d7-50cf-4e8a-b1c1-c67d4dce1109', 'status': 'completed', 'code': 200}
2026-08-04 22:46:55.932 9 INFO neutron.db.ovn_revision_numbers_db [None req-85ac165b-5c6b-4bdc-bf17-c09cc0c422cb 06a431efea9e464fb711ad5de9867856 53921cb7418f49248c0a808c5f17a482 - - default default] Successfully bumped revision number for resource a05a84d2-ce80-4060-ab08-09ab9abeca0d (type: ports) to 1
2026-08-04 22:46:55.971 10 INFO neutron.db.ovn_revision_numbers_db [None req-a04ed9aa-9a94-4106-8ac5-7bd5a8e8f978 - - - - - -] Successfully bumped revision number for resource a05a84d2-ce80-4060-ab08-09ab9abeca0d (type: ports) to 2
2026-08-04 22:46:56.005 9 WARNING neutron.scheduler.dhcp_agent_scheduler [None req-85ac165b-5c6b-4bdc-bf17-c09cc0c422cb 06a431efea9e464fb711ad5de9867856 53921cb7418f49248c0a808c5f17a482 - - default default] No more DHCP agents
2026-08-04 22:46:56.007 9 WARNING neutron.api.rpc.agentnotifiers.dhcp_rpc_agent_api [None req-85ac165b-5c6b-4bdc-bf17-c09cc0c422cb 06a431efea9e464fb711ad5de9867856 53921cb7418f49248c0a808c5f17a482 - - default default] Unable to schedule network 2e8bc8c9-240f-4f3d-972a-13fd47fe13d7: no agents available; will retry on subsequent port and subnet creation events.
2026-08-04 22:46:56.091 10 INFO neutron.db.ovn_revision_numbers_db [None req-a04ed9aa-9a94-4106-8ac5-7bd5a8e8f978 - - - - - -] Successfully bumped revision number for resource a05a84d2-ce80-4060-ab08-09ab9abeca0d (type: router_ports) to 2
2026-08-04 22:46:56.273 9 INFO neutron.db.ovn_revision_numbers_db [None req-85ac165b-5c6b-4bdc-bf17-c09cc0c422cb 06a431efea9e464fb711ad5de9867856 53921cb7418f49248c0a808c5f17a482 - - default default] Successfully bumped revision number for resource a05a84d2-ce80-4060-ab08-09ab9abeca0d (type: router_ports) to 2
2026-08-04 22:46:56.275 9 INFO neutron.wsgi [None req-85ac165b-5c6b-4bdc-bf17-c09cc0c422cb 06a431efea9e464fb711ad5de9867856 53921cb7418f49248c0a808c5f17a482 - - default default] 10.0.0.72 "PUT /v2.0/routers/0127849f-8d23-4b07-874c-24a569ebbf40/add_router_interface HTTP/1.1" status: 200 len: 503 time: 1.9855320
2026-08-04 22:46:56.345 10 INFO neutron.wsgi [None req-a3f0a82a-2957-4c54-9aea-f22b0e3a853e 06a431efea9e464fb711ad5de9867856 53921cb7418f49248c0a808c5f17a482 - - default default] 10.0.0.72 "GET /v2.0/ports/a05a84d2-ce80-4060-ab08-09ab9abeca0d HTTP/1.1" status: 200 len: 1137 time: 0.0650890
2026-08-04 22:46:56.382 10 INFO neutron.wsgi [None req-e2ef6155-e1df-48bf-9251-d34a654f557a 06a431efea9e464fb711ad5de9867856 53921cb7418f49248c0a808c5f17a482 - - default default] 10.0.0.72 "GET /v2.0/ports/a05a84d2-ce80-4060-ab08-09ab9abeca0d HTTP/1.1" status: 200 len: 1137 time: 0.0332420
2026-08-04 22:46:57.013 10 INFO neutron.wsgi [None req-08205efd-f04a-4e8c-ac77-ef485d88a45e 06a431efea9e464fb711ad5de9867856 53921cb7418f49248c0a808c5f17a482 - - default default] 10.0.0.72 "PUT /v2.0/routers/0127849f-8d23-4b07-874c-24a569ebbf40/remove_router_interface HTTP/1.1" status: 200 len: 503 time: 0.6269741 /var/lib/openstack/lib/python3.10/site-packages/pycadf/identifier.py:71: UserWarning: Invalid uuid: neutron. To ensure interoperability, identifiers should be a valid uuid. warnings.warn(('Invalid uuid: %s. To ensure interoperability, '
2026-08-04 22:46:57.039 10 INFO neutron.wsgi [None req-fd58451e-fffc-4370-92af-8255ab3cfd0c 06a431efea9e464fb711ad5de9867856 53921cb7418f49248c0a808c5f17a482 - - default default] 10.0.0.72 "GET /v2.0/ports?device_id=0127849f-8d23-4b07-874c-24a569ebbf40 HTTP/1.1" status: 200 len: 205 time: 0.0201542
2026-08-04 22:46:57.099 9 INFO neutron.wsgi [None req-311461b8-665b-4811-993e-7b662bbd9ce4 e761660862c3414aa998f844134ef90b afa7bd8107b24493a44f235c1e638b44 - - default default] 10.0.0.72 "PUT /v2.0/routers/4904b8ca-f1d2-49c3-993a-cce821461f49/remove_router_interface HTTP/1.1" status: 200 len: 503 time: 1.6584632 /var/lib/openstack/lib/python3.10/site-packages/pycadf/identifier.py:71: UserWarning: Invalid uuid: neutron. To ensure interoperability, identifiers should be a valid uuid. warnings.warn(('Invalid uuid: %s. To ensure interoperability, '
2026-08-04 22:46:57.263 10 INFO neutron.wsgi [None req-87866983-4aed-468f-8435-6bd1587cf436 06a431efea9e464fb711ad5de9867856 53921cb7418f49248c0a808c5f17a482 - - default default] 10.0.0.72 "DELETE /v2.0/routers/0127849f-8d23-4b07-874c-24a569ebbf40 HTTP/1.1" status: 204 len: 168 time: 0.2192769
2026-08-04 22:46:57.382 9 INFO neutron.notifiers.nova [-] Nova event matching ['req-0c86cae0-a9d4-4eb2-a2d3-cbed5d893203'] response: {'server_uuid': '39f4e0de-4025-4e2b-884d-f470a37798c5', 'name': 'network-vif-plugged', 'status': 'completed', 'tag': '56b271d7-50cf-4e8a-b1c1-c67d4dce1109', 'code': 200}
2026-08-04 22:46:57.441 10 INFO neutron.wsgi [None req-528edf02-7d65-4ac9-aeef-91dae0937c5a 06a431efea9e464fb711ad5de9867856 53921cb7418f49248c0a808c5f17a482 - - default default] 10.0.0.72 "DELETE /v2.0/subnets/dc746760-e9a6-4bae-8128-93a6b9db740c HTTP/1.1" status: 204 len: 168 time: 0.1729662
2026-08-04 22:46:57.816 9 INFO neutron.wsgi [None req-ec89b8da-acf6-4423-a7e5-410748a687f2 e761660862c3414aa998f844134ef90b afa7bd8107b24493a44f235c1e638b44 - - default default] 10.0.0.72 "PUT /v2.0/routers/a444b4d9-f388-4b47-ada7-3a8bbf0c7695/remove_router_interface HTTP/1.1" status: 200 len: 503 time: 1.6854782
2026-08-04 22:46:57.948 9 INFO neutron.wsgi [None req-c0f1a12f-6add-46dc-80bd-a1f7a01048bd e761660862c3414aa998f844134ef90b afa7bd8107b24493a44f235c1e638b44 - - default default] 10.0.0.72 "DELETE /v2.0/routers/4904b8ca-f1d2-49c3-993a-cce821461f49 HTTP/1.1" status: 204 len: 168 time: 0.8442183 /var/lib/openstack/lib/python3.10/site-packages/pycadf/identifier.py:71: UserWarning: Invalid uuid: neutron. To ensure interoperability, identifiers should be a valid uuid. warnings.warn(('Invalid uuid: %s. To ensure interoperability, '
2026-08-04 22:46:58.103 10 INFO neutron.services.segments.plugin [-] Segment 9d70d49c-f882-489b-a2f1-f662b0865402 resource provider aggregate not found
2026-08-04 22:46:58.107 10 INFO neutron.services.segments.plugin [-] Segment 9d70d49c-f882-489b-a2f1-f662b0865402 resource provider aggregate not found
2026-08-04 22:46:58.118 10 INFO neutron.services.segments.plugin [-] Segment 9d70d49c-f882-489b-a2f1-f662b0865402 resource provider not found; error: Placement Client Error (4xx): {"errors": [{"status": 404, "title": "Not Found", "detail": "The resource could not be found.\n\n No resource provider with uuid 9d70d49c-f882-489b-a2f1-f662b0865402 found for delete ", "request_id": "req-6c2deda7-f29d-4018-85c0-c2d8448afdf7"}]}
2026-08-04 22:46:58.120 10 INFO neutron.services.segments.plugin [-] Segment 9d70d49c-f882-489b-a2f1-f662b0865402 resource provider not found; error: Placement Client Error (4xx): {"errors": [{"status": 404, "title": "Not Found", "detail": "The resource could not be found.\n\n No resource provider with uuid 9d70d49c-f882-489b-a2f1-f662b0865402 found for delete ", "request_id": "req-ab3f763d-961d-47f0-8b8a-1d4face00bd7"}]}
2026-08-04 22:46:58.151 10 INFO neutron.wsgi [None req-036ae84d-97db-4253-8963-0954d7e74fb7 06a431efea9e464fb711ad5de9867856 53921cb7418f49248c0a808c5f17a482 - - default default] 10.0.0.72 "DELETE /v2.0/networks/2e8bc8c9-240f-4f3d-972a-13fd47fe13d7 HTTP/1.1" status: 204 len: 168 time: 0.7045567
2026-08-04 22:46:58.156 9 INFO neutron.wsgi [None req-348bab77-9be0-4210-a4dc-b0f441f53b63 e761660862c3414aa998f844134ef90b afa7bd8107b24493a44f235c1e638b44 - - default default] 10.0.0.72 "DELETE /v2.0/subnets/ebb7cecc-709b-4fce-8fa4-a995e0b36150 HTTP/1.1" status: 204 len: 168 time: 0.2027593
2026-08-04 22:46:58.476 10 INFO neutron.wsgi [None req-401e9dad-025a-4934-afe3-d14636037736 e761660862c3414aa998f844134ef90b afa7bd8107b24493a44f235c1e638b44 - - default default] 10.0.0.72 "DELETE /v2.0/routers/a444b4d9-f388-4b47-ada7-3a8bbf0c7695 HTTP/1.1" status: 204 len: 168 time: 0.6548142
2026-08-04 22:46:58.653 9 INFO neutron.services.segments.plugin [-] Segment 19557be7-0e1e-453a-90dc-215e0d42c82f resource provider aggregate not found
2026-08-04 22:46:58.657 9 INFO neutron.services.segments.plugin [-] Segment 19557be7-0e1e-453a-90dc-215e0d42c82f resource provider aggregate not found
2026-08-04 22:46:58.680 9 INFO neutron.services.segments.plugin [-] Segment 19557be7-0e1e-453a-90dc-215e0d42c82f resource provider not found; error: Placement Client Error (4xx): {"errors": [{"status": 404, "title": "Not Found", "detail": "The resource could not be found.\n\n No resource provider with uuid 19557be7-0e1e-453a-90dc-215e0d42c82f found for delete ", "request_id": "req-a4d8e6f3-50cb-4711-a75d-b02f081637e3"}]}
2026-08-04 22:46:58.681 9 INFO neutron.services.segments.plugin [-] Segment 19557be7-0e1e-453a-90dc-215e0d42c82f resource provider not found; error: Placement Client Error (4xx): {"errors": [{"status": 404, "title": "Not Found", "detail": "The resource could not be found.\n\n No resource provider with uuid 19557be7-0e1e-453a-90dc-215e0d42c82f found for delete ", "request_id": "req-d0541e37-1416-47d9-8d1a-49dbb0b01561"}]}
2026-08-04 22:46:58.690 10 INFO neutron.wsgi [None req-f6d3638f-a259-4cb1-b318-8bd8c62e9d47 e761660862c3414aa998f844134ef90b afa7bd8107b24493a44f235c1e638b44 - - default default] 10.0.0.72 "DELETE /v2.0/subnets/99f8ff46-f15a-4b77-8952-62934b1dce77 HTTP/1.1" status: 204 len: 168 time: 0.2100706
2026-08-04 22:46:58.708 9 INFO neutron.wsgi [None req-034d73ad-b765-4610-acdf-a676048d7282 e761660862c3414aa998f844134ef90b afa7bd8107b24493a44f235c1e638b44 - - default default] 10.0.0.72 "DELETE /v2.0/networks/0348e79b-efa2-4ece-92d2-8afd618bf904 HTTP/1.1" status: 204 len: 168 time: 0.5473354
2026-08-04 22:46:58.737 9 WARNING neutron.scheduler.dhcp_agent_scheduler [None req-9c603617-59c0-438d-bccc-eceebf59b2fa 06a431efea9e464fb711ad5de9867856 53921cb7418f49248c0a808c5f17a482 - - default default] No more DHCP agents
2026-08-04 22:46:58.739 9 WARNING neutron.api.rpc.agentnotifiers.dhcp_rpc_agent_api [None req-9c603617-59c0-438d-bccc-eceebf59b2fa 06a431efea9e464fb711ad5de9867856 53921cb7418f49248c0a808c5f17a482 - - default default] Unable to schedule network 939c3dde-d047-46a3-9da5-8bce04abe357: no agents available; will retry on subsequent port and subnet creation events.
2026-08-04 22:46:58.902 10 INFO neutron.wsgi [None req-2813f98f-b9e3-40e2-83df-26b5dba90872 e761660862c3414aa998f844134ef90b afa7bd8107b24493a44f235c1e638b44 - - default default] 10.0.0.72 "GET /v2.0/security-groups?tenant_id=86436d920972464eb08cc743fc5f8d98&name=default HTTP/1.1" status: 200 len: 2996 time: 0.0458732
2026-08-04 22:46:59.095 10 INFO neutron.wsgi [None req-a74a8296-9627-4f37-89dc-24184b4db04c e761660862c3414aa998f844134ef90b afa7bd8107b24493a44f235c1e638b44 - - default default] 10.0.0.72 "DELETE /v2.0/networks/49b55fb2-c75c-418e-995d-04ae7328b3f5 HTTP/1.1" status: 204 len: 168 time: 0.3998103
2026-08-04 22:46:59.119 9 INFO neutron.wsgi [-] 10.0.0.114 "GET / HTTP/1.1" status: 200 len: 246 time: 0.0012734
2026-08-04 22:46:59.120 10 INFO neutron.wsgi [-] 10.0.0.114 "GET / HTTP/1.1" status: 200 len: 246 time: 0.0016820
2026-08-04 22:46:59.157 10 INFO neutron.wsgi [None req-aeb9f330-a720-4b5f-a4ba-7fb715d28e69 e761660862c3414aa998f844134ef90b afa7bd8107b24493a44f235c1e638b44 - - default default] 10.0.0.72 "DELETE /v2.0/security-groups/eeb9d3ba-522d-4609-958e-76c26b0b8537 HTTP/1.1" status: 204 len: 168 time: 0.2503350
2026-08-04 22:46:59.163 9 INFO neutron.db.ovn_revision_numbers_db [None req-9c603617-59c0-438d-bccc-eceebf59b2fa 06a431efea9e464fb711ad5de9867856 53921cb7418f49248c0a808c5f17a482 - - default default] Successfully bumped revision number for resource 9cc2e0e8-87d3-404d-b1c9-3730cee5d614 (type: ports) to 1
2026-08-04 22:46:59.273 10 INFO neutron.wsgi [None req-aadc7aad-38aa-4603-b6b2-fdada4aecf6f e761660862c3414aa998f844134ef90b afa7bd8107b24493a44f235c1e638b44 - - default default] 10.0.0.72 "GET /v2.0/security-groups?tenant_id=a30dfeecbbf44c10aff6caf1ed038857&name=default HTTP/1.1" status: 200 len: 2996 time: 0.0336752
2026-08-04 22:46:59.447 10 INFO neutron.wsgi [None req-cc9d0b83-9c75-41c0-a584-b0c8ced10b40 e761660862c3414aa998f844134ef90b afa7bd8107b24493a44f235c1e638b44 - - default default] 10.0.0.72 "DELETE /v2.0/security-groups/2e7c2a6e-0a5d-426a-9b72-6404ecdf880d HTTP/1.1" status: 204 len: 168 time: 0.1699424
2026-08-04 22:46:59.729 9 INFO neutron.db.ovn_revision_numbers_db [None req-9c603617-59c0-438d-bccc-eceebf59b2fa 06a431efea9e464fb711ad5de9867856 53921cb7418f49248c0a808c5f17a482 - - default default] Successfully bumped revision number for resource 9cc2e0e8-87d3-404d-b1c9-3730cee5d614 (type: router_ports) to 1
2026-08-04 22:46:59.780 9 INFO neutron.db.ovn_revision_numbers_db [None req-9c603617-59c0-438d-bccc-eceebf59b2fa 06a431efea9e464fb711ad5de9867856 53921cb7418f49248c0a808c5f17a482 - - default default] Successfully bumped revision number for resource 0e69d89c-2482-474b-ab39-625b5f3d26a5 (type: routers) to 2
2026-08-04 22:46:59.794 9 INFO neutron.wsgi [None req-9c603617-59c0-438d-bccc-eceebf59b2fa 06a431efea9e464fb711ad5de9867856 53921cb7418f49248c0a808c5f17a482 - - default default] 10.0.0.72 "POST /v2.0/routers HTTP/1.1" status: 201 len: 867 time: 1.6336787
2026-08-04 22:46:59.869 9 INFO neutron.wsgi [None req-72a62f59-de27-4526-8e9f-e82c69bb67c8 06a431efea9e464fb711ad5de9867856 53921cb7418f49248c0a808c5f17a482 - - default default] 10.0.0.72 "GET /v2.0/routers/0e69d89c-2482-474b-ab39-625b5f3d26a5 HTTP/1.1" status: 200 len: 868 time: 0.0645936
2026-08-04 22:46:59.982 9 INFO neutron.wsgi [None req-1d723b7e-cd7a-4d54-ab13-d8835aecf614 06a431efea9e464fb711ad5de9867856 53921cb7418f49248c0a808c5f17a482 - - default default] 10.0.0.72 "GET /v2.0/routers HTTP/1.1" status: 200 len: 871 time: 0.1080930
2026-08-04 22:47:00.137 10 INFO neutron.services.segments.plugin [-] Segment 2a7544a2-4335-47a6-b47a-67a046e2362c resource provider aggregate not found
2026-08-04 22:47:00.147 10 INFO neutron.services.segments.plugin [-] Segment 2a7544a2-4335-47a6-b47a-67a046e2362c resource provider aggregate not found
2026-08-04 22:47:00.152 10 INFO neutron.services.segments.plugin [-] Segment 2a7544a2-4335-47a6-b47a-67a046e2362c resource provider not found; error: Placement Client Error (4xx): {"errors": [{"status": 404, "title": "Not Found", "detail": "The resource could not be found.\n\n No resource provider with uuid 2a7544a2-4335-47a6-b47a-67a046e2362c found for delete ", "request_id": "req-5532ea3f-4495-40de-a94a-e6861cd65b8e"}]}
2026-08-04 22:47:00.165 10 INFO neutron.services.segments.plugin [-] Segment 2a7544a2-4335-47a6-b47a-67a046e2362c resource provider not found; error: Placement Client Error (4xx): {"errors": [{"status": 404, "title": "Not Found", "detail": "The resource could not be found.\n\n No resource provider with uuid 2a7544a2-4335-47a6-b47a-67a046e2362c found for delete ", "request_id": "req-bef3d0bc-dabf-4735-a820-1909dc8c7a21"}]}
2026-08-04 22:47:00.381 9 INFO neutron.db.ovn_revision_numbers_db [None req-0765df68-d042-4ac9-b30e-ae6be390cef7 06a431efea9e464fb711ad5de9867856 53921cb7418f49248c0a808c5f17a482 - - default default] Successfully bumped revision number for resource 0e69d89c-2482-474b-ab39-625b5f3d26a5 (type: routers) to 3
2026-08-04 22:47:00.384 9 INFO neutron.wsgi [None req-0765df68-d042-4ac9-b30e-ae6be390cef7 06a431efea9e464fb711ad5de9867856 53921cb7418f49248c0a808c5f17a482 - - default default] 10.0.0.72 "PUT /v2.0/routers/0e69d89c-2482-474b-ab39-625b5f3d26a5 HTTP/1.1" status: 200 len: 875 time: 0.3975730
2026-08-04 22:47:00.449 9 INFO neutron.wsgi [None req-a6f7ec10-076f-4774-b824-d804877795eb 06a431efea9e464fb711ad5de9867856 53921cb7418f49248c0a808c5f17a482 - - default default] 10.0.0.72 "GET /v2.0/routers/0e69d89c-2482-474b-ab39-625b5f3d26a5 HTTP/1.1" status: 200 len: 875 time: 0.0606890
2026-08-04 22:47:00.475 9 INFO neutron.wsgi [None req-1e4207a1-e124-451e-99b4-53172ffa9bc1 06a431efea9e464fb711ad5de9867856 53921cb7418f49248c0a808c5f17a482 - - default default] 10.0.0.72 "GET /v2.0/ports?device_id=0e69d89c-2482-474b-ab39-625b5f3d26a5 HTTP/1.1" status: 200 len: 205 time: 0.0201831
2026-08-04 22:47:01.033 9 INFO neutron.wsgi [None req-d13d7aa8-c66a-4acd-af20-617eb0cf9343 06a431efea9e464fb711ad5de9867856 53921cb7418f49248c0a808c5f17a482 - - default default] 10.0.0.72 "DELETE /v2.0/routers/0e69d89c-2482-474b-ab39-625b5f3d26a5 HTTP/1.1" status: 204 len: 168 time: 0.5525157
2026-08-04 22:47:01.071 9 INFO neutron.wsgi [None req-df47d742-6738-4859-a202-508c622dbec3 06a431efea9e464fb711ad5de9867856 53921cb7418f49248c0a808c5f17a482 - - default default] 10.0.0.72 "GET /v2.0/ports?device_id=0e69d89c-2482-474b-ab39-625b5f3d26a5 HTTP/1.1" status: 200 len: 205 time: 0.0276322
2026-08-04 22:47:01.098 9 INFO neutron.api.v2.resource [None req-40cfd7ac-ee7a-44fd-ae8b-a8b587ada09a 06a431efea9e464fb711ad5de9867856 53921cb7418f49248c0a808c5f17a482 - - default default] delete failed (client error): The resource could not be found.
2026-08-04 22:47:01.100 9 INFO neutron.wsgi [None req-40cfd7ac-ee7a-44fd-ae8b-a8b587ada09a 06a431efea9e464fb711ad5de9867856 53921cb7418f49248c0a808c5f17a482 - - default default] 10.0.0.72 "DELETE /v2.0/routers/0e69d89c-2482-474b-ab39-625b5f3d26a5 HTTP/1.1" status: 404 len: 336 time: 0.0248075
2026-08-04 22:47:01.121 9 INFO neutron.wsgi [None req-7fbcc589-f467-442f-b896-a23630463df7 06a431efea9e464fb711ad5de9867856 53921cb7418f49248c0a808c5f17a482 - - default default] 10.0.0.72 "GET /v2.0/ports?device_id=0127849f-8d23-4b07-874c-24a569ebbf40 HTTP/1.1" status: 200 len: 205 time: 0.0163054
2026-08-04 22:47:01.144 9 INFO neutron.api.v2.resource [None req-1cef2388-07f0-412c-85ce-b7ef30e444a8 06a431efea9e464fb711ad5de9867856 53921cb7418f49248c0a808c5f17a482 - - default default] delete failed (client error): The resource could not be found.
2026-08-04 22:47:01.145 9 INFO neutron.wsgi [None req-1cef2388-07f0-412c-85ce-b7ef30e444a8 06a431efea9e464fb711ad5de9867856 53921cb7418f49248c0a808c5f17a482 - - default default] 10.0.0.72 "DELETE /v2.0/routers/0127849f-8d23-4b07-874c-24a569ebbf40 HTTP/1.1" status: 404 len: 336 time: 0.0199654
2026-08-04 22:47:01.165 9 INFO neutron.pecan_wsgi.hooks.translation [None req-358737a4-c114-4fb1-923c-5ed2cc8e94de 06a431efea9e464fb711ad5de9867856 53921cb7418f49248c0a808c5f17a482 - - default default] DELETE failed (client error): The resource could not be found.
2026-08-04 22:47:01.167 9 INFO neutron.wsgi [None req-358737a4-c114-4fb1-923c-5ed2cc8e94de 06a431efea9e464fb711ad5de9867856 53921cb7418f49248c0a808c5f17a482 - - default default] 10.0.0.72 "DELETE /v2.0/subnets/dc746760-e9a6-4bae-8128-93a6b9db740c HTTP/1.1" status: 404 len: 337 time: 0.0179241
2026-08-04 22:47:01.186 10 INFO neutron.wsgi [None req-93d8de96-a9df-4bde-a16e-27451ba8373f 06a431efea9e464fb711ad5de9867856 53921cb7418f49248c0a808c5f17a482 - - default default] 10.0.0.72 "GET /v2.0/ports?device_id=c798c271-53d3-4ea1-8abd-346c43772cec HTTP/1.1" status: 200 len: 205 time: 0.0154462
2026-08-04 22:47:01.212 10 INFO neutron.api.v2.resource [None req-c9e0a794-fca2-4ca8-abd6-b3601879376c 06a431efea9e464fb711ad5de9867856 53921cb7418f49248c0a808c5f17a482 - - default default] delete failed (client error): The resource could not be found.
2026-08-04 22:47:01.213 10 INFO neutron.wsgi [None req-c9e0a794-fca2-4ca8-abd6-b3601879376c 06a431efea9e464fb711ad5de9867856 53921cb7418f49248c0a808c5f17a482 - - default default] 10.0.0.72 "DELETE /v2.0/routers/c798c271-53d3-4ea1-8abd-346c43772cec HTTP/1.1" status: 404 len: 336 time: 0.0225327
2026-08-04 22:47:01.229 10 INFO neutron.pecan_wsgi.hooks.translation [None req-709763a8-a7e8-4505-8419-e98f1edad039 06a431efea9e464fb711ad5de9867856 53921cb7418f49248c0a808c5f17a482 - - default default] DELETE failed (client error): The resource could not be found.
2026-08-04 22:47:01.231 10 INFO neutron.wsgi [None req-709763a8-a7e8-4505-8419-e98f1edad039 06a431efea9e464fb711ad5de9867856 53921cb7418f49248c0a808c5f17a482 - - default default] 10.0.0.72 "DELETE /v2.0/subnets/029c61fe-b675-450e-8ed2-ce6a4166bd1c HTTP/1.1" status: 404 len: 337 time: 0.0137339
2026-08-04 22:47:01.249 10 INFO neutron.wsgi [None req-9b4d76a2-c3ed-46b0-b8dd-812cb52a0832 06a431efea9e464fb711ad5de9867856 53921cb7418f49248c0a808c5f17a482 - - default default] 10.0.0.72 "GET /v2.0/ports?device_id=70ab9134-3dc3-4b75-a624-f5854a29ff8b HTTP/1.1" status: 200 len: 205 time: 0.0145235
2026-08-04 22:47:01.254 10 WARNING neutron.plugins.ml2.drivers.ovn.mech_driver.ovsdb.ovn_client [None req-a04ed9aa-9a94-4106-8ac5-7bd5a8e8f978 - - - - - -] No port found with ID a05a84d2-ce80-4060-ab08-09ab9abeca0d: RuntimeError: No port found with ID a05a84d2-ce80-4060-ab08-09ab9abeca0d
2026-08-04 22:47:01.255 10 INFO neutron.plugins.ml2.drivers.ovn.mech_driver.mech_driver [None req-a04ed9aa-9a94-4106-8ac5-7bd5a8e8f978 - - - - - -] OVN reports status up for port: 9cc2e0e8-87d3-404d-b1c9-3730cee5d614
2026-08-04 22:47:01.279 9 INFO neutron.api.v2.resource [None req-6bf5a25f-9095-4f5e-a1e1-67e20865fd6c 06a431efea9e464fb711ad5de9867856 53921cb7418f49248c0a808c5f17a482 - - default default] delete failed (client error): The resource could not be found.
2026-08-04 22:47:01.280 9 INFO neutron.wsgi [None req-6bf5a25f-9095-4f5e-a1e1-67e20865fd6c 06a431efea9e464fb711ad5de9867856 53921cb7418f49248c0a808c5f17a482 - - default default] 10.0.0.72 "DELETE /v2.0/routers/70ab9134-3dc3-4b75-a624-f5854a29ff8b HTTP/1.1" status: 404 len: 336 time: 0.0266345
2026-08-04 22:47:01.297 9 INFO neutron.pecan_wsgi.hooks.translation [None req-9846981f-40e3-4abd-9bc4-b34f982728b3 06a431efea9e464fb711ad5de9867856 53921cb7418f49248c0a808c5f17a482 - - default default] DELETE failed (client error): The resource could not be found.
2026-08-04 22:47:01.299 9 INFO neutron.wsgi [None req-9846981f-40e3-4abd-9bc4-b34f982728b3 06a431efea9e464fb711ad5de9867856 53921cb7418f49248c0a808c5f17a482 - - default default] 10.0.0.72 "DELETE /v2.0/subnets/fbf99b55-f70f-40bd-ad2b-97bac23af820 HTTP/1.1" status: 404 len: 337 time: 0.0153582
2026-08-04 22:47:01.316 9 INFO neutron.pecan_wsgi.hooks.translation [None req-ded35eca-270f-42af-9423-fc71953072cd 06a431efea9e464fb711ad5de9867856 53921cb7418f49248c0a808c5f17a482 - - default default] DELETE failed (client error): The resource could not be found.
2026-08-04 22:47:01.318 9 INFO neutron.wsgi [None req-ded35eca-270f-42af-9423-fc71953072cd 06a431efea9e464fb711ad5de9867856 53921cb7418f49248c0a808c5f17a482 - - default default] 10.0.0.72 "DELETE /v2.0/subnets/efdcdbdd-8053-48bb-93fc-0ed34ce8c28a HTTP/1.1" status: 404 len: 337 time: 0.0149381
2026-08-04 22:47:01.993 9 INFO neutron.wsgi [None req-c572fcb4-5a12-4295-bf47-ca0ab2a01e88 e761660862c3414aa998f844134ef90b afa7bd8107b24493a44f235c1e638b44 - - default default] 10.0.0.72 "GET /v2.0/security-groups?tenant_id=53921cb7418f49248c0a808c5f17a482&name=default HTTP/1.1" status: 200 len: 2996 time: 0.2408104
2026-08-04 22:47:02.182 9 INFO neutron.wsgi [None req-82bb50d3-6f0e-4c3b-8519-a21058e39a04 e761660862c3414aa998f844134ef90b afa7bd8107b24493a44f235c1e638b44 - - default default] 10.0.0.72 "DELETE /v2.0/security-groups/3d3a65a6-4882-46cb-891a-bc648a0712c5 HTTP/1.1" status: 204 len: 168 time: 0.1824822
2026-08-04 22:47:02.335 10 INFO neutron.db.ovn_revision_numbers_db [None req-eb6c473b-ddec-4fa9-942d-87868bf5441b e761660862c3414aa998f844134ef90b afa7bd8107b24493a44f235c1e638b44 - - default default] Successfully bumped revision number for resource 81fb1f4a-db21-446c-bddf-97083031ec51 (type: security_groups) to 1
2026-08-04 22:47:02.346 10 INFO neutron.db.ovn_revision_numbers_db [None req-eb6c473b-ddec-4fa9-942d-87868bf5441b e761660862c3414aa998f844134ef90b afa7bd8107b24493a44f235c1e638b44 - - default default] Successfully bumped revision number for resource 40f77b58-da55-49e9-a83c-25cc26219ceb (type: security_group_rules) to 0
2026-08-04 22:47:02.357 10 INFO neutron.db.ovn_revision_numbers_db [None req-eb6c473b-ddec-4fa9-942d-87868bf5441b e761660862c3414aa998f844134ef90b afa7bd8107b24493a44f235c1e638b44 - - default default] Successfully bumped revision number for resource a4514257-3964-44cf-886b-f73073ccbf75 (type: security_group_rules) to 0
2026-08-04 22:47:02.369 10 INFO neutron.db.ovn_revision_numbers_db [None req-eb6c473b-ddec-4fa9-942d-87868bf5441b e761660862c3414aa998f844134ef90b afa7bd8107b24493a44f235c1e638b44 - - default default] Successfully bumped revision number for resource cbe790ed-d199-4665-86b6-dbfe09ce1a96 (type: security_group_rules) to 0
2026-08-04 22:47:02.379 10 INFO neutron.db.ovn_revision_numbers_db [None req-eb6c473b-ddec-4fa9-942d-87868bf5441b e761660862c3414aa998f844134ef90b afa7bd8107b24493a44f235c1e638b44 - - default default] Successfully bumped revision number for resource d025e736-8853-44e0-96a1-91943160c295 (type: security_group_rules) to 0
2026-08-04 22:47:02.407 10 INFO neutron.wsgi [None req-eb6c473b-ddec-4fa9-942d-87868bf5441b e761660862c3414aa998f844134ef90b afa7bd8107b24493a44f235c1e638b44 - - default default] 10.0.0.72 "GET /v2.0/security-groups?tenant_id=69615a19615c4721a67d0a5eb27ce276&name=default HTTP/1.1" status: 200 len: 2996 time: 0.2664058
2026-08-04 22:47:02.616 10 INFO neutron.wsgi [None req-c3280d8f-cc38-422c-9edf-d9f7b565866a e761660862c3414aa998f844134ef90b afa7bd8107b24493a44f235c1e638b44 - - default default] 10.0.0.72 "DELETE /v2.0/security-groups/81fb1f4a-db21-446c-bddf-97083031ec51 HTTP/1.1" status: 204 len: 168 time: 0.2049155
2026-08-04 22:47:03.615 9 INFO neutron.db.ovn_revision_numbers_db [None req-a606fc55-f2aa-43ee-be67-222b1ab4ab77 e26a2cab11184f29846c542342b90a6e d0f8e298d0614fa4ae1871d4f1efeba6 - - default default] Successfully bumped revision number for resource 8fc8f639-368a-4fdc-98bb-5aa7d2ea73dc (type: security_groups) to 1
2026-08-04 22:47:03.627 9 INFO neutron.db.ovn_revision_numbers_db [None req-a606fc55-f2aa-43ee-be67-222b1ab4ab77 e26a2cab11184f29846c542342b90a6e d0f8e298d0614fa4ae1871d4f1efeba6 - - default default] Successfully bumped revision number for resource 1afbb419-2f0b-47be-8a67-9439f360f37d (type: security_group_rules) to 0
2026-08-04 22:47:03.640 9 INFO neutron.db.ovn_revision_numbers_db [None req-a606fc55-f2aa-43ee-be67-222b1ab4ab77 e26a2cab11184f29846c542342b90a6e d0f8e298d0614fa4ae1871d4f1efeba6 - - default default] Successfully bumped revision number for resource a6ba2e0e-066c-4e94-b8ff-b2f9523156cc (type: security_group_rules) to 0
2026-08-04 22:47:03.652 9 INFO neutron.db.ovn_revision_numbers_db [None req-a606fc55-f2aa-43ee-be67-222b1ab4ab77 e26a2cab11184f29846c542342b90a6e d0f8e298d0614fa4ae1871d4f1efeba6 - - default default] Successfully bumped revision number for resource c7989458-43e5-41ae-b286-4080b8e00207 (type: security_group_rules) to 0
2026-08-04 22:47:03.665 9 INFO neutron.db.ovn_revision_numbers_db [None req-a606fc55-f2aa-43ee-be67-222b1ab4ab77 e26a2cab11184f29846c542342b90a6e d0f8e298d0614fa4ae1871d4f1efeba6 - - default default] Successfully bumped revision number for resource ee80c4cb-89ab-4e96-ac24-08ec1f83f67f (type: security_group_rules) to 0
2026-08-04 22:47:03.715 9 INFO neutron.db.segments_db [None req-a606fc55-f2aa-43ee-be67-222b1ab4ab77 e26a2cab11184f29846c542342b90a6e d0f8e298d0614fa4ae1871d4f1efeba6 - - default default] Added segment c1dbb8fb-658a-46ed-a895-7f92b771a642 of type geneve for network 5638397b-2cb4-4086-8ea8-c3b72c3ee4bd
2026-08-04 22:47:03.876 9 INFO neutron.db.ovn_revision_numbers_db [None req-a606fc55-f2aa-43ee-be67-222b1ab4ab77 e26a2cab11184f29846c542342b90a6e d0f8e298d0614fa4ae1871d4f1efeba6 - - default default] Successfully bumped revision number for resource 5638397b-2cb4-4086-8ea8-c3b72c3ee4bd (type: networks) to 1
2026-08-04 22:47:04.016 9 WARNING neutron.scheduler.dhcp_agent_scheduler [None req-a606fc55-f2aa-43ee-be67-222b1ab4ab77 e26a2cab11184f29846c542342b90a6e d0f8e298d0614fa4ae1871d4f1efeba6 - - default default] No more DHCP agents
2026-08-04 22:47:04.018 9 WARNING neutron.api.rpc.agentnotifiers.dhcp_rpc_agent_api [None req-a606fc55-f2aa-43ee-be67-222b1ab4ab77 e26a2cab11184f29846c542342b90a6e d0f8e298d0614fa4ae1871d4f1efeba6 - - default default] Unable to schedule network 5638397b-2cb4-4086-8ea8-c3b72c3ee4bd: no agents available; will retry on subsequent port and subnet creation events.
2026-08-04 22:47:04.115 9 INFO neutron.db.ovn_revision_numbers_db [None req-a606fc55-f2aa-43ee-be67-222b1ab4ab77 e26a2cab11184f29846c542342b90a6e d0f8e298d0614fa4ae1871d4f1efeba6 - - default default] Successfully bumped revision number for resource 27189afc-2541-4be4-9090-b41e94afcc83 (type: ports) to 1
2026-08-04 22:47:04.137 9 INFO neutron.wsgi [None req-54ed6f3b-dd99-4386-9aa9-3ee1ff0ef552 51a6d5e2cdd54dbca9f80b2dbe7f9d77 07933e5fa42f4ab7af6049261a5767e9 - - default default] 10.0.0.72 "POST /v2.0/subnetpools HTTP/1.1" status: 201 len: 748 time: 0.2245805
2026-08-04 22:47:04.152 9 INFO neutron.wsgi [None req-a606fc55-f2aa-43ee-be67-222b1ab4ab77 e26a2cab11184f29846c542342b90a6e d0f8e298d0614fa4ae1871d4f1efeba6 - - default default] 10.0.0.72 "POST /v2.0/networks HTTP/1.1" status: 201 len: 929 time: 0.8459961
2026-08-04 22:47:04.164 9 INFO neutron.wsgi [None req-4aae8116-8f06-4821-9867-2493c8c7e115 51a6d5e2cdd54dbca9f80b2dbe7f9d77 07933e5fa42f4ab7af6049261a5767e9 - - default default] 10.0.0.72 "GET /v2.0/subnetpools/bfcb23a4-935a-4888-82ce-964efca1f714 HTTP/1.1" status: 200 len: 743 time: 0.0221207
2026-08-04 22:47:04.227 9 INFO neutron.wsgi [None req-7c41d11d-19b4-4480-be56-a40d31b25f51 51a6d5e2cdd54dbca9f80b2dbe7f9d77 07933e5fa42f4ab7af6049261a5767e9 - - default default] 10.0.0.72 "PUT /v2.0/subnetpools/bfcb23a4-935a-4888-82ce-964efca1f714 HTTP/1.1" status: 200 len: 695 time: 0.0594327
2026-08-04 22:47:04.286 9 INFO neutron.wsgi [None req-d04728f5-b40d-4528-8f37-0b5e6232c341 51a6d5e2cdd54dbca9f80b2dbe7f9d77 07933e5fa42f4ab7af6049261a5767e9 - - default default] 10.0.0.72 "DELETE /v2.0/subnetpools/bfcb23a4-935a-4888-82ce-964efca1f714 HTTP/1.1" status: 204 len: 168 time: 0.0547032
2026-08-04 22:47:04.301 9 INFO neutron.api.v2.resource [None req-4cc8b088-87ca-478f-ad6f-11e02d7d020b 51a6d5e2cdd54dbca9f80b2dbe7f9d77 07933e5fa42f4ab7af6049261a5767e9 - - default default] show failed (client error): The resource could not be found.
2026-08-04 22:47:04.302 9 INFO neutron.wsgi [None req-4cc8b088-87ca-478f-ad6f-11e02d7d020b 51a6d5e2cdd54dbca9f80b2dbe7f9d77 07933e5fa42f4ab7af6049261a5767e9 - - default default] 10.0.0.72 "GET /v2.0/subnetpools/bfcb23a4-935a-4888-82ce-964efca1f714 HTTP/1.1" status: 404 len: 346 time: 0.0105839
2026-08-04 22:47:04.314 9 INFO neutron.api.v2.resource [None req-7f5554b7-0a44-43dc-bad8-6066f45b06bd 51a6d5e2cdd54dbca9f80b2dbe7f9d77 07933e5fa42f4ab7af6049261a5767e9 - - default default] delete failed (client error): The resource could not be found.
2026-08-04 22:47:04.315 9 INFO neutron.wsgi [None req-7f5554b7-0a44-43dc-bad8-6066f45b06bd 51a6d5e2cdd54dbca9f80b2dbe7f9d77 07933e5fa42f4ab7af6049261a5767e9 - - default default] 10.0.0.72 "DELETE /v2.0/subnetpools/bfcb23a4-935a-4888-82ce-964efca1f714 HTTP/1.1" status: 404 len: 346 time: 0.0091817
2026-08-04 22:47:04.316 10 WARNING neutron.scheduler.dhcp_agent_scheduler [None req-512d00d0-60a9-478d-a4f7-ca5b6d7fb790 e26a2cab11184f29846c542342b90a6e d0f8e298d0614fa4ae1871d4f1efeba6 - - default default] No more DHCP agents
2026-08-04 22:47:04.318 10 WARNING neutron.api.rpc.agentnotifiers.dhcp_rpc_agent_api [None req-512d00d0-60a9-478d-a4f7-ca5b6d7fb790 e26a2cab11184f29846c542342b90a6e d0f8e298d0614fa4ae1871d4f1efeba6 - - default default] Unable to schedule network 5638397b-2cb4-4086-8ea8-c3b72c3ee4bd: no agents available; will retry on subsequent port and subnet creation events.
2026-08-04 22:47:04.413 10 INFO neutron.wsgi [req-3281c00a-8056-4d6a-bedc-91b4aad58e14 req-72f9a718-99a4-479e-aba8-37427a8b922a f52cb827014648a9baf493a70e099238 5b436957e7cd48c980ddb81b422b049f - - a992c7e162aa4dd9b879f0a13a6e7ea8 a992c7e162aa4dd9b879f0a13a6e7ea8] 10.0.0.250 "GET /v2.0/ports?device_id=44d912ca-ef37-4b44-94e8-e4b1e1bf37b3 HTTP/1.1" status: 200 len: 1409 time: 0.1563594
2026-08-04 22:47:04.466 10 INFO neutron.wsgi [req-3281c00a-8056-4d6a-bedc-91b4aad58e14 req-5a691bef-5fac-424f-900a-89af517f6b09 f52cb827014648a9baf493a70e099238 5b436957e7cd48c980ddb81b422b049f - - a992c7e162aa4dd9b879f0a13a6e7ea8 a992c7e162aa4dd9b879f0a13a6e7ea8] 10.0.0.250 "GET /v2.0/security-groups?id=9405b9fc-bda0-4eba-a96d-427c2e60a691&fields=id&fields=name HTTP/1.1" status: 200 len: 313 time: 0.0426233
2026-08-04 22:47:04.843 10 INFO neutron.db.ovn_revision_numbers_db [None req-512d00d0-60a9-478d-a4f7-ca5b6d7fb790 e26a2cab11184f29846c542342b90a6e d0f8e298d0614fa4ae1871d4f1efeba6 - - default default] Successfully bumped revision number for resource 27189afc-2541-4be4-9090-b41e94afcc83 (type: ports) to 2
2026-08-04 22:47:04.872 10 INFO neutron.db.ovn_revision_numbers_db [None req-512d00d0-60a9-478d-a4f7-ca5b6d7fb790 e26a2cab11184f29846c542342b90a6e d0f8e298d0614fa4ae1871d4f1efeba6 - - default default] Successfully bumped revision number for resource 8faba95d-3b99-4379-bff3-369bb143a594 (type: subnets) to 0
2026-08-04 22:47:04.886 10 INFO neutron.wsgi [None req-512d00d0-60a9-478d-a4f7-ca5b6d7fb790 e26a2cab11184f29846c542342b90a6e d0f8e298d0614fa4ae1871d4f1efeba6 - - default default] 10.0.0.72 "POST /v2.0/subnets HTTP/1.1" status: 201 len: 819 time: 0.7304857
2026-08-04 22:47:04.905 9 WARNING neutron.api.v2.base [None req-d78a95e9-e620-4db9-98ca-03583f9623c3 e26a2cab11184f29846c542342b90a6e d0f8e298d0614fa4ae1871d4f1efeba6 - - default default] An exception happened while processing the request body. The exception message is [Invalid input for target_tenant. Reason: 'None' is not a valid string.].: webob.exc.HTTPBadRequest: Invalid input for target_tenant. Reason: 'None' is not a valid string.
2026-08-04 22:47:04.906 9 INFO neutron.api.v2.resource [None req-d78a95e9-e620-4db9-98ca-03583f9623c3 e26a2cab11184f29846c542342b90a6e d0f8e298d0614fa4ae1871d4f1efeba6 - - default default] create failed (client error): Invalid input for target_tenant. Reason: 'None' is not a valid string.
2026-08-04 22:47:04.906 9 INFO neutron.wsgi [None req-d78a95e9-e620-4db9-98ca-03583f9623c3 e26a2cab11184f29846c542342b90a6e d0f8e298d0614fa4ae1871d4f1efeba6 - - default default] 10.0.0.72 "POST /v2.0/rbac-policies HTTP/1.1" status: 400 len: 346 time: 0.0078387
2026-08-04 22:47:04.988 9 INFO neutron.db.ovn_revision_numbers_db [None req-d2552492-23b8-4fa9-a5dc-bbc48f224662 e761660862c3414aa998f844134ef90b afa7bd8107b24493a44f235c1e638b44 - - default default] Successfully bumped revision number for resource c62d2e57-8db3-4962-b7a9-06144a3896c8 (type: security_groups) to 1
2026-08-04 22:47:04.999 9 INFO neutron.db.ovn_revision_numbers_db [None req-d2552492-23b8-4fa9-a5dc-bbc48f224662 e761660862c3414aa998f844134ef90b afa7bd8107b24493a44f235c1e638b44 - - default default] Successfully bumped revision number for resource 70991f62-8e9c-407f-a9f4-a3d47b9b1b0b (type: security_group_rules) to 0
2026-08-04 22:47:05.009 9 INFO neutron.db.ovn_revision_numbers_db [None req-d2552492-23b8-4fa9-a5dc-bbc48f224662 e761660862c3414aa998f844134ef90b afa7bd8107b24493a44f235c1e638b44 - - default default] Successfully bumped revision number for resource d7d7fcd8-58ee-4c4b-86ea-8ca9b663afdd (type: security_group_rules) to 0
2026-08-04 22:47:05.020 9 INFO neutron.db.ovn_revision_numbers_db [None req-d2552492-23b8-4fa9-a5dc-bbc48f224662 e761660862c3414aa998f844134ef90b afa7bd8107b24493a44f235c1e638b44 - - default default] Successfully bumped revision number for resource e43b6b0d-c6c0-4d77-a0a1-4f39112895cb (type: security_group_rules) to 0
2026-08-04 22:47:05.029 9 INFO neutron.db.ovn_revision_numbers_db [None req-d2552492-23b8-4fa9-a5dc-bbc48f224662 e761660862c3414aa998f844134ef90b afa7bd8107b24493a44f235c1e638b44 - - default default] Successfully bumped revision number for resource e7574c5d-d7ed-47ef-b12f-8cae06d8169f (type: security_group_rules) to 0
2026-08-04 22:47:05.046 9 INFO neutron.wsgi [None req-d2552492-23b8-4fa9-a5dc-bbc48f224662 e761660862c3414aa998f844134ef90b afa7bd8107b24493a44f235c1e638b44 - - default default] 10.0.0.72 "GET /v2.0/security-groups?tenant_id=07933e5fa42f4ab7af6049261a5767e9&name=default HTTP/1.1" status: 200 len: 2996 time: 0.2812185
2026-08-04 22:47:05.191 9 INFO neutron.wsgi [None req-c31438d0-47b4-411c-8122-810b62e6384c e761660862c3414aa998f844134ef90b afa7bd8107b24493a44f235c1e638b44 - - default default] 10.0.0.72 "DELETE /v2.0/security-groups/c62d2e57-8db3-4962-b7a9-06144a3896c8 HTTP/1.1" status: 204 len: 168 time: 0.1406627
2026-08-04 22:47:05.429 10 INFO neutron.services.segments.plugin [-] Segment c1dbb8fb-658a-46ed-a895-7f92b771a642 resource provider aggregate not found
2026-08-04 22:47:05.433 10 INFO neutron.services.segments.plugin [-] Segment c1dbb8fb-658a-46ed-a895-7f92b771a642 resource provider aggregate not found
2026-08-04 22:47:05.448 10 INFO neutron.services.segments.plugin [-] Segment c1dbb8fb-658a-46ed-a895-7f92b771a642 resource provider not found; error: Placement Client Error (4xx): {"errors": [{"status": 404, "title": "Not Found", "detail": "The resource could not be found.\n\n No resource provider with uuid c1dbb8fb-658a-46ed-a895-7f92b771a642 found for delete ", "request_id": "req-c0431b80-10e1-4075-ba31-ec86069a1d68"}]}
2026-08-04 22:47:05.450 10 INFO neutron.services.segments.plugin [-] Segment c1dbb8fb-658a-46ed-a895-7f92b771a642 resource provider not found; error: Placement Client Error (4xx): {"errors": [{"status": 404, "title": "Not Found", "detail": "The resource could not be found.\n\n No resource provider with uuid c1dbb8fb-658a-46ed-a895-7f92b771a642 found for delete ", "request_id": "req-36afc675-5e4b-4b7e-a1f7-c2feaf2b2c3b"}]}
2026-08-04 22:47:05.467 10 INFO neutron.wsgi [None req-cd8b1fc6-6f08-4cdd-bf52-6c04c8c63eda e26a2cab11184f29846c542342b90a6e d0f8e298d0614fa4ae1871d4f1efeba6 - - default default] 10.0.0.72 "DELETE /v2.0/networks/5638397b-2cb4-4086-8ea8-c3b72c3ee4bd HTTP/1.1" status: 204 len: 168 time: 0.5509367
2026-08-04 22:47:05.550 10 INFO neutron.db.segments_db [None req-8d8f9f85-548a-49cd-8c90-7131f7112343 e26a2cab11184f29846c542342b90a6e d0f8e298d0614fa4ae1871d4f1efeba6 - - default default] Added segment cab170ab-1d68-4d2e-bae3-edbd68340a93 of type geneve for network 5a6762f8-7bf8-4bbc-8f20-1b3c938974ee
2026-08-04 22:47:05.678 10 INFO neutron.db.ovn_revision_numbers_db [None req-8d8f9f85-548a-49cd-8c90-7131f7112343 e26a2cab11184f29846c542342b90a6e d0f8e298d0614fa4ae1871d4f1efeba6 - - default default] Successfully bumped revision number for resource 5a6762f8-7bf8-4bbc-8f20-1b3c938974ee (type: networks) to 1
2026-08-04 22:47:05.835 10 WARNING neutron.scheduler.dhcp_agent_scheduler [None req-8d8f9f85-548a-49cd-8c90-7131f7112343 e26a2cab11184f29846c542342b90a6e d0f8e298d0614fa4ae1871d4f1efeba6 - - default default] No more DHCP agents
2026-08-04 22:47:05.837 10 WARNING neutron.api.rpc.agentnotifiers.dhcp_rpc_agent_api [None req-8d8f9f85-548a-49cd-8c90-7131f7112343 e26a2cab11184f29846c542342b90a6e d0f8e298d0614fa4ae1871d4f1efeba6 - - default default] Unable to schedule network 5a6762f8-7bf8-4bbc-8f20-1b3c938974ee: no agents available; will retry on subsequent port and subnet creation events.
2026-08-04 22:47:05.937 10 INFO neutron.db.ovn_revision_numbers_db [None req-8d8f9f85-548a-49cd-8c90-7131f7112343 e26a2cab11184f29846c542342b90a6e d0f8e298d0614fa4ae1871d4f1efeba6 - - default default] Successfully bumped revision number for resource 791538a8-cf94-49e9-9753-784bf9907c2d (type: ports) to 1
2026-08-04 22:47:05.957 10 INFO neutron.wsgi [None req-8d8f9f85-548a-49cd-8c90-7131f7112343 e26a2cab11184f29846c542342b90a6e d0f8e298d0614fa4ae1871d4f1efeba6 - - default default] 10.0.0.72 "POST /v2.0/networks HTTP/1.1" status: 201 len: 928 time: 0.4824164
2026-08-04 22:47:06.086 9 WARNING neutron.scheduler.dhcp_agent_scheduler [None req-9e7a18f7-6ffb-4952-bc53-a93bb78cd1e4 e26a2cab11184f29846c542342b90a6e d0f8e298d0614fa4ae1871d4f1efeba6 - - default default] No more DHCP agents
2026-08-04 22:47:06.088 9 WARNING neutron.api.rpc.agentnotifiers.dhcp_rpc_agent_api [None req-9e7a18f7-6ffb-4952-bc53-a93bb78cd1e4 e26a2cab11184f29846c542342b90a6e d0f8e298d0614fa4ae1871d4f1efeba6 - - default default] Unable to schedule network 5a6762f8-7bf8-4bbc-8f20-1b3c938974ee: no agents available; will retry on subsequent port and subnet creation events.
2026-08-04 22:47:06.765 10 INFO neutron.wsgi [None req-5c2131fc-3adb-4496-b864-932cc3635164 e761660862c3414aa998f844134ef90b afa7bd8107b24493a44f235c1e638b44 - - default default] 10.0.0.238 "GET /v2.0/floatingips HTTP/1.1" status: 200 len: 1035 time: 0.2417901
2026-08-04 22:47:06.785 9 INFO neutron.db.ovn_revision_numbers_db [None req-9e7a18f7-6ffb-4952-bc53-a93bb78cd1e4 e26a2cab11184f29846c542342b90a6e d0f8e298d0614fa4ae1871d4f1efeba6 - - default default] Successfully bumped revision number for resource 791538a8-cf94-49e9-9753-784bf9907c2d (type: ports) to 2
2026-08-04 22:47:06.808 10 INFO neutron.wsgi [None req-4e2fcf7f-1fc6-4703-9344-99120e5a434e e761660862c3414aa998f844134ef90b afa7bd8107b24493a44f235c1e638b44 - - default default] 10.0.0.238 "GET /v2.0/subnets HTTP/1.1" status: 200 len: 2706 time: 0.0412176
2026-08-04 22:47:06.822 9 INFO neutron.db.ovn_revision_numbers_db [None req-9e7a18f7-6ffb-4952-bc53-a93bb78cd1e4 e26a2cab11184f29846c542342b90a6e d0f8e298d0614fa4ae1871d4f1efeba6 - - default default] Successfully bumped revision number for resource 73d3660e-6515-411e-97de-a9fe4d199c05 (type: subnets) to 0
2026-08-04 22:47:06.837 9 INFO neutron.wsgi [None req-9e7a18f7-6ffb-4952-bc53-a93bb78cd1e4 e26a2cab11184f29846c542342b90a6e d0f8e298d0614fa4ae1871d4f1efeba6 - - default default] 10.0.0.72 "POST /v2.0/subnets HTTP/1.1" status: 201 len: 822 time: 0.8743265
2026-08-04 22:47:06.845 9 WARNING neutron.api.v2.base [None req-61768631-32c1-4963-afe6-7c656e2556e9 e26a2cab11184f29846c542342b90a6e d0f8e298d0614fa4ae1871d4f1efeba6 - - default default] An exception happened while processing the request body. The exception message is [Invalid input for target_tenant. Reason: '1234123412341234123412341234123412341234123412341234123412341234123412341234123412341234123412341234123412341234123412341234123412341234123412341234123412341234123412341234123412341234123412341234123412341234123412341234123412341234123412341234123412341234123412341234123412341234123412341234123412341234123412341234123412341234123412341234123412341234123412341234123412341234123412341234123412341234' exceeds maximum length of 255.].: webob.exc.HTTPBadRequest: Invalid input for target_tenant. Reason: '1234123412341234123412341234123412341234123412341234123412341234123412341234123412341234123412341234123412341234123412341234123412341234123412341234123412341234123412341234123412341234123412341234123412341234123412341234123412341234123412341234123412341234123412341234123412341234123412341234123412341234123412341234123412341234123412341234123412341234123412341234123412341234123412341234123412341234' exceeds maximum length of 255.
2026-08-04 22:47:06.846 9 INFO neutron.api.v2.resource [None req-61768631-32c1-4963-afe6-7c656e2556e9 e26a2cab11184f29846c542342b90a6e d0f8e298d0614fa4ae1871d4f1efeba6 - - default default] create failed (client error): Invalid input for target_tenant. Reason: '1234123412341234123412341234123412341234123412341234123412341234123412341234123412341234123412341234123412341234123412341234123412341234123412341234123412341234123412341234123412341234123412341234123412341234123412341234123412341234123412341234123412341234123412341234123412341234123412341234123412341234123412341234123412341234123412341234123412341234123412341234123412341234123412341234123412341234' exceeds maximum length of 255.
2026-08-04 22:47:06.847 9 INFO neutron.wsgi [None req-61768631-32c1-4963-afe6-7c656e2556e9 e26a2cab11184f29846c542342b90a6e d0f8e298d0614fa4ae1871d4f1efeba6 - - default default] 10.0.0.72 "POST /v2.0/rbac-policies HTTP/1.1" status: 400 len: 750 time: 0.0054426
2026-08-04 22:47:06.856 10 INFO neutron.wsgi [None req-3a7bf13a-e74a-4a43-a1ff-f2312394b7d3 e761660862c3414aa998f844134ef90b afa7bd8107b24493a44f235c1e638b44 - - default default] 10.0.0.238 "GET /v2.0/ports HTTP/1.1" status: 200 len: 11822 time: 0.0460746
2026-08-04 22:47:06.963 10 INFO neutron.wsgi [None req-4978d36f-a26a-4899-a421-62116fd62451 e761660862c3414aa998f844134ef90b afa7bd8107b24493a44f235c1e638b44 - - default default] 10.0.0.238 "GET /v2.0/routers HTTP/1.1" status: 200 len: 861 time: 0.0991287
2026-08-04 22:47:06.976 10 INFO neutron.wsgi [None req-d195263d-fee5-492b-a2a3-8395e481bbf4 e761660862c3414aa998f844134ef90b afa7bd8107b24493a44f235c1e638b44 - - default default] 10.0.0.238 "GET /v2.0/agents?binary=ovn-controller HTTP/1.1" status: 200 len: 591 time: 0.0115590
