2026-08-04 22:48:04.941 10 INFO neutron.wsgi [None req-b04aab20-824f-4e0d-82be-09100776b058 5d51d0ab44654b5c981382422f560b03 41e88af23c4042f59a8ecd475bfbf347 - - default default] 10.0.0.72 "GET /v2.0/security-groups?not-tags=red HTTP/1.1" status: 200 len: 6041 time: 0.0576086
2026-08-04 22:48:04.956 9 INFO neutron.wsgi [None req-74333c2b-adcc-4350-be6b-7b849e6e4148 e761660862c3414aa998f844134ef90b afa7bd8107b24493a44f235c1e638b44 - - default default] 10.0.0.72 "GET /v2.0/security-groups?tenant_id=bd00212d0cb14516adbf2ac45a5d8b05&name=default HTTP/1.1" status: 200 len: 2996 time: 0.1539576
2026-08-04 22:48:04.994 10 INFO neutron.wsgi [None req-9193fde1-ad33-45a1-81ee-6d4c45c8db17 5d51d0ab44654b5c981382422f560b03 41e88af23c4042f59a8ecd475bfbf347 - - default default] 10.0.0.72 "GET /v2.0/security-groups?not-tags=red%2Cblue HTTP/1.1" status: 200 len: 7565 time: 0.0485082
2026-08-04 22:48:05.045 10 INFO neutron.wsgi [None req-6bce1cb4-5df8-4c9e-aa5e-26e6842ce131 5d51d0ab44654b5c981382422f560b03 41e88af23c4042f59a8ecd475bfbf347 - - default default] 10.0.0.72 "GET /v2.0/security-groups?not-tags-any=blue HTTP/1.1" status: 200 len: 7565 time: 0.0467265
2026-08-04 22:48:05.092 10 INFO neutron.wsgi [None req-6246f20d-7abd-436e-a0a8-61a20ed37864 5d51d0ab44654b5c981382422f560b03 41e88af23c4042f59a8ecd475bfbf347 - - default default] 10.0.0.72 "GET /v2.0/security-groups?not-tags-any=red%2Cblue HTTP/1.1" status: 200 len: 6041 time: 0.0415392
2026-08-04 22:48:05.138 9 INFO neutron.wsgi [None req-a39b7822-4f6a-4e93-bcd9-6a606ac79767 e761660862c3414aa998f844134ef90b afa7bd8107b24493a44f235c1e638b44 - - default default] 10.0.0.72 "DELETE /v2.0/security-groups/98d65be6-4242-4a04-a6fa-3a945e77f30e HTTP/1.1" status: 204 len: 168 time: 0.1775219
2026-08-04 22:48:05.211 10 INFO neutron.wsgi [None req-8f909e26-1a24-44b3-b3d6-faaf35c3a9fc 5d51d0ab44654b5c981382422f560b03 41e88af23c4042f59a8ecd475bfbf347 - - default default] 10.0.0.72 "DELETE /v2.0/security-groups/6185dc68-a54e-418f-8220-0ee6bf9c3775 HTTP/1.1" status: 204 len: 168 time: 0.1131661
2026-08-04 22:48:05.335 10 INFO neutron.wsgi [None req-b2dcbead-836c-4d8c-8a35-57fc87a260e9 5d51d0ab44654b5c981382422f560b03 41e88af23c4042f59a8ecd475bfbf347 - - default default] 10.0.0.72 "DELETE /v2.0/security-groups/008f45ac-f355-45be-8ae6-3303eb9a74bb HTTP/1.1" status: 204 len: 168 time: 0.1182957
2026-08-04 22:48:05.711 10 INFO neutron.wsgi [None req-ca05e6c1-d71b-49a4-a47e-0d362e6cd935 5d51d0ab44654b5c981382422f560b03 41e88af23c4042f59a8ecd475bfbf347 - - default default] 10.0.0.72 "DELETE /v2.0/security-groups/ae8de274-eeb2-4ace-9b9a-db9f4d13fde8 HTTP/1.1" status: 204 len: 168 time: 0.3713319
2026-08-04 22:48:05.828 10 INFO neutron.wsgi [None req-82e9f401-12b7-467c-acc7-7f36b5c5e581 5d51d0ab44654b5c981382422f560b03 41e88af23c4042f59a8ecd475bfbf347 - - default default] 10.0.0.72 "DELETE /v2.0/security-groups/b2eb42d4-6f97-48df-9c36-0fb7cfb361ab HTTP/1.1" status: 204 len: 168 time: 0.1119213
2026-08-04 22:48:05.949 9 INFO neutron.wsgi [None req-d85713ca-1fe2-417e-81d4-7a9b21652800 5d51d0ab44654b5c981382422f560b03 41e88af23c4042f59a8ecd475bfbf347 - - default default] 10.0.0.72 "DELETE /v2.0/security-groups/bdfc7cf0-d1ad-4ec9-8309-9d15c9f72045 HTTP/1.1" status: 204 len: 168 time: 0.1159852
2026-08-04 22:48:06.080 10 INFO neutron.wsgi [req-8fc0966c-1db3-48c7-bae2-ed8b8404de05 req-ee60ac67-5344-4bb0-ab69-8f4575a73afc f52cb827014648a9baf493a70e099238 5b436957e7cd48c980ddb81b422b049f - - a992c7e162aa4dd9b879f0a13a6e7ea8 a992c7e162aa4dd9b879f0a13a6e7ea8] 10.0.0.250 "GET /v2.0/ports?device_id=66f0378a-c3d3-49eb-9fc0-08a73c9e3f81 HTTP/1.1" status: 200 len: 1413 time: 0.0411589
2026-08-04 22:48:06.123 10 INFO neutron.wsgi [req-8fc0966c-1db3-48c7-bae2-ed8b8404de05 req-ae7bc8cc-5071-4bba-99c3-eaa20d4fe412 f52cb827014648a9baf493a70e099238 5b436957e7cd48c980ddb81b422b049f - - a992c7e162aa4dd9b879f0a13a6e7ea8 a992c7e162aa4dd9b879f0a13a6e7ea8] 10.0.0.250 "GET /v2.0/security-groups?id=6c59464d-f241-43fd-9164-6904535b1783&fields=id&fields=name HTTP/1.1" status: 200 len: 312 time: 0.0359361
2026-08-04 22:48:06.719 10 INFO neutron.wsgi [None req-779c49ee-b913-4668-a96a-8e82616a96de e761660862c3414aa998f844134ef90b afa7bd8107b24493a44f235c1e638b44 - - default default] 10.0.0.238 "GET /v2.0/networks HTTP/1.1" status: 200 len: 3095 time: 0.1873236
2026-08-04 22:48:06.740 10 INFO neutron.wsgi [None req-47d55747-5ddb-4b40-bf42-ce22beef0e7b e761660862c3414aa998f844134ef90b afa7bd8107b24493a44f235c1e638b44 - - default default] 10.0.0.238 "GET /v2.0/agents HTTP/1.1" status: 200 len: 997 time: 0.0179777
2026-08-04 22:48:06.797 10 INFO neutron.wsgi [None req-3c09d7bf-c53a-4c3d-bab2-1fb69f774d66 e761660862c3414aa998f844134ef90b afa7bd8107b24493a44f235c1e638b44 - - default default] 10.0.0.238 "GET /v2.0/floatingips HTTP/1.1" status: 200 len: 1036 time: 0.0556998
2026-08-04 22:48:06.842 10 INFO neutron.wsgi [None req-51fd65a9-1acc-4368-991d-957c9b989ee6 e761660862c3414aa998f844134ef90b afa7bd8107b24493a44f235c1e638b44 - - default default] 10.0.0.238 "GET /v2.0/subnets HTTP/1.1" status: 200 len: 2078 time: 0.0438449
2026-08-04 22:48:06.863 10 INFO neutron.wsgi [None req-cb444445-c701-4e41-a517-dd95c5ee30b7 e761660862c3414aa998f844134ef90b afa7bd8107b24493a44f235c1e638b44 - - default default] 10.0.0.238 "GET /v2.0/subnetpools HTTP/1.1" status: 200 len: 193 time: 0.0169513
2026-08-04 22:48:06.882 10 INFO neutron.wsgi [None req-5fba178d-e2f6-4013-87c8-a6beaaa376b6 e761660862c3414aa998f844134ef90b afa7bd8107b24493a44f235c1e638b44 - - default default] 10.0.0.238 "GET /v2.0/network-ip-availabilities HTTP/1.1" status: 200 len: 1727 time: 0.0157692
2026-08-04 22:48:06.920 10 INFO neutron.wsgi [None req-546124b2-f666-45e8-8eed-e215bb601cc8 e761660862c3414aa998f844134ef90b afa7bd8107b24493a44f235c1e638b44 - - default default] 10.0.0.238 "GET /v2.0/subnets HTTP/1.1" status: 200 len: 2078 time: 0.0365555
2026-08-04 22:48:06.962 10 INFO neutron.wsgi [None req-8f805831-9cca-4375-91b3-c5e43db6dd2c e761660862c3414aa998f844134ef90b afa7bd8107b24493a44f235c1e638b44 - - default default] 10.0.0.238 "GET /v2.0/ports HTTP/1.1" status: 200 len: 11969 time: 0.0410471
2026-08-04 22:48:07.004 10 INFO neutron.db.ovn_revision_numbers_db [None req-11cf4a71-aaad-41a3-9eab-12888d917a3e e761660862c3414aa998f844134ef90b afa7bd8107b24493a44f235c1e638b44 - - default default] Successfully bumped revision number for resource 16c5535a-b3c3-49a9-911a-b8232a53f903 (type: security_groups) to 1
2026-08-04 22:48:07.032 10 INFO neutron.db.ovn_revision_numbers_db [None req-11cf4a71-aaad-41a3-9eab-12888d917a3e e761660862c3414aa998f844134ef90b afa7bd8107b24493a44f235c1e638b44 - - default default] Successfully bumped revision number for resource 12e80b69-12c4-491b-b302-e9682157dc6f (type: security_group_rules) to 0
2026-08-04 22:48:07.062 10 INFO neutron.wsgi [None req-b405fc84-11d1-4002-acf4-92744430a7d7 e761660862c3414aa998f844134ef90b afa7bd8107b24493a44f235c1e638b44 - - default default] 10.0.0.238 "GET /v2.0/security-groups HTTP/1.1" status: 200 len: 35327 time: 0.0830824
2026-08-04 22:48:07.069 9 INFO neutron.db.ovn_revision_numbers_db [None req-0deee5c8-9408-4589-8919-71f8e50995c6 8e5e554f8bee4b17b4cbf7d0fb55e933 3a07698295794552a029a9fb391a3225 - - default default] Successfully bumped revision number for resource ee31f26e-a315-4d88-94e9-16439bf07b9e (type: security_groups) to 1
2026-08-04 22:48:07.070 10 INFO neutron.db.ovn_revision_numbers_db [None req-11cf4a71-aaad-41a3-9eab-12888d917a3e e761660862c3414aa998f844134ef90b afa7bd8107b24493a44f235c1e638b44 - - default default] Successfully bumped revision number for resource 955a8194-cf9b-4d68-a665-cb0f2dcf644e (type: security_group_rules) to 0
2026-08-04 22:48:07.090 9 INFO neutron.db.ovn_revision_numbers_db [None req-0deee5c8-9408-4589-8919-71f8e50995c6 8e5e554f8bee4b17b4cbf7d0fb55e933 3a07698295794552a029a9fb391a3225 - - default default] Successfully bumped revision number for resource 29c5dcf4-e6cc-4c04-93b0-dcb28e39cb3a (type: security_group_rules) to 0
2026-08-04 22:48:07.103 9 INFO neutron.db.ovn_revision_numbers_db [None req-0deee5c8-9408-4589-8919-71f8e50995c6 8e5e554f8bee4b17b4cbf7d0fb55e933 3a07698295794552a029a9fb391a3225 - - default default] Successfully bumped revision number for resource 8f6a6c62-e5b8-4c2f-b561-5c3581741f70 (type: security_group_rules) to 0
2026-08-04 22:48:07.105 10 INFO neutron.db.ovn_revision_numbers_db [None req-11cf4a71-aaad-41a3-9eab-12888d917a3e e761660862c3414aa998f844134ef90b afa7bd8107b24493a44f235c1e638b44 - - default default] Successfully bumped revision number for resource bfd4612e-62dd-44dd-8da1-02656966ce92 (type: security_group_rules) to 0
2026-08-04 22:48:07.116 9 INFO neutron.db.ovn_revision_numbers_db [None req-0deee5c8-9408-4589-8919-71f8e50995c6 8e5e554f8bee4b17b4cbf7d0fb55e933 3a07698295794552a029a9fb391a3225 - - default default] Successfully bumped revision number for resource a904f8fa-5f68-4320-ae23-9dcd7c93d0a6 (type: security_group_rules) to 0
2026-08-04 22:48:07.128 9 INFO neutron.db.ovn_revision_numbers_db [None req-0deee5c8-9408-4589-8919-71f8e50995c6 8e5e554f8bee4b17b4cbf7d0fb55e933 3a07698295794552a029a9fb391a3225 - - default default] Successfully bumped revision number for resource bd1d9564-1227-4fa4-9181-c883e3f7907b (type: security_group_rules) to 0
2026-08-04 22:48:07.131 10 INFO neutron.db.ovn_revision_numbers_db [None req-11cf4a71-aaad-41a3-9eab-12888d917a3e e761660862c3414aa998f844134ef90b afa7bd8107b24493a44f235c1e638b44 - - default default] Successfully bumped revision number for resource d7ecd90e-af3b-4e65-ac33-0b7bacd01af4 (type: security_group_rules) to 0
2026-08-04 22:48:07.167 10 INFO neutron.wsgi [None req-11cf4a71-aaad-41a3-9eab-12888d917a3e e761660862c3414aa998f844134ef90b afa7bd8107b24493a44f235c1e638b44 - - default default] 10.0.0.72 "GET /v2.0/security-groups?tenant_id=e162289548dd49fd8d4179be65f5d119&name=default HTTP/1.1" status: 200 len: 2996 time: 0.4196343
2026-08-04 22:48:07.170 10 INFO neutron.wsgi [None req-bd4fa171-1df9-4837-a840-f3813a0e350a e761660862c3414aa998f844134ef90b afa7bd8107b24493a44f235c1e638b44 - - default default] 10.0.0.238 "GET /v2.0/routers HTTP/1.1" status: 200 len: 859 time: 0.0981121
2026-08-04 22:48:07.185 10 INFO neutron.wsgi [None req-7af740b1-e4ad-4878-8023-22ebf62f92dc e761660862c3414aa998f844134ef90b afa7bd8107b24493a44f235c1e638b44 - - default default] 10.0.0.238 "GET /v2.0/agents?binary=ovn-controller HTTP/1.1" status: 200 len: 591 time: 0.0130653
2026-08-04 22:48:07.211 9 INFO neutron.db.ovn_revision_numbers_db [None req-0deee5c8-9408-4589-8919-71f8e50995c6 8e5e554f8bee4b17b4cbf7d0fb55e933 3a07698295794552a029a9fb391a3225 - - default default] Successfully bumped revision number for resource 6d4cffba-7d9f-4ad9-b396-d24724577fb5 (type: security_groups) to 1
2026-08-04 22:48:07.223 9 INFO neutron.db.ovn_revision_numbers_db [None req-0deee5c8-9408-4589-8919-71f8e50995c6 8e5e554f8bee4b17b4cbf7d0fb55e933 3a07698295794552a029a9fb391a3225 - - default default] Successfully bumped revision number for resource 6bb4f7cd-0fac-4ac8-a2a4-2905aab5a275 (type: security_group_rules) to 0
2026-08-04 22:48:07.235 9 INFO neutron.db.ovn_revision_numbers_db [None req-0deee5c8-9408-4589-8919-71f8e50995c6 8e5e554f8bee4b17b4cbf7d0fb55e933 3a07698295794552a029a9fb391a3225 - - default default] Successfully bumped revision number for resource a071bd20-dc60-44cd-ae18-7e45cc493435 (type: security_group_rules) to 0
2026-08-04 22:48:07.251 9 INFO neutron.wsgi [None req-0deee5c8-9408-4589-8919-71f8e50995c6 8e5e554f8bee4b17b4cbf7d0fb55e933 3a07698295794552a029a9fb391a3225 - - default default] 10.0.0.72 "POST /v2.0/security-groups HTTP/1.1" status: 201 len: 1760 time: 0.3702900
2026-08-04 22:48:07.301 9 INFO neutron.wsgi [None req-b754f1c3-f00a-478c-9a82-1f00196f8f23 8e5e554f8bee4b17b4cbf7d0fb55e933 3a07698295794552a029a9fb391a3225 - - default default] 10.0.0.72 "GET /v2.0/security-groups HTTP/1.1" status: 200 len: 4538 time: 0.0440979
2026-08-04 22:48:07.364 10 INFO neutron.wsgi [None req-e857cd16-730f-4555-b80f-95587706e25e e761660862c3414aa998f844134ef90b afa7bd8107b24493a44f235c1e638b44 - - default default] 10.0.0.72 "DELETE /v2.0/security-groups/16c5535a-b3c3-49a9-911a-b8232a53f903 HTTP/1.1" status: 204 len: 168 time: 0.1924651
2026-08-04 22:48:07.382 9 INFO neutron.db.ovn_revision_numbers_db [None req-a5f32076-ef2a-4202-bb5c-e3db3d2d05bc 8e5e554f8bee4b17b4cbf7d0fb55e933 3a07698295794552a029a9fb391a3225 - - default default] Successfully bumped revision number for resource 6d4cffba-7d9f-4ad9-b396-d24724577fb5 (type: security_groups) to 2
2026-08-04 22:48:07.385 9 INFO neutron.wsgi [None req-a5f32076-ef2a-4202-bb5c-e3db3d2d05bc 8e5e554f8bee4b17b4cbf7d0fb55e933 3a07698295794552a029a9fb391a3225 - - default default] 10.0.0.72 "PUT /v2.0/security-groups/6d4cffba-7d9f-4ad9-b396-d24724577fb5 HTTP/1.1" status: 200 len: 1793 time: 0.0803721
2026-08-04 22:48:07.412 10 INFO neutron.wsgi [None req-b47f45e3-cf51-41f9-9f19-115f3edb1804 8e5e554f8bee4b17b4cbf7d0fb55e933 3a07698295794552a029a9fb391a3225 - - default default] 10.0.0.72 "GET /v2.0/security-groups/6d4cffba-7d9f-4ad9-b396-d24724577fb5 HTTP/1.1" status: 200 len: 1793 time: 0.0224051
2026-08-04 22:48:07.485 10 INFO neutron.wsgi [None req-12891e82-5116-4e3f-80e4-434dc028caf5 e761660862c3414aa998f844134ef90b afa7bd8107b24493a44f235c1e638b44 - - default default] 10.0.0.72 "GET /v2.0/security-groups?tenant_id=41e88af23c4042f59a8ecd475bfbf347&name=default HTTP/1.1" status: 200 len: 2996 time: 0.0385649
2026-08-04 22:48:07.519 10 INFO neutron.wsgi [None req-dace46bc-90c8-4c76-b1c2-9987bfe1929f 8e5e554f8bee4b17b4cbf7d0fb55e933 3a07698295794552a029a9fb391a3225 - - default default] 10.0.0.72 "DELETE /v2.0/security-groups/6d4cffba-7d9f-4ad9-b396-d24724577fb5 HTTP/1.1" status: 204 len: 168 time: 0.1021330
2026-08-04 22:48:07.560 10 INFO neutron.wsgi [None req-d9b3cd9d-aa67-4127-bb8b-121eef3289e5 8e5e554f8bee4b17b4cbf7d0fb55e933 3a07698295794552a029a9fb391a3225 - - default default] 10.0.0.72 "GET /v2.0/security-groups HTTP/1.1" status: 200 len: 2996 time: 0.0355408
2026-08-04 22:48:07.579 10 INFO neutron.api.v2.resource [None req-5555e103-f43d-4dfa-bde8-bd013a4d306d 8e5e554f8bee4b17b4cbf7d0fb55e933 3a07698295794552a029a9fb391a3225 - - default default] delete failed (client error): The resource could not be found.
2026-08-04 22:48:07.580 10 INFO neutron.wsgi [None req-5555e103-f43d-4dfa-bde8-bd013a4d306d 8e5e554f8bee4b17b4cbf7d0fb55e933 3a07698295794552a029a9fb391a3225 - - default default] 10.0.0.72 "DELETE /v2.0/security-groups/6d4cffba-7d9f-4ad9-b396-d24724577fb5 HTTP/1.1" status: 404 len: 347 time: 0.0148571
2026-08-04 22:48:07.676 9 INFO neutron.wsgi [None req-03f4cb02-3ada-48f8-827d-b688b6c823a2 e761660862c3414aa998f844134ef90b afa7bd8107b24493a44f235c1e638b44 - - default default] 10.0.0.72 "DELETE /v2.0/security-groups/bb9e0673-e9f4-4289-8db2-da9de1f9aca4 HTTP/1.1" status: 204 len: 168 time: 0.1853600
2026-08-04 22:48:07.729 10 INFO neutron.db.ovn_revision_numbers_db [None req-e8d5544a-a9b6-49ed-b241-f4867660661e 8e5e554f8bee4b17b4cbf7d0fb55e933 3a07698295794552a029a9fb391a3225 - - default default] Successfully bumped revision number for resource 8d9e6264-5111-4856-8e68-8e17f9ba7c58 (type: security_groups) to 1
2026-08-04 22:48:07.746 10 INFO neutron.db.ovn_revision_numbers_db [None req-e8d5544a-a9b6-49ed-b241-f4867660661e 8e5e554f8bee4b17b4cbf7d0fb55e933 3a07698295794552a029a9fb391a3225 - - default default] Successfully bumped revision number for resource 3e04859d-3576-42f5-9267-c50cddbf4c47 (type: security_group_rules) to 0
2026-08-04 22:48:07.761 10 INFO neutron.db.ovn_revision_numbers_db [None req-e8d5544a-a9b6-49ed-b241-f4867660661e 8e5e554f8bee4b17b4cbf7d0fb55e933 3a07698295794552a029a9fb391a3225 - - default default] Successfully bumped revision number for resource e9d0563a-ef17-4983-9233-29dff0533bc7 (type: security_group_rules) to 0
2026-08-04 22:48:07.780 10 INFO neutron.wsgi [None req-e8d5544a-a9b6-49ed-b241-f4867660661e 8e5e554f8bee4b17b4cbf7d0fb55e933 3a07698295794552a029a9fb391a3225 - - default default] 10.0.0.72 "POST /v2.0/security-groups HTTP/1.1" status: 201 len: 1760 time: 0.1924973
2026-08-04 22:48:07.952 10 INFO neutron.db.ovn_revision_numbers_db [None req-0cfd0e49-58c1-4a1c-86fa-4686c320c167 8e5e554f8bee4b17b4cbf7d0fb55e933 3a07698295794552a029a9fb391a3225 - - default default] Successfully bumped revision number for resource 519751b2-2629-4860-91ed-26361b8f1d56 (type: security_group_rules) to 0
2026-08-04 22:48:08.010 10 INFO neutron.wsgi [None req-0cfd0e49-58c1-4a1c-86fa-4686c320c167 8e5e554f8bee4b17b4cbf7d0fb55e933 3a07698295794552a029a9fb391a3225 - - default default] 10.0.0.72 "POST /v2.0/security-group-rules HTTP/1.1" status: 201 len: 768 time: 0.2262554
2026-08-04 22:48:08.031 9 INFO neutron.wsgi [None req-55be9974-c9e8-42a7-8b36-d34e419d676e 8e5e554f8bee4b17b4cbf7d0fb55e933 3a07698295794552a029a9fb391a3225 - - default default] 10.0.0.72 "GET /v2.0/security-group-rules/519751b2-2629-4860-91ed-26361b8f1d56 HTTP/1.1" status: 200 len: 763 time: 0.0153873
2026-08-04 22:48:08.032 10 INFO neutron.db.ovn_revision_numbers_db [None req-3bdc6f9c-8221-4045-932a-37b586277669 e761660862c3414aa998f844134ef90b afa7bd8107b24493a44f235c1e638b44 - - default default] Successfully bumped revision number for resource 761b736f-c792-452b-8ee2-42c24900cd1d (type: security_groups) to 1
2026-08-04 22:48:08.045 10 INFO neutron.db.ovn_revision_numbers_db [None req-3bdc6f9c-8221-4045-932a-37b586277669 e761660862c3414aa998f844134ef90b afa7bd8107b24493a44f235c1e638b44 - - default default] Successfully bumped revision number for resource 4393e1de-0870-4065-90e8-2774cddb2e8d (type: security_group_rules) to 0
2026-08-04 22:48:08.066 10 INFO neutron.db.ovn_revision_numbers_db [None req-3bdc6f9c-8221-4045-932a-37b586277669 e761660862c3414aa998f844134ef90b afa7bd8107b24493a44f235c1e638b44 - - default default] Successfully bumped revision number for resource 964ad100-88b6-4f0c-8330-6cfef64cf970 (type: security_group_rules) to 0
2026-08-04 22:48:08.072 9 INFO neutron.wsgi [None req-ffaf87c9-89b5-4949-ab3d-ab84dc3fc0e9 8e5e554f8bee4b17b4cbf7d0fb55e933 3a07698295794552a029a9fb391a3225 - - default default] 10.0.0.72 "GET /v2.0/security-group-rules HTTP/1.1" status: 200 len: 4113 time: 0.0379734
2026-08-04 22:48:08.093 10 INFO neutron.db.ovn_revision_numbers_db [None req-3bdc6f9c-8221-4045-932a-37b586277669 e761660862c3414aa998f844134ef90b afa7bd8107b24493a44f235c1e638b44 - - default default] Successfully bumped revision number for resource ea4f53d8-aca5-4885-946e-09b9a1c88601 (type: security_group_rules) to 0
2026-08-04 22:48:08.117 10 INFO neutron.db.ovn_revision_numbers_db [None req-3bdc6f9c-8221-4045-932a-37b586277669 e761660862c3414aa998f844134ef90b afa7bd8107b24493a44f235c1e638b44 - - default default] Successfully bumped revision number for resource f18f9d30-ca21-424f-bfac-e98e60862761 (type: security_group_rules) to 0
2026-08-04 22:48:08.143 10 INFO neutron.wsgi [None req-3bdc6f9c-8221-4045-932a-37b586277669 e761660862c3414aa998f844134ef90b afa7bd8107b24493a44f235c1e638b44 - - default default] 10.0.0.72 "GET /v2.0/security-groups?tenant_id=20a7e3432b7641389b8cf1916cfee607&name=default HTTP/1.1" status: 200 len: 2996 time: 0.2558222
2026-08-04 22:48:08.209 10 INFO neutron.wsgi [None req-37d2a6b8-b343-4a18-b5ca-9e6bcb9622da 8e5e554f8bee4b17b4cbf7d0fb55e933 3a07698295794552a029a9fb391a3225 - - default default] 10.0.0.72 "DELETE /v2.0/security-group-rules/519751b2-2629-4860-91ed-26361b8f1d56 HTTP/1.1" status: 204 len: 168 time: 0.1318588
2026-08-04 22:48:08.245 10 INFO neutron.wsgi [None req-02953ddc-20b1-4b8b-b2dd-793dde03c268 8e5e554f8bee4b17b4cbf7d0fb55e933 3a07698295794552a029a9fb391a3225 - - default default] 10.0.0.72 "GET /v2.0/security-group-rules HTTP/1.1" status: 200 len: 3567 time: 0.0316908
2026-08-04 22:48:08.351 9 INFO neutron.wsgi [None req-2140e765-eb03-4156-b4cf-4d1629ffd66c e761660862c3414aa998f844134ef90b afa7bd8107b24493a44f235c1e638b44 - - default default] 10.0.0.72 "DELETE /v2.0/security-groups/761b736f-c792-452b-8ee2-42c24900cd1d HTTP/1.1" status: 204 len: 168 time: 0.2027740
2026-08-04 22:48:08.365 10 INFO neutron.db.ovn_revision_numbers_db [None req-ef5272fe-6d5f-4a29-97e3-0be733634a19 8e5e554f8bee4b17b4cbf7d0fb55e933 3a07698295794552a029a9fb391a3225 - - default default] Successfully bumped revision number for resource d4755c93-22b3-46b7-bfd3-2d57fe44c621 (type: security_group_rules) to 0
2026-08-04 22:48:08.391 10 INFO neutron.wsgi [None req-ef5272fe-6d5f-4a29-97e3-0be733634a19 8e5e554f8bee4b17b4cbf7d0fb55e933 3a07698295794552a029a9fb391a3225 - - default default] 10.0.0.72 "POST /v2.0/security-group-rules HTTP/1.1" status: 201 len: 768 time: 0.1405692
2026-08-04 22:48:08.410 10 INFO neutron.wsgi [None req-69864a05-6d16-4b78-adca-81e0c9ba4194 8e5e554f8bee4b17b4cbf7d0fb55e933 3a07698295794552a029a9fb391a3225 - - default default] 10.0.0.72 "GET /v2.0/security-group-rules/d4755c93-22b3-46b7-bfd3-2d57fe44c621 HTTP/1.1" status: 200 len: 763 time: 0.0136058
2026-08-04 22:48:08.451 10 INFO neutron.wsgi [None req-1cf065c8-d677-460a-8af2-ae38c5b57f2a 8e5e554f8bee4b17b4cbf7d0fb55e933 3a07698295794552a029a9fb391a3225 - - default default] 10.0.0.72 "GET /v2.0/security-group-rules HTTP/1.1" status: 200 len: 4113 time: 0.0368185
2026-08-04 22:48:08.565 10 INFO neutron.wsgi [None req-ff2c60bb-2933-4c06-9362-d5795756038f 8e5e554f8bee4b17b4cbf7d0fb55e933 3a07698295794552a029a9fb391a3225 - - default default] 10.0.0.72 "DELETE /v2.0/security-group-rules/d4755c93-22b3-46b7-bfd3-2d57fe44c621 HTTP/1.1" status: 204 len: 168 time: 0.1094131
2026-08-04 22:48:08.605 9 INFO neutron.wsgi [None req-86556741-eee3-4d8a-9469-0ecd842481ba 8e5e554f8bee4b17b4cbf7d0fb55e933 3a07698295794552a029a9fb391a3225 - - default default] 10.0.0.72 "GET /v2.0/security-group-rules HTTP/1.1" status: 200 len: 3567 time: 0.0345361
2026-08-04 22:48:08.631 9 INFO neutron.db.securitygroups_db [None req-8d20cd63-c3de-4bcc-8a04-6e87097930f4 8e5e554f8bee4b17b4cbf7d0fb55e933 3a07698295794552a029a9fb391a3225 - - default default] Project 3a07698295794552a029a9fb391a3225 added a security group rule with legacy IPv6 ICMP protocol name icmp, ipv6-icmp should be used instead. It was automatically converted.
2026-08-04 22:48:08.733 9 INFO neutron.db.ovn_revision_numbers_db [None req-8d20cd63-c3de-4bcc-8a04-6e87097930f4 8e5e554f8bee4b17b4cbf7d0fb55e933 3a07698295794552a029a9fb391a3225 - - default default] Successfully bumped revision number for resource e327c2bd-6173-4b38-a7d5-faa67a5c8497 (type: security_group_rules) to 0
2026-08-04 22:48:08.757 9 INFO neutron.wsgi [None req-8d20cd63-c3de-4bcc-8a04-6e87097930f4 8e5e554f8bee4b17b4cbf7d0fb55e933 3a07698295794552a029a9fb391a3225 - - default default] 10.0.0.72 "POST /v2.0/security-group-rules HTTP/1.1" status: 201 len: 774 time: 0.1475306
2026-08-04 22:48:08.791 9 INFO neutron.wsgi [None req-36d2c421-32c0-404f-a5ff-05e39e063f30 8e5e554f8bee4b17b4cbf7d0fb55e933 3a07698295794552a029a9fb391a3225 - - default default] 10.0.0.72 "GET /v2.0/security-group-rules/e327c2bd-6173-4b38-a7d5-faa67a5c8497 HTTP/1.1" status: 200 len: 769 time: 0.0287662
2026-08-04 22:48:08.831 9 INFO neutron.wsgi [None req-5f3081fc-7ee1-44b3-98e0-dd52676dc855 8e5e554f8bee4b17b4cbf7d0fb55e933 3a07698295794552a029a9fb391a3225 - - default default] 10.0.0.72 "GET /v2.0/security-group-rules HTTP/1.1" status: 200 len: 4119 time: 0.0347834
2026-08-04 22:48:08.948 9 INFO neutron.wsgi [None req-c179af93-6a73-4982-abf0-a9feb8bd7e2d 8e5e554f8bee4b17b4cbf7d0fb55e933 3a07698295794552a029a9fb391a3225 - - default default] 10.0.0.72 "DELETE /v2.0/security-group-rules/e327c2bd-6173-4b38-a7d5-faa67a5c8497 HTTP/1.1" status: 204 len: 168 time: 0.1114645
2026-08-04 22:48:08.986 9 INFO neutron.wsgi [None req-64d5aa38-e8e7-4c82-9cb8-1f1863f50921 8e5e554f8bee4b17b4cbf7d0fb55e933 3a07698295794552a029a9fb391a3225 - - default default] 10.0.0.72 "GET /v2.0/security-group-rules HTTP/1.1" status: 200 len: 3567 time: 0.0330908
2026-08-04 22:48:09.098 9 INFO neutron.wsgi [None req-c79c11de-82ce-4084-9675-41942f2d8b99 8e5e554f8bee4b17b4cbf7d0fb55e933 3a07698295794552a029a9fb391a3225 - - default default] 10.0.0.72 "DELETE /v2.0/security-groups/8d9e6264-5111-4856-8e68-8e17f9ba7c58 HTTP/1.1" status: 204 len: 168 time: 0.1080818
2026-08-04 22:48:09.148 9 INFO neutron.wsgi [None req-eb22cf40-5bc1-4a04-b6bc-064640a31590 8e5e554f8bee4b17b4cbf7d0fb55e933 3a07698295794552a029a9fb391a3225 - - default default] 10.0.0.72 "GET /v2.0/security-groups HTTP/1.1" status: 200 len: 2996 time: 0.0447853
2026-08-04 22:48:09.195 10 INFO neutron.wsgi [None req-722a54d9-4ad0-4e60-8569-9d13369735c1 8e5e554f8bee4b17b4cbf7d0fb55e933 3a07698295794552a029a9fb391a3225 - - default default] 10.0.0.72 "GET /v2.0/security-groups HTTP/1.1" status: 200 len: 2996 time: 0.0405381
2026-08-04 22:48:09.917 10 INFO neutron.wsgi [None req-7db2d858-4a06-4448-9bd9-73b1851ccad2 e761660862c3414aa998f844134ef90b afa7bd8107b24493a44f235c1e638b44 - - default default] 10.0.0.72 "GET /v2.0/security-groups?tenant_id=3a07698295794552a029a9fb391a3225&name=default HTTP/1.1" status: 200 len: 2996 time: 0.2709870
2026-08-04 22:48:10.099 10 INFO neutron.wsgi [None req-0be0c891-eff2-45cd-a113-12d5ed4b994e e761660862c3414aa998f844134ef90b afa7bd8107b24493a44f235c1e638b44 - - default default] 10.0.0.72 "DELETE /v2.0/security-groups/ee31f26e-a315-4d88-94e9-16439bf07b9e HTTP/1.1" status: 204 len: 168 time: 0.1774950
2026-08-04 22:48:10.929 10 INFO neutron.plugins.ml2.drivers.ovn.mech_driver.mech_driver [None req-a04ed9aa-9a94-4106-8ac5-7bd5a8e8f978 - - - - - -] OVN reports status down for port: e30d5424-04f6-4551-b234-f45e0125293b
2026-08-04 22:48:10.979 9 INFO neutron.wsgi [req-10601cde-755d-476d-a6da-cf2b1103a9e9 req-091d8fea-0529-444a-88c2-e6f3af7866c2 328b1440c0ff4a2bbabc1936501f2905 d628c3af1cc341f0ae118aff06b910d3 - - default default] 10.0.0.127 "GET /v2.0/ports?device_id=66f0378a-c3d3-49eb-9fc0-08a73c9e3f81 HTTP/1.1" status: 200 len: 1174 time: 0.1060679
2026-08-04 22:48:11.020 9 INFO neutron.wsgi [req-10601cde-755d-476d-a6da-cf2b1103a9e9 req-65cc848d-4e9a-4582-b4e0-908f36b8101e 328b1440c0ff4a2bbabc1936501f2905 d628c3af1cc341f0ae118aff06b910d3 - - default default] 10.0.0.127 "GET /v2.0/security-groups?id=6c59464d-f241-43fd-9164-6904535b1783&fields=id&fields=name HTTP/1.1" status: 200 len: 312 time: 0.0364614
2026-08-04 22:48:11.066 10 INFO neutron.notifiers.nova [-] Nova event matching ['req-3ca24e18-ca8a-49b3-ba8c-407ab9bfce85'] response: {'server_uuid': '66f0378a-c3d3-49eb-9fc0-08a73c9e3f81', 'name': 'network-vif-unplugged', 'status': 'completed', 'tag': 'e30d5424-04f6-4551-b234-f45e0125293b', 'code': 200}
2026-08-04 22:48:11.230 10 INFO neutron.db.ovn_revision_numbers_db [None req-a04ed9aa-9a94-4106-8ac5-7bd5a8e8f978 - - - - - -] Successfully bumped revision number for resource e30d5424-04f6-4551-b234-f45e0125293b (type: ports) to 5
2026-08-04 22:48:11.305 10 INFO neutron.wsgi [req-d84488b5-4419-4514-9e1e-47917e777226 req-535dfd4d-2bcd-4c76-98b5-4856a911f31e 328b1440c0ff4a2bbabc1936501f2905 d628c3af1cc341f0ae118aff06b910d3 - - default default] 199.204.45.138 "GET /v2.0/ports?device_id=66f0378a-c3d3-49eb-9fc0-08a73c9e3f81 HTTP/1.1" status: 200 len: 1172 time: 0.1060181 /var/lib/openstack/lib/python3.10/site-packages/pycadf/identifier.py:71: UserWarning: Invalid uuid: neutron. To ensure interoperability, identifiers should be a valid uuid. warnings.warn(('Invalid uuid: %s. To ensure interoperability, '
2026-08-04 22:48:11.590 10 INFO neutron.db.l3_db [req-d84488b5-4419-4514-9e1e-47917e777226 req-0d58decb-9395-4750-80da-5db3a10d12f2 328b1440c0ff4a2bbabc1936501f2905 d628c3af1cc341f0ae118aff06b910d3 - - default default] Floating IP d864bb54-871e-4e86-a9e3-69bf913b59d8 disassociated. External IP: 10.96.250.212, port: e30d5424-04f6-4551-b234-f45e0125293b.
2026-08-04 22:48:11.794 10 INFO neutron.wsgi [req-d84488b5-4419-4514-9e1e-47917e777226 req-0d58decb-9395-4750-80da-5db3a10d12f2 328b1440c0ff4a2bbabc1936501f2905 d628c3af1cc341f0ae118aff06b910d3 - - default default] 199.204.45.138 "DELETE /v2.0/ports/e30d5424-04f6-4551-b234-f45e0125293b HTTP/1.1" status: 204 len: 173 time: 0.4847400 /var/lib/openstack/lib/python3.10/site-packages/pycadf/identifier.py:71: UserWarning: Invalid uuid: neutron. To ensure interoperability, identifiers should be a valid uuid. warnings.warn(('Invalid uuid: %s. To ensure interoperability, '
2026-08-04 22:48:12.007 9 INFO neutron.db.ovn_revision_numbers_db [None req-6799f79a-fefe-482b-88a9-502bd3522815 bacd8aa2d7a0471a95f2342f2b0e2eb7 a8504624bada465ebc9e98cc1d0fbefc - - default default] Successfully bumped revision number for resource 0c8b8e9d-4508-4bd5-af5b-5c24a9b00c94 (type: security_groups) to 1
2026-08-04 22:48:12.025 9 INFO neutron.db.ovn_revision_numbers_db [None req-6799f79a-fefe-482b-88a9-502bd3522815 bacd8aa2d7a0471a95f2342f2b0e2eb7 a8504624bada465ebc9e98cc1d0fbefc - - default default] Successfully bumped revision number for resource 33491030-15ef-4136-983f-a82d8f6df850 (type: security_group_rules) to 0
2026-08-04 22:48:12.034 10 INFO neutron.db.ovn_revision_numbers_db [None req-ebc07c9c-76c3-47d8-ad65-ee4bf170000e 9f261d8d6f4d4f80b9129796d62cae60 5fe48a1a837f43faa8b9b62124d388da - - default default] Successfully bumped revision number for resource 0d187702-e2d6-47c9-9d65-67bd5743a6b3 (type: security_groups) to 1
2026-08-04 22:48:12.036 9 INFO neutron.db.ovn_revision_numbers_db [None req-6799f79a-fefe-482b-88a9-502bd3522815 bacd8aa2d7a0471a95f2342f2b0e2eb7 a8504624bada465ebc9e98cc1d0fbefc - - default default] Successfully bumped revision number for resource 3e8c33e0-3204-459f-a951-be6d2dad88db (type: security_group_rules) to 0
2026-08-04 22:48:12.046 10 INFO neutron.db.ovn_revision_numbers_db [None req-ebc07c9c-76c3-47d8-ad65-ee4bf170000e 9f261d8d6f4d4f80b9129796d62cae60 5fe48a1a837f43faa8b9b62124d388da - - default default] Successfully bumped revision number for resource 2a174f72-e4f9-4721-a17a-6fb65a8898f2 (type: security_group_rules) to 0
2026-08-04 22:48:12.056 9 INFO neutron.db.ovn_revision_numbers_db [None req-6799f79a-fefe-482b-88a9-502bd3522815 bacd8aa2d7a0471a95f2342f2b0e2eb7 a8504624bada465ebc9e98cc1d0fbefc - - default default] Successfully bumped revision number for resource 4a01c707-16a4-4016-97f9-daa23f5dca30 (type: security_group_rules) to 0
2026-08-04 22:48:12.059 10 INFO neutron.db.ovn_revision_numbers_db [None req-ebc07c9c-76c3-47d8-ad65-ee4bf170000e 9f261d8d6f4d4f80b9129796d62cae60 5fe48a1a837f43faa8b9b62124d388da - - default default] Successfully bumped revision number for resource 765faefb-89ab-414c-8324-d76289b46700 (type: security_group_rules) to 0
2026-08-04 22:48:12.074 9 INFO neutron.db.ovn_revision_numbers_db [None req-6799f79a-fefe-482b-88a9-502bd3522815 bacd8aa2d7a0471a95f2342f2b0e2eb7 a8504624bada465ebc9e98cc1d0fbefc - - default default] Successfully bumped revision number for resource ad121a0a-cc48-4469-b9c2-dc1eaf5c93a5 (type: security_group_rules) to 0
2026-08-04 22:48:12.078 10 INFO neutron.db.ovn_revision_numbers_db [None req-ebc07c9c-76c3-47d8-ad65-ee4bf170000e 9f261d8d6f4d4f80b9129796d62cae60 5fe48a1a837f43faa8b9b62124d388da - - default default] Successfully bumped revision number for resource 7a0b73e6-5f90-4076-b04e-4459ad9338fa (type: security_group_rules) to 0
2026-08-04 22:48:12.091 10 INFO neutron.db.ovn_revision_numbers_db [None req-ebc07c9c-76c3-47d8-ad65-ee4bf170000e 9f261d8d6f4d4f80b9129796d62cae60 5fe48a1a837f43faa8b9b62124d388da - - default default] Successfully bumped revision number for resource b58d94d6-4f4d-4b4f-9b80-a42b9d983221 (type: security_group_rules) to 0
2026-08-04 22:48:12.111 9 INFO neutron.wsgi [req-d3112719-20e6-4354-ab94-f6c53ed1b8b4 req-fae1fff1-cc1a-4efa-b0fe-78e7150fb8ff 328b1440c0ff4a2bbabc1936501f2905 d628c3af1cc341f0ae118aff06b910d3 - - default default] 10.0.0.127 "GET /v2.0/ports?device_id=66f0378a-c3d3-49eb-9fc0-08a73c9e3f81 HTTP/1.1" status: 200 len: 210 time: 0.0182545
2026-08-04 22:48:12.121 9 INFO neutron.db.segments_db [None req-6799f79a-fefe-482b-88a9-502bd3522815 bacd8aa2d7a0471a95f2342f2b0e2eb7 a8504624bada465ebc9e98cc1d0fbefc - - default default] Added segment a99ea12b-5000-4c2e-8dea-588176149400 of type geneve for network e01084be-05d0-465b-aa36-2390bf052ae2
2026-08-04 22:48:12.173 10 INFO neutron.db.ovn_revision_numbers_db [None req-ebc07c9c-76c3-47d8-ad65-ee4bf170000e 9f261d8d6f4d4f80b9129796d62cae60 5fe48a1a837f43faa8b9b62124d388da - - default default] Successfully bumped revision number for resource 51a3bdb2-fb26-47ff-9a1b-e5d5b5d937d7 (type: security_groups) to 1
2026-08-04 22:48:12.197 10 INFO neutron.db.ovn_revision_numbers_db [None req-ebc07c9c-76c3-47d8-ad65-ee4bf170000e 9f261d8d6f4d4f80b9129796d62cae60 5fe48a1a837f43faa8b9b62124d388da - - default default] Successfully bumped revision number for resource 2c5e871a-aed0-468c-994e-bb50bf2a6003 (type: security_group_rules) to 0
2026-08-04 22:48:12.218 10 INFO neutron.db.ovn_revision_numbers_db [None req-ebc07c9c-76c3-47d8-ad65-ee4bf170000e 9f261d8d6f4d4f80b9129796d62cae60 5fe48a1a837f43faa8b9b62124d388da - - default default] Successfully bumped revision number for resource 91d44bd6-4b5a-48d9-851d-248f9370973e (type: security_group_rules) to 0
2026-08-04 22:48:12.249 10 INFO neutron.wsgi [None req-ebc07c9c-76c3-47d8-ad65-ee4bf170000e 9f261d8d6f4d4f80b9129796d62cae60 5fe48a1a837f43faa8b9b62124d388da - - default default] 10.0.0.72 "POST /v2.0/security-groups HTTP/1.1" status: 201 len: 1761 time: 0.3663635
2026-08-04 22:48:12.274 9 INFO neutron.db.ovn_revision_numbers_db [None req-6799f79a-fefe-482b-88a9-502bd3522815 bacd8aa2d7a0471a95f2342f2b0e2eb7 a8504624bada465ebc9e98cc1d0fbefc - - default default] Successfully bumped revision number for resource e01084be-05d0-465b-aa36-2390bf052ae2 (type: networks) to 1
2026-08-04 22:48:12.291 10 INFO neutron.wsgi [None req-cd09a271-826c-4a4d-a88f-a0a8e2dd2c35 9f261d8d6f4d4f80b9129796d62cae60 5fe48a1a837f43faa8b9b62124d388da - - default default] 10.0.0.72 "GET /v2.0/security-groups HTTP/1.1" status: 200 len: 4539 time: 0.0379803
2026-08-04 22:48:12.378 10 INFO neutron.db.ovn_revision_numbers_db [None req-4fcc53b3-1c52-49e2-a5f9-5e440da2df8b 9f261d8d6f4d4f80b9129796d62cae60 5fe48a1a837f43faa8b9b62124d388da - - default default] Successfully bumped revision number for resource 51a3bdb2-fb26-47ff-9a1b-e5d5b5d937d7 (type: security_groups) to 2
2026-08-04 22:48:12.382 10 INFO neutron.wsgi [None req-4fcc53b3-1c52-49e2-a5f9-5e440da2df8b 9f261d8d6f4d4f80b9129796d62cae60 5fe48a1a837f43faa8b9b62124d388da - - default default] 10.0.0.72 "PUT /v2.0/security-groups/51a3bdb2-fb26-47ff-9a1b-e5d5b5d937d7 HTTP/1.1" status: 200 len: 1793 time: 0.0852859
2026-08-04 22:48:12.434 9 INFO neutron.wsgi [None req-d40629ec-5bc3-4ee2-b185-d718e46ae0c6 9f261d8d6f4d4f80b9129796d62cae60 5fe48a1a837f43faa8b9b62124d388da - - default default] 10.0.0.72 "GET /v2.0/security-groups/51a3bdb2-fb26-47ff-9a1b-e5d5b5d937d7 HTTP/1.1" status: 200 len: 1793 time: 0.0466089
2026-08-04 22:48:12.487 9 WARNING neutron.scheduler.dhcp_agent_scheduler [None req-6799f79a-fefe-482b-88a9-502bd3522815 bacd8aa2d7a0471a95f2342f2b0e2eb7 a8504624bada465ebc9e98cc1d0fbefc - - default default] No more DHCP agents
2026-08-04 22:48:12.494 9 WARNING neutron.api.rpc.agentnotifiers.dhcp_rpc_agent_api [None req-6799f79a-fefe-482b-88a9-502bd3522815 bacd8aa2d7a0471a95f2342f2b0e2eb7 a8504624bada465ebc9e98cc1d0fbefc - - default default] Unable to schedule network e01084be-05d0-465b-aa36-2390bf052ae2: no agents available; will retry on subsequent port and subnet creation events.
2026-08-04 22:48:12.560 10 INFO neutron.wsgi [None req-47948b31-e088-4048-be48-e653ed0db5e4 9f261d8d6f4d4f80b9129796d62cae60 5fe48a1a837f43faa8b9b62124d388da - - default default] 10.0.0.72 "DELETE /v2.0/security-groups/51a3bdb2-fb26-47ff-9a1b-e5d5b5d937d7 HTTP/1.1" status: 204 len: 168 time: 0.1197424
2026-08-04 22:48:12.573 9 INFO neutron.db.ovn_revision_numbers_db [None req-6799f79a-fefe-482b-88a9-502bd3522815 bacd8aa2d7a0471a95f2342f2b0e2eb7 a8504624bada465ebc9e98cc1d0fbefc - - default default] Successfully bumped revision number for resource 95e71c4b-cb8a-403b-9941-6516b6d83df8 (type: ports) to 1
2026-08-04 22:48:12.599 9 INFO neutron.wsgi [None req-6799f79a-fefe-482b-88a9-502bd3522815 bacd8aa2d7a0471a95f2342f2b0e2eb7 a8504624bada465ebc9e98cc1d0fbefc - - default default] 10.0.0.72 "POST /v2.0/networks HTTP/1.1" status: 201 len: 830 time: 0.8725569
2026-08-04 22:48:12.609 10 INFO neutron.wsgi [None req-3ded19a9-11ac-4e43-9723-fbf736a75afe 9f261d8d6f4d4f80b9129796d62cae60 5fe48a1a837f43faa8b9b62124d388da - - default default] 10.0.0.72 "GET /v2.0/security-groups HTTP/1.1" status: 200 len: 2996 time: 0.0441890
2026-08-04 22:48:12.623 10 INFO neutron.api.v2.resource [None req-7596f2ba-ad38-4061-a4ce-afcbbe0ffb47 9f261d8d6f4d4f80b9129796d62cae60 5fe48a1a837f43faa8b9b62124d388da - - default default] delete failed (client error): The resource could not be found.
2026-08-04 22:48:12.624 10 INFO neutron.wsgi [None req-7596f2ba-ad38-4061-a4ce-afcbbe0ffb47 9f261d8d6f4d4f80b9129796d62cae60 5fe48a1a837f43faa8b9b62124d388da - - default default] 10.0.0.72 "DELETE /v2.0/security-groups/51a3bdb2-fb26-47ff-9a1b-e5d5b5d937d7 HTTP/1.1" status: 404 len: 347 time: 0.0105336
2026-08-04 22:48:12.738 10 INFO neutron.db.ovn_revision_numbers_db [None req-49a17a87-7570-40c5-9ba9-5daac1abbe28 9f261d8d6f4d4f80b9129796d62cae60 5fe48a1a837f43faa8b9b62124d388da - - default default] Successfully bumped revision number for resource 7ce50ab6-45b1-48e2-acd2-a6e1e4f769f9 (type: security_groups) to 1
2026-08-04 22:48:12.755 10 INFO neutron.db.ovn_revision_numbers_db [None req-49a17a87-7570-40c5-9ba9-5daac1abbe28 9f261d8d6f4d4f80b9129796d62cae60 5fe48a1a837f43faa8b9b62124d388da - - default default] Successfully bumped revision number for resource 27880a50-21d5-4424-9087-163315545725 (type: security_group_rules) to 0
2026-08-04 22:48:12.772 10 INFO neutron.db.ovn_revision_numbers_db [None req-49a17a87-7570-40c5-9ba9-5daac1abbe28 9f261d8d6f4d4f80b9129796d62cae60 5fe48a1a837f43faa8b9b62124d388da - - default default] Successfully bumped revision number for resource c77188b4-cb6d-4ae5-836d-04452453e1c9 (type: security_group_rules) to 0
2026-08-04 22:48:12.802 10 INFO neutron.wsgi [None req-49a17a87-7570-40c5-9ba9-5daac1abbe28 9f261d8d6f4d4f80b9129796d62cae60 5fe48a1a837f43faa8b9b62124d388da - - default default] 10.0.0.72 "POST /v2.0/security-groups HTTP/1.1" status: 201 len: 1760 time: 0.1723969
2026-08-04 22:48:12.889 9 WARNING neutron.scheduler.dhcp_agent_scheduler [None req-e0b06fac-8893-49dc-9a2d-f112eb53e846 bacd8aa2d7a0471a95f2342f2b0e2eb7 a8504624bada465ebc9e98cc1d0fbefc - - default default] No more DHCP agents
2026-08-04 22:48:12.894 9 WARNING neutron.api.rpc.agentnotifiers.dhcp_rpc_agent_api [None req-e0b06fac-8893-49dc-9a2d-f112eb53e846 bacd8aa2d7a0471a95f2342f2b0e2eb7 a8504624bada465ebc9e98cc1d0fbefc - - default default] Unable to schedule network e01084be-05d0-465b-aa36-2390bf052ae2: no agents available; will retry on subsequent port and subnet creation events.
2026-08-04 22:48:12.963 10 INFO neutron.db.ovn_revision_numbers_db [None req-5e3d624e-f2f4-4c90-a6ee-5a6e2c93afdb 9f261d8d6f4d4f80b9129796d62cae60 5fe48a1a837f43faa8b9b62124d388da - - default default] Successfully bumped revision number for resource 801f8026-c5fb-4ea4-80fe-a3848f9ed493 (type: security_group_rules) to 0
2026-08-04 22:48:12.972 9 INFO neutron.db.ovn_revision_numbers_db [None req-e0b06fac-8893-49dc-9a2d-f112eb53e846 bacd8aa2d7a0471a95f2342f2b0e2eb7 a8504624bada465ebc9e98cc1d0fbefc - - default default] Successfully bumped revision number for resource 398957f5-7c07-4372-8bff-a61d82701fd4 (type: ports) to 1
2026-08-04 22:48:12.991 10 INFO neutron.wsgi [None req-5e3d624e-f2f4-4c90-a6ee-5a6e2c93afdb 9f261d8d6f4d4f80b9129796d62cae60 5fe48a1a837f43faa8b9b62124d388da - - default default] 10.0.0.72 "POST /v2.0/security-group-rules HTTP/1.1" status: 201 len: 768 time: 0.1822824
2026-08-04 22:48:12.995 9 INFO neutron.wsgi [None req-e0b06fac-8893-49dc-9a2d-f112eb53e846 bacd8aa2d7a0471a95f2342f2b0e2eb7 a8504624bada465ebc9e98cc1d0fbefc - - default default] 10.0.0.72 "POST /v2.0/ports HTTP/1.1" status: 201 len: 942 time: 0.3900054 /var/lib/openstack/lib/python3.10/site-packages/pycadf/identifier.py:71: UserWarning: Invalid uuid: neutron. To ensure interoperability, identifiers should be a valid uuid. warnings.warn(('Invalid uuid: %s. To ensure interoperability, '
2026-08-04 22:48:13.010 9 INFO neutron.wsgi [None req-002f1635-3607-4124-884a-280ffe39d6e7 9f261d8d6f4d4f80b9129796d62cae60 5fe48a1a837f43faa8b9b62124d388da - - default default] 10.0.0.72 "GET /v2.0/security-group-rules/801f8026-c5fb-4ea4-80fe-a3848f9ed493 HTTP/1.1" status: 200 len: 763 time: 0.0131159
2026-08-04 22:48:13.039 10 INFO neutron.wsgi [None req-add9ea76-73eb-4482-ab61-50c353d15910 bacd8aa2d7a0471a95f2342f2b0e2eb7 a8504624bada465ebc9e98cc1d0fbefc - - default default] 10.0.0.72 "PUT /v2.0/ports/398957f5-7c07-4372-8bff-a61d82701fd4/tags HTTP/1.1" status: 200 len: 218 time: 0.0375237
2026-08-04 22:48:13.048 9 INFO neutron.wsgi [None req-817edeaf-16b4-4722-9d30-214423200167 9f261d8d6f4d4f80b9129796d62cae60 5fe48a1a837f43faa8b9b62124d388da - - default default] 10.0.0.72 "GET /v2.0/security-group-rules HTTP/1.1" status: 200 len: 4113 time: 0.0342565
2026-08-04 22:48:13.079 10 INFO neutron.wsgi [None req-8dec898b-4b38-4d4c-98c7-761987ffc649 bacd8aa2d7a0471a95f2342f2b0e2eb7 a8504624bada465ebc9e98cc1d0fbefc - - default default] 10.0.0.72 "GET /v2.0/ports/398957f5-7c07-4372-8bff-a61d82701fd4/tags HTTP/1.1" status: 200 len: 218 time: 0.0360029
2026-08-04 22:48:13.100 10 INFO neutron.notifiers.nova [-] Nova event matching ['req-844b6e91-0632-4c1c-9cb2-ab80e3b21bd1'] response: {'server_uuid': '66f0378a-c3d3-49eb-9fc0-08a73c9e3f81', 'name': 'network-vif-plugged', 'status': 'completed', 'tag': 'e30d5424-04f6-4551-b234-f45e0125293b', 'code': 200}
2026-08-04 22:48:13.100 10 INFO neutron.notifiers.nova [-] Nova event matching ['req-844b6e91-0632-4c1c-9cb2-ab80e3b21bd1'] response: {'server_uuid': '66f0378a-c3d3-49eb-9fc0-08a73c9e3f81', 'name': 'network-vif-deleted', 'tag': 'e30d5424-04f6-4551-b234-f45e0125293b', 'status': 'completed', 'code': 200}
2026-08-04 22:48:13.125 10 INFO neutron.wsgi [None req-b19ccfe6-4f24-4dc1-abec-0ad1245aff9c bacd8aa2d7a0471a95f2342f2b0e2eb7 a8504624bada465ebc9e98cc1d0fbefc - - default default] 10.0.0.72 "PUT /v2.0/ports/398957f5-7c07-4372-8bff-a61d82701fd4/tags/green HTTP/1.1" status: 201 len: 201 time: 0.0404432
2026-08-04 22:48:13.159 10 INFO neutron.wsgi [None req-a1b458bf-9879-4784-8b45-342c1bd75a06 bacd8aa2d7a0471a95f2342f2b0e2eb7 a8504624bada465ebc9e98cc1d0fbefc - - default default] 10.0.0.72 "GET /v2.0/ports/398957f5-7c07-4372-8bff-a61d82701fd4/tags HTTP/1.1" status: 200 len: 227 time: 0.0278575
2026-08-04 22:48:13.193 10 INFO neutron.wsgi [None req-a61d222a-f414-4f7a-8a52-db8cb85de455 bacd8aa2d7a0471a95f2342f2b0e2eb7 a8504624bada465ebc9e98cc1d0fbefc - - default default] 10.0.0.72 "PUT /v2.0/ports/398957f5-7c07-4372-8bff-a61d82701fd4/tags/red HTTP/1.1" status: 201 len: 201 time: 0.0295608
2026-08-04 22:48:13.197 10 INFO neutron.wsgi [None req-eccb122a-a19b-4fbd-89fe-1fac14274bb6 9f261d8d6f4d4f80b9129796d62cae60 5fe48a1a837f43faa8b9b62124d388da - - default default] 10.0.0.72 "DELETE /v2.0/security-group-rules/801f8026-c5fb-4ea4-80fe-a3848f9ed493 HTTP/1.1" status: 204 len: 168 time: 0.1459904
2026-08-04 22:48:13.226 10 INFO neutron.wsgi [None req-41d3ef10-db0f-4b72-b5dc-5daec467da57 bacd8aa2d7a0471a95f2342f2b0e2eb7 a8504624bada465ebc9e98cc1d0fbefc - - default default] 10.0.0.72 "GET /v2.0/ports/398957f5-7c07-4372-8bff-a61d82701fd4/tags HTTP/1.1" status: 200 len: 227 time: 0.0280962
2026-08-04 22:48:13.239 10 INFO neutron.wsgi [None req-06f859ba-621d-421a-a57d-f3d165e7b0da 9f261d8d6f4d4f80b9129796d62cae60 5fe48a1a837f43faa8b9b62124d388da - - default default] 10.0.0.72 "GET /v2.0/security-group-rules HTTP/1.1" status: 200 len: 3567 time: 0.0371923
2026-08-04 22:48:13.276 9 INFO neutron.wsgi [None req-6e7eed62-93ef-4f2a-ab90-1299eca3ea0c bacd8aa2d7a0471a95f2342f2b0e2eb7 a8504624bada465ebc9e98cc1d0fbefc - - default default] 10.0.0.72 "PUT /v2.0/ports/398957f5-7c07-4372-8bff-a61d82701fd4/tags/black.or.white HTTP/1.1" status: 201 len: 201 time: 0.0445576
2026-08-04 22:48:13.317 10 INFO neutron.wsgi [None req-403e0d6d-3ad8-4e6d-853f-b770a9bf273a bacd8aa2d7a0471a95f2342f2b0e2eb7 a8504624bada465ebc9e98cc1d0fbefc - - default default] 10.0.0.72 "GET /v2.0/ports/398957f5-7c07-4372-8bff-a61d82701fd4/tags HTTP/1.1" status: 200 len: 245 time: 0.0360582
2026-08-04 22:48:13.324 9 INFO neutron.wsgi [None req-2a836d94-e569-4f2e-a61a-43c338c8ab94 328b1440c0ff4a2bbabc1936501f2905 d628c3af1cc341f0ae118aff06b910d3 - - default default] 10.0.0.72 "DELETE /v2.0/security-groups/6c59464d-f241-43fd-9164-6904535b1783 HTTP/1.1" status: 204 len: 168 time: 0.1586375
2026-08-04 22:48:13.378 10 INFO neutron.wsgi [None req-f78131f1-65f2-419d-9e92-6d1f835edadb bacd8aa2d7a0471a95f2342f2b0e2eb7 a8504624bada465ebc9e98cc1d0fbefc - - default default] 10.0.0.72 "PUT /v2.0/ports/398957f5-7c07-4372-8bff-a61d82701fd4/tags HTTP/1.1" status: 200 len: 230 time: 0.0528500
2026-08-04 22:48:13.398 10 INFO neutron.db.ovn_revision_numbers_db [None req-dba4bd92-2665-4fd8-8b63-64c1c3bae0fb 9f261d8d6f4d4f80b9129796d62cae60 5fe48a1a837f43faa8b9b62124d388da - - default default] Successfully bumped revision number for resource 749f00c9-d1e9-4404-8ff3-dbd5cbb7a985 (type: security_group_rules) to 0
2026-08-04 22:48:13.413 10 INFO neutron.wsgi [None req-177fc36a-1f74-405f-8a49-c1b1e245743f bacd8aa2d7a0471a95f2342f2b0e2eb7 a8504624bada465ebc9e98cc1d0fbefc - - default default] 10.0.0.72 "GET /v2.0/ports/398957f5-7c07-4372-8bff-a61d82701fd4/tags HTTP/1.1" status: 200 len: 230 time: 0.0310028
2026-08-04 22:48:13.430 10 INFO neutron.wsgi [None req-dba4bd92-2665-4fd8-8b63-64c1c3bae0fb 9f261d8d6f4d4f80b9129796d62cae60 5fe48a1a837f43faa8b9b62124d388da - - default default] 10.0.0.72 "POST /v2.0/security-group-rules HTTP/1.1" status: 201 len: 768 time: 0.1864135
2026-08-04 22:48:13.445 10 INFO neutron.wsgi [None req-e39c70b6-5838-46a7-951c-200727005d83 bacd8aa2d7a0471a95f2342f2b0e2eb7 a8504624bada465ebc9e98cc1d0fbefc - - default default] 10.0.0.72 "GET /v2.0/ports/398957f5-7c07-4372-8bff-a61d82701fd4/tags/red HTTP/1.1" status: 204 len: 168 time: 0.0281010
2026-08-04 22:48:13.448 10 INFO neutron.wsgi [None req-5173481c-d994-4b8c-bf03-a0a020b13b48 9f261d8d6f4d4f80b9129796d62cae60 5fe48a1a837f43faa8b9b62124d388da - - default default] 10.0.0.72 "GET /v2.0/security-group-rules/749f00c9-d1e9-4404-8ff3-dbd5cbb7a985 HTTP/1.1" status: 200 len: 763 time: 0.0133874
2026-08-04 22:48:13.477 10 INFO neutron.api.v2.resource [None req-b990958b-fcb0-429b-9cb4-9ab2ed3d9d2e bacd8aa2d7a0471a95f2342f2b0e2eb7 a8504624bada465ebc9e98cc1d0fbefc - - default default] show failed (client error): The resource could not be found.
2026-08-04 22:48:13.478 10 INFO neutron.wsgi [None req-b990958b-fcb0-429b-9cb4-9ab2ed3d9d2e bacd8aa2d7a0471a95f2342f2b0e2eb7 a8504624bada465ebc9e98cc1d0fbefc - - default default] 10.0.0.72 "GET /v2.0/ports/398957f5-7c07-4372-8bff-a61d82701fd4/tags/green HTTP/1.1" status: 404 len: 299 time: 0.0260446
2026-08-04 22:48:13.503 9 INFO neutron.wsgi [None req-86257ade-9332-4d46-ad76-f8b003cea86f 9f261d8d6f4d4f80b9129796d62cae60 5fe48a1a837f43faa8b9b62124d388da - - default default] 10.0.0.72 "GET /v2.0/security-group-rules HTTP/1.1" status: 200 len: 4113 time: 0.0487239
2026-08-04 22:48:13.520 10 INFO neutron.wsgi [None req-addb27f1-e390-413e-9186-b404f683f77a bacd8aa2d7a0471a95f2342f2b0e2eb7 a8504624bada465ebc9e98cc1d0fbefc - - default default] 10.0.0.72 "DELETE /v2.0/ports/398957f5-7c07-4372-8bff-a61d82701fd4/tags/red HTTP/1.1" status: 204 len: 168 time: 0.0362911
2026-08-04 22:48:13.552 10 INFO neutron.wsgi [None req-f7fe53e6-4eb6-473a-93de-eb2e9072efab bacd8aa2d7a0471a95f2342f2b0e2eb7 a8504624bada465ebc9e98cc1d0fbefc - - default default] 10.0.0.72 "GET /v2.0/ports/398957f5-7c07-4372-8bff-a61d82701fd4/tags HTTP/1.1" status: 200 len: 223 time: 0.0268526
2026-08-04 22:48:13.587 10 INFO neutron.api.v2.resource [None req-2c3c02cf-9680-4da5-aa4f-4aa44f0ad9db bacd8aa2d7a0471a95f2342f2b0e2eb7 a8504624bada465ebc9e98cc1d0fbefc - - default default] delete failed (client error): The resource could not be found.
2026-08-04 22:48:13.589 10 INFO neutron.wsgi [None req-2c3c02cf-9680-4da5-aa4f-4aa44f0ad9db bacd8aa2d7a0471a95f2342f2b0e2eb7 a8504624bada465ebc9e98cc1d0fbefc - - default default] 10.0.0.72 "DELETE /v2.0/ports/398957f5-7c07-4372-8bff-a61d82701fd4/tags/green HTTP/1.1" status: 404 len: 299 time: 0.0315394
2026-08-04 22:48:13.635 10 INFO neutron.wsgi [None req-669ab1a3-bd0b-40e8-9ed3-f2b2ef865537 bacd8aa2d7a0471a95f2342f2b0e2eb7 a8504624bada465ebc9e98cc1d0fbefc - - default default] 10.0.0.72 "DELETE /v2.0/ports/398957f5-7c07-4372-8bff-a61d82701fd4/tags HTTP/1.1" status: 204 len: 168 time: 0.0400722
2026-08-04 22:48:13.644 9 INFO neutron.wsgi [None req-5a64f89e-55a6-44a1-a8ed-04655d5024b9 9f261d8d6f4d4f80b9129796d62cae60 5fe48a1a837f43faa8b9b62124d388da - - default default] 10.0.0.72 "DELETE /v2.0/security-group-rules/749f00c9-d1e9-4404-8ff3-dbd5cbb7a985 HTTP/1.1" status: 204 len: 168 time: 0.1353474
2026-08-04 22:48:13.670 10 INFO neutron.wsgi [None req-e91bdd3a-51c3-4cdf-8edd-78a881b274f2 bacd8aa2d7a0471a95f2342f2b0e2eb7 a8504624bada465ebc9e98cc1d0fbefc - - default default] 10.0.0.72 "GET /v2.0/ports/398957f5-7c07-4372-8bff-a61d82701fd4/tags HTTP/1.1" status: 200 len: 205 time: 0.0299716
2026-08-04 22:48:13.687 9 INFO neutron.wsgi [None req-fa9d2908-8c5d-4832-bde6-ae83bc7a2742 328b1440c0ff4a2bbabc1936501f2905 d628c3af1cc341f0ae118aff06b910d3 - - default default] 10.0.0.72 "DELETE /v2.0/floatingips/d864bb54-871e-4e86-a9e3-69bf913b59d8 HTTP/1.1" status: 204 len: 168 time: 0.3297138
