2026-08-04 22:47:28.683 9 INFO neutron.wsgi [None req-aa7cd94f-0063-4300-9df3-34c096438479 e761660862c3414aa998f844134ef90b afa7bd8107b24493a44f235c1e638b44 - - default default] 10.0.0.72 "DELETE /v2.0/security-groups/b8f1752e-3d9c-4db7-aaa4-b3b67b6178f8 HTTP/1.1" status: 204 len: 168 time: 0.2857885 /var/lib/openstack/lib/python3.10/site-packages/pycadf/identifier.py:71: UserWarning: Invalid uuid: neutron. To ensure interoperability, identifiers should be a valid uuid. warnings.warn(('Invalid uuid: %s. To ensure interoperability, '
2026-08-04 22:47:28.726 9 INFO neutron.wsgi [req-3c37ce09-0827-4f30-9f62-35d6df1e4a8a req-accef6be-7d9b-4d84-8cef-a5fe6afa1388 328b1440c0ff4a2bbabc1936501f2905 d628c3af1cc341f0ae118aff06b910d3 - - default default] 10.0.0.127 "GET /v2.0/security-groups?id=c36a1096-f2b6-422c-a341-fc21bcaaa79e&fields=id&fields=name HTTP/1.1" status: 200 len: 312 time: 0.0372415
2026-08-04 22:47:28.784 10 INFO neutron.db.l3_db [req-bd3440bd-a8ae-444d-adaa-ceaaeefa5611 req-4366bcd6-69b5-4c18-86e2-726b7454bbd7 df506ceee28a49d9869c826a09eb8e55 214e6423dacf4144aaefba4e5e1f5044 - - default default] Floating IP e8446c72-438c-4596-9840-5e9ba9209407 disassociated. External IP: 10.96.250.204, port: fafab333-6623-4ec1-a412-a2c193724f11.
2026-08-04 22:47:28.930 9 INFO neutron.db.ovn_revision_numbers_db [None req-9bfa0acc-395e-4b05-9835-1a61a6c39415 e761660862c3414aa998f844134ef90b afa7bd8107b24493a44f235c1e638b44 - - default default] Successfully bumped revision number for resource 130517db-0cec-4283-a55a-1940e953e287 (type: security_groups) to 1
2026-08-04 22:47:28.940 9 INFO neutron.db.ovn_revision_numbers_db [None req-9bfa0acc-395e-4b05-9835-1a61a6c39415 e761660862c3414aa998f844134ef90b afa7bd8107b24493a44f235c1e638b44 - - default default] Successfully bumped revision number for resource 0cfc80da-b42a-43e0-993f-2aea2eb9ab97 (type: security_group_rules) to 0
2026-08-04 22:47:28.954 9 INFO neutron.db.ovn_revision_numbers_db [None req-9bfa0acc-395e-4b05-9835-1a61a6c39415 e761660862c3414aa998f844134ef90b afa7bd8107b24493a44f235c1e638b44 - - default default] Successfully bumped revision number for resource 1e4a3fd8-6b08-4454-bd5a-71ccccdd6efe (type: security_group_rules) to 0
2026-08-04 22:47:28.974 9 INFO neutron.db.ovn_revision_numbers_db [None req-9bfa0acc-395e-4b05-9835-1a61a6c39415 e761660862c3414aa998f844134ef90b afa7bd8107b24493a44f235c1e638b44 - - default default] Successfully bumped revision number for resource 604d14cd-3560-4f5e-8e9d-ddc608b691f5 (type: security_group_rules) to 0
2026-08-04 22:47:28.987 10 INFO neutron.wsgi [req-bd3440bd-a8ae-444d-adaa-ceaaeefa5611 req-4366bcd6-69b5-4c18-86e2-726b7454bbd7 df506ceee28a49d9869c826a09eb8e55 214e6423dacf4144aaefba4e5e1f5044 - - default default] 199.204.45.138 "DELETE /v2.0/ports/fafab333-6623-4ec1-a412-a2c193724f11 HTTP/1.1" status: 204 len: 173 time: 0.6543169
2026-08-04 22:47:28.988 9 INFO neutron.db.ovn_revision_numbers_db [None req-9bfa0acc-395e-4b05-9835-1a61a6c39415 e761660862c3414aa998f844134ef90b afa7bd8107b24493a44f235c1e638b44 - - default default] Successfully bumped revision number for resource afcecbd9-f6f6-4956-8f0b-e40feb7608fa (type: security_group_rules) to 0
2026-08-04 22:47:29.014 9 INFO neutron.wsgi [None req-9bfa0acc-395e-4b05-9835-1a61a6c39415 e761660862c3414aa998f844134ef90b afa7bd8107b24493a44f235c1e638b44 - - default default] 10.0.0.72 "GET /v2.0/security-groups?tenant_id=1ea6704168b54aebbd6868dd55f09be6&name=default HTTP/1.1" status: 200 len: 2996 time: 0.2006910
2026-08-04 22:47:29.120 9 INFO neutron.wsgi [-] 10.0.0.114 "GET / HTTP/1.1" status: 200 len: 246 time: 0.0011899
2026-08-04 22:47:29.122 10 INFO neutron.wsgi [-] 10.0.0.114 "GET / HTTP/1.1" status: 200 len: 246 time: 0.0028446
2026-08-04 22:47:29.189 9 INFO neutron.wsgi [None req-62d8b021-9b83-436a-bbb2-a051acb1ba74 e761660862c3414aa998f844134ef90b afa7bd8107b24493a44f235c1e638b44 - - default default] 10.0.0.72 "DELETE /v2.0/security-groups/130517db-0cec-4283-a55a-1940e953e287 HTTP/1.1" status: 204 len: 168 time: 0.1699536
2026-08-04 22:47:29.346 10 INFO neutron.notifiers.nova [-] Nova event matching ['req-73a39292-d2ea-4647-9291-0ec9e8e0b7e3'] response: {'server_uuid': '44d912ca-ef37-4b44-94e8-e4b1e1bf37b3', 'name': 'network-vif-deleted', 'tag': 'fafab333-6623-4ec1-a412-a2c193724f11', 'status': 'completed', 'code': 200}
2026-08-04 22:47:29.537 9 INFO neutron.wsgi [None req-8f13125a-14ba-46ec-b2e5-ea5648b94aaf df506ceee28a49d9869c826a09eb8e55 214e6423dacf4144aaefba4e5e1f5044 - - default default] 10.0.0.72 "DELETE /v2.0/security-groups/9405b9fc-bda0-4eba-a96d-427c2e60a691 HTTP/1.1" status: 204 len: 168 time: 0.1243379
2026-08-04 22:47:29.549 9 INFO neutron.api.v2.resource [None req-490b076c-e76a-44e5-b591-4008d6699d62 df506ceee28a49d9869c826a09eb8e55 214e6423dacf4144aaefba4e5e1f5044 - - default default] show failed (client error): The resource could not be found.
2026-08-04 22:47:29.550 9 INFO neutron.wsgi [None req-490b076c-e76a-44e5-b591-4008d6699d62 df506ceee28a49d9869c826a09eb8e55 214e6423dacf4144aaefba4e5e1f5044 - - default default] 10.0.0.72 "GET /v2.0/security-groups/9405b9fc-bda0-4eba-a96d-427c2e60a691 HTTP/1.1" status: 404 len: 347 time: 0.0085883
2026-08-04 22:47:29.872 9 INFO neutron.wsgi [req-f5aba824-e6f2-4710-8fc3-cecf396c2e9f req-84d19649-cd03-4b6d-a4cb-70f1d09f63be 328b1440c0ff4a2bbabc1936501f2905 d628c3af1cc341f0ae118aff06b910d3 - - default default] 10.0.0.127 "GET /v2.0/ports?device_id=807f077d-326c-47d7-99e5-81d0bf77883f HTTP/1.1" status: 200 len: 1170 time: 0.0525343
2026-08-04 22:47:29.927 9 INFO neutron.wsgi [req-f5aba824-e6f2-4710-8fc3-cecf396c2e9f req-2ecdc53a-1ea7-46f6-85d3-d444d9112907 328b1440c0ff4a2bbabc1936501f2905 d628c3af1cc341f0ae118aff06b910d3 - - default default] 10.0.0.127 "GET /v2.0/security-groups?id=c36a1096-f2b6-422c-a341-fc21bcaaa79e&fields=id&fields=name HTTP/1.1" status: 200 len: 312 time: 0.0487516
2026-08-04 22:47:29.941 9 INFO neutron.wsgi [None req-a02ce592-8314-49ba-948a-042fc615b838 df506ceee28a49d9869c826a09eb8e55 214e6423dacf4144aaefba4e5e1f5044 - - default default] 10.0.0.72 "DELETE /v2.0/floatingips/e8446c72-438c-4596-9840-5e9ba9209407 HTTP/1.1" status: 204 len: 168 time: 0.3869686 /var/lib/openstack/lib/python3.10/site-packages/pycadf/identifier.py:71: UserWarning: Invalid uuid: neutron. To ensure interoperability, identifiers should be a valid uuid. warnings.warn(('Invalid uuid: %s. To ensure interoperability, '
2026-08-04 22:47:29.986 9 INFO neutron.notifiers.nova [-] Nova event matching ['req-db3ed574-0911-45fc-b44b-35c231f9b8d6'] response: {'server_uuid': '807f077d-326c-47d7-99e5-81d0bf77883f', 'name': 'network-vif-plugged', 'status': 'completed', 'tag': '4aa17452-4ee1-4e95-b8c1-a5e49bf35705', 'code': 200}
2026-08-04 22:47:29.986 9 INFO neutron.notifiers.nova [-] Nova event matching ['req-db3ed574-0911-45fc-b44b-35c231f9b8d6'] response: {'server_uuid': '44d912ca-ef37-4b44-94e8-e4b1e1bf37b3', 'name': 'network-vif-unplugged', 'status': 'completed', 'tag': 'fafab333-6623-4ec1-a412-a2c193724f11', 'code': 200}
2026-08-04 22:47:29.986 9 INFO neutron.notifiers.nova [-] Nova event matching ['req-db3ed574-0911-45fc-b44b-35c231f9b8d6'] response: {'server_uuid': '44d912ca-ef37-4b44-94e8-e4b1e1bf37b3', 'name': 'network-vif-plugged', 'status': 'completed', 'tag': 'fafab333-6623-4ec1-a412-a2c193724f11', 'code': 200}
2026-08-04 22:47:30.030 9 INFO neutron.wsgi [req-6f96b017-dbc1-41e2-9b10-14a88f3bf457 req-d445a74c-ba04-40ef-8e36-da02d690579e 328b1440c0ff4a2bbabc1936501f2905 d628c3af1cc341f0ae118aff06b910d3 - - default default] 10.0.0.127 "GET /v2.0/ports?device_id=807f077d-326c-47d7-99e5-81d0bf77883f HTTP/1.1" status: 200 len: 1170 time: 0.0363073
2026-08-04 22:47:30.073 9 INFO neutron.wsgi [req-6f96b017-dbc1-41e2-9b10-14a88f3bf457 req-738b72fa-b4c6-4b27-9435-d7ada15df020 328b1440c0ff4a2bbabc1936501f2905 d628c3af1cc341f0ae118aff06b910d3 - - default default] 10.0.0.127 "GET /v2.0/security-groups?id=c36a1096-f2b6-422c-a341-fc21bcaaa79e&fields=id&fields=name HTTP/1.1" status: 200 len: 312 time: 0.0350263
2026-08-04 22:47:30.126 9 INFO neutron.wsgi [None req-6f3a6a63-7ed4-4139-9ab2-12a833346f1b 914d9ab9ea6b49a89e329c47766eb044 2dc460cc0ed6438e8742a89880ae3f2d - - default default] 10.0.0.72 "GET /v2.0/ports?device_id=807f077d-326c-47d7-99e5-81d0bf77883f HTTP/1.1" status: 200 len: 1404 time: 0.0310516
2026-08-04 22:47:30.404 9 WARNING neutron.scheduler.dhcp_agent_scheduler [None req-3de29f5f-6c81-4e18-86fd-6270d14b8d9b 328b1440c0ff4a2bbabc1936501f2905 d628c3af1cc341f0ae118aff06b910d3 - - default default] No more DHCP agents
2026-08-04 22:47:30.407 9 WARNING neutron.api.rpc.agentnotifiers.dhcp_rpc_agent_api [None req-3de29f5f-6c81-4e18-86fd-6270d14b8d9b 328b1440c0ff4a2bbabc1936501f2905 d628c3af1cc341f0ae118aff06b910d3 - - default default] Unable to schedule network 939c3dde-d047-46a3-9da5-8bce04abe357: no agents available; will retry on subsequent port and subnet creation events.
2026-08-04 22:47:30.767 9 INFO neutron.db.l3_db [None req-3de29f5f-6c81-4e18-86fd-6270d14b8d9b 328b1440c0ff4a2bbabc1936501f2905 d628c3af1cc341f0ae118aff06b910d3 - - default default] Floating IP d864bb54-871e-4e86-a9e3-69bf913b59d8 associated. External IP: 10.96.250.212, port: 4aa17452-4ee1-4e95-b8c1-a5e49bf35705.
2026-08-04 22:47:30.981 9 INFO neutron.db.ovn_revision_numbers_db [None req-3de29f5f-6c81-4e18-86fd-6270d14b8d9b 328b1440c0ff4a2bbabc1936501f2905 d628c3af1cc341f0ae118aff06b910d3 - - default default] Successfully bumped revision number for resource d864bb54-871e-4e86-a9e3-69bf913b59d8 (type: floatingips) to 0
2026-08-04 22:47:30.987 10 INFO neutron.wsgi [None req-94d88513-56f4-4d15-b456-cae3f66df1a4 e761660862c3414aa998f844134ef90b afa7bd8107b24493a44f235c1e638b44 - - default default] 10.0.0.72 "PUT /v2.0/routers/b5e9a8dd-8053-4bda-8bee-b75911aea34b/remove_router_interface HTTP/1.1" status: 200 len: 503 time: 1.0386488 /var/lib/openstack/lib/python3.10/site-packages/pycadf/identifier.py:71: UserWarning: Invalid uuid: neutron. To ensure interoperability, identifiers should be a valid uuid. warnings.warn(('Invalid uuid: %s. To ensure interoperability, '
2026-08-04 22:47:31.080 9 INFO neutron.db.ovn_revision_numbers_db [None req-3de29f5f-6c81-4e18-86fd-6270d14b8d9b 328b1440c0ff4a2bbabc1936501f2905 d628c3af1cc341f0ae118aff06b910d3 - - default default] Successfully bumped revision number for resource d864bb54-871e-4e86-a9e3-69bf913b59d8 (type: floatingips) to 1
2026-08-04 22:47:31.111 9 INFO neutron.wsgi [None req-3de29f5f-6c81-4e18-86fd-6270d14b8d9b 328b1440c0ff4a2bbabc1936501f2905 d628c3af1cc341f0ae118aff06b910d3 - - default default] 10.0.0.72 "POST /v2.0/floatingips HTTP/1.1" status: 201 len: 1054 time: 0.9813955 /var/lib/openstack/lib/python3.10/site-packages/pycadf/identifier.py:71: UserWarning: Invalid uuid: neutron. To ensure interoperability, identifiers should be a valid uuid. warnings.warn(('Invalid uuid: %s. To ensure interoperability, '
2026-08-04 22:47:31.147 9 INFO neutron.wsgi [None req-6fdd849b-b283-4093-8432-d3b17080088d 328b1440c0ff4a2bbabc1936501f2905 d628c3af1cc341f0ae118aff06b910d3 - - default default] 10.0.0.72 "GET /v2.0/floatingips/d864bb54-871e-4e86-a9e3-69bf913b59d8 HTTP/1.1" status: 200 len: 1051 time: 0.0319405
2026-08-04 22:47:31.600 10 INFO neutron.wsgi [None req-9146e999-86bf-46fd-9a9b-2e2474123212 e761660862c3414aa998f844134ef90b afa7bd8107b24493a44f235c1e638b44 - - default default] 10.0.0.72 "DELETE /v2.0/routers/b5e9a8dd-8053-4bda-8bee-b75911aea34b HTTP/1.1" status: 204 len: 168 time: 0.6095707
2026-08-04 22:47:31.831 10 INFO neutron.wsgi [None req-cc20a08b-56ed-492c-b865-a2c3ec303a8a e761660862c3414aa998f844134ef90b afa7bd8107b24493a44f235c1e638b44 - - default default] 10.0.0.72 "DELETE /v2.0/subnets/9b84addc-2503-4c8a-931b-20e795f5d088 HTTP/1.1" status: 204 len: 168 time: 0.2214217
2026-08-04 22:47:31.926 10 INFO neutron.db.ovn_revision_numbers_db [None req-f40caa73-5e8a-49d5-a4a6-1d0b0ef71dfd e761660862c3414aa998f844134ef90b afa7bd8107b24493a44f235c1e638b44 - - default default] Successfully bumped revision number for resource 8615ac1f-50a8-4127-b243-26a1f405486c (type: security_groups) to 1
2026-08-04 22:47:31.941 10 INFO neutron.db.ovn_revision_numbers_db [None req-f40caa73-5e8a-49d5-a4a6-1d0b0ef71dfd e761660862c3414aa998f844134ef90b afa7bd8107b24493a44f235c1e638b44 - - default default] Successfully bumped revision number for resource 5af01155-a419-425e-a9c9-ddd6b44e317c (type: security_group_rules) to 0
2026-08-04 22:47:31.968 10 INFO neutron.db.ovn_revision_numbers_db [None req-f40caa73-5e8a-49d5-a4a6-1d0b0ef71dfd e761660862c3414aa998f844134ef90b afa7bd8107b24493a44f235c1e638b44 - - default default] Successfully bumped revision number for resource 63bb6fc8-accc-4d46-ab19-d422b3f94f54 (type: security_group_rules) to 0
2026-08-04 22:47:31.986 10 INFO neutron.db.ovn_revision_numbers_db [None req-f40caa73-5e8a-49d5-a4a6-1d0b0ef71dfd e761660862c3414aa998f844134ef90b afa7bd8107b24493a44f235c1e638b44 - - default default] Successfully bumped revision number for resource bfc43b4d-3125-4671-adde-0966d07e6c85 (type: security_group_rules) to 0
2026-08-04 22:47:32.003 10 INFO neutron.db.ovn_revision_numbers_db [None req-f40caa73-5e8a-49d5-a4a6-1d0b0ef71dfd e761660862c3414aa998f844134ef90b afa7bd8107b24493a44f235c1e638b44 - - default default] Successfully bumped revision number for resource f1959497-df5b-4dfc-8601-84f1a57ab7c5 (type: security_group_rules) to 0
2026-08-04 22:47:32.009 9 INFO neutron.db.ovn_revision_numbers_db [None req-c6403e7a-73c3-4885-9b8c-41664146422c a8e169707d074b86bd2cb87f5e3a4974 ea59887a959c47eeab0e7bfed6d42deb - - default default] Successfully bumped revision number for resource e3ae620e-1b85-4442-ac08-f96de4693dce (type: security_groups) to 1
2026-08-04 22:47:32.025 9 INFO neutron.notifiers.nova [-] Nova event matching ['req-90f774d6-90a3-4c5d-8bc4-71b8a4fe9bbd'] response: {'name': 'network-changed', 'server_uuid': '807f077d-326c-47d7-99e5-81d0bf77883f', 'tag': '4aa17452-4ee1-4e95-b8c1-a5e49bf35705', 'status': 'completed', 'code': 200}
2026-08-04 22:47:32.031 10 INFO neutron.wsgi [None req-f40caa73-5e8a-49d5-a4a6-1d0b0ef71dfd e761660862c3414aa998f844134ef90b afa7bd8107b24493a44f235c1e638b44 - - default default] 10.0.0.72 "GET /v2.0/security-groups?tenant_id=184b66bec9d94d64bda355fb82d20660&name=default HTTP/1.1" status: 200 len: 2996 time: 0.3574564
2026-08-04 22:47:32.043 9 INFO neutron.db.ovn_revision_numbers_db [None req-c6403e7a-73c3-4885-9b8c-41664146422c a8e169707d074b86bd2cb87f5e3a4974 ea59887a959c47eeab0e7bfed6d42deb - - default default] Successfully bumped revision number for resource 4c4a9925-b930-4bcb-9888-0b6110ee8c1b (type: security_group_rules) to 0
2026-08-04 22:47:32.065 9 INFO neutron.db.ovn_revision_numbers_db [None req-c6403e7a-73c3-4885-9b8c-41664146422c a8e169707d074b86bd2cb87f5e3a4974 ea59887a959c47eeab0e7bfed6d42deb - - default default] Successfully bumped revision number for resource 571d73b6-7b2d-45b6-8307-84d3cc8c1f42 (type: security_group_rules) to 0
2026-08-04 22:47:32.077 10 INFO neutron.wsgi [req-59339627-7ad8-4dff-b80b-d7c58f53161c req-ff7e602c-a06e-439f-98e7-4936ddaa31b5 f52cb827014648a9baf493a70e099238 5b436957e7cd48c980ddb81b422b049f - - a992c7e162aa4dd9b879f0a13a6e7ea8 a992c7e162aa4dd9b879f0a13a6e7ea8] 199.204.45.138 "GET /v2.0/ports?tenant_id=d628c3af1cc341f0ae118aff06b910d3&device_id=807f077d-326c-47d7-99e5-81d0bf77883f HTTP/1.1" status: 200 len: 1409 time: 0.0372705
2026-08-04 22:47:32.087 9 INFO neutron.db.ovn_revision_numbers_db [None req-c6403e7a-73c3-4885-9b8c-41664146422c a8e169707d074b86bd2cb87f5e3a4974 ea59887a959c47eeab0e7bfed6d42deb - - default default] Successfully bumped revision number for resource 81134f90-04ad-4725-b669-3c5d252d0f79 (type: security_group_rules) to 0
2026-08-04 22:47:32.115 9 INFO neutron.db.ovn_revision_numbers_db [None req-c6403e7a-73c3-4885-9b8c-41664146422c a8e169707d074b86bd2cb87f5e3a4974 ea59887a959c47eeab0e7bfed6d42deb - - default default] Successfully bumped revision number for resource ec527905-5ac8-4bb3-8cda-f8ffc631f5b8 (type: security_group_rules) to 0
2026-08-04 22:47:32.203 9 INFO neutron.services.segments.plugin [-] Segment 362b3eee-c360-43d4-9c98-c48c3dad4fd5 resource provider aggregate not found
2026-08-04 22:47:32.207 9 INFO neutron.services.segments.plugin [-] Segment 362b3eee-c360-43d4-9c98-c48c3dad4fd5 resource provider aggregate not found
2026-08-04 22:47:32.214 9 INFO neutron.db.segments_db [None req-c6403e7a-73c3-4885-9b8c-41664146422c a8e169707d074b86bd2cb87f5e3a4974 ea59887a959c47eeab0e7bfed6d42deb - - default default] Added segment 72097285-bccf-4ab5-a702-0de54b1d7ebd of type geneve for network 9a5213ea-c994-420d-92c3-8338dbc6d507
2026-08-04 22:47:32.226 9 INFO neutron.services.segments.plugin [-] Segment 362b3eee-c360-43d4-9c98-c48c3dad4fd5 resource provider not found; error: Placement Client Error (4xx): {"errors": [{"status": 404, "title": "Not Found", "detail": "The resource could not be found.\n\n No resource provider with uuid 362b3eee-c360-43d4-9c98-c48c3dad4fd5 found for delete ", "request_id": "req-fc466cfc-62dd-4b1f-84a3-e0b7242ab839"}]}
2026-08-04 22:47:32.226 9 INFO neutron.services.segments.plugin [-] Segment 362b3eee-c360-43d4-9c98-c48c3dad4fd5 resource provider not found; error: Placement Client Error (4xx): {"errors": [{"status": 404, "title": "Not Found", "detail": "The resource could not be found.\n\n No resource provider with uuid 362b3eee-c360-43d4-9c98-c48c3dad4fd5 found for delete ", "request_id": "req-7e27f10a-c947-4d5f-b010-6e6bba2b45d9"}]}
2026-08-04 22:47:32.255 9 INFO neutron.wsgi [None req-7b977792-31c7-41b0-93c3-b090c0e2a16a e761660862c3414aa998f844134ef90b afa7bd8107b24493a44f235c1e638b44 - - default default] 10.0.0.72 "DELETE /v2.0/networks/4645e0e5-52d5-4ae1-a13d-92e0b1f98cc0 HTTP/1.1" status: 204 len: 168 time: 0.4174249
2026-08-04 22:47:32.365 10 INFO neutron.wsgi [req-59339627-7ad8-4dff-b80b-d7c58f53161c req-dff2dee8-f967-4c6e-b599-2a58e49e4542 f52cb827014648a9baf493a70e099238 5b436957e7cd48c980ddb81b422b049f - - a992c7e162aa4dd9b879f0a13a6e7ea8 a992c7e162aa4dd9b879f0a13a6e7ea8] 199.204.45.138 "GET /v2.0/networks?id=60941f21-87d4-4b3d-82f4-6f61474ab390 HTTP/1.1" status: 200 len: 958 time: 0.2804608
2026-08-04 22:47:32.390 9 INFO neutron.db.ovn_revision_numbers_db [None req-c6403e7a-73c3-4885-9b8c-41664146422c a8e169707d074b86bd2cb87f5e3a4974 ea59887a959c47eeab0e7bfed6d42deb - - default default] Successfully bumped revision number for resource 9a5213ea-c994-420d-92c3-8338dbc6d507 (type: networks) to 1
2026-08-04 22:47:32.414 10 INFO neutron.wsgi [req-59339627-7ad8-4dff-b80b-d7c58f53161c req-6a4c1369-c94c-4e7e-a9bc-43de267a9d92 f52cb827014648a9baf493a70e099238 5b436957e7cd48c980ddb81b422b049f - - a992c7e162aa4dd9b879f0a13a6e7ea8 a992c7e162aa4dd9b879f0a13a6e7ea8] 199.204.45.138 "GET /v2.0/floatingips?fixed_ip_address=10.100.0.8&port_id=4aa17452-4ee1-4e95-b8c1-a5e49bf35705 HTTP/1.1" status: 200 len: 1059 time: 0.0443616
2026-08-04 22:47:32.449 9 INFO neutron.wsgi [None req-04897d58-ccb9-49e2-b75d-b4d5b43c2bff e761660862c3414aa998f844134ef90b afa7bd8107b24493a44f235c1e638b44 - - default default] 10.0.0.72 "GET /v2.0/security-groups?tenant_id=214e6423dacf4144aaefba4e5e1f5044&name=default HTTP/1.1" status: 200 len: 2996 time: 0.0643368
2026-08-04 22:47:32.456 10 INFO neutron.wsgi [req-59339627-7ad8-4dff-b80b-d7c58f53161c req-ed9b4a88-0726-49ef-ad4d-d846963072f5 f52cb827014648a9baf493a70e099238 5b436957e7cd48c980ddb81b422b049f - - a992c7e162aa4dd9b879f0a13a6e7ea8 a992c7e162aa4dd9b879f0a13a6e7ea8] 199.204.45.138 "GET /v2.0/subnets?id=24bbd696-aed4-4155-ab38-7f2f2c012e94 HTTP/1.1" status: 200 len: 853 time: 0.0367470
2026-08-04 22:47:32.478 10 INFO neutron.wsgi [req-59339627-7ad8-4dff-b80b-d7c58f53161c req-62eb7f50-1172-430f-bf3f-3dafd058e869 f52cb827014648a9baf493a70e099238 5b436957e7cd48c980ddb81b422b049f - - a992c7e162aa4dd9b879f0a13a6e7ea8 a992c7e162aa4dd9b879f0a13a6e7ea8] 199.204.45.138 "GET /v2.0/ports?network_id=60941f21-87d4-4b3d-82f4-6f61474ab390&device_owner=network%3Adhcp HTTP/1.1" status: 200 len: 210 time: 0.0162203
2026-08-04 22:47:32.552 10 INFO neutron.wsgi [req-59339627-7ad8-4dff-b80b-d7c58f53161c req-dbfcb2fa-8fda-443e-9408-cf4f27cd8910 f52cb827014648a9baf493a70e099238 5b436957e7cd48c980ddb81b422b049f - - a992c7e162aa4dd9b879f0a13a6e7ea8 a992c7e162aa4dd9b879f0a13a6e7ea8] 199.204.45.138 "GET /v2.0/networks/60941f21-87d4-4b3d-82f4-6f61474ab390?fields=segments HTTP/1.1" status: 200 len: 212 time: 0.0687134
2026-08-04 22:47:32.603 10 INFO neutron.wsgi [None req-2ce73cd2-ed76-4073-8ac3-0a08b4ba485e e761660862c3414aa998f844134ef90b afa7bd8107b24493a44f235c1e638b44 - - default default] 10.0.0.72 "DELETE /v2.0/security-groups/8615ac1f-50a8-4127-b243-26a1f405486c HTTP/1.1" status: 204 len: 168 time: 0.5680592
2026-08-04 22:47:32.610 10 INFO neutron.wsgi [req-59339627-7ad8-4dff-b80b-d7c58f53161c req-e0b99452-6c7b-4257-9467-84b766653796 f52cb827014648a9baf493a70e099238 5b436957e7cd48c980ddb81b422b049f - - a992c7e162aa4dd9b879f0a13a6e7ea8 a992c7e162aa4dd9b879f0a13a6e7ea8] 199.204.45.138 "GET /v2.0/networks/60941f21-87d4-4b3d-82f4-6f61474ab390?fields=provider%3Aphysical_network&fields=provider%3Anetwork_type HTTP/1.1" status: 200 len: 277 time: 0.0525606
2026-08-04 22:47:32.616 9 WARNING neutron.scheduler.dhcp_agent_scheduler [None req-c6403e7a-73c3-4885-9b8c-41664146422c a8e169707d074b86bd2cb87f5e3a4974 ea59887a959c47eeab0e7bfed6d42deb - - default default] No more DHCP agents
2026-08-04 22:47:32.620 9 WARNING neutron.api.rpc.agentnotifiers.dhcp_rpc_agent_api [None req-c6403e7a-73c3-4885-9b8c-41664146422c a8e169707d074b86bd2cb87f5e3a4974 ea59887a959c47eeab0e7bfed6d42deb - - default default] Unable to schedule network 9a5213ea-c994-420d-92c3-8338dbc6d507: no agents available; will retry on subsequent port and subnet creation events.
2026-08-04 22:47:32.713 9 INFO neutron.db.ovn_revision_numbers_db [None req-c6403e7a-73c3-4885-9b8c-41664146422c a8e169707d074b86bd2cb87f5e3a4974 ea59887a959c47eeab0e7bfed6d42deb - - default default] Successfully bumped revision number for resource db506c68-f047-4845-b167-497a1a444811 (type: ports) to 1
2026-08-04 22:47:32.739 9 INFO neutron.wsgi [None req-c6403e7a-73c3-4885-9b8c-41664146422c a8e169707d074b86bd2cb87f5e3a4974 ea59887a959c47eeab0e7bfed6d42deb - - default default] 10.0.0.72 "POST /v2.0/networks HTTP/1.1" status: 201 len: 831 time: 1.0565941
2026-08-04 22:47:32.776 9 INFO neutron.wsgi [None req-a6f1e769-b982-4839-bbc1-4ba612b288be e761660862c3414aa998f844134ef90b afa7bd8107b24493a44f235c1e638b44 - - default default] 10.0.0.72 "DELETE /v2.0/security-groups/57ea752a-baf9-4015-a023-dd8d35c5bcc2 HTTP/1.1" status: 204 len: 168 time: 0.3226454
2026-08-04 22:47:33.032 9 WARNING neutron.scheduler.dhcp_agent_scheduler [None req-d0072f5e-426a-40fe-8fbc-322548ab909a a8e169707d074b86bd2cb87f5e3a4974 ea59887a959c47eeab0e7bfed6d42deb - - default default] No more DHCP agents
2026-08-04 22:47:33.034 9 WARNING neutron.api.rpc.agentnotifiers.dhcp_rpc_agent_api [None req-d0072f5e-426a-40fe-8fbc-322548ab909a a8e169707d074b86bd2cb87f5e3a4974 ea59887a959c47eeab0e7bfed6d42deb - - default default] Unable to schedule network 9a5213ea-c994-420d-92c3-8338dbc6d507: no agents available; will retry on subsequent port and subnet creation events.
2026-08-04 22:47:33.122 9 INFO neutron.db.ovn_revision_numbers_db [None req-d0072f5e-426a-40fe-8fbc-322548ab909a a8e169707d074b86bd2cb87f5e3a4974 ea59887a959c47eeab0e7bfed6d42deb - - default default] Successfully bumped revision number for resource 0bf57761-a0e6-4e56-bdcc-01dad73781bd (type: ports) to 1
2026-08-04 22:47:33.154 9 INFO neutron.wsgi [None req-d0072f5e-426a-40fe-8fbc-322548ab909a a8e169707d074b86bd2cb87f5e3a4974 ea59887a959c47eeab0e7bfed6d42deb - - default default] 10.0.0.72 "POST /v2.0/ports HTTP/1.1" status: 201 len: 942 time: 0.4072683 /var/lib/openstack/lib/python3.10/site-packages/pycadf/identifier.py:71: UserWarning: Invalid uuid: neutron. To ensure interoperability, identifiers should be a valid uuid. warnings.warn(('Invalid uuid: %s. To ensure interoperability, '
2026-08-04 22:47:33.244 9 INFO neutron.db.segments_db [None req-54ce433c-382f-412b-8298-00761a91318a a8e169707d074b86bd2cb87f5e3a4974 ea59887a959c47eeab0e7bfed6d42deb - - default default] Added segment ee208c45-45db-49db-9419-42475c71608f of type geneve for network a972ec1d-9010-421c-a242-8b572df27cc9
2026-08-04 22:47:33.649 9 INFO neutron.db.ovn_revision_numbers_db [None req-54ce433c-382f-412b-8298-00761a91318a a8e169707d074b86bd2cb87f5e3a4974 ea59887a959c47eeab0e7bfed6d42deb - - default default] Successfully bumped revision number for resource a972ec1d-9010-421c-a242-8b572df27cc9 (type: networks) to 1
2026-08-04 22:47:33.797 9 WARNING neutron.scheduler.dhcp_agent_scheduler [None req-54ce433c-382f-412b-8298-00761a91318a a8e169707d074b86bd2cb87f5e3a4974 ea59887a959c47eeab0e7bfed6d42deb - - default default] No more DHCP agents
2026-08-04 22:47:33.799 9 WARNING neutron.api.rpc.agentnotifiers.dhcp_rpc_agent_api [None req-54ce433c-382f-412b-8298-00761a91318a a8e169707d074b86bd2cb87f5e3a4974 ea59887a959c47eeab0e7bfed6d42deb - - default default] Unable to schedule network a972ec1d-9010-421c-a242-8b572df27cc9: no agents available; will retry on subsequent port and subnet creation events.
2026-08-04 22:47:33.901 9 INFO neutron.db.ovn_revision_numbers_db [None req-54ce433c-382f-412b-8298-00761a91318a a8e169707d074b86bd2cb87f5e3a4974 ea59887a959c47eeab0e7bfed6d42deb - - default default] Successfully bumped revision number for resource 406bd4d1-573e-485d-8fa6-5294add93ff3 (type: ports) to 1
2026-08-04 22:47:33.924 9 INFO neutron.wsgi [None req-54ce433c-382f-412b-8298-00761a91318a a8e169707d074b86bd2cb87f5e3a4974 ea59887a959c47eeab0e7bfed6d42deb - - default default] 10.0.0.72 "POST /v2.0/networks HTTP/1.1" status: 201 len: 830 time: 0.7652266
2026-08-04 22:47:34.156 9 WARNING neutron.scheduler.dhcp_agent_scheduler [None req-fe3b5624-4e33-474f-b2d2-93525bacb324 a8e169707d074b86bd2cb87f5e3a4974 ea59887a959c47eeab0e7bfed6d42deb - - default default] No more DHCP agents
2026-08-04 22:47:34.158 9 WARNING neutron.api.rpc.agentnotifiers.dhcp_rpc_agent_api [None req-fe3b5624-4e33-474f-b2d2-93525bacb324 a8e169707d074b86bd2cb87f5e3a4974 ea59887a959c47eeab0e7bfed6d42deb - - default default] Unable to schedule network a972ec1d-9010-421c-a242-8b572df27cc9: no agents available; will retry on subsequent port and subnet creation events.
2026-08-04 22:47:34.243 9 INFO neutron.db.ovn_revision_numbers_db [None req-fe3b5624-4e33-474f-b2d2-93525bacb324 a8e169707d074b86bd2cb87f5e3a4974 ea59887a959c47eeab0e7bfed6d42deb - - default default] Successfully bumped revision number for resource 56829c01-a91f-4be0-b7cb-547cd9a25559 (type: ports) to 1
2026-08-04 22:47:34.272 9 INFO neutron.wsgi [None req-fe3b5624-4e33-474f-b2d2-93525bacb324 a8e169707d074b86bd2cb87f5e3a4974 ea59887a959c47eeab0e7bfed6d42deb - - default default] 10.0.0.72 "POST /v2.0/ports HTTP/1.1" status: 201 len: 942 time: 0.3430097 /var/lib/openstack/lib/python3.10/site-packages/pycadf/identifier.py:71: UserWarning: Invalid uuid: neutron. To ensure interoperability, identifiers should be a valid uuid. warnings.warn(('Invalid uuid: %s. To ensure interoperability, '
2026-08-04 22:47:34.364 9 INFO neutron.db.segments_db [None req-8ac7e390-71d4-4cd2-b224-d849231716ba a8e169707d074b86bd2cb87f5e3a4974 ea59887a959c47eeab0e7bfed6d42deb - - default default] Added segment ca9dbd58-b7c2-407e-8d76-b7207578881e of type geneve for network a1f009ea-a171-4147-9771-475670bc55f8
2026-08-04 22:47:34.525 9 INFO neutron.db.ovn_revision_numbers_db [None req-8ac7e390-71d4-4cd2-b224-d849231716ba a8e169707d074b86bd2cb87f5e3a4974 ea59887a959c47eeab0e7bfed6d42deb - - default default] Successfully bumped revision number for resource a1f009ea-a171-4147-9771-475670bc55f8 (type: networks) to 1
2026-08-04 22:47:34.679 10 INFO neutron.db.ovn_revision_numbers_db [None req-fad07eb6-5043-4c11-a95d-37de4900cd9d f86044dcd66143ed8d4bb6de7bde3eef 48f47c86f11f4c9ea41701744dcc16f7 - - default default] Successfully bumped revision number for resource f6090a56-1577-43b4-953f-fb8dce87675c (type: security_groups) to 1
2026-08-04 22:47:34.694 10 INFO neutron.db.ovn_revision_numbers_db [None req-fad07eb6-5043-4c11-a95d-37de4900cd9d f86044dcd66143ed8d4bb6de7bde3eef 48f47c86f11f4c9ea41701744dcc16f7 - - default default] Successfully bumped revision number for resource 50dceb8f-e928-4937-9a37-1c930b278a71 (type: security_group_rules) to 0
2026-08-04 22:47:34.699 9 WARNING neutron.scheduler.dhcp_agent_scheduler [None req-8ac7e390-71d4-4cd2-b224-d849231716ba a8e169707d074b86bd2cb87f5e3a4974 ea59887a959c47eeab0e7bfed6d42deb - - default default] No more DHCP agents
2026-08-04 22:47:34.701 9 WARNING neutron.api.rpc.agentnotifiers.dhcp_rpc_agent_api [None req-8ac7e390-71d4-4cd2-b224-d849231716ba a8e169707d074b86bd2cb87f5e3a4974 ea59887a959c47eeab0e7bfed6d42deb - - default default] Unable to schedule network a1f009ea-a171-4147-9771-475670bc55f8: no agents available; will retry on subsequent port and subnet creation events.
2026-08-04 22:47:34.710 10 INFO neutron.db.ovn_revision_numbers_db [None req-fad07eb6-5043-4c11-a95d-37de4900cd9d f86044dcd66143ed8d4bb6de7bde3eef 48f47c86f11f4c9ea41701744dcc16f7 - - default default] Successfully bumped revision number for resource 9081bedc-9a7b-478d-a239-83495c1ea3a6 (type: security_group_rules) to 0
2026-08-04 22:47:34.725 10 INFO neutron.db.ovn_revision_numbers_db [None req-fad07eb6-5043-4c11-a95d-37de4900cd9d f86044dcd66143ed8d4bb6de7bde3eef 48f47c86f11f4c9ea41701744dcc16f7 - - default default] Successfully bumped revision number for resource ac692cdd-f636-4357-9452-1c59de634fe6 (type: security_group_rules) to 0
2026-08-04 22:47:34.742 10 INFO neutron.db.ovn_revision_numbers_db [None req-fad07eb6-5043-4c11-a95d-37de4900cd9d f86044dcd66143ed8d4bb6de7bde3eef 48f47c86f11f4c9ea41701744dcc16f7 - - default default] Successfully bumped revision number for resource f24a5363-391d-4afc-be63-aaf62adaab7a (type: security_group_rules) to 0
2026-08-04 22:47:34.792 9 INFO neutron.db.ovn_revision_numbers_db [None req-8ac7e390-71d4-4cd2-b224-d849231716ba a8e169707d074b86bd2cb87f5e3a4974 ea59887a959c47eeab0e7bfed6d42deb - - default default] Successfully bumped revision number for resource 748e3ab5-b9cc-4f17-8b3f-083e3910ab57 (type: ports) to 1
2026-08-04 22:47:34.799 10 INFO neutron.db.segments_db [None req-fad07eb6-5043-4c11-a95d-37de4900cd9d f86044dcd66143ed8d4bb6de7bde3eef 48f47c86f11f4c9ea41701744dcc16f7 - - default default] Added segment a393fb4b-0668-4cad-ae88-cf224f6c46f9 of type geneve for network 04d7c935-b8ac-4b36-9838-b9ef4f6f1392
2026-08-04 22:47:34.824 9 INFO neutron.wsgi [None req-8ac7e390-71d4-4cd2-b224-d849231716ba a8e169707d074b86bd2cb87f5e3a4974 ea59887a959c47eeab0e7bfed6d42deb - - default default] 10.0.0.72 "POST /v2.0/networks HTTP/1.1" status: 201 len: 830 time: 0.5468221
2026-08-04 22:47:34.996 10 INFO neutron.db.ovn_revision_numbers_db [None req-fad07eb6-5043-4c11-a95d-37de4900cd9d f86044dcd66143ed8d4bb6de7bde3eef 48f47c86f11f4c9ea41701744dcc16f7 - - default default] Successfully bumped revision number for resource 04d7c935-b8ac-4b36-9838-b9ef4f6f1392 (type: networks) to 1
2026-08-04 22:47:35.084 9 WARNING neutron.scheduler.dhcp_agent_scheduler [None req-fcf47f0e-639d-4112-8995-f42067f518ab a8e169707d074b86bd2cb87f5e3a4974 ea59887a959c47eeab0e7bfed6d42deb - - default default] No more DHCP agents
2026-08-04 22:47:35.086 9 WARNING neutron.api.rpc.agentnotifiers.dhcp_rpc_agent_api [None req-fcf47f0e-639d-4112-8995-f42067f518ab a8e169707d074b86bd2cb87f5e3a4974 ea59887a959c47eeab0e7bfed6d42deb - - default default] Unable to schedule network a1f009ea-a171-4147-9771-475670bc55f8: no agents available; will retry on subsequent port and subnet creation events.
2026-08-04 22:47:35.164 9 INFO neutron.db.ovn_revision_numbers_db [None req-fcf47f0e-639d-4112-8995-f42067f518ab a8e169707d074b86bd2cb87f5e3a4974 ea59887a959c47eeab0e7bfed6d42deb - - default default] Successfully bumped revision number for resource 0a62c180-d862-47df-8f66-7acbd1120a30 (type: ports) to 1
2026-08-04 22:47:35.178 10 WARNING neutron.scheduler.dhcp_agent_scheduler [None req-fad07eb6-5043-4c11-a95d-37de4900cd9d f86044dcd66143ed8d4bb6de7bde3eef 48f47c86f11f4c9ea41701744dcc16f7 - - default default] No more DHCP agents
2026-08-04 22:47:35.180 10 WARNING neutron.api.rpc.agentnotifiers.dhcp_rpc_agent_api [None req-fad07eb6-5043-4c11-a95d-37de4900cd9d f86044dcd66143ed8d4bb6de7bde3eef 48f47c86f11f4c9ea41701744dcc16f7 - - default default] Unable to schedule network 04d7c935-b8ac-4b36-9838-b9ef4f6f1392: no agents available; will retry on subsequent port and subnet creation events.
2026-08-04 22:47:35.187 9 INFO neutron.wsgi [None req-fcf47f0e-639d-4112-8995-f42067f518ab a8e169707d074b86bd2cb87f5e3a4974 ea59887a959c47eeab0e7bfed6d42deb - - default default] 10.0.0.72 "POST /v2.0/ports HTTP/1.1" status: 201 len: 942 time: 0.3563304 /var/lib/openstack/lib/python3.10/site-packages/pycadf/identifier.py:71: UserWarning: Invalid uuid: neutron. To ensure interoperability, identifiers should be a valid uuid. warnings.warn(('Invalid uuid: %s. To ensure interoperability, '
2026-08-04 22:47:35.257 10 INFO neutron.db.ovn_revision_numbers_db [None req-fad07eb6-5043-4c11-a95d-37de4900cd9d f86044dcd66143ed8d4bb6de7bde3eef 48f47c86f11f4c9ea41701744dcc16f7 - - default default] Successfully bumped revision number for resource f56eeb7c-9c3d-463f-852d-c1861cabbe0b (type: ports) to 1
2026-08-04 22:47:35.279 10 INFO neutron.wsgi [None req-fad07eb6-5043-4c11-a95d-37de4900cd9d f86044dcd66143ed8d4bb6de7bde3eef 48f47c86f11f4c9ea41701744dcc16f7 - - default default] 10.0.0.72 "POST /v2.0/networks HTTP/1.1" status: 201 len: 846 time: 0.8215671
2026-08-04 22:47:35.283 9 INFO neutron.db.segments_db [None req-6d045352-6284-4ed3-8655-bd324118be9d a8e169707d074b86bd2cb87f5e3a4974 ea59887a959c47eeab0e7bfed6d42deb - - default default] Added segment 57285f73-22ab-4b3d-b0b3-4e02588b8b7c of type geneve for network c748577a-1dcf-4bcd-82ca-7187ce00ddea
2026-08-04 22:47:35.427 9 INFO neutron.db.ovn_revision_numbers_db [None req-6d045352-6284-4ed3-8655-bd324118be9d a8e169707d074b86bd2cb87f5e3a4974 ea59887a959c47eeab0e7bfed6d42deb - - default default] Successfully bumped revision number for resource c748577a-1dcf-4bcd-82ca-7187ce00ddea (type: networks) to 1
2026-08-04 22:47:35.576 9 WARNING neutron.scheduler.dhcp_agent_scheduler [None req-6d045352-6284-4ed3-8655-bd324118be9d a8e169707d074b86bd2cb87f5e3a4974 ea59887a959c47eeab0e7bfed6d42deb - - default default] No more DHCP agents
2026-08-04 22:47:35.580 9 WARNING neutron.api.rpc.agentnotifiers.dhcp_rpc_agent_api [None req-6d045352-6284-4ed3-8655-bd324118be9d a8e169707d074b86bd2cb87f5e3a4974 ea59887a959c47eeab0e7bfed6d42deb - - default default] Unable to schedule network c748577a-1dcf-4bcd-82ca-7187ce00ddea: no agents available; will retry on subsequent port and subnet creation events.
2026-08-04 22:47:35.646 9 INFO neutron.db.ovn_revision_numbers_db [None req-6d045352-6284-4ed3-8655-bd324118be9d a8e169707d074b86bd2cb87f5e3a4974 ea59887a959c47eeab0e7bfed6d42deb - - default default] Successfully bumped revision number for resource b1ef80af-55c2-484e-8212-d13caa505858 (type: ports) to 1
2026-08-04 22:47:35.664 9 INFO neutron.wsgi [None req-6d045352-6284-4ed3-8655-bd324118be9d a8e169707d074b86bd2cb87f5e3a4974 ea59887a959c47eeab0e7bfed6d42deb - - default default] 10.0.0.72 "POST /v2.0/networks HTTP/1.1" status: 201 len: 830 time: 0.4713225
2026-08-04 22:47:35.906 10 WARNING neutron.scheduler.dhcp_agent_scheduler [None req-0f571fea-20a5-4608-b08e-0a84fe3d5772 a8e169707d074b86bd2cb87f5e3a4974 ea59887a959c47eeab0e7bfed6d42deb - - default default] No more DHCP agents
2026-08-04 22:47:35.908 10 WARNING neutron.api.rpc.agentnotifiers.dhcp_rpc_agent_api [None req-0f571fea-20a5-4608-b08e-0a84fe3d5772 a8e169707d074b86bd2cb87f5e3a4974 ea59887a959c47eeab0e7bfed6d42deb - - default default] Unable to schedule network c748577a-1dcf-4bcd-82ca-7187ce00ddea: no agents available; will retry on subsequent port and subnet creation events.
2026-08-04 22:47:35.988 9 WARNING neutron.scheduler.dhcp_agent_scheduler [None req-51d13918-7786-4a97-81b4-3e003a96b0e7 f86044dcd66143ed8d4bb6de7bde3eef 48f47c86f11f4c9ea41701744dcc16f7 - - default default] No more DHCP agents
2026-08-04 22:47:35.991 9 WARNING neutron.api.rpc.agentnotifiers.dhcp_rpc_agent_api [None req-51d13918-7786-4a97-81b4-3e003a96b0e7 f86044dcd66143ed8d4bb6de7bde3eef 48f47c86f11f4c9ea41701744dcc16f7 - - default default] Unable to schedule network 04d7c935-b8ac-4b36-9838-b9ef4f6f1392: no agents available; will retry on subsequent port and subnet creation events.
2026-08-04 22:47:35.997 10 INFO neutron.db.ovn_revision_numbers_db [None req-0f571fea-20a5-4608-b08e-0a84fe3d5772 a8e169707d074b86bd2cb87f5e3a4974 ea59887a959c47eeab0e7bfed6d42deb - - default default] Successfully bumped revision number for resource 5dd207b1-7ed6-498f-8259-12410bb23e84 (type: ports) to 1
2026-08-04 22:47:36.026 9 INFO neutron.db.ovn_revision_numbers_db [None req-51d13918-7786-4a97-81b4-3e003a96b0e7 f86044dcd66143ed8d4bb6de7bde3eef 48f47c86f11f4c9ea41701744dcc16f7 - - default default] Successfully bumped revision number for resource 7e6592e9-0c3d-4a0c-b7e7-dfe641eb880b (type: subnets) to 0
2026-08-04 22:47:36.032 10 INFO neutron.wsgi [None req-0f571fea-20a5-4608-b08e-0a84fe3d5772 a8e169707d074b86bd2cb87f5e3a4974 ea59887a959c47eeab0e7bfed6d42deb - - default default] 10.0.0.72 "POST /v2.0/ports HTTP/1.1" status: 201 len: 942 time: 0.3627956
2026-08-04 22:47:36.044 9 INFO neutron.wsgi [None req-51d13918-7786-4a97-81b4-3e003a96b0e7 f86044dcd66143ed8d4bb6de7bde3eef 48f47c86f11f4c9ea41701744dcc16f7 - - default default] 10.0.0.72 "POST /v2.0/subnets HTTP/1.1" status: 201 len: 848 time: 0.3069072
2026-08-04 22:47:36.120 9 INFO neutron.db.segments_db [None req-39c4ed8a-f81f-44c2-a3ba-2dc277c7acae a8e169707d074b86bd2cb87f5e3a4974 ea59887a959c47eeab0e7bfed6d42deb - - default default] Added segment faaeb85e-6a0a-40f9-af5f-f2ebc18fde8b of type geneve for network 2d67d18f-7da8-49dc-bca3-6bb3f07bb2eb
2026-08-04 22:47:36.137 9 INFO neutron.db.segments_db [None req-b8c550cf-498a-4ba5-a42c-54469376328c f86044dcd66143ed8d4bb6de7bde3eef 48f47c86f11f4c9ea41701744dcc16f7 - - default default] Added segment 869fdc52-be72-49e5-9527-0f9abf04900a of type geneve for network 1c9cab7e-7adf-427c-8e70-85cd0bbcca48
2026-08-04 22:47:36.320 9 INFO neutron.db.ovn_revision_numbers_db [None req-39c4ed8a-f81f-44c2-a3ba-2dc277c7acae a8e169707d074b86bd2cb87f5e3a4974 ea59887a959c47eeab0e7bfed6d42deb - - default default] Successfully bumped revision number for resource 2d67d18f-7da8-49dc-bca3-6bb3f07bb2eb (type: networks) to 1
2026-08-04 22:47:36.341 9 INFO neutron.db.ovn_revision_numbers_db [None req-b8c550cf-498a-4ba5-a42c-54469376328c f86044dcd66143ed8d4bb6de7bde3eef 48f47c86f11f4c9ea41701744dcc16f7 - - default default] Successfully bumped revision number for resource 1c9cab7e-7adf-427c-8e70-85cd0bbcca48 (type: networks) to 1
2026-08-04 22:47:36.534 9 WARNING neutron.scheduler.dhcp_agent_scheduler [None req-39c4ed8a-f81f-44c2-a3ba-2dc277c7acae a8e169707d074b86bd2cb87f5e3a4974 ea59887a959c47eeab0e7bfed6d42deb - - default default] No more DHCP agents
2026-08-04 22:47:36.536 9 WARNING neutron.api.rpc.agentnotifiers.dhcp_rpc_agent_api [None req-39c4ed8a-f81f-44c2-a3ba-2dc277c7acae a8e169707d074b86bd2cb87f5e3a4974 ea59887a959c47eeab0e7bfed6d42deb - - default default] Unable to schedule network 2d67d18f-7da8-49dc-bca3-6bb3f07bb2eb: no agents available; will retry on subsequent port and subnet creation events.
2026-08-04 22:47:36.539 9 WARNING neutron.scheduler.dhcp_agent_scheduler [None req-b8c550cf-498a-4ba5-a42c-54469376328c f86044dcd66143ed8d4bb6de7bde3eef 48f47c86f11f4c9ea41701744dcc16f7 - - default default] No more DHCP agents
2026-08-04 22:47:36.547 9 WARNING neutron.api.rpc.agentnotifiers.dhcp_rpc_agent_api [None req-b8c550cf-498a-4ba5-a42c-54469376328c f86044dcd66143ed8d4bb6de7bde3eef 48f47c86f11f4c9ea41701744dcc16f7 - - default default] Unable to schedule network 1c9cab7e-7adf-427c-8e70-85cd0bbcca48: no agents available; will retry on subsequent port and subnet creation events.
2026-08-04 22:47:36.656 9 INFO neutron.db.ovn_revision_numbers_db [None req-39c4ed8a-f81f-44c2-a3ba-2dc277c7acae a8e169707d074b86bd2cb87f5e3a4974 ea59887a959c47eeab0e7bfed6d42deb - - default default] Successfully bumped revision number for resource 93193f5b-b690-4915-95d7-7a0e2db6ae22 (type: ports) to 1
2026-08-04 22:47:36.665 9 INFO neutron.db.ovn_revision_numbers_db [None req-b8c550cf-498a-4ba5-a42c-54469376328c f86044dcd66143ed8d4bb6de7bde3eef 48f47c86f11f4c9ea41701744dcc16f7 - - default default] Successfully bumped revision number for resource 8123875c-fad0-4d6a-be38-9295d9aff5bb (type: ports) to 1
2026-08-04 22:47:36.678 9 INFO neutron.wsgi [None req-39c4ed8a-f81f-44c2-a3ba-2dc277c7acae a8e169707d074b86bd2cb87f5e3a4974 ea59887a959c47eeab0e7bfed6d42deb - - default default] 10.0.0.72 "POST /v2.0/networks HTTP/1.1" status: 201 len: 831 time: 0.6416771 /var/lib/openstack/lib/python3.10/site-packages/pycadf/identifier.py:71: UserWarning: Invalid uuid: neutron. To ensure interoperability, identifiers should be a valid uuid. warnings.warn(('Invalid uuid: %s. To ensure interoperability, '
2026-08-04 22:47:36.694 9 INFO neutron.wsgi [None req-b8c550cf-498a-4ba5-a42c-54469376328c f86044dcd66143ed8d4bb6de7bde3eef 48f47c86f11f4c9ea41701744dcc16f7 - - default default] 10.0.0.72 "POST /v2.0/networks HTTP/1.1" status: 201 len: 846 time: 0.6439662
2026-08-04 22:47:36.924 9 INFO neutron.db.ovn_revision_numbers_db [None req-329d6246-0d09-4454-90c4-108ef67e493f f86044dcd66143ed8d4bb6de7bde3eef 48f47c86f11f4c9ea41701744dcc16f7 - - default default] Successfully bumped revision number for resource 1c9cab7e-7adf-427c-8e70-85cd0bbcca48 (type: networks) to 2
2026-08-04 22:47:36.928 9 INFO neutron.wsgi [None req-329d6246-0d09-4454-90c4-108ef67e493f f86044dcd66143ed8d4bb6de7bde3eef 48f47c86f11f4c9ea41701744dcc16f7 - - default default] 10.0.0.72 "PUT /v2.0/networks/1c9cab7e-7adf-427c-8e70-85cd0bbcca48 HTTP/1.1" status: 200 len: 792 time: 0.2301810
2026-08-04 22:47:36.938 10 WARNING neutron.scheduler.dhcp_agent_scheduler [None req-73346f82-4d32-4e81-9e77-3d746fa73956 a8e169707d074b86bd2cb87f5e3a4974 ea59887a959c47eeab0e7bfed6d42deb - - default default] No more DHCP agents
2026-08-04 22:47:36.940 10 WARNING neutron.api.rpc.agentnotifiers.dhcp_rpc_agent_api [None req-73346f82-4d32-4e81-9e77-3d746fa73956 a8e169707d074b86bd2cb87f5e3a4974 ea59887a959c47eeab0e7bfed6d42deb - - default default] Unable to schedule network 2d67d18f-7da8-49dc-bca3-6bb3f07bb2eb: no agents available; will retry on subsequent port and subnet creation events.
2026-08-04 22:47:37.028 10 INFO neutron.db.ovn_revision_numbers_db [None req-73346f82-4d32-4e81-9e77-3d746fa73956 a8e169707d074b86bd2cb87f5e3a4974 ea59887a959c47eeab0e7bfed6d42deb - - default default] Successfully bumped revision number for resource f7de4862-0f7b-46c1-899d-581ffa9169a1 (type: ports) to 1
2026-08-04 22:47:37.049 10 INFO neutron.wsgi [None req-73346f82-4d32-4e81-9e77-3d746fa73956 a8e169707d074b86bd2cb87f5e3a4974 ea59887a959c47eeab0e7bfed6d42deb - - default default] 10.0.0.72 "POST /v2.0/ports HTTP/1.1" status: 201 len: 942 time: 0.3661528 /var/lib/openstack/lib/python3.10/site-packages/pycadf/identifier.py:71: UserWarning: Invalid uuid: neutron. To ensure interoperability, identifiers should be a valid uuid. warnings.warn(('Invalid uuid: %s. To ensure interoperability, '
2026-08-04 22:47:37.088 10 INFO neutron.wsgi [None req-c82323b1-56aa-4274-b3fb-dfbc1873f27b a8e169707d074b86bd2cb87f5e3a4974 ea59887a959c47eeab0e7bfed6d42deb - - default default] 10.0.0.72 "PUT /v2.0/ports/0bf57761-a0e6-4e56-bdcc-01dad73781bd/tags HTTP/1.1" status: 200 len: 210 time: 0.0334728
2026-08-04 22:47:37.130 10 INFO neutron.wsgi [None req-99b3ca25-9179-41fc-8cfd-26700d3a60ab a8e169707d074b86bd2cb87f5e3a4974 ea59887a959c47eeab0e7bfed6d42deb - - default default] 10.0.0.72 "PUT /v2.0/ports/56829c01-a91f-4be0-b7cb-547cd9a25559/tags HTTP/1.1" status: 200 len: 218 time: 0.0370121
2026-08-04 22:47:37.167 10 INFO neutron.wsgi [None req-06ba6eb8-8131-407e-ab71-ecfbac94e388 a8e169707d074b86bd2cb87f5e3a4974 ea59887a959c47eeab0e7bfed6d42deb - - default default] 10.0.0.72 "PUT /v2.0/ports/0a62c180-d862-47df-8f66-7acbd1120a30/tags HTTP/1.1" status: 200 len: 227 time: 0.0317957
2026-08-04 22:47:37.172 9 WARNING neutron.scheduler.dhcp_agent_scheduler [None req-75175486-2541-4bf5-a0ef-40cc6487ac5f f86044dcd66143ed8d4bb6de7bde3eef 48f47c86f11f4c9ea41701744dcc16f7 - - default default] No more DHCP agents
2026-08-04 22:47:37.174 9 WARNING neutron.api.rpc.agentnotifiers.dhcp_rpc_agent_api [None req-75175486-2541-4bf5-a0ef-40cc6487ac5f f86044dcd66143ed8d4bb6de7bde3eef 48f47c86f11f4c9ea41701744dcc16f7 - - default default] Unable to schedule network 1c9cab7e-7adf-427c-8e70-85cd0bbcca48: no agents available; will retry on subsequent port and subnet creation events.
2026-08-04 22:47:37.201 10 INFO neutron.wsgi [None req-29dc433e-d2f8-402e-beec-a05d94bba2df a8e169707d074b86bd2cb87f5e3a4974 ea59887a959c47eeab0e7bfed6d42deb - - default default] 10.0.0.72 "PUT /v2.0/ports/5dd207b1-7ed6-498f-8259-12410bb23e84/tags HTTP/1.1" status: 200 len: 212 time: 0.0299594
2026-08-04 22:47:37.207 9 INFO neutron.db.ovn_revision_numbers_db [None req-75175486-2541-4bf5-a0ef-40cc6487ac5f f86044dcd66143ed8d4bb6de7bde3eef 48f47c86f11f4c9ea41701744dcc16f7 - - default default] Successfully bumped revision number for resource d1a92dcf-468c-4dd6-b99f-6e6780db669b (type: subnets) to 0
2026-08-04 22:47:37.224 9 INFO neutron.wsgi [None req-75175486-2541-4bf5-a0ef-40cc6487ac5f f86044dcd66143ed8d4bb6de7bde3eef 48f47c86f11f4c9ea41701744dcc16f7 - - default default] 10.0.0.72 "POST /v2.0/subnets HTTP/1.1" status: 201 len: 821 time: 0.2896314
2026-08-04 22:47:37.370 10 INFO neutron.wsgi [None req-12d0bd73-d736-449f-8001-ec4d37109b26 a8e169707d074b86bd2cb87f5e3a4974 ea59887a959c47eeab0e7bfed6d42deb - - default default] 10.0.0.72 "GET /v2.0/ports?tags=red HTTP/1.1" status: 200 len: 2448 time: 0.1633496
2026-08-04 22:47:37.564 9 INFO neutron.wsgi [None req-73588b17-804c-46c7-8b18-c3419f4ba5bb a8e169707d074b86bd2cb87f5e3a4974 ea59887a959c47eeab0e7bfed6d42deb - - default default] 10.0.0.72 "GET /v2.0/ports?tags=red%2Cblue HTTP/1.1" status: 200 len: 1708 time: 0.1891825
2026-08-04 22:47:37.630 10 INFO neutron.wsgi [None req-bee606a7-81d6-463f-9974-8e4e9e530d2b a8e169707d074b86bd2cb87f5e3a4974 ea59887a959c47eeab0e7bfed6d42deb - - default default] 10.0.0.72 "GET /v2.0/ports?tags-any=blue HTTP/1.1" status: 200 len: 1708 time: 0.0608394
2026-08-04 22:47:37.638 9 INFO neutron.db.ovn_revision_numbers_db [None req-46d5a066-b3d7-4ae0-b354-5369db1caf8b e761660862c3414aa998f844134ef90b afa7bd8107b24493a44f235c1e638b44 - - default default] Successfully bumped revision number for resource 983dd0f3-a68e-4da3-a332-2e6f94179451 (type: security_groups) to 1
2026-08-04 22:47:37.660 9 INFO neutron.db.ovn_revision_numbers_db [None req-46d5a066-b3d7-4ae0-b354-5369db1caf8b e761660862c3414aa998f844134ef90b afa7bd8107b24493a44f235c1e638b44 - - default default] Successfully bumped revision number for resource 42b9560e-ce90-49db-93f9-02e94313c0fa (type: security_group_rules) to 0
2026-08-04 22:47:37.671 10 INFO neutron.wsgi [None req-4ff6b03c-148a-4fa6-9fd3-4ba58458d862 a8e169707d074b86bd2cb87f5e3a4974 ea59887a959c47eeab0e7bfed6d42deb - - default default] 10.0.0.72 "GET /v2.0/ports?tags-any=red%2Cblue HTTP/1.1" status: 200 len: 2448 time: 0.0356128
2026-08-04 22:47:37.680 9 INFO neutron.db.ovn_revision_numbers_db [None req-46d5a066-b3d7-4ae0-b354-5369db1caf8b e761660862c3414aa998f844134ef90b afa7bd8107b24493a44f235c1e638b44 - - default default] Successfully bumped revision number for resource 7921c857-cfc7-4b44-98d9-d671ea4bc63f (type: security_group_rules) to 0
2026-08-04 22:47:37.700 9 INFO neutron.db.ovn_revision_numbers_db [None req-46d5a066-b3d7-4ae0-b354-5369db1caf8b e761660862c3414aa998f844134ef90b afa7bd8107b24493a44f235c1e638b44 - - default default] Successfully bumped revision number for resource bd9ab397-337f-41ba-91e0-a8c99889518e (type: security_group_rules) to 0
2026-08-04 22:47:37.717 9 INFO neutron.db.ovn_revision_numbers_db [None req-46d5a066-b3d7-4ae0-b354-5369db1caf8b e761660862c3414aa998f844134ef90b afa7bd8107b24493a44f235c1e638b44 - - default default] Successfully bumped revision number for resource d3dd5a06-966e-4c1e-8306-bfae1ea8c731 (type: security_group_rules) to 0
2026-08-04 22:47:37.751 9 INFO neutron.wsgi [None req-46d5a066-b3d7-4ae0-b354-5369db1caf8b e761660862c3414aa998f844134ef90b afa7bd8107b24493a44f235c1e638b44 - - default default] 10.0.0.72 "GET /v2.0/security-groups?tenant_id=d2d23e35d2e14e94aa1f89f9927c235f&name=default HTTP/1.1" status: 200 len: 2996 time: 0.4678473
2026-08-04 22:47:37.820 10 INFO neutron.wsgi [None req-ac95cb0c-41c5-469e-85d4-616b5bc623f8 a8e169707d074b86bd2cb87f5e3a4974 ea59887a959c47eeab0e7bfed6d42deb - - default default] 10.0.0.72 "GET /v2.0/ports?not-tags=red HTTP/1.1" status: 200 len: 5463 time: 0.1441960
2026-08-04 22:47:37.923 10 INFO neutron.wsgi [None req-be8f530c-819d-492d-99a6-55e3317d980a a8e169707d074b86bd2cb87f5e3a4974 ea59887a959c47eeab0e7bfed6d42deb - - default default] 10.0.0.72 "GET /v2.0/ports?not-tags=red%2Cblue HTTP/1.1" status: 200 len: 6203 time: 0.0942523
2026-08-04 22:47:38.088 9 INFO neutron.wsgi [None req-1c3a5e81-aeee-421c-8b72-dfd5613be602 e761660862c3414aa998f844134ef90b afa7bd8107b24493a44f235c1e638b44 - - default default] 10.0.0.72 "DELETE /v2.0/security-groups/983dd0f3-a68e-4da3-a332-2e6f94179451 HTTP/1.1" status: 204 len: 168 time: 0.3308272
2026-08-04 22:47:38.110 9 INFO neutron.db.ovn_revision_numbers_db [None req-c2853489-9e8e-446e-a9f1-bba09512f830 f86044dcd66143ed8d4bb6de7bde3eef 48f47c86f11f4c9ea41701744dcc16f7 - - default default] Successfully bumped revision number for resource 8123875c-fad0-4d6a-be38-9295d9aff5bb (type: ports) to 2
