2026-08-04 22:29:15.446 10 INFO neutron.wsgi [None req-1fab42df-c2f0-4461-86c8-e90602b66f50 052da6f8a7554632ae1af68445c239c3 5b436957e7cd48c980ddb81b422b049f - - a992c7e162aa4dd9b879f0a13a6e7ea8 a992c7e162aa4dd9b879f0a13a6e7ea8] 199.204.45.138 "POST /v2.0/networks HTTP/1.1" status: 201 len: 925 time: 0.6085792
2026-08-04 22:29:15.484 10 INFO neutron.wsgi [None req-1b6afeeb-1c45-41d9-9071-ce5a3547557b 052da6f8a7554632ae1af68445c239c3 5b436957e7cd48c980ddb81b422b049f - - a992c7e162aa4dd9b879f0a13a6e7ea8 a992c7e162aa4dd9b879f0a13a6e7ea8] 199.204.45.138 "GET /v2.0/ports?device_id=manila-share&binding%3Ahost_id=instance HTTP/1.1" status: 200 len: 210 time: 0.0286982
2026-08-04 22:29:15.501 10 INFO neutron.wsgi [None req-17c6fcc3-ab48-4840-9fe9-ead849af1858 052da6f8a7554632ae1af68445c239c3 5b436957e7cd48c980ddb81b422b049f - - a992c7e162aa4dd9b879f0a13a6e7ea8 a992c7e162aa4dd9b879f0a13a6e7ea8] 199.204.45.138 "GET /v2.0/extensions HTTP/1.1" status: 200 len: 16525 time: 0.0079298
2026-08-04 22:29:15.735 10 WARNING neutron.scheduler.dhcp_agent_scheduler [None req-3882d5d4-19c0-4ffc-acb1-977f93a3e621 052da6f8a7554632ae1af68445c239c3 5b436957e7cd48c980ddb81b422b049f - - a992c7e162aa4dd9b879f0a13a6e7ea8 a992c7e162aa4dd9b879f0a13a6e7ea8] No more DHCP agents
2026-08-04 22:29:15.738 10 WARNING neutron.api.rpc.agentnotifiers.dhcp_rpc_agent_api [None req-3882d5d4-19c0-4ffc-acb1-977f93a3e621 052da6f8a7554632ae1af68445c239c3 5b436957e7cd48c980ddb81b422b049f - - a992c7e162aa4dd9b879f0a13a6e7ea8 a992c7e162aa4dd9b879f0a13a6e7ea8] Unable to schedule network fe28ca19-8afe-43b7-9964-8a317f30d623: no agents available; will retry on subsequent port and subnet creation events.
2026-08-04 22:29:15.838 10 INFO neutron.db.ovn_revision_numbers_db [None req-3882d5d4-19c0-4ffc-acb1-977f93a3e621 052da6f8a7554632ae1af68445c239c3 5b436957e7cd48c980ddb81b422b049f - - a992c7e162aa4dd9b879f0a13a6e7ea8 a992c7e162aa4dd9b879f0a13a6e7ea8] Successfully bumped revision number for resource 9900dfcf-b754-4f98-be3f-26b0a18d56d3 (type: ports) to 1
2026-08-04 22:29:16.056 10 INFO neutron.db.ovn_revision_numbers_db [None req-3882d5d4-19c0-4ffc-acb1-977f93a3e621 052da6f8a7554632ae1af68445c239c3 5b436957e7cd48c980ddb81b422b049f - - a992c7e162aa4dd9b879f0a13a6e7ea8 a992c7e162aa4dd9b879f0a13a6e7ea8] Successfully bumped revision number for resource 9900dfcf-b754-4f98-be3f-26b0a18d56d3 (type: ports) to 1
2026-08-04 22:29:16.080 10 INFO neutron.wsgi [None req-3882d5d4-19c0-4ffc-acb1-977f93a3e621 052da6f8a7554632ae1af68445c239c3 5b436957e7cd48c980ddb81b422b049f - - a992c7e162aa4dd9b879f0a13a6e7ea8 a992c7e162aa4dd9b879f0a13a6e7ea8] 199.204.45.138 "POST /v2.0/ports HTTP/1.1" status: 201 len: 1144 time: 0.5722802
2026-08-04 22:29:16.142 10 INFO neutron.wsgi [None req-5faadb86-68c6-4f12-8e70-fbbf571ace98 052da6f8a7554632ae1af68445c239c3 5b436957e7cd48c980ddb81b422b049f - - a992c7e162aa4dd9b879f0a13a6e7ea8 a992c7e162aa4dd9b879f0a13a6e7ea8] 199.204.45.138 "GET /v2.0/networks/fe28ca19-8afe-43b7-9964-8a317f30d623 HTTP/1.1" status: 200 len: 907 time: 0.0541244
2026-08-04 22:29:16.952 10 INFO neutron.plugins.ml2.drivers.ovn.mech_driver.mech_driver [-] OVN reports status up for port: 9900dfcf-b754-4f98-be3f-26b0a18d56d3
2026-08-04 22:29:16.972 10 INFO neutron.plugins.ml2.plugin [None req-a04ed9aa-9a94-4106-8ac5-7bd5a8e8f978 - - - - - -] Attempt 1 to provision port 9900dfcf-b754-4f98-be3f-26b0a18d56d3
2026-08-04 22:29:17.226 10 INFO neutron.db.ovn_revision_numbers_db [None req-a04ed9aa-9a94-4106-8ac5-7bd5a8e8f978 - - - - - -] Successfully bumped revision number for resource 9900dfcf-b754-4f98-be3f-26b0a18d56d3 (type: ports) to 3
2026-08-04 22:29:18.611 10 INFO neutron.wsgi [None req-9dc21f78-7c48-4129-99b5-ff8856ee8e77 052da6f8a7554632ae1af68445c239c3 5b436957e7cd48c980ddb81b422b049f - - a992c7e162aa4dd9b879f0a13a6e7ea8 a992c7e162aa4dd9b879f0a13a6e7ea8] 199.204.45.138 "GET /v2.0/ports?device_id=manila-share&binding%3Ahost_id=instance HTTP/1.1" status: 200 len: 1172 time: 0.0458934
2026-08-04 22:29:18.666 10 INFO neutron.wsgi [None req-35906e50-a30a-4392-b59a-48fd0a0ab1b4 052da6f8a7554632ae1af68445c239c3 5b436957e7cd48c980ddb81b422b049f - - a992c7e162aa4dd9b879f0a13a6e7ea8 a992c7e162aa4dd9b879f0a13a6e7ea8] 199.204.45.138 "GET /v2.0/networks/fe28ca19-8afe-43b7-9964-8a317f30d623 HTTP/1.1" status: 200 len: 907 time: 0.0440195
2026-08-04 22:29:29.122 10 INFO neutron.wsgi [-] 10.0.0.114 "GET / HTTP/1.1" status: 200 len: 246 time: 0.0026467
2026-08-04 22:29:29.124 10 INFO neutron.wsgi [-] 10.0.0.114 "GET / HTTP/1.1" status: 200 len: 246 time: 0.0012372
2026-08-04 22:29:35.014 10 INFO neutron.wsgi [None req-0a1c3a75-25d4-4955-a97c-4416675faa3c e761660862c3414aa998f844134ef90b afa7bd8107b24493a44f235c1e638b44 - - default default] 199.204.45.138,10.0.0.114 "GET /v2.0/quotas/5b436957e7cd48c980ddb81b422b049f HTTP/1.1" status: 200 len: 362 time: 0.0137944 /var/lib/openstack/lib/python3.10/site-packages/neutron/extensions/quotasv2.py:140: UserWarning: Neutron quota engine will require "--force" parameter to set a quota limit without checking the resource usage. warnings.warn('Neutron quota engine will require "--force" '
2026-08-04 22:29:35.449 10 INFO neutron.wsgi [None req-675016a5-bd3a-45c2-81ab-9b8ea3ab583f e761660862c3414aa998f844134ef90b afa7bd8107b24493a44f235c1e638b44 - - default default] 199.204.45.138,10.0.0.114 "PUT /v2.0/quotas/5b436957e7cd48c980ddb81b422b049f HTTP/1.1" status: 200 len: 361 time: 0.0371110
2026-08-04 22:29:35.789 10 INFO neutron.wsgi [None req-c179d6a6-041a-412d-811c-bb02d892fd66 e761660862c3414aa998f844134ef90b afa7bd8107b24493a44f235c1e638b44 - - default default] 199.204.45.138,10.0.0.114 "GET /v2.0/quotas/5b436957e7cd48c980ddb81b422b049f HTTP/1.1" status: 200 len: 361 time: 0.0115502
2026-08-04 22:29:44.122 10 INFO neutron.wsgi [-] 10.0.0.114 "GET / HTTP/1.1" status: 200 len: 246 time: 0.0025339
2026-08-04 22:29:44.125 10 INFO neutron.wsgi [-] 10.0.0.114 "GET / HTTP/1.1" status: 200 len: 246 time: 0.0020888
2026-08-04 22:29:59.120 9 INFO neutron.wsgi [-] 10.0.0.114 "GET / HTTP/1.1" status: 200 len: 246 time: 0.0016117
2026-08-04 22:29:59.123 9 INFO neutron.wsgi [-] 10.0.0.114 "GET / HTTP/1.1" status: 200 len: 246 time: 0.0012436
2026-08-04 22:30:14.122 9 INFO neutron.wsgi [-] 10.0.0.114 "GET / HTTP/1.1" status: 200 len: 246 time: 0.0024507
2026-08-04 22:30:14.128 9 INFO neutron.wsgi [-] 10.0.0.114 "GET / HTTP/1.1" status: 200 len: 246 time: 0.0039239
2026-08-04 22:30:28.530 15 INFO neutron.db.ovn_revision_numbers_db [None req-7ec29670-21c7-4e51-ae9b-23a997c97086 - - - - - -] Successfully bumped revision number for resource 55c4ee85-5c18-4f54-bf18-3e4c6ebb3310 (type: security_groups) to 5
2026-08-04 22:30:28.530 15 INFO neutron.plugins.ml2.drivers.ovn.mech_driver.ovsdb.maintenance [None req-7ec29670-21c7-4e51-ae9b-23a997c97086 - - - - - -] Maintenance task: Synchronization finished (took 0.06 seconds)
2026-08-04 22:30:29.122 10 INFO neutron.wsgi [-] 10.0.0.114 "GET / HTTP/1.1" status: 200 len: 246 time: 0.0024402
2026-08-04 22:30:29.126 10 INFO neutron.wsgi [-] 10.0.0.114 "GET / HTTP/1.1" status: 200 len: 246 time: 0.0019906
2026-08-04 22:30:44.122 10 INFO neutron.wsgi [-] 10.0.0.114 "GET / HTTP/1.1" status: 200 len: 246 time: 0.0019429
2026-08-04 22:30:44.122 9 INFO neutron.wsgi [-] 10.0.0.114 "GET / HTTP/1.1" status: 200 len: 246 time: 0.0024924
2026-08-04 22:30:59.121 10 INFO neutron.wsgi [-] 10.0.0.114 "GET / HTTP/1.1" status: 200 len: 246 time: 0.0015490
2026-08-04 22:30:59.122 9 INFO neutron.wsgi [-] 10.0.0.114 "GET / HTTP/1.1" status: 200 len: 246 time: 0.0025144
2026-08-04 22:31:06.602 10 INFO neutron.wsgi [None req-00c84684-f4cb-492f-be63-28b8d71adc93 e761660862c3414aa998f844134ef90b afa7bd8107b24493a44f235c1e638b44 - - default default] 10.0.0.238 "GET /v2.0/subnets HTTP/1.1" status: 200 len: 1437 time: 0.0915215
2026-08-04 22:31:06.629 10 INFO neutron.wsgi [None req-64b2c841-a3d5-4986-b2f4-0c1a06cb970d e761660862c3414aa998f844134ef90b afa7bd8107b24493a44f235c1e638b44 - - default default] 10.0.0.238 "GET /v2.0/subnetpools HTTP/1.1" status: 200 len: 193 time: 0.0244985
2026-08-04 22:31:06.662 10 INFO neutron.wsgi [None req-8d0216d6-bb71-4b17-b161-73432710a5ba e761660862c3414aa998f844134ef90b afa7bd8107b24493a44f235c1e638b44 - - default default] 10.0.0.238 "GET /v2.0/floatingips HTTP/1.1" status: 200 len: 193 time: 0.0322874
2026-08-04 22:31:06.709 10 INFO neutron.wsgi [None req-4027945c-4663-4a84-b22c-7d06129a09b0 e761660862c3414aa998f844134ef90b afa7bd8107b24493a44f235c1e638b44 - - default default] 10.0.0.238 "GET /v2.0/routers HTTP/1.1" status: 200 len: 189 time: 0.0466976
2026-08-04 22:31:06.771 10 INFO neutron.wsgi [None req-f488e282-4ca2-4bfb-b258-cead2f1da7f1 e761660862c3414aa998f844134ef90b afa7bd8107b24493a44f235c1e638b44 - - default default] 10.0.0.238 "GET /v2.0/agents?binary=ovn-controller HTTP/1.1" status: 200 len: 591 time: 0.0606287
2026-08-04 22:31:06.782 10 INFO neutron.wsgi [None req-21c1dd4f-ed83-45a8-8729-702e99f84ec4 e761660862c3414aa998f844134ef90b afa7bd8107b24493a44f235c1e638b44 - - default default] 10.0.0.238 "GET /v2.0/agents HTTP/1.1" status: 200 len: 997 time: 0.0098608
2026-08-04 22:31:06.823 10 INFO neutron.wsgi [None req-9807f651-a306-4bb8-8c9f-7355d39ea882 e761660862c3414aa998f844134ef90b afa7bd8107b24493a44f235c1e638b44 - - default default] 10.0.0.238 "GET /v2.0/security-groups HTTP/1.1" status: 200 len: 16803 time: 0.0391996
2026-08-04 22:31:06.856 10 INFO neutron.wsgi [None req-be4b0aca-1c62-4254-bd75-083d0b4ee3cd e761660862c3414aa998f844134ef90b afa7bd8107b24493a44f235c1e638b44 - - default default] 10.0.0.238 "GET /v2.0/ports HTTP/1.1" status: 200 len: 5349 time: 0.0266049
2026-08-04 22:31:06.885 10 INFO neutron.wsgi [None req-ba7d8dd7-8dd6-4eb9-890a-6153d0086a43 e761660862c3414aa998f844134ef90b afa7bd8107b24493a44f235c1e638b44 - - default default] 10.0.0.238 "GET /v2.0/subnets HTTP/1.1" status: 200 len: 1437 time: 0.0261436
2026-08-04 22:31:06.907 10 INFO neutron.wsgi [None req-e2c3843b-e6cf-4692-911e-3f3e61ecc31f e761660862c3414aa998f844134ef90b afa7bd8107b24493a44f235c1e638b44 - - default default] 10.0.0.238 "GET /v2.0/network-ip-availabilities HTTP/1.1" status: 200 len: 1280 time: 0.0204425
2026-08-04 22:31:06.969 10 INFO neutron.wsgi [None req-c21de7ed-58c8-4273-aa5b-fc16a0f344d0 e761660862c3414aa998f844134ef90b afa7bd8107b24493a44f235c1e638b44 - - default default] 10.0.0.238 "GET /v2.0/networks HTTP/1.1" status: 200 len: 2350 time: 0.0604761
2026-08-04 22:31:14.122 9 INFO neutron.wsgi [-] 10.0.0.114 "GET / HTTP/1.1" status: 200 len: 246 time: 0.0022480
2026-08-04 22:31:14.122 10 INFO neutron.wsgi [-] 10.0.0.114 "GET / HTTP/1.1" status: 200 len: 246 time: 0.0025482
2026-08-04 22:31:29.121 10 INFO neutron.wsgi [-] 10.0.0.114 "GET / HTTP/1.1" status: 200 len: 246 time: 0.0023274
2026-08-04 22:31:29.122 9 INFO neutron.wsgi [-] 10.0.0.114 "GET / HTTP/1.1" status: 200 len: 246 time: 0.0026221
2026-08-04 22:31:44.123 9 INFO neutron.wsgi [-] 10.0.0.114 "GET / HTTP/1.1" status: 200 len: 246 time: 0.0030143
2026-08-04 22:31:44.124 10 INFO neutron.wsgi [-] 10.0.0.114 "GET / HTTP/1.1" status: 200 len: 246 time: 0.0039878
2026-08-04 22:31:59.120 9 INFO neutron.wsgi [-] 10.0.0.114 "GET / HTTP/1.1" status: 200 len: 246 time: 0.0013430
2026-08-04 22:31:59.121 10 INFO neutron.wsgi [-] 10.0.0.114 "GET / HTTP/1.1" status: 200 len: 246 time: 0.0018582
2026-08-04 22:32:06.568 10 INFO neutron.wsgi [None req-3f541613-d5e4-4194-86d1-573a510ca7e8 e761660862c3414aa998f844134ef90b afa7bd8107b24493a44f235c1e638b44 - - default default] 10.0.0.238 "GET /v2.0/floatingips HTTP/1.1" status: 200 len: 193 time: 0.0629344
2026-08-04 22:32:06.597 10 INFO neutron.wsgi [None req-e84ab8bd-e4a3-4cb3-bb5f-482d66727502 e761660862c3414aa998f844134ef90b afa7bd8107b24493a44f235c1e638b44 - - default default] 10.0.0.238 "GET /v2.0/subnets HTTP/1.1" status: 200 len: 1437 time: 0.0288792
2026-08-04 22:32:06.623 10 INFO neutron.wsgi [None req-f2696831-9958-4b9f-a8f5-a19445b48a2a e761660862c3414aa998f844134ef90b afa7bd8107b24493a44f235c1e638b44 - - default default] 10.0.0.238 "GET /v2.0/agents HTTP/1.1" status: 200 len: 997 time: 0.0243707
2026-08-04 22:32:06.682 10 INFO neutron.wsgi [None req-e890184a-9901-45f2-b141-5341d31f708f e761660862c3414aa998f844134ef90b afa7bd8107b24493a44f235c1e638b44 - - default default] 10.0.0.238 "GET /v2.0/networks HTTP/1.1" status: 200 len: 2350 time: 0.0579715
2026-08-04 22:32:06.696 10 INFO neutron.wsgi [None req-2c4ff750-644b-47b9-830a-03ad42e1688b e761660862c3414aa998f844134ef90b afa7bd8107b24493a44f235c1e638b44 - - default default] 10.0.0.238 "GET /v2.0/network-ip-availabilities HTTP/1.1" status: 200 len: 1280 time: 0.0089626
2026-08-04 22:32:06.765 10 INFO neutron.wsgi [None req-34726cdf-1067-444c-8488-635c7585ec09 e761660862c3414aa998f844134ef90b afa7bd8107b24493a44f235c1e638b44 - - default default] 10.0.0.238 "GET /v2.0/security-groups HTTP/1.1" status: 200 len: 16803 time: 0.0678866
2026-08-04 22:32:06.796 10 INFO neutron.wsgi [None req-bb14dfe4-b6c3-4f14-8d66-b9568f813809 e761660862c3414aa998f844134ef90b afa7bd8107b24493a44f235c1e638b44 - - default default] 10.0.0.238 "GET /v2.0/ports HTTP/1.1" status: 200 len: 5349 time: 0.0273511
2026-08-04 22:32:06.822 10 INFO neutron.wsgi [None req-6ee63bd4-a5fb-4692-898e-61ba3d40bbd3 e761660862c3414aa998f844134ef90b afa7bd8107b24493a44f235c1e638b44 - - default default] 10.0.0.238 "GET /v2.0/routers HTTP/1.1" status: 200 len: 189 time: 0.0229383
2026-08-04 22:32:06.829 10 INFO neutron.wsgi [None req-3fb23ecb-dfc9-4978-949a-ee2c7405008f e761660862c3414aa998f844134ef90b afa7bd8107b24493a44f235c1e638b44 - - default default] 10.0.0.238 "GET /v2.0/agents?binary=ovn-controller HTTP/1.1" status: 200 len: 591 time: 0.0071535
2026-08-04 22:32:06.870 10 INFO neutron.wsgi [None req-5da30886-c1e0-4299-86af-e47095aade8b e761660862c3414aa998f844134ef90b afa7bd8107b24493a44f235c1e638b44 - - default default] 10.0.0.238 "GET /v2.0/subnets HTTP/1.1" status: 200 len: 1437 time: 0.0284610
2026-08-04 22:32:06.877 10 INFO neutron.wsgi [None req-30dabfeb-d9d7-4261-8922-e7fc70796147 e761660862c3414aa998f844134ef90b afa7bd8107b24493a44f235c1e638b44 - - default default] 10.0.0.238 "GET /v2.0/subnetpools HTTP/1.1" status: 200 len: 193 time: 0.0069511
2026-08-04 22:32:14.121 9 INFO neutron.wsgi [-] 10.0.0.114 "GET / HTTP/1.1" status: 200 len: 246 time: 0.0018427
2026-08-04 22:32:14.121 10 INFO neutron.wsgi [-] 10.0.0.114 "GET / HTTP/1.1" status: 200 len: 246 time: 0.0019827
2026-08-04 22:32:29.122 9 INFO neutron.wsgi [-] 10.0.0.114 "GET / HTTP/1.1" status: 200 len: 246 time: 0.0014355
2026-08-04 22:32:29.134 10 INFO neutron.wsgi [-] 10.0.0.114 "GET / HTTP/1.1" status: 200 len: 246 time: 0.0061684
2026-08-04 22:32:44.123 9 INFO neutron.wsgi [-] 10.0.0.114 "GET / HTTP/1.1" status: 200 len: 246 time: 0.0026035
2026-08-04 22:32:44.126 9 INFO neutron.wsgi [-] 10.0.0.114 "GET / HTTP/1.1" status: 200 len: 246 time: 0.0024099
2026-08-04 22:32:59.121 10 INFO neutron.wsgi [-] 10.0.0.114 "GET / HTTP/1.1" status: 200 len: 246 time: 0.0019689
2026-08-04 22:32:59.122 9 INFO neutron.wsgi [-] 10.0.0.114 "GET / HTTP/1.1" status: 200 len: 246 time: 0.0030885
2026-08-04 22:33:06.516 10 INFO neutron.wsgi [None req-376ca410-a4c8-4846-b4c1-dbb4a9e2e7e0 e761660862c3414aa998f844134ef90b afa7bd8107b24493a44f235c1e638b44 - - default default] 10.0.0.238 "GET /v2.0/security-groups HTTP/1.1" status: 200 len: 16803 time: 0.0800238
2026-08-04 22:33:06.552 10 INFO neutron.wsgi [None req-1fe5be3b-e576-4ec2-abe6-f84f1fc67328 e761660862c3414aa998f844134ef90b afa7bd8107b24493a44f235c1e638b44 - - default default] 10.0.0.238 "GET /v2.0/subnets HTTP/1.1" status: 200 len: 1437 time: 0.0294490
2026-08-04 22:33:06.562 10 INFO neutron.wsgi [None req-e799a577-0432-4638-8213-99a87272ed3d e761660862c3414aa998f844134ef90b afa7bd8107b24493a44f235c1e638b44 - - default default] 10.0.0.238 "GET /v2.0/network-ip-availabilities HTTP/1.1" status: 200 len: 1280 time: 0.0094366
2026-08-04 22:33:06.593 10 INFO neutron.wsgi [None req-a8163aac-baa5-48f5-8105-ae39d161be84 e761660862c3414aa998f844134ef90b afa7bd8107b24493a44f235c1e638b44 - - default default] 10.0.0.238 "GET /v2.0/subnets HTTP/1.1" status: 200 len: 1437 time: 0.0299830
2026-08-04 22:33:06.603 10 INFO neutron.wsgi [None req-1cf824d1-ac4d-4c27-8010-7d48f2e2c1cd e761660862c3414aa998f844134ef90b afa7bd8107b24493a44f235c1e638b44 - - default default] 10.0.0.238 "GET /v2.0/subnetpools HTTP/1.1" status: 200 len: 193 time: 0.0089886
2026-08-04 22:33:06.697 10 INFO neutron.wsgi [None req-174146fb-16bd-4590-a910-c9f0c763ff0d e761660862c3414aa998f844134ef90b afa7bd8107b24493a44f235c1e638b44 - - default default] 10.0.0.238 "GET /v2.0/floatingips HTTP/1.1" status: 200 len: 193 time: 0.0926816
2026-08-04 22:33:06.749 10 INFO neutron.wsgi [None req-e72cf970-8559-43ad-aedb-6452bae7b154 e761660862c3414aa998f844134ef90b afa7bd8107b24493a44f235c1e638b44 - - default default] 10.0.0.238 "GET /v2.0/networks HTTP/1.1" status: 200 len: 2350 time: 0.0518465
2026-08-04 22:33:06.776 10 INFO neutron.wsgi [None req-05ff6069-345c-4733-996e-679badc3ea69 e761660862c3414aa998f844134ef90b afa7bd8107b24493a44f235c1e638b44 - - default default] 10.0.0.238 "GET /v2.0/ports HTTP/1.1" status: 200 len: 5349 time: 0.0249038
2026-08-04 22:33:06.820 10 INFO neutron.wsgi [None req-91a3f25d-bb40-4ca9-bb35-7c0a6ef56e3b e761660862c3414aa998f844134ef90b afa7bd8107b24493a44f235c1e638b44 - - default default] 10.0.0.238 "GET /v2.0/agents HTTP/1.1" status: 200 len: 997 time: 0.0388219
2026-08-04 22:33:06.839 10 INFO neutron.wsgi [None req-73fdeef5-935e-4042-835e-0a01b7f644e5 e761660862c3414aa998f844134ef90b afa7bd8107b24493a44f235c1e638b44 - - default default] 10.0.0.238 "GET /v2.0/routers HTTP/1.1" status: 200 len: 189 time: 0.0161927
2026-08-04 22:33:06.847 10 INFO neutron.wsgi [None req-bf52ae21-6516-4fd2-a158-c9d8e6f5a5ec e761660862c3414aa998f844134ef90b afa7bd8107b24493a44f235c1e638b44 - - default default] 10.0.0.238 "GET /v2.0/agents?binary=ovn-controller HTTP/1.1" status: 200 len: 591 time: 0.0077715
2026-08-04 22:33:14.121 9 INFO neutron.wsgi [-] 10.0.0.114 "GET / HTTP/1.1" status: 200 len: 246 time: 0.0022869
2026-08-04 22:33:14.122 10 INFO neutron.wsgi [-] 10.0.0.114 "GET / HTTP/1.1" status: 200 len: 246 time: 0.0023074
2026-08-04 22:33:29.121 9 INFO neutron.wsgi [-] 10.0.0.114 "GET / HTTP/1.1" status: 200 len: 246 time: 0.0013969
2026-08-04 22:33:29.122 10 INFO neutron.wsgi [-] 10.0.0.114 "GET / HTTP/1.1" status: 200 len: 246 time: 0.0021503
2026-08-04 22:33:44.121 9 INFO neutron.wsgi [-] 10.0.0.114 "GET / HTTP/1.1" status: 200 len: 246 time: 0.0019670
2026-08-04 22:33:44.123 10 INFO neutron.wsgi [-] 10.0.0.114 "GET / HTTP/1.1" status: 200 len: 246 time: 0.0039470
2026-08-04 22:33:59.120 10 INFO neutron.wsgi [-] 10.0.0.114 "GET / HTTP/1.1" status: 200 len: 246 time: 0.0013540
2026-08-04 22:33:59.122 10 INFO neutron.wsgi [-] 10.0.0.114 "GET / HTTP/1.1" status: 200 len: 246 time: 0.0010488
2026-08-04 22:34:06.539 10 INFO neutron.wsgi [None req-4c8ae3aa-c254-4c9e-b203-a4b249d95eef e761660862c3414aa998f844134ef90b afa7bd8107b24493a44f235c1e638b44 - - default default] 10.0.0.238 "GET /v2.0/ports HTTP/1.1" status: 200 len: 5349 time: 0.1199300
2026-08-04 22:34:06.581 10 INFO neutron.wsgi [None req-f823f7aa-8edb-4c75-ab65-886c355ec0d2 e761660862c3414aa998f844134ef90b afa7bd8107b24493a44f235c1e638b44 - - default default] 10.0.0.238 "GET /v2.0/subnets HTTP/1.1" status: 200 len: 1437 time: 0.0392170
2026-08-04 22:34:06.605 10 INFO neutron.wsgi [None req-380718a7-3905-45f8-847d-3629629531e9 e761660862c3414aa998f844134ef90b afa7bd8107b24493a44f235c1e638b44 - - default default] 10.0.0.238 "GET /v2.0/routers HTTP/1.1" status: 200 len: 189 time: 0.0231273
2026-08-04 22:34:06.638 10 INFO neutron.wsgi [None req-afe662a1-8758-4864-97e4-2391830f1be4 e761660862c3414aa998f844134ef90b afa7bd8107b24493a44f235c1e638b44 - - default default] 10.0.0.238 "GET /v2.0/agents?binary=ovn-controller HTTP/1.1" status: 200 len: 591 time: 0.0328350
2026-08-04 22:34:06.649 10 INFO neutron.wsgi [None req-ca5dae94-3c6f-405b-a274-1e3eed793fb3 e761660862c3414aa998f844134ef90b afa7bd8107b24493a44f235c1e638b44 - - default default] 10.0.0.238 "GET /v2.0/agents HTTP/1.1" status: 200 len: 997 time: 0.0090821
2026-08-04 22:34:06.659 10 INFO neutron.wsgi [None req-f4c5340d-9f7e-4fd4-bf34-0f126dc40a1f e761660862c3414aa998f844134ef90b afa7bd8107b24493a44f235c1e638b44 - - default default] 10.0.0.238 "GET /v2.0/network-ip-availabilities HTTP/1.1" status: 200 len: 1280 time: 0.0093622
2026-08-04 22:34:06.689 10 INFO neutron.wsgi [None req-03d9551f-24b0-42fd-ae3b-e2549fb45a27 e761660862c3414aa998f844134ef90b afa7bd8107b24493a44f235c1e638b44 - - default default] 10.0.0.238 "GET /v2.0/subnets HTTP/1.1" status: 200 len: 1437 time: 0.0292416
2026-08-04 22:34:06.697 10 INFO neutron.wsgi [None req-c70f9115-5165-4c07-9069-0d0ca46ff031 e761660862c3414aa998f844134ef90b afa7bd8107b24493a44f235c1e638b44 - - default default] 10.0.0.238 "GET /v2.0/subnetpools HTTP/1.1" status: 200 len: 193 time: 0.0071945
2026-08-04 22:34:06.719 10 INFO neutron.wsgi [None req-504d6265-1e84-4a1b-b40d-56b9974c447f e761660862c3414aa998f844134ef90b afa7bd8107b24493a44f235c1e638b44 - - default default] 10.0.0.238 "GET /v2.0/floatingips HTTP/1.1" status: 200 len: 193 time: 0.0219014
2026-08-04 22:34:06.787 10 INFO neutron.wsgi [None req-cf608d50-de64-4132-b6ff-945f9a144e02 e761660862c3414aa998f844134ef90b afa7bd8107b24493a44f235c1e638b44 - - default default] 10.0.0.238 "GET /v2.0/networks HTTP/1.1" status: 200 len: 2350 time: 0.0670490
2026-08-04 22:34:06.854 10 INFO neutron.wsgi [None req-c1bd536c-5f90-474b-aa65-d579fb990654 e761660862c3414aa998f844134ef90b afa7bd8107b24493a44f235c1e638b44 - - default default] 10.0.0.238 "GET /v2.0/security-groups HTTP/1.1" status: 200 len: 16803 time: 0.0608890
2026-08-04 22:34:14.120 10 INFO neutron.wsgi [-] 10.0.0.114 "GET / HTTP/1.1" status: 200 len: 246 time: 0.0016921
2026-08-04 22:34:14.121 9 INFO neutron.wsgi [-] 10.0.0.114 "GET / HTTP/1.1" status: 200 len: 246 time: 0.0018976
2026-08-04 22:34:29.122 9 INFO neutron.wsgi [-] 10.0.0.114 "GET / HTTP/1.1" status: 200 len: 246 time: 0.0024195
2026-08-04 22:34:29.125 9 INFO neutron.wsgi [-] 10.0.0.114 "GET / HTTP/1.1" status: 200 len: 246 time: 0.0012481
2026-08-04 22:34:44.124 9 INFO neutron.wsgi [-] 10.0.0.114 "GET / HTTP/1.1" status: 200 len: 246 time: 0.0049186
2026-08-04 22:34:44.126 9 INFO neutron.wsgi [-] 10.0.0.114 "GET / HTTP/1.1" status: 200 len: 246 time: 0.0012946
2026-08-04 22:34:59.123 9 INFO neutron.wsgi [-] 10.0.0.114 "GET / HTTP/1.1" status: 200 len: 246 time: 0.0030649
2026-08-04 22:34:59.125 9 INFO neutron.wsgi [-] 10.0.0.114 "GET / HTTP/1.1" status: 200 len: 246 time: 0.0013213
2026-08-04 22:35:06.527 10 INFO neutron.wsgi [None req-cd351e24-288a-4254-a799-41d49dea69dc e761660862c3414aa998f844134ef90b afa7bd8107b24493a44f235c1e638b44 - - default default] 10.0.0.238 "GET /v2.0/ports HTTP/1.1" status: 200 len: 5349 time: 0.0774100
2026-08-04 22:35:06.551 10 INFO neutron.wsgi [None req-d9cf6446-0f8d-4cab-9b36-038552c902b4 e761660862c3414aa998f844134ef90b afa7bd8107b24493a44f235c1e638b44 - - default default] 10.0.0.238 "GET /v2.0/routers HTTP/1.1" status: 200 len: 189 time: 0.0199969
2026-08-04 22:35:06.587 10 INFO neutron.wsgi [None req-049e196e-366d-4b3e-bcbc-d695beb3171b e761660862c3414aa998f844134ef90b afa7bd8107b24493a44f235c1e638b44 - - default default] 10.0.0.238 "GET /v2.0/agents?binary=ovn-controller HTTP/1.1" status: 200 len: 591 time: 0.0349591
2026-08-04 22:35:06.597 10 INFO neutron.wsgi [None req-5b260849-3180-46fb-b04a-519985d85ad5 e761660862c3414aa998f844134ef90b afa7bd8107b24493a44f235c1e638b44 - - default default] 10.0.0.238 "GET /v2.0/network-ip-availabilities HTTP/1.1" status: 200 len: 1280 time: 0.0095882
2026-08-04 22:35:06.627 10 INFO neutron.wsgi [None req-eb96da85-e8a5-47e2-9450-dde040258302 e761660862c3414aa998f844134ef90b afa7bd8107b24493a44f235c1e638b44 - - default default] 10.0.0.238 "GET /v2.0/subnets HTTP/1.1" status: 200 len: 1437 time: 0.0293648
2026-08-04 22:35:06.669 10 INFO neutron.wsgi [None req-87586662-4fa2-4051-9bbc-f11b0137e6cb e761660862c3414aa998f844134ef90b afa7bd8107b24493a44f235c1e638b44 - - default default] 10.0.0.238 "GET /v2.0/security-groups HTTP/1.1" status: 200 len: 16803 time: 0.0405045
2026-08-04 22:35:06.687 10 INFO neutron.wsgi [None req-735c19b1-435c-4cdf-9398-6720a40e98d8 e761660862c3414aa998f844134ef90b afa7bd8107b24493a44f235c1e638b44 - - default default] 10.0.0.238 "GET /v2.0/agents HTTP/1.1" status: 200 len: 997 time: 0.0104880
2026-08-04 22:35:06.750 10 INFO neutron.wsgi [None req-f8386397-d869-4974-9386-f39b4399e02f e761660862c3414aa998f844134ef90b afa7bd8107b24493a44f235c1e638b44 - - default default] 10.0.0.238 "GET /v2.0/networks HTTP/1.1" status: 200 len: 2350 time: 0.0617621
2026-08-04 22:35:06.791 10 INFO neutron.wsgi [None req-2d3360e8-df08-4414-8b89-d67a1e65258b e761660862c3414aa998f844134ef90b afa7bd8107b24493a44f235c1e638b44 - - default default] 10.0.0.238 "GET /v2.0/subnets HTTP/1.1" status: 200 len: 1437 time: 0.0389223
2026-08-04 22:35:06.801 10 INFO neutron.wsgi [None req-2f6e805a-180b-455e-8858-acfc784a5267 e761660862c3414aa998f844134ef90b afa7bd8107b24493a44f235c1e638b44 - - default default] 10.0.0.238 "GET /v2.0/subnetpools HTTP/1.1" status: 200 len: 193 time: 0.0081751
2026-08-04 22:35:06.826 10 INFO neutron.wsgi [None req-fe20bb20-375c-4138-affa-3e4fb35c3d1e e761660862c3414aa998f844134ef90b afa7bd8107b24493a44f235c1e638b44 - - default default] 10.0.0.238 "GET /v2.0/floatingips HTTP/1.1" status: 200 len: 193 time: 0.0236075
2026-08-04 22:35:14.122 9 INFO neutron.wsgi [-] 10.0.0.114 "GET / HTTP/1.1" status: 200 len: 246 time: 0.0025270
2026-08-04 22:35:14.125 9 INFO neutron.wsgi [-] 10.0.0.114 "GET / HTTP/1.1" status: 200 len: 246 time: 0.0019469
2026-08-04 22:35:29.122 9 INFO neutron.wsgi [-] 10.0.0.114 "GET / HTTP/1.1" status: 200 len: 246 time: 0.0024507
2026-08-04 22:35:29.123 10 INFO neutron.wsgi [-] 10.0.0.114 "GET / HTTP/1.1" status: 200 len: 246 time: 0.0026731
2026-08-04 22:35:44.121 9 INFO neutron.wsgi [-] 10.0.0.114 "GET / HTTP/1.1" status: 200 len: 246 time: 0.0025558
2026-08-04 22:35:44.121 10 INFO neutron.wsgi [-] 10.0.0.114 "GET / HTTP/1.1" status: 200 len: 246 time: 0.0024540
2026-08-04 22:35:59.124 9 INFO neutron.wsgi [-] 10.0.0.114 "GET / HTTP/1.1" status: 200 len: 246 time: 0.0042629
2026-08-04 22:35:59.123 10 INFO neutron.wsgi [-] 10.0.0.114 "GET / HTTP/1.1" status: 200 len: 246 time: 0.0029848
2026-08-04 22:36:06.553 10 INFO neutron.wsgi [None req-1167cee2-d454-40ef-9794-b5f2b45c280e e761660862c3414aa998f844134ef90b afa7bd8107b24493a44f235c1e638b44 - - default default] 10.0.0.238 "GET /v2.0/subnets HTTP/1.1" status: 200 len: 1437 time: 0.0732241
2026-08-04 22:36:06.572 10 INFO neutron.wsgi [None req-e8ca97c4-5ddf-4bd5-8904-8907b527d3d4 e761660862c3414aa998f844134ef90b afa7bd8107b24493a44f235c1e638b44 - - default default] 10.0.0.238 "GET /v2.0/subnetpools HTTP/1.1" status: 200 len: 193 time: 0.0179214
2026-08-04 22:36:06.623 10 INFO neutron.wsgi [None req-cb71b2d1-5318-4c8d-bded-4ecaed76163a e761660862c3414aa998f844134ef90b afa7bd8107b24493a44f235c1e638b44 - - default default] 10.0.0.238 "GET /v2.0/security-groups HTTP/1.1" status: 200 len: 16803 time: 0.0500548
2026-08-04 22:36:06.639 10 INFO neutron.wsgi [None req-3d9278cd-0778-4f44-bc38-14f3fa94fbdf e761660862c3414aa998f844134ef90b afa7bd8107b24493a44f235c1e638b44 - - default default] 10.0.0.238 "GET /v2.0/network-ip-availabilities HTTP/1.1" status: 200 len: 1280 time: 0.0121877
2026-08-04 22:36:06.719 10 INFO neutron.wsgi [None req-befafff4-e097-4ce3-9b56-14b9fcc97256 e761660862c3414aa998f844134ef90b afa7bd8107b24493a44f235c1e638b44 - - default default] 10.0.0.238 "GET /v2.0/networks HTTP/1.1" status: 200 len: 2350 time: 0.0787299
2026-08-04 22:36:06.742 10 INFO neutron.wsgi [None req-638ad850-4924-400f-afdd-334e1b83efa6 e761660862c3414aa998f844134ef90b afa7bd8107b24493a44f235c1e638b44 - - default default] 10.0.0.238 "GET /v2.0/routers HTTP/1.1" status: 200 len: 189 time: 0.0189226
2026-08-04 22:36:06.774 10 INFO neutron.wsgi [None req-a72b6ec9-57f5-4023-b266-a54a8cc64f11 e761660862c3414aa998f844134ef90b afa7bd8107b24493a44f235c1e638b44 - - default default] 10.0.0.238 "GET /v2.0/agents?binary=ovn-controller HTTP/1.1" status: 200 len: 591 time: 0.0315604
2026-08-04 22:36:06.786 10 INFO neutron.wsgi [None req-8510efd1-9c37-4c37-b7d8-9de66779a4aa e761660862c3414aa998f844134ef90b afa7bd8107b24493a44f235c1e638b44 - - default default] 10.0.0.238 "GET /v2.0/agents HTTP/1.1" status: 200 len: 997 time: 0.0108342
2026-08-04 22:36:06.809 10 INFO neutron.wsgi [None req-f42dc083-f71e-492e-8596-d56dd46c37ff e761660862c3414aa998f844134ef90b afa7bd8107b24493a44f235c1e638b44 - - default default] 10.0.0.238 "GET /v2.0/floatingips HTTP/1.1" status: 200 len: 193 time: 0.0223839
2026-08-04 22:36:06.846 10 INFO neutron.wsgi [None req-da077621-a5b0-4a87-b495-2498e1dd7e1d e761660862c3414aa998f844134ef90b afa7bd8107b24493a44f235c1e638b44 - - default default] 10.0.0.238 "GET /v2.0/subnets HTTP/1.1" status: 200 len: 1437 time: 0.0359650
2026-08-04 22:36:06.879 10 INFO neutron.wsgi [None req-fff7776a-3948-435e-a0d5-6484d63329a5 e761660862c3414aa998f844134ef90b afa7bd8107b24493a44f235c1e638b44 - - default default] 10.0.0.238 "GET /v2.0/ports HTTP/1.1" status: 200 len: 5349 time: 0.0322332
2026-08-04 22:36:14.122 9 INFO neutron.wsgi [-] 10.0.0.114 "GET / HTTP/1.1" status: 200 len: 246 time: 0.0026095
2026-08-04 22:36:14.126 9 INFO neutron.wsgi [-] 10.0.0.114 "GET / HTTP/1.1" status: 200 len: 246 time: 0.0022440
2026-08-04 22:36:29.121 9 INFO neutron.wsgi [-] 10.0.0.114 "GET / HTTP/1.1" status: 200 len: 246 time: 0.0019081
2026-08-04 22:36:29.123 9 INFO neutron.wsgi [-] 10.0.0.114 "GET / HTTP/1.1" status: 200 len: 246 time: 0.0012476
2026-08-04 22:36:44.122 10 INFO neutron.wsgi [-] 10.0.0.114 "GET / HTTP/1.1" status: 200 len: 246 time: 0.0021379
2026-08-04 22:36:44.123 9 INFO neutron.wsgi [-] 10.0.0.114 "GET / HTTP/1.1" status: 200 len: 246 time: 0.0027931
2026-08-04 22:36:59.121 9 INFO neutron.wsgi [-] 10.0.0.114 "GET / HTTP/1.1" status: 200 len: 246 time: 0.0013049
2026-08-04 22:36:59.122 10 INFO neutron.wsgi [-] 10.0.0.114 "GET / HTTP/1.1" status: 200 len: 246 time: 0.0027738
2026-08-04 22:37:06.558 10 INFO neutron.wsgi [None req-b41c399d-c6a1-4112-8102-8725b27f296b e761660862c3414aa998f844134ef90b afa7bd8107b24493a44f235c1e638b44 - - default default] 10.0.0.238 "GET /v2.0/security-groups HTTP/1.1" status: 200 len: 16803 time: 0.1278400
2026-08-04 22:37:06.605 10 INFO neutron.wsgi [None req-25d4cb9c-a908-4136-8f1d-78e4240ad6aa e761660862c3414aa998f844134ef90b afa7bd8107b24493a44f235c1e638b44 - - default default] 10.0.0.238 "GET /v2.0/agents HTTP/1.1" status: 200 len: 997 time: 0.0439725
2026-08-04 22:37:06.632 10 INFO neutron.wsgi [None req-02ba7d62-f001-45a6-985e-aa0526584d0c e761660862c3414aa998f844134ef90b afa7bd8107b24493a44f235c1e638b44 - - default default] 10.0.0.238 "GET /v2.0/floatingips HTTP/1.1" status: 200 len: 193 time: 0.0249209
2026-08-04 22:37:06.684 10 INFO neutron.wsgi [None req-01cbea05-4d52-415a-9592-d53ab879bd0e e761660862c3414aa998f844134ef90b afa7bd8107b24493a44f235c1e638b44 - - default default] 10.0.0.238 "GET /v2.0/networks HTTP/1.1" status: 200 len: 2350 time: 0.0514448
2026-08-04 22:37:06.725 10 INFO neutron.wsgi [None req-4868c11a-8c63-4c1a-9abe-27ee8ada96ca e761660862c3414aa998f844134ef90b afa7bd8107b24493a44f235c1e638b44 - - default default] 10.0.0.238 "GET /v2.0/ports HTTP/1.1" status: 200 len: 5349 time: 0.0385575
2026-08-04 22:37:06.753 10 INFO neutron.wsgi [None req-18c672c2-35c7-4d55-b7d2-76444a7fccd6 e761660862c3414aa998f844134ef90b afa7bd8107b24493a44f235c1e638b44 - - default default] 10.0.0.238 "GET /v2.0/routers HTTP/1.1" status: 200 len: 189 time: 0.0256531
2026-08-04 22:37:06.763 10 INFO neutron.wsgi [None req-5919273a-77f5-49ac-a020-38a03247affb e761660862c3414aa998f844134ef90b afa7bd8107b24493a44f235c1e638b44 - - default default] 10.0.0.238 "GET /v2.0/agents?binary=ovn-controller HTTP/1.1" status: 200 len: 591 time: 0.0089447
2026-08-04 22:37:06.776 10 INFO neutron.wsgi [None req-a2de0165-5c2a-439a-815c-f702400810d2 e761660862c3414aa998f844134ef90b afa7bd8107b24493a44f235c1e638b44 - - default default] 10.0.0.238 "GET /v2.0/network-ip-availabilities HTTP/1.1" status: 200 len: 1280 time: 0.0121613
2026-08-04 22:37:06.808 10 INFO neutron.wsgi [None req-ce3e02ed-3348-4f3f-a725-44757ce1b5c7 e761660862c3414aa998f844134ef90b afa7bd8107b24493a44f235c1e638b44 - - default default] 10.0.0.238 "GET /v2.0/subnets HTTP/1.1" status: 200 len: 1437 time: 0.0294266
2026-08-04 22:37:06.819 10 INFO neutron.wsgi [None req-4c2981e6-fd5f-42a6-871e-d5338c1fcdd9 e761660862c3414aa998f844134ef90b afa7bd8107b24493a44f235c1e638b44 - - default default] 10.0.0.238 "GET /v2.0/subnetpools HTTP/1.1" status: 200 len: 193 time: 0.0096471
2026-08-04 22:37:06.854 10 INFO neutron.wsgi [None req-c3936f91-0262-4f1f-973c-d753345194ef e761660862c3414aa998f844134ef90b afa7bd8107b24493a44f235c1e638b44 - - default default] 10.0.0.238 "GET /v2.0/subnets HTTP/1.1" status: 200 len: 1437 time: 0.0340424
2026-08-04 22:37:14.122 9 INFO neutron.wsgi [-] 10.0.0.114 "GET / HTTP/1.1" status: 200 len: 246 time: 0.0024967
2026-08-04 22:37:14.122 10 INFO neutron.wsgi [-] 10.0.0.114 "GET / HTTP/1.1" status: 200 len: 246 time: 0.0024021
2026-08-04 22:37:29.122 10 INFO neutron.wsgi [-] 10.0.0.114 "GET / HTTP/1.1" status: 200 len: 246 time: 0.0023723
2026-08-04 22:37:29.125 10 INFO neutron.wsgi [-] 10.0.0.114 "GET / HTTP/1.1" status: 200 len: 246 time: 0.0017166
2026-08-04 22:37:44.122 9 INFO neutron.wsgi [-] 10.0.0.114 "GET / HTTP/1.1" status: 200 len: 246 time: 0.0016472
2026-08-04 22:37:44.123 10 INFO neutron.wsgi [-] 10.0.0.114 "GET / HTTP/1.1" status: 200 len: 246 time: 0.0028048
2026-08-04 22:37:59.120 10 INFO neutron.wsgi [-] 10.0.0.114 "GET / HTTP/1.1" status: 200 len: 246 time: 0.0013020
2026-08-04 22:37:59.120 9 INFO neutron.wsgi [-] 10.0.0.114 "GET / HTTP/1.1" status: 200 len: 246 time: 0.0016999
2026-08-04 22:38:06.545 10 INFO neutron.wsgi [None req-96762881-5b23-4bf3-962b-13e2e236c860 e761660862c3414aa998f844134ef90b afa7bd8107b24493a44f235c1e638b44 - - default default] 10.0.0.238 "GET /v2.0/network-ip-availabilities HTTP/1.1" status: 200 len: 1280 time: 0.0674200
2026-08-04 22:38:06.576 10 INFO neutron.wsgi [None req-5ebb3fd9-3f87-45b2-a88d-72b62343112f e761660862c3414aa998f844134ef90b afa7bd8107b24493a44f235c1e638b44 - - default default] 10.0.0.238 "GET /v2.0/subnets HTTP/1.1" status: 200 len: 1437 time: 0.0286617
2026-08-04 22:38:06.629 10 INFO neutron.wsgi [None req-3216c7d1-9b71-4d74-b737-be480a4dc941 e761660862c3414aa998f844134ef90b afa7bd8107b24493a44f235c1e638b44 - - default default] 10.0.0.238 "GET /v2.0/security-groups HTTP/1.1" status: 200 len: 16803 time: 0.0522904
2026-08-04 22:38:06.689 10 INFO neutron.wsgi [None req-e3b4bfcc-86d7-458f-a1c8-35bc5b696316 e761660862c3414aa998f844134ef90b afa7bd8107b24493a44f235c1e638b44 - - default default] 10.0.0.238 "GET /v2.0/networks HTTP/1.1" status: 200 len: 2350 time: 0.0542631
2026-08-04 22:38:06.719 10 INFO neutron.wsgi [None req-de5a1826-450d-4662-ae69-b97dfb1167d5 e761660862c3414aa998f844134ef90b afa7bd8107b24493a44f235c1e638b44 - - default default] 10.0.0.238 "GET /v2.0/agents HTTP/1.1" status: 200 len: 997 time: 0.0276041
2026-08-04 22:38:06.737 10 INFO neutron.wsgi [None req-ed213cf0-3989-4aeb-992d-8822a1accb3d e761660862c3414aa998f844134ef90b afa7bd8107b24493a44f235c1e638b44 - - default default] 10.0.0.238 "GET /v2.0/floatingips HTTP/1.1" status: 200 len: 193 time: 0.0170605
2026-08-04 22:38:06.765 10 INFO neutron.wsgi [None req-d32dc5d5-4464-418d-bd0f-94ad76c9e77e e761660862c3414aa998f844134ef90b afa7bd8107b24493a44f235c1e638b44 - - default default] 10.0.0.238 "GET /v2.0/ports HTTP/1.1" status: 200 len: 5349 time: 0.0270064
2026-08-04 22:38:06.790 10 INFO neutron.wsgi [None req-bef8a8e8-d954-4557-97dd-94fb2a51f0f3 e761660862c3414aa998f844134ef90b afa7bd8107b24493a44f235c1e638b44 - - default default] 10.0.0.238 "GET /v2.0/routers HTTP/1.1" status: 200 len: 189 time: 0.0221813
2026-08-04 22:38:06.798 10 INFO neutron.wsgi [None req-c2a37a85-dc1e-4379-934a-2400b676e38f e761660862c3414aa998f844134ef90b afa7bd8107b24493a44f235c1e638b44 - - default default] 10.0.0.238 "GET /v2.0/agents?binary=ovn-controller HTTP/1.1" status: 200 len: 591 time: 0.0077276
2026-08-04 22:38:06.831 10 INFO neutron.wsgi [None req-878defdd-00fb-4326-a0b9-85049b4f47d5 e761660862c3414aa998f844134ef90b afa7bd8107b24493a44f235c1e638b44 - - default default] 10.0.0.238 "GET /v2.0/subnets HTTP/1.1" status: 200 len: 1437 time: 0.0320170
2026-08-04 22:38:06.843 10 INFO neutron.wsgi [None req-01ab0d03-82d0-4ae8-b4e7-3f16133d8c62 e761660862c3414aa998f844134ef90b afa7bd8107b24493a44f235c1e638b44 - - default default] 10.0.0.238 "GET /v2.0/subnetpools HTTP/1.1" status: 200 len: 193 time: 0.0103524
2026-08-04 22:38:14.124 10 INFO neutron.wsgi [-] 10.0.0.114 "GET / HTTP/1.1" status: 200 len: 246 time: 0.0023632
2026-08-04 22:38:14.127 10 INFO neutron.wsgi [-] 10.0.0.114 "GET / HTTP/1.1" status: 200 len: 246 time: 0.0018716
2026-08-04 22:38:29.122 9 INFO neutron.wsgi [-] 10.0.0.114 "GET / HTTP/1.1" status: 200 len: 246 time: 0.0023947
2026-08-04 22:38:29.124 9 INFO neutron.wsgi [-] 10.0.0.114 "GET / HTTP/1.1" status: 200 len: 246 time: 0.0012062
2026-08-04 22:38:44.123 9 INFO neutron.wsgi [-] 10.0.0.114 "GET / HTTP/1.1" status: 200 len: 246 time: 0.0031869
2026-08-04 22:38:44.125 9 INFO neutron.wsgi [-] 10.0.0.114 "GET / HTTP/1.1" status: 200 len: 246 time: 0.0012155
2026-08-04 22:38:59.121 9 INFO neutron.wsgi [-] 10.0.0.114 "GET / HTTP/1.1" status: 200 len: 246 time: 0.0015986
2026-08-04 22:38:59.122 10 INFO neutron.wsgi [-] 10.0.0.114 "GET / HTTP/1.1" status: 200 len: 246 time: 0.0029383
2026-08-04 22:39:06.560 10 INFO neutron.wsgi [None req-31483fc6-9863-4438-9541-301cd0f2c846 e761660862c3414aa998f844134ef90b afa7bd8107b24493a44f235c1e638b44 - - default default] 10.0.0.238 "GET /v2.0/ports HTTP/1.1" status: 200 len: 5349 time: 0.0819378
2026-08-04 22:39:06.589 10 INFO neutron.wsgi [None req-b39967ab-fbe1-4e1b-b953-a04970d923b8 e761660862c3414aa998f844134ef90b afa7bd8107b24493a44f235c1e638b44 - - default default] 10.0.0.238 "GET /v2.0/agents HTTP/1.1" status: 200 len: 997 time: 0.0245221
2026-08-04 22:39:06.598 10 INFO neutron.wsgi [None req-0bf6c5e9-7d15-4d6d-8765-6581b30dbc19 e761660862c3414aa998f844134ef90b afa7bd8107b24493a44f235c1e638b44 - - default default] 10.0.0.238 "GET /v2.0/network-ip-availabilities HTTP/1.1" status: 200 len: 1280 time: 0.0081685
2026-08-04 22:39:06.616 10 INFO neutron.wsgi [None req-0db9e4c3-1461-44ee-8593-b228e476ab50 e761660862c3414aa998f844134ef90b afa7bd8107b24493a44f235c1e638b44 - - default default] 10.0.0.238 "GET /v2.0/floatingips HTTP/1.1" status: 200 len: 193 time: 0.0164766
2026-08-04 22:39:06.681 10 INFO neutron.wsgi [None req-2f515b4e-69d7-4d77-b9e5-5a51f832ae0a e761660862c3414aa998f844134ef90b afa7bd8107b24493a44f235c1e638b44 - - default default] 10.0.0.238 "GET /v2.0/networks HTTP/1.1" status: 200 len: 2350 time: 0.0648992
2026-08-04 22:39:06.731 10 INFO neutron.wsgi [None req-d5754716-5f93-401c-9a2a-5090c8505a95 e761660862c3414aa998f844134ef90b afa7bd8107b24493a44f235c1e638b44 - - default default] 10.0.0.238 "GET /v2.0/security-groups HTTP/1.1" status: 200 len: 16803 time: 0.0480363
2026-08-04 22:39:06.771 10 INFO neutron.wsgi [None req-e29dbddc-2faf-431e-9ed2-603d1b4407ff e761660862c3414aa998f844134ef90b afa7bd8107b24493a44f235c1e638b44 - - default default] 10.0.0.238 "GET /v2.0/subnets HTTP/1.1" status: 200 len: 1437 time: 0.0324554
2026-08-04 22:39:06.802 10 INFO neutron.wsgi [None req-2800ab34-4067-4699-bb4a-c69f2cb8fa86 e761660862c3414aa998f844134ef90b afa7bd8107b24493a44f235c1e638b44 - - default default] 10.0.0.238 "GET /v2.0/routers HTTP/1.1" status: 200 len: 189 time: 0.0296888
2026-08-04 22:39:06.815 10 INFO neutron.wsgi [None req-fab51d47-e182-46fb-9c2c-b6de6e5ef218 e761660862c3414aa998f844134ef90b afa7bd8107b24493a44f235c1e638b44 - - default default] 10.0.0.238 "GET /v2.0/agents?binary=ovn-controller HTTP/1.1" status: 200 len: 591 time: 0.0116692
2026-08-04 22:39:06.857 10 INFO neutron.wsgi [None req-4bcbb8bf-1173-4a9a-9022-efbb182c95cd e761660862c3414aa998f844134ef90b afa7bd8107b24493a44f235c1e638b44 - - default default] 10.0.0.238 "GET /v2.0/subnets HTTP/1.1" status: 200 len: 1437 time: 0.0410013
2026-08-04 22:39:06.871 10 INFO neutron.wsgi [None req-dde69ab7-63a4-4dcf-98ad-6a03fb6bc0c2 e761660862c3414aa998f844134ef90b afa7bd8107b24493a44f235c1e638b44 - - default default] 10.0.0.238 "GET /v2.0/subnetpools HTTP/1.1" status: 200 len: 193 time: 0.0130825
2026-08-04 22:39:14.121 9 INFO neutron.wsgi [-] 10.0.0.114 "GET / HTTP/1.1" status: 200 len: 246 time: 0.0016429
2026-08-04 22:39:14.123 9 INFO neutron.wsgi [-] 10.0.0.114 "GET / HTTP/1.1" status: 200 len: 246 time: 0.0012374
2026-08-04 22:39:29.121 9 INFO neutron.wsgi [-] 10.0.0.114 "GET / HTTP/1.1" status: 200 len: 246 time: 0.0023532
2026-08-04 22:39:29.122 10 INFO neutron.wsgi [-] 10.0.0.114 "GET / HTTP/1.1" status: 200 len: 246 time: 0.0029178
2026-08-04 22:39:44.121 9 INFO neutron.wsgi [-] 10.0.0.114 "GET / HTTP/1.1" status: 200 len: 246 time: 0.0017059
2026-08-04 22:39:44.125 10 INFO neutron.wsgi [-] 10.0.0.114 "GET / HTTP/1.1" status: 200 len: 246 time: 0.0047891
2026-08-04 22:39:59.121 9 INFO neutron.wsgi [-] 10.0.0.114 "GET / HTTP/1.1" status: 200 len: 246 time: 0.0023162
2026-08-04 22:39:59.122 10 INFO neutron.wsgi [-] 10.0.0.114 "GET / HTTP/1.1" status: 200 len: 246 time: 0.0025601
2026-08-04 22:40:06.690 10 INFO neutron.wsgi [None req-55c22119-0b5d-4010-87af-889160d8e878 e761660862c3414aa998f844134ef90b afa7bd8107b24493a44f235c1e638b44 - - default default] 10.0.0.238 "GET /v2.0/ports HTTP/1.1" status: 200 len: 5349 time: 0.1855628
2026-08-04 22:40:06.733 10 INFO neutron.wsgi [None req-3b6a6c53-9f76-4661-983d-97ede2b3e96e e761660862c3414aa998f844134ef90b afa7bd8107b24493a44f235c1e638b44 - - default default] 10.0.0.238 "GET /v2.0/routers HTTP/1.1" status: 200 len: 189 time: 0.0392284
2026-08-04 22:40:06.787 10 INFO neutron.wsgi [None req-29a37fad-75a6-423f-9f09-4254e5a7fb67 e761660862c3414aa998f844134ef90b afa7bd8107b24493a44f235c1e638b44 - - default default] 10.0.0.238 "GET /v2.0/agents?binary=ovn-controller HTTP/1.1" status: 200 len: 591 time: 0.0540028
2026-08-04 22:40:06.803 10 INFO neutron.wsgi [None req-af69dd53-3663-4d3c-961f-21017612115e e761660862c3414aa998f844134ef90b afa7bd8107b24493a44f235c1e638b44 - - default default] 10.0.0.238 "GET /v2.0/agents HTTP/1.1" status: 200 len: 997 time: 0.0141222
2026-08-04 22:40:06.837 10 INFO neutron.wsgi [None req-1b81d4fc-6951-4de4-b4d6-1b66a1d87b07 e761660862c3414aa998f844134ef90b afa7bd8107b24493a44f235c1e638b44 - - default default] 10.0.0.238 "GET /v2.0/subnets HTTP/1.1" status: 200 len: 1437 time: 0.0334651
2026-08-04 22:40:06.849 10 INFO neutron.wsgi [None req-6f0d1544-aaee-4186-8823-a410b1d64a27 e761660862c3414aa998f844134ef90b afa7bd8107b24493a44f235c1e638b44 - - default default] 10.0.0.238 "GET /v2.0/subnetpools HTTP/1.1" status: 200 len: 193 time: 0.0101178
2026-08-04 22:40:06.871 10 INFO neutron.wsgi [None req-7ba1e089-85b7-4889-9e7b-50358ac15060 e761660862c3414aa998f844134ef90b afa7bd8107b24493a44f235c1e638b44 - - default default] 10.0.0.238 "GET /v2.0/floatingips HTTP/1.1" status: 200 len: 193 time: 0.0214524
2026-08-04 22:40:06.879 10 INFO neutron.wsgi [None req-8ebe268c-0185-4a67-823c-04523586c27a e761660862c3414aa998f844134ef90b afa7bd8107b24493a44f235c1e638b44 - - default default] 10.0.0.238 "GET /v2.0/network-ip-availabilities HTTP/1.1" status: 200 len: 1280 time: 0.0081518
2026-08-04 22:40:07.010 10 INFO neutron.wsgi [None req-99c356ac-0c0a-48bc-901a-d679c8fe7a83 e761660862c3414aa998f844134ef90b afa7bd8107b24493a44f235c1e638b44 - - default default] 10.0.0.238 "GET /v2.0/networks HTTP/1.1" status: 200 len: 2350 time: 0.1292422
2026-08-04 22:40:07.052 10 INFO neutron.wsgi [None req-b88922a0-074b-4068-b1b5-7ac6fa7655f2 e761660862c3414aa998f844134ef90b afa7bd8107b24493a44f235c1e638b44 - - default default] 10.0.0.238 "GET /v2.0/security-groups HTTP/1.1" status: 200 len: 16803 time: 0.0400736
2026-08-04 22:40:07.090 10 INFO neutron.wsgi [None req-71e8e62a-b66f-4721-8585-f03681d29a24 e761660862c3414aa998f844134ef90b afa7bd8107b24493a44f235c1e638b44 - - default default] 10.0.0.238 "GET /v2.0/subnets HTTP/1.1" status: 200 len: 1437 time: 0.0320053
2026-08-04 22:40:14.122 10 INFO neutron.wsgi [-] 10.0.0.114 "GET / HTTP/1.1" status: 200 len: 246 time: 0.0019865
2026-08-04 22:40:14.124 9 INFO neutron.wsgi [-] 10.0.0.114 "GET / HTTP/1.1" status: 200 len: 246 time: 0.0030811
2026-08-04 22:40:29.121 9 INFO neutron.wsgi [-] 10.0.0.114 "GET / HTTP/1.1" status: 200 len: 246 time: 0.0017524
2026-08-04 22:40:29.123 9 INFO neutron.wsgi [-] 10.0.0.114 "GET / HTTP/1.1" status: 200 len: 246 time: 0.0018029
2026-08-04 22:40:44.122 9 INFO neutron.wsgi [-] 10.0.0.114 "GET / HTTP/1.1" status: 200 len: 246 time: 0.0029106
2026-08-04 22:40:44.122 10 INFO neutron.wsgi [-] 10.0.0.114 "GET / HTTP/1.1" status: 200 len: 246 time: 0.0030599
2026-08-04 22:40:59.121 9 INFO neutron.wsgi [-] 10.0.0.114 "GET / HTTP/1.1" status: 200 len: 246 time: 0.0016532
2026-08-04 22:40:59.121 10 INFO neutron.wsgi [-] 10.0.0.114 "GET / HTTP/1.1" status: 200 len: 246 time: 0.0017705
2026-08-04 22:41:06.592 10 INFO neutron.wsgi [None req-89e84c4b-b8fb-47af-8a9d-cf804a3c3bd1 e761660862c3414aa998f844134ef90b afa7bd8107b24493a44f235c1e638b44 - - default default] 10.0.0.238 "GET /v2.0/security-groups HTTP/1.1" status: 200 len: 16803 time: 0.0946634
2026-08-04 22:41:06.625 10 INFO neutron.wsgi [None req-ee4cd11d-263d-4039-8ae5-b60c8be6a3cb e761660862c3414aa998f844134ef90b afa7bd8107b24493a44f235c1e638b44 - - default default] 10.0.0.238 "GET /v2.0/ports HTTP/1.1" status: 200 len: 5349 time: 0.0288408
2026-08-04 22:41:06.663 10 INFO neutron.wsgi [None req-bbd0f94a-9658-43fe-b19e-742bdc8d9493 e761660862c3414aa998f844134ef90b afa7bd8107b24493a44f235c1e638b44 - - default default] 10.0.0.238 "GET /v2.0/agents HTTP/1.1" status: 200 len: 997 time: 0.0312200
2026-08-04 22:41:06.681 10 INFO neutron.wsgi [None req-7ea53247-a5e8-495b-890e-835763b5377d e761660862c3414aa998f844134ef90b afa7bd8107b24493a44f235c1e638b44 - - default default] 10.0.0.238 "GET /v2.0/floatingips HTTP/1.1" status: 200 len: 193 time: 0.0166230
2026-08-04 22:41:06.737 10 INFO neutron.wsgi [None req-70e3b4a3-1db7-4e23-8a31-6f005461c263 e761660862c3414aa998f844134ef90b afa7bd8107b24493a44f235c1e638b44 - - default default] 10.0.0.238 "GET /v2.0/networks HTTP/1.1" status: 200 len: 2350 time: 0.0558145
2026-08-04 22:41:06.767 10 INFO neutron.wsgi [None req-b1c6e37b-5dfe-4c04-bdfc-e569aabba733 e761660862c3414aa998f844134ef90b afa7bd8107b24493a44f235c1e638b44 - - default default] 10.0.0.238 "GET /v2.0/subnets HTTP/1.1" status: 200 len: 1437 time: 0.0280523
2026-08-04 22:41:06.802 10 INFO neutron.wsgi [None req-1a4785d8-b0d0-44a2-a7a2-d119a2086ca3 e761660862c3414aa998f844134ef90b afa7bd8107b24493a44f235c1e638b44 - - default default] 10.0.0.238 "GET /v2.0/routers HTTP/1.1" status: 200 len: 189 time: 0.0328932
2026-08-04 22:41:06.821 10 INFO neutron.wsgi [None req-17c49c01-dfad-4690-8f4d-3e0f803c6e55 e761660862c3414aa998f844134ef90b afa7bd8107b24493a44f235c1e638b44 - - default default] 10.0.0.238 "GET /v2.0/agents?binary=ovn-controller HTTP/1.1" status: 200 len: 591 time: 0.0178623
2026-08-04 22:41:06.832 10 INFO neutron.wsgi [None req-9aca833d-0743-4a8b-9f92-6a7432ea08e6 e761660862c3414aa998f844134ef90b afa7bd8107b24493a44f235c1e638b44 - - default default] 10.0.0.238 "GET /v2.0/network-ip-availabilities HTTP/1.1" status: 200 len: 1280 time: 0.0106087
2026-08-04 22:41:06.876 10 INFO neutron.wsgi [None req-f97c38c3-da3a-4593-8924-3df77f2915eb e761660862c3414aa998f844134ef90b afa7bd8107b24493a44f235c1e638b44 - - default default] 10.0.0.238 "GET /v2.0/subnets HTTP/1.1" status: 200 len: 1437 time: 0.0429111
2026-08-04 22:41:06.886 10 INFO neutron.wsgi [None req-7e58c035-3341-4d0a-a32e-a135c9878f1e e761660862c3414aa998f844134ef90b afa7bd8107b24493a44f235c1e638b44 - - default default] 10.0.0.238 "GET /v2.0/subnetpools HTTP/1.1" status: 200 len: 193 time: 0.0087776
2026-08-04 22:41:14.121 9 INFO neutron.wsgi [-] 10.0.0.114 "GET / HTTP/1.1" status: 200 len: 246 time: 0.0013297
2026-08-04 22:41:14.123 10 INFO neutron.wsgi [-] 10.0.0.114 "GET / HTTP/1.1" status: 200 len: 246 time: 0.0024600
2026-08-04 22:41:29.122 9 INFO neutron.wsgi [-] 10.0.0.114 "GET / HTTP/1.1" status: 200 len: 246 time: 0.0025847
2026-08-04 22:41:29.127 10 INFO neutron.wsgi [-] 10.0.0.114 "GET / HTTP/1.1" status: 200 len: 246 time: 0.0074248
2026-08-04 22:41:34.859 9 INFO neutron.wsgi [None req-3ac5a0f0-caa1-485b-aa5a-b64e95a3f339 e761660862c3414aa998f844134ef90b afa7bd8107b24493a44f235c1e638b44 - - default default] 199.204.45.138,10.0.0.114 "GET /v2.0/networks HTTP/1.1" status: 200 len: 2350 time: 0.1127849
2026-08-04 22:41:35.866 9 INFO neutron.wsgi [None req-581e1b43-3a66-4984-87e0-b1ebdd09568d e761660862c3414aa998f844134ef90b afa7bd8107b24493a44f235c1e638b44 - - default default] 199.204.45.138,10.0.0.114 "GET /v2.0/subnets HTTP/1.1" status: 200 len: 1437 time: 0.0782208
2026-08-04 22:41:35.937 9 INFO neutron.wsgi [None req-61e43075-63ad-4699-aee3-fc4e4882ca8d e761660862c3414aa998f844134ef90b afa7bd8107b24493a44f235c1e638b44 - - default default] 199.204.45.138,10.0.0.114 "GET /v2.0/networks HTTP/1.1" status: 200 len: 2350 time: 0.0629208
2026-08-04 22:41:44.121 10 INFO neutron.wsgi [-] 10.0.0.114 "GET / HTTP/1.1" status: 200 len: 246 time: 0.0023375
2026-08-04 22:41:44.124 10 INFO neutron.wsgi [-] 10.0.0.114 "GET / HTTP/1.1" status: 200 len: 246 time: 0.0019729
2026-08-04 22:41:59.122 9 INFO neutron.wsgi [-] 10.0.0.114 "GET / HTTP/1.1" status: 200 len: 246 time: 0.0027745
2026-08-04 22:41:59.124 10 INFO neutron.wsgi [-] 10.0.0.114 "GET / HTTP/1.1" status: 200 len: 246 time: 0.0045316
