2026-08-04 22:45:47.198 9 INFO neutron.db.ovn_revision_numbers_db [None req-0e3c607b-02b2-409b-97ef-1d31bacd0e59 a5c3f9e6256d4e9cbfb0c0ff950f19d0 7b30a4e1d7c44754b6e1abff1a5c7324 - - default default] Successfully bumped revision number for resource 51f84248-e508-4a34-9f36-4356e13af14e (type: ports) to 1
2026-08-04 22:45:47.223 10 WARNING neutron.scheduler.dhcp_agent_scheduler [None req-74f4b4dc-e6ff-4b42-9b4d-46b5b898e84e 6904539e1b8e450581747e0c3d72b9c7 67a2ab3d09de4013aa4ff17c925eadb6 - - default default] No more DHCP agents
2026-08-04 22:45:47.229 10 WARNING neutron.api.rpc.agentnotifiers.dhcp_rpc_agent_api [None req-74f4b4dc-e6ff-4b42-9b4d-46b5b898e84e 6904539e1b8e450581747e0c3d72b9c7 67a2ab3d09de4013aa4ff17c925eadb6 - - default default] Unable to schedule network 46448e8b-4ef1-454b-a437-1782eb04a4f9: no agents available; will retry on subsequent port and subnet creation events.
2026-08-04 22:45:47.271 9 INFO neutron.db.ovn_revision_numbers_db [None req-0e3c607b-02b2-409b-97ef-1d31bacd0e59 a5c3f9e6256d4e9cbfb0c0ff950f19d0 7b30a4e1d7c44754b6e1abff1a5c7324 - - default default] Successfully bumped revision number for resource c6f9f733-eb1e-49b7-afbd-45465b8caade (type: networks) to 1
2026-08-04 22:45:47.335 10 INFO neutron.db.ovn_revision_numbers_db [None req-74f4b4dc-e6ff-4b42-9b4d-46b5b898e84e 6904539e1b8e450581747e0c3d72b9c7 67a2ab3d09de4013aa4ff17c925eadb6 - - default default] Successfully bumped revision number for resource d779dbde-880f-4457-87e2-73966b75d4ca (type: ports) to 1
2026-08-04 22:45:47.355 10 INFO neutron.wsgi [None req-74f4b4dc-e6ff-4b42-9b4d-46b5b898e84e 6904539e1b8e450581747e0c3d72b9c7 67a2ab3d09de4013aa4ff17c925eadb6 - - default default] 10.0.0.72 "POST /v2.0/ports HTTP/1.1" status: 201 len: 1122 time: 0.4606535
2026-08-04 22:45:47.444 9 WARNING neutron.scheduler.dhcp_agent_scheduler [None req-0e3c607b-02b2-409b-97ef-1d31bacd0e59 a5c3f9e6256d4e9cbfb0c0ff950f19d0 7b30a4e1d7c44754b6e1abff1a5c7324 - - default default] No more DHCP agents
2026-08-04 22:45:47.446 9 WARNING neutron.api.rpc.agentnotifiers.dhcp_rpc_agent_api [None req-0e3c607b-02b2-409b-97ef-1d31bacd0e59 a5c3f9e6256d4e9cbfb0c0ff950f19d0 7b30a4e1d7c44754b6e1abff1a5c7324 - - default default] Unable to schedule network c6f9f733-eb1e-49b7-afbd-45465b8caade: no agents available; will retry on subsequent port and subnet creation events.
2026-08-04 22:45:47.524 9 INFO neutron.db.ovn_revision_numbers_db [None req-0e3c607b-02b2-409b-97ef-1d31bacd0e59 a5c3f9e6256d4e9cbfb0c0ff950f19d0 7b30a4e1d7c44754b6e1abff1a5c7324 - - default default] Successfully bumped revision number for resource 0c101428-c76c-44a8-8cb1-978aaabd0309 (type: ports) to 1
2026-08-04 22:45:47.546 9 INFO neutron.wsgi [None req-0e3c607b-02b2-409b-97ef-1d31bacd0e59 a5c3f9e6256d4e9cbfb0c0ff950f19d0 7b30a4e1d7c44754b6e1abff1a5c7324 - - default default] 10.0.0.72 "POST /v2.0/networks HTTP/1.1" status: 201 len: 1445 time: 1.2679186
2026-08-04 22:45:47.655 9 INFO neutron.wsgi [None req-1e558f07-fa2f-47af-98c5-6206bbf8a85a a5c3f9e6256d4e9cbfb0c0ff950f19d0 7b30a4e1d7c44754b6e1abff1a5c7324 - - default default] 10.0.0.72 "GET /v2.0/networks HTTP/1.1" status: 200 len: 2051 time: 0.1038818
2026-08-04 22:45:47.774 10 INFO neutron.wsgi [None req-190579e0-32b5-4e55-b8ed-d1ba43666083 6904539e1b8e450581747e0c3d72b9c7 67a2ab3d09de4013aa4ff17c925eadb6 - - default default] 10.0.0.72 "DELETE /v2.0/ports/d779dbde-880f-4457-87e2-73966b75d4ca HTTP/1.1" status: 204 len: 168 time: 0.4139843
2026-08-04 22:45:47.794 10 INFO neutron.pecan_wsgi.hooks.translation [None req-04df3cbd-c5d5-4266-8d9a-20d6f59ece93 6904539e1b8e450581747e0c3d72b9c7 67a2ab3d09de4013aa4ff17c925eadb6 - - default default] GET failed (client error): The resource could not be found.
2026-08-04 22:45:47.796 10 INFO neutron.wsgi [None req-04df3cbd-c5d5-4266-8d9a-20d6f59ece93 6904539e1b8e450581747e0c3d72b9c7 67a2ab3d09de4013aa4ff17c925eadb6 - - default default] 10.0.0.72 "GET /v2.0/ports/d779dbde-880f-4457-87e2-73966b75d4ca HTTP/1.1" status: 404 len: 333 time: 0.0155857
2026-08-04 22:45:47.997 10 INFO neutron.wsgi [None req-3763411c-9ce9-4591-afc1-bb325fbb71c8 6904539e1b8e450581747e0c3d72b9c7 67a2ab3d09de4013aa4ff17c925eadb6 - - default default] 10.0.0.72 "DELETE /v2.0/subnets/783dd7ed-7660-47d9-8648-68fe31598530 HTTP/1.1" status: 204 len: 168 time: 0.1966171
2026-08-04 22:45:48.025 9 INFO neutron.services.segments.plugin [-] Segment db27511a-d16b-4da0-b932-74bf4b2aece6 resource provider aggregate not found
2026-08-04 22:45:48.029 9 INFO neutron.services.segments.plugin [-] Segment db27511a-d16b-4da0-b932-74bf4b2aece6 resource provider aggregate not found
2026-08-04 22:45:48.042 9 INFO neutron.services.segments.plugin [-] Segment db27511a-d16b-4da0-b932-74bf4b2aece6 resource provider not found; error: Placement Client Error (4xx): {"errors": [{"status": 404, "title": "Not Found", "detail": "The resource could not be found.\n\n No resource provider with uuid db27511a-d16b-4da0-b932-74bf4b2aece6 found for delete ", "request_id": "req-6304c2bd-3905-472a-a80d-d95e8524f662"}]}
2026-08-04 22:45:48.045 9 INFO neutron.services.segments.plugin [-] Segment db27511a-d16b-4da0-b932-74bf4b2aece6 resource provider not found; error: Placement Client Error (4xx): {"errors": [{"status": 404, "title": "Not Found", "detail": "The resource could not be found.\n\n No resource provider with uuid db27511a-d16b-4da0-b932-74bf4b2aece6 found for delete ", "request_id": "req-6f3324e0-0728-4ab6-9724-e12a587b11ae"}]}
2026-08-04 22:45:48.065 9 INFO neutron.wsgi [None req-0a395a6c-bca9-4958-b4b4-aafc57bba7f8 a5c3f9e6256d4e9cbfb0c0ff950f19d0 7b30a4e1d7c44754b6e1abff1a5c7324 - - default default] 10.0.0.72 "DELETE /v2.0/networks/886878ca-1aa0-46ad-b4ee-64f3377e5081 HTTP/1.1" status: 204 len: 168 time: 0.4040303
2026-08-04 22:45:48.346 10 INFO neutron.wsgi [None req-b6b3c555-e6b3-4908-a7fa-b25383f6f185 6904539e1b8e450581747e0c3d72b9c7 67a2ab3d09de4013aa4ff17c925eadb6 - - default default] 10.0.0.72 "DELETE /v2.0/networks/46448e8b-4ef1-454b-a437-1782eb04a4f9 HTTP/1.1" status: 204 len: 168 time: 0.3439562
2026-08-04 22:45:48.420 9 INFO neutron.wsgi [None req-3b43ac83-1fbd-4cab-8931-35b77bccba0a a5c3f9e6256d4e9cbfb0c0ff950f19d0 7b30a4e1d7c44754b6e1abff1a5c7324 - - default default] 10.0.0.72 "DELETE /v2.0/networks/c6f9f733-eb1e-49b7-afbd-45465b8caade HTTP/1.1" status: 204 len: 168 time: 0.3489504
2026-08-04 22:45:48.508 10 INFO neutron.services.segments.plugin [-] Segment aaae3dd5-934b-4469-ac41-c8580745f985 resource provider aggregate not found
2026-08-04 22:45:48.522 10 INFO neutron.services.segments.plugin [-] Segment aaae3dd5-934b-4469-ac41-c8580745f985 resource provider not found; error: Placement Client Error (4xx): {"errors": [{"status": 404, "title": "Not Found", "detail": "The resource could not be found.\n\n No resource provider with uuid aaae3dd5-934b-4469-ac41-c8580745f985 found for delete ", "request_id": "req-a4cdc217-07f7-46af-991f-e8a772213832"}]}
2026-08-04 22:45:48.524 10 INFO neutron.services.segments.plugin [-] Segment aaae3dd5-934b-4469-ac41-c8580745f985 resource provider aggregate not found
2026-08-04 22:45:48.546 10 INFO neutron.services.segments.plugin [-] Segment aaae3dd5-934b-4469-ac41-c8580745f985 resource provider not found; error: Placement Client Error (4xx): {"errors": [{"status": 404, "title": "Not Found", "detail": "The resource could not be found.\n\n No resource provider with uuid aaae3dd5-934b-4469-ac41-c8580745f985 found for delete ", "request_id": "req-237d1e97-245c-49ce-ab0d-62f82f7c1276"}]}
2026-08-04 22:45:48.571 10 INFO neutron.wsgi [None req-780467fc-bb6e-4be8-bafb-b95b122b3987 a5c3f9e6256d4e9cbfb0c0ff950f19d0 7b30a4e1d7c44754b6e1abff1a5c7324 - - default default] 10.0.0.72 "GET /v2.0/networks HTTP/1.1" status: 200 len: 845 time: 0.1462078
2026-08-04 22:45:48.658 10 WARNING neutron.scheduler.dhcp_agent_scheduler [None req-cd339a88-cccc-40b9-94d3-e76f5e440079 6904539e1b8e450581747e0c3d72b9c7 67a2ab3d09de4013aa4ff17c925eadb6 - - default default] No more DHCP agents
2026-08-04 22:45:48.660 10 WARNING neutron.api.rpc.agentnotifiers.dhcp_rpc_agent_api [None req-cd339a88-cccc-40b9-94d3-e76f5e440079 6904539e1b8e450581747e0c3d72b9c7 67a2ab3d09de4013aa4ff17c925eadb6 - - default default] Unable to schedule network 53a55053-e0e6-4f29-a3eb-87d2b3ba050f: no agents available; will retry on subsequent port and subnet creation events.
2026-08-04 22:45:48.660 9 INFO neutron.db.segments_db [None req-ef7a722d-ca1e-4294-b928-a6adf4b6e044 a5c3f9e6256d4e9cbfb0c0ff950f19d0 7b30a4e1d7c44754b6e1abff1a5c7324 - - default default] Added segment cf7b7cb0-75b0-49ed-892d-ad58e7290103 of type geneve for network 59460a10-e225-4ff5-9d4a-acfc95d41949
2026-08-04 22:45:48.735 10 INFO neutron.db.ovn_revision_numbers_db [None req-cd339a88-cccc-40b9-94d3-e76f5e440079 6904539e1b8e450581747e0c3d72b9c7 67a2ab3d09de4013aa4ff17c925eadb6 - - default default] Successfully bumped revision number for resource 4d3d5bc4-cadc-4e4e-bab0-8bcfeb135f8f (type: ports) to 1
2026-08-04 22:45:48.756 10 INFO neutron.wsgi [None req-cd339a88-cccc-40b9-94d3-e76f5e440079 6904539e1b8e450581747e0c3d72b9c7 67a2ab3d09de4013aa4ff17c925eadb6 - - default default] 10.0.0.72 "POST /v2.0/ports HTTP/1.1" status: 201 len: 977 time: 0.4029634 /var/lib/openstack/lib/python3.10/site-packages/pycadf/identifier.py:71: UserWarning: Invalid uuid: neutron. To ensure interoperability, identifiers should be a valid uuid. warnings.warn(('Invalid uuid: %s. To ensure interoperability, '
2026-08-04 22:45:48.808 9 INFO neutron.wsgi [req-0e7139bc-d682-41a9-ac0c-442a1e996ff1 req-392b8665-4723-4a79-b0d3-cc5e7bb1befb 289e796f312542c39ca3a8c54126dc69 74296015fb73497e91517c0eba5ab230 - - default default] 10.0.0.127 "GET /v2.0/security-groups?name=tempest-securitygroup--1168754876&fields=id&tenant_id=74296015fb73497e91517c0eba5ab230 HTTP/1.1" status: 200 len: 267 time: 0.0718935
2026-08-04 22:45:48.872 9 INFO neutron.db.ovn_revision_numbers_db [None req-ef7a722d-ca1e-4294-b928-a6adf4b6e044 a5c3f9e6256d4e9cbfb0c0ff950f19d0 7b30a4e1d7c44754b6e1abff1a5c7324 - - default default] Successfully bumped revision number for resource 59460a10-e225-4ff5-9d4a-acfc95d41949 (type: networks) to 1
2026-08-04 22:45:48.931 9 INFO neutron.wsgi [req-0e7139bc-d682-41a9-ac0c-442a1e996ff1 req-5452dcb7-daee-4c3c-b4cd-51b0f925926b 289e796f312542c39ca3a8c54126dc69 74296015fb73497e91517c0eba5ab230 - - default default] 10.0.0.127 "GET /v2.0/networks?id=35578931-e2b9-4320-89a3-2c30e6739de8 HTTP/1.1" status: 200 len: 879 time: 0.1154850
2026-08-04 22:45:48.963 9 INFO neutron.wsgi [req-0e7139bc-d682-41a9-ac0c-442a1e996ff1 req-d6d79b8e-45e5-42c7-8431-d39e8e9563aa 289e796f312542c39ca3a8c54126dc69 74296015fb73497e91517c0eba5ab230 - - default default] 10.0.0.127 "GET /v2.0/quotas/74296015fb73497e91517c0eba5ab230 HTTP/1.1" status: 200 len: 386 time: 0.0221694
2026-08-04 22:45:48.990 9 INFO neutron.plugins.ml2.drivers.ovn.mech_driver.mech_driver [None req-ae43b803-d6a9-416c-bde3-9ed624d32b06 - - - - - -] OVN reports status down for port: 4d3d5bc4-cadc-4e4e-bab0-8bcfeb135f8f
2026-08-04 22:45:49.012 10 INFO neutron.db.ovn_revision_numbers_db [None req-4736c76b-dfac-4af5-8ab4-a2e1a0096f51 6904539e1b8e450581747e0c3d72b9c7 67a2ab3d09de4013aa4ff17c925eadb6 - - default default] Successfully bumped revision number for resource 4d3d5bc4-cadc-4e4e-bab0-8bcfeb135f8f (type: ports) to 2
2026-08-04 22:45:49.022 10 INFO neutron.wsgi [None req-4736c76b-dfac-4af5-8ab4-a2e1a0096f51 6904539e1b8e450581747e0c3d72b9c7 67a2ab3d09de4013aa4ff17c925eadb6 - - default default] 10.0.0.72 "PUT /v2.0/ports/4d3d5bc4-cadc-4e4e-bab0-8bcfeb135f8f HTTP/1.1" status: 200 len: 946 time: 0.2595394 /var/lib/openstack/lib/python3.10/site-packages/pycadf/identifier.py:71: UserWarning: Invalid uuid: neutron. To ensure interoperability, identifiers should be a valid uuid. warnings.warn(('Invalid uuid: %s. To ensure interoperability, '
2026-08-04 22:45:49.170 9 WARNING neutron.scheduler.dhcp_agent_scheduler [None req-ef7a722d-ca1e-4294-b928-a6adf4b6e044 a5c3f9e6256d4e9cbfb0c0ff950f19d0 7b30a4e1d7c44754b6e1abff1a5c7324 - - default default] No more DHCP agents
2026-08-04 22:45:49.178 9 INFO neutron.wsgi [req-0e7139bc-d682-41a9-ac0c-442a1e996ff1 req-e64e5808-213f-47bd-8214-5aa7c4e5aba9 289e796f312542c39ca3a8c54126dc69 74296015fb73497e91517c0eba5ab230 - - default default] 10.0.0.127 "GET /v2.0/ports?tenant_id=74296015fb73497e91517c0eba5ab230&fields=id HTTP/1.1" status: 200 len: 302 time: 0.2089348
2026-08-04 22:45:49.182 9 WARNING neutron.api.rpc.agentnotifiers.dhcp_rpc_agent_api [None req-ef7a722d-ca1e-4294-b928-a6adf4b6e044 a5c3f9e6256d4e9cbfb0c0ff950f19d0 7b30a4e1d7c44754b6e1abff1a5c7324 - - default default] Unable to schedule network 59460a10-e225-4ff5-9d4a-acfc95d41949: no agents available; will retry on subsequent port and subnet creation events.
2026-08-04 22:45:49.302 9 INFO neutron.wsgi [req-0e7139bc-d682-41a9-ac0c-442a1e996ff1 req-5a89619c-5863-46d2-a9d1-38642bef809c f52cb827014648a9baf493a70e099238 5b436957e7cd48c980ddb81b422b049f - - a992c7e162aa4dd9b879f0a13a6e7ea8 a992c7e162aa4dd9b879f0a13a6e7ea8] 10.0.0.127 "GET /v2.0/networks/35578931-e2b9-4320-89a3-2c30e6739de8?fields=segments HTTP/1.1" status: 200 len: 212 time: 0.1100824
2026-08-04 22:45:49.303 9 INFO neutron.db.ovn_revision_numbers_db [None req-ef7a722d-ca1e-4294-b928-a6adf4b6e044 a5c3f9e6256d4e9cbfb0c0ff950f19d0 7b30a4e1d7c44754b6e1abff1a5c7324 - - default default] Successfully bumped revision number for resource 5fe57b41-b8de-4272-ad14-173e060c26eb (type: ports) to 1
2026-08-04 22:45:49.323 10 INFO neutron.wsgi [None req-3f84a521-8369-43e1-90ae-a81a06c75f5f 6904539e1b8e450581747e0c3d72b9c7 67a2ab3d09de4013aa4ff17c925eadb6 - - default default] 10.0.0.72 "DELETE /v2.0/ports/4d3d5bc4-cadc-4e4e-bab0-8bcfeb135f8f HTTP/1.1" status: 204 len: 168 time: 0.2896335
2026-08-04 22:45:49.356 9 INFO neutron.wsgi [None req-ef7a722d-ca1e-4294-b928-a6adf4b6e044 a5c3f9e6256d4e9cbfb0c0ff950f19d0 7b30a4e1d7c44754b6e1abff1a5c7324 - - default default] 10.0.0.72 "POST /v2.0/networks HTTP/1.1" status: 201 len: 852 time: 0.7794943
2026-08-04 22:45:49.383 9 INFO neutron.wsgi [req-0e7139bc-d682-41a9-ac0c-442a1e996ff1 req-3fff9abd-6294-4284-99ac-af9d6c78a1f0 f52cb827014648a9baf493a70e099238 5b436957e7cd48c980ddb81b422b049f - - a992c7e162aa4dd9b879f0a13a6e7ea8 a992c7e162aa4dd9b879f0a13a6e7ea8] 10.0.0.127 "GET /v2.0/networks/35578931-e2b9-4320-89a3-2c30e6739de8?fields=provider%3Aphysical_network&fields=provider%3Anetwork_type HTTP/1.1" status: 200 len: 277 time: 0.0716314
2026-08-04 22:45:49.424 10 INFO neutron.wsgi [None req-866ba065-14b6-4a73-b4be-c76811f2a814 6904539e1b8e450581747e0c3d72b9c7 67a2ab3d09de4013aa4ff17c925eadb6 - - default default] 10.0.0.72 "GET /v2.0/ports HTTP/1.1" status: 200 len: 1733 time: 0.0949905
2026-08-04 22:45:49.446 9 INFO neutron.pecan_wsgi.hooks.translation [None req-e73dd1df-f3c0-4d1e-8e44-8a934c7e07f8 6904539e1b8e450581747e0c3d72b9c7 67a2ab3d09de4013aa4ff17c925eadb6 - - default default] GET failed (client error): The resource could not be found.
2026-08-04 22:45:49.448 9 INFO neutron.wsgi [None req-e73dd1df-f3c0-4d1e-8e44-8a934c7e07f8 6904539e1b8e450581747e0c3d72b9c7 67a2ab3d09de4013aa4ff17c925eadb6 - - default default] 10.0.0.72 "GET /v2.0/ports/4d3d5bc4-cadc-4e4e-bab0-8bcfeb135f8f HTTP/1.1" status: 404 len: 333 time: 0.0190303
2026-08-04 22:45:49.462 10 INFO neutron.db.segments_db [None req-ae633996-1694-409c-ad3d-a000de732bf7 a5c3f9e6256d4e9cbfb0c0ff950f19d0 7b30a4e1d7c44754b6e1abff1a5c7324 - - default default] Added segment a428c6a9-0300-4277-9b6d-5fd0b62161fa of type geneve for network 13043271-f341-464d-a431-39971e10e379
2026-08-04 22:45:49.530 9 INFO neutron.wsgi [req-ca6c09be-0a6b-486a-b823-5c9fb680cd39 req-ae044abd-096d-4203-829a-ee3f5fea182f f52cb827014648a9baf493a70e099238 5b436957e7cd48c980ddb81b422b049f - - a992c7e162aa4dd9b879f0a13a6e7ea8 a992c7e162aa4dd9b879f0a13a6e7ea8] 10.0.0.250 "GET /v2.0/ports?device_id=9f42726d-27c6-46e3-b43f-67f5e10eb8cf HTTP/1.1" status: 200 len: 1409 time: 0.1401684
2026-08-04 22:45:49.565 9 INFO neutron.wsgi [None req-f5b38778-b62e-4e38-bd3d-7f7c4e31d479 6904539e1b8e450581747e0c3d72b9c7 67a2ab3d09de4013aa4ff17c925eadb6 - - default default] 10.0.0.72 "GET /v2.0/ports HTTP/1.1" status: 200 len: 1733 time: 0.1106529
2026-08-04 22:45:49.584 10 INFO neutron.db.ovn_revision_numbers_db [None req-ae633996-1694-409c-ad3d-a000de732bf7 a5c3f9e6256d4e9cbfb0c0ff950f19d0 7b30a4e1d7c44754b6e1abff1a5c7324 - - default default] Successfully bumped revision number for resource 13043271-f341-464d-a431-39971e10e379 (type: networks) to 1
2026-08-04 22:45:49.597 9 INFO neutron.wsgi [req-ca6c09be-0a6b-486a-b823-5c9fb680cd39 req-9d4fc5f8-45ea-44d7-b34b-3c28338b79d7 f52cb827014648a9baf493a70e099238 5b436957e7cd48c980ddb81b422b049f - - a992c7e162aa4dd9b879f0a13a6e7ea8 a992c7e162aa4dd9b879f0a13a6e7ea8] 10.0.0.250 "GET /v2.0/security-groups?id=bd6088e2-69fa-466f-973f-7f1148e2bd93&fields=id&fields=name HTTP/1.1" status: 200 len: 313 time: 0.0572314
2026-08-04 22:45:49.603 9 INFO neutron.wsgi [None req-cb5d77fb-03a8-4294-83af-8966f5006e4b 6904539e1b8e450581747e0c3d72b9c7 67a2ab3d09de4013aa4ff17c925eadb6 - - default default] 10.0.0.72 "GET /v2.0/ports/3bd033f9-3235-419d-a753-218d10ab4892 HTTP/1.1" status: 200 len: 973 time: 0.0316455
2026-08-04 22:45:49.623 9 INFO neutron.pecan_wsgi.hooks.translation [None req-3ddfb3f8-cebe-4731-a2e6-05dd68a0b860 6904539e1b8e450581747e0c3d72b9c7 67a2ab3d09de4013aa4ff17c925eadb6 - - default default] DELETE failed (client error): The resource could not be found.
2026-08-04 22:45:49.625 9 INFO neutron.wsgi [None req-3ddfb3f8-cebe-4731-a2e6-05dd68a0b860 6904539e1b8e450581747e0c3d72b9c7 67a2ab3d09de4013aa4ff17c925eadb6 - - default default] 10.0.0.72 "DELETE /v2.0/ports/d779dbde-880f-4457-87e2-73966b75d4ca HTTP/1.1" status: 404 len: 333 time: 0.0161655
2026-08-04 22:45:49.643 9 INFO neutron.pecan_wsgi.hooks.translation [None req-a60e154b-5a9f-4a58-8c2b-f6be0166dff0 6904539e1b8e450581747e0c3d72b9c7 67a2ab3d09de4013aa4ff17c925eadb6 - - default default] DELETE failed (client error): The resource could not be found.
2026-08-04 22:45:49.645 9 INFO neutron.wsgi [None req-a60e154b-5a9f-4a58-8c2b-f6be0166dff0 6904539e1b8e450581747e0c3d72b9c7 67a2ab3d09de4013aa4ff17c925eadb6 - - default default] 10.0.0.72 "DELETE /v2.0/subnets/783dd7ed-7660-47d9-8648-68fe31598530 HTTP/1.1" status: 404 len: 337 time: 0.0151656
2026-08-04 22:45:49.662 9 INFO neutron.pecan_wsgi.hooks.translation [None req-868af423-7b94-4d25-ab23-67a33c03c13f 6904539e1b8e450581747e0c3d72b9c7 67a2ab3d09de4013aa4ff17c925eadb6 - - default default] DELETE failed (client error): The resource could not be found.
2026-08-04 22:45:49.664 9 INFO neutron.wsgi [None req-868af423-7b94-4d25-ab23-67a33c03c13f 6904539e1b8e450581747e0c3d72b9c7 67a2ab3d09de4013aa4ff17c925eadb6 - - default default] 10.0.0.72 "DELETE /v2.0/subnets/0615aa0b-b4f2-446f-bd01-30bb25dad89a HTTP/1.1" status: 404 len: 337 time: 0.0146339
2026-08-04 22:45:49.672 10 INFO neutron.wsgi [req-7253256a-fffc-4927-8861-ab2d88da8f9f req-44706173-1c44-4500-a354-451fa8aca82a 289e796f312542c39ca3a8c54126dc69 74296015fb73497e91517c0eba5ab230 - - default default] 10.0.0.127 "GET /v2.0/ports?device_id=f99f91a3-5ca8-4d32-842f-65dca51eeaa7 HTTP/1.1" status: 200 len: 210 time: 0.0212436
2026-08-04 22:45:49.776 10 WARNING neutron.scheduler.dhcp_agent_scheduler [None req-ae633996-1694-409c-ad3d-a000de732bf7 a5c3f9e6256d4e9cbfb0c0ff950f19d0 7b30a4e1d7c44754b6e1abff1a5c7324 - - default default] No more DHCP agents
2026-08-04 22:45:49.777 10 WARNING neutron.api.rpc.agentnotifiers.dhcp_rpc_agent_api [None req-ae633996-1694-409c-ad3d-a000de732bf7 a5c3f9e6256d4e9cbfb0c0ff950f19d0 7b30a4e1d7c44754b6e1abff1a5c7324 - - default default] Unable to schedule network 13043271-f341-464d-a431-39971e10e379: no agents available; will retry on subsequent port and subnet creation events.
2026-08-04 22:45:49.890 10 INFO neutron.db.ovn_revision_numbers_db [None req-ae633996-1694-409c-ad3d-a000de732bf7 a5c3f9e6256d4e9cbfb0c0ff950f19d0 7b30a4e1d7c44754b6e1abff1a5c7324 - - default default] Successfully bumped revision number for resource 975013f3-4535-4e0d-a0f5-7fd74a633965 (type: ports) to 1
2026-08-04 22:45:49.923 10 INFO neutron.wsgi [None req-ae633996-1694-409c-ad3d-a000de732bf7 a5c3f9e6256d4e9cbfb0c0ff950f19d0 7b30a4e1d7c44754b6e1abff1a5c7324 - - default default] 10.0.0.72 "POST /v2.0/networks HTTP/1.1" status: 201 len: 852 time: 0.5626180
2026-08-04 22:45:50.057 9 INFO neutron.wsgi [None req-73f3d3c9-717c-4092-a085-04dfb023f264 6904539e1b8e450581747e0c3d72b9c7 67a2ab3d09de4013aa4ff17c925eadb6 - - default default] 10.0.0.72 "DELETE /v2.0/ports/3bd033f9-3235-419d-a753-218d10ab4892 HTTP/1.1" status: 204 len: 168 time: 0.3900628
2026-08-04 22:45:50.063 9 INFO neutron.services.segments.plugin [-] Segment f39fb170-ccc5-41d7-872f-499992c73316 resource provider aggregate not found
2026-08-04 22:45:50.073 9 INFO neutron.services.segments.plugin [-] Segment f39fb170-ccc5-41d7-872f-499992c73316 resource provider aggregate not found
2026-08-04 22:45:50.077 9 INFO neutron.services.segments.plugin [-] Segment f39fb170-ccc5-41d7-872f-499992c73316 resource provider not found; error: Placement Client Error (4xx): {"errors": [{"status": 404, "title": "Not Found", "detail": "The resource could not be found.\n\n No resource provider with uuid f39fb170-ccc5-41d7-872f-499992c73316 found for delete ", "request_id": "req-a4f386ec-b880-4bde-9878-c76bb62d3bc5"}]}
2026-08-04 22:45:50.101 9 INFO neutron.services.segments.plugin [-] Segment f39fb170-ccc5-41d7-872f-499992c73316 resource provider not found; error: Placement Client Error (4xx): {"errors": [{"status": 404, "title": "Not Found", "detail": "The resource could not be found.\n\n No resource provider with uuid f39fb170-ccc5-41d7-872f-499992c73316 found for delete ", "request_id": "req-92b4cdf1-0b5a-4719-a06e-a28ef05da88f"}]}
2026-08-04 22:45:50.404 9 INFO neutron.wsgi [None req-151b1566-c633-42ca-8626-5860ec60e44a 6904539e1b8e450581747e0c3d72b9c7 67a2ab3d09de4013aa4ff17c925eadb6 - - default default] 10.0.0.72 "DELETE /v2.0/networks/53a55053-e0e6-4f29-a3eb-87d2b3ba050f HTTP/1.1" status: 204 len: 168 time: 0.3422980
2026-08-04 22:45:50.414 10 WARNING neutron.scheduler.dhcp_agent_scheduler [None req-4da104d6-2a89-4d24-8348-e463dc5b8f56 a5c3f9e6256d4e9cbfb0c0ff950f19d0 7b30a4e1d7c44754b6e1abff1a5c7324 - - default default] No more DHCP agents
2026-08-04 22:45:50.418 10 WARNING neutron.api.rpc.agentnotifiers.dhcp_rpc_agent_api [None req-4da104d6-2a89-4d24-8348-e463dc5b8f56 a5c3f9e6256d4e9cbfb0c0ff950f19d0 7b30a4e1d7c44754b6e1abff1a5c7324 - - default default] Unable to schedule network 59460a10-e225-4ff5-9d4a-acfc95d41949: no agents available; will retry on subsequent port and subnet creation events. /var/lib/openstack/lib/python3.10/site-packages/pycadf/identifier.py:71: UserWarning: Invalid uuid: neutron. To ensure interoperability, identifiers should be a valid uuid. warnings.warn(('Invalid uuid: %s. To ensure interoperability, '
2026-08-04 22:45:50.540 10 INFO neutron.wsgi [req-0e7139bc-d682-41a9-ac0c-442a1e996ff1 req-60dd4ab4-8829-432d-813e-9dfb8d84684e 289e796f312542c39ca3a8c54126dc69 74296015fb73497e91517c0eba5ab230 - - default default] 199.204.45.138 "GET /v2.0/networks?id=35578931-e2b9-4320-89a3-2c30e6739de8 HTTP/1.1" status: 200 len: 879 time: 0.0803788
2026-08-04 22:45:50.541 10 INFO neutron.db.ovn_revision_numbers_db [None req-4da104d6-2a89-4d24-8348-e463dc5b8f56 a5c3f9e6256d4e9cbfb0c0ff950f19d0 7b30a4e1d7c44754b6e1abff1a5c7324 - - default default] Successfully bumped revision number for resource 10641a47-d07c-4c6c-a933-d75dd670c617 (type: ports) to 1
2026-08-04 22:45:50.587 10 WARNING neutron.scheduler.dhcp_agent_scheduler [None req-4da104d6-2a89-4d24-8348-e463dc5b8f56 a5c3f9e6256d4e9cbfb0c0ff950f19d0 7b30a4e1d7c44754b6e1abff1a5c7324 - - default default] No more DHCP agents
2026-08-04 22:45:50.595 10 WARNING neutron.api.rpc.agentnotifiers.dhcp_rpc_agent_api [None req-4da104d6-2a89-4d24-8348-e463dc5b8f56 a5c3f9e6256d4e9cbfb0c0ff950f19d0 7b30a4e1d7c44754b6e1abff1a5c7324 - - default default] Unable to schedule network 13043271-f341-464d-a431-39971e10e379: no agents available; will retry on subsequent port and subnet creation events.
2026-08-04 22:45:50.608 10 INFO neutron.wsgi [req-0e7139bc-d682-41a9-ac0c-442a1e996ff1 req-3baceeaf-4bca-4533-b59b-24e5c31f6784 289e796f312542c39ca3a8c54126dc69 74296015fb73497e91517c0eba5ab230 - - default default] 199.204.45.138 "GET /v2.0/security-groups?fields=id&fields=name&tenant_id=74296015fb73497e91517c0eba5ab230 HTTP/1.1" status: 200 len: 380 time: 0.0631695 /var/lib/openstack/lib/python3.10/site-packages/pycadf/identifier.py:71: UserWarning: Invalid uuid: neutron. To ensure interoperability, identifiers should be a valid uuid. warnings.warn(('Invalid uuid: %s. To ensure interoperability, '
2026-08-04 22:45:50.704 10 INFO neutron.db.ovn_revision_numbers_db [None req-4da104d6-2a89-4d24-8348-e463dc5b8f56 a5c3f9e6256d4e9cbfb0c0ff950f19d0 7b30a4e1d7c44754b6e1abff1a5c7324 - - default default] Successfully bumped revision number for resource 4b159571-dfc6-4122-82dc-77c63431310d (type: ports) to 1
2026-08-04 22:45:50.728 10 INFO neutron.wsgi [None req-4da104d6-2a89-4d24-8348-e463dc5b8f56 a5c3f9e6256d4e9cbfb0c0ff950f19d0 7b30a4e1d7c44754b6e1abff1a5c7324 - - default default] 10.0.0.72 "POST /v2.0/ports HTTP/1.1" status: 201 len: 1705 time: 0.7987781
2026-08-04 22:45:50.765 9 INFO neutron.wsgi [req-c922ac2d-a78f-4ea7-b45a-a743fbff76b8 req-652de74f-6abf-473e-a2a8-7a90e4015c34 289e796f312542c39ca3a8c54126dc69 74296015fb73497e91517c0eba5ab230 - - default default] 10.0.0.127 "GET /v2.0/ports?device_id=f99f91a3-5ca8-4d32-842f-65dca51eeaa7 HTTP/1.1" status: 200 len: 210 time: 0.0240993
2026-08-04 22:45:50.892 10 INFO neutron.wsgi [None req-46375a90-3aa4-46d2-a5e4-8af1ea24155d a5c3f9e6256d4e9cbfb0c0ff950f19d0 7b30a4e1d7c44754b6e1abff1a5c7324 - - default default] 10.0.0.72 "GET /v2.0/ports HTTP/1.1" status: 200 len: 3212 time: 0.1575572
2026-08-04 22:45:51.003 10 WARNING neutron.scheduler.dhcp_agent_scheduler [req-0e7139bc-d682-41a9-ac0c-442a1e996ff1 req-a67dc367-eab6-46df-833d-be1aff29aaf5 289e796f312542c39ca3a8c54126dc69 74296015fb73497e91517c0eba5ab230 - - default default] No more DHCP agents
2026-08-04 22:45:51.005 10 WARNING neutron.api.rpc.agentnotifiers.dhcp_rpc_agent_api [req-0e7139bc-d682-41a9-ac0c-442a1e996ff1 req-a67dc367-eab6-46df-833d-be1aff29aaf5 289e796f312542c39ca3a8c54126dc69 74296015fb73497e91517c0eba5ab230 - - default default] Unable to schedule network 35578931-e2b9-4320-89a3-2c30e6739de8: no agents available; will retry on subsequent port and subnet creation events.
2026-08-04 22:45:51.086 9 INFO neutron.wsgi [None req-b5d03a92-fdd0-4cfe-8293-1c3e037b59ad e761660862c3414aa998f844134ef90b afa7bd8107b24493a44f235c1e638b44 - - default default] 10.0.0.72 "GET /v2.0/security-groups?tenant_id=67a2ab3d09de4013aa4ff17c925eadb6&name=default HTTP/1.1" status: 200 len: 2996 time: 0.1242223 /var/lib/openstack/lib/python3.10/site-packages/pycadf/identifier.py:71: UserWarning: Invalid uuid: neutron. To ensure interoperability, identifiers should be a valid uuid. warnings.warn(('Invalid uuid: %s. To ensure interoperability, '
2026-08-04 22:45:51.115 9 INFO neutron.wsgi [None req-ceda397e-db5d-484e-9af0-16f46b2565b7 a5c3f9e6256d4e9cbfb0c0ff950f19d0 7b30a4e1d7c44754b6e1abff1a5c7324 - - default default] 10.0.0.72 "DELETE /v2.0/ports/10641a47-d07c-4c6c-a933-d75dd670c617 HTTP/1.1" status: 204 len: 168 time: 0.2195942
2026-08-04 22:45:51.300 10 INFO neutron.db.ovn_revision_numbers_db [req-0e7139bc-d682-41a9-ac0c-442a1e996ff1 req-a67dc367-eab6-46df-833d-be1aff29aaf5 289e796f312542c39ca3a8c54126dc69 74296015fb73497e91517c0eba5ab230 - - default default] Successfully bumped revision number for resource 5d61bcf8-4174-472d-a7b9-608111313792 (type: ports) to 1
2026-08-04 22:45:51.323 9 INFO neutron.wsgi [None req-58529802-3c3a-416f-bb7f-6cb52428e6e8 a5c3f9e6256d4e9cbfb0c0ff950f19d0 7b30a4e1d7c44754b6e1abff1a5c7324 - - default default] 10.0.0.72 "DELETE /v2.0/ports/4b159571-dfc6-4122-82dc-77c63431310d HTTP/1.1" status: 204 len: 168 time: 0.2040241
2026-08-04 22:45:51.326 10 INFO neutron.wsgi [req-0e7139bc-d682-41a9-ac0c-442a1e996ff1 req-a67dc367-eab6-46df-833d-be1aff29aaf5 289e796f312542c39ca3a8c54126dc69 74296015fb73497e91517c0eba5ab230 - - default default] 199.204.45.138 "POST /v2.0/ports HTTP/1.1" status: 201 len: 1158 time: 0.6984155
2026-08-04 22:45:51.443 9 INFO neutron.wsgi [None req-fc807852-a2a8-4213-a025-e032c31fc047 a5c3f9e6256d4e9cbfb0c0ff950f19d0 7b30a4e1d7c44754b6e1abff1a5c7324 - - default default] 10.0.0.72 "GET /v2.0/ports HTTP/1.1" status: 200 len: 1718 time: 0.1154659
2026-08-04 22:45:51.511 10 INFO neutron.wsgi [None req-5c8e0f26-e488-4738-a39f-b46383c30742 e761660862c3414aa998f844134ef90b afa7bd8107b24493a44f235c1e638b44 - - default default] 10.0.0.72 "DELETE /v2.0/security-groups/e52e4e83-1eea-448e-a95b-fbc50b6885f3 HTTP/1.1" status: 204 len: 168 time: 0.4186561
2026-08-04 22:45:51.553 9 INFO neutron.db.segments_db [None req-3e416919-170f-4cd4-8619-de3502c7ecce a5c3f9e6256d4e9cbfb0c0ff950f19d0 7b30a4e1d7c44754b6e1abff1a5c7324 - - default default] Added segment 60219dfe-0dbe-4527-a53e-669c6ca9faae of type geneve for network de023c1d-846b-428b-8789-b4eab23c229f
2026-08-04 22:45:51.686 9 INFO neutron.db.ovn_revision_numbers_db [None req-3e416919-170f-4cd4-8619-de3502c7ecce a5c3f9e6256d4e9cbfb0c0ff950f19d0 7b30a4e1d7c44754b6e1abff1a5c7324 - - default default] Successfully bumped revision number for resource de023c1d-846b-428b-8789-b4eab23c229f (type: networks) to 1
2026-08-04 22:45:51.740 10 INFO neutron.db.ovn_revision_numbers_db [req-0e7139bc-d682-41a9-ac0c-442a1e996ff1 req-53f41f2a-96b7-4aa0-94d1-223a8db9b8a6 f52cb827014648a9baf493a70e099238 5b436957e7cd48c980ddb81b422b049f - - a992c7e162aa4dd9b879f0a13a6e7ea8 a992c7e162aa4dd9b879f0a13a6e7ea8] Successfully bumped revision number for resource 5d61bcf8-4174-472d-a7b9-608111313792 (type: ports) to 2 /var/lib/openstack/lib/python3.10/site-packages/pycadf/identifier.py:71: UserWarning: Invalid uuid: neutron. To ensure interoperability, identifiers should be a valid uuid. warnings.warn(('Invalid uuid: %s. To ensure interoperability, '
2026-08-04 22:45:51.855 9 WARNING neutron.scheduler.dhcp_agent_scheduler [None req-3e416919-170f-4cd4-8619-de3502c7ecce a5c3f9e6256d4e9cbfb0c0ff950f19d0 7b30a4e1d7c44754b6e1abff1a5c7324 - - default default] No more DHCP agents
2026-08-04 22:45:51.857 9 WARNING neutron.api.rpc.agentnotifiers.dhcp_rpc_agent_api [None req-3e416919-170f-4cd4-8619-de3502c7ecce a5c3f9e6256d4e9cbfb0c0ff950f19d0 7b30a4e1d7c44754b6e1abff1a5c7324 - - default default] Unable to schedule network de023c1d-846b-428b-8789-b4eab23c229f: no agents available; will retry on subsequent port and subnet creation events.
2026-08-04 22:45:51.939 9 INFO neutron.db.ovn_revision_numbers_db [None req-3e416919-170f-4cd4-8619-de3502c7ecce a5c3f9e6256d4e9cbfb0c0ff950f19d0 7b30a4e1d7c44754b6e1abff1a5c7324 - - default default] Successfully bumped revision number for resource fe46d9fb-4dbc-47ba-a03b-2156ccdaa16e (type: ports) to 1
2026-08-04 22:45:51.959 10 INFO neutron.wsgi [req-80e2cbf0-4125-4066-8c0b-1f3b948f4d12 req-1472804b-0dab-4d66-b080-edc1daf344e7 289e796f312542c39ca3a8c54126dc69 74296015fb73497e91517c0eba5ab230 - - default default] 10.0.0.127 "GET /v2.0/ports?device_id=f99f91a3-5ca8-4d32-842f-65dca51eeaa7 HTTP/1.1" status: 200 len: 1168 time: 0.1161373
2026-08-04 22:45:51.963 9 INFO neutron.wsgi [None req-3e416919-170f-4cd4-8619-de3502c7ecce a5c3f9e6256d4e9cbfb0c0ff950f19d0 7b30a4e1d7c44754b6e1abff1a5c7324 - - default default] 10.0.0.72 "POST /v2.0/networks HTTP/1.1" status: 201 len: 852 time: 0.5152366
2026-08-04 22:45:51.964 10 INFO neutron.db.ovn_revision_numbers_db [req-0e7139bc-d682-41a9-ac0c-442a1e996ff1 req-53f41f2a-96b7-4aa0-94d1-223a8db9b8a6 f52cb827014648a9baf493a70e099238 5b436957e7cd48c980ddb81b422b049f - - a992c7e162aa4dd9b879f0a13a6e7ea8 a992c7e162aa4dd9b879f0a13a6e7ea8] Successfully bumped revision number for resource 5d61bcf8-4174-472d-a7b9-608111313792 (type: ports) to 2 /var/lib/openstack/lib/python3.10/site-packages/pycadf/identifier.py:71: UserWarning: Invalid uuid: neutron. To ensure interoperability, identifiers should be a valid uuid. warnings.warn(('Invalid uuid: %s. To ensure interoperability, '
2026-08-04 22:45:51.991 10 INFO neutron.wsgi [req-0e7139bc-d682-41a9-ac0c-442a1e996ff1 req-53f41f2a-96b7-4aa0-94d1-223a8db9b8a6 f52cb827014648a9baf493a70e099238 5b436957e7cd48c980ddb81b422b049f - - a992c7e162aa4dd9b879f0a13a6e7ea8 a992c7e162aa4dd9b879f0a13a6e7ea8] 199.204.45.138 "PUT /v2.0/ports/5d61bcf8-4174-472d-a7b9-608111313792 HTTP/1.1" status: 200 len: 1376 time: 0.6569734
2026-08-04 22:45:52.020 10 INFO neutron.wsgi [req-80e2cbf0-4125-4066-8c0b-1f3b948f4d12 req-abb71f73-63da-4ec5-9e13-ecbd11a44a08 289e796f312542c39ca3a8c54126dc69 74296015fb73497e91517c0eba5ab230 - - default default] 10.0.0.127 "GET /v2.0/security-groups?id=19ddb2cc-9408-4539-9e8f-f5712235c310&fields=id&fields=name HTTP/1.1" status: 200 len: 313 time: 0.0560420
2026-08-04 22:45:52.060 10 INFO neutron.notifiers.nova [-] Nova event matching ['req-c3368e21-6e16-4101-a096-b417aade95cc'] response: {'name': 'network-changed', 'server_uuid': 'f99f91a3-5ca8-4d32-842f-65dca51eeaa7', 'tag': '5d61bcf8-4174-472d-a7b9-608111313792', 'status': 'completed', 'code': 200}
2026-08-04 22:45:52.082 10 INFO neutron.wsgi [req-0e7139bc-d682-41a9-ac0c-442a1e996ff1 req-4419fd90-4e2f-4918-8e62-8849e2d16f78 f52cb827014648a9baf493a70e099238 5b436957e7cd48c980ddb81b422b049f - - a992c7e162aa4dd9b879f0a13a6e7ea8 a992c7e162aa4dd9b879f0a13a6e7ea8] 199.204.45.138 "GET /v2.0/ports?tenant_id=74296015fb73497e91517c0eba5ab230&device_id=f99f91a3-5ca8-4d32-842f-65dca51eeaa7 HTTP/1.1" status: 200 len: 1407 time: 0.0325856
2026-08-04 22:45:52.097 9 INFO neutron.db.segments_db [None req-308a7da5-0770-4b88-8c5b-0ffe78755a75 a5c3f9e6256d4e9cbfb0c0ff950f19d0 7b30a4e1d7c44754b6e1abff1a5c7324 - - default default] Added segment 21210bec-442e-4469-a641-086bd5fe79d8 of type geneve for network d271ba4e-00a1-46e2-bb20-ee852fd17e71
2026-08-04 22:45:52.099 9 INFO neutron.services.segments.plugin [-] Segment a7db3c6b-7278-47df-9c52-a6762af36b73 resource provider aggregate not found
2026-08-04 22:45:52.112 10 INFO neutron.wsgi [req-0e7139bc-d682-41a9-ac0c-442a1e996ff1 req-9d190a5b-bbfd-42c7-a9cb-1fb07bf53b88 f52cb827014648a9baf493a70e099238 5b436957e7cd48c980ddb81b422b049f - - a992c7e162aa4dd9b879f0a13a6e7ea8 a992c7e162aa4dd9b879f0a13a6e7ea8] 199.204.45.138 "GET /v2.0/floatingips?fixed_ip_address=10.100.0.9&port_id=5d61bcf8-4174-472d-a7b9-608111313792 HTTP/1.1" status: 200 len: 217 time: 0.0215213
2026-08-04 22:45:52.127 9 INFO neutron.services.segments.plugin [-] Segment a7db3c6b-7278-47df-9c52-a6762af36b73 resource provider not found; error: Placement Client Error (4xx): {"errors": [{"status": 404, "title": "Not Found", "detail": "The resource could not be found.\n\n No resource provider with uuid a7db3c6b-7278-47df-9c52-a6762af36b73 found for delete ", "request_id": "req-724e4995-38a0-4804-a907-8687c8bc2387"}]}
2026-08-04 22:45:52.128 9 INFO neutron.services.segments.plugin [-] Segment a7db3c6b-7278-47df-9c52-a6762af36b73 resource provider aggregate not found
2026-08-04 22:45:52.142 10 INFO neutron.wsgi [req-0e7139bc-d682-41a9-ac0c-442a1e996ff1 req-1adf2ceb-41dc-481d-bd73-9dcd7d5a61fb f52cb827014648a9baf493a70e099238 5b436957e7cd48c980ddb81b422b049f - - a992c7e162aa4dd9b879f0a13a6e7ea8 a992c7e162aa4dd9b879f0a13a6e7ea8] 199.204.45.138 "GET /v2.0/subnets?id=fe428c1a-1ed1-4085-9a90-7942f6bf0638 HTTP/1.1" status: 200 len: 873 time: 0.0246811
2026-08-04 22:45:52.145 9 INFO neutron.services.segments.plugin [-] Segment a7db3c6b-7278-47df-9c52-a6762af36b73 resource provider not found; error: Placement Client Error (4xx): {"errors": [{"status": 404, "title": "Not Found", "detail": "The resource could not be found.\n\n No resource provider with uuid a7db3c6b-7278-47df-9c52-a6762af36b73 found for delete ", "request_id": "req-c2c9c1e5-a510-494a-bd36-b79a0f6d36a1"}]}
2026-08-04 22:45:52.164 10 INFO neutron.wsgi [req-0e7139bc-d682-41a9-ac0c-442a1e996ff1 req-36fb7dfd-845b-42f0-9c05-a20d268aa2c6 f52cb827014648a9baf493a70e099238 5b436957e7cd48c980ddb81b422b049f - - a992c7e162aa4dd9b879f0a13a6e7ea8 a992c7e162aa4dd9b879f0a13a6e7ea8] 199.204.45.138 "GET /v2.0/ports?network_id=35578931-e2b9-4320-89a3-2c30e6739de8&device_owner=network%3Adhcp HTTP/1.1" status: 200 len: 210 time: 0.0149510
2026-08-04 22:45:52.238 10 INFO neutron.wsgi [req-0e7139bc-d682-41a9-ac0c-442a1e996ff1 req-b72ff1d1-5024-4c07-8f05-aca3d6831e4a f52cb827014648a9baf493a70e099238 5b436957e7cd48c980ddb81b422b049f - - a992c7e162aa4dd9b879f0a13a6e7ea8 a992c7e162aa4dd9b879f0a13a6e7ea8] 199.204.45.138 "GET /v2.0/networks/35578931-e2b9-4320-89a3-2c30e6739de8?fields=segments HTTP/1.1" status: 200 len: 212 time: 0.0677457
2026-08-04 22:45:52.255 9 INFO neutron.db.ovn_revision_numbers_db [None req-308a7da5-0770-4b88-8c5b-0ffe78755a75 a5c3f9e6256d4e9cbfb0c0ff950f19d0 7b30a4e1d7c44754b6e1abff1a5c7324 - - default default] Successfully bumped revision number for resource d271ba4e-00a1-46e2-bb20-ee852fd17e71 (type: networks) to 1
2026-08-04 22:45:52.309 10 INFO neutron.wsgi [req-0e7139bc-d682-41a9-ac0c-442a1e996ff1 req-e8c86b49-bef5-4419-ba8a-b753a3296ddc f52cb827014648a9baf493a70e099238 5b436957e7cd48c980ddb81b422b049f - - a992c7e162aa4dd9b879f0a13a6e7ea8 a992c7e162aa4dd9b879f0a13a6e7ea8] 199.204.45.138 "GET /v2.0/networks/35578931-e2b9-4320-89a3-2c30e6739de8?fields=provider%3Aphysical_network&fields=provider%3Anetwork_type HTTP/1.1" status: 200 len: 277 time: 0.0634356
2026-08-04 22:45:52.386 10 INFO neutron.wsgi [req-3f7c7fcc-332a-451c-ae09-a75b4ea4cb2f req-c25de03d-f363-41b3-b460-883ff75d94c3 f52cb827014648a9baf493a70e099238 5b436957e7cd48c980ddb81b422b049f - - a992c7e162aa4dd9b879f0a13a6e7ea8 a992c7e162aa4dd9b879f0a13a6e7ea8] 199.204.45.138 "GET /v2.0/ports?tenant_id=74296015fb73497e91517c0eba5ab230&device_id=f99f91a3-5ca8-4d32-842f-65dca51eeaa7 HTTP/1.1" status: 200 len: 1407 time: 0.0313137
2026-08-04 22:45:52.423 9 WARNING neutron.scheduler.dhcp_agent_scheduler [None req-308a7da5-0770-4b88-8c5b-0ffe78755a75 a5c3f9e6256d4e9cbfb0c0ff950f19d0 7b30a4e1d7c44754b6e1abff1a5c7324 - - default default] No more DHCP agents
2026-08-04 22:45:52.424 9 WARNING neutron.api.rpc.agentnotifiers.dhcp_rpc_agent_api [None req-308a7da5-0770-4b88-8c5b-0ffe78755a75 a5c3f9e6256d4e9cbfb0c0ff950f19d0 7b30a4e1d7c44754b6e1abff1a5c7324 - - default default] Unable to schedule network d271ba4e-00a1-46e2-bb20-ee852fd17e71: no agents available; will retry on subsequent port and subnet creation events.
2026-08-04 22:45:52.453 10 INFO neutron.wsgi [req-3f7c7fcc-332a-451c-ae09-a75b4ea4cb2f req-6c2fc643-5ef2-489b-a5ed-056dfbb89cea f52cb827014648a9baf493a70e099238 5b436957e7cd48c980ddb81b422b049f - - a992c7e162aa4dd9b879f0a13a6e7ea8 a992c7e162aa4dd9b879f0a13a6e7ea8] 199.204.45.138 "GET /v2.0/networks?id=35578931-e2b9-4320-89a3-2c30e6739de8 HTTP/1.1" status: 200 len: 978 time: 0.0608895
2026-08-04 22:45:52.484 10 INFO neutron.wsgi [req-3f7c7fcc-332a-451c-ae09-a75b4ea4cb2f req-52656f6e-349c-4c2c-b0d8-a06ff8ff261b f52cb827014648a9baf493a70e099238 5b436957e7cd48c980ddb81b422b049f - - a992c7e162aa4dd9b879f0a13a6e7ea8 a992c7e162aa4dd9b879f0a13a6e7ea8] 199.204.45.138 "GET /v2.0/floatingips?fixed_ip_address=10.100.0.9&port_id=5d61bcf8-4174-472d-a7b9-608111313792 HTTP/1.1" status: 200 len: 217 time: 0.0248845
2026-08-04 22:45:52.513 9 INFO neutron.db.ovn_revision_numbers_db [None req-308a7da5-0770-4b88-8c5b-0ffe78755a75 a5c3f9e6256d4e9cbfb0c0ff950f19d0 7b30a4e1d7c44754b6e1abff1a5c7324 - - default default] Successfully bumped revision number for resource 27722b01-7f71-475b-b6ae-c81c9ebc4857 (type: ports) to 1
2026-08-04 22:45:52.516 10 INFO neutron.wsgi [req-3f7c7fcc-332a-451c-ae09-a75b4ea4cb2f req-e84b97ba-09e5-44b2-9a7e-7ddd99e91525 f52cb827014648a9baf493a70e099238 5b436957e7cd48c980ddb81b422b049f - - a992c7e162aa4dd9b879f0a13a6e7ea8 a992c7e162aa4dd9b879f0a13a6e7ea8] 199.204.45.138 "GET /v2.0/subnets?id=fe428c1a-1ed1-4085-9a90-7942f6bf0638 HTTP/1.1" status: 200 len: 873 time: 0.0275295
2026-08-04 22:45:52.549 9 INFO neutron.wsgi [None req-308a7da5-0770-4b88-8c5b-0ffe78755a75 a5c3f9e6256d4e9cbfb0c0ff950f19d0 7b30a4e1d7c44754b6e1abff1a5c7324 - - default default] 10.0.0.72 "POST /v2.0/networks HTTP/1.1" status: 201 len: 852 time: 0.5822871
2026-08-04 22:45:52.556 10 INFO neutron.wsgi [req-3f7c7fcc-332a-451c-ae09-a75b4ea4cb2f req-04aba5cf-8c7b-4cc9-b1b9-d84abfc7b862 f52cb827014648a9baf493a70e099238 5b436957e7cd48c980ddb81b422b049f - - a992c7e162aa4dd9b879f0a13a6e7ea8 a992c7e162aa4dd9b879f0a13a6e7ea8] 199.204.45.138 "GET /v2.0/ports?network_id=35578931-e2b9-4320-89a3-2c30e6739de8&device_owner=network%3Adhcp HTTP/1.1" status: 200 len: 210 time: 0.0272326
2026-08-04 22:45:52.624 10 INFO neutron.wsgi [req-3f7c7fcc-332a-451c-ae09-a75b4ea4cb2f req-51fa424e-fcea-4be9-93ae-819cd9ebcf86 f52cb827014648a9baf493a70e099238 5b436957e7cd48c980ddb81b422b049f - - a992c7e162aa4dd9b879f0a13a6e7ea8 a992c7e162aa4dd9b879f0a13a6e7ea8] 199.204.45.138 "GET /v2.0/networks/35578931-e2b9-4320-89a3-2c30e6739de8?fields=segments HTTP/1.1" status: 200 len: 212 time: 0.0588205
2026-08-04 22:45:52.685 10 INFO neutron.wsgi [req-3f7c7fcc-332a-451c-ae09-a75b4ea4cb2f req-a248abe1-6af5-4db1-8d5f-7b49047a5ca4 f52cb827014648a9baf493a70e099238 5b436957e7cd48c980ddb81b422b049f - - a992c7e162aa4dd9b879f0a13a6e7ea8 a992c7e162aa4dd9b879f0a13a6e7ea8] 199.204.45.138 "GET /v2.0/networks/35578931-e2b9-4320-89a3-2c30e6739de8?fields=provider%3Aphysical_network&fields=provider%3Anetwork_type HTTP/1.1" status: 200 len: 277 time: 0.0561578
2026-08-04 22:45:53.123 10 INFO neutron.wsgi [req-2d31fbb4-d0ff-4313-8e39-2479d9b7dd8f req-fab6e546-a34f-4f3a-912a-1e40e28fc33a 289e796f312542c39ca3a8c54126dc69 74296015fb73497e91517c0eba5ab230 - - default default] 10.0.0.127 "GET /v2.0/ports?device_id=f99f91a3-5ca8-4d32-842f-65dca51eeaa7 HTTP/1.1" status: 200 len: 1168 time: 0.0396793
2026-08-04 22:45:53.177 10 INFO neutron.wsgi [req-2d31fbb4-d0ff-4313-8e39-2479d9b7dd8f req-145caf7e-2493-4120-a8af-a1614b4479a5 289e796f312542c39ca3a8c54126dc69 74296015fb73497e91517c0eba5ab230 - - default default] 10.0.0.127 "GET /v2.0/security-groups?id=19ddb2cc-9408-4539-9e8f-f5712235c310&fields=id&fields=name HTTP/1.1" status: 200 len: 313 time: 0.0499735
2026-08-04 22:45:53.432 9 INFO neutron.db.ovn_revision_numbers_db [None req-2f6d3847-d7c8-48bb-abbb-8858a0dce296 1ceab629636f4667bc9607b769f91693 638063dca1d4486999f1b8976a272baa - - default default] Successfully bumped revision number for resource 268a7807-c68b-4a51-b7d8-6d238f0472ef (type: security_groups) to 1
2026-08-04 22:45:53.445 9 INFO neutron.db.ovn_revision_numbers_db [None req-2f6d3847-d7c8-48bb-abbb-8858a0dce296 1ceab629636f4667bc9607b769f91693 638063dca1d4486999f1b8976a272baa - - default default] Successfully bumped revision number for resource 1c1af68d-9f31-4124-9631-4621a11e69a5 (type: security_group_rules) to 0
2026-08-04 22:45:53.453 10 WARNING neutron.scheduler.dhcp_agent_scheduler [None req-cce76191-22a3-47cb-aef2-61cd3e0a2690 a5c3f9e6256d4e9cbfb0c0ff950f19d0 7b30a4e1d7c44754b6e1abff1a5c7324 - - default default] No more DHCP agents
2026-08-04 22:45:53.456 10 WARNING neutron.api.rpc.agentnotifiers.dhcp_rpc_agent_api [None req-cce76191-22a3-47cb-aef2-61cd3e0a2690 a5c3f9e6256d4e9cbfb0c0ff950f19d0 7b30a4e1d7c44754b6e1abff1a5c7324 - - default default] Unable to schedule network de023c1d-846b-428b-8789-b4eab23c229f: no agents available; will retry on subsequent port and subnet creation events.
2026-08-04 22:45:53.460 9 INFO neutron.db.ovn_revision_numbers_db [None req-2f6d3847-d7c8-48bb-abbb-8858a0dce296 1ceab629636f4667bc9607b769f91693 638063dca1d4486999f1b8976a272baa - - default default] Successfully bumped revision number for resource 29b02bdd-49e4-4c53-8601-a8b2e1ae5c62 (type: security_group_rules) to 0
2026-08-04 22:45:53.475 9 INFO neutron.db.ovn_revision_numbers_db [None req-2f6d3847-d7c8-48bb-abbb-8858a0dce296 1ceab629636f4667bc9607b769f91693 638063dca1d4486999f1b8976a272baa - - default default] Successfully bumped revision number for resource 42fa70e1-0a3a-451a-960f-4f01806cab7b (type: security_group_rules) to 0
2026-08-04 22:45:53.486 10 INFO neutron.db.ovn_revision_numbers_db [None req-cce76191-22a3-47cb-aef2-61cd3e0a2690 a5c3f9e6256d4e9cbfb0c0ff950f19d0 7b30a4e1d7c44754b6e1abff1a5c7324 - - default default] Successfully bumped revision number for resource a382ff44-1bfb-40e1-96ea-fb752ef9e677 (type: subnets) to 0
2026-08-04 22:45:53.489 9 INFO neutron.db.ovn_revision_numbers_db [None req-2f6d3847-d7c8-48bb-abbb-8858a0dce296 1ceab629636f4667bc9607b769f91693 638063dca1d4486999f1b8976a272baa - - default default] Successfully bumped revision number for resource cbcd5681-266a-4e82-b587-2a1c93750cce (type: security_group_rules) to 0
2026-08-04 22:45:53.505 10 WARNING neutron.scheduler.dhcp_agent_scheduler [None req-cce76191-22a3-47cb-aef2-61cd3e0a2690 a5c3f9e6256d4e9cbfb0c0ff950f19d0 7b30a4e1d7c44754b6e1abff1a5c7324 - - default default] No more DHCP agents
2026-08-04 22:45:53.508 10 WARNING neutron.api.rpc.agentnotifiers.dhcp_rpc_agent_api [None req-cce76191-22a3-47cb-aef2-61cd3e0a2690 a5c3f9e6256d4e9cbfb0c0ff950f19d0 7b30a4e1d7c44754b6e1abff1a5c7324 - - default default] Unable to schedule network d271ba4e-00a1-46e2-bb20-ee852fd17e71: no agents available; will retry on subsequent port and subnet creation events.
2026-08-04 22:45:53.538 10 INFO neutron.db.ovn_revision_numbers_db [None req-cce76191-22a3-47cb-aef2-61cd3e0a2690 a5c3f9e6256d4e9cbfb0c0ff950f19d0 7b30a4e1d7c44754b6e1abff1a5c7324 - - default default] Successfully bumped revision number for resource e531c101-4762-4f63-b01a-8bf18a3cdf45 (type: subnets) to 0
2026-08-04 22:45:53.548 9 INFO neutron.db.segments_db [None req-2f6d3847-d7c8-48bb-abbb-8858a0dce296 1ceab629636f4667bc9607b769f91693 638063dca1d4486999f1b8976a272baa - - default default] Added segment a9763fa4-5f86-4a49-9097-9788eeaf106c of type geneve for network d9f5eb83-afbb-4f7a-a1e8-11e009e24fef
2026-08-04 22:45:53.552 10 INFO neutron.wsgi [None req-cce76191-22a3-47cb-aef2-61cd3e0a2690 a5c3f9e6256d4e9cbfb0c0ff950f19d0 7b30a4e1d7c44754b6e1abff1a5c7324 - - default default] 10.0.0.72 "POST /v2.0/subnets HTTP/1.1" status: 201 len: 1475 time: 0.5493279
2026-08-04 22:45:53.612 10 INFO neutron.wsgi [None req-d690c350-1822-41e3-9edc-66e65cd9784e a5c3f9e6256d4e9cbfb0c0ff950f19d0 7b30a4e1d7c44754b6e1abff1a5c7324 - - default default] 10.0.0.72 "GET /v2.0/subnets HTTP/1.1" status: 200 len: 2083 time: 0.0543630
2026-08-04 22:45:53.686 9 INFO neutron.plugins.ml2.drivers.ovn.mech_driver.mech_driver [None req-ae43b803-d6a9-416c-bde3-9ed624d32b06 - - - - - -] OVN reports status up for port: 5d61bcf8-4174-472d-a7b9-608111313792
2026-08-04 22:45:53.702 9 INFO neutron.plugins.ml2.plugin [None req-ae43b803-d6a9-416c-bde3-9ed624d32b06 - - - - - -] Attempt 1 to provision port 5d61bcf8-4174-472d-a7b9-608111313792
2026-08-04 22:45:53.749 9 INFO neutron.db.ovn_revision_numbers_db [None req-2f6d3847-d7c8-48bb-abbb-8858a0dce296 1ceab629636f4667bc9607b769f91693 638063dca1d4486999f1b8976a272baa - - default default] Successfully bumped revision number for resource d9f5eb83-afbb-4f7a-a1e8-11e009e24fef (type: networks) to 1
2026-08-04 22:45:53.859 9 INFO neutron.notifiers.nova [-] Nova event matching ['req-e915681f-6838-4427-82a5-091720e8d8f1'] response: {'server_uuid': 'f99f91a3-5ca8-4d32-842f-65dca51eeaa7', 'name': 'network-vif-plugged', 'status': 'completed', 'tag': '5d61bcf8-4174-472d-a7b9-608111313792', 'code': 200}
2026-08-04 22:45:53.871 10 INFO neutron.wsgi [None req-e71b6801-15c1-4212-8118-5dab75cced3a a5c3f9e6256d4e9cbfb0c0ff950f19d0 7b30a4e1d7c44754b6e1abff1a5c7324 - - default default] 10.0.0.72 "DELETE /v2.0/subnets/a382ff44-1bfb-40e1-96ea-fb752ef9e677 HTTP/1.1" status: 204 len: 168 time: 0.2463312
2026-08-04 22:45:54.011 9 WARNING neutron.scheduler.dhcp_agent_scheduler [None req-2f6d3847-d7c8-48bb-abbb-8858a0dce296 1ceab629636f4667bc9607b769f91693 638063dca1d4486999f1b8976a272baa - - default default] No more DHCP agents
2026-08-04 22:45:54.015 9 WARNING neutron.api.rpc.agentnotifiers.dhcp_rpc_agent_api [None req-2f6d3847-d7c8-48bb-abbb-8858a0dce296 1ceab629636f4667bc9607b769f91693 638063dca1d4486999f1b8976a272baa - - default default] Unable to schedule network d9f5eb83-afbb-4f7a-a1e8-11e009e24fef: no agents available; will retry on subsequent port and subnet creation events.
2026-08-04 22:45:54.061 10 INFO neutron.wsgi [None req-585a55b6-ade5-4670-8f1b-ae199e82278e a5c3f9e6256d4e9cbfb0c0ff950f19d0 7b30a4e1d7c44754b6e1abff1a5c7324 - - default default] 10.0.0.72 "DELETE /v2.0/subnets/e531c101-4762-4f63-b01a-8bf18a3cdf45 HTTP/1.1" status: 204 len: 168 time: 0.1847260
2026-08-04 22:45:54.090 9 INFO neutron.db.ovn_revision_numbers_db [None req-ae43b803-d6a9-416c-bde3-9ed624d32b06 - - - - - -] Successfully bumped revision number for resource 5d61bcf8-4174-472d-a7b9-608111313792 (type: ports) to 4
2026-08-04 22:45:54.106 10 INFO neutron.wsgi [None req-3227f8d5-0370-4f80-a13e-12f418f7970d a5c3f9e6256d4e9cbfb0c0ff950f19d0 7b30a4e1d7c44754b6e1abff1a5c7324 - - default default] 10.0.0.72 "GET /v2.0/subnets HTTP/1.1" status: 200 len: 820 time: 0.0402861
2026-08-04 22:45:54.112 9 INFO neutron.db.ovn_revision_numbers_db [None req-2f6d3847-d7c8-48bb-abbb-8858a0dce296 1ceab629636f4667bc9607b769f91693 638063dca1d4486999f1b8976a272baa - - default default] Successfully bumped revision number for resource b8de1e17-4a92-49a3-b546-70af43b0b5a4 (type: ports) to 1
