2026-08-04 22:45:38.805 9 INFO neutron.wsgi [None req-09a9682c-05bf-45cd-908a-925b2b28606a e42f76fade8144898bba980294bf15b7 e080e1a7f3004e7099592bcecd63906f - - default default] 10.0.0.72 "GET /v2.0/extensions/subnet-segmentid-writable HTTP/1.1" status: 200 len: 421 time: 0.0037458
2026-08-04 22:45:38.814 9 INFO neutron.wsgi [None req-7b1052af-943d-4409-af48-09250e8b0b8a e42f76fade8144898bba980294bf15b7 e080e1a7f3004e7099592bcecd63906f - - default default] 10.0.0.72 "GET /v2.0/extensions/subnet-service-types HTTP/1.1" status: 200 len: 400 time: 0.0045166
2026-08-04 22:45:38.822 9 INFO neutron.wsgi [None req-03e6aa61-4a11-4b14-bdfa-c718ca964578 e42f76fade8144898bba980294bf15b7 e080e1a7f3004e7099592bcecd63906f - - default default] 10.0.0.72 "GET /v2.0/extensions/subnet_allocation HTTP/1.1" status: 200 len: 388 time: 0.0040326
2026-08-04 22:45:38.830 9 INFO neutron.wsgi [None req-5db797c3-91bb-4827-8fad-86de34da2c23 e42f76fade8144898bba980294bf15b7 e080e1a7f3004e7099592bcecd63906f - - default default] 10.0.0.72 "GET /v2.0/extensions/subnetpool-prefix-ops HTTP/1.1" status: 200 len: 418 time: 0.0041976
2026-08-04 22:45:38.837 9 INFO neutron.wsgi [None req-f5a5ac30-2a4e-48c4-8124-4cc012430f78 e42f76fade8144898bba980294bf15b7 e080e1a7f3004e7099592bcecd63906f - - default default] 10.0.0.72 "GET /v2.0/extensions/standard-attr-tag HTTP/1.1" status: 200 len: 537 time: 0.0037408
2026-08-04 22:45:38.846 9 INFO neutron.wsgi [None req-0862fa3d-be66-4437-bc5d-c1161e95e8fd e42f76fade8144898bba980294bf15b7 e080e1a7f3004e7099592bcecd63906f - - default default] 10.0.0.72 "GET /v2.0/extensions/standard-attr-timestamp HTTP/1.1" status: 200 len: 449 time: 0.0043156
2026-08-04 22:45:38.854 9 INFO neutron.wsgi [None req-4299a4f4-f38e-45d1-a071-445c5437e533 e42f76fade8144898bba980294bf15b7 e080e1a7f3004e7099592bcecd63906f - - default default] 10.0.0.72 "GET /v2.0/extensions/trunk HTTP/1.1" status: 200 len: 358 time: 0.0043974
2026-08-04 22:45:38.865 9 INFO neutron.wsgi [None req-bbffaef2-4af7-430b-9b12-479256dc1c7e e42f76fade8144898bba980294bf15b7 e080e1a7f3004e7099592bcecd63906f - - default default] 10.0.0.72 "GET /v2.0/extensions/trunk-details HTTP/1.1" status: 200 len: 362 time: 0.0056551
2026-08-04 22:45:38.891 10 INFO neutron.plugins.ml2.drivers.ovn.mech_driver.mech_driver [None req-a04ed9aa-9a94-4106-8ac5-7bd5a8e8f978 - - - - - -] OVN reports status up for port: b8b12c39-0d20-4781-bb4e-625f62e2b645
2026-08-04 22:45:38.914 10 INFO neutron.plugins.ml2.plugin [None req-a04ed9aa-9a94-4106-8ac5-7bd5a8e8f978 - - - - - -] Attempt 1 to provision port b8b12c39-0d20-4781-bb4e-625f62e2b645
2026-08-04 22:45:38.928 9 INFO neutron.plugins.ml2.drivers.ovn.mech_driver.ovsdb.ovsdb_monitor [None req-3f719254-0bb2-4709-89a8-ea08880803ec - - - - - -] Router fd187784-652f-4b50-af6d-5f5079d8e056 is bound to host instance
2026-08-04 22:45:38.947 10 INFO neutron.db.ovn_revision_numbers_db [None req-6600df5b-f100-4908-a208-d40f30255f0e e761660862c3414aa998f844134ef90b afa7bd8107b24493a44f235c1e638b44 - - default default] Successfully bumped revision number for resource b8b12c39-0d20-4781-bb4e-625f62e2b645 (type: router_ports) to 1
2026-08-04 22:45:39.031 10 INFO neutron.db.ovn_revision_numbers_db [None req-6600df5b-f100-4908-a208-d40f30255f0e e761660862c3414aa998f844134ef90b afa7bd8107b24493a44f235c1e638b44 - - default default] Successfully bumped revision number for resource fd187784-652f-4b50-af6d-5f5079d8e056 (type: routers) to 2
2026-08-04 22:45:39.046 10 INFO neutron.wsgi [None req-6600df5b-f100-4908-a208-d40f30255f0e e761660862c3414aa998f844134ef90b afa7bd8107b24493a44f235c1e638b44 - - default default] 10.0.0.72 "POST /v2.0/routers HTTP/1.1" status: 201 len: 881 time: 1.6873837
2026-08-04 22:45:39.335 9 INFO neutron.wsgi [req-61dab222-7f14-4413-9545-2a1836846854 req-bdc9fdcb-45ca-4577-af00-55641e6f45eb f6efb832e1ca4ec99ea8eac4890a8755 cf29333a7dd74d85b81a8b02c672aa33 - - default default] 10.0.0.127 "GET /v2.0/ports?device_id=9f42726d-27c6-46e3-b43f-67f5e10eb8cf HTTP/1.1" status: 200 len: 1170 time: 0.0358922
2026-08-04 22:45:39.401 9 INFO neutron.wsgi [req-61dab222-7f14-4413-9545-2a1836846854 req-a4b881a9-bc3b-439a-a58b-c5e31040f156 f6efb832e1ca4ec99ea8eac4890a8755 cf29333a7dd74d85b81a8b02c672aa33 - - default default] 10.0.0.127 "GET /v2.0/security-groups?id=bd6088e2-69fa-466f-973f-7f1148e2bd93&fields=id&fields=name HTTP/1.1" status: 200 len: 313 time: 0.0533319
2026-08-04 22:45:39.606 10 INFO neutron.wsgi [req-62814d99-3039-467a-b1de-7499fdcd3cd6 req-171bb847-b7c0-4a63-97f9-9f824f8d6113 f6efb832e1ca4ec99ea8eac4890a8755 cf29333a7dd74d85b81a8b02c672aa33 - - default default] 10.0.0.127 "GET /v2.0/ports?device_id=9f42726d-27c6-46e3-b43f-67f5e10eb8cf HTTP/1.1" status: 200 len: 1170 time: 0.1107299
2026-08-04 22:45:39.611 10 WARNING neutron.scheduler.dhcp_agent_scheduler [None req-93deee3b-500d-40f8-b810-1d4539b7404a e761660862c3414aa998f844134ef90b afa7bd8107b24493a44f235c1e638b44 - - default default] No more DHCP agents
2026-08-04 22:45:39.615 10 WARNING neutron.api.rpc.agentnotifiers.dhcp_rpc_agent_api [None req-93deee3b-500d-40f8-b810-1d4539b7404a e761660862c3414aa998f844134ef90b afa7bd8107b24493a44f235c1e638b44 - - default default] Unable to schedule network 35578931-e2b9-4320-89a3-2c30e6739de8: no agents available; will retry on subsequent port and subnet creation events.
2026-08-04 22:45:39.687 9 INFO neutron.db.ovn_revision_numbers_db [None req-3f719254-0bb2-4709-89a8-ea08880803ec - - - - - -] Successfully bumped revision number for resource b8b12c39-0d20-4781-bb4e-625f62e2b645 (type: ports) to 1
2026-08-04 22:45:39.753 10 INFO neutron.db.ovn_revision_numbers_db [None req-93deee3b-500d-40f8-b810-1d4539b7404a e761660862c3414aa998f844134ef90b afa7bd8107b24493a44f235c1e638b44 - - default default] Successfully bumped revision number for resource ca95106d-0917-4950-9c4b-1f942b0e4506 (type: ports) to 1
2026-08-04 22:45:39.811 10 INFO neutron.db.ovn_revision_numbers_db [None req-bd055338-9d0c-46da-9d30-5a3da05d384a e761660862c3414aa998f844134ef90b afa7bd8107b24493a44f235c1e638b44 - - default default] Successfully bumped revision number for resource c61a01b7-c0c9-4ab4-a2f9-b6f7a4f877ef (type: security_groups) to 1
2026-08-04 22:45:39.830 10 INFO neutron.db.ovn_revision_numbers_db [None req-bd055338-9d0c-46da-9d30-5a3da05d384a e761660862c3414aa998f844134ef90b afa7bd8107b24493a44f235c1e638b44 - - default default] Successfully bumped revision number for resource 1d20bf1e-34fb-4ebf-a327-3eeece8713d2 (type: security_group_rules) to 0
2026-08-04 22:45:39.868 10 INFO neutron.db.ovn_revision_numbers_db [None req-bd055338-9d0c-46da-9d30-5a3da05d384a e761660862c3414aa998f844134ef90b afa7bd8107b24493a44f235c1e638b44 - - default default] Successfully bumped revision number for resource 3a26f05b-e97b-4788-a8e0-1b77a48da752 (type: security_group_rules) to 0
2026-08-04 22:45:39.900 10 INFO neutron.db.ovn_revision_numbers_db [None req-bd055338-9d0c-46da-9d30-5a3da05d384a e761660862c3414aa998f844134ef90b afa7bd8107b24493a44f235c1e638b44 - - default default] Successfully bumped revision number for resource 83e4c78f-46be-472a-8827-bed51d77b5f5 (type: security_group_rules) to 0
2026-08-04 22:45:39.916 10 INFO neutron.db.ovn_revision_numbers_db [None req-bd055338-9d0c-46da-9d30-5a3da05d384a e761660862c3414aa998f844134ef90b afa7bd8107b24493a44f235c1e638b44 - - default default] Successfully bumped revision number for resource fdc818f2-dfe9-454f-b289-856a9ac0492f (type: security_group_rules) to 0
2026-08-04 22:45:39.943 10 INFO neutron.wsgi [None req-bd055338-9d0c-46da-9d30-5a3da05d384a e761660862c3414aa998f844134ef90b afa7bd8107b24493a44f235c1e638b44 - - default default] 10.0.0.72 "GET /v2.0/security-groups?tenant_id=e080e1a7f3004e7099592bcecd63906f&name=default HTTP/1.1" status: 200 len: 2996 time: 0.4896975
2026-08-04 22:45:39.993 9 INFO neutron.db.l3_db [None req-98f0a89a-6058-4481-9c90-d63c15f7f4ad f6efb832e1ca4ec99ea8eac4890a8755 cf29333a7dd74d85b81a8b02c672aa33 - - default default] Floating IP 27002914-2bb2-4aab-8164-e0f79a73fe65 associated. External IP: 10.96.250.205, port: fe79c16c-ca8c-4ff3-ba54-2ad17c14ddb3.
2026-08-04 22:45:40.275 10 INFO neutron.wsgi [None req-90e65783-f9af-41eb-b140-666620977878 e761660862c3414aa998f844134ef90b afa7bd8107b24493a44f235c1e638b44 - - default default] 10.0.0.72 "DELETE /v2.0/security-groups/c61a01b7-c0c9-4ab4-a2f9-b6f7a4f877ef HTTP/1.1" status: 204 len: 168 time: 0.3171098
2026-08-04 22:45:40.280 10 INFO neutron.db.ovn_revision_numbers_db [None req-93deee3b-500d-40f8-b810-1d4539b7404a e761660862c3414aa998f844134ef90b afa7bd8107b24493a44f235c1e638b44 - - default default] Successfully bumped revision number for resource ca95106d-0917-4950-9c4b-1f942b0e4506 (type: router_ports) to 1
2026-08-04 22:45:40.397 10 INFO neutron.db.ovn_revision_numbers_db [None req-93deee3b-500d-40f8-b810-1d4539b7404a e761660862c3414aa998f844134ef90b afa7bd8107b24493a44f235c1e638b44 - - default default] Successfully bumped revision number for resource ca95106d-0917-4950-9c4b-1f942b0e4506 (type: ports) to 1
2026-08-04 22:45:40.406 9 INFO neutron.db.ovn_revision_numbers_db [None req-98f0a89a-6058-4481-9c90-d63c15f7f4ad f6efb832e1ca4ec99ea8eac4890a8755 cf29333a7dd74d85b81a8b02c672aa33 - - default default] Successfully bumped revision number for resource 27002914-2bb2-4aab-8164-e0f79a73fe65 (type: floatingips) to 1
2026-08-04 22:45:40.407 9 INFO neutron.db.ovn_revision_numbers_db [None req-3f719254-0bb2-4709-89a8-ea08880803ec - - - - - -] Successfully bumped revision number for resource b8b12c39-0d20-4781-bb4e-625f62e2b645 (type: router_ports) to 3
2026-08-04 22:45:40.536 9 INFO neutron.db.ovn_revision_numbers_db [None req-98f0a89a-6058-4481-9c90-d63c15f7f4ad f6efb832e1ca4ec99ea8eac4890a8755 cf29333a7dd74d85b81a8b02c672aa33 - - default default] Successfully bumped revision number for resource 27002914-2bb2-4aab-8164-e0f79a73fe65 (type: floatingips) to 2
2026-08-04 22:45:40.563 9 INFO neutron.wsgi [None req-98f0a89a-6058-4481-9c90-d63c15f7f4ad f6efb832e1ca4ec99ea8eac4890a8755 cf29333a7dd74d85b81a8b02c672aa33 - - default default] 10.0.0.72 "PUT /v2.0/floatingips/27002914-2bb2-4aab-8164-e0f79a73fe65 HTTP/1.1" status: 200 len: 1049 time: 0.9426847
2026-08-04 22:45:40.587 9 INFO neutron.db.ovn_revision_numbers_db [None req-3f719254-0bb2-4709-89a8-ea08880803ec - - - - - -] Successfully bumped revision number for resource b8b12c39-0d20-4781-bb4e-625f62e2b645 (type: ports) to 2
2026-08-04 22:45:40.602 10 WARNING neutron.scheduler.dhcp_agent_scheduler [None req-93deee3b-500d-40f8-b810-1d4539b7404a e761660862c3414aa998f844134ef90b afa7bd8107b24493a44f235c1e638b44 - - default default] No more DHCP agents
2026-08-04 22:45:40.606 10 WARNING neutron.api.rpc.agentnotifiers.dhcp_rpc_agent_api [None req-93deee3b-500d-40f8-b810-1d4539b7404a e761660862c3414aa998f844134ef90b afa7bd8107b24493a44f235c1e638b44 - - default default] Unable to schedule network 35578931-e2b9-4320-89a3-2c30e6739de8: no agents available; will retry on subsequent port and subnet creation events.
2026-08-04 22:45:40.643 9 INFO neutron.wsgi [req-196646cf-5aae-47e1-ab93-a535c4028ced req-868651b1-891f-409c-aa04-05fb32536c1d f6efb832e1ca4ec99ea8eac4890a8755 cf29333a7dd74d85b81a8b02c672aa33 - - default default] 10.0.0.127 "GET /v2.0/ports?device_id=9f42726d-27c6-46e3-b43f-67f5e10eb8cf HTTP/1.1" status: 200 len: 1170 time: 0.0396862
2026-08-04 22:45:40.669 9 INFO neutron.notifiers.nova [-] Nova event matching ['req-bdcf56f7-6338-4b6a-94e6-a4a9381335e5'] response: {'server_uuid': '9f42726d-27c6-46e3-b43f-67f5e10eb8cf', 'name': 'network-vif-plugged', 'status': 'completed', 'tag': 'fe79c16c-ca8c-4ff3-ba54-2ad17c14ddb3', 'code': 200}
2026-08-04 22:45:40.669 9 INFO neutron.notifiers.nova [-] Nova event matching ['req-bdcf56f7-6338-4b6a-94e6-a4a9381335e5'] response: {'name': 'network-changed', 'server_uuid': '9f42726d-27c6-46e3-b43f-67f5e10eb8cf', 'tag': 'fe79c16c-ca8c-4ff3-ba54-2ad17c14ddb3', 'status': 'completed', 'code': 200}
2026-08-04 22:45:40.680 10 INFO neutron.db.ovn_revision_numbers_db [None req-bf59b73c-79c4-42be-9219-1be92171f806 e761660862c3414aa998f844134ef90b afa7bd8107b24493a44f235c1e638b44 - - default default] Successfully bumped revision number for resource 166d70e5-b5af-43e7-af27-682447cb55ac (type: security_groups) to 1
2026-08-04 22:45:40.714 9 INFO neutron.wsgi [req-196646cf-5aae-47e1-ab93-a535c4028ced req-602bad9b-9bea-4fbf-ac92-268567e1c7d3 f6efb832e1ca4ec99ea8eac4890a8755 cf29333a7dd74d85b81a8b02c672aa33 - - default default] 10.0.0.127 "GET /v2.0/security-groups?id=bd6088e2-69fa-466f-973f-7f1148e2bd93&fields=id&fields=name HTTP/1.1" status: 200 len: 313 time: 0.0537522
2026-08-04 22:45:40.716 10 INFO neutron.db.ovn_revision_numbers_db [None req-bf59b73c-79c4-42be-9219-1be92171f806 e761660862c3414aa998f844134ef90b afa7bd8107b24493a44f235c1e638b44 - - default default] Successfully bumped revision number for resource 08a0c6c4-fcc9-4ab9-acbd-6a0b86f0fd44 (type: security_group_rules) to 0
2026-08-04 22:45:40.740 10 INFO neutron.wsgi [req-8f331a4e-ab02-49f4-bc30-b698922ea6f5 req-989532c5-8d45-4d2a-aac1-42a1e6ee0909 f52cb827014648a9baf493a70e099238 5b436957e7cd48c980ddb81b422b049f - - a992c7e162aa4dd9b879f0a13a6e7ea8 a992c7e162aa4dd9b879f0a13a6e7ea8] 199.204.45.138 "GET /v2.0/ports?tenant_id=cf29333a7dd74d85b81a8b02c672aa33&device_id=9f42726d-27c6-46e3-b43f-67f5e10eb8cf HTTP/1.1" status: 200 len: 1409 time: 0.0428019
2026-08-04 22:45:40.742 10 INFO neutron.db.ovn_revision_numbers_db [None req-bf59b73c-79c4-42be-9219-1be92171f806 e761660862c3414aa998f844134ef90b afa7bd8107b24493a44f235c1e638b44 - - default default] Successfully bumped revision number for resource 427610ed-b226-43c8-b1a5-6f8d001d128c (type: security_group_rules) to 0
2026-08-04 22:45:40.772 10 INFO neutron.db.ovn_revision_numbers_db [None req-bf59b73c-79c4-42be-9219-1be92171f806 e761660862c3414aa998f844134ef90b afa7bd8107b24493a44f235c1e638b44 - - default default] Successfully bumped revision number for resource 82b5b550-aa13-44e5-be84-8b4b03ec443d (type: security_group_rules) to 0
2026-08-04 22:45:40.809 10 INFO neutron.db.ovn_revision_numbers_db [None req-bf59b73c-79c4-42be-9219-1be92171f806 e761660862c3414aa998f844134ef90b afa7bd8107b24493a44f235c1e638b44 - - default default] Successfully bumped revision number for resource 945b0ca1-4a00-4f78-9858-1a4c126d48d6 (type: security_group_rules) to 0
2026-08-04 22:45:40.851 10 INFO neutron.wsgi [None req-bf59b73c-79c4-42be-9219-1be92171f806 e761660862c3414aa998f844134ef90b afa7bd8107b24493a44f235c1e638b44 - - default default] 10.0.0.72 "GET /v2.0/security-groups?tenant_id=550c88c1d9bf478c9adab536279e0e47&name=default HTTP/1.1" status: 200 len: 2996 time: 0.5826840
2026-08-04 22:45:40.860 10 INFO neutron.wsgi [req-8f331a4e-ab02-49f4-bc30-b698922ea6f5 req-eafde3a5-c151-4624-91e3-e80fcad8f53b f52cb827014648a9baf493a70e099238 5b436957e7cd48c980ddb81b422b049f - - a992c7e162aa4dd9b879f0a13a6e7ea8 a992c7e162aa4dd9b879f0a13a6e7ea8] 199.204.45.138 "GET /v2.0/networks?id=5b940c57-0a5a-405c-8254-e85a26a7a0ea HTTP/1.1" status: 200 len: 981 time: 0.1116071
2026-08-04 22:45:40.909 9 INFO neutron.db.ovn_revision_numbers_db [None req-3f719254-0bb2-4709-89a8-ea08880803ec - - - - - -] Successfully bumped revision number for resource b8b12c39-0d20-4781-bb4e-625f62e2b645 (type: ports) to 4
2026-08-04 22:45:40.929 10 INFO neutron.wsgi [req-8f331a4e-ab02-49f4-bc30-b698922ea6f5 req-832e3af6-dd86-416d-9f5b-eb9d1cac913a f52cb827014648a9baf493a70e099238 5b436957e7cd48c980ddb81b422b049f - - a992c7e162aa4dd9b879f0a13a6e7ea8 a992c7e162aa4dd9b879f0a13a6e7ea8] 199.204.45.138 "GET /v2.0/floatingips?fixed_ip_address=10.100.0.7&port_id=fe79c16c-ca8c-4ff3-ba54-2ad17c14ddb3 HTTP/1.1" status: 200 len: 1059 time: 0.0639718
2026-08-04 22:45:40.971 10 INFO neutron.wsgi [req-8f331a4e-ab02-49f4-bc30-b698922ea6f5 req-37a64e78-0844-4ce0-9aa9-3660251a8f9f f52cb827014648a9baf493a70e099238 5b436957e7cd48c980ddb81b422b049f - - a992c7e162aa4dd9b879f0a13a6e7ea8 a992c7e162aa4dd9b879f0a13a6e7ea8] 199.204.45.138 "GET /v2.0/subnets?id=304c293d-8753-4330-98e8-904b2109da4c HTTP/1.1" status: 200 len: 876 time: 0.0361288
2026-08-04 22:45:40.995 10 INFO neutron.wsgi [req-8f331a4e-ab02-49f4-bc30-b698922ea6f5 req-0498d396-b685-433a-b993-1698f0b537d3 f52cb827014648a9baf493a70e099238 5b436957e7cd48c980ddb81b422b049f - - a992c7e162aa4dd9b879f0a13a6e7ea8 a992c7e162aa4dd9b879f0a13a6e7ea8] 199.204.45.138 "GET /v2.0/ports?network_id=5b940c57-0a5a-405c-8254-e85a26a7a0ea&device_owner=network%3Adhcp HTTP/1.1" status: 200 len: 210 time: 0.0198362
2026-08-04 22:45:41.088 10 INFO neutron.wsgi [req-8f331a4e-ab02-49f4-bc30-b698922ea6f5 req-5291731a-2ace-4c27-9b8d-434f44590cd0 f52cb827014648a9baf493a70e099238 5b436957e7cd48c980ddb81b422b049f - - a992c7e162aa4dd9b879f0a13a6e7ea8 a992c7e162aa4dd9b879f0a13a6e7ea8] 199.204.45.138 "GET /v2.0/networks/5b940c57-0a5a-405c-8254-e85a26a7a0ea?fields=segments HTTP/1.1" status: 200 len: 212 time: 0.0878386
2026-08-04 22:45:41.146 9 INFO neutron.wsgi [None req-2b4605f3-adda-431f-9e08-09aba89c6472 e761660862c3414aa998f844134ef90b afa7bd8107b24493a44f235c1e638b44 - - default default] 10.0.0.72 "DELETE /v2.0/security-groups/166d70e5-b5af-43e7-af27-682447cb55ac HTTP/1.1" status: 204 len: 168 time: 0.2897184
2026-08-04 22:45:41.162 10 INFO neutron.wsgi [req-8f331a4e-ab02-49f4-bc30-b698922ea6f5 req-8509baf8-c408-424e-a742-3bf562b8e64c f52cb827014648a9baf493a70e099238 5b436957e7cd48c980ddb81b422b049f - - a992c7e162aa4dd9b879f0a13a6e7ea8 a992c7e162aa4dd9b879f0a13a6e7ea8] 199.204.45.138 "GET /v2.0/networks/5b940c57-0a5a-405c-8254-e85a26a7a0ea?fields=provider%3Aphysical_network&fields=provider%3Anetwork_type HTTP/1.1" status: 200 len: 277 time: 0.0698586
2026-08-04 22:45:41.197 9 INFO neutron.db.ovn_revision_numbers_db [None req-3f719254-0bb2-4709-89a8-ea08880803ec - - - - - -] Successfully bumped revision number for resource b8b12c39-0d20-4781-bb4e-625f62e2b645 (type: router_ports) to 4
2026-08-04 22:45:41.350 10 INFO neutron.db.ovn_revision_numbers_db [None req-93deee3b-500d-40f8-b810-1d4539b7404a e761660862c3414aa998f844134ef90b afa7bd8107b24493a44f235c1e638b44 - - default default] Successfully bumped revision number for resource ca95106d-0917-4950-9c4b-1f942b0e4506 (type: router_ports) to 1
2026-08-04 22:45:41.352 10 INFO neutron.wsgi [None req-93deee3b-500d-40f8-b810-1d4539b7404a e761660862c3414aa998f844134ef90b afa7bd8107b24493a44f235c1e638b44 - - default default] 10.0.0.72 "PUT /v2.0/routers/fd187784-652f-4b50-af6d-5f5079d8e056/add_router_interface HTTP/1.1" status: 200 len: 503 time: 2.2994025
2026-08-04 22:45:41.477 9 INFO neutron.db.ovn_revision_numbers_db [None req-894278c9-5753-4a4f-98c1-5eeaf8d0f0a6 e761660862c3414aa998f844134ef90b afa7bd8107b24493a44f235c1e638b44 - - default default] Successfully bumped revision number for resource a8ca08e5-b3a9-4f0c-a69b-70225444b009 (type: security_groups) to 1
2026-08-04 22:45:41.489 9 INFO neutron.db.ovn_revision_numbers_db [None req-894278c9-5753-4a4f-98c1-5eeaf8d0f0a6 e761660862c3414aa998f844134ef90b afa7bd8107b24493a44f235c1e638b44 - - default default] Successfully bumped revision number for resource 0fe87054-f710-46fd-b981-8e7580617037 (type: security_group_rules) to 0
2026-08-04 22:45:41.502 9 INFO neutron.db.ovn_revision_numbers_db [None req-894278c9-5753-4a4f-98c1-5eeaf8d0f0a6 e761660862c3414aa998f844134ef90b afa7bd8107b24493a44f235c1e638b44 - - default default] Successfully bumped revision number for resource 26be227b-55ef-4dbc-84b4-d55f738a8a87 (type: security_group_rules) to 0
2026-08-04 22:45:41.516 9 INFO neutron.db.ovn_revision_numbers_db [None req-894278c9-5753-4a4f-98c1-5eeaf8d0f0a6 e761660862c3414aa998f844134ef90b afa7bd8107b24493a44f235c1e638b44 - - default default] Successfully bumped revision number for resource 51f7eb04-39dc-4ad8-bd27-0d433ddefca8 (type: security_group_rules) to 0
2026-08-04 22:45:41.533 9 INFO neutron.db.ovn_revision_numbers_db [None req-894278c9-5753-4a4f-98c1-5eeaf8d0f0a6 e761660862c3414aa998f844134ef90b afa7bd8107b24493a44f235c1e638b44 - - default default] Successfully bumped revision number for resource 88bfc2a9-82da-4719-be0e-a18bda42f5c4 (type: security_group_rules) to 0
2026-08-04 22:45:41.556 9 INFO neutron.wsgi [None req-894278c9-5753-4a4f-98c1-5eeaf8d0f0a6 e761660862c3414aa998f844134ef90b afa7bd8107b24493a44f235c1e638b44 - - default default] 10.0.0.72 "GET /v2.0/security-groups?tenant_id=5186be757d5f45dd82b34f1774baf0a0&name=default HTTP/1.1" status: 200 len: 2996 time: 0.1864252
2026-08-04 22:45:41.737 9 INFO neutron.wsgi [None req-0b6d282d-cf81-40e4-b9cf-a50088599da3 e761660862c3414aa998f844134ef90b afa7bd8107b24493a44f235c1e638b44 - - default default] 10.0.0.72 "DELETE /v2.0/security-groups/a8ca08e5-b3a9-4f0c-a69b-70225444b009 HTTP/1.1" status: 204 len: 168 time: 0.1746159
2026-08-04 22:45:41.831 10 INFO neutron.plugins.ml2.drivers.ovn.mech_driver.mech_driver [None req-a04ed9aa-9a94-4106-8ac5-7bd5a8e8f978 - - - - - -] OVN reports status up for port: ca95106d-0917-4950-9c4b-1f942b0e4506
2026-08-04 22:45:41.843 10 INFO neutron.plugins.ml2.plugin [None req-a04ed9aa-9a94-4106-8ac5-7bd5a8e8f978 - - - - - -] Attempt 1 to provision port ca95106d-0917-4950-9c4b-1f942b0e4506
2026-08-04 22:45:42.009 9 INFO neutron.db.ovn_revision_numbers_db [None req-654dcce0-6e59-4cf0-8727-fe758f356f04 289e796f312542c39ca3a8c54126dc69 74296015fb73497e91517c0eba5ab230 - - default default] Successfully bumped revision number for resource 19ddb2cc-9408-4539-9e8f-f5712235c310 (type: security_groups) to 1
2026-08-04 22:45:42.022 9 INFO neutron.db.ovn_revision_numbers_db [None req-654dcce0-6e59-4cf0-8727-fe758f356f04 289e796f312542c39ca3a8c54126dc69 74296015fb73497e91517c0eba5ab230 - - default default] Successfully bumped revision number for resource 6739363f-2bd2-4170-b85a-be81933372be (type: security_group_rules) to 0
2026-08-04 22:45:42.036 9 INFO neutron.db.ovn_revision_numbers_db [None req-654dcce0-6e59-4cf0-8727-fe758f356f04 289e796f312542c39ca3a8c54126dc69 74296015fb73497e91517c0eba5ab230 - - default default] Successfully bumped revision number for resource b95b827d-3a65-4d4d-9cfc-2664b01aeaef (type: security_group_rules) to 0
2026-08-04 22:45:42.054 9 INFO neutron.wsgi [None req-654dcce0-6e59-4cf0-8727-fe758f356f04 289e796f312542c39ca3a8c54126dc69 74296015fb73497e91517c0eba5ab230 - - default default] 10.0.0.72 "POST /v2.0/security-groups HTTP/1.1" status: 201 len: 1796 time: 0.1579618
2026-08-04 22:45:42.105 10 INFO neutron.db.ovn_revision_numbers_db [None req-a04ed9aa-9a94-4106-8ac5-7bd5a8e8f978 - - - - - -] Successfully bumped revision number for resource ca95106d-0917-4950-9c4b-1f942b0e4506 (type: ports) to 2
2026-08-04 22:45:42.173 9 INFO neutron.db.ovn_revision_numbers_db [None req-f7770a41-32d6-472e-ace8-68a5d12921dd 289e796f312542c39ca3a8c54126dc69 74296015fb73497e91517c0eba5ab230 - - default default] Successfully bumped revision number for resource 1c5c3704-32e6-4a24-91a1-93841492321b (type: security_group_rules) to 0
2026-08-04 22:45:42.215 9 INFO neutron.wsgi [None req-f7770a41-32d6-472e-ace8-68a5d12921dd 289e796f312542c39ca3a8c54126dc69 74296015fb73497e91517c0eba5ab230 - - default default] 10.0.0.72 "POST /v2.0/security-group-rules HTTP/1.1" status: 201 len: 764 time: 0.1566720 /var/lib/openstack/lib/python3.10/site-packages/pycadf/identifier.py:71: UserWarning: Invalid uuid: neutron. To ensure interoperability, identifiers should be a valid uuid. warnings.warn(('Invalid uuid: %s. To ensure interoperability, '
2026-08-04 22:45:42.231 10 INFO neutron.db.ovn_revision_numbers_db [None req-a04ed9aa-9a94-4106-8ac5-7bd5a8e8f978 - - - - - -] Successfully bumped revision number for resource ca95106d-0917-4950-9c4b-1f942b0e4506 (type: router_ports) to 2
2026-08-04 22:45:42.347 9 INFO neutron.db.ovn_revision_numbers_db [None req-79945d8c-602e-4860-bc77-875da27fa4fd 6904539e1b8e450581747e0c3d72b9c7 67a2ab3d09de4013aa4ff17c925eadb6 - - default default] Successfully bumped revision number for resource e52e4e83-1eea-448e-a95b-fbc50b6885f3 (type: security_groups) to 1
2026-08-04 22:45:42.364 9 INFO neutron.db.ovn_revision_numbers_db [None req-79945d8c-602e-4860-bc77-875da27fa4fd 6904539e1b8e450581747e0c3d72b9c7 67a2ab3d09de4013aa4ff17c925eadb6 - - default default] Successfully bumped revision number for resource 76355582-03b3-46c6-8f39-98b46dfb642a (type: security_group_rules) to 0
2026-08-04 22:45:42.378 10 INFO neutron.db.ovn_revision_numbers_db [None req-7370039c-b601-40d5-9ecb-8402e8a1d2dc 289e796f312542c39ca3a8c54126dc69 74296015fb73497e91517c0eba5ab230 - - default default] Successfully bumped revision number for resource 25c6494b-6a1f-4b4e-ad0a-95aed58b716a (type: security_group_rules) to 0
2026-08-04 22:45:42.379 9 INFO neutron.db.ovn_revision_numbers_db [None req-79945d8c-602e-4860-bc77-875da27fa4fd 6904539e1b8e450581747e0c3d72b9c7 67a2ab3d09de4013aa4ff17c925eadb6 - - default default] Successfully bumped revision number for resource 9487bd87-01f5-4e43-83b3-d10763fd5cd2 (type: security_group_rules) to 0
2026-08-04 22:45:42.397 9 INFO neutron.db.ovn_revision_numbers_db [None req-79945d8c-602e-4860-bc77-875da27fa4fd 6904539e1b8e450581747e0c3d72b9c7 67a2ab3d09de4013aa4ff17c925eadb6 - - default default] Successfully bumped revision number for resource aa23dec9-172e-4708-8952-9bac7771f457 (type: security_group_rules) to 0
2026-08-04 22:45:42.402 10 INFO neutron.wsgi [None req-7370039c-b601-40d5-9ecb-8402e8a1d2dc 289e796f312542c39ca3a8c54126dc69 74296015fb73497e91517c0eba5ab230 - - default default] 10.0.0.72 "POST /v2.0/security-group-rules HTTP/1.1" status: 201 len: 769 time: 0.1789877
2026-08-04 22:45:42.414 9 INFO neutron.db.ovn_revision_numbers_db [None req-79945d8c-602e-4860-bc77-875da27fa4fd 6904539e1b8e450581747e0c3d72b9c7 67a2ab3d09de4013aa4ff17c925eadb6 - - default default] Successfully bumped revision number for resource bbf98231-8506-4e0d-85d5-0e442054ccf1 (type: security_group_rules) to 0
2026-08-04 22:45:42.469 9 INFO neutron.db.segments_db [None req-79945d8c-602e-4860-bc77-875da27fa4fd 6904539e1b8e450581747e0c3d72b9c7 67a2ab3d09de4013aa4ff17c925eadb6 - - default default] Added segment a7db3c6b-7278-47df-9c52-a6762af36b73 of type geneve for network 53a55053-e0e6-4f29-a3eb-87d2b3ba050f
2026-08-04 22:45:42.612 9 INFO neutron.db.ovn_revision_numbers_db [None req-79945d8c-602e-4860-bc77-875da27fa4fd 6904539e1b8e450581747e0c3d72b9c7 67a2ab3d09de4013aa4ff17c925eadb6 - - default default] Successfully bumped revision number for resource 53a55053-e0e6-4f29-a3eb-87d2b3ba050f (type: networks) to 1
2026-08-04 22:45:42.625 10 WARNING neutron.scheduler.dhcp_agent_scheduler [None req-f2225ff9-1f9d-4940-89d9-f0bb47beb5bb 289e796f312542c39ca3a8c54126dc69 74296015fb73497e91517c0eba5ab230 - - default default] No more DHCP agents
2026-08-04 22:45:42.629 10 WARNING neutron.api.rpc.agentnotifiers.dhcp_rpc_agent_api [None req-f2225ff9-1f9d-4940-89d9-f0bb47beb5bb 289e796f312542c39ca3a8c54126dc69 74296015fb73497e91517c0eba5ab230 - - default default] Unable to schedule network 939c3dde-d047-46a3-9da5-8bce04abe357: no agents available; will retry on subsequent port and subnet creation events.
2026-08-04 22:45:42.847 9 WARNING neutron.scheduler.dhcp_agent_scheduler [None req-79945d8c-602e-4860-bc77-875da27fa4fd 6904539e1b8e450581747e0c3d72b9c7 67a2ab3d09de4013aa4ff17c925eadb6 - - default default] No more DHCP agents
2026-08-04 22:45:42.849 9 WARNING neutron.api.rpc.agentnotifiers.dhcp_rpc_agent_api [None req-79945d8c-602e-4860-bc77-875da27fa4fd 6904539e1b8e450581747e0c3d72b9c7 67a2ab3d09de4013aa4ff17c925eadb6 - - default default] Unable to schedule network 53a55053-e0e6-4f29-a3eb-87d2b3ba050f: no agents available; will retry on subsequent port and subnet creation events.
2026-08-04 22:45:42.870 10 INFO neutron.db.ovn_revision_numbers_db [None req-f2225ff9-1f9d-4940-89d9-f0bb47beb5bb 289e796f312542c39ca3a8c54126dc69 74296015fb73497e91517c0eba5ab230 - - default default] Successfully bumped revision number for resource 8b928665-624e-47a8-a8d0-ae74547fd925 (type: floatingips) to 0
2026-08-04 22:45:42.886 10 INFO neutron.wsgi [None req-f2225ff9-1f9d-4940-89d9-f0bb47beb5bb 289e796f312542c39ca3a8c54126dc69 74296015fb73497e91517c0eba5ab230 - - default default] 10.0.0.72 "POST /v2.0/floatingips HTTP/1.1" status: 201 len: 751 time: 0.4786777
2026-08-04 22:45:42.929 9 INFO neutron.db.ovn_revision_numbers_db [None req-79945d8c-602e-4860-bc77-875da27fa4fd 6904539e1b8e450581747e0c3d72b9c7 67a2ab3d09de4013aa4ff17c925eadb6 - - default default] Successfully bumped revision number for resource bfe44bb6-df60-4907-8e14-28137acc6e47 (type: ports) to 1
2026-08-04 22:45:42.944 9 INFO neutron.wsgi [None req-79945d8c-602e-4860-bc77-875da27fa4fd 6904539e1b8e450581747e0c3d72b9c7 67a2ab3d09de4013aa4ff17c925eadb6 - - default default] 10.0.0.72 "POST /v2.0/networks HTTP/1.1" status: 201 len: 847 time: 0.9533720
2026-08-04 22:45:43.165 9 WARNING neutron.scheduler.dhcp_agent_scheduler [None req-74035f00-3b1c-4c80-bc3c-ddc97692c515 6904539e1b8e450581747e0c3d72b9c7 67a2ab3d09de4013aa4ff17c925eadb6 - - default default] No more DHCP agents
2026-08-04 22:45:43.166 9 WARNING neutron.api.rpc.agentnotifiers.dhcp_rpc_agent_api [None req-74035f00-3b1c-4c80-bc3c-ddc97692c515 6904539e1b8e450581747e0c3d72b9c7 67a2ab3d09de4013aa4ff17c925eadb6 - - default default] Unable to schedule network 53a55053-e0e6-4f29-a3eb-87d2b3ba050f: no agents available; will retry on subsequent port and subnet creation events.
2026-08-04 22:45:43.241 9 INFO neutron.db.ovn_revision_numbers_db [None req-74035f00-3b1c-4c80-bc3c-ddc97692c515 6904539e1b8e450581747e0c3d72b9c7 67a2ab3d09de4013aa4ff17c925eadb6 - - default default] Successfully bumped revision number for resource 3bd033f9-3235-419d-a753-218d10ab4892 (type: ports) to 1
2026-08-04 22:45:43.262 9 INFO neutron.wsgi [None req-74035f00-3b1c-4c80-bc3c-ddc97692c515 6904539e1b8e450581747e0c3d72b9c7 67a2ab3d09de4013aa4ff17c925eadb6 - - default default] 10.0.0.72 "POST /v2.0/ports HTTP/1.1" status: 201 len: 978 time: 0.3124466 /var/lib/openstack/lib/python3.10/site-packages/pycadf/identifier.py:71: UserWarning: Invalid uuid: neutron. To ensure interoperability, identifiers should be a valid uuid. warnings.warn(('Invalid uuid: %s. To ensure interoperability, '
2026-08-04 22:45:43.384 9 INFO neutron.db.segments_db [None req-caae7a07-c253-44ab-a5ce-5f7f6dfd70ea 6904539e1b8e450581747e0c3d72b9c7 67a2ab3d09de4013aa4ff17c925eadb6 - - default default] Added segment df2d0e2e-2174-4871-a147-b29da002ae48 of type geneve for network 1e87f498-0fbb-4d79-acc6-801eb9d085e5
2026-08-04 22:45:43.538 9 INFO neutron.db.ovn_revision_numbers_db [None req-caae7a07-c253-44ab-a5ce-5f7f6dfd70ea 6904539e1b8e450581747e0c3d72b9c7 67a2ab3d09de4013aa4ff17c925eadb6 - - default default] Successfully bumped revision number for resource 1e87f498-0fbb-4d79-acc6-801eb9d085e5 (type: networks) to 1
2026-08-04 22:45:43.702 9 WARNING neutron.scheduler.dhcp_agent_scheduler [None req-caae7a07-c253-44ab-a5ce-5f7f6dfd70ea 6904539e1b8e450581747e0c3d72b9c7 67a2ab3d09de4013aa4ff17c925eadb6 - - default default] No more DHCP agents
2026-08-04 22:45:43.705 9 WARNING neutron.api.rpc.agentnotifiers.dhcp_rpc_agent_api [None req-caae7a07-c253-44ab-a5ce-5f7f6dfd70ea 6904539e1b8e450581747e0c3d72b9c7 67a2ab3d09de4013aa4ff17c925eadb6 - - default default] Unable to schedule network 1e87f498-0fbb-4d79-acc6-801eb9d085e5: no agents available; will retry on subsequent port and subnet creation events.
2026-08-04 22:45:43.950 9 INFO neutron.db.ovn_revision_numbers_db [None req-caae7a07-c253-44ab-a5ce-5f7f6dfd70ea 6904539e1b8e450581747e0c3d72b9c7 67a2ab3d09de4013aa4ff17c925eadb6 - - default default] Successfully bumped revision number for resource 463cc991-5abf-4694-b024-9216b3882543 (type: ports) to 1
2026-08-04 22:45:43.975 9 INFO neutron.wsgi [None req-caae7a07-c253-44ab-a5ce-5f7f6dfd70ea 6904539e1b8e450581747e0c3d72b9c7 67a2ab3d09de4013aa4ff17c925eadb6 - - default default] 10.0.0.72 "POST /v2.0/networks HTTP/1.1" status: 201 len: 835 time: 0.7080433
2026-08-04 22:45:44.124 9 INFO neutron.wsgi [-] 10.0.0.114 "GET / HTTP/1.1" status: 200 len: 246 time: 0.0036035
2026-08-04 22:45:44.127 9 INFO neutron.wsgi [-] 10.0.0.114 "GET / HTTP/1.1" status: 200 len: 246 time: 0.0017869
2026-08-04 22:45:44.293 10 INFO neutron.wsgi [req-6b649813-e4db-4282-af09-1e386d22fd3f req-e1dab8b9-1505-47f1-a6d3-5d01db9d00c2 f52cb827014648a9baf493a70e099238 5b436957e7cd48c980ddb81b422b049f - - a992c7e162aa4dd9b879f0a13a6e7ea8 a992c7e162aa4dd9b879f0a13a6e7ea8] 199.204.45.138 "GET /v2.0/ports?device_id=9f42726d-27c6-46e3-b43f-67f5e10eb8cf&fields=binding%3Ahost_id&fields=binding%3Avif_type HTTP/1.1" status: 200 len: 265 time: 0.2342558
2026-08-04 22:45:44.305 9 INFO neutron.db.ovn_revision_numbers_db [None req-d15be636-ee60-401f-9011-c127d720cd6a e761660862c3414aa998f844134ef90b afa7bd8107b24493a44f235c1e638b44 - - default default] Successfully bumped revision number for resource 38d35581-a13f-4143-905e-ce8ceaaff1de (type: security_groups) to 1
2026-08-04 22:45:44.318 9 INFO neutron.db.ovn_revision_numbers_db [None req-d15be636-ee60-401f-9011-c127d720cd6a e761660862c3414aa998f844134ef90b afa7bd8107b24493a44f235c1e638b44 - - default default] Successfully bumped revision number for resource 57e14443-abfe-4e45-b22f-89b50688ae9a (type: security_group_rules) to 0
2026-08-04 22:45:44.334 9 INFO neutron.db.ovn_revision_numbers_db [None req-d15be636-ee60-401f-9011-c127d720cd6a e761660862c3414aa998f844134ef90b afa7bd8107b24493a44f235c1e638b44 - - default default] Successfully bumped revision number for resource 5b7c65eb-18ba-49c0-a392-a7d17272597d (type: security_group_rules) to 0
2026-08-04 22:45:44.362 9 INFO neutron.db.ovn_revision_numbers_db [None req-d15be636-ee60-401f-9011-c127d720cd6a e761660862c3414aa998f844134ef90b afa7bd8107b24493a44f235c1e638b44 - - default default] Successfully bumped revision number for resource 92718788-48e9-460b-bbb7-d0933b510d31 (type: security_group_rules) to 0
2026-08-04 22:45:44.374 10 INFO neutron.wsgi [req-6b649813-e4db-4282-af09-1e386d22fd3f req-4593a1e0-b663-45ab-8fca-061dcec5047f f52cb827014648a9baf493a70e099238 5b436957e7cd48c980ddb81b422b049f - - a992c7e162aa4dd9b879f0a13a6e7ea8 a992c7e162aa4dd9b879f0a13a6e7ea8] 199.204.45.138 "GET /v2.0/ports?tenant_id=cf29333a7dd74d85b81a8b02c672aa33&device_id=9f42726d-27c6-46e3-b43f-67f5e10eb8cf HTTP/1.1" status: 200 len: 1409 time: 0.0418475
2026-08-04 22:45:44.377 9 INFO neutron.db.ovn_revision_numbers_db [None req-d15be636-ee60-401f-9011-c127d720cd6a e761660862c3414aa998f844134ef90b afa7bd8107b24493a44f235c1e638b44 - - default default] Successfully bumped revision number for resource d3ac8025-51f0-4989-9382-f21204519750 (type: security_group_rules) to 0
2026-08-04 22:45:44.403 9 INFO neutron.wsgi [None req-d15be636-ee60-401f-9011-c127d720cd6a e761660862c3414aa998f844134ef90b afa7bd8107b24493a44f235c1e638b44 - - default default] 10.0.0.72 "GET /v2.0/security-groups?tenant_id=368cd5ca3ac04d56b99481658b8d42b9&name=default HTTP/1.1" status: 200 len: 2996 time: 0.3471060
2026-08-04 22:45:44.487 10 INFO neutron.wsgi [req-6b649813-e4db-4282-af09-1e386d22fd3f req-98fe05d8-dcfd-47cb-ad9c-1a313e6bb5ac f52cb827014648a9baf493a70e099238 5b436957e7cd48c980ddb81b422b049f - - a992c7e162aa4dd9b879f0a13a6e7ea8 a992c7e162aa4dd9b879f0a13a6e7ea8] 199.204.45.138 "GET /v2.0/networks?id=5b940c57-0a5a-405c-8254-e85a26a7a0ea HTTP/1.1" status: 200 len: 981 time: 0.0864444
2026-08-04 22:45:44.494 10 WARNING neutron.scheduler.dhcp_agent_scheduler [None req-8fda18f5-7569-418f-a039-0ea851c014c4 6904539e1b8e450581747e0c3d72b9c7 67a2ab3d09de4013aa4ff17c925eadb6 - - default default] No more DHCP agents
2026-08-04 22:45:44.506 10 WARNING neutron.api.rpc.agentnotifiers.dhcp_rpc_agent_api [None req-8fda18f5-7569-418f-a039-0ea851c014c4 6904539e1b8e450581747e0c3d72b9c7 67a2ab3d09de4013aa4ff17c925eadb6 - - default default] Unable to schedule network 1e87f498-0fbb-4d79-acc6-801eb9d085e5: no agents available; will retry on subsequent port and subnet creation events.
2026-08-04 22:45:44.551 10 INFO neutron.wsgi [req-6b649813-e4db-4282-af09-1e386d22fd3f req-9c99b63b-3d87-4339-8c1b-ea538e2a052d f52cb827014648a9baf493a70e099238 5b436957e7cd48c980ddb81b422b049f - - a992c7e162aa4dd9b879f0a13a6e7ea8 a992c7e162aa4dd9b879f0a13a6e7ea8] 199.204.45.138 "GET /v2.0/floatingips?fixed_ip_address=10.100.0.7&port_id=fe79c16c-ca8c-4ff3-ba54-2ad17c14ddb3 HTTP/1.1" status: 200 len: 1059 time: 0.0565779
2026-08-04 22:45:44.564 10 INFO neutron.db.ovn_revision_numbers_db [None req-8fda18f5-7569-418f-a039-0ea851c014c4 6904539e1b8e450581747e0c3d72b9c7 67a2ab3d09de4013aa4ff17c925eadb6 - - default default] Successfully bumped revision number for resource 0615aa0b-b4f2-446f-bd01-30bb25dad89a (type: subnets) to 0
2026-08-04 22:45:44.591 10 INFO neutron.wsgi [None req-8fda18f5-7569-418f-a039-0ea851c014c4 6904539e1b8e450581747e0c3d72b9c7 67a2ab3d09de4013aa4ff17c925eadb6 - - default default] 10.0.0.72 "POST /v2.0/subnets HTTP/1.1" status: 201 len: 821 time: 0.6111484
2026-08-04 22:45:44.595 10 INFO neutron.wsgi [req-6b649813-e4db-4282-af09-1e386d22fd3f req-88465367-8efc-442f-9dc6-feffbd264f7e f52cb827014648a9baf493a70e099238 5b436957e7cd48c980ddb81b422b049f - - a992c7e162aa4dd9b879f0a13a6e7ea8 a992c7e162aa4dd9b879f0a13a6e7ea8] 199.204.45.138 "GET /v2.0/subnets?id=304c293d-8753-4330-98e8-904b2109da4c HTTP/1.1" status: 200 len: 876 time: 0.0371881
2026-08-04 22:45:44.605 9 INFO neutron.wsgi [None req-0693ff42-5c82-45e8-8b67-fb7066cf7756 e761660862c3414aa998f844134ef90b afa7bd8107b24493a44f235c1e638b44 - - default default] 10.0.0.72 "DELETE /v2.0/security-groups/38d35581-a13f-4143-905e-ce8ceaaff1de HTTP/1.1" status: 204 len: 168 time: 0.1956654
2026-08-04 22:45:44.625 10 INFO neutron.wsgi [req-6b649813-e4db-4282-af09-1e386d22fd3f req-f7b0f4c9-3002-444e-9a65-02ca01837293 f52cb827014648a9baf493a70e099238 5b436957e7cd48c980ddb81b422b049f - - a992c7e162aa4dd9b879f0a13a6e7ea8 a992c7e162aa4dd9b879f0a13a6e7ea8] 199.204.45.138 "GET /v2.0/ports?network_id=5b940c57-0a5a-405c-8254-e85a26a7a0ea&device_owner=network%3Adhcp HTTP/1.1" status: 200 len: 210 time: 0.0232105
2026-08-04 22:45:44.710 10 INFO neutron.wsgi [req-6b649813-e4db-4282-af09-1e386d22fd3f req-b97a361c-e6ef-45c8-bcde-a60948734407 f52cb827014648a9baf493a70e099238 5b436957e7cd48c980ddb81b422b049f - - a992c7e162aa4dd9b879f0a13a6e7ea8 a992c7e162aa4dd9b879f0a13a6e7ea8] 199.204.45.138 "GET /v2.0/networks/5b940c57-0a5a-405c-8254-e85a26a7a0ea?fields=segments HTTP/1.1" status: 200 len: 212 time: 0.0705669
2026-08-04 22:45:44.788 10 INFO neutron.wsgi [req-6b649813-e4db-4282-af09-1e386d22fd3f req-eb1ac167-a4e0-4a4d-b43a-637bc2701d12 f52cb827014648a9baf493a70e099238 5b436957e7cd48c980ddb81b422b049f - - a992c7e162aa4dd9b879f0a13a6e7ea8 a992c7e162aa4dd9b879f0a13a6e7ea8] 199.204.45.138 "GET /v2.0/networks/5b940c57-0a5a-405c-8254-e85a26a7a0ea?fields=provider%3Aphysical_network&fields=provider%3Anetwork_type HTTP/1.1" status: 200 len: 277 time: 0.0725546
2026-08-04 22:45:45.025 10 WARNING neutron.scheduler.dhcp_agent_scheduler [None req-3b4b76c1-5f63-4cb2-ac73-7403ba9ed247 6904539e1b8e450581747e0c3d72b9c7 67a2ab3d09de4013aa4ff17c925eadb6 - - default default] No more DHCP agents
2026-08-04 22:45:45.027 10 WARNING neutron.api.rpc.agentnotifiers.dhcp_rpc_agent_api [None req-3b4b76c1-5f63-4cb2-ac73-7403ba9ed247 6904539e1b8e450581747e0c3d72b9c7 67a2ab3d09de4013aa4ff17c925eadb6 - - default default] Unable to schedule network 1e87f498-0fbb-4d79-acc6-801eb9d085e5: no agents available; will retry on subsequent port and subnet creation events.
2026-08-04 22:45:45.127 10 INFO neutron.db.ovn_revision_numbers_db [None req-3b4b76c1-5f63-4cb2-ac73-7403ba9ed247 6904539e1b8e450581747e0c3d72b9c7 67a2ab3d09de4013aa4ff17c925eadb6 - - default default] Successfully bumped revision number for resource 3bdf1da2-84da-4611-9ca1-1d2caba4ce67 (type: ports) to 1
2026-08-04 22:45:45.147 10 INFO neutron.wsgi [None req-3b4b76c1-5f63-4cb2-ac73-7403ba9ed247 6904539e1b8e450581747e0c3d72b9c7 67a2ab3d09de4013aa4ff17c925eadb6 - - default default] 10.0.0.72 "POST /v2.0/ports HTTP/1.1" status: 201 len: 1160 time: 0.5505614 /var/lib/openstack/lib/python3.10/site-packages/pycadf/identifier.py:71: UserWarning: Invalid uuid: neutron. To ensure interoperability, identifiers should be a valid uuid. warnings.warn(('Invalid uuid: %s. To ensure interoperability, '
2026-08-04 22:45:45.477 10 INFO neutron.wsgi [None req-e583c07a-c09b-4af0-99c6-59d4659b8628 6904539e1b8e450581747e0c3d72b9c7 67a2ab3d09de4013aa4ff17c925eadb6 - - default default] 10.0.0.72 "DELETE /v2.0/ports/3bdf1da2-84da-4611-9ca1-1d2caba4ce67 HTTP/1.1" status: 204 len: 168 time: 0.3242207
2026-08-04 22:45:45.497 10 INFO neutron.pecan_wsgi.hooks.translation [None req-0c50c58b-7f83-4c80-8b74-3d4376af1c4d 6904539e1b8e450581747e0c3d72b9c7 67a2ab3d09de4013aa4ff17c925eadb6 - - default default] DELETE failed (client error): The resource could not be found.
2026-08-04 22:45:45.499 10 INFO neutron.wsgi [None req-0c50c58b-7f83-4c80-8b74-3d4376af1c4d 6904539e1b8e450581747e0c3d72b9c7 67a2ab3d09de4013aa4ff17c925eadb6 - - default default] 10.0.0.72 "DELETE /v2.0/ports/3bdf1da2-84da-4611-9ca1-1d2caba4ce67 HTTP/1.1" status: 404 len: 333 time: 0.0187285
2026-08-04 22:45:45.516 10 INFO neutron.pecan_wsgi.hooks.translation [None req-c1734fc2-8ca5-4c4c-9f29-92d294c5bee7 6904539e1b8e450581747e0c3d72b9c7 67a2ab3d09de4013aa4ff17c925eadb6 - - default default] GET failed (client error): The resource could not be found.
2026-08-04 22:45:45.517 10 INFO neutron.wsgi [None req-c1734fc2-8ca5-4c4c-9f29-92d294c5bee7 6904539e1b8e450581747e0c3d72b9c7 67a2ab3d09de4013aa4ff17c925eadb6 - - default default] 10.0.0.72 "GET /v2.0/ports/3bdf1da2-84da-4611-9ca1-1d2caba4ce67 HTTP/1.1" status: 404 len: 333 time: 0.0139372
2026-08-04 22:45:45.667 10 INFO neutron.wsgi [None req-93688197-c50c-4e2d-b5d7-95107f4cb8be 6904539e1b8e450581747e0c3d72b9c7 67a2ab3d09de4013aa4ff17c925eadb6 - - default default] 10.0.0.72 "DELETE /v2.0/subnets/0615aa0b-b4f2-446f-bd01-30bb25dad89a HTTP/1.1" status: 204 len: 168 time: 0.1452012
2026-08-04 22:45:46.086 10 INFO neutron.wsgi [None req-c39e008b-d190-4894-ae2f-8738c4196290 6904539e1b8e450581747e0c3d72b9c7 67a2ab3d09de4013aa4ff17c925eadb6 - - default default] 10.0.0.72 "DELETE /v2.0/networks/1e87f498-0fbb-4d79-acc6-801eb9d085e5 HTTP/1.1" status: 204 len: 168 time: 0.4142349
2026-08-04 22:45:46.172 10 INFO neutron.db.segments_db [None req-f5f69ad0-6689-4de9-bceb-d183aaff809e 6904539e1b8e450581747e0c3d72b9c7 67a2ab3d09de4013aa4ff17c925eadb6 - - default default] Added segment aaae3dd5-934b-4469-ac41-c8580745f985 of type geneve for network 46448e8b-4ef1-454b-a437-1782eb04a4f9
2026-08-04 22:45:46.309 10 INFO neutron.db.ovn_revision_numbers_db [None req-f5f69ad0-6689-4de9-bceb-d183aaff809e 6904539e1b8e450581747e0c3d72b9c7 67a2ab3d09de4013aa4ff17c925eadb6 - - default default] Successfully bumped revision number for resource 46448e8b-4ef1-454b-a437-1782eb04a4f9 (type: networks) to 1
2026-08-04 22:45:46.457 10 INFO neutron.services.segments.plugin [-] Segment df2d0e2e-2174-4871-a147-b29da002ae48 resource provider aggregate not found
2026-08-04 22:45:46.475 10 INFO neutron.services.segments.plugin [-] Segment df2d0e2e-2174-4871-a147-b29da002ae48 resource provider not found; error: Placement Client Error (4xx): {"errors": [{"status": 404, "title": "Not Found", "detail": "The resource could not be found.\n\n No resource provider with uuid df2d0e2e-2174-4871-a147-b29da002ae48 found for delete ", "request_id": "req-ee53aa06-12cc-410a-ae59-c575e2ab448a"}]}
2026-08-04 22:45:46.478 10 INFO neutron.services.segments.plugin [-] Segment df2d0e2e-2174-4871-a147-b29da002ae48 resource provider aggregate not found
2026-08-04 22:45:46.490 9 INFO neutron.db.ovn_revision_numbers_db [None req-0e3c607b-02b2-409b-97ef-1d31bacd0e59 a5c3f9e6256d4e9cbfb0c0ff950f19d0 7b30a4e1d7c44754b6e1abff1a5c7324 - - default default] Successfully bumped revision number for resource 2d9b021a-4a7e-429a-b1bd-a3095d28bdf0 (type: security_groups) to 1
2026-08-04 22:45:46.496 10 INFO neutron.services.segments.plugin [-] Segment df2d0e2e-2174-4871-a147-b29da002ae48 resource provider not found; error: Placement Client Error (4xx): {"errors": [{"status": 404, "title": "Not Found", "detail": "The resource could not be found.\n\n No resource provider with uuid df2d0e2e-2174-4871-a147-b29da002ae48 found for delete ", "request_id": "req-5392297e-ad6b-4715-8575-ffcaf902c167"}]}
2026-08-04 22:45:46.504 9 INFO neutron.db.ovn_revision_numbers_db [None req-0e3c607b-02b2-409b-97ef-1d31bacd0e59 a5c3f9e6256d4e9cbfb0c0ff950f19d0 7b30a4e1d7c44754b6e1abff1a5c7324 - - default default] Successfully bumped revision number for resource 20d9b306-07b8-43f0-a7a9-f56be38efd44 (type: security_group_rules) to 0
2026-08-04 22:45:46.512 10 WARNING neutron.scheduler.dhcp_agent_scheduler [None req-f5f69ad0-6689-4de9-bceb-d183aaff809e 6904539e1b8e450581747e0c3d72b9c7 67a2ab3d09de4013aa4ff17c925eadb6 - - default default] No more DHCP agents
2026-08-04 22:45:46.514 10 WARNING neutron.api.rpc.agentnotifiers.dhcp_rpc_agent_api [None req-f5f69ad0-6689-4de9-bceb-d183aaff809e 6904539e1b8e450581747e0c3d72b9c7 67a2ab3d09de4013aa4ff17c925eadb6 - - default default] Unable to schedule network 46448e8b-4ef1-454b-a437-1782eb04a4f9: no agents available; will retry on subsequent port and subnet creation events.
2026-08-04 22:45:46.517 9 INFO neutron.db.ovn_revision_numbers_db [None req-0e3c607b-02b2-409b-97ef-1d31bacd0e59 a5c3f9e6256d4e9cbfb0c0ff950f19d0 7b30a4e1d7c44754b6e1abff1a5c7324 - - default default] Successfully bumped revision number for resource 2cf9ffca-2aa7-4d3a-8ce1-e990d204ec5c (type: security_group_rules) to 0
2026-08-04 22:45:46.532 9 INFO neutron.db.ovn_revision_numbers_db [None req-0e3c607b-02b2-409b-97ef-1d31bacd0e59 a5c3f9e6256d4e9cbfb0c0ff950f19d0 7b30a4e1d7c44754b6e1abff1a5c7324 - - default default] Successfully bumped revision number for resource 52aace07-f78e-4fa1-9b08-9a2c0bc80182 (type: security_group_rules) to 0
2026-08-04 22:45:46.545 9 INFO neutron.db.ovn_revision_numbers_db [None req-0e3c607b-02b2-409b-97ef-1d31bacd0e59 a5c3f9e6256d4e9cbfb0c0ff950f19d0 7b30a4e1d7c44754b6e1abff1a5c7324 - - default default] Successfully bumped revision number for resource 5c6573f9-9685-4bc1-9254-fea40e37ace8 (type: security_group_rules) to 0
2026-08-04 22:45:46.583 10 INFO neutron.db.ovn_revision_numbers_db [None req-f5f69ad0-6689-4de9-bceb-d183aaff809e 6904539e1b8e450581747e0c3d72b9c7 67a2ab3d09de4013aa4ff17c925eadb6 - - default default] Successfully bumped revision number for resource 9dd24e99-94fb-4ae4-a0b2-db2af7e7d09c (type: ports) to 1
2026-08-04 22:45:46.601 10 INFO neutron.wsgi [None req-f5f69ad0-6689-4de9-bceb-d183aaff809e 6904539e1b8e450581747e0c3d72b9c7 67a2ab3d09de4013aa4ff17c925eadb6 - - default default] 10.0.0.72 "POST /v2.0/networks HTTP/1.1" status: 201 len: 835 time: 0.5097885
2026-08-04 22:45:46.627 9 INFO neutron.db.segments_db [None req-0e3c607b-02b2-409b-97ef-1d31bacd0e59 a5c3f9e6256d4e9cbfb0c0ff950f19d0 7b30a4e1d7c44754b6e1abff1a5c7324 - - default default] Added segment db27511a-d16b-4da0-b932-74bf4b2aece6 of type geneve for network 886878ca-1aa0-46ad-b4ee-64f3377e5081
2026-08-04 22:45:46.728 9 INFO neutron.db.segments_db [None req-0e3c607b-02b2-409b-97ef-1d31bacd0e59 a5c3f9e6256d4e9cbfb0c0ff950f19d0 7b30a4e1d7c44754b6e1abff1a5c7324 - - default default] Added segment f39fb170-ccc5-41d7-872f-499992c73316 of type geneve for network c6f9f733-eb1e-49b7-afbd-45465b8caade
2026-08-04 22:45:46.837 10 WARNING neutron.scheduler.dhcp_agent_scheduler [None req-a402d7c5-afb6-48de-8b58-3d433aa28a33 6904539e1b8e450581747e0c3d72b9c7 67a2ab3d09de4013aa4ff17c925eadb6 - - default default] No more DHCP agents
2026-08-04 22:45:46.839 10 WARNING neutron.api.rpc.agentnotifiers.dhcp_rpc_agent_api [None req-a402d7c5-afb6-48de-8b58-3d433aa28a33 6904539e1b8e450581747e0c3d72b9c7 67a2ab3d09de4013aa4ff17c925eadb6 - - default default] Unable to schedule network 46448e8b-4ef1-454b-a437-1782eb04a4f9: no agents available; will retry on subsequent port and subnet creation events.
2026-08-04 22:45:46.871 10 INFO neutron.db.ovn_revision_numbers_db [None req-a402d7c5-afb6-48de-8b58-3d433aa28a33 6904539e1b8e450581747e0c3d72b9c7 67a2ab3d09de4013aa4ff17c925eadb6 - - default default] Successfully bumped revision number for resource 783dd7ed-7660-47d9-8648-68fe31598530 (type: subnets) to 0
2026-08-04 22:45:46.873 9 INFO neutron.db.ovn_revision_numbers_db [None req-0e3c607b-02b2-409b-97ef-1d31bacd0e59 a5c3f9e6256d4e9cbfb0c0ff950f19d0 7b30a4e1d7c44754b6e1abff1a5c7324 - - default default] Successfully bumped revision number for resource 886878ca-1aa0-46ad-b4ee-64f3377e5081 (type: networks) to 1
2026-08-04 22:45:46.886 10 INFO neutron.wsgi [None req-a402d7c5-afb6-48de-8b58-3d433aa28a33 6904539e1b8e450581747e0c3d72b9c7 67a2ab3d09de4013aa4ff17c925eadb6 - - default default] 10.0.0.72 "POST /v2.0/subnets HTTP/1.1" status: 201 len: 821 time: 0.2793975
2026-08-04 22:45:47.085 10 WARNING neutron.plugins.ml2.drivers.ovn.mech_driver.ovsdb.ovn_client [None req-a04ed9aa-9a94-4106-8ac5-7bd5a8e8f978 - - - - - -] No hosting information found for port ca95106d-0917-4950-9c4b-1f942b0e4506: RuntimeError: No hosting information found for port ca95106d-0917-4950-9c4b-1f942b0e4506
2026-08-04 22:45:47.100 9 WARNING neutron.scheduler.dhcp_agent_scheduler [None req-0e3c607b-02b2-409b-97ef-1d31bacd0e59 a5c3f9e6256d4e9cbfb0c0ff950f19d0 7b30a4e1d7c44754b6e1abff1a5c7324 - - default default] No more DHCP agents
2026-08-04 22:45:47.103 9 WARNING neutron.api.rpc.agentnotifiers.dhcp_rpc_agent_api [None req-0e3c607b-02b2-409b-97ef-1d31bacd0e59 a5c3f9e6256d4e9cbfb0c0ff950f19d0 7b30a4e1d7c44754b6e1abff1a5c7324 - - default default] Unable to schedule network 886878ca-1aa0-46ad-b4ee-64f3377e5081: no agents available; will retry on subsequent port and subnet creation events.
