2026-08-04 22:47:46.717 9 INFO neutron.db.ovn_revision_numbers_db [None req-b79ee02d-792a-4b87-8572-7a2bd47ff89a 328b1440c0ff4a2bbabc1936501f2905 d628c3af1cc341f0ae118aff06b910d3 - - default default] Successfully bumped revision number for resource 9503a422-fdda-46d9-b20b-8396cb4579fb (type: security_group_rules) to 0
2026-08-04 22:47:46.730 9 INFO neutron.db.ovn_revision_numbers_db [None req-7be0824a-4a78-45f6-a442-ac34441ba1e0 e761660862c3414aa998f844134ef90b afa7bd8107b24493a44f235c1e638b44 - - default default] Successfully bumped revision number for resource 2cd92e92-e783-410c-873e-51225fe495f8 (type: security_group_rules) to 0
2026-08-04 22:47:46.740 10 INFO neutron.db.ovn_revision_numbers_db [None req-7754c702-5079-4902-a5bc-4d6ba345fb16 d4643d86109b45ee9f7430ae41c50178 e277fdd1d4f540f6a33772146f19e4e4 - - default default] Successfully bumped revision number for resource 852289b5-8d7e-4e6b-8d48-4e46c1b10437 (type: subnets) to 0
2026-08-04 22:47:46.743 9 INFO neutron.wsgi [None req-b79ee02d-792a-4b87-8572-7a2bd47ff89a 328b1440c0ff4a2bbabc1936501f2905 d628c3af1cc341f0ae118aff06b910d3 - - default default] 10.0.0.72 "POST /v2.0/security-group-rules HTTP/1.1" status: 201 len: 769 time: 0.1752598
2026-08-04 22:47:46.743 9 INFO neutron.db.ovn_revision_numbers_db [None req-7be0824a-4a78-45f6-a442-ac34441ba1e0 e761660862c3414aa998f844134ef90b afa7bd8107b24493a44f235c1e638b44 - - default default] Successfully bumped revision number for resource 920622fd-e899-4762-b8e2-0c6156de371f (type: security_group_rules) to 0
2026-08-04 22:47:46.758 10 INFO neutron.wsgi [None req-7754c702-5079-4902-a5bc-4d6ba345fb16 d4643d86109b45ee9f7430ae41c50178 e277fdd1d4f540f6a33772146f19e4e4 - - default default] 10.0.0.72 "POST /v2.0/subnets HTTP/1.1" status: 201 len: 801 time: 1.0120084
2026-08-04 22:47:46.772 9 INFO neutron.db.ovn_revision_numbers_db [None req-7be0824a-4a78-45f6-a442-ac34441ba1e0 e761660862c3414aa998f844134ef90b afa7bd8107b24493a44f235c1e638b44 - - default default] Successfully bumped revision number for resource ca1ebadf-6546-45c2-bc01-30481ce50fb9 (type: security_group_rules) to 0
2026-08-04 22:47:46.817 9 INFO neutron.wsgi [None req-7be0824a-4a78-45f6-a442-ac34441ba1e0 e761660862c3414aa998f844134ef90b afa7bd8107b24493a44f235c1e638b44 - - default default] 10.0.0.72 "GET /v2.0/security-groups?tenant_id=b59ad6de15904bc89c1cb742abac7cdb&name=default HTTP/1.1" status: 200 len: 2996 time: 0.4696336
2026-08-04 22:47:46.961 9 INFO neutron.db.ovn_revision_numbers_db [None req-886900a7-b3dc-46d2-ae9f-09eb6eb2b964 328b1440c0ff4a2bbabc1936501f2905 d628c3af1cc341f0ae118aff06b910d3 - - default default] Successfully bumped revision number for resource d6b4a75a-42a9-4013-b6e7-7ab6fe5182fa (type: security_group_rules) to 0
2026-08-04 22:47:47.002 9 INFO neutron.wsgi [None req-886900a7-b3dc-46d2-ae9f-09eb6eb2b964 328b1440c0ff4a2bbabc1936501f2905 d628c3af1cc341f0ae118aff06b910d3 - - default default] 10.0.0.72 "POST /v2.0/security-group-rules HTTP/1.1" status: 201 len: 768 time: 0.2535851
2026-08-04 22:47:47.032 10 INFO neutron.wsgi [None req-185134c3-5f05-49f2-be1d-699a99ee9663 e761660862c3414aa998f844134ef90b afa7bd8107b24493a44f235c1e638b44 - - default default] 10.0.0.72 "DELETE /v2.0/security-groups/959a789a-6eba-405d-8ff7-9947f6148f9b HTTP/1.1" status: 204 len: 168 time: 0.2092316
2026-08-04 22:47:47.034 10 INFO neutron.db.securitygroups_db [None req-d3d03ada-c49a-4d36-8844-c0563b197cb4 328b1440c0ff4a2bbabc1936501f2905 d628c3af1cc341f0ae118aff06b910d3 - - default default] Project d628c3af1cc341f0ae118aff06b910d3 added a security group rule with legacy IPv6 ICMP protocol name icmp, ipv6-icmp should be used instead. It was automatically converted.
2026-08-04 22:47:47.133 10 INFO neutron.db.ovn_revision_numbers_db [None req-d3d03ada-c49a-4d36-8844-c0563b197cb4 328b1440c0ff4a2bbabc1936501f2905 d628c3af1cc341f0ae118aff06b910d3 - - default default] Successfully bumped revision number for resource e8b76c85-c957-4444-b5ec-3569c09f500c (type: security_group_rules) to 0
2026-08-04 22:47:47.144 9 INFO neutron.db.ovn_revision_numbers_db [None req-c302ad1e-5f0c-4338-87a3-3b63220357e7 d4643d86109b45ee9f7430ae41c50178 e277fdd1d4f540f6a33772146f19e4e4 - - default default] Successfully bumped revision number for resource 852289b5-8d7e-4e6b-8d48-4e46c1b10437 (type: subnets) to 1
2026-08-04 22:47:47.148 9 INFO neutron.wsgi [None req-c302ad1e-5f0c-4338-87a3-3b63220357e7 d4643d86109b45ee9f7430ae41c50178 e277fdd1d4f540f6a33772146f19e4e4 - - default default] 10.0.0.72 "PUT /v2.0/subnets/852289b5-8d7e-4e6b-8d48-4e46c1b10437 HTTP/1.1" status: 200 len: 806 time: 0.3845723
2026-08-04 22:47:47.165 10 INFO neutron.wsgi [None req-d3d03ada-c49a-4d36-8844-c0563b197cb4 328b1440c0ff4a2bbabc1936501f2905 d628c3af1cc341f0ae118aff06b910d3 - - default default] 10.0.0.72 "POST /v2.0/security-group-rules HTTP/1.1" status: 201 len: 774 time: 0.1566801
2026-08-04 22:47:47.193 9 INFO neutron.db.securitygroups_db [None req-9bc0114c-a240-467a-83ff-630f63f797f8 328b1440c0ff4a2bbabc1936501f2905 d628c3af1cc341f0ae118aff06b910d3 - - default default] Project d628c3af1cc341f0ae118aff06b910d3 added a security group rule with legacy IPv6 ICMP protocol name icmp, ipv6-icmp should be used instead. It was automatically converted.
2026-08-04 22:47:47.310 9 INFO neutron.db.ovn_revision_numbers_db [None req-9bc0114c-a240-467a-83ff-630f63f797f8 328b1440c0ff4a2bbabc1936501f2905 d628c3af1cc341f0ae118aff06b910d3 - - default default] Successfully bumped revision number for resource 4e334868-87b2-4515-952e-a7cd764a346d (type: security_group_rules) to 0
2026-08-04 22:47:47.339 9 INFO neutron.wsgi [None req-9bc0114c-a240-467a-83ff-630f63f797f8 328b1440c0ff4a2bbabc1936501f2905 d628c3af1cc341f0ae118aff06b910d3 - - default default] 10.0.0.72 "POST /v2.0/security-group-rules HTTP/1.1" status: 201 len: 773 time: 0.1691425
2026-08-04 22:47:47.882 10 INFO neutron.services.segments.plugin [-] Segment 1b36a9a3-6cab-412a-b020-00e8c0b80829 resource provider aggregate not found
2026-08-04 22:47:47.888 10 INFO neutron.services.segments.plugin [-] Segment 1b36a9a3-6cab-412a-b020-00e8c0b80829 resource provider aggregate not found
2026-08-04 22:47:47.905 10 INFO neutron.services.segments.plugin [-] Segment 1b36a9a3-6cab-412a-b020-00e8c0b80829 resource provider not found; error: Placement Client Error (4xx): {"errors": [{"status": 404, "title": "Not Found", "detail": "The resource could not be found.\n\n No resource provider with uuid 1b36a9a3-6cab-412a-b020-00e8c0b80829 found for delete ", "request_id": "req-5a5e7662-cecb-4c2e-a1f9-3588b28c6351"}]}
2026-08-04 22:47:47.907 10 INFO neutron.services.segments.plugin [-] Segment 1b36a9a3-6cab-412a-b020-00e8c0b80829 resource provider not found; error: Placement Client Error (4xx): {"errors": [{"status": 404, "title": "Not Found", "detail": "The resource could not be found.\n\n No resource provider with uuid 1b36a9a3-6cab-412a-b020-00e8c0b80829 found for delete ", "request_id": "req-82298bfd-bfc4-4359-8ca7-61ab930756c3"}]}
2026-08-04 22:47:47.931 10 INFO neutron.wsgi [None req-44cba331-2dc3-44d9-9ced-b3c52cdadfea d4643d86109b45ee9f7430ae41c50178 e277fdd1d4f540f6a33772146f19e4e4 - - default default] 10.0.0.72 "DELETE /v2.0/networks/c484744c-9db0-434a-aabc-008467c88dea HTTP/1.1" status: 204 len: 168 time: 0.7753205
2026-08-04 22:47:47.949 10 INFO neutron.pecan_wsgi.hooks.translation [None req-a5c0471e-8dd2-4b26-9b2d-3d2d3124e69c d4643d86109b45ee9f7430ae41c50178 e277fdd1d4f540f6a33772146f19e4e4 - - default default] DELETE failed (client error): The resource could not be found.
2026-08-04 22:47:47.951 10 INFO neutron.wsgi [None req-a5c0471e-8dd2-4b26-9b2d-3d2d3124e69c d4643d86109b45ee9f7430ae41c50178 e277fdd1d4f540f6a33772146f19e4e4 - - default default] 10.0.0.72 "DELETE /v2.0/networks/c484744c-9db0-434a-aabc-008467c88dea HTTP/1.1" status: 404 len: 339 time: 0.0159461
2026-08-04 22:47:48.018 9 INFO neutron.wsgi [None req-c33c4afb-401d-454e-94aa-43c48e2cf991 328b1440c0ff4a2bbabc1936501f2905 d628c3af1cc341f0ae118aff06b910d3 - - default default] 10.0.0.72 "GET /v2.0/networks HTTP/1.1" status: 200 len: 1493 time: 0.2679937
2026-08-04 22:47:48.095 10 INFO neutron.wsgi [None req-78690f74-e702-4eb9-8f5b-4a68521cba4e d4643d86109b45ee9f7430ae41c50178 e277fdd1d4f540f6a33772146f19e4e4 - - default default] 10.0.0.72 "GET /v2.0/networks?router%3Aexternal=True HTTP/1.1" status: 200 len: 845 time: 0.1392000
2026-08-04 22:47:48.123 10 INFO neutron.wsgi [req-3cc476f8-8612-48e3-8b62-c81c41f10d91 req-1a443b1c-ee0a-4ae1-a1c4-81f239b29c00 328b1440c0ff4a2bbabc1936501f2905 d628c3af1cc341f0ae118aff06b910d3 - - default default] 10.0.0.127 "GET /v2.0/security-groups?name=tempest-secgroup-smoke-431516799&fields=id&tenant_id=d628c3af1cc341f0ae118aff06b910d3 HTTP/1.1" status: 200 len: 267 time: 0.0423698
2026-08-04 22:47:48.155 9 INFO neutron.wsgi [None req-3d05e3cd-5806-4d7b-a109-37b51727debb d4643d86109b45ee9f7430ae41c50178 e277fdd1d4f540f6a33772146f19e4e4 - - default default] 10.0.0.72 "GET /v2.0/subnets?network_id=939c3dde-d047-46a3-9da5-8bce04abe357 HTTP/1.1" status: 200 len: 820 time: 0.0558097
2026-08-04 22:47:48.165 9 INFO neutron.wsgi [None req-bd89ea7f-b9fc-41c2-b409-ebbfdd698764 d4643d86109b45ee9f7430ae41c50178 e277fdd1d4f540f6a33772146f19e4e4 - - default default] 10.0.0.72 "GET /v2.0/extensions HTTP/1.1" status: 200 len: 16520 time: 0.0059588
2026-08-04 22:47:48.205 10 INFO neutron.wsgi [req-3cc476f8-8612-48e3-8b62-c81c41f10d91 req-0c9ca7fd-e11a-4c05-9150-79dc87253482 328b1440c0ff4a2bbabc1936501f2905 d628c3af1cc341f0ae118aff06b910d3 - - default default] 10.0.0.127 "GET /v2.0/networks?id=60941f21-87d4-4b3d-82f4-6f61474ab390 HTTP/1.1" status: 200 len: 860 time: 0.0718198
2026-08-04 22:47:48.224 10 INFO neutron.wsgi [req-3cc476f8-8612-48e3-8b62-c81c41f10d91 req-811468f0-bca7-4440-8386-261825b694b4 328b1440c0ff4a2bbabc1936501f2905 d628c3af1cc341f0ae118aff06b910d3 - - default default] 10.0.0.127 "GET /v2.0/quotas/d628c3af1cc341f0ae118aff06b910d3 HTTP/1.1" status: 200 len: 386 time: 0.0107191
2026-08-04 22:47:48.243 9 INFO neutron.wsgi [None req-b1e7c7d3-3cd9-483b-954a-83d0b9d5d533 d4643d86109b45ee9f7430ae41c50178 e277fdd1d4f540f6a33772146f19e4e4 - - default default] 10.0.0.72 "GET /v2.0/networks HTTP/1.1" status: 200 len: 1503 time: 0.0730705
2026-08-04 22:47:48.302 9 INFO neutron.wsgi [None req-d1e716c7-ca0e-4d98-883d-bd7f67093202 d4643d86109b45ee9f7430ae41c50178 e277fdd1d4f540f6a33772146f19e4e4 - - default default] 10.0.0.72 "GET /v2.0/subnets HTTP/1.1" status: 200 len: 1428 time: 0.0535381
2026-08-04 22:47:48.313 10 INFO neutron.wsgi [req-3cc476f8-8612-48e3-8b62-c81c41f10d91 req-7a0992cd-4a4f-4d02-b114-b2795e75df2b 328b1440c0ff4a2bbabc1936501f2905 d628c3af1cc341f0ae118aff06b910d3 - - default default] 10.0.0.127 "GET /v2.0/ports?tenant_id=d628c3af1cc341f0ae118aff06b910d3&fields=id HTTP/1.1" status: 200 len: 348 time: 0.0839362
2026-08-04 22:47:48.361 9 INFO neutron.wsgi [None req-5fdfd140-6d2a-4b45-bb19-99d0122e74ec d4643d86109b45ee9f7430ae41c50178 e277fdd1d4f540f6a33772146f19e4e4 - - default default] 10.0.0.72 "GET /v2.0/networks/ea361035-caa4-4da5-863b-6527adeea256 HTTP/1.1" status: 200 len: 862 time: 0.0547893
2026-08-04 22:47:48.383 10 INFO neutron.wsgi [req-3cc476f8-8612-48e3-8b62-c81c41f10d91 req-3f12dff0-90de-4a21-b1a2-4e53322b7dd1 f52cb827014648a9baf493a70e099238 5b436957e7cd48c980ddb81b422b049f - - a992c7e162aa4dd9b879f0a13a6e7ea8 a992c7e162aa4dd9b879f0a13a6e7ea8] 10.0.0.127 "GET /v2.0/networks/60941f21-87d4-4b3d-82f4-6f61474ab390?fields=segments HTTP/1.1" status: 200 len: 212 time: 0.0569830
2026-08-04 22:47:48.397 9 INFO neutron.wsgi [None req-27af4064-efb4-4284-b7b0-e2de98099717 d4643d86109b45ee9f7430ae41c50178 e277fdd1d4f540f6a33772146f19e4e4 - - default default] 10.0.0.72 "GET /v2.0/subnets/bfc0a68c-bb90-4c1c-8ba5-4a617aedf6c4 HTTP/1.1" status: 200 len: 811 time: 0.0306938
2026-08-04 22:47:48.416 9 INFO neutron.pecan_wsgi.hooks.translation [None req-fbbb9fc7-78e4-47e3-8e89-93939abcf95f d4643d86109b45ee9f7430ae41c50178 e277fdd1d4f540f6a33772146f19e4e4 - - default default] DELETE failed (client error): The resource could not be found.
2026-08-04 22:47:48.418 9 INFO neutron.wsgi [None req-fbbb9fc7-78e4-47e3-8e89-93939abcf95f d4643d86109b45ee9f7430ae41c50178 e277fdd1d4f540f6a33772146f19e4e4 - - default default] 10.0.0.72 "DELETE /v2.0/subnets/852289b5-8d7e-4e6b-8d48-4e46c1b10437 HTTP/1.1" status: 404 len: 337 time: 0.0152421
2026-08-04 22:47:48.434 9 INFO neutron.pecan_wsgi.hooks.translation [None req-ba5b15ea-a6f9-4d94-a235-379b53ce9e18 d4643d86109b45ee9f7430ae41c50178 e277fdd1d4f540f6a33772146f19e4e4 - - default default] DELETE failed (client error): The resource could not be found.
2026-08-04 22:47:48.437 9 INFO neutron.wsgi [None req-ba5b15ea-a6f9-4d94-a235-379b53ce9e18 d4643d86109b45ee9f7430ae41c50178 e277fdd1d4f540f6a33772146f19e4e4 - - default default] 10.0.0.72 "DELETE /v2.0/networks/c484744c-9db0-434a-aabc-008467c88dea HTTP/1.1" status: 404 len: 339 time: 0.0134676
2026-08-04 22:47:48.451 10 INFO neutron.wsgi [req-3cc476f8-8612-48e3-8b62-c81c41f10d91 req-2ec77438-2fbc-4565-b3dc-22343778fa6d f52cb827014648a9baf493a70e099238 5b436957e7cd48c980ddb81b422b049f - - a992c7e162aa4dd9b879f0a13a6e7ea8 a992c7e162aa4dd9b879f0a13a6e7ea8] 10.0.0.127 "GET /v2.0/networks/60941f21-87d4-4b3d-82f4-6f61474ab390?fields=provider%3Aphysical_network&fields=provider%3Anetwork_type HTTP/1.1" status: 200 len: 277 time: 0.0592330
2026-08-04 22:47:48.595 9 INFO neutron.wsgi [req-7309a73d-5dff-402a-bc75-bd0fb00e135a req-f4f72d85-01b7-48d1-ac7f-644138d45a84 328b1440c0ff4a2bbabc1936501f2905 d628c3af1cc341f0ae118aff06b910d3 - - default default] 10.0.0.127 "GET /v2.0/ports?device_id=66f0378a-c3d3-49eb-9fc0-08a73c9e3f81 HTTP/1.1" status: 200 len: 210 time: 0.0277388
2026-08-04 22:47:48.662 9 INFO neutron.wsgi [None req-57aaf39e-8c3f-4430-9947-7c4983a606ca d4643d86109b45ee9f7430ae41c50178 e277fdd1d4f540f6a33772146f19e4e4 - - default default] 10.0.0.72 "DELETE /v2.0/subnets/bfc0a68c-bb90-4c1c-8ba5-4a617aedf6c4 HTTP/1.1" status: 204 len: 168 time: 0.2228220
2026-08-04 22:47:48.953 10 INFO neutron.db.ovn_revision_numbers_db [None req-696f3eef-821e-46d7-8f2c-7d928258b7ee eac3d0518286400f89a10f6456af4f5e 6b0dc7015c9f4cd8a7738d08389acd63 - - default default] Successfully bumped revision number for resource 60cf9b9e-19da-47d0-a4c6-d0ffc4d18e3e (type: routers) to 1
2026-08-04 22:47:48.969 10 INFO neutron.wsgi [None req-696f3eef-821e-46d7-8f2c-7d928258b7ee eac3d0518286400f89a10f6456af4f5e 6b0dc7015c9f4cd8a7738d08389acd63 - - default default] 10.0.0.72 "POST /v2.0/routers HTTP/1.1" status: 201 len: 654 time: 0.3774073
2026-08-04 22:47:49.152 10 INFO neutron.db.ovn_revision_numbers_db [None req-c70f4306-87bb-4f3e-bbbe-c06c8b3a9dc0 eac3d0518286400f89a10f6456af4f5e 6b0dc7015c9f4cd8a7738d08389acd63 - - default default] Successfully bumped revision number for resource f2309888-51fa-461b-9f75-b561217d30c1 (type: routers) to 1
2026-08-04 22:47:49.170 10 INFO neutron.wsgi [None req-c70f4306-87bb-4f3e-bbbe-c06c8b3a9dc0 eac3d0518286400f89a10f6456af4f5e 6b0dc7015c9f4cd8a7738d08389acd63 - - default default] 10.0.0.72 "POST /v2.0/routers HTTP/1.1" status: 201 len: 654 time: 0.1943927
2026-08-04 22:47:49.205 10 INFO neutron.db.ovn_revision_numbers_db [None req-9bd58459-001f-472c-ba89-677af3bce864 f2dc5ef8d5b34806973ced51ef3cff3f bd00212d0cb14516adbf2ac45a5d8b05 - - default default] Successfully bumped revision number for resource 98d65be6-4242-4a04-a6fa-3a945e77f30e (type: security_groups) to 1
2026-08-04 22:47:49.224 10 INFO neutron.db.ovn_revision_numbers_db [None req-9bd58459-001f-472c-ba89-677af3bce864 f2dc5ef8d5b34806973ced51ef3cff3f bd00212d0cb14516adbf2ac45a5d8b05 - - default default] Successfully bumped revision number for resource 0c95252b-acda-40e4-90be-675051566443 (type: security_group_rules) to 0
2026-08-04 22:47:49.344 10 INFO neutron.db.ovn_revision_numbers_db [None req-9bd58459-001f-472c-ba89-677af3bce864 f2dc5ef8d5b34806973ced51ef3cff3f bd00212d0cb14516adbf2ac45a5d8b05 - - default default] Successfully bumped revision number for resource 531e35c3-189b-49ee-857d-ee160c453a64 (type: security_group_rules) to 0
2026-08-04 22:47:49.351 9 INFO neutron.services.segments.plugin [-] Segment d0cedc4d-1eaa-4a45-b2d0-17c93f295684 resource provider aggregate not found
2026-08-04 22:47:49.359 9 INFO neutron.services.segments.plugin [-] Segment d0cedc4d-1eaa-4a45-b2d0-17c93f295684 resource provider aggregate not found
2026-08-04 22:47:49.377 9 INFO neutron.services.segments.plugin [-] Segment d0cedc4d-1eaa-4a45-b2d0-17c93f295684 resource provider not found; error: Placement Client Error (4xx): {"errors": [{"status": 404, "title": "Not Found", "detail": "The resource could not be found.\n\n No resource provider with uuid d0cedc4d-1eaa-4a45-b2d0-17c93f295684 found for delete ", "request_id": "req-14feaf39-fc19-4cd0-a067-fbabc11ad120"}]}
2026-08-04 22:47:49.382 9 INFO neutron.services.segments.plugin [-] Segment d0cedc4d-1eaa-4a45-b2d0-17c93f295684 resource provider not found; error: Placement Client Error (4xx): {"errors": [{"status": 404, "title": "Not Found", "detail": "The resource could not be found.\n\n No resource provider with uuid d0cedc4d-1eaa-4a45-b2d0-17c93f295684 found for delete ", "request_id": "req-dcec37b5-35e7-47be-b12e-e22e7dc7386f"}]}
2026-08-04 22:47:49.391 10 INFO neutron.db.ovn_revision_numbers_db [None req-9bd58459-001f-472c-ba89-677af3bce864 f2dc5ef8d5b34806973ced51ef3cff3f bd00212d0cb14516adbf2ac45a5d8b05 - - default default] Successfully bumped revision number for resource b2225192-9075-4611-ad7c-6ae29790787b (type: security_group_rules) to 0
2026-08-04 22:47:49.412 9 INFO neutron.wsgi [None req-65a174ba-be22-4c58-8627-c64b170ec15f d4643d86109b45ee9f7430ae41c50178 e277fdd1d4f540f6a33772146f19e4e4 - - default default] 10.0.0.72 "DELETE /v2.0/networks/ea361035-caa4-4da5-863b-6527adeea256 HTTP/1.1" status: 204 len: 168 time: 0.7447991
2026-08-04 22:47:49.444 10 INFO neutron.db.ovn_revision_numbers_db [None req-9bd58459-001f-472c-ba89-677af3bce864 f2dc5ef8d5b34806973ced51ef3cff3f bd00212d0cb14516adbf2ac45a5d8b05 - - default default] Successfully bumped revision number for resource bc69825f-a2f7-4e04-b011-56fbd625b3e1 (type: security_group_rules) to 0
2026-08-04 22:47:49.483 10 INFO neutron.wsgi [req-3cc476f8-8612-48e3-8b62-c81c41f10d91 req-90828390-1113-4074-ad6f-1b73d15856cc 328b1440c0ff4a2bbabc1936501f2905 d628c3af1cc341f0ae118aff06b910d3 - - default default] 199.204.45.138 "GET /v2.0/networks?id=60941f21-87d4-4b3d-82f4-6f61474ab390 HTTP/1.1" status: 200 len: 860 time: 0.1361101
2026-08-04 22:47:49.498 10 INFO neutron.db.ovn_revision_numbers_db [None req-22e55351-5cf4-43f3-9bd5-adc5e0b3190a eac3d0518286400f89a10f6456af4f5e 6b0dc7015c9f4cd8a7738d08389acd63 - - default default] Successfully bumped revision number for resource c0e7b4e8-b509-476e-93c8-7c0f64ffe5fe (type: routers) to 1
2026-08-04 22:47:49.504 10 INFO neutron.db.segments_db [None req-9bd58459-001f-472c-ba89-677af3bce864 f2dc5ef8d5b34806973ced51ef3cff3f bd00212d0cb14516adbf2ac45a5d8b05 - - default default] Added segment 7b559fff-0213-4507-aa79-c7f18f4baf48 of type geneve for network 0aecfc9a-594e-477d-aef2-50d9f27e84bc
2026-08-04 22:47:49.522 10 INFO neutron.wsgi [None req-22e55351-5cf4-43f3-9bd5-adc5e0b3190a eac3d0518286400f89a10f6456af4f5e 6b0dc7015c9f4cd8a7738d08389acd63 - - default default] 10.0.0.72 "POST /v2.0/routers HTTP/1.1" status: 201 len: 654 time: 0.3381684
2026-08-04 22:47:49.557 10 INFO neutron.wsgi [req-3cc476f8-8612-48e3-8b62-c81c41f10d91 req-247c03e5-5e40-4841-9684-3e99ae6c3a8f 328b1440c0ff4a2bbabc1936501f2905 d628c3af1cc341f0ae118aff06b910d3 - - default default] 199.204.45.138 "GET /v2.0/security-groups?fields=id&fields=name&tenant_id=d628c3af1cc341f0ae118aff06b910d3 HTTP/1.1" status: 200 len: 471 time: 0.0641756
2026-08-04 22:47:49.681 10 INFO neutron.db.ovn_revision_numbers_db [None req-9bd58459-001f-472c-ba89-677af3bce864 f2dc5ef8d5b34806973ced51ef3cff3f bd00212d0cb14516adbf2ac45a5d8b05 - - default default] Successfully bumped revision number for resource 0aecfc9a-594e-477d-aef2-50d9f27e84bc (type: networks) to 1
2026-08-04 22:47:49.683 9 INFO neutron.db.ovn_revision_numbers_db [None req-f6bb8f8d-92de-4e0c-9926-13b9a8ce0308 eac3d0518286400f89a10f6456af4f5e 6b0dc7015c9f4cd8a7738d08389acd63 - - default default] Successfully bumped revision number for resource 7414a6a2-e4c4-44f6-a883-bbe45448abbb (type: routers) to 1
2026-08-04 22:47:49.695 10 INFO neutron.wsgi [req-b1197d65-187e-44e3-90c8-c13ae8ee665f req-36dd0d8e-9343-4500-bf70-89aee1f7d7a3 328b1440c0ff4a2bbabc1936501f2905 d628c3af1cc341f0ae118aff06b910d3 - - default default] 10.0.0.127 "GET /v2.0/ports?device_id=66f0378a-c3d3-49eb-9fc0-08a73c9e3f81 HTTP/1.1" status: 200 len: 210 time: 0.0233037
2026-08-04 22:47:49.696 9 INFO neutron.wsgi [None req-f6bb8f8d-92de-4e0c-9926-13b9a8ce0308 eac3d0518286400f89a10f6456af4f5e 6b0dc7015c9f4cd8a7738d08389acd63 - - default default] 10.0.0.72 "POST /v2.0/routers HTTP/1.1" status: 201 len: 654 time: 0.1683929
2026-08-04 22:47:49.953 10 INFO neutron.db.ovn_revision_numbers_db [None req-52d8014a-8b2f-4397-b3e5-7da8c09af86b eac3d0518286400f89a10f6456af4f5e 6b0dc7015c9f4cd8a7738d08389acd63 - - default default] Successfully bumped revision number for resource 5d0181d5-40cb-470b-86a7-7c99ad0e5c5d (type: routers) to 1
2026-08-04 22:47:49.980 10 INFO neutron.wsgi [None req-52d8014a-8b2f-4397-b3e5-7da8c09af86b eac3d0518286400f89a10f6456af4f5e 6b0dc7015c9f4cd8a7738d08389acd63 - - default default] 10.0.0.72 "POST /v2.0/routers HTTP/1.1" status: 201 len: 654 time: 0.2802045
2026-08-04 22:47:49.999 10 WARNING neutron.scheduler.dhcp_agent_scheduler [None req-9bd58459-001f-472c-ba89-677af3bce864 f2dc5ef8d5b34806973ced51ef3cff3f bd00212d0cb14516adbf2ac45a5d8b05 - - default default] No more DHCP agents
2026-08-04 22:47:50.002 10 WARNING neutron.api.rpc.agentnotifiers.dhcp_rpc_agent_api [None req-9bd58459-001f-472c-ba89-677af3bce864 f2dc5ef8d5b34806973ced51ef3cff3f bd00212d0cb14516adbf2ac45a5d8b05 - - default default] Unable to schedule network 0aecfc9a-594e-477d-aef2-50d9f27e84bc: no agents available; will retry on subsequent port and subnet creation events.
2026-08-04 22:47:50.029 9 INFO neutron.wsgi [None req-ee206222-9f9a-4520-9a56-797fa1ee5633 e761660862c3414aa998f844134ef90b afa7bd8107b24493a44f235c1e638b44 - - default default] 10.0.0.72 "GET /v2.0/security-groups?tenant_id=e277fdd1d4f540f6a33772146f19e4e4&name=default HTTP/1.1" status: 200 len: 2996 time: 0.1385379
2026-08-04 22:47:50.049 9 INFO neutron.wsgi [None req-1fba4583-ea53-453b-b409-2343fcb5b683 eac3d0518286400f89a10f6456af4f5e 6b0dc7015c9f4cd8a7738d08389acd63 - - default default] 10.0.0.72 "PUT /v2.0/routers/60cf9b9e-19da-47d0-a4c6-d0ffc4d18e3e/tags HTTP/1.1" status: 200 len: 210 time: 0.0613828
2026-08-04 22:47:50.101 10 INFO neutron.db.ovn_revision_numbers_db [None req-9bd58459-001f-472c-ba89-677af3bce864 f2dc5ef8d5b34806973ced51ef3cff3f bd00212d0cb14516adbf2ac45a5d8b05 - - default default] Successfully bumped revision number for resource 283184d1-3929-4428-b8df-81de98402dec (type: ports) to 1
2026-08-04 22:47:50.108 9 INFO neutron.wsgi [None req-6bb89760-663c-41e3-b187-e978ac5fb38c eac3d0518286400f89a10f6456af4f5e 6b0dc7015c9f4cd8a7738d08389acd63 - - default default] 10.0.0.72 "PUT /v2.0/routers/f2309888-51fa-461b-9f75-b561217d30c1/tags HTTP/1.1" status: 200 len: 218 time: 0.0503874 /var/lib/openstack/lib/python3.10/site-packages/pycadf/identifier.py:71: UserWarning: Invalid uuid: neutron. To ensure interoperability, identifiers should be a valid uuid. warnings.warn(('Invalid uuid: %s. To ensure interoperability, '
2026-08-04 22:47:50.170 10 INFO neutron.wsgi [None req-9bd58459-001f-472c-ba89-677af3bce864 f2dc5ef8d5b34806973ced51ef3cff3f bd00212d0cb14516adbf2ac45a5d8b05 - - default default] 10.0.0.72 "POST /v2.0/networks HTTP/1.1" status: 201 len: 848 time: 1.2267895
2026-08-04 22:47:50.177 10 WARNING neutron.scheduler.dhcp_agent_scheduler [req-3cc476f8-8612-48e3-8b62-c81c41f10d91 req-7694f773-399b-4fa4-a756-b0db865efe4f 328b1440c0ff4a2bbabc1936501f2905 d628c3af1cc341f0ae118aff06b910d3 - - default default] No more DHCP agents
2026-08-04 22:47:50.178 10 WARNING neutron.api.rpc.agentnotifiers.dhcp_rpc_agent_api [req-3cc476f8-8612-48e3-8b62-c81c41f10d91 req-7694f773-399b-4fa4-a756-b0db865efe4f 328b1440c0ff4a2bbabc1936501f2905 d628c3af1cc341f0ae118aff06b910d3 - - default default] Unable to schedule network 60941f21-87d4-4b3d-82f4-6f61474ab390: no agents available; will retry on subsequent port and subnet creation events.
2026-08-04 22:47:50.189 10 INFO neutron.wsgi [None req-60d29cff-9e98-485c-8927-21f4ec90f7e1 eac3d0518286400f89a10f6456af4f5e 6b0dc7015c9f4cd8a7738d08389acd63 - - default default] 10.0.0.72 "PUT /v2.0/routers/c0e7b4e8-b509-476e-93c8-7c0f64ffe5fe/tags HTTP/1.1" status: 200 len: 227 time: 0.0735018 /var/lib/openstack/lib/python3.10/site-packages/pycadf/identifier.py:71: UserWarning: Invalid uuid: neutron. To ensure interoperability, identifiers should be a valid uuid. warnings.warn(('Invalid uuid: %s. To ensure interoperability, '
2026-08-04 22:47:50.354 9 INFO neutron.wsgi [None req-be56c680-f2d4-4166-8491-9f70c64d8808 e761660862c3414aa998f844134ef90b afa7bd8107b24493a44f235c1e638b44 - - default default] 10.0.0.72 "DELETE /v2.0/security-groups/6b1b7756-b125-4ee7-91d8-7b79b03e30ba HTTP/1.1" status: 204 len: 168 time: 0.3213809
2026-08-04 22:47:50.428 9 WARNING neutron.scheduler.dhcp_agent_scheduler [None req-c7b2160b-1fa1-4267-8ecb-bd6cc746c916 f2dc5ef8d5b34806973ced51ef3cff3f bd00212d0cb14516adbf2ac45a5d8b05 - - default default] No more DHCP agents
2026-08-04 22:47:50.430 9 WARNING neutron.api.rpc.agentnotifiers.dhcp_rpc_agent_api [None req-c7b2160b-1fa1-4267-8ecb-bd6cc746c916 f2dc5ef8d5b34806973ced51ef3cff3f bd00212d0cb14516adbf2ac45a5d8b05 - - default default] Unable to schedule network 0aecfc9a-594e-477d-aef2-50d9f27e84bc: no agents available; will retry on subsequent port and subnet creation events.
2026-08-04 22:47:50.456 9 INFO neutron.db.ovn_revision_numbers_db [None req-c7b2160b-1fa1-4267-8ecb-bd6cc746c916 f2dc5ef8d5b34806973ced51ef3cff3f bd00212d0cb14516adbf2ac45a5d8b05 - - default default] Successfully bumped revision number for resource f13a05c1-4981-4f7d-ba44-350b40ba818a (type: subnets) to 0
2026-08-04 22:47:50.463 10 INFO neutron.wsgi [None req-5dfab097-931c-40fa-bb30-f44e9126c255 eac3d0518286400f89a10f6456af4f5e 6b0dc7015c9f4cd8a7738d08389acd63 - - default default] 10.0.0.72 "PUT /v2.0/routers/7414a6a2-e4c4-44f6-a883-bbe45448abbb/tags HTTP/1.1" status: 200 len: 212 time: 0.2696640
2026-08-04 22:47:50.483 9 INFO neutron.wsgi [None req-c7b2160b-1fa1-4267-8ecb-bd6cc746c916 f2dc5ef8d5b34806973ced51ef3cff3f bd00212d0cb14516adbf2ac45a5d8b05 - - default default] 10.0.0.72 "POST /v2.0/subnets HTTP/1.1" status: 201 len: 802 time: 0.3047025
2026-08-04 22:47:50.540 9 INFO neutron.wsgi [None req-dd9ef651-52fe-422f-a40b-d8caf8c2265d eac3d0518286400f89a10f6456af4f5e 6b0dc7015c9f4cd8a7738d08389acd63 - - default default] 10.0.0.72 "GET /v2.0/routers?tags=red HTTP/1.1" status: 200 len: 1601 time: 0.0710671
2026-08-04 22:47:50.617 9 INFO neutron.wsgi [None req-128f0f4a-abb8-4618-b895-7a58c15dbfee eac3d0518286400f89a10f6456af4f5e 6b0dc7015c9f4cd8a7738d08389acd63 - - default default] 10.0.0.72 "GET /v2.0/routers?tags=red%2Cblue HTTP/1.1" status: 200 len: 1144 time: 0.0725865
2026-08-04 22:47:50.631 10 INFO neutron.db.ovn_revision_numbers_db [req-3cc476f8-8612-48e3-8b62-c81c41f10d91 req-7694f773-399b-4fa4-a756-b0db865efe4f 328b1440c0ff4a2bbabc1936501f2905 d628c3af1cc341f0ae118aff06b910d3 - - default default] Successfully bumped revision number for resource e30d5424-04f6-4551-b234-f45e0125293b (type: ports) to 1
2026-08-04 22:47:50.674 10 INFO neutron.wsgi [req-3cc476f8-8612-48e3-8b62-c81c41f10d91 req-7694f773-399b-4fa4-a756-b0db865efe4f 328b1440c0ff4a2bbabc1936501f2905 d628c3af1cc341f0ae118aff06b910d3 - - default default] 199.204.45.138 "POST /v2.0/ports HTTP/1.1" status: 201 len: 1162 time: 1.0936146
2026-08-04 22:47:50.685 9 INFO neutron.wsgi [None req-d41c0d15-9f07-4d2e-978f-3c998057c66b eac3d0518286400f89a10f6456af4f5e 6b0dc7015c9f4cd8a7738d08389acd63 - - default default] 10.0.0.72 "GET /v2.0/routers?tags-any=blue HTTP/1.1" status: 200 len: 1144 time: 0.0640533
2026-08-04 22:47:50.738 9 INFO neutron.wsgi [None req-2d4cd91b-d22f-4a0f-82ce-c0da882b55f6 eac3d0518286400f89a10f6456af4f5e 6b0dc7015c9f4cd8a7738d08389acd63 - - default default] 10.0.0.72 "GET /v2.0/routers?tags-any=red%2Cblue HTTP/1.1" status: 200 len: 1601 time: 0.0480328
2026-08-04 22:47:50.822 9 INFO neutron.wsgi [None req-3b2b1879-94da-42ba-bf9a-ca7edab2583e eac3d0518286400f89a10f6456af4f5e 6b0dc7015c9f4cd8a7738d08389acd63 - - default default] 10.0.0.72 "GET /v2.0/routers?not-tags=red HTTP/1.1" status: 200 len: 1116 time: 0.0784137
2026-08-04 22:47:51.075 9 INFO neutron.wsgi [None req-7130d490-db1b-4b6c-89d6-e23d95015dd2 eac3d0518286400f89a10f6456af4f5e 6b0dc7015c9f4cd8a7738d08389acd63 - - default default] 10.0.0.72 "GET /v2.0/routers?not-tags=red%2Cblue HTTP/1.1" status: 200 len: 1573 time: 0.2478139 /var/lib/openstack/lib/python3.10/site-packages/pycadf/identifier.py:71: UserWarning: Invalid uuid: neutron. To ensure interoperability, identifiers should be a valid uuid. warnings.warn(('Invalid uuid: %s. To ensure interoperability, '
2026-08-04 22:47:51.096 9 INFO neutron.wsgi [req-f46ab56f-a0ac-4963-b70d-6204e6e51b09 req-7f157643-48b0-4a8b-b49b-b229c63448af 328b1440c0ff4a2bbabc1936501f2905 d628c3af1cc341f0ae118aff06b910d3 - - default default] 10.0.0.127 "GET /v2.0/ports?device_id=66f0378a-c3d3-49eb-9fc0-08a73c9e3f81 HTTP/1.1" status: 200 len: 1160 time: 0.3093002
2026-08-04 22:47:51.135 9 INFO neutron.wsgi [req-f46ab56f-a0ac-4963-b70d-6204e6e51b09 req-86218122-e4ad-4085-978b-3dd1eea05280 328b1440c0ff4a2bbabc1936501f2905 d628c3af1cc341f0ae118aff06b910d3 - - default default] 10.0.0.127 "GET /v2.0/security-groups?id=6c59464d-f241-43fd-9164-6904535b1783&fields=id&fields=name HTTP/1.1" status: 200 len: 312 time: 0.0328672
2026-08-04 22:47:51.159 10 WARNING neutron.scheduler.dhcp_agent_scheduler [None req-e09d1708-245b-43a8-bb90-c56f042d8d28 f2dc5ef8d5b34806973ced51ef3cff3f bd00212d0cb14516adbf2ac45a5d8b05 - - default default] No more DHCP agents
2026-08-04 22:47:51.168 10 INFO neutron.wsgi [None req-3afdc2d7-c14d-4696-abf3-58588428e03e eac3d0518286400f89a10f6456af4f5e 6b0dc7015c9f4cd8a7738d08389acd63 - - default default] 10.0.0.72 "GET /v2.0/routers?not-tags-any=blue HTTP/1.1" status: 200 len: 1573 time: 0.0849402
2026-08-04 22:47:51.169 10 WARNING neutron.api.rpc.agentnotifiers.dhcp_rpc_agent_api [None req-e09d1708-245b-43a8-bb90-c56f042d8d28 f2dc5ef8d5b34806973ced51ef3cff3f bd00212d0cb14516adbf2ac45a5d8b05 - - default default] Unable to schedule network 939c3dde-d047-46a3-9da5-8bce04abe357: no agents available; will retry on subsequent port and subnet creation events.
2026-08-04 22:47:51.223 10 INFO neutron.db.ovn_revision_numbers_db [req-3cc476f8-8612-48e3-8b62-c81c41f10d91 req-b024a31d-a5f6-4de0-9699-ffcd9871c84b f52cb827014648a9baf493a70e099238 5b436957e7cd48c980ddb81b422b049f - - a992c7e162aa4dd9b879f0a13a6e7ea8 a992c7e162aa4dd9b879f0a13a6e7ea8] Successfully bumped revision number for resource e30d5424-04f6-4551-b234-f45e0125293b (type: ports) to 2
2026-08-04 22:47:51.253 9 INFO neutron.wsgi [None req-6203e0b9-1fde-409f-ad3e-df1523464bc8 eac3d0518286400f89a10f6456af4f5e 6b0dc7015c9f4cd8a7738d08389acd63 - - default default] 10.0.0.72 "GET /v2.0/routers?not-tags-any=red%2Cblue HTTP/1.1" status: 200 len: 1116 time: 0.0815375
2026-08-04 22:47:51.299 9 INFO neutron.wsgi [None req-9016ffdc-88ec-4212-835f-a4cac20e4b47 eac3d0518286400f89a10f6456af4f5e 6b0dc7015c9f4cd8a7738d08389acd63 - - default default] 10.0.0.72 "GET /v2.0/routers/60cf9b9e-19da-47d0-a4c6-d0ffc4d18e3e HTTP/1.1" status: 200 len: 660 time: 0.0415924
2026-08-04 22:47:51.338 10 INFO neutron.db.ovn_revision_numbers_db [None req-e09d1708-245b-43a8-bb90-c56f042d8d28 f2dc5ef8d5b34806973ced51ef3cff3f bd00212d0cb14516adbf2ac45a5d8b05 - - default default] Successfully bumped revision number for resource dbd36741-b660-49d6-be54-5dff4c8bd24c (type: ports) to 1
2026-08-04 22:47:51.510 10 INFO neutron.db.ovn_revision_numbers_db [req-3cc476f8-8612-48e3-8b62-c81c41f10d91 req-b024a31d-a5f6-4de0-9699-ffcd9871c84b f52cb827014648a9baf493a70e099238 5b436957e7cd48c980ddb81b422b049f - - a992c7e162aa4dd9b879f0a13a6e7ea8 a992c7e162aa4dd9b879f0a13a6e7ea8] Successfully bumped revision number for resource e30d5424-04f6-4551-b234-f45e0125293b (type: ports) to 2
2026-08-04 22:47:51.547 10 INFO neutron.wsgi [req-3cc476f8-8612-48e3-8b62-c81c41f10d91 req-b024a31d-a5f6-4de0-9699-ffcd9871c84b f52cb827014648a9baf493a70e099238 5b436957e7cd48c980ddb81b422b049f - - a992c7e162aa4dd9b879f0a13a6e7ea8 a992c7e162aa4dd9b879f0a13a6e7ea8] 199.204.45.138 "PUT /v2.0/ports/e30d5424-04f6-4551-b234-f45e0125293b HTTP/1.1" status: 200 len: 1380 time: 0.8619943 /var/lib/openstack/lib/python3.10/site-packages/pycadf/identifier.py:71: UserWarning: Invalid uuid: neutron. To ensure interoperability, identifiers should be a valid uuid. warnings.warn(('Invalid uuid: %s. To ensure interoperability, '
2026-08-04 22:47:51.615 10 INFO neutron.notifiers.nova [-] Nova event matching ['req-d14f7f86-40e7-4dcf-8bd9-748d3d60d769'] response: {'name': 'network-changed', 'server_uuid': '66f0378a-c3d3-49eb-9fc0-08a73c9e3f81', 'tag': 'e30d5424-04f6-4551-b234-f45e0125293b', 'status': 'completed', 'code': 200}
2026-08-04 22:47:51.642 10 INFO neutron.wsgi [req-3cc476f8-8612-48e3-8b62-c81c41f10d91 req-1b5f1667-fc8c-4108-b0e1-4c2ebe63e7cf f52cb827014648a9baf493a70e099238 5b436957e7cd48c980ddb81b422b049f - - a992c7e162aa4dd9b879f0a13a6e7ea8 a992c7e162aa4dd9b879f0a13a6e7ea8] 199.204.45.138 "GET /v2.0/ports?tenant_id=d628c3af1cc341f0ae118aff06b910d3&device_id=66f0378a-c3d3-49eb-9fc0-08a73c9e3f81 HTTP/1.1" status: 200 len: 1411 time: 0.0614624
2026-08-04 22:47:51.674 10 INFO neutron.wsgi [req-3cc476f8-8612-48e3-8b62-c81c41f10d91 req-15871a69-8ef5-47ce-aa6f-912e1b3be1e0 f52cb827014648a9baf493a70e099238 5b436957e7cd48c980ddb81b422b049f - - a992c7e162aa4dd9b879f0a13a6e7ea8 a992c7e162aa4dd9b879f0a13a6e7ea8] 199.204.45.138 "GET /v2.0/floatingips?fixed_ip_address=10.100.0.10&port_id=e30d5424-04f6-4551-b234-f45e0125293b HTTP/1.1" status: 200 len: 217 time: 0.0233705
2026-08-04 22:47:51.686 9 INFO neutron.db.ovn_revision_numbers_db [None req-2cbfbe36-3388-41ec-ac07-681766735f10 eac3d0518286400f89a10f6456af4f5e 6b0dc7015c9f4cd8a7738d08389acd63 - - default default] Successfully bumped revision number for resource 60cf9b9e-19da-47d0-a4c6-d0ffc4d18e3e (type: routers) to 2
2026-08-04 22:47:51.689 9 INFO neutron.wsgi [None req-2cbfbe36-3388-41ec-ac07-681766735f10 eac3d0518286400f89a10f6456af4f5e 6b0dc7015c9f4cd8a7738d08389acd63 - - default default] 10.0.0.72 "PUT /v2.0/routers/60cf9b9e-19da-47d0-a4c6-d0ffc4d18e3e HTTP/1.1" status: 200 len: 660 time: 0.3859508
2026-08-04 22:47:51.718 9 INFO neutron.wsgi [None req-c5861c39-5652-491f-8f62-ff28efc437c0 eac3d0518286400f89a10f6456af4f5e 6b0dc7015c9f4cd8a7738d08389acd63 - - default default] 10.0.0.72 "GET /v2.0/ports?device_id=60cf9b9e-19da-47d0-a4c6-d0ffc4d18e3e HTTP/1.1" status: 200 len: 205 time: 0.0187788
2026-08-04 22:47:51.726 10 INFO neutron.wsgi [req-3cc476f8-8612-48e3-8b62-c81c41f10d91 req-72f7bfa4-a200-414c-baf8-fa98d210ab72 f52cb827014648a9baf493a70e099238 5b436957e7cd48c980ddb81b422b049f - - a992c7e162aa4dd9b879f0a13a6e7ea8 a992c7e162aa4dd9b879f0a13a6e7ea8] 199.204.45.138 "GET /v2.0/subnets?id=24bbd696-aed4-4155-ab38-7f2f2c012e94 HTTP/1.1" status: 200 len: 853 time: 0.0490787
2026-08-04 22:47:51.757 10 INFO neutron.wsgi [req-3cc476f8-8612-48e3-8b62-c81c41f10d91 req-906c78dd-88e8-4ca7-9850-d7abebb3f852 f52cb827014648a9baf493a70e099238 5b436957e7cd48c980ddb81b422b049f - - a992c7e162aa4dd9b879f0a13a6e7ea8 a992c7e162aa4dd9b879f0a13a6e7ea8] 199.204.45.138 "GET /v2.0/ports?network_id=60941f21-87d4-4b3d-82f4-6f61474ab390&device_owner=network%3Adhcp HTTP/1.1" status: 200 len: 210 time: 0.0218077
2026-08-04 22:47:51.861 10 INFO neutron.wsgi [req-3cc476f8-8612-48e3-8b62-c81c41f10d91 req-0f68c855-c6e8-4ef7-a6b5-5f4a5145c229 f52cb827014648a9baf493a70e099238 5b436957e7cd48c980ddb81b422b049f - - a992c7e162aa4dd9b879f0a13a6e7ea8 a992c7e162aa4dd9b879f0a13a6e7ea8] 199.204.45.138 "GET /v2.0/networks/60941f21-87d4-4b3d-82f4-6f61474ab390?fields=segments HTTP/1.1" status: 200 len: 212 time: 0.0967765
2026-08-04 22:47:51.932 9 INFO neutron.wsgi [None req-d0820bc2-01cb-4729-9103-06a283db043a eac3d0518286400f89a10f6456af4f5e 6b0dc7015c9f4cd8a7738d08389acd63 - - default default] 10.0.0.72 "DELETE /v2.0/routers/60cf9b9e-19da-47d0-a4c6-d0ffc4d18e3e HTTP/1.1" status: 204 len: 168 time: 0.2094967
2026-08-04 22:47:51.934 10 INFO neutron.wsgi [req-3cc476f8-8612-48e3-8b62-c81c41f10d91 req-c9a5c050-f9a0-4456-b7ca-96e556190cd0 f52cb827014648a9baf493a70e099238 5b436957e7cd48c980ddb81b422b049f - - a992c7e162aa4dd9b879f0a13a6e7ea8 a992c7e162aa4dd9b879f0a13a6e7ea8] 199.204.45.138 "GET /v2.0/networks/60941f21-87d4-4b3d-82f4-6f61474ab390?fields=provider%3Aphysical_network&fields=provider%3Anetwork_type HTTP/1.1" status: 200 len: 277 time: 0.0656991
2026-08-04 22:47:51.976 9 INFO neutron.wsgi [None req-f1e9e2df-a26a-48b9-8b54-dd9d3b38f91b eac3d0518286400f89a10f6456af4f5e 6b0dc7015c9f4cd8a7738d08389acd63 - - default default] 10.0.0.72 "GET /v2.0/routers/f2309888-51fa-461b-9f75-b561217d30c1 HTTP/1.1" status: 200 len: 668 time: 0.0398967
2026-08-04 22:47:52.022 10 INFO neutron.wsgi [req-7a1ea308-d9da-4f38-be32-0b374b188585 req-da36e00a-d2a7-49b1-a6bf-a62e8896bfde f52cb827014648a9baf493a70e099238 5b436957e7cd48c980ddb81b422b049f - - a992c7e162aa4dd9b879f0a13a6e7ea8 a992c7e162aa4dd9b879f0a13a6e7ea8] 199.204.45.138 "GET /v2.0/ports?tenant_id=d628c3af1cc341f0ae118aff06b910d3&device_id=66f0378a-c3d3-49eb-9fc0-08a73c9e3f81 HTTP/1.1" status: 200 len: 1411 time: 0.0472350
2026-08-04 22:47:52.285 10 INFO neutron.plugins.ml2.drivers.ovn.mech_driver.mech_driver [None req-a04ed9aa-9a94-4106-8ac5-7bd5a8e8f978 - - - - - -] OVN reports status up for port: e30d5424-04f6-4551-b234-f45e0125293b
2026-08-04 22:47:52.292 9 INFO neutron.wsgi [req-dbd2adfb-fbec-49c1-96de-ef4da26c0b75 req-c4ea3e7a-2b1c-4ce7-b75f-d44889043b25 328b1440c0ff4a2bbabc1936501f2905 d628c3af1cc341f0ae118aff06b910d3 - - default default] 10.0.0.127 "GET /v2.0/ports?device_id=66f0378a-c3d3-49eb-9fc0-08a73c9e3f81 HTTP/1.1" status: 200 len: 1172 time: 0.0707631
2026-08-04 22:47:52.317 10 INFO neutron.plugins.ml2.plugin [None req-a04ed9aa-9a94-4106-8ac5-7bd5a8e8f978 - - - - - -] Attempt 1 to provision port e30d5424-04f6-4551-b234-f45e0125293b
2026-08-04 22:47:52.380 10 INFO neutron.wsgi [req-7a1ea308-d9da-4f38-be32-0b374b188585 req-946a382e-ba02-4d64-bcd4-aeff65ccdd7b f52cb827014648a9baf493a70e099238 5b436957e7cd48c980ddb81b422b049f - - a992c7e162aa4dd9b879f0a13a6e7ea8 a992c7e162aa4dd9b879f0a13a6e7ea8] 199.204.45.138 "GET /v2.0/networks?id=60941f21-87d4-4b3d-82f4-6f61474ab390 HTTP/1.1" status: 200 len: 958 time: 0.1059082
2026-08-04 22:47:52.386 9 INFO neutron.wsgi [req-dbd2adfb-fbec-49c1-96de-ef4da26c0b75 req-a9ddb7e6-6aa8-4396-bc21-923a88ffab64 328b1440c0ff4a2bbabc1936501f2905 d628c3af1cc341f0ae118aff06b910d3 - - default default] 10.0.0.127 "GET /v2.0/security-groups?id=6c59464d-f241-43fd-9164-6904535b1783&fields=id&fields=name HTTP/1.1" status: 200 len: 312 time: 0.0847704
2026-08-04 22:47:52.389 9 INFO neutron.plugins.ml2.drivers.ovn.mech_driver.mech_driver [None req-ae43b803-d6a9-416c-bde3-9ed624d32b06 - - - - - -] OVN reports status up for port: dbd36741-b660-49d6-be54-5dff4c8bd24c
2026-08-04 22:47:52.408 9 INFO neutron.plugins.ml2.plugin [None req-ae43b803-d6a9-416c-bde3-9ed624d32b06 - - - - - -] Attempt 1 to provision port dbd36741-b660-49d6-be54-5dff4c8bd24c
2026-08-04 22:47:52.427 10 INFO neutron.wsgi [req-7a1ea308-d9da-4f38-be32-0b374b188585 req-891ef4de-12dc-4fcb-a33d-b6c3cd0cb62d f52cb827014648a9baf493a70e099238 5b436957e7cd48c980ddb81b422b049f - - a992c7e162aa4dd9b879f0a13a6e7ea8 a992c7e162aa4dd9b879f0a13a6e7ea8] 199.204.45.138 "GET /v2.0/floatingips?fixed_ip_address=10.100.0.10&port_id=e30d5424-04f6-4551-b234-f45e0125293b HTTP/1.1" status: 200 len: 217 time: 0.0390694
2026-08-04 22:47:52.441 9 INFO neutron.db.ovn_revision_numbers_db [None req-b84e0c57-b2fb-4713-adb0-d65904a19bb2 eac3d0518286400f89a10f6456af4f5e 6b0dc7015c9f4cd8a7738d08389acd63 - - default default] Successfully bumped revision number for resource f2309888-51fa-461b-9f75-b561217d30c1 (type: routers) to 2
2026-08-04 22:47:52.443 10 INFO neutron.db.ovn_revision_numbers_db [None req-e09d1708-245b-43a8-bb90-c56f042d8d28 f2dc5ef8d5b34806973ced51ef3cff3f bd00212d0cb14516adbf2ac45a5d8b05 - - default default] Successfully bumped revision number for resource dbd36741-b660-49d6-be54-5dff4c8bd24c (type: router_ports) to 1
2026-08-04 22:47:52.443 9 INFO neutron.wsgi [None req-b84e0c57-b2fb-4713-adb0-d65904a19bb2 eac3d0518286400f89a10f6456af4f5e 6b0dc7015c9f4cd8a7738d08389acd63 - - default default] 10.0.0.72 "PUT /v2.0/routers/f2309888-51fa-461b-9f75-b561217d30c1 HTTP/1.1" status: 200 len: 668 time: 0.4618490
2026-08-04 22:47:52.466 9 INFO neutron.wsgi [None req-78eae97e-fa71-419c-9f0c-292beb1f443d eac3d0518286400f89a10f6456af4f5e 6b0dc7015c9f4cd8a7738d08389acd63 - - default default] 10.0.0.72 "GET /v2.0/ports?device_id=f2309888-51fa-461b-9f75-b561217d30c1 HTTP/1.1" status: 200 len: 205 time: 0.0157411
2026-08-04 22:47:52.498 10 INFO neutron.wsgi [req-7a1ea308-d9da-4f38-be32-0b374b188585 req-481125f3-e130-415e-8ddf-7a27dfba2cdf f52cb827014648a9baf493a70e099238 5b436957e7cd48c980ddb81b422b049f - - a992c7e162aa4dd9b879f0a13a6e7ea8 a992c7e162aa4dd9b879f0a13a6e7ea8] 199.204.45.138 "GET /v2.0/subnets?id=24bbd696-aed4-4155-ab38-7f2f2c012e94 HTTP/1.1" status: 200 len: 853 time: 0.0636456
2026-08-04 22:47:52.531 10 INFO neutron.wsgi [req-7a1ea308-d9da-4f38-be32-0b374b188585 req-dbbfe707-cf77-4e4c-9258-ca43ad32aed9 f52cb827014648a9baf493a70e099238 5b436957e7cd48c980ddb81b422b049f - - a992c7e162aa4dd9b879f0a13a6e7ea8 a992c7e162aa4dd9b879f0a13a6e7ea8] 199.204.45.138 "GET /v2.0/ports?network_id=60941f21-87d4-4b3d-82f4-6f61474ab390&device_owner=network%3Adhcp HTTP/1.1" status: 200 len: 210 time: 0.0260115
2026-08-04 22:47:52.557 10 INFO neutron.db.ovn_revision_numbers_db [None req-e09d1708-245b-43a8-bb90-c56f042d8d28 f2dc5ef8d5b34806973ced51ef3cff3f bd00212d0cb14516adbf2ac45a5d8b05 - - default default] Successfully bumped revision number for resource 89f2d1ce-e2de-43c3-910d-678a590153b8 (type: routers) to 2
2026-08-04 22:47:52.595 10 INFO neutron.wsgi [None req-e09d1708-245b-43a8-bb90-c56f042d8d28 f2dc5ef8d5b34806973ced51ef3cff3f bd00212d0cb14516adbf2ac45a5d8b05 - - default default] 10.0.0.72 "POST /v2.0/routers HTTP/1.1" status: 201 len: 874 time: 2.1059287
2026-08-04 22:47:52.677 10 INFO neutron.wsgi [req-7a1ea308-d9da-4f38-be32-0b374b188585 req-3c022621-37c7-47d7-829b-9f6cab8d1e5c f52cb827014648a9baf493a70e099238 5b436957e7cd48c980ddb81b422b049f - - a992c7e162aa4dd9b879f0a13a6e7ea8 a992c7e162aa4dd9b879f0a13a6e7ea8] 199.204.45.138 "GET /v2.0/networks/60941f21-87d4-4b3d-82f4-6f61474ab390?fields=segments HTTP/1.1" status: 200 len: 212 time: 0.1298857
2026-08-04 22:47:52.793 10 INFO neutron.wsgi [req-7a1ea308-d9da-4f38-be32-0b374b188585 req-4ea937d5-f99c-42d5-b8d9-2d03064d8829 f52cb827014648a9baf493a70e099238 5b436957e7cd48c980ddb81b422b049f - - a992c7e162aa4dd9b879f0a13a6e7ea8 a992c7e162aa4dd9b879f0a13a6e7ea8] 199.204.45.138 "GET /v2.0/networks/60941f21-87d4-4b3d-82f4-6f61474ab390?fields=provider%3Aphysical_network&fields=provider%3Anetwork_type HTTP/1.1" status: 200 len: 277 time: 0.1085675
2026-08-04 22:47:52.896 10 INFO neutron.db.ovn_revision_numbers_db [None req-a04ed9aa-9a94-4106-8ac5-7bd5a8e8f978 - - - - - -] Successfully bumped revision number for resource e30d5424-04f6-4551-b234-f45e0125293b (type: ports) to 4
2026-08-04 22:47:52.915 9 INFO neutron.wsgi [None req-f60f9e28-16e0-4cb4-bc53-1ca802ef7964 eac3d0518286400f89a10f6456af4f5e 6b0dc7015c9f4cd8a7738d08389acd63 - - default default] 10.0.0.72 "DELETE /v2.0/routers/f2309888-51fa-461b-9f75-b561217d30c1 HTTP/1.1" status: 204 len: 168 time: 0.4441960
2026-08-04 22:47:52.966 9 INFO neutron.wsgi [None req-42a70a58-f2c4-46a1-9b02-81828acc3cee eac3d0518286400f89a10f6456af4f5e 6b0dc7015c9f4cd8a7738d08389acd63 - - default default] 10.0.0.72 "GET /v2.0/routers/c0e7b4e8-b509-476e-93c8-7c0f64ffe5fe HTTP/1.1" status: 200 len: 677 time: 0.0420213
2026-08-04 22:47:53.258 10 WARNING neutron.scheduler.dhcp_agent_scheduler [None req-5a7c77df-3513-41ad-bef7-248858cee080 f2dc5ef8d5b34806973ced51ef3cff3f bd00212d0cb14516adbf2ac45a5d8b05 - - default default] No more DHCP agents
2026-08-04 22:47:53.261 10 WARNING neutron.api.rpc.agentnotifiers.dhcp_rpc_agent_api [None req-5a7c77df-3513-41ad-bef7-248858cee080 f2dc5ef8d5b34806973ced51ef3cff3f bd00212d0cb14516adbf2ac45a5d8b05 - - default default] Unable to schedule network 0aecfc9a-594e-477d-aef2-50d9f27e84bc: no agents available; will retry on subsequent port and subnet creation events.
2026-08-04 22:47:53.417 9 INFO neutron.db.ovn_revision_numbers_db [None req-755f77f5-1401-4204-8740-45a84962c36b eac3d0518286400f89a10f6456af4f5e 6b0dc7015c9f4cd8a7738d08389acd63 - - default default] Successfully bumped revision number for resource c0e7b4e8-b509-476e-93c8-7c0f64ffe5fe (type: routers) to 2
2026-08-04 22:47:53.421 9 INFO neutron.wsgi [None req-755f77f5-1401-4204-8740-45a84962c36b eac3d0518286400f89a10f6456af4f5e 6b0dc7015c9f4cd8a7738d08389acd63 - - default default] 10.0.0.72 "PUT /v2.0/routers/c0e7b4e8-b509-476e-93c8-7c0f64ffe5fe HTTP/1.1" status: 200 len: 677 time: 0.4483719 /var/lib/openstack/lib/python3.10/site-packages/pycadf/identifier.py:71: UserWarning: Invalid uuid: neutron. To ensure interoperability, identifiers should be a valid uuid. warnings.warn(('Invalid uuid: %s. To ensure interoperability, '
2026-08-04 22:47:53.440 10 INFO neutron.db.ovn_revision_numbers_db [None req-5a7c77df-3513-41ad-bef7-248858cee080 f2dc5ef8d5b34806973ced51ef3cff3f bd00212d0cb14516adbf2ac45a5d8b05 - - default default] Successfully bumped revision number for resource 1a6c00cc-91ed-41af-a2b8-567b77b2e5c4 (type: ports) to 1
2026-08-04 22:47:53.457 10 INFO neutron.wsgi [None req-a7e152e6-1370-4ec2-a1c1-0d9d9e0cbac5 eac3d0518286400f89a10f6456af4f5e 6b0dc7015c9f4cd8a7738d08389acd63 - - default default] 10.0.0.72 "GET /v2.0/ports?device_id=c0e7b4e8-b509-476e-93c8-7c0f64ffe5fe HTTP/1.1" status: 200 len: 205 time: 0.0257077
2026-08-04 22:47:53.666 10 INFO neutron.notifiers.nova [-] Nova event matching ['req-320be105-f01b-455a-9bd8-c825d10d3b06'] response: {'server_uuid': '66f0378a-c3d3-49eb-9fc0-08a73c9e3f81', 'name': 'network-vif-plugged', 'status': 'completed', 'tag': 'e30d5424-04f6-4551-b234-f45e0125293b', 'code': 200}
2026-08-04 22:47:53.667 10 INFO neutron.notifiers.nova [-] Nova event matching ['req-320be105-f01b-455a-9bd8-c825d10d3b06'] response: {'server_uuid': '66f0378a-c3d3-49eb-9fc0-08a73c9e3f81', 'name': 'network-vif-plugged', 'status': 'completed', 'tag': 'e30d5424-04f6-4551-b234-f45e0125293b', 'code': 200}
2026-08-04 22:47:53.679 10 INFO neutron.wsgi [req-28f0dcb1-cda9-4047-b049-de746a6931f0 req-f5d63fdc-78d0-44e7-9fee-90a8131d1897 328b1440c0ff4a2bbabc1936501f2905 d628c3af1cc341f0ae118aff06b910d3 - - default default] 10.0.0.127 "GET /v2.0/ports?device_id=66f0378a-c3d3-49eb-9fc0-08a73c9e3f81 HTTP/1.1" status: 200 len: 1174 time: 0.2019284
2026-08-04 22:47:54.061 10 INFO neutron.wsgi [req-28f0dcb1-cda9-4047-b049-de746a6931f0 req-b932e1c1-c814-442d-8a4f-9ec1a822e258 328b1440c0ff4a2bbabc1936501f2905 d628c3af1cc341f0ae118aff06b910d3 - - default default] 10.0.0.127 "GET /v2.0/security-groups?id=6c59464d-f241-43fd-9164-6904535b1783&fields=id&fields=name HTTP/1.1" status: 200 len: 312 time: 0.3670413
2026-08-04 22:47:54.120 10 INFO neutron.wsgi [None req-d33c5305-6012-46b8-ad3d-974d817833ed eac3d0518286400f89a10f6456af4f5e 6b0dc7015c9f4cd8a7738d08389acd63 - - default default] 10.0.0.72 "DELETE /v2.0/routers/c0e7b4e8-b509-476e-93c8-7c0f64ffe5fe HTTP/1.1" status: 204 len: 168 time: 0.6585495
2026-08-04 22:47:54.171 10 INFO neutron.wsgi [None req-f9e7f68c-ce12-4aa6-aa67-a38e83fc1a38 eac3d0518286400f89a10f6456af4f5e 6b0dc7015c9f4cd8a7738d08389acd63 - - default default] 10.0.0.72 "GET /v2.0/routers/7414a6a2-e4c4-44f6-a883-bbe45448abbb HTTP/1.1" status: 200 len: 662 time: 0.0471568
2026-08-04 22:47:54.671 10 INFO neutron.db.ovn_revision_numbers_db [None req-e62a36e3-0cf8-40c1-909c-cc0a159ef348 eac3d0518286400f89a10f6456af4f5e 6b0dc7015c9f4cd8a7738d08389acd63 - - default default] Successfully bumped revision number for resource 7414a6a2-e4c4-44f6-a883-bbe45448abbb (type: routers) to 2
2026-08-04 22:47:54.673 10 INFO neutron.wsgi [None req-e62a36e3-0cf8-40c1-909c-cc0a159ef348 eac3d0518286400f89a10f6456af4f5e 6b0dc7015c9f4cd8a7738d08389acd63 - - default default] 10.0.0.72 "PUT /v2.0/routers/7414a6a2-e4c4-44f6-a883-bbe45448abbb HTTP/1.1" status: 200 len: 662 time: 0.4954133
2026-08-04 22:47:54.694 9 INFO neutron.wsgi [None req-a42aad6f-ebff-4d05-a248-604b1ba2c720 eac3d0518286400f89a10f6456af4f5e 6b0dc7015c9f4cd8a7738d08389acd63 - - default default] 10.0.0.72 "GET /v2.0/ports?device_id=7414a6a2-e4c4-44f6-a883-bbe45448abbb HTTP/1.1" status: 200 len: 205 time: 0.0162256
2026-08-04 22:47:54.700 10 INFO neutron.db.ovn_revision_numbers_db [None req-5a7c77df-3513-41ad-bef7-248858cee080 f2dc5ef8d5b34806973ced51ef3cff3f bd00212d0cb14516adbf2ac45a5d8b05 - - default default] Successfully bumped revision number for resource 1a6c00cc-91ed-41af-a2b8-567b77b2e5c4 (type: router_ports) to 1
2026-08-04 22:47:54.877 10 INFO neutron.db.ovn_revision_numbers_db [None req-5a7c77df-3513-41ad-bef7-248858cee080 f2dc5ef8d5b34806973ced51ef3cff3f bd00212d0cb14516adbf2ac45a5d8b05 - - default default] Successfully bumped revision number for resource 1a6c00cc-91ed-41af-a2b8-567b77b2e5c4 (type: ports) to 1
