2026-08-04 22:45:32.901 9 INFO neutron.wsgi [req-4c6bd425-538d-4154-bb52-0f5a7be7b6d4 req-19fb3694-2823-4a16-97d4-329437818aa3 22709aebad5046f8bf998c8083c8b298 70d76fd400904c4c9b52a402421c7e9b - - default default] 10.0.0.127 "GET /v2.0/security-groups/7ed3a8ae-22db-4c2a-81c4-a931cebfdaa3 HTTP/1.1" status: 200 len: 2994 time: 0.0413430
2026-08-04 22:45:33.050 10 INFO neutron.api.v2.resource [req-dd2cdd48-9879-4b2b-b3a9-5a57fc121641 req-d8cb8b11-cf31-4b4d-9009-5cd5a936c84d 22709aebad5046f8bf998c8083c8b298 70d76fd400904c4c9b52a402421c7e9b - - default default] show failed (client error): The resource could not be found.
2026-08-04 22:45:33.052 10 INFO neutron.wsgi [req-dd2cdd48-9879-4b2b-b3a9-5a57fc121641 req-d8cb8b11-cf31-4b4d-9009-5cd5a936c84d 22709aebad5046f8bf998c8083c8b298 70d76fd400904c4c9b52a402421c7e9b - - default default] 10.0.0.127 "GET /v2.0/security-groups/230a5573-8df3-4760-8dbe-c33b72b65efe HTTP/1.1" status: 404 len: 352 time: 0.0199182
2026-08-04 22:45:33.084 9 INFO neutron.api.v2.resource [req-117a5091-5411-4d63-a6bb-a2e5697c115e req-2ac1930f-253a-459a-8525-3af2bf2d92ab 22709aebad5046f8bf998c8083c8b298 70d76fd400904c4c9b52a402421c7e9b - - default default] show failed (client error): The resource could not be found.
2026-08-04 22:45:33.086 9 INFO neutron.wsgi [req-117a5091-5411-4d63-a6bb-a2e5697c115e req-2ac1930f-253a-459a-8525-3af2bf2d92ab 22709aebad5046f8bf998c8083c8b298 70d76fd400904c4c9b52a402421c7e9b - - default default] 10.0.0.127 "GET /v2.0/security-groups/c58dafbf-4cbb-4634-b858-ef844b499ae3 HTTP/1.1" status: 404 len: 352 time: 0.0112696
2026-08-04 22:45:33.106 10 WARNING neutron.scheduler.dhcp_agent_scheduler [req-4ad7bd43-1026-4056-8c15-3a7ae770e952 req-b1e88dd4-1cbf-42a5-bfcd-725a1200b626 f6efb832e1ca4ec99ea8eac4890a8755 cf29333a7dd74d85b81a8b02c672aa33 - - default default] No more DHCP agents
2026-08-04 22:45:33.112 10 WARNING neutron.api.rpc.agentnotifiers.dhcp_rpc_agent_api [req-4ad7bd43-1026-4056-8c15-3a7ae770e952 req-b1e88dd4-1cbf-42a5-bfcd-725a1200b626 f6efb832e1ca4ec99ea8eac4890a8755 cf29333a7dd74d85b81a8b02c672aa33 - - default default] Unable to schedule network 5b940c57-0a5a-405c-8254-e85a26a7a0ea: no agents available; will retry on subsequent port and subnet creation events.
2026-08-04 22:45:33.116 9 INFO neutron.api.v2.resource [req-133c070d-1064-45ab-b4ea-845f73488350 req-dfb30d21-d9b3-43f0-b679-96eb3ddd01c3 22709aebad5046f8bf998c8083c8b298 70d76fd400904c4c9b52a402421c7e9b - - default default] show failed (client error): The resource could not be found.
2026-08-04 22:45:33.117 9 INFO neutron.wsgi [req-133c070d-1064-45ab-b4ea-845f73488350 req-dfb30d21-d9b3-43f0-b679-96eb3ddd01c3 22709aebad5046f8bf998c8083c8b298 70d76fd400904c4c9b52a402421c7e9b - - default default] 10.0.0.127 "GET /v2.0/security-groups/3de4ff38-4d12-4cab-9aa8-2f738efe151e HTTP/1.1" status: 404 len: 352 time: 0.0131972 /var/lib/openstack/lib/python3.10/site-packages/pycadf/identifier.py:71: UserWarning: Invalid uuid: neutron. To ensure interoperability, identifiers should be a valid uuid. warnings.warn(('Invalid uuid: %s. To ensure interoperability, '
2026-08-04 22:45:33.253 10 INFO neutron.wsgi [req-0f032b2f-1fe6-482f-885b-a0f109660d91 req-c5b4250a-739a-4c9f-9fac-53f8897712ca f6efb832e1ca4ec99ea8eac4890a8755 cf29333a7dd74d85b81a8b02c672aa33 - - default default] 10.0.0.127 "GET /v2.0/ports?device_id=9f42726d-27c6-46e3-b43f-67f5e10eb8cf HTTP/1.1" status: 200 len: 1156 time: 0.1218750
2026-08-04 22:45:33.307 10 INFO neutron.db.ovn_revision_numbers_db [req-4ad7bd43-1026-4056-8c15-3a7ae770e952 req-b1e88dd4-1cbf-42a5-bfcd-725a1200b626 f6efb832e1ca4ec99ea8eac4890a8755 cf29333a7dd74d85b81a8b02c672aa33 - - default default] Successfully bumped revision number for resource fe79c16c-ca8c-4ff3-ba54-2ad17c14ddb3 (type: ports) to 1
2026-08-04 22:45:33.315 10 INFO neutron.wsgi [req-0f032b2f-1fe6-482f-885b-a0f109660d91 req-1b675b94-b589-4da4-a201-a0efec2f1cf0 f6efb832e1ca4ec99ea8eac4890a8755 cf29333a7dd74d85b81a8b02c672aa33 - - default default] 10.0.0.127 "GET /v2.0/security-groups?id=bd6088e2-69fa-466f-973f-7f1148e2bd93&fields=id&fields=name HTTP/1.1" status: 200 len: 313 time: 0.0533786
2026-08-04 22:45:33.329 10 INFO neutron.wsgi [req-4ad7bd43-1026-4056-8c15-3a7ae770e952 req-b1e88dd4-1cbf-42a5-bfcd-725a1200b626 f6efb832e1ca4ec99ea8eac4890a8755 cf29333a7dd74d85b81a8b02c672aa33 - - default default] 199.204.45.138 "POST /v2.0/ports HTTP/1.1" status: 201 len: 1158 time: 0.7855933
2026-08-04 22:45:33.345 10 INFO neutron.wsgi [req-4ad7bd43-1026-4056-8c15-3a7ae770e952 req-e01f70cc-ae66-4829-8c82-d40423d1fa8c f6efb832e1ca4ec99ea8eac4890a8755 cf29333a7dd74d85b81a8b02c672aa33 - - default default] 199.204.45.138 "GET /v2.0/extensions HTTP/1.1" status: 200 len: 16525 time: 0.0094633
2026-08-04 22:45:33.429 9 INFO neutron.wsgi [None req-dea4c6b8-e2f9-4de3-8d31-c5508f530acc e761660862c3414aa998f844134ef90b afa7bd8107b24493a44f235c1e638b44 - - default default] 10.0.0.72 "DELETE /v2.0/networks/aedd7434-8c12-478a-b859-d9dded76feb7 HTTP/1.1" status: 204 len: 168 time: 0.7027340
2026-08-04 22:45:33.615 10 INFO neutron.wsgi [None req-4de52c1a-92c2-4dc9-b294-76ef964f71ae e761660862c3414aa998f844134ef90b afa7bd8107b24493a44f235c1e638b44 - - default default] 10.0.0.72 "GET /v2.0/security-groups?tenant_id=715ba744a9ad425cab36b48bbc6c0c79&name=default HTTP/1.1" status: 200 len: 2992 time: 0.0437520
2026-08-04 22:45:33.807 9 INFO neutron.services.segments.plugin [-] Segment c27c6466-f57b-4a52-bfdc-7e0c26bcaa8e resource provider aggregate not found
2026-08-04 22:45:33.832 9 INFO neutron.services.segments.plugin [-] Segment c27c6466-f57b-4a52-bfdc-7e0c26bcaa8e resource provider aggregate not found
2026-08-04 22:45:33.837 9 INFO neutron.services.segments.plugin [-] Segment c27c6466-f57b-4a52-bfdc-7e0c26bcaa8e resource provider not found; error: Placement Client Error (4xx): {"errors": [{"status": 404, "title": "Not Found", "detail": "The resource could not be found.\n\n No resource provider with uuid c27c6466-f57b-4a52-bfdc-7e0c26bcaa8e found for delete ", "request_id": "req-2230c975-85c2-45f1-8e65-96224d95815a"}]}
2026-08-04 22:45:33.855 9 INFO neutron.services.segments.plugin [-] Segment c27c6466-f57b-4a52-bfdc-7e0c26bcaa8e resource provider not found; error: Placement Client Error (4xx): {"errors": [{"status": 404, "title": "Not Found", "detail": "The resource could not be found.\n\n No resource provider with uuid c27c6466-f57b-4a52-bfdc-7e0c26bcaa8e found for delete ", "request_id": "req-6c901c32-32b9-4a38-bee5-a37a2f416e56"}]}
2026-08-04 22:45:33.969 10 INFO neutron.wsgi [None req-9873e3d6-1ad7-40c7-9f5a-5129ff971205 e761660862c3414aa998f844134ef90b afa7bd8107b24493a44f235c1e638b44 - - default default] 10.0.0.72 "DELETE /v2.0/security-groups/9d22dd1e-1a94-4fb4-a2f5-091d95a8ad9d HTTP/1.1" status: 204 len: 168 time: 0.3492074
2026-08-04 22:45:34.227 10 INFO neutron.db.ovn_revision_numbers_db [req-4ad7bd43-1026-4056-8c15-3a7ae770e952 req-dd9d3e63-47d8-426f-9e53-d2ee761b25e4 f52cb827014648a9baf493a70e099238 5b436957e7cd48c980ddb81b422b049f - - a992c7e162aa4dd9b879f0a13a6e7ea8 a992c7e162aa4dd9b879f0a13a6e7ea8] Successfully bumped revision number for resource fe79c16c-ca8c-4ff3-ba54-2ad17c14ddb3 (type: ports) to 2
2026-08-04 22:45:34.268 9 INFO neutron.wsgi [None req-f3a24eb3-e290-4b70-9716-a721a3b43878 e761660862c3414aa998f844134ef90b afa7bd8107b24493a44f235c1e638b44 - - default default] 10.0.0.72 "PUT /v2.0/routers/d77345bf-c8a0-4283-99f8-bdd3b02c41ba/remove_router_interface HTTP/1.1" status: 200 len: 503 time: 1.1430278 /var/lib/openstack/lib/python3.10/site-packages/pycadf/identifier.py:71: UserWarning: Invalid uuid: neutron. To ensure interoperability, identifiers should be a valid uuid. warnings.warn(('Invalid uuid: %s. To ensure interoperability, '
2026-08-04 22:45:34.405 10 INFO neutron.db.ovn_revision_numbers_db [req-4ad7bd43-1026-4056-8c15-3a7ae770e952 req-dd9d3e63-47d8-426f-9e53-d2ee761b25e4 f52cb827014648a9baf493a70e099238 5b436957e7cd48c980ddb81b422b049f - - a992c7e162aa4dd9b879f0a13a6e7ea8 a992c7e162aa4dd9b879f0a13a6e7ea8] Successfully bumped revision number for resource fe79c16c-ca8c-4ff3-ba54-2ad17c14ddb3 (type: ports) to 2
2026-08-04 22:45:34.418 10 INFO neutron.wsgi [req-4ad7bd43-1026-4056-8c15-3a7ae770e952 req-dd9d3e63-47d8-426f-9e53-d2ee761b25e4 f52cb827014648a9baf493a70e099238 5b436957e7cd48c980ddb81b422b049f - - a992c7e162aa4dd9b879f0a13a6e7ea8 a992c7e162aa4dd9b879f0a13a6e7ea8] 199.204.45.138 "PUT /v2.0/ports/fe79c16c-ca8c-4ff3-ba54-2ad17c14ddb3 HTTP/1.1" status: 200 len: 1376 time: 0.7505486
2026-08-04 22:45:34.446 9 INFO neutron.wsgi [req-38d96b65-cf6e-44b7-8779-13e1553dd8a9 req-b16724f4-20f1-4646-8bca-831bf00ae00c f6efb832e1ca4ec99ea8eac4890a8755 cf29333a7dd74d85b81a8b02c672aa33 - - default default] 10.0.0.127 "GET /v2.0/ports?device_id=9f42726d-27c6-46e3-b43f-67f5e10eb8cf HTTP/1.1" status: 200 len: 1168 time: 0.0445185 /var/lib/openstack/lib/python3.10/site-packages/pycadf/identifier.py:71: UserWarning: Invalid uuid: neutron. To ensure interoperability, identifiers should be a valid uuid. warnings.warn(('Invalid uuid: %s. To ensure interoperability, '
2026-08-04 22:45:34.496 10 INFO neutron.wsgi [req-4ad7bd43-1026-4056-8c15-3a7ae770e952 req-3b3dc1f6-3e80-427a-8554-b05d439f2e6d f52cb827014648a9baf493a70e099238 5b436957e7cd48c980ddb81b422b049f - - a992c7e162aa4dd9b879f0a13a6e7ea8 a992c7e162aa4dd9b879f0a13a6e7ea8] 199.204.45.138 "GET /v2.0/ports?tenant_id=cf29333a7dd74d85b81a8b02c672aa33&device_id=9f42726d-27c6-46e3-b43f-67f5e10eb8cf HTTP/1.1" status: 200 len: 1407 time: 0.0408792
2026-08-04 22:45:34.499 9 INFO neutron.wsgi [req-38d96b65-cf6e-44b7-8779-13e1553dd8a9 req-330e0fc6-4f7c-4adf-9fac-2627a860b5a0 f6efb832e1ca4ec99ea8eac4890a8755 cf29333a7dd74d85b81a8b02c672aa33 - - default default] 10.0.0.127 "GET /v2.0/security-groups?id=bd6088e2-69fa-466f-973f-7f1148e2bd93&fields=id&fields=name HTTP/1.1" status: 200 len: 313 time: 0.0472162
2026-08-04 22:45:34.534 10 INFO neutron.wsgi [req-4ad7bd43-1026-4056-8c15-3a7ae770e952 req-e7d2aadc-bbd1-4063-8ffc-30e726f16f5a f52cb827014648a9baf493a70e099238 5b436957e7cd48c980ddb81b422b049f - - a992c7e162aa4dd9b879f0a13a6e7ea8 a992c7e162aa4dd9b879f0a13a6e7ea8] 199.204.45.138 "GET /v2.0/floatingips?fixed_ip_address=10.100.0.7&port_id=fe79c16c-ca8c-4ff3-ba54-2ad17c14ddb3 HTTP/1.1" status: 200 len: 217 time: 0.0322156
2026-08-04 22:45:34.591 10 INFO neutron.wsgi [req-4ad7bd43-1026-4056-8c15-3a7ae770e952 req-b720b760-8c85-48da-b973-47382f6699f0 f52cb827014648a9baf493a70e099238 5b436957e7cd48c980ddb81b422b049f - - a992c7e162aa4dd9b879f0a13a6e7ea8 a992c7e162aa4dd9b879f0a13a6e7ea8] 199.204.45.138 "GET /v2.0/subnets?id=304c293d-8753-4330-98e8-904b2109da4c HTTP/1.1" status: 200 len: 876 time: 0.0503788
2026-08-04 22:45:34.621 10 INFO neutron.wsgi [req-4ad7bd43-1026-4056-8c15-3a7ae770e952 req-a34bbc3f-0f6f-4fee-bba4-f26dcf65d059 f52cb827014648a9baf493a70e099238 5b436957e7cd48c980ddb81b422b049f - - a992c7e162aa4dd9b879f0a13a6e7ea8 a992c7e162aa4dd9b879f0a13a6e7ea8] 199.204.45.138 "GET /v2.0/ports?network_id=5b940c57-0a5a-405c-8254-e85a26a7a0ea&device_owner=network%3Adhcp HTTP/1.1" status: 200 len: 210 time: 0.0246763
2026-08-04 22:45:34.691 10 INFO neutron.wsgi [req-4ad7bd43-1026-4056-8c15-3a7ae770e952 req-ff6a1ca7-396b-4325-b183-a346fe330e89 f52cb827014648a9baf493a70e099238 5b436957e7cd48c980ddb81b422b049f - - a992c7e162aa4dd9b879f0a13a6e7ea8 a992c7e162aa4dd9b879f0a13a6e7ea8] 199.204.45.138 "GET /v2.0/networks/5b940c57-0a5a-405c-8254-e85a26a7a0ea?fields=segments HTTP/1.1" status: 200 len: 212 time: 0.0621645
2026-08-04 22:45:34.758 10 INFO neutron.wsgi [req-4ad7bd43-1026-4056-8c15-3a7ae770e952 req-5a222c57-1e1e-4bb2-9fea-f678fef05c22 f52cb827014648a9baf493a70e099238 5b436957e7cd48c980ddb81b422b049f - - a992c7e162aa4dd9b879f0a13a6e7ea8 a992c7e162aa4dd9b879f0a13a6e7ea8] 199.204.45.138 "GET /v2.0/networks/5b940c57-0a5a-405c-8254-e85a26a7a0ea?fields=provider%3Aphysical_network&fields=provider%3Anetwork_type HTTP/1.1" status: 200 len: 277 time: 0.0606546
2026-08-04 22:45:34.940 10 INFO neutron.notifiers.nova [-] Nova event matching ['req-112f487a-50d0-4e07-a8cc-6373946e3c18'] response: {'name': 'network-changed', 'server_uuid': '9f42726d-27c6-46e3-b43f-67f5e10eb8cf', 'tag': 'fe79c16c-ca8c-4ff3-ba54-2ad17c14ddb3', 'status': 'completed', 'code': 200}
2026-08-04 22:45:35.015 10 INFO neutron.wsgi [req-fc1ff35f-b6f6-494c-942b-f3990b26eb67 req-7d444135-639e-4e20-a403-b8624b6440ff f52cb827014648a9baf493a70e099238 5b436957e7cd48c980ddb81b422b049f - - a992c7e162aa4dd9b879f0a13a6e7ea8 a992c7e162aa4dd9b879f0a13a6e7ea8] 199.204.45.138 "GET /v2.0/ports?tenant_id=cf29333a7dd74d85b81a8b02c672aa33&device_id=9f42726d-27c6-46e3-b43f-67f5e10eb8cf HTTP/1.1" status: 200 len: 1407 time: 0.0457790
2026-08-04 22:45:35.086 9 INFO neutron.wsgi [None req-dad875c4-9a23-41a9-9a87-8ca3ce75d5fa e761660862c3414aa998f844134ef90b afa7bd8107b24493a44f235c1e638b44 - - default default] 10.0.0.72 "DELETE /v2.0/routers/d77345bf-c8a0-4283-99f8-bdd3b02c41ba HTTP/1.1" status: 204 len: 168 time: 0.8131289
2026-08-04 22:45:35.101 10 INFO neutron.wsgi [req-fc1ff35f-b6f6-494c-942b-f3990b26eb67 req-29fbf10d-2a50-4a0c-9bc1-0456f99a1926 f52cb827014648a9baf493a70e099238 5b436957e7cd48c980ddb81b422b049f - - a992c7e162aa4dd9b879f0a13a6e7ea8 a992c7e162aa4dd9b879f0a13a6e7ea8] 199.204.45.138 "GET /v2.0/networks?id=5b940c57-0a5a-405c-8254-e85a26a7a0ea HTTP/1.1" status: 200 len: 981 time: 0.0786431
2026-08-04 22:45:35.120 9 WARNING neutron.plugins.ml2.drivers.ovn.mech_driver.ovsdb.ovn_client [None req-ae43b803-d6a9-416c-bde3-9ed624d32b06 - - - - - -] No port found with ID f695c1f3-7dce-4d36-80b1-4ab2c5ef0996: RuntimeError: No port found with ID f695c1f3-7dce-4d36-80b1-4ab2c5ef0996
2026-08-04 22:45:35.137 10 INFO neutron.wsgi [req-fc1ff35f-b6f6-494c-942b-f3990b26eb67 req-435fad20-3d80-41c4-a0cb-feabd082ff04 f52cb827014648a9baf493a70e099238 5b436957e7cd48c980ddb81b422b049f - - a992c7e162aa4dd9b879f0a13a6e7ea8 a992c7e162aa4dd9b879f0a13a6e7ea8] 199.204.45.138 "GET /v2.0/floatingips?fixed_ip_address=10.100.0.7&port_id=fe79c16c-ca8c-4ff3-ba54-2ad17c14ddb3 HTTP/1.1" status: 200 len: 217 time: 0.0300927
2026-08-04 22:45:35.174 10 INFO neutron.wsgi [req-fc1ff35f-b6f6-494c-942b-f3990b26eb67 req-5252153c-6460-4fcf-b28d-8a1a591699e9 f52cb827014648a9baf493a70e099238 5b436957e7cd48c980ddb81b422b049f - - a992c7e162aa4dd9b879f0a13a6e7ea8 a992c7e162aa4dd9b879f0a13a6e7ea8] 199.204.45.138 "GET /v2.0/subnets?id=304c293d-8753-4330-98e8-904b2109da4c HTTP/1.1" status: 200 len: 876 time: 0.0313861
2026-08-04 22:45:35.204 10 INFO neutron.wsgi [req-fc1ff35f-b6f6-494c-942b-f3990b26eb67 req-e14f5397-2cdd-40ba-a809-3376afc6459f f52cb827014648a9baf493a70e099238 5b436957e7cd48c980ddb81b422b049f - - a992c7e162aa4dd9b879f0a13a6e7ea8 a992c7e162aa4dd9b879f0a13a6e7ea8] 199.204.45.138 "GET /v2.0/ports?network_id=5b940c57-0a5a-405c-8254-e85a26a7a0ea&device_owner=network%3Adhcp HTTP/1.1" status: 200 len: 210 time: 0.0225270
2026-08-04 22:45:35.268 9 INFO neutron.wsgi [None req-e217e8d5-3ed8-4d84-9224-0b36c46db3a2 e761660862c3414aa998f844134ef90b afa7bd8107b24493a44f235c1e638b44 - - default default] 10.0.0.72 "DELETE /v2.0/subnets/6c2b6ca4-2cef-4e9f-a2ee-9d9f39782d53 HTTP/1.1" status: 204 len: 168 time: 0.1771338
2026-08-04 22:45:35.274 10 INFO neutron.wsgi [req-fc1ff35f-b6f6-494c-942b-f3990b26eb67 req-99361aa9-8cb5-4366-a647-17501c4cebd2 f52cb827014648a9baf493a70e099238 5b436957e7cd48c980ddb81b422b049f - - a992c7e162aa4dd9b879f0a13a6e7ea8 a992c7e162aa4dd9b879f0a13a6e7ea8] 199.204.45.138 "GET /v2.0/networks/5b940c57-0a5a-405c-8254-e85a26a7a0ea?fields=segments HTTP/1.1" status: 200 len: 212 time: 0.0642624
2026-08-04 22:45:35.335 10 INFO neutron.wsgi [req-fc1ff35f-b6f6-494c-942b-f3990b26eb67 req-424caed7-9b1c-4fb3-a3c4-d04d7018047e f52cb827014648a9baf493a70e099238 5b436957e7cd48c980ddb81b422b049f - - a992c7e162aa4dd9b879f0a13a6e7ea8 a992c7e162aa4dd9b879f0a13a6e7ea8] 199.204.45.138 "GET /v2.0/networks/5b940c57-0a5a-405c-8254-e85a26a7a0ea?fields=provider%3Aphysical_network&fields=provider%3Anetwork_type HTTP/1.1" status: 200 len: 277 time: 0.0517712
2026-08-04 22:45:35.615 9 INFO neutron.wsgi [None req-5bf7736b-daa9-478f-a02b-954783120b4a e761660862c3414aa998f844134ef90b afa7bd8107b24493a44f235c1e638b44 - - default default] 10.0.0.72 "DELETE /v2.0/networks/cf5204fb-ecc7-444a-87bd-eaf320232291 HTTP/1.1" status: 204 len: 168 time: 0.3415589
2026-08-04 22:45:35.657 9 INFO neutron.wsgi [req-6c194c7d-e04e-433c-9268-c1db2d75d4b6 req-b84c0d22-0c2e-434f-90bc-fa255ef6e853 f6efb832e1ca4ec99ea8eac4890a8755 cf29333a7dd74d85b81a8b02c672aa33 - - default default] 10.0.0.127 "GET /v2.0/ports?device_id=9f42726d-27c6-46e3-b43f-67f5e10eb8cf HTTP/1.1" status: 200 len: 1168 time: 0.0880229
2026-08-04 22:45:35.700 9 INFO neutron.wsgi [req-6c194c7d-e04e-433c-9268-c1db2d75d4b6 req-13cb54ab-0fe9-49ab-8954-77779f26f377 f6efb832e1ca4ec99ea8eac4890a8755 cf29333a7dd74d85b81a8b02c672aa33 - - default default] 10.0.0.127 "GET /v2.0/security-groups?id=bd6088e2-69fa-466f-973f-7f1148e2bd93&fields=id&fields=name HTTP/1.1" status: 200 len: 313 time: 0.0355799
2026-08-04 22:45:35.768 9 INFO neutron.wsgi [None req-d6341f76-1d78-425c-995f-353812bfcbde e761660862c3414aa998f844134ef90b afa7bd8107b24493a44f235c1e638b44 - - default default] 10.0.0.72 "GET /v2.0/security-groups?tenant_id=70d76fd400904c4c9b52a402421c7e9b&name=default HTTP/1.1" status: 200 len: 2992 time: 0.0356691
2026-08-04 22:45:35.814 10 INFO neutron.db.ovn_revision_numbers_db [None req-ea16b6e5-a97d-4460-bf45-12c2be838d69 e761660862c3414aa998f844134ef90b afa7bd8107b24493a44f235c1e638b44 - - default default] Successfully bumped revision number for resource 15da1306-bac0-4f98-9392-7017040389f8 (type: security_groups) to 1
2026-08-04 22:45:35.832 10 INFO neutron.db.ovn_revision_numbers_db [None req-ea16b6e5-a97d-4460-bf45-12c2be838d69 e761660862c3414aa998f844134ef90b afa7bd8107b24493a44f235c1e638b44 - - default default] Successfully bumped revision number for resource 55b60f9f-d150-48c8-b0ef-dc56af314d5a (type: security_group_rules) to 0
2026-08-04 22:45:35.851 10 INFO neutron.db.ovn_revision_numbers_db [None req-ea16b6e5-a97d-4460-bf45-12c2be838d69 e761660862c3414aa998f844134ef90b afa7bd8107b24493a44f235c1e638b44 - - default default] Successfully bumped revision number for resource c9028f23-a0a2-4370-bf36-cab0c0010f0c (type: security_group_rules) to 0
2026-08-04 22:45:35.866 9 INFO neutron.services.segments.plugin [-] Segment 64c2d1ee-21a3-4819-beab-627c92132336 resource provider aggregate not found
2026-08-04 22:45:35.872 10 INFO neutron.db.ovn_revision_numbers_db [None req-ea16b6e5-a97d-4460-bf45-12c2be838d69 e761660862c3414aa998f844134ef90b afa7bd8107b24493a44f235c1e638b44 - - default default] Successfully bumped revision number for resource f12b0535-392b-4f67-902a-79e35ba11c2c (type: security_group_rules) to 0
2026-08-04 22:45:35.885 9 INFO neutron.services.segments.plugin [-] Segment 64c2d1ee-21a3-4819-beab-627c92132336 resource provider not found; error: Placement Client Error (4xx): {"errors": [{"status": 404, "title": "Not Found", "detail": "The resource could not be found.\n\n No resource provider with uuid 64c2d1ee-21a3-4819-beab-627c92132336 found for delete ", "request_id": "req-839655b3-9c8f-4735-9436-f4a749ce8248"}]}
2026-08-04 22:45:35.890 9 INFO neutron.services.segments.plugin [-] Segment 64c2d1ee-21a3-4819-beab-627c92132336 resource provider aggregate not found
2026-08-04 22:45:35.896 10 INFO neutron.db.ovn_revision_numbers_db [None req-ea16b6e5-a97d-4460-bf45-12c2be838d69 e761660862c3414aa998f844134ef90b afa7bd8107b24493a44f235c1e638b44 - - default default] Successfully bumped revision number for resource f235775d-a8c8-4e0b-8a5c-767ad2f2e3d0 (type: security_group_rules) to 0
2026-08-04 22:45:35.910 9 INFO neutron.services.segments.plugin [-] Segment 64c2d1ee-21a3-4819-beab-627c92132336 resource provider not found; error: Placement Client Error (4xx): {"errors": [{"status": 404, "title": "Not Found", "detail": "The resource could not be found.\n\n No resource provider with uuid 64c2d1ee-21a3-4819-beab-627c92132336 found for delete ", "request_id": "req-f1fdc53e-49c3-4a61-9330-ed8fa70270ae"}]}
2026-08-04 22:45:35.927 10 INFO neutron.wsgi [None req-ea16b6e5-a97d-4460-bf45-12c2be838d69 e761660862c3414aa998f844134ef90b afa7bd8107b24493a44f235c1e638b44 - - default default] 10.0.0.72 "GET /v2.0/security-groups?tenant_id=bbd07b18f0114b5a9d50bcee446977d8&name=default HTTP/1.1" status: 200 len: 2996 time: 0.3903809
2026-08-04 22:45:36.015 10 INFO neutron.wsgi [None req-e23fc05a-5fc4-4df8-92b7-b725c6bdd39e e761660862c3414aa998f844134ef90b afa7bd8107b24493a44f235c1e638b44 - - default default] 10.0.0.72 "DELETE /v2.0/security-groups/7ed3a8ae-22db-4c2a-81c4-a931cebfdaa3 HTTP/1.1" status: 204 len: 168 time: 0.2362056
2026-08-04 22:45:36.043 9 INFO neutron.db.ovn_revision_numbers_db [None req-c887d8c1-9293-4919-84d6-facdc679e813 e761660862c3414aa998f844134ef90b afa7bd8107b24493a44f235c1e638b44 - - default default] Successfully bumped revision number for resource 56500fdb-db8a-42bd-8c22-b64d27bbe9d8 (type: security_groups) to 1
2026-08-04 22:45:36.059 9 INFO neutron.db.ovn_revision_numbers_db [None req-c887d8c1-9293-4919-84d6-facdc679e813 e761660862c3414aa998f844134ef90b afa7bd8107b24493a44f235c1e638b44 - - default default] Successfully bumped revision number for resource 2a7f63ec-fadf-4680-b427-08045bcb32c0 (type: security_group_rules) to 0
2026-08-04 22:45:36.077 9 INFO neutron.db.ovn_revision_numbers_db [None req-c887d8c1-9293-4919-84d6-facdc679e813 e761660862c3414aa998f844134ef90b afa7bd8107b24493a44f235c1e638b44 - - default default] Successfully bumped revision number for resource 41d9a41f-0140-4e60-b420-8f11e141071f (type: security_group_rules) to 0
2026-08-04 22:45:36.097 9 INFO neutron.db.ovn_revision_numbers_db [None req-c887d8c1-9293-4919-84d6-facdc679e813 e761660862c3414aa998f844134ef90b afa7bd8107b24493a44f235c1e638b44 - - default default] Successfully bumped revision number for resource a035c358-9a5b-4011-9c08-9653a7ddbadb (type: security_group_rules) to 0
2026-08-04 22:45:36.107 10 INFO neutron.wsgi [None req-2f4e91af-1094-45a3-9666-9e8b6b4ea817 e761660862c3414aa998f844134ef90b afa7bd8107b24493a44f235c1e638b44 - - default default] 10.0.0.72 "DELETE /v2.0/security-groups/15da1306-bac0-4f98-9392-7017040389f8 HTTP/1.1" status: 204 len: 168 time: 0.1752281
2026-08-04 22:45:36.113 9 INFO neutron.db.ovn_revision_numbers_db [None req-c887d8c1-9293-4919-84d6-facdc679e813 e761660862c3414aa998f844134ef90b afa7bd8107b24493a44f235c1e638b44 - - default default] Successfully bumped revision number for resource ceaf46d6-0c6e-4408-a2bc-f50bd3d94624 (type: security_group_rules) to 0
2026-08-04 22:45:36.170 9 INFO neutron.db.segments_db [None req-c887d8c1-9293-4919-84d6-facdc679e813 e761660862c3414aa998f844134ef90b afa7bd8107b24493a44f235c1e638b44 - - default default] Added segment bc6ad2cf-deae-40c8-a967-21a8104ffda2 of type geneve for network 35578931-e2b9-4320-89a3-2c30e6739de8
2026-08-04 22:45:36.321 9 INFO neutron.db.ovn_revision_numbers_db [None req-c887d8c1-9293-4919-84d6-facdc679e813 e761660862c3414aa998f844134ef90b afa7bd8107b24493a44f235c1e638b44 - - default default] Successfully bumped revision number for resource 35578931-e2b9-4320-89a3-2c30e6739de8 (type: networks) to 1
2026-08-04 22:45:36.470 9 WARNING neutron.scheduler.dhcp_agent_scheduler [None req-c887d8c1-9293-4919-84d6-facdc679e813 e761660862c3414aa998f844134ef90b afa7bd8107b24493a44f235c1e638b44 - - default default] No more DHCP agents
2026-08-04 22:45:36.473 9 WARNING neutron.api.rpc.agentnotifiers.dhcp_rpc_agent_api [None req-c887d8c1-9293-4919-84d6-facdc679e813 e761660862c3414aa998f844134ef90b afa7bd8107b24493a44f235c1e638b44 - - default default] Unable to schedule network 35578931-e2b9-4320-89a3-2c30e6739de8: no agents available; will retry on subsequent port and subnet creation events.
2026-08-04 22:45:36.565 9 INFO neutron.db.ovn_revision_numbers_db [None req-c887d8c1-9293-4919-84d6-facdc679e813 e761660862c3414aa998f844134ef90b afa7bd8107b24493a44f235c1e638b44 - - default default] Successfully bumped revision number for resource 44a02aaa-6437-4442-9d7e-8564335bcc8c (type: ports) to 1
2026-08-04 22:45:36.583 9 INFO neutron.wsgi [None req-c887d8c1-9293-4919-84d6-facdc679e813 e761660862c3414aa998f844134ef90b afa7bd8107b24493a44f235c1e638b44 - - default default] 10.0.0.72 "POST /v2.0/networks HTTP/1.1" status: 201 len: 950 time: 0.7791219
2026-08-04 22:45:36.750 9 WARNING neutron.scheduler.dhcp_agent_scheduler [None req-6343a255-4716-4611-bc73-15a918a360d2 e761660862c3414aa998f844134ef90b afa7bd8107b24493a44f235c1e638b44 - - default default] No more DHCP agents
2026-08-04 22:45:36.753 9 WARNING neutron.api.rpc.agentnotifiers.dhcp_rpc_agent_api [None req-6343a255-4716-4611-bc73-15a918a360d2 e761660862c3414aa998f844134ef90b afa7bd8107b24493a44f235c1e638b44 - - default default] Unable to schedule network 35578931-e2b9-4320-89a3-2c30e6739de8: no agents available; will retry on subsequent port and subnet creation events.
2026-08-04 22:45:36.955 10 INFO neutron.wsgi [req-c207bc5f-9761-49f2-b248-704788d063df req-cd729ef4-5a83-4f54-bb2b-ab7668397724 f6efb832e1ca4ec99ea8eac4890a8755 cf29333a7dd74d85b81a8b02c672aa33 - - default default] 10.0.0.127 "GET /v2.0/ports?device_id=9f42726d-27c6-46e3-b43f-67f5e10eb8cf HTTP/1.1" status: 200 len: 1168 time: 0.0391035
2026-08-04 22:45:37.027 10 INFO neutron.wsgi [req-c207bc5f-9761-49f2-b248-704788d063df req-04981e19-2cba-463b-a1eb-1c132b796041 f6efb832e1ca4ec99ea8eac4890a8755 cf29333a7dd74d85b81a8b02c672aa33 - - default default] 10.0.0.127 "GET /v2.0/security-groups?id=bd6088e2-69fa-466f-973f-7f1148e2bd93&fields=id&fields=name HTTP/1.1" status: 200 len: 313 time: 0.0685842
2026-08-04 22:45:37.306 9 INFO neutron.db.ovn_revision_numbers_db [None req-6343a255-4716-4611-bc73-15a918a360d2 e761660862c3414aa998f844134ef90b afa7bd8107b24493a44f235c1e638b44 - - default default] Successfully bumped revision number for resource 44a02aaa-6437-4442-9d7e-8564335bcc8c (type: ports) to 2
2026-08-04 22:45:37.338 9 INFO neutron.db.ovn_revision_numbers_db [None req-6343a255-4716-4611-bc73-15a918a360d2 e761660862c3414aa998f844134ef90b afa7bd8107b24493a44f235c1e638b44 - - default default] Successfully bumped revision number for resource fe428c1a-1ed1-4085-9a90-7942f6bf0638 (type: subnets) to 0
2026-08-04 22:45:37.354 9 INFO neutron.wsgi [None req-6343a255-4716-4611-bc73-15a918a360d2 e761660862c3414aa998f844134ef90b afa7bd8107b24493a44f235c1e638b44 - - default default] 10.0.0.72 "POST /v2.0/subnets HTTP/1.1" status: 201 len: 870 time: 0.7657852
2026-08-04 22:45:37.976 9 INFO neutron.plugins.ml2.drivers.ovn.mech_driver.mech_driver [None req-ae43b803-d6a9-416c-bde3-9ed624d32b06 - - - - - -] OVN reports status up for port: fe79c16c-ca8c-4ff3-ba54-2ad17c14ddb3
2026-08-04 22:45:37.983 10 WARNING neutron.scheduler.dhcp_agent_scheduler [None req-6600df5b-f100-4908-a208-d40f30255f0e e761660862c3414aa998f844134ef90b afa7bd8107b24493a44f235c1e638b44 - - default default] No more DHCP agents
2026-08-04 22:45:37.985 10 WARNING neutron.api.rpc.agentnotifiers.dhcp_rpc_agent_api [None req-6600df5b-f100-4908-a208-d40f30255f0e e761660862c3414aa998f844134ef90b afa7bd8107b24493a44f235c1e638b44 - - default default] Unable to schedule network 939c3dde-d047-46a3-9da5-8bce04abe357: no agents available; will retry on subsequent port and subnet creation events.
2026-08-04 22:45:37.993 9 INFO neutron.plugins.ml2.plugin [None req-ae43b803-d6a9-416c-bde3-9ed624d32b06 - - - - - -] Attempt 1 to provision port fe79c16c-ca8c-4ff3-ba54-2ad17c14ddb3
2026-08-04 22:45:38.097 10 INFO neutron.db.ovn_revision_numbers_db [None req-6600df5b-f100-4908-a208-d40f30255f0e e761660862c3414aa998f844134ef90b afa7bd8107b24493a44f235c1e638b44 - - default default] Successfully bumped revision number for resource b8b12c39-0d20-4781-bb4e-625f62e2b645 (type: ports) to 1
2026-08-04 22:45:38.141 9 INFO neutron.wsgi [None req-ffe8d303-a62b-4c92-aafc-b7a185c0ba6c e42f76fade8144898bba980294bf15b7 e080e1a7f3004e7099592bcecd63906f - - default default] 10.0.0.72 "GET /v2.0/extensions HTTP/1.1" status: 200 len: 16520 time: 0.1702764
2026-08-04 22:45:38.156 10 INFO neutron.wsgi [None req-09f57b79-dd7a-4137-a539-447c3b4a8136 e42f76fade8144898bba980294bf15b7 e080e1a7f3004e7099592bcecd63906f - - default default] 10.0.0.72 "GET /v2.0/extensions/address-group HTTP/1.1" status: 200 len: 353 time: 0.0036960
2026-08-04 22:45:38.159 9 INFO neutron.wsgi [req-6750c3fb-df88-4509-b7e8-2fc64de3e5f9 req-f7d991b7-055e-4092-994f-7d37d4e1517e f6efb832e1ca4ec99ea8eac4890a8755 cf29333a7dd74d85b81a8b02c672aa33 - - default default] 10.0.0.127 "GET /v2.0/ports?device_id=9f42726d-27c6-46e3-b43f-67f5e10eb8cf HTTP/1.1" status: 200 len: 1170 time: 0.0475059
2026-08-04 22:45:38.165 10 INFO neutron.wsgi [None req-a417f3ba-95fb-45ca-b450-3c9bf3a192c2 e42f76fade8144898bba980294bf15b7 e080e1a7f3004e7099592bcecd63906f - - default default] 10.0.0.72 "GET /v2.0/extensions/address-scope HTTP/1.1" status: 200 len: 357 time: 0.0031941
2026-08-04 22:45:38.174 9 INFO neutron.wsgi [None req-585b1cbb-3548-4fb7-adfb-d63bc0724105 e42f76fade8144898bba980294bf15b7 e080e1a7f3004e7099592bcecd63906f - - default default] 10.0.0.72 "GET /v2.0/extensions/agent HTTP/1.1" status: 200 len: 347 time: 0.0048113
2026-08-04 22:45:38.181 10 INFO neutron.wsgi [None req-80d7ec84-63f7-4130-9dd1-eb9b4784f8d9 e42f76fade8144898bba980294bf15b7 e080e1a7f3004e7099592bcecd63906f - - default default] 10.0.0.72 "GET /v2.0/extensions/allowed-address-pairs HTTP/1.1" status: 200 len: 378 time: 0.0031657
2026-08-04 22:45:38.190 10 INFO neutron.wsgi [None req-8a56ee97-d139-4527-a1a1-b951cf0727b1 e42f76fade8144898bba980294bf15b7 e080e1a7f3004e7099592bcecd63906f - - default default] 10.0.0.72 "GET /v2.0/extensions/auto-allocated-topology HTTP/1.1" status: 200 len: 394 time: 0.0032246
2026-08-04 22:45:38.207 10 INFO neutron.wsgi [None req-c255856a-bbb6-48e7-8c44-a437930b234d e42f76fade8144898bba980294bf15b7 e080e1a7f3004e7099592bcecd63906f - - default default] 10.0.0.72 "GET /v2.0/extensions/availability_zone HTTP/1.1" status: 200 len: 372 time: 0.0130892
2026-08-04 22:45:38.215 10 INFO neutron.wsgi [None req-fb555bf5-32a2-4d31-bf77-6213122d9bbf e42f76fade8144898bba980294bf15b7 e080e1a7f3004e7099592bcecd63906f - - default default] 10.0.0.72 "GET /v2.0/extensions/default-subnetpools HTTP/1.1" status: 200 len: 405 time: 0.0037496
2026-08-04 22:45:38.221 9 INFO neutron.wsgi [req-6750c3fb-df88-4509-b7e8-2fc64de3e5f9 req-bad940c6-e7ce-41ac-9ca5-653777f12900 f6efb832e1ca4ec99ea8eac4890a8755 cf29333a7dd74d85b81a8b02c672aa33 - - default default] 10.0.0.127 "GET /v2.0/security-groups?id=bd6088e2-69fa-466f-973f-7f1148e2bd93&fields=id&fields=name HTTP/1.1" status: 200 len: 313 time: 0.0459752
2026-08-04 22:45:38.231 9 INFO neutron.wsgi [None req-4e48f7e4-37a9-4f54-943c-2994e83ee767 e42f76fade8144898bba980294bf15b7 e080e1a7f3004e7099592bcecd63906f - - default default] 10.0.0.72 "GET /v2.0/extensions/dhcp_agent_scheduler HTTP/1.1" status: 200 len: 381 time: 0.0043323
2026-08-04 22:45:38.240 9 INFO neutron.wsgi [None req-c3437f09-1f04-4a4e-8e35-627570cf8f68 e42f76fade8144898bba980294bf15b7 e080e1a7f3004e7099592bcecd63906f - - default default] 10.0.0.72 "GET /v2.0/extensions/dns-integration HTTP/1.1" status: 200 len: 366 time: 0.0048904
2026-08-04 22:45:38.246 9 INFO neutron.wsgi [None req-25b4958a-a47f-4ffc-b1a6-2d9b3fa897a1 e42f76fade8144898bba980294bf15b7 e080e1a7f3004e7099592bcecd63906f - - default default] 10.0.0.72 "GET /v2.0/extensions/dns-domain-ports HTTP/1.1" status: 200 len: 399 time: 0.0033429
2026-08-04 22:45:38.254 10 INFO neutron.wsgi [None req-3b0e3b22-1941-4ff6-8bfc-a460e06ad53b e42f76fade8144898bba980294bf15b7 e080e1a7f3004e7099592bcecd63906f - - default default] 10.0.0.72 "GET /v2.0/extensions/dns-integration-domain-keywords HTTP/1.1" status: 200 len: 477 time: 0.0051413
2026-08-04 22:45:38.265 10 INFO neutron.wsgi [None req-00d7ea03-3101-421a-9d89-180f7ecaa3d3 e42f76fade8144898bba980294bf15b7 e080e1a7f3004e7099592bcecd63906f - - default default] 10.0.0.72 "GET /v2.0/extensions/external-net HTTP/1.1" status: 200 len: 394 time: 0.0040245
2026-08-04 22:45:38.275 9 INFO neutron.wsgi [None req-5639e852-3ca1-4fd4-8732-750b86952359 e42f76fade8144898bba980294bf15b7 e080e1a7f3004e7099592bcecd63906f - - default default] 10.0.0.72 "GET /v2.0/extensions/extra_dhcp_opt HTTP/1.1" status: 200 len: 498 time: 0.0053523
2026-08-04 22:45:38.283 9 INFO neutron.wsgi [None req-53382b39-9c8a-4d8e-91f5-1ffb08783ea0 e42f76fade8144898bba980294bf15b7 e080e1a7f3004e7099592bcecd63906f - - default default] 10.0.0.72 "GET /v2.0/extensions/extraroute HTTP/1.1" status: 200 len: 375 time: 0.0041120
2026-08-04 22:45:38.290 9 INFO neutron.wsgi [None req-2a283a1a-6c40-4d67-944e-42b3576e6bbc e42f76fade8144898bba980294bf15b7 e080e1a7f3004e7099592bcecd63906f - - default default] 10.0.0.72 "GET /v2.0/extensions/filter-validation HTTP/1.1" status: 200 len: 392 time: 0.0037718
2026-08-04 22:45:38.314 10 INFO neutron.wsgi [None req-bca6bcb1-7c39-4b54-b126-7c8d671c4850 e42f76fade8144898bba980294bf15b7 e080e1a7f3004e7099592bcecd63906f - - default default] 10.0.0.72 "GET /v2.0/extensions/floating-ip-port-forwarding-detail HTTP/1.1" status: 200 len: 465 time: 0.0121942
2026-08-04 22:45:38.327 10 INFO neutron.wsgi [None req-ec026fd9-2c6e-40bb-a50f-40258fe5dc32 e42f76fade8144898bba980294bf15b7 e080e1a7f3004e7099592bcecd63906f - - default default] 10.0.0.72 "GET /v2.0/extensions/fip-port-details HTTP/1.1" status: 200 len: 406 time: 0.0051539
2026-08-04 22:45:38.338 9 INFO neutron.wsgi [None req-42d2d2f9-3105-468d-a95d-4b3eecec99e7 e42f76fade8144898bba980294bf15b7 e080e1a7f3004e7099592bcecd63906f - - default default] 10.0.0.72 "GET /v2.0/extensions/flavors HTTP/1.1" status: 200 len: 387 time: 0.0049562
2026-08-04 22:45:38.350 10 INFO neutron.wsgi [None req-d0021fc3-b2d3-49b6-91dc-38cf3bcca261 e42f76fade8144898bba980294bf15b7 e080e1a7f3004e7099592bcecd63906f - - default default] 10.0.0.72 "GET /v2.0/extensions/floatingip-pools HTTP/1.1" status: 200 len: 382 time: 0.0053966
2026-08-04 22:45:38.353 9 INFO neutron.db.ovn_revision_numbers_db [None req-ae43b803-d6a9-416c-bde3-9ed624d32b06 - - - - - -] Successfully bumped revision number for resource fe79c16c-ca8c-4ff3-ba54-2ad17c14ddb3 (type: ports) to 4
2026-08-04 22:45:38.361 9 INFO neutron.wsgi [None req-f5d6c30d-2c2e-4469-8c9a-e8a05eb6dd4b e42f76fade8144898bba980294bf15b7 e080e1a7f3004e7099592bcecd63906f - - default default] 10.0.0.72 "GET /v2.0/extensions/ip_allocation HTTP/1.1" status: 200 len: 356 time: 0.0056882
2026-08-04 22:45:38.371 10 INFO neutron.wsgi [None req-05b6bd64-f511-4799-95b0-7575093942b5 e42f76fade8144898bba980294bf15b7 e080e1a7f3004e7099592bcecd63906f - - default default] 10.0.0.72 "GET /v2.0/extensions/l2_adjacency HTTP/1.1" status: 200 len: 372 time: 0.0051367
2026-08-04 22:45:38.381 10 INFO neutron.wsgi [None req-fd2d1f1d-8a82-4cd9-a82a-a3e50ea58864 e42f76fade8144898bba980294bf15b7 e080e1a7f3004e7099592bcecd63906f - - default default] 10.0.0.72 "GET /v2.0/extensions/router HTTP/1.1" status: 200 len: 450 time: 0.0057929
2026-08-04 22:45:38.390 10 INFO neutron.wsgi [None req-d3470131-6a90-4600-b204-bbd3206b98c5 e42f76fade8144898bba980294bf15b7 e080e1a7f3004e7099592bcecd63906f - - default default] 10.0.0.72 "GET /v2.0/extensions/ext-gw-mode HTTP/1.1" status: 200 len: 462 time: 0.0056255
2026-08-04 22:45:38.398 10 INFO neutron.wsgi [None req-8c47e24e-cb98-4a61-bd2b-65ee9e0c8cb6 e42f76fade8144898bba980294bf15b7 e080e1a7f3004e7099592bcecd63906f - - default default] 10.0.0.72 "GET /v2.0/extensions/logging HTTP/1.1" status: 200 len: 407 time: 0.0047224
2026-08-04 22:45:38.411 10 INFO neutron.wsgi [None req-76db9374-e72f-4ac7-8797-ad4908380871 e42f76fade8144898bba980294bf15b7 e080e1a7f3004e7099592bcecd63906f - - default default] 10.0.0.72 "GET /v2.0/extensions/multi-provider HTTP/1.1" status: 200 len: 406 time: 0.0078590 /var/lib/openstack/lib/python3.10/site-packages/pycadf/identifier.py:71: UserWarning: Invalid uuid: neutron. To ensure interoperability, identifiers should be a valid uuid. warnings.warn(('Invalid uuid: %s. To ensure interoperability, '
2026-08-04 22:45:38.419 9 INFO neutron.wsgi [None req-302c6229-51a1-4348-867b-9eed2394a122 e42f76fade8144898bba980294bf15b7 e080e1a7f3004e7099592bcecd63906f - - default default] 10.0.0.72 "GET /v2.0/extensions/net-mtu HTTP/1.1" status: 200 len: 370 time: 0.0044405
2026-08-04 22:45:38.425 9 INFO neutron.wsgi [None req-6d685bdb-f177-4ab6-8fa1-9af7453100f8 e42f76fade8144898bba980294bf15b7 e080e1a7f3004e7099592bcecd63906f - - default default] 10.0.0.72 "GET /v2.0/extensions/net-mtu-writable HTTP/1.1" status: 200 len: 401 time: 0.0028787
2026-08-04 22:45:38.431 9 INFO neutron.wsgi [None req-a8fb7348-15d6-474a-a0c3-f7b12c1ead9a e42f76fade8144898bba980294bf15b7 e080e1a7f3004e7099592bcecd63906f - - default default] 10.0.0.72 "GET /v2.0/extensions/network_availability_zone HTTP/1.1" status: 200 len: 394 time: 0.0034473
2026-08-04 22:45:38.438 9 INFO neutron.wsgi [None req-0a905eb9-5666-4ff4-a847-04530996d469 e42f76fade8144898bba980294bf15b7 e080e1a7f3004e7099592bcecd63906f - - default default] 10.0.0.72 "GET /v2.0/extensions/network-ip-availability HTTP/1.1" status: 200 len: 410 time: 0.0045664
2026-08-04 22:45:38.452 9 INFO neutron.wsgi [None req-5ae5a0e7-e2e7-445f-84d7-ba2aa361ee30 e42f76fade8144898bba980294bf15b7 e080e1a7f3004e7099592bcecd63906f - - default default] 10.0.0.72 "GET /v2.0/extensions/pagination HTTP/1.1" status: 200 len: 386 time: 0.0104795
2026-08-04 22:45:38.459 9 INFO neutron.wsgi [None req-15f5f3ec-2a25-436b-b4f7-dc785a34057c e42f76fade8144898bba980294bf15b7 e080e1a7f3004e7099592bcecd63906f - - default default] 10.0.0.72 "GET /v2.0/extensions/port-device-profile HTTP/1.1" status: 200 len: 383 time: 0.0042760
2026-08-04 22:45:38.466 9 INFO neutron.wsgi [None req-c5e815d6-86ba-4099-8198-3ff240783621 e42f76fade8144898bba980294bf15b7 e080e1a7f3004e7099592bcecd63906f - - default default] 10.0.0.72 "GET /v2.0/extensions/port-mac-address-regenerate HTTP/1.1" status: 200 len: 403 time: 0.0042143
2026-08-04 22:45:38.473 9 INFO neutron.wsgi [None req-a7d0f097-8248-4ea7-9d75-79701ac70482 e42f76fade8144898bba980294bf15b7 e080e1a7f3004e7099592bcecd63906f - - default default] 10.0.0.72 "GET /v2.0/extensions/port-numa-affinity-policy HTTP/1.1" status: 200 len: 392 time: 0.0040743
2026-08-04 22:45:38.481 9 INFO neutron.wsgi [None req-3969c750-b6ef-44e4-b03e-57eb33b851b0 e42f76fade8144898bba980294bf15b7 e080e1a7f3004e7099592bcecd63906f - - default default] 10.0.0.72 "GET /v2.0/extensions/port-resource-request HTTP/1.1" status: 200 len: 379 time: 0.0039685
2026-08-04 22:45:38.488 9 INFO neutron.wsgi [None req-6f56b58d-e77a-4b3e-9584-1baf86d44aed e42f76fade8144898bba980294bf15b7 e080e1a7f3004e7099592bcecd63906f - - default default] 10.0.0.72 "GET /v2.0/extensions/port-resource-request-groups HTTP/1.1" status: 200 len: 465 time: 0.0038574
2026-08-04 22:45:38.497 9 INFO neutron.wsgi [None req-2c0b7f16-a714-45a2-b9e0-e9ac330b3010 e42f76fade8144898bba980294bf15b7 e080e1a7f3004e7099592bcecd63906f - - default default] 10.0.0.72 "GET /v2.0/extensions/binding HTTP/1.1" status: 200 len: 387 time: 0.0064509
2026-08-04 22:45:38.504 9 INFO neutron.wsgi [None req-fc59a0f8-8434-4fe0-9cee-7d053c7a57eb e42f76fade8144898bba980294bf15b7 e080e1a7f3004e7099592bcecd63906f - - default default] 10.0.0.72 "GET /v2.0/extensions/binding-extended HTTP/1.1" status: 200 len: 406 time: 0.0042174
2026-08-04 22:45:38.510 9 INFO neutron.wsgi [None req-4b8c3fa6-4e8c-4e83-b682-33ba5e54ec43 e42f76fade8144898bba980294bf15b7 e080e1a7f3004e7099592bcecd63906f - - default default] 10.0.0.72 "GET /v2.0/extensions/port-security HTTP/1.1" status: 200 len: 354 time: 0.0038302
2026-08-04 22:45:38.517 9 INFO neutron.wsgi [None req-b05c1d3d-f57f-4aa8-8fcd-7c26fc0eeb4d e42f76fade8144898bba980294bf15b7 e080e1a7f3004e7099592bcecd63906f - - default default] 10.0.0.72 "GET /v2.0/extensions/project-id HTTP/1.1" status: 200 len: 398 time: 0.0042977
2026-08-04 22:45:38.524 9 INFO neutron.wsgi [None req-095ed59e-bf3a-46af-9d56-477483e80088 e42f76fade8144898bba980294bf15b7 e080e1a7f3004e7099592bcecd63906f - - default default] 10.0.0.72 "GET /v2.0/extensions/provider HTTP/1.1" status: 200 len: 385 time: 0.0043190
2026-08-04 22:45:38.531 9 INFO neutron.wsgi [None req-20692f84-fcda-4e96-a19c-5feae9e74f4f e42f76fade8144898bba980294bf15b7 e080e1a7f3004e7099592bcecd63906f - - default default] 10.0.0.72 "GET /v2.0/extensions/qos HTTP/1.1" status: 200 len: 360 time: 0.0040343
2026-08-04 22:45:38.538 9 INFO neutron.wsgi [None req-f3a5af50-559d-4a02-a917-cb8fd1698d4d e42f76fade8144898bba980294bf15b7 e080e1a7f3004e7099592bcecd63906f - - default default] 10.0.0.72 "GET /v2.0/extensions/qos-bw-limit-direction HTTP/1.1" status: 200 len: 452 time: 0.0040905
2026-08-04 22:45:38.544 9 INFO neutron.wsgi [None req-86fe7e4b-f8f3-45b6-9d2e-9ad045e3ddae e42f76fade8144898bba980294bf15b7 e080e1a7f3004e7099592bcecd63906f - - default default] 10.0.0.72 "GET /v2.0/extensions/qos-bw-minimum-ingress HTTP/1.1" status: 200 len: 445 time: 0.0039113
2026-08-04 22:45:38.551 9 INFO neutron.wsgi [None req-f28c3f1d-6e54-46aa-9f27-cf8c774f575e e42f76fade8144898bba980294bf15b7 e080e1a7f3004e7099592bcecd63906f - - default default] 10.0.0.72 "GET /v2.0/extensions/qos-default HTTP/1.1" status: 200 len: 377 time: 0.0042202
2026-08-04 22:45:38.558 9 INFO neutron.wsgi [None req-4d7ccbd6-21d1-405b-95e4-5db59fdb73d7 e42f76fade8144898bba980294bf15b7 e080e1a7f3004e7099592bcecd63906f - - default default] 10.0.0.72 "GET /v2.0/extensions/qos-fip HTTP/1.1" status: 200 len: 372 time: 0.0038655
2026-08-04 22:45:38.564 9 INFO neutron.wsgi [None req-bf576b7d-0fb6-402b-b906-883d176e2acd e42f76fade8144898bba980294bf15b7 e080e1a7f3004e7099592bcecd63906f - - default default] 10.0.0.72 "GET /v2.0/extensions/qos-gateway-ip HTTP/1.1" status: 200 len: 391 time: 0.0039313
2026-08-04 22:45:38.572 9 INFO neutron.wsgi [None req-16458997-491e-4480-a42f-d11dc4f1dd4c e42f76fade8144898bba980294bf15b7 e080e1a7f3004e7099592bcecd63906f - - default default] 10.0.0.72 "GET /v2.0/extensions/qos-port-network-policy HTTP/1.1" status: 200 len: 403 time: 0.0039682
2026-08-04 22:45:38.579 9 INFO neutron.wsgi [None req-64b2146b-3353-4969-9f61-e63a42bf3d71 e42f76fade8144898bba980294bf15b7 e080e1a7f3004e7099592bcecd63906f - - default default] 10.0.0.72 "GET /v2.0/extensions/qos-pps-minimum HTTP/1.1" status: 200 len: 397 time: 0.0042317
2026-08-04 22:45:38.586 9 INFO neutron.wsgi [None req-98fabdbe-a71c-442a-8712-b36fb80fe884 e42f76fade8144898bba980294bf15b7 e080e1a7f3004e7099592bcecd63906f - - default default] 10.0.0.72 "GET /v2.0/extensions/qos-pps-minimum-rule-alias HTTP/1.1" status: 200 len: 471 time: 0.0041118
2026-08-04 22:45:38.593 9 INFO neutron.wsgi [None req-d646bf02-3cf2-4c49-bc88-d78252cf8366 e42f76fade8144898bba980294bf15b7 e080e1a7f3004e7099592bcecd63906f - - default default] 10.0.0.72 "GET /v2.0/extensions/qos-pps HTTP/1.1" status: 200 len: 389 time: 0.0038915
2026-08-04 22:45:38.600 9 INFO neutron.wsgi [None req-4c82360f-b55b-4e25-86ac-fa19172e0ab9 e42f76fade8144898bba980294bf15b7 e080e1a7f3004e7099592bcecd63906f - - default default] 10.0.0.72 "GET /v2.0/extensions/qos-rule-type-details HTTP/1.1" status: 200 len: 423 time: 0.0039332
2026-08-04 22:45:38.606 9 INFO neutron.wsgi [None req-07235613-37fc-4e5d-98aa-fa9e3a4f3dc6 e42f76fade8144898bba980294bf15b7 e080e1a7f3004e7099592bcecd63906f - - default default] 10.0.0.72 "GET /v2.0/extensions/qos-rule-type-filter HTTP/1.1" status: 200 len: 567 time: 0.0042565
2026-08-04 22:45:38.607 9 INFO neutron.notifiers.nova [-] Nova event matching ['req-a315e070-3985-4a61-89a3-cb71cf30585f'] response: {'server_uuid': '9f42726d-27c6-46e3-b43f-67f5e10eb8cf', 'name': 'network-vif-plugged', 'status': 'completed', 'tag': 'fe79c16c-ca8c-4ff3-ba54-2ad17c14ddb3', 'code': 200}
2026-08-04 22:45:38.614 9 INFO neutron.wsgi [None req-17f61d89-d93d-4c48-a6c1-991fa41238cd e42f76fade8144898bba980294bf15b7 e080e1a7f3004e7099592bcecd63906f - - default default] 10.0.0.72 "GET /v2.0/extensions/qos-rules-alias HTTP/1.1" status: 200 len: 448 time: 0.0041935
2026-08-04 22:45:38.621 9 INFO neutron.wsgi [None req-4a3a4984-b052-4345-b930-399f0cbfbe36 e42f76fade8144898bba980294bf15b7 e080e1a7f3004e7099592bcecd63906f - - default default] 10.0.0.72 "GET /v2.0/extensions/quota-check-limit HTTP/1.1" status: 200 len: 420 time: 0.0039740
2026-08-04 22:45:38.629 9 INFO neutron.wsgi [None req-466df50a-60f5-431f-a8c6-c3fc74320e2d e42f76fade8144898bba980294bf15b7 e080e1a7f3004e7099592bcecd63906f - - default default] 10.0.0.72 "GET /v2.0/extensions/quotas HTTP/1.1" status: 200 len: 386 time: 0.0038176
2026-08-04 22:45:38.635 9 INFO neutron.wsgi [None req-6de21bc1-9c26-4eed-b620-0ef2d7bcbd5e e42f76fade8144898bba980294bf15b7 e080e1a7f3004e7099592bcecd63906f - - default default] 10.0.0.72 "GET /v2.0/extensions/quota_details HTTP/1.1" status: 200 len: 407 time: 0.0040343
2026-08-04 22:45:38.642 9 INFO neutron.wsgi [None req-2869d5ce-8b3f-4ea1-9292-5f6d54615ede e42f76fade8144898bba980294bf15b7 e080e1a7f3004e7099592bcecd63906f - - default default] 10.0.0.72 "GET /v2.0/extensions/rbac-policies HTTP/1.1" status: 200 len: 417 time: 0.0038178
2026-08-04 22:45:38.649 9 INFO neutron.wsgi [None req-2ff8ce84-ca89-45f8-bc15-23ffe4833890 e42f76fade8144898bba980294bf15b7 e080e1a7f3004e7099592bcecd63906f - - default default] 10.0.0.72 "GET /v2.0/extensions/rbac-address-scope HTTP/1.1" status: 200 len: 384 time: 0.0041633
2026-08-04 22:45:38.658 9 INFO neutron.wsgi [None req-58b804de-215b-4b7b-9e2e-87d866e4b465 e42f76fade8144898bba980294bf15b7 e080e1a7f3004e7099592bcecd63906f - - default default] 10.0.0.72 "GET /v2.0/extensions/rbac-security-groups HTTP/1.1" status: 200 len: 404 time: 0.0042539
2026-08-04 22:45:38.668 10 INFO neutron.wsgi [None req-263cab26-57b0-4bf8-8975-a0f85bdd5903 e42f76fade8144898bba980294bf15b7 e080e1a7f3004e7099592bcecd63906f - - default default] 10.0.0.72 "GET /v2.0/extensions/revision-if-match HTTP/1.1" status: 200 len: 441 time: 0.0050154
2026-08-04 22:45:38.677 9 INFO neutron.wsgi [None req-592d6135-fbc1-4a4a-a134-436d6e00422b e42f76fade8144898bba980294bf15b7 e080e1a7f3004e7099592bcecd63906f - - default default] 10.0.0.72 "GET /v2.0/extensions/standard-attr-revisions HTTP/1.1" status: 200 len: 423 time: 0.0050471
2026-08-04 22:45:38.685 9 INFO neutron.wsgi [None req-4901bc93-107e-4328-a978-a1a06fe9c567 e42f76fade8144898bba980294bf15b7 e080e1a7f3004e7099592bcecd63906f - - default default] 10.0.0.72 "GET /v2.0/extensions/router_availability_zone HTTP/1.1" status: 200 len: 391 time: 0.0047250
2026-08-04 22:45:38.696 9 INFO neutron.wsgi [None req-30667bf3-e52d-4b16-b94e-5ec75d564b54 e42f76fade8144898bba980294bf15b7 e080e1a7f3004e7099592bcecd63906f - - default default] 10.0.0.72 "GET /v2.0/extensions/security-groups-normalized-cidr HTTP/1.1" status: 200 len: 445 time: 0.0069060
2026-08-04 22:45:38.706 10 INFO neutron.wsgi [None req-fcceca8d-6f2b-40df-9e60-354cfa3a4a1a e42f76fade8144898bba980294bf15b7 e080e1a7f3004e7099592bcecd63906f - - default default] 10.0.0.72 "GET /v2.0/extensions/security-groups-remote-address-group HTTP/1.1" status: 200 len: 448 time: 0.0064306
2026-08-04 22:45:38.717 9 INFO neutron.wsgi [None req-35de80c9-d8ba-473f-b0c8-2b150cf5e32f e42f76fade8144898bba980294bf15b7 e080e1a7f3004e7099592bcecd63906f - - default default] 10.0.0.72 "GET /v2.0/extensions/security-groups-shared-filtering HTTP/1.1" status: 200 len: 435 time: 0.0065684
2026-08-04 22:45:38.726 9 INFO neutron.wsgi [None req-ad443274-df09-4e38-9e76-0fa17959cba7 e42f76fade8144898bba980294bf15b7 e080e1a7f3004e7099592bcecd63906f - - default default] 10.0.0.72 "GET /v2.0/extensions/security-group HTTP/1.1" status: 200 len: 364 time: 0.0053678
2026-08-04 22:45:38.734 9 INFO neutron.wsgi [None req-8703c6b1-2fbc-4216-8e30-ba3fca2440c1 e42f76fade8144898bba980294bf15b7 e080e1a7f3004e7099592bcecd63906f - - default default] 10.0.0.72 "GET /v2.0/extensions/segment HTTP/1.1" status: 200 len: 339 time: 0.0038953
2026-08-04 22:45:38.742 9 INFO neutron.wsgi [None req-be9244c1-e5b8-4156-843f-c1d424666df0 e42f76fade8144898bba980294bf15b7 e080e1a7f3004e7099592bcecd63906f - - default default] 10.0.0.72 "GET /v2.0/extensions/segments-peer-subnet-host-routes HTTP/1.1" status: 200 len: 427 time: 0.0041451
2026-08-04 22:45:38.749 9 INFO neutron.wsgi [None req-c75a13df-865f-425d-bdc6-d6214066857a e42f76fade8144898bba980294bf15b7 e080e1a7f3004e7099592bcecd63906f - - default default] 10.0.0.72 "GET /v2.0/extensions/service-type HTTP/1.1" status: 200 len: 415 time: 0.0038784
2026-08-04 22:45:38.758 9 INFO neutron.wsgi [None req-9e43eb2c-664a-45ce-b528-4087c9d455b7 e42f76fade8144898bba980294bf15b7 e080e1a7f3004e7099592bcecd63906f - - default default] 10.0.0.72 "GET /v2.0/extensions/sorting HTTP/1.1" status: 200 len: 377 time: 0.0050766
2026-08-04 22:45:38.770 9 INFO neutron.wsgi [None req-7a8b8e6b-f88d-4bc5-88e9-977eca73a734 e42f76fade8144898bba980294bf15b7 e080e1a7f3004e7099592bcecd63906f - - default default] 10.0.0.72 "GET /v2.0/extensions/standard-attr-segment HTTP/1.1" status: 200 len: 406 time: 0.0065942
2026-08-04 22:45:38.781 9 INFO neutron.wsgi [None req-fed4e409-41ee-4b8b-81b6-13f20a675568 e42f76fade8144898bba980294bf15b7 e080e1a7f3004e7099592bcecd63906f - - default default] 10.0.0.72 "GET /v2.0/extensions/standard-attr-description HTTP/1.1" status: 200 len: 408 time: 0.0051346
2026-08-04 22:45:38.790 9 INFO neutron.wsgi [None req-13c15985-0d4f-48bc-b2bc-dc1e66d43288 e42f76fade8144898bba980294bf15b7 e080e1a7f3004e7099592bcecd63906f - - default default] 10.0.0.72 "GET /v2.0/extensions/stateful-security-group HTTP/1.1" status: 200 len: 402 time: 0.0040281
2026-08-04 22:45:38.798 9 INFO neutron.wsgi [None req-062db5c4-e48a-4da6-8693-e57a258f8968 e42f76fade8144898bba980294bf15b7 e080e1a7f3004e7099592bcecd63906f - - default default] 10.0.0.72 "GET /v2.0/extensions/subnet-dns-publish-fixed-ip HTTP/1.1" status: 200 len: 421 time: 0.0041263
