2026-08-04 22:45:54.144 9 INFO neutron.wsgi [None req-2f6d3847-d7c8-48bb-abbb-8858a0dce296 1ceab629636f4667bc9607b769f91693 638063dca1d4486999f1b8976a272baa - - default default] 10.0.0.72 "POST /v2.0/networks HTTP/1.1" status: 201 len: 832 time: 0.9845021 /var/lib/openstack/lib/python3.10/site-packages/pycadf/identifier.py:71: UserWarning: Invalid uuid: neutron. To ensure interoperability, identifiers should be a valid uuid. warnings.warn(('Invalid uuid: %s. To ensure interoperability, '
2026-08-04 22:45:54.234 9 INFO neutron.db.segments_db [None req-ea6c6efd-bf01-4bc5-8a1c-83a49673c4f9 1ceab629636f4667bc9607b769f91693 638063dca1d4486999f1b8976a272baa - - default default] Added segment 563d1e0b-8198-4e92-95ca-5c27b190f121 of type geneve for network 2ea75939-54c1-4793-ba3f-c097df1e2d31
2026-08-04 22:45:54.292 10 INFO neutron.wsgi [req-07cad6d1-2a87-4327-bc0c-589c3864e9d0 req-f7cd4140-439f-4906-82c1-b0948d0acf28 289e796f312542c39ca3a8c54126dc69 74296015fb73497e91517c0eba5ab230 - - default default] 10.0.0.127 "GET /v2.0/ports?device_id=f99f91a3-5ca8-4d32-842f-65dca51eeaa7 HTTP/1.1" status: 200 len: 1170 time: 0.0427659
2026-08-04 22:45:54.344 10 INFO neutron.wsgi [req-07cad6d1-2a87-4327-bc0c-589c3864e9d0 req-730ab4a0-f63e-479d-804c-eeb3eaf98eaf 289e796f312542c39ca3a8c54126dc69 74296015fb73497e91517c0eba5ab230 - - default default] 10.0.0.127 "GET /v2.0/security-groups?id=19ddb2cc-9408-4539-9e8f-f5712235c310&fields=id&fields=name HTTP/1.1" status: 200 len: 313 time: 0.0430162
2026-08-04 22:45:54.387 9 INFO neutron.db.ovn_revision_numbers_db [None req-ea6c6efd-bf01-4bc5-8a1c-83a49673c4f9 1ceab629636f4667bc9607b769f91693 638063dca1d4486999f1b8976a272baa - - default default] Successfully bumped revision number for resource 2ea75939-54c1-4793-ba3f-c097df1e2d31 (type: networks) to 1
2026-08-04 22:45:54.457 10 INFO neutron.services.segments.plugin [-] Segment 21210bec-442e-4469-a641-086bd5fe79d8 resource provider aggregate not found
2026-08-04 22:45:54.462 10 INFO neutron.services.segments.plugin [-] Segment 21210bec-442e-4469-a641-086bd5fe79d8 resource provider aggregate not found
2026-08-04 22:45:54.470 10 INFO neutron.services.segments.plugin [-] Segment 21210bec-442e-4469-a641-086bd5fe79d8 resource provider not found; error: Placement Client Error (4xx): {"errors": [{"status": 404, "title": "Not Found", "detail": "The resource could not be found.\n\n No resource provider with uuid 21210bec-442e-4469-a641-086bd5fe79d8 found for delete ", "request_id": "req-e6a80adc-b581-4a13-a219-139b33af5c77"}]}
2026-08-04 22:45:54.477 10 INFO neutron.services.segments.plugin [-] Segment 21210bec-442e-4469-a641-086bd5fe79d8 resource provider not found; error: Placement Client Error (4xx): {"errors": [{"status": 404, "title": "Not Found", "detail": "The resource could not be found.\n\n No resource provider with uuid 21210bec-442e-4469-a641-086bd5fe79d8 found for delete ", "request_id": "req-6e22749a-ab5e-4f58-8658-13e5531ef149"}]}
2026-08-04 22:45:54.499 10 INFO neutron.wsgi [None req-b5359cb9-1519-43dc-bdc3-13c191cd1bec a5c3f9e6256d4e9cbfb0c0ff950f19d0 7b30a4e1d7c44754b6e1abff1a5c7324 - - default default] 10.0.0.72 "DELETE /v2.0/networks/d271ba4e-00a1-46e2-bb20-ee852fd17e71 HTTP/1.1" status: 204 len: 168 time: 0.3866575
2026-08-04 22:45:54.601 9 WARNING neutron.scheduler.dhcp_agent_scheduler [None req-ea6c6efd-bf01-4bc5-8a1c-83a49673c4f9 1ceab629636f4667bc9607b769f91693 638063dca1d4486999f1b8976a272baa - - default default] No more DHCP agents
2026-08-04 22:45:54.608 9 WARNING neutron.api.rpc.agentnotifiers.dhcp_rpc_agent_api [None req-ea6c6efd-bf01-4bc5-8a1c-83a49673c4f9 1ceab629636f4667bc9607b769f91693 638063dca1d4486999f1b8976a272baa - - default default] Unable to schedule network 2ea75939-54c1-4793-ba3f-c097df1e2d31: no agents available; will retry on subsequent port and subnet creation events.
2026-08-04 22:45:54.717 9 INFO neutron.db.ovn_revision_numbers_db [None req-ea6c6efd-bf01-4bc5-8a1c-83a49673c4f9 1ceab629636f4667bc9607b769f91693 638063dca1d4486999f1b8976a272baa - - default default] Successfully bumped revision number for resource db08c4fb-23df-4129-8284-ae8084b5e555 (type: ports) to 1
2026-08-04 22:45:54.748 9 INFO neutron.wsgi [None req-ea6c6efd-bf01-4bc5-8a1c-83a49673c4f9 1ceab629636f4667bc9607b769f91693 638063dca1d4486999f1b8976a272baa - - default default] 10.0.0.72 "POST /v2.0/networks HTTP/1.1" status: 201 len: 833 time: 0.5995429
2026-08-04 22:45:55.179 9 INFO neutron.services.segments.plugin [-] Segment 60219dfe-0dbe-4527-a53e-669c6ca9faae resource provider aggregate not found
2026-08-04 22:45:55.183 9 INFO neutron.services.segments.plugin [-] Segment 60219dfe-0dbe-4527-a53e-669c6ca9faae resource provider aggregate not found
2026-08-04 22:45:55.198 9 INFO neutron.services.segments.plugin [-] Segment 60219dfe-0dbe-4527-a53e-669c6ca9faae resource provider not found; error: Placement Client Error (4xx): {"errors": [{"status": 404, "title": "Not Found", "detail": "The resource could not be found.\n\n No resource provider with uuid 60219dfe-0dbe-4527-a53e-669c6ca9faae found for delete ", "request_id": "req-f261bdc5-38c5-47a5-a507-0724f54acc08"}]}
2026-08-04 22:45:55.200 9 INFO neutron.services.segments.plugin [-] Segment 60219dfe-0dbe-4527-a53e-669c6ca9faae resource provider not found; error: Placement Client Error (4xx): {"errors": [{"status": 404, "title": "Not Found", "detail": "The resource could not be found.\n\n No resource provider with uuid 60219dfe-0dbe-4527-a53e-669c6ca9faae found for delete ", "request_id": "req-38027857-836c-4887-9619-66baa5509972"}]}
2026-08-04 22:45:55.230 9 INFO neutron.wsgi [None req-ed11854d-f66a-4527-ac4a-d15d9313289a a5c3f9e6256d4e9cbfb0c0ff950f19d0 7b30a4e1d7c44754b6e1abff1a5c7324 - - default default] 10.0.0.72 "DELETE /v2.0/networks/de023c1d-846b-428b-8789-b4eab23c229f HTTP/1.1" status: 204 len: 168 time: 0.7237947
2026-08-04 22:45:55.278 9 WARNING neutron.scheduler.dhcp_agent_scheduler [None req-f4636732-9790-44d2-976e-ec937553a9e1 1ceab629636f4667bc9607b769f91693 638063dca1d4486999f1b8976a272baa - - default default] No more DHCP agents
2026-08-04 22:45:55.279 9 WARNING neutron.api.rpc.agentnotifiers.dhcp_rpc_agent_api [None req-f4636732-9790-44d2-976e-ec937553a9e1 1ceab629636f4667bc9607b769f91693 638063dca1d4486999f1b8976a272baa - - default default] Unable to schedule network d9f5eb83-afbb-4f7a-a1e8-11e009e24fef: no agents available; will retry on subsequent port and subnet creation events.
2026-08-04 22:45:55.311 9 INFO neutron.db.ovn_revision_numbers_db [None req-f4636732-9790-44d2-976e-ec937553a9e1 1ceab629636f4667bc9607b769f91693 638063dca1d4486999f1b8976a272baa - - default default] Successfully bumped revision number for resource 372c75c2-5061-4407-899e-20f626707f2a (type: subnets) to 0
2026-08-04 22:45:55.323 9 INFO neutron.wsgi [None req-f4636732-9790-44d2-976e-ec937553a9e1 1ceab629636f4667bc9607b769f91693 638063dca1d4486999f1b8976a272baa - - default default] 10.0.0.72 "POST /v2.0/subnets HTTP/1.1" status: 201 len: 821 time: 0.5657403
2026-08-04 22:45:55.513 9 INFO neutron.wsgi [req-8b88626d-d283-4c4c-893a-1ed38479f562 req-e23bb6ae-9505-4279-8eca-3d430febbf6d 289e796f312542c39ca3a8c54126dc69 74296015fb73497e91517c0eba5ab230 - - default default] 10.0.0.127 "GET /v2.0/ports?device_id=f99f91a3-5ca8-4d32-842f-65dca51eeaa7 HTTP/1.1" status: 200 len: 1170 time: 0.1015384
2026-08-04 22:45:55.564 9 INFO neutron.wsgi [req-8b88626d-d283-4c4c-893a-1ed38479f562 req-518eb9e5-c6a2-45a8-94e7-d645b5c94848 289e796f312542c39ca3a8c54126dc69 74296015fb73497e91517c0eba5ab230 - - default default] 10.0.0.127 "GET /v2.0/security-groups?id=19ddb2cc-9408-4539-9e8f-f5712235c310&fields=id&fields=name HTTP/1.1" status: 200 len: 313 time: 0.0408289
2026-08-04 22:45:55.578 9 WARNING neutron.scheduler.dhcp_agent_scheduler [None req-86436789-77aa-4d85-ba14-a3d743267c49 1ceab629636f4667bc9607b769f91693 638063dca1d4486999f1b8976a272baa - - default default] No more DHCP agents
2026-08-04 22:45:55.581 9 WARNING neutron.api.rpc.agentnotifiers.dhcp_rpc_agent_api [None req-86436789-77aa-4d85-ba14-a3d743267c49 1ceab629636f4667bc9607b769f91693 638063dca1d4486999f1b8976a272baa - - default default] Unable to schedule network 2ea75939-54c1-4793-ba3f-c097df1e2d31: no agents available; will retry on subsequent port and subnet creation events.
2026-08-04 22:45:55.601 10 INFO neutron.wsgi [None req-8433135d-2f5b-4b72-8c64-17b6bd56e9b3 a5c3f9e6256d4e9cbfb0c0ff950f19d0 7b30a4e1d7c44754b6e1abff1a5c7324 - - default default] 10.0.0.72 "DELETE /v2.0/networks/13043271-f341-464d-a431-39971e10e379 HTTP/1.1" status: 204 len: 168 time: 0.3667753
2026-08-04 22:45:55.621 9 INFO neutron.db.ovn_revision_numbers_db [None req-86436789-77aa-4d85-ba14-a3d743267c49 1ceab629636f4667bc9607b769f91693 638063dca1d4486999f1b8976a272baa - - default default] Successfully bumped revision number for resource f9da3539-3de0-46a2-8d84-a2c1b270a02b (type: subnets) to 0
2026-08-04 22:45:55.643 9 INFO neutron.wsgi [None req-86436789-77aa-4d85-ba14-a3d743267c49 1ceab629636f4667bc9607b769f91693 638063dca1d4486999f1b8976a272baa - - default default] 10.0.0.72 "POST /v2.0/subnets HTTP/1.1" status: 201 len: 830 time: 0.3137188
2026-08-04 22:45:55.666 10 INFO neutron.wsgi [req-71714ff0-272f-4534-a732-15a86c028a89 req-b5499b9d-12fb-4867-8128-8d8204e1a6c9 289e796f312542c39ca3a8c54126dc69 74296015fb73497e91517c0eba5ab230 - - default default] 10.0.0.127 "GET /v2.0/ports?device_id=f99f91a3-5ca8-4d32-842f-65dca51eeaa7 HTTP/1.1" status: 200 len: 1170 time: 0.0368567
2026-08-04 22:45:55.909 9 INFO neutron.db.ovn_revision_numbers_db [None req-c9c768b9-b7c3-499f-a922-9da47b18618b 1ceab629636f4667bc9607b769f91693 638063dca1d4486999f1b8976a272baa - - default default] Successfully bumped revision number for resource 2e447395-0bfd-4a0c-bb34-ee2ad5b01ba7 (type: routers) to 1
2026-08-04 22:45:55.912 9 INFO neutron.notifiers.nova [-] Nova event matching ['req-647a1b78-21ac-45b7-8563-d5db715a5ae2'] response: {'server_uuid': 'f99f91a3-5ca8-4d32-842f-65dca51eeaa7', 'name': 'network-vif-plugged', 'status': 'completed', 'tag': '5d61bcf8-4174-472d-a7b9-608111313792', 'code': 200}
2026-08-04 22:45:55.926 9 INFO neutron.wsgi [None req-c9c768b9-b7c3-499f-a922-9da47b18618b 1ceab629636f4667bc9607b769f91693 638063dca1d4486999f1b8976a272baa - - default default] 10.0.0.72 "POST /v2.0/routers HTTP/1.1" status: 201 len: 690 time: 0.2773490
2026-08-04 22:45:56.178 9 INFO neutron.wsgi [None req-bf642320-970f-4d82-bf2f-a88b1907b771 a5c3f9e6256d4e9cbfb0c0ff950f19d0 7b30a4e1d7c44754b6e1abff1a5c7324 - - default default] 10.0.0.72 "DELETE /v2.0/networks/59460a10-e225-4ff5-9d4a-acfc95d41949 HTTP/1.1" status: 204 len: 168 time: 0.5717423
2026-08-04 22:45:56.179 10 INFO neutron.db.l3_db [None req-bafad6d4-a51f-415e-a999-9f672b114dec 289e796f312542c39ca3a8c54126dc69 74296015fb73497e91517c0eba5ab230 - - default default] Floating IP 8b928665-624e-47a8-a8d0-ae74547fd925 associated. External IP: 10.96.250.219, port: 5d61bcf8-4174-472d-a7b9-608111313792.
2026-08-04 22:45:56.338 10 INFO neutron.wsgi [req-6029370a-8eec-4d62-870a-3fa09ff55391 req-081dc064-d20e-4bc1-8799-e7a8131f2642 f6efb832e1ca4ec99ea8eac4890a8755 cf29333a7dd74d85b81a8b02c672aa33 - - default default] 10.0.0.127 "GET /v2.0/ports?device_id=9f42726d-27c6-46e3-b43f-67f5e10eb8cf HTTP/1.1" status: 200 len: 1170 time: 0.1124606
2026-08-04 22:45:56.433 10 INFO neutron.db.ovn_revision_numbers_db [None req-bafad6d4-a51f-415e-a999-9f672b114dec 289e796f312542c39ca3a8c54126dc69 74296015fb73497e91517c0eba5ab230 - - default default] Successfully bumped revision number for resource 8b928665-624e-47a8-a8d0-ae74547fd925 (type: floatingips) to 1 /var/lib/openstack/lib/python3.10/site-packages/pycadf/identifier.py:71: UserWarning: Invalid uuid: neutron. To ensure interoperability, identifiers should be a valid uuid. warnings.warn(('Invalid uuid: %s. To ensure interoperability, '
2026-08-04 22:45:56.457 9 WARNING neutron.scheduler.dhcp_agent_scheduler [None req-77f93c9a-4b8a-47c6-9ee5-33bb7c4fda3b 1ceab629636f4667bc9607b769f91693 638063dca1d4486999f1b8976a272baa - - default default] No more DHCP agents
2026-08-04 22:45:56.462 9 WARNING neutron.api.rpc.agentnotifiers.dhcp_rpc_agent_api [None req-77f93c9a-4b8a-47c6-9ee5-33bb7c4fda3b 1ceab629636f4667bc9607b769f91693 638063dca1d4486999f1b8976a272baa - - default default] Unable to schedule network d9f5eb83-afbb-4f7a-a1e8-11e009e24fef: no agents available; will retry on subsequent port and subnet creation events.
2026-08-04 22:45:56.490 10 INFO neutron.services.segments.plugin [-] Segment a428c6a9-0300-4277-9b6d-5fd0b62161fa resource provider aggregate not found
2026-08-04 22:45:56.496 10 INFO neutron.services.segments.plugin [-] Segment a428c6a9-0300-4277-9b6d-5fd0b62161fa resource provider aggregate not found
2026-08-04 22:45:56.505 10 INFO neutron.services.segments.plugin [-] Segment a428c6a9-0300-4277-9b6d-5fd0b62161fa resource provider not found; error: Placement Client Error (4xx): {"errors": [{"status": 404, "title": "Not Found", "detail": "The resource could not be found.\n\n No resource provider with uuid a428c6a9-0300-4277-9b6d-5fd0b62161fa found for delete ", "request_id": "req-d22293b0-b7e5-4ba7-93fd-0a4a29924954"}]}
2026-08-04 22:45:56.508 10 INFO neutron.services.segments.plugin [-] Segment a428c6a9-0300-4277-9b6d-5fd0b62161fa resource provider not found; error: Placement Client Error (4xx): {"errors": [{"status": 404, "title": "Not Found", "detail": "The resource could not be found.\n\n No resource provider with uuid a428c6a9-0300-4277-9b6d-5fd0b62161fa found for delete ", "request_id": "req-d54883a1-4ff4-4978-94b1-3cf7ae872348"}]}
2026-08-04 22:45:56.545 9 INFO neutron.wsgi [req-fda50bc2-02fc-4e2e-b189-a38d8ac6b01e req-ea08cd32-6d4f-4930-89be-8d9f1563f6a0 f6efb832e1ca4ec99ea8eac4890a8755 cf29333a7dd74d85b81a8b02c672aa33 - - default default] 10.0.0.127 "GET /v2.0/ports/fe79c16c-ca8c-4ff3-ba54-2ad17c14ddb3 HTTP/1.1" status: 200 len: 1167 time: 0.1191831
2026-08-04 22:45:56.550 10 INFO neutron.db.ovn_revision_numbers_db [None req-bafad6d4-a51f-415e-a999-9f672b114dec 289e796f312542c39ca3a8c54126dc69 74296015fb73497e91517c0eba5ab230 - - default default] Successfully bumped revision number for resource 8b928665-624e-47a8-a8d0-ae74547fd925 (type: floatingips) to 2
2026-08-04 22:45:56.577 10 INFO neutron.wsgi [None req-bafad6d4-a51f-415e-a999-9f672b114dec 289e796f312542c39ca3a8c54126dc69 74296015fb73497e91517c0eba5ab230 - - default default] 10.0.0.72 "PUT /v2.0/floatingips/8b928665-624e-47a8-a8d0-ae74547fd925 HTTP/1.1" status: 200 len: 1049 time: 0.8995705
2026-08-04 22:45:56.590 9 INFO neutron.db.ovn_revision_numbers_db [None req-77f93c9a-4b8a-47c6-9ee5-33bb7c4fda3b 1ceab629636f4667bc9607b769f91693 638063dca1d4486999f1b8976a272baa - - default default] Successfully bumped revision number for resource 74b0332e-5a2a-4fcc-a89a-34de655d4459 (type: ports) to 1
2026-08-04 22:45:56.627 10 INFO neutron.notifiers.nova [-] Nova event matching ['req-acda7842-3d03-427c-a020-9190f53f2c63'] response: {'name': 'network-changed', 'server_uuid': 'f99f91a3-5ca8-4d32-842f-65dca51eeaa7', 'tag': '5d61bcf8-4174-472d-a7b9-608111313792', 'status': 'completed', 'code': 200}
2026-08-04 22:45:56.664 9 INFO neutron.wsgi [req-3251f0f3-4b7c-4da9-94b1-c87f0b211585 req-169cbad9-3735-4507-9fde-969adf697a71 289e796f312542c39ca3a8c54126dc69 74296015fb73497e91517c0eba5ab230 - - default default] 10.0.0.127 "GET /v2.0/ports?device_id=f99f91a3-5ca8-4d32-842f-65dca51eeaa7 HTTP/1.1" status: 200 len: 1170 time: 0.0368211
2026-08-04 22:45:56.679 10 INFO neutron.wsgi [req-1f2e19ab-1bdb-4534-afbf-18dd24728239 req-2d6874d1-3e1a-4db6-a490-aba515420cbd f52cb827014648a9baf493a70e099238 5b436957e7cd48c980ddb81b422b049f - - a992c7e162aa4dd9b879f0a13a6e7ea8 a992c7e162aa4dd9b879f0a13a6e7ea8] 199.204.45.138 "GET /v2.0/ports?tenant_id=74296015fb73497e91517c0eba5ab230&device_id=f99f91a3-5ca8-4d32-842f-65dca51eeaa7 HTTP/1.1" status: 200 len: 1409 time: 0.0344512
2026-08-04 22:45:56.729 9 INFO neutron.wsgi [req-3251f0f3-4b7c-4da9-94b1-c87f0b211585 req-c8ffa30a-c9a8-4ae7-9767-fad22311eeec 289e796f312542c39ca3a8c54126dc69 74296015fb73497e91517c0eba5ab230 - - default default] 10.0.0.127 "GET /v2.0/security-groups?id=19ddb2cc-9408-4539-9e8f-f5712235c310&fields=id&fields=name HTTP/1.1" status: 200 len: 313 time: 0.0436544
2026-08-04 22:45:56.757 10 INFO neutron.wsgi [req-1f2e19ab-1bdb-4534-afbf-18dd24728239 req-be0fa6c6-5a74-4760-83f9-a9890298a686 f52cb827014648a9baf493a70e099238 5b436957e7cd48c980ddb81b422b049f - - a992c7e162aa4dd9b879f0a13a6e7ea8 a992c7e162aa4dd9b879f0a13a6e7ea8] 199.204.45.138 "GET /v2.0/networks?id=35578931-e2b9-4320-89a3-2c30e6739de8 HTTP/1.1" status: 200 len: 978 time: 0.0725856
2026-08-04 22:45:56.790 9 INFO neutron.wsgi [req-52c0588f-d51f-4d10-86e8-4e7ecf353370 req-23e27018-3ee3-44e1-b965-9a598de74a92 f6efb832e1ca4ec99ea8eac4890a8755 cf29333a7dd74d85b81a8b02c672aa33 - - default default] 199.204.45.138 "GET /v2.0/subnets?network_id=5b940c57-0a5a-405c-8254-e85a26a7a0ea HTTP/1.1" status: 200 len: 858 time: 0.0583558
2026-08-04 22:45:56.802 10 INFO neutron.wsgi [req-1f2e19ab-1bdb-4534-afbf-18dd24728239 req-d8e9f55d-9da7-433b-9853-c6fd5ea31ea7 f52cb827014648a9baf493a70e099238 5b436957e7cd48c980ddb81b422b049f - - a992c7e162aa4dd9b879f0a13a6e7ea8 a992c7e162aa4dd9b879f0a13a6e7ea8] 199.204.45.138 "GET /v2.0/floatingips?fixed_ip_address=10.100.0.9&port_id=5d61bcf8-4174-472d-a7b9-608111313792 HTTP/1.1" status: 200 len: 1059 time: 0.0415533
2026-08-04 22:45:56.850 10 INFO neutron.wsgi [req-1f2e19ab-1bdb-4534-afbf-18dd24728239 req-b6121c1f-6c9d-4434-a661-e12eb02fe3ac f52cb827014648a9baf493a70e099238 5b436957e7cd48c980ddb81b422b049f - - a992c7e162aa4dd9b879f0a13a6e7ea8 a992c7e162aa4dd9b879f0a13a6e7ea8] 199.204.45.138 "GET /v2.0/subnets?id=fe428c1a-1ed1-4085-9a90-7942f6bf0638 HTTP/1.1" status: 200 len: 873 time: 0.0351496
2026-08-04 22:45:56.891 10 INFO neutron.wsgi [req-1f2e19ab-1bdb-4534-afbf-18dd24728239 req-cc2dbb98-dabd-4c04-b615-ef493681e685 f52cb827014648a9baf493a70e099238 5b436957e7cd48c980ddb81b422b049f - - a992c7e162aa4dd9b879f0a13a6e7ea8 a992c7e162aa4dd9b879f0a13a6e7ea8] 199.204.45.138 "GET /v2.0/ports?network_id=35578931-e2b9-4320-89a3-2c30e6739de8&device_owner=network%3Adhcp HTTP/1.1" status: 200 len: 210 time: 0.0342529
2026-08-04 22:45:56.963 10 INFO neutron.wsgi [req-1f2e19ab-1bdb-4534-afbf-18dd24728239 req-cd47c482-03e7-48e3-8ece-da8dff51cd1e f52cb827014648a9baf493a70e099238 5b436957e7cd48c980ddb81b422b049f - - a992c7e162aa4dd9b879f0a13a6e7ea8 a992c7e162aa4dd9b879f0a13a6e7ea8] 199.204.45.138 "GET /v2.0/networks/35578931-e2b9-4320-89a3-2c30e6739de8?fields=segments HTTP/1.1" status: 200 len: 212 time: 0.0669644
2026-08-04 22:45:57.031 10 INFO neutron.wsgi [req-1f2e19ab-1bdb-4534-afbf-18dd24728239 req-88ddf0f1-0fc5-44d7-bd34-5f1736f924af f52cb827014648a9baf493a70e099238 5b436957e7cd48c980ddb81b422b049f - - a992c7e162aa4dd9b879f0a13a6e7ea8 a992c7e162aa4dd9b879f0a13a6e7ea8] 199.204.45.138 "GET /v2.0/networks/35578931-e2b9-4320-89a3-2c30e6739de8?fields=provider%3Aphysical_network&fields=provider%3Anetwork_type HTTP/1.1" status: 200 len: 277 time: 0.0603180
2026-08-04 22:45:57.049 9 INFO neutron.wsgi [req-52c0588f-d51f-4d10-86e8-4e7ecf353370 req-82291d4b-64a4-44e7-8e33-0e69fe48b98c f6efb832e1ca4ec99ea8eac4890a8755 cf29333a7dd74d85b81a8b02c672aa33 - - default default] 199.204.45.138 "GET /v2.0/ports?device_id=9f42726d-27c6-46e3-b43f-67f5e10eb8cf&device_owner=compute%3Anova&network_id=5b940c57-0a5a-405c-8254-e85a26a7a0ea HTTP/1.1" status: 200 len: 1170 time: 0.0771949
2026-08-04 22:45:57.071 9 INFO neutron.wsgi [None req-72ad31e5-3572-4a59-8f64-5c0311b56b69 e761660862c3414aa998f844134ef90b afa7bd8107b24493a44f235c1e638b44 - - default default] 10.0.0.72 "GET /v2.0/security-groups?tenant_id=7b30a4e1d7c44754b6e1abff1a5c7324&name=default HTTP/1.1" status: 200 len: 2996 time: 0.3640909
2026-08-04 22:45:57.100 9 INFO neutron.plugins.ml2.drivers.ovn.mech_driver.mech_driver [None req-ae43b803-d6a9-416c-bde3-9ed624d32b06 - - - - - -] OVN reports status down for port: 5d61bcf8-4174-472d-a7b9-608111313792
2026-08-04 22:45:57.188 10 INFO neutron.wsgi [req-2b60b118-f755-48b5-b9ad-c344ae86f4c3 req-f4d6933e-9df2-4040-b95f-2d7e6713b938 289e796f312542c39ca3a8c54126dc69 74296015fb73497e91517c0eba5ab230 - - default default] 10.0.0.127 "GET /v2.0/ports?device_id=f99f91a3-5ca8-4d32-842f-65dca51eeaa7 HTTP/1.1" status: 200 len: 1170 time: 0.1310351
2026-08-04 22:45:57.216 9 INFO neutron.services.segments.plugin [-] Segment cf7b7cb0-75b0-49ed-892d-ad58e7290103 resource provider aggregate not found
2026-08-04 22:45:57.235 9 INFO neutron.services.segments.plugin [-] Segment cf7b7cb0-75b0-49ed-892d-ad58e7290103 resource provider aggregate not found
2026-08-04 22:45:57.242 9 INFO neutron.services.segments.plugin [-] Segment cf7b7cb0-75b0-49ed-892d-ad58e7290103 resource provider not found; error: Placement Client Error (4xx): {"errors": [{"status": 404, "title": "Not Found", "detail": "The resource could not be found.\n\n No resource provider with uuid cf7b7cb0-75b0-49ed-892d-ad58e7290103 found for delete ", "request_id": "req-360a0711-0af2-4ead-9bdb-99405a6fd3b8"}]}
2026-08-04 22:45:57.262 9 INFO neutron.services.segments.plugin [-] Segment cf7b7cb0-75b0-49ed-892d-ad58e7290103 resource provider not found; error: Placement Client Error (4xx): {"errors": [{"status": 404, "title": "Not Found", "detail": "The resource could not be found.\n\n No resource provider with uuid cf7b7cb0-75b0-49ed-892d-ad58e7290103 found for delete ", "request_id": "req-776cc3a2-696d-425e-b22b-a4acc2acfd86"}]}
2026-08-04 22:45:57.269 10 INFO neutron.wsgi [req-2b60b118-f755-48b5-b9ad-c344ae86f4c3 req-f0264e4a-89c6-44d9-a931-bfdfe7b919ac 289e796f312542c39ca3a8c54126dc69 74296015fb73497e91517c0eba5ab230 - - default default] 10.0.0.127 "GET /v2.0/security-groups?id=19ddb2cc-9408-4539-9e8f-f5712235c310&fields=id&fields=name HTTP/1.1" status: 200 len: 313 time: 0.0727909
2026-08-04 22:45:57.421 10 INFO neutron.wsgi [None req-b3b76e03-d4df-4092-8c7b-68f5b916e0c3 e761660862c3414aa998f844134ef90b afa7bd8107b24493a44f235c1e638b44 - - default default] 10.0.0.72 "DELETE /v2.0/security-groups/2d9b021a-4a7e-429a-b1bd-a3095d28bdf0 HTTP/1.1" status: 204 len: 168 time: 0.3369334
2026-08-04 22:45:57.452 9 INFO neutron.db.ovn_revision_numbers_db [None req-77f93c9a-4b8a-47c6-9ee5-33bb7c4fda3b 1ceab629636f4667bc9607b769f91693 638063dca1d4486999f1b8976a272baa - - default default] Successfully bumped revision number for resource 74b0332e-5a2a-4fcc-a89a-34de655d4459 (type: router_ports) to 1
2026-08-04 22:45:57.455 10 INFO neutron.wsgi [req-b6fc34e9-f8b0-4ea7-9c5e-b20d2a9c0ec8 req-d77c24ac-45ef-4b82-9c70-b8154df8eead 289e796f312542c39ca3a8c54126dc69 74296015fb73497e91517c0eba5ab230 - - default default] 199.204.45.138 "GET /v2.0/ports?device_id=f99f91a3-5ca8-4d32-842f-65dca51eeaa7 HTTP/1.1" status: 200 len: 1168 time: 0.0322015
2026-08-04 22:45:57.628 9 INFO neutron.db.ovn_revision_numbers_db [None req-77f93c9a-4b8a-47c6-9ee5-33bb7c4fda3b 1ceab629636f4667bc9607b769f91693 638063dca1d4486999f1b8976a272baa - - default default] Successfully bumped revision number for resource 74b0332e-5a2a-4fcc-a89a-34de655d4459 (type: ports) to 1
2026-08-04 22:45:57.749 9 INFO neutron.db.ovn_revision_numbers_db [None req-ae43b803-d6a9-416c-bde3-9ed624d32b06 - - - - - -] Successfully bumped revision number for resource 5d61bcf8-4174-472d-a7b9-608111313792 (type: ports) to 5
2026-08-04 22:45:57.764 9 WARNING neutron.scheduler.dhcp_agent_scheduler [None req-77f93c9a-4b8a-47c6-9ee5-33bb7c4fda3b 1ceab629636f4667bc9607b769f91693 638063dca1d4486999f1b8976a272baa - - default default] No more DHCP agents
2026-08-04 22:45:57.767 9 WARNING neutron.api.rpc.agentnotifiers.dhcp_rpc_agent_api [None req-77f93c9a-4b8a-47c6-9ee5-33bb7c4fda3b 1ceab629636f4667bc9607b769f91693 638063dca1d4486999f1b8976a272baa - - default default] Unable to schedule network d9f5eb83-afbb-4f7a-a1e8-11e009e24fef: no agents available; will retry on subsequent port and subnet creation events.
2026-08-04 22:45:57.796 9 INFO neutron.plugins.ml2.drivers.ovn.mech_driver.mech_driver [None req-ae43b803-d6a9-416c-bde3-9ed624d32b06 - - - - - -] OVN reports status up for port: 74b0332e-5a2a-4fcc-a89a-34de655d4459
2026-08-04 22:45:57.797 10 INFO neutron.db.l3_db [req-b6fc34e9-f8b0-4ea7-9c5e-b20d2a9c0ec8 req-427140d3-ccee-4099-bb98-fbb32395fb61 289e796f312542c39ca3a8c54126dc69 74296015fb73497e91517c0eba5ab230 - - default default] Floating IP 8b928665-624e-47a8-a8d0-ae74547fd925 disassociated. External IP: 10.96.250.219, port: 5d61bcf8-4174-472d-a7b9-608111313792.
2026-08-04 22:45:57.819 9 INFO neutron.plugins.ml2.plugin [None req-ae43b803-d6a9-416c-bde3-9ed624d32b06 - - - - - -] Attempt 1 to provision port 74b0332e-5a2a-4fcc-a89a-34de655d4459
2026-08-04 22:45:57.841 9 INFO neutron.db.ovn_revision_numbers_db [req-52c0588f-d51f-4d10-86e8-4e7ecf353370 req-bd0730b4-c75b-4f19-9551-f8e05d3a8f3b f6efb832e1ca4ec99ea8eac4890a8755 cf29333a7dd74d85b81a8b02c672aa33 - - default default] Successfully bumped revision number for resource fe79c16c-ca8c-4ff3-ba54-2ad17c14ddb3 (type: ports) to 5
2026-08-04 22:45:57.881 9 INFO neutron.wsgi [req-52c0588f-d51f-4d10-86e8-4e7ecf353370 req-bd0730b4-c75b-4f19-9551-f8e05d3a8f3b f6efb832e1ca4ec99ea8eac4890a8755 cf29333a7dd74d85b81a8b02c672aa33 - - default default] 199.204.45.138 "PUT /v2.0/ports/fe79c16c-ca8c-4ff3-ba54-2ad17c14ddb3 HTTP/1.1" status: 200 len: 1349 time: 0.8253682 /var/lib/openstack/lib/python3.10/site-packages/pycadf/identifier.py:71: UserWarning: Invalid uuid: neutron. To ensure interoperability, identifiers should be a valid uuid. warnings.warn(('Invalid uuid: %s. To ensure interoperability, '
2026-08-04 22:45:57.969 9 INFO neutron.notifiers.nova [-] Nova event matching ['req-8fbf081a-f79c-4717-a361-71c26cb3f3c6'] response: {'server_uuid': 'f99f91a3-5ca8-4d32-842f-65dca51eeaa7', 'name': 'network-vif-unplugged', 'status': 'completed', 'tag': '5d61bcf8-4174-472d-a7b9-608111313792', 'code': 200}
2026-08-04 22:45:57.969 9 INFO neutron.notifiers.nova [-] Nova event matching ['req-8fbf081a-f79c-4717-a361-71c26cb3f3c6'] response: {'server_uuid': 'f99f91a3-5ca8-4d32-842f-65dca51eeaa7', 'name': 'network-vif-plugged', 'status': 'completed', 'tag': '5d61bcf8-4174-472d-a7b9-608111313792', 'code': 200}
2026-08-04 22:45:57.970 9 INFO neutron.notifiers.nova [-] Nova event matching ['req-8fbf081a-f79c-4717-a361-71c26cb3f3c6'] response: {'name': 'network-changed', 'server_uuid': '9f42726d-27c6-46e3-b43f-67f5e10eb8cf', 'tag': 'fe79c16c-ca8c-4ff3-ba54-2ad17c14ddb3', 'status': 'completed', 'code': 200}
2026-08-04 22:45:57.974 10 INFO neutron.wsgi [req-b6fc34e9-f8b0-4ea7-9c5e-b20d2a9c0ec8 req-427140d3-ccee-4099-bb98-fbb32395fb61 289e796f312542c39ca3a8c54126dc69 74296015fb73497e91517c0eba5ab230 - - default default] 199.204.45.138 "DELETE /v2.0/ports/5d61bcf8-4174-472d-a7b9-608111313792 HTTP/1.1" status: 204 len: 173 time: 0.5160928
2026-08-04 22:45:57.976 9 INFO neutron.wsgi [req-52c0588f-d51f-4d10-86e8-4e7ecf353370 req-3d1a875a-16ad-4fe8-89ec-89bfa5a80ebb f52cb827014648a9baf493a70e099238 5b436957e7cd48c980ddb81b422b049f - - a992c7e162aa4dd9b879f0a13a6e7ea8 a992c7e162aa4dd9b879f0a13a6e7ea8] 199.204.45.138 "GET /v2.0/ports?tenant_id=cf29333a7dd74d85b81a8b02c672aa33&device_id=9f42726d-27c6-46e3-b43f-67f5e10eb8cf HTTP/1.1" status: 200 len: 1590 time: 0.0761991
2026-08-04 22:45:58.077 9 INFO neutron.wsgi [req-52c0588f-d51f-4d10-86e8-4e7ecf353370 req-31c51ef8-3476-42be-a87b-0a0a7f0105be f52cb827014648a9baf493a70e099238 5b436957e7cd48c980ddb81b422b049f - - a992c7e162aa4dd9b879f0a13a6e7ea8 a992c7e162aa4dd9b879f0a13a6e7ea8] 199.204.45.138 "GET /v2.0/networks?id=5b940c57-0a5a-405c-8254-e85a26a7a0ea HTTP/1.1" status: 200 len: 981 time: 0.0978365
2026-08-04 22:45:58.297 9 INFO neutron.wsgi [req-52c0588f-d51f-4d10-86e8-4e7ecf353370 req-34e0861f-cd7e-43f3-8c39-da9c9cebb18d f52cb827014648a9baf493a70e099238 5b436957e7cd48c980ddb81b422b049f - - a992c7e162aa4dd9b879f0a13a6e7ea8 a992c7e162aa4dd9b879f0a13a6e7ea8] 199.204.45.138 "GET /v2.0/floatingips?fixed_ip_address=10.100.0.14&port_id=fe79c16c-ca8c-4ff3-ba54-2ad17c14ddb3 HTTP/1.1" status: 200 len: 217 time: 0.2097714
2026-08-04 22:45:58.315 9 INFO neutron.db.ovn_revision_numbers_db [None req-77f93c9a-4b8a-47c6-9ee5-33bb7c4fda3b 1ceab629636f4667bc9607b769f91693 638063dca1d4486999f1b8976a272baa - - default default] Successfully bumped revision number for resource 74b0332e-5a2a-4fcc-a89a-34de655d4459 (type: router_ports) to 1
2026-08-04 22:45:58.317 9 INFO neutron.wsgi [None req-77f93c9a-4b8a-47c6-9ee5-33bb7c4fda3b 1ceab629636f4667bc9607b769f91693 638063dca1d4486999f1b8976a272baa - - default default] 10.0.0.72 "PUT /v2.0/routers/2e447395-0bfd-4a0c-bb34-ee2ad5b01ba7/add_router_interface HTTP/1.1" status: 200 len: 503 time: 2.3828418
2026-08-04 22:45:58.375 9 INFO neutron.wsgi [req-52c0588f-d51f-4d10-86e8-4e7ecf353370 req-2b662ed2-958b-4534-8a19-09e394c2eaf7 f52cb827014648a9baf493a70e099238 5b436957e7cd48c980ddb81b422b049f - - a992c7e162aa4dd9b879f0a13a6e7ea8 a992c7e162aa4dd9b879f0a13a6e7ea8] 199.204.45.138 "GET /v2.0/floatingips?fixed_ip_address=10.100.0.7&port_id=fe79c16c-ca8c-4ff3-ba54-2ad17c14ddb3 HTTP/1.1" status: 200 len: 1059 time: 0.0665817
2026-08-04 22:45:58.394 9 INFO neutron.wsgi [req-7ac78c60-dded-4a8b-9a9c-8aba56e22248 req-bf5d4239-83c9-4685-be4b-9cbff71f5e10 289e796f312542c39ca3a8c54126dc69 74296015fb73497e91517c0eba5ab230 - - default default] 10.0.0.127 "GET /v2.0/ports?device_id=f99f91a3-5ca8-4d32-842f-65dca51eeaa7 HTTP/1.1" status: 200 len: 210 time: 0.0377395
2026-08-04 22:45:58.432 9 INFO neutron.wsgi [req-52c0588f-d51f-4d10-86e8-4e7ecf353370 req-7f1063b0-0a97-4016-a0bf-9b40e76d696e f52cb827014648a9baf493a70e099238 5b436957e7cd48c980ddb81b422b049f - - a992c7e162aa4dd9b879f0a13a6e7ea8 a992c7e162aa4dd9b879f0a13a6e7ea8] 199.204.45.138 "GET /v2.0/subnets?id=304c293d-8753-4330-98e8-904b2109da4c HTTP/1.1" status: 200 len: 876 time: 0.0464656
2026-08-04 22:45:58.437 10 INFO neutron.wsgi [None req-6f600c93-5d39-4793-9ca7-2a988f25f801 1ceab629636f4667bc9607b769f91693 638063dca1d4486999f1b8976a272baa - - default default] 10.0.0.72 "GET /v2.0/ports/74b0332e-5a2a-4fcc-a89a-34de655d4459 HTTP/1.1" status: 200 len: 1141 time: 0.1060042
2026-08-04 22:45:58.469 9 INFO neutron.wsgi [req-52c0588f-d51f-4d10-86e8-4e7ecf353370 req-8ee0130a-36d5-421a-bdcf-dca67b7996f0 f52cb827014648a9baf493a70e099238 5b436957e7cd48c980ddb81b422b049f - - a992c7e162aa4dd9b879f0a13a6e7ea8 a992c7e162aa4dd9b879f0a13a6e7ea8] 199.204.45.138 "GET /v2.0/ports?network_id=5b940c57-0a5a-405c-8254-e85a26a7a0ea&device_owner=network%3Adhcp HTTP/1.1" status: 200 len: 210 time: 0.0294452
2026-08-04 22:45:58.525 9 INFO neutron.db.ovn_revision_numbers_db [None req-ae43b803-d6a9-416c-bde3-9ed624d32b06 - - - - - -] Successfully bumped revision number for resource 74b0332e-5a2a-4fcc-a89a-34de655d4459 (type: ports) to 2
2026-08-04 22:45:58.540 9 INFO neutron.wsgi [req-52c0588f-d51f-4d10-86e8-4e7ecf353370 req-76f496d3-7d4b-4dc4-97cf-b36644aeb7ef f52cb827014648a9baf493a70e099238 5b436957e7cd48c980ddb81b422b049f - - a992c7e162aa4dd9b879f0a13a6e7ea8 a992c7e162aa4dd9b879f0a13a6e7ea8] 199.204.45.138 "GET /v2.0/networks/5b940c57-0a5a-405c-8254-e85a26a7a0ea?fields=segments HTTP/1.1" status: 200 len: 212 time: 0.0649610
2026-08-04 22:45:58.634 9 INFO neutron.wsgi [req-52c0588f-d51f-4d10-86e8-4e7ecf353370 req-8e1573a3-6e57-420e-b5cc-3e7963540369 f52cb827014648a9baf493a70e099238 5b436957e7cd48c980ddb81b422b049f - - a992c7e162aa4dd9b879f0a13a6e7ea8 a992c7e162aa4dd9b879f0a13a6e7ea8] 199.204.45.138 "GET /v2.0/networks/5b940c57-0a5a-405c-8254-e85a26a7a0ea?fields=provider%3Aphysical_network&fields=provider%3Anetwork_type HTTP/1.1" status: 200 len: 277 time: 0.0845587
2026-08-04 22:45:58.700 9 INFO neutron.db.ovn_revision_numbers_db [None req-ae43b803-d6a9-416c-bde3-9ed624d32b06 - - - - - -] Successfully bumped revision number for resource 74b0332e-5a2a-4fcc-a89a-34de655d4459 (type: router_ports) to 2
2026-08-04 22:45:58.743 9 INFO neutron.wsgi [req-05c4c8a0-897c-4ceb-8dcd-68794f4bd46f req-63783dd2-cea7-4f82-996e-6a4a9726e970 f52cb827014648a9baf493a70e099238 5b436957e7cd48c980ddb81b422b049f - - a992c7e162aa4dd9b879f0a13a6e7ea8 a992c7e162aa4dd9b879f0a13a6e7ea8] 199.204.45.138 "GET /v2.0/ports?tenant_id=cf29333a7dd74d85b81a8b02c672aa33&device_id=9f42726d-27c6-46e3-b43f-67f5e10eb8cf HTTP/1.1" status: 200 len: 1590 time: 0.0579662
2026-08-04 22:45:58.792 10 INFO neutron.notifiers.nova [-] Nova event matching ['req-804d7c9f-d6d6-4eff-9bb3-f678be834dd0'] response: {'server_uuid': 'f99f91a3-5ca8-4d32-842f-65dca51eeaa7', 'name': 'network-vif-deleted', 'tag': '5d61bcf8-4174-472d-a7b9-608111313792', 'status': 'completed', 'code': 200}
2026-08-04 22:45:58.820 9 INFO neutron.wsgi [req-05c4c8a0-897c-4ceb-8dcd-68794f4bd46f req-1d8ba289-cd20-4198-8d91-67bcc92de53c f52cb827014648a9baf493a70e099238 5b436957e7cd48c980ddb81b422b049f - - a992c7e162aa4dd9b879f0a13a6e7ea8 a992c7e162aa4dd9b879f0a13a6e7ea8] 199.204.45.138 "GET /v2.0/networks?id=5b940c57-0a5a-405c-8254-e85a26a7a0ea HTTP/1.1" status: 200 len: 981 time: 0.0721703
2026-08-04 22:45:58.851 9 INFO neutron.wsgi [req-05c4c8a0-897c-4ceb-8dcd-68794f4bd46f req-db5c64e2-4e20-4ce5-bd2d-417453f149a8 f52cb827014648a9baf493a70e099238 5b436957e7cd48c980ddb81b422b049f - - a992c7e162aa4dd9b879f0a13a6e7ea8 a992c7e162aa4dd9b879f0a13a6e7ea8] 199.204.45.138 "GET /v2.0/floatingips?fixed_ip_address=10.100.0.14&port_id=fe79c16c-ca8c-4ff3-ba54-2ad17c14ddb3 HTTP/1.1" status: 200 len: 217 time: 0.0275686
2026-08-04 22:45:58.909 9 INFO neutron.wsgi [req-88f26187-9fe7-4b4d-8b7a-6e6e718e36ba req-5bca6845-37da-4c03-804e-37fa7e33c428 f6efb832e1ca4ec99ea8eac4890a8755 cf29333a7dd74d85b81a8b02c672aa33 - - default default] 10.0.0.127 "GET /v2.0/ports?device_id=9f42726d-27c6-46e3-b43f-67f5e10eb8cf HTTP/1.1" status: 200 len: 1352 time: 0.0522561
2026-08-04 22:45:58.912 9 INFO neutron.wsgi [req-05c4c8a0-897c-4ceb-8dcd-68794f4bd46f req-f4f76737-c4a1-4118-a7d2-d1e5af299142 f52cb827014648a9baf493a70e099238 5b436957e7cd48c980ddb81b422b049f - - a992c7e162aa4dd9b879f0a13a6e7ea8 a992c7e162aa4dd9b879f0a13a6e7ea8] 199.204.45.138 "GET /v2.0/floatingips?fixed_ip_address=10.100.0.7&port_id=fe79c16c-ca8c-4ff3-ba54-2ad17c14ddb3 HTTP/1.1" status: 200 len: 1059 time: 0.0568192
2026-08-04 22:45:58.955 9 INFO neutron.wsgi [req-05c4c8a0-897c-4ceb-8dcd-68794f4bd46f req-c9dee41e-b3c6-481d-bb0b-4872a6f99cd9 f52cb827014648a9baf493a70e099238 5b436957e7cd48c980ddb81b422b049f - - a992c7e162aa4dd9b879f0a13a6e7ea8 a992c7e162aa4dd9b879f0a13a6e7ea8] 199.204.45.138 "GET /v2.0/subnets?id=304c293d-8753-4330-98e8-904b2109da4c HTTP/1.1" status: 200 len: 876 time: 0.0338871
2026-08-04 22:45:58.960 9 INFO neutron.wsgi [req-88f26187-9fe7-4b4d-8b7a-6e6e718e36ba req-24a6d350-2a02-4497-ac74-298c343c87f0 f6efb832e1ca4ec99ea8eac4890a8755 cf29333a7dd74d85b81a8b02c672aa33 - - default default] 10.0.0.127 "GET /v2.0/security-groups?id=bd6088e2-69fa-466f-973f-7f1148e2bd93&fields=id&fields=name HTTP/1.1" status: 200 len: 313 time: 0.0442374
2026-08-04 22:45:58.983 9 INFO neutron.wsgi [req-05c4c8a0-897c-4ceb-8dcd-68794f4bd46f req-87dfc623-aa1e-4fd8-9e7c-a77516f26499 f52cb827014648a9baf493a70e099238 5b436957e7cd48c980ddb81b422b049f - - a992c7e162aa4dd9b879f0a13a6e7ea8 a992c7e162aa4dd9b879f0a13a6e7ea8] 199.204.45.138 "GET /v2.0/ports?network_id=5b940c57-0a5a-405c-8254-e85a26a7a0ea&device_owner=network%3Adhcp HTTP/1.1" status: 200 len: 210 time: 0.0214918
2026-08-04 22:45:59.058 9 INFO neutron.wsgi [req-05c4c8a0-897c-4ceb-8dcd-68794f4bd46f req-f19e961d-481e-4b7f-beeb-837217872050 f52cb827014648a9baf493a70e099238 5b436957e7cd48c980ddb81b422b049f - - a992c7e162aa4dd9b879f0a13a6e7ea8 a992c7e162aa4dd9b879f0a13a6e7ea8] 199.204.45.138 "GET /v2.0/networks/5b940c57-0a5a-405c-8254-e85a26a7a0ea?fields=segments HTTP/1.1" status: 200 len: 212 time: 0.0660794
2026-08-04 22:45:59.119 9 INFO neutron.wsgi [req-05c4c8a0-897c-4ceb-8dcd-68794f4bd46f req-fe2f2d11-4569-4b43-aa77-bad994fb489c f52cb827014648a9baf493a70e099238 5b436957e7cd48c980ddb81b422b049f - - a992c7e162aa4dd9b879f0a13a6e7ea8 a992c7e162aa4dd9b879f0a13a6e7ea8] 199.204.45.138 "GET /v2.0/networks/5b940c57-0a5a-405c-8254-e85a26a7a0ea?fields=provider%3Aphysical_network&fields=provider%3Anetwork_type HTTP/1.1" status: 200 len: 277 time: 0.0533025
2026-08-04 22:45:59.122 9 INFO neutron.wsgi [-] 10.0.0.114 "GET / HTTP/1.1" status: 200 len: 246 time: 0.0013890
2026-08-04 22:45:59.124 9 INFO neutron.wsgi [-] 10.0.0.114 "GET / HTTP/1.1" status: 200 len: 246 time: 0.0012116
2026-08-04 22:45:59.140 10 WARNING neutron.scheduler.dhcp_agent_scheduler [None req-70ae96e4-0ccb-417f-b1da-793d6e65d08c 1ceab629636f4667bc9607b769f91693 638063dca1d4486999f1b8976a272baa - - default default] No more DHCP agents
2026-08-04 22:45:59.142 10 WARNING neutron.api.rpc.agentnotifiers.dhcp_rpc_agent_api [None req-70ae96e4-0ccb-417f-b1da-793d6e65d08c 1ceab629636f4667bc9607b769f91693 638063dca1d4486999f1b8976a272baa - - default default] Unable to schedule network 2ea75939-54c1-4793-ba3f-c097df1e2d31: no agents available; will retry on subsequent port and subnet creation events.
2026-08-04 22:45:59.190 9 INFO neutron.wsgi [req-9b12eba2-550a-4302-9794-47afecfa94e8 req-b80c38fb-01c3-41b2-9a2f-e799a8400184 f6efb832e1ca4ec99ea8eac4890a8755 cf29333a7dd74d85b81a8b02c672aa33 - - default default] 199.204.45.138 "GET /v2.0/ports?device_id=9f42726d-27c6-46e3-b43f-67f5e10eb8cf&device_owner=compute%3Anova&fixed_ips=ip_address%3D10.100.0.14 HTTP/1.1" status: 200 len: 1352 time: 0.0492909
2026-08-04 22:45:59.245 10 INFO neutron.db.ovn_revision_numbers_db [None req-70ae96e4-0ccb-417f-b1da-793d6e65d08c 1ceab629636f4667bc9607b769f91693 638063dca1d4486999f1b8976a272baa - - default default] Successfully bumped revision number for resource 8ef79881-8e43-4781-a620-719feedb3ce9 (type: ports) to 1
2026-08-04 22:45:59.510 10 INFO neutron.db.ovn_revision_numbers_db [None req-7043fc3a-80ea-4535-ba9d-632a64baa0d4 a2e11478505d47799877547629e3ad3a 4beb4012409347c592f49fdcdfda985b - - default default] Successfully bumped revision number for resource 0964b55d-a251-4564-a4e2-e5787c339872 (type: security_groups) to 1
2026-08-04 22:45:59.528 10 INFO neutron.db.ovn_revision_numbers_db [None req-7043fc3a-80ea-4535-ba9d-632a64baa0d4 a2e11478505d47799877547629e3ad3a 4beb4012409347c592f49fdcdfda985b - - default default] Successfully bumped revision number for resource 39c5e054-9d77-4e5e-814d-213c586dcd1e (type: security_group_rules) to 0
2026-08-04 22:45:59.545 10 INFO neutron.db.ovn_revision_numbers_db [None req-7043fc3a-80ea-4535-ba9d-632a64baa0d4 a2e11478505d47799877547629e3ad3a 4beb4012409347c592f49fdcdfda985b - - default default] Successfully bumped revision number for resource a11b94a7-e647-419b-b48a-9a970995561f (type: security_group_rules) to 0
2026-08-04 22:45:59.566 10 INFO neutron.db.ovn_revision_numbers_db [None req-7043fc3a-80ea-4535-ba9d-632a64baa0d4 a2e11478505d47799877547629e3ad3a 4beb4012409347c592f49fdcdfda985b - - default default] Successfully bumped revision number for resource a1886120-f143-4f68-8992-8649d65c530e (type: security_group_rules) to 0
2026-08-04 22:45:59.584 10 INFO neutron.db.ovn_revision_numbers_db [None req-7043fc3a-80ea-4535-ba9d-632a64baa0d4 a2e11478505d47799877547629e3ad3a 4beb4012409347c592f49fdcdfda985b - - default default] Successfully bumped revision number for resource aab75add-e056-42a5-889b-6b389ea678af (type: security_group_rules) to 0
2026-08-04 22:45:59.643 9 INFO neutron.wsgi [None req-f74a1bec-2889-41b5-ba5a-a173af475b4b 289e796f312542c39ca3a8c54126dc69 74296015fb73497e91517c0eba5ab230 - - default default] 10.0.0.72 "DELETE /v2.0/security-groups/19ddb2cc-9408-4539-9e8f-f5712235c310 HTTP/1.1" status: 204 len: 168 time: 0.1671450 /var/lib/openstack/lib/python3.10/site-packages/pycadf/identifier.py:71: UserWarning: Invalid uuid: neutron. To ensure interoperability, identifiers should be a valid uuid. warnings.warn(('Invalid uuid: %s. To ensure interoperability, '
2026-08-04 22:45:59.664 9 INFO neutron.api.v2.resource [None req-6b99e6df-ae3d-447b-8601-4571dd890ea1 289e796f312542c39ca3a8c54126dc69 74296015fb73497e91517c0eba5ab230 - - default default] show failed (client error): The resource could not be found.
2026-08-04 22:45:59.666 9 INFO neutron.wsgi [None req-6b99e6df-ae3d-447b-8601-4571dd890ea1 289e796f312542c39ca3a8c54126dc69 74296015fb73497e91517c0eba5ab230 - - default default] 10.0.0.72 "GET /v2.0/security-groups/19ddb2cc-9408-4539-9e8f-f5712235c310 HTTP/1.1" status: 404 len: 347 time: 0.0161521
2026-08-04 22:45:59.678 10 INFO neutron.db.segments_db [None req-7043fc3a-80ea-4535-ba9d-632a64baa0d4 a2e11478505d47799877547629e3ad3a 4beb4012409347c592f49fdcdfda985b - - default default] Added segment 79500a1d-1870-4a37-a145-0d172849d130 of type geneve for network 14ba8721-9709-489e-bd28-e9051c361933
2026-08-04 22:45:59.751 9 INFO neutron.db.ovn_revision_numbers_db [req-9b12eba2-550a-4302-9794-47afecfa94e8 req-ef9c8f0d-565f-4f93-a0ad-49493c63ecb1 f6efb832e1ca4ec99ea8eac4890a8755 cf29333a7dd74d85b81a8b02c672aa33 - - default default] Successfully bumped revision number for resource fe79c16c-ca8c-4ff3-ba54-2ad17c14ddb3 (type: ports) to 6
2026-08-04 22:45:59.768 9 INFO neutron.wsgi [req-9b12eba2-550a-4302-9794-47afecfa94e8 req-ef9c8f0d-565f-4f93-a0ad-49493c63ecb1 f6efb832e1ca4ec99ea8eac4890a8755 cf29333a7dd74d85b81a8b02c672aa33 - - default default] 199.204.45.138 "PUT /v2.0/ports/fe79c16c-ca8c-4ff3-ba54-2ad17c14ddb3 HTTP/1.1" status: 200 len: 1167 time: 0.5722718
2026-08-04 22:45:59.768 10 INFO neutron.db.ovn_revision_numbers_db [None req-70ae96e4-0ccb-417f-b1da-793d6e65d08c 1ceab629636f4667bc9607b769f91693 638063dca1d4486999f1b8976a272baa - - default default] Successfully bumped revision number for resource 8ef79881-8e43-4781-a620-719feedb3ce9 (type: router_ports) to 1
2026-08-04 22:45:59.820 10 INFO neutron.db.segments_db [None req-7043fc3a-80ea-4535-ba9d-632a64baa0d4 a2e11478505d47799877547629e3ad3a 4beb4012409347c592f49fdcdfda985b - - default default] Added segment 6ee6d8a8-7d5e-419e-b04a-82bf67509086 of type geneve for network 5a88297d-fe51-409c-a80d-d9abebf1e866
2026-08-04 22:45:59.860 9 INFO neutron.wsgi [req-9b12eba2-550a-4302-9794-47afecfa94e8 req-d0e70520-3773-4dd0-8abd-c8aa801684b3 f52cb827014648a9baf493a70e099238 5b436957e7cd48c980ddb81b422b049f - - a992c7e162aa4dd9b879f0a13a6e7ea8 a992c7e162aa4dd9b879f0a13a6e7ea8] 199.204.45.138 "GET /v2.0/ports?tenant_id=cf29333a7dd74d85b81a8b02c672aa33&device_id=9f42726d-27c6-46e3-b43f-67f5e10eb8cf HTTP/1.1" status: 200 len: 1409 time: 0.0618858
2026-08-04 22:45:59.938 10 INFO neutron.db.ovn_revision_numbers_db [None req-70ae96e4-0ccb-417f-b1da-793d6e65d08c 1ceab629636f4667bc9607b769f91693 638063dca1d4486999f1b8976a272baa - - default default] Successfully bumped revision number for resource 8ef79881-8e43-4781-a620-719feedb3ce9 (type: ports) to 1
2026-08-04 22:45:59.950 9 INFO neutron.wsgi [req-9b12eba2-550a-4302-9794-47afecfa94e8 req-fe30a918-a927-4704-b122-2f57fbefcffd f52cb827014648a9baf493a70e099238 5b436957e7cd48c980ddb81b422b049f - - a992c7e162aa4dd9b879f0a13a6e7ea8 a992c7e162aa4dd9b879f0a13a6e7ea8] 199.204.45.138 "GET /v2.0/networks?id=5b940c57-0a5a-405c-8254-e85a26a7a0ea HTTP/1.1" status: 200 len: 981 time: 0.0825927
2026-08-04 22:46:00.013 9 INFO neutron.wsgi [req-9b12eba2-550a-4302-9794-47afecfa94e8 req-05e44893-06a4-4b92-90f5-30290cd5ad77 f52cb827014648a9baf493a70e099238 5b436957e7cd48c980ddb81b422b049f - - a992c7e162aa4dd9b879f0a13a6e7ea8 a992c7e162aa4dd9b879f0a13a6e7ea8] 199.204.45.138 "GET /v2.0/floatingips?fixed_ip_address=10.100.0.7&port_id=fe79c16c-ca8c-4ff3-ba54-2ad17c14ddb3 HTTP/1.1" status: 200 len: 1059 time: 0.0575221
2026-08-04 22:46:00.014 9 INFO neutron.notifiers.nova [-] Nova event matching ['req-0cf1de4b-a147-46ff-81b1-91798f9df523'] response: {'name': 'network-changed', 'server_uuid': '9f42726d-27c6-46e3-b43f-67f5e10eb8cf', 'tag': 'fe79c16c-ca8c-4ff3-ba54-2ad17c14ddb3', 'status': 'completed', 'code': 200}
2026-08-04 22:46:00.032 10 INFO neutron.db.ovn_revision_numbers_db [None req-7043fc3a-80ea-4535-ba9d-632a64baa0d4 a2e11478505d47799877547629e3ad3a 4beb4012409347c592f49fdcdfda985b - - default default] Successfully bumped revision number for resource 14ba8721-9709-489e-bd28-e9051c361933 (type: networks) to 1
2026-08-04 22:46:00.046 10 WARNING neutron.scheduler.dhcp_agent_scheduler [None req-70ae96e4-0ccb-417f-b1da-793d6e65d08c 1ceab629636f4667bc9607b769f91693 638063dca1d4486999f1b8976a272baa - - default default] No more DHCP agents
2026-08-04 22:46:00.047 10 WARNING neutron.api.rpc.agentnotifiers.dhcp_rpc_agent_api [None req-70ae96e4-0ccb-417f-b1da-793d6e65d08c 1ceab629636f4667bc9607b769f91693 638063dca1d4486999f1b8976a272baa - - default default] Unable to schedule network 2ea75939-54c1-4793-ba3f-c097df1e2d31: no agents available; will retry on subsequent port and subnet creation events.
2026-08-04 22:46:00.056 9 INFO neutron.wsgi [req-9b12eba2-550a-4302-9794-47afecfa94e8 req-7bc6fe03-202a-40c5-8838-927b0b62e65a f52cb827014648a9baf493a70e099238 5b436957e7cd48c980ddb81b422b049f - - a992c7e162aa4dd9b879f0a13a6e7ea8 a992c7e162aa4dd9b879f0a13a6e7ea8] 199.204.45.138 "GET /v2.0/subnets?id=304c293d-8753-4330-98e8-904b2109da4c HTTP/1.1" status: 200 len: 876 time: 0.0362961
2026-08-04 22:46:00.091 9 INFO neutron.wsgi [req-9b12eba2-550a-4302-9794-47afecfa94e8 req-94bd36c4-da14-4565-9f88-23bb94b5b76d f52cb827014648a9baf493a70e099238 5b436957e7cd48c980ddb81b422b049f - - a992c7e162aa4dd9b879f0a13a6e7ea8 a992c7e162aa4dd9b879f0a13a6e7ea8] 199.204.45.138 "GET /v2.0/ports?network_id=5b940c57-0a5a-405c-8254-e85a26a7a0ea&device_owner=network%3Adhcp HTTP/1.1" status: 200 len: 210 time: 0.0259480
2026-08-04 22:46:00.160 9 INFO neutron.wsgi [req-9b12eba2-550a-4302-9794-47afecfa94e8 req-d3d460af-c35e-4fe6-9a45-fbcda07ee61a f52cb827014648a9baf493a70e099238 5b436957e7cd48c980ddb81b422b049f - - a992c7e162aa4dd9b879f0a13a6e7ea8 a992c7e162aa4dd9b879f0a13a6e7ea8] 199.204.45.138 "GET /v2.0/networks/5b940c57-0a5a-405c-8254-e85a26a7a0ea?fields=segments HTTP/1.1" status: 200 len: 212 time: 0.0599387
2026-08-04 22:46:00.169 9 INFO neutron.wsgi [None req-f64c4d89-590f-4372-80d9-6d47a4385af1 289e796f312542c39ca3a8c54126dc69 74296015fb73497e91517c0eba5ab230 - - default default] 10.0.0.72 "DELETE /v2.0/floatingips/8b928665-624e-47a8-a8d0-ae74547fd925 HTTP/1.1" status: 204 len: 168 time: 0.4971421
2026-08-04 22:46:00.245 9 INFO neutron.wsgi [req-9b12eba2-550a-4302-9794-47afecfa94e8 req-aeef4462-0832-4252-b309-2a0b7e51d4ce f52cb827014648a9baf493a70e099238 5b436957e7cd48c980ddb81b422b049f - - a992c7e162aa4dd9b879f0a13a6e7ea8 a992c7e162aa4dd9b879f0a13a6e7ea8] 199.204.45.138 "GET /v2.0/networks/5b940c57-0a5a-405c-8254-e85a26a7a0ea?fields=provider%3Aphysical_network&fields=provider%3Anetwork_type HTTP/1.1" status: 200 len: 277 time: 0.0752001
2026-08-04 22:46:00.274 10 WARNING neutron.scheduler.dhcp_agent_scheduler [None req-7043fc3a-80ea-4535-ba9d-632a64baa0d4 a2e11478505d47799877547629e3ad3a 4beb4012409347c592f49fdcdfda985b - - default default] No more DHCP agents
2026-08-04 22:46:00.280 10 WARNING neutron.api.rpc.agentnotifiers.dhcp_rpc_agent_api [None req-7043fc3a-80ea-4535-ba9d-632a64baa0d4 a2e11478505d47799877547629e3ad3a 4beb4012409347c592f49fdcdfda985b - - default default] Unable to schedule network 14ba8721-9709-489e-bd28-e9051c361933: no agents available; will retry on subsequent port and subnet creation events.
2026-08-04 22:46:00.332 10 INFO neutron.db.ovn_revision_numbers_db [None req-70ae96e4-0ccb-417f-b1da-793d6e65d08c 1ceab629636f4667bc9607b769f91693 638063dca1d4486999f1b8976a272baa - - default default] Successfully bumped revision number for resource 8ef79881-8e43-4781-a620-719feedb3ce9 (type: router_ports) to 1
2026-08-04 22:46:00.334 9 INFO neutron.wsgi [req-e10ce5be-3f78-43ed-9bfb-2f4c017ee773 req-fbe56364-14aa-4e5a-8438-622eae5d5043 f52cb827014648a9baf493a70e099238 5b436957e7cd48c980ddb81b422b049f - - a992c7e162aa4dd9b879f0a13a6e7ea8 a992c7e162aa4dd9b879f0a13a6e7ea8] 199.204.45.138 "GET /v2.0/ports?tenant_id=cf29333a7dd74d85b81a8b02c672aa33&device_id=9f42726d-27c6-46e3-b43f-67f5e10eb8cf HTTP/1.1" status: 200 len: 1409 time: 0.0452366
2026-08-04 22:46:00.334 10 INFO neutron.wsgi [None req-70ae96e4-0ccb-417f-b1da-793d6e65d08c 1ceab629636f4667bc9607b769f91693 638063dca1d4486999f1b8976a272baa - - default default] 10.0.0.72 "PUT /v2.0/routers/2e447395-0bfd-4a0c-bb34-ee2ad5b01ba7/add_router_interface HTTP/1.1" status: 200 len: 503 time: 1.8916953
2026-08-04 22:46:00.398 10 INFO neutron.db.ovn_revision_numbers_db [None req-7043fc3a-80ea-4535-ba9d-632a64baa0d4 a2e11478505d47799877547629e3ad3a 4beb4012409347c592f49fdcdfda985b - - default default] Successfully bumped revision number for resource 585ae458-01e7-4a71-8b82-3b5ef14396b2 (type: ports) to 1
2026-08-04 22:46:00.409 9 INFO neutron.wsgi [req-e10ce5be-3f78-43ed-9bfb-2f4c017ee773 req-865b4c49-0d84-4957-a9e0-d97140af03dc f52cb827014648a9baf493a70e099238 5b436957e7cd48c980ddb81b422b049f - - a992c7e162aa4dd9b879f0a13a6e7ea8 a992c7e162aa4dd9b879f0a13a6e7ea8] 199.204.45.138 "GET /v2.0/networks?id=5b940c57-0a5a-405c-8254-e85a26a7a0ea HTTP/1.1" status: 200 len: 981 time: 0.0648046
2026-08-04 22:46:00.463 9 INFO neutron.wsgi [req-e10ce5be-3f78-43ed-9bfb-2f4c017ee773 req-80d34a66-0299-4d99-98bc-4cd9fd73e09f f52cb827014648a9baf493a70e099238 5b436957e7cd48c980ddb81b422b049f - - a992c7e162aa4dd9b879f0a13a6e7ea8 a992c7e162aa4dd9b879f0a13a6e7ea8] 199.204.45.138 "GET /v2.0/floatingips?fixed_ip_address=10.100.0.7&port_id=fe79c16c-ca8c-4ff3-ba54-2ad17c14ddb3 HTTP/1.1" status: 200 len: 1059 time: 0.0464785
2026-08-04 22:46:00.465 10 INFO neutron.wsgi [None req-9e8ebab8-644a-4bd3-a0c2-310f8ef22082 1ceab629636f4667bc9607b769f91693 638063dca1d4486999f1b8976a272baa - - default default] 10.0.0.72 "GET /v2.0/ports/8ef79881-8e43-4781-a620-719feedb3ce9 HTTP/1.1" status: 200 len: 1147 time: 0.1233439
