2026-08-04 22:46:17.063 10 WARNING neutron.api.rpc.agentnotifiers.dhcp_rpc_agent_api [None req-facb6c5c-b20c-44a2-b9e8-91e0efecf71f f4a9c6e5d2a24e6998273b445b1f4d51 f9901697533f42ad8ed68fcdcbebe263 - - default default] Unable to schedule network d0a8c430-5209-47f1-a938-f1eeb0cd6086: no agents available; will retry on subsequent port and subnet creation events.
2026-08-04 22:46:17.140 10 INFO neutron.db.ovn_revision_numbers_db [None req-facb6c5c-b20c-44a2-b9e8-91e0efecf71f f4a9c6e5d2a24e6998273b445b1f4d51 f9901697533f42ad8ed68fcdcbebe263 - - default default] Successfully bumped revision number for resource 649fa8c7-fe5b-44a4-9e41-5a46875c2345 (type: ports) to 1
2026-08-04 22:46:17.165 10 INFO neutron.wsgi [None req-facb6c5c-b20c-44a2-b9e8-91e0efecf71f f4a9c6e5d2a24e6998273b445b1f4d51 f9901697533f42ad8ed68fcdcbebe263 - - default default] 10.0.0.72 "POST /v2.0/ports HTTP/1.1" status: 201 len: 974 time: 0.3464477 /var/lib/openstack/lib/python3.10/site-packages/pycadf/identifier.py:71: UserWarning: Invalid uuid: neutron. To ensure interoperability, identifiers should be a valid uuid. warnings.warn(('Invalid uuid: %s. To ensure interoperability, '
2026-08-04 22:46:17.197 9 INFO neutron.db.ovn_revision_numbers_db [req-eb4a4ec5-836f-4471-b016-15d5af949a0a req-3d163c2c-ca37-4207-bdff-75b15b979312 f52cb827014648a9baf493a70e099238 5b436957e7cd48c980ddb81b422b049f - - a992c7e162aa4dd9b879f0a13a6e7ea8 a992c7e162aa4dd9b879f0a13a6e7ea8] Successfully bumped revision number for resource 18887622-30f6-4177-9fdc-dbb43c4d3581 (type: ports) to 2
2026-08-04 22:46:17.267 10 INFO neutron.db.segments_db [None req-05bfcc8d-75b5-4a44-b3e1-6a947c7d2689 f4a9c6e5d2a24e6998273b445b1f4d51 f9901697533f42ad8ed68fcdcbebe263 - - default default] Added segment 6736ec8d-eed7-4537-9311-22bc13d22f59 of type geneve for network 43fcbdf2-85de-451e-874f-4e8d8f057005
2026-08-04 22:46:17.454 10 INFO neutron.db.ovn_revision_numbers_db [None req-05bfcc8d-75b5-4a44-b3e1-6a947c7d2689 f4a9c6e5d2a24e6998273b445b1f4d51 f9901697533f42ad8ed68fcdcbebe263 - - default default] Successfully bumped revision number for resource 43fcbdf2-85de-451e-874f-4e8d8f057005 (type: networks) to 1
2026-08-04 22:46:17.519 10 INFO neutron.db.ovn_revision_numbers_db [None req-927be7b5-fab7-4634-a426-dbe102fb3fa3 6213fad48e2d4683849d94bc9c4f023d ddedf5459e8c4a4ba78b8c934e72cf95 - - default default] Successfully bumped revision number for resource a4256ee2-531b-4ffa-8762-1a345582132b (type: security_groups) to 1
2026-08-04 22:46:17.538 9 INFO neutron.wsgi [req-cf28b41a-e5e4-4ac3-95db-3f22646a4e9d req-4b414032-15f3-4fcd-be1f-cbc5dfcc06f6 af9fbfc5c1c64744af4f31ddd61523cf 30d85454bf354fcd978a4986024d653b - - default default] 10.0.0.127 "GET /v2.0/ports?device_id=c20b023a-2bfd-4579-a2fc-c1f447254fc4 HTTP/1.1" status: 200 len: 1172 time: 0.2786314
2026-08-04 22:46:17.541 10 INFO neutron.db.ovn_revision_numbers_db [None req-927be7b5-fab7-4634-a426-dbe102fb3fa3 6213fad48e2d4683849d94bc9c4f023d ddedf5459e8c4a4ba78b8c934e72cf95 - - default default] Successfully bumped revision number for resource 71031c48-713b-410f-ab58-9e9398bb4187 (type: security_group_rules) to 0
2026-08-04 22:46:17.564 10 INFO neutron.db.ovn_revision_numbers_db [None req-927be7b5-fab7-4634-a426-dbe102fb3fa3 6213fad48e2d4683849d94bc9c4f023d ddedf5459e8c4a4ba78b8c934e72cf95 - - default default] Successfully bumped revision number for resource 71e9bc3b-5d89-48bd-a202-c1160a236d9d (type: security_group_rules) to 0
2026-08-04 22:46:17.595 10 INFO neutron.wsgi [None req-927be7b5-fab7-4634-a426-dbe102fb3fa3 6213fad48e2d4683849d94bc9c4f023d ddedf5459e8c4a4ba78b8c934e72cf95 - - default default] 10.0.0.72 "POST /v2.0/security-groups HTTP/1.1" status: 201 len: 1797 time: 0.2558789
2026-08-04 22:46:17.614 9 WARNING neutron.plugins.ml2.drivers.ovn.mech_driver.ovsdb.ovn_client [None req-ae43b803-d6a9-416c-bde3-9ed624d32b06 - - - - - -] No hosting information found for port 7d945c4a-8d65-480b-868b-ad2444958b04: RuntimeError: No hosting information found for port 7d945c4a-8d65-480b-868b-ad2444958b04
2026-08-04 22:46:17.614 9 INFO neutron.plugins.ml2.drivers.ovn.mech_driver.mech_driver [None req-ae43b803-d6a9-416c-bde3-9ed624d32b06 - - - - - -] OVN reports status up for port: 9aa3a70f-2dc8-4e45-b7f2-4c33d3368219
2026-08-04 22:46:17.631 10 WARNING neutron.scheduler.dhcp_agent_scheduler [None req-05bfcc8d-75b5-4a44-b3e1-6a947c7d2689 f4a9c6e5d2a24e6998273b445b1f4d51 f9901697533f42ad8ed68fcdcbebe263 - - default default] No more DHCP agents
2026-08-04 22:46:17.635 10 WARNING neutron.api.rpc.agentnotifiers.dhcp_rpc_agent_api [None req-05bfcc8d-75b5-4a44-b3e1-6a947c7d2689 f4a9c6e5d2a24e6998273b445b1f4d51 f9901697533f42ad8ed68fcdcbebe263 - - default default] Unable to schedule network 43fcbdf2-85de-451e-874f-4e8d8f057005: no agents available; will retry on subsequent port and subnet creation events.
2026-08-04 22:46:17.644 9 INFO neutron.wsgi [req-cf28b41a-e5e4-4ac3-95db-3f22646a4e9d req-6e25fd78-194c-4969-9474-58c271f938d1 af9fbfc5c1c64744af4f31ddd61523cf 30d85454bf354fcd978a4986024d653b - - default default] 10.0.0.127 "GET /v2.0/security-groups?id=42a91461-3acb-41f7-80ad-33809e537e8c&fields=id&fields=name HTTP/1.1" status: 200 len: 312 time: 0.0971324
2026-08-04 22:46:17.657 9 INFO neutron.plugins.ml2.drivers.ovn.mech_driver.mech_driver [None req-ae43b803-d6a9-416c-bde3-9ed624d32b06 - - - - - -] OVN reports status up for port: bbbe346d-2bd8-40ca-b88d-f36a650ff15f
2026-08-04 22:46:17.697 9 INFO neutron.plugins.ml2.plugin [None req-ae43b803-d6a9-416c-bde3-9ed624d32b06 - - - - - -] Attempt 1 to provision port bbbe346d-2bd8-40ca-b88d-f36a650ff15f
2026-08-04 22:46:17.736 10 INFO neutron.db.ovn_revision_numbers_db [None req-05bfcc8d-75b5-4a44-b3e1-6a947c7d2689 f4a9c6e5d2a24e6998273b445b1f4d51 f9901697533f42ad8ed68fcdcbebe263 - - default default] Successfully bumped revision number for resource 0b468dfb-b11c-42f9-8752-c629e7014864 (type: ports) to 1
2026-08-04 22:46:17.767 10 INFO neutron.wsgi [None req-05bfcc8d-75b5-4a44-b3e1-6a947c7d2689 f4a9c6e5d2a24e6998273b445b1f4d51 f9901697533f42ad8ed68fcdcbebe263 - - default default] 10.0.0.72 "POST /v2.0/networks HTTP/1.1" status: 201 len: 830 time: 0.5967507
2026-08-04 22:46:17.777 10 INFO neutron.db.ovn_revision_numbers_db [None req-0eaf6717-eb3f-459e-9a55-d6c088c7b60f 6213fad48e2d4683849d94bc9c4f023d ddedf5459e8c4a4ba78b8c934e72cf95 - - default default] Successfully bumped revision number for resource fba923af-59ac-4b0a-a39c-b57fda98d19d (type: security_group_rules) to 0 /var/lib/openstack/lib/python3.10/site-packages/pycadf/identifier.py:71: UserWarning: Invalid uuid: neutron. To ensure interoperability, identifiers should be a valid uuid. warnings.warn(('Invalid uuid: %s. To ensure interoperability, '
2026-08-04 22:46:17.805 9 INFO neutron.db.ovn_revision_numbers_db [req-eb4a4ec5-836f-4471-b016-15d5af949a0a req-3d163c2c-ca37-4207-bdff-75b15b979312 f52cb827014648a9baf493a70e099238 5b436957e7cd48c980ddb81b422b049f - - a992c7e162aa4dd9b879f0a13a6e7ea8 a992c7e162aa4dd9b879f0a13a6e7ea8] Successfully bumped revision number for resource 18887622-30f6-4177-9fdc-dbb43c4d3581 (type: ports) to 2
2026-08-04 22:46:17.812 10 INFO neutron.wsgi [None req-0eaf6717-eb3f-459e-9a55-d6c088c7b60f 6213fad48e2d4683849d94bc9c4f023d ddedf5459e8c4a4ba78b8c934e72cf95 - - default default] 10.0.0.72 "POST /v2.0/security-group-rules HTTP/1.1" status: 201 len: 764 time: 0.2109432
2026-08-04 22:46:17.821 9 WARNING neutron.scheduler.dhcp_agent_scheduler [None req-1be0fe6a-dd5e-49b6-8cb1-0bd06c4a3408 1ceab629636f4667bc9607b769f91693 638063dca1d4486999f1b8976a272baa - - default default] No more DHCP agents
2026-08-04 22:46:17.832 9 WARNING neutron.api.rpc.agentnotifiers.dhcp_rpc_agent_api [None req-1be0fe6a-dd5e-49b6-8cb1-0bd06c4a3408 1ceab629636f4667bc9607b769f91693 638063dca1d4486999f1b8976a272baa - - default default] Unable to schedule network 932ae9ba-90b5-4ff9-ae42-7cb277858640: no agents available; will retry on subsequent port and subnet creation events.
2026-08-04 22:46:17.864 9 INFO neutron.wsgi [req-eb4a4ec5-836f-4471-b016-15d5af949a0a req-3d163c2c-ca37-4207-bdff-75b15b979312 f52cb827014648a9baf493a70e099238 5b436957e7cd48c980ddb81b422b049f - - a992c7e162aa4dd9b879f0a13a6e7ea8 a992c7e162aa4dd9b879f0a13a6e7ea8] 199.204.45.138 "PUT /v2.0/ports/18887622-30f6-4177-9fdc-dbb43c4d3581 HTTP/1.1" status: 200 len: 1380 time: 1.2495725
2026-08-04 22:46:17.875 9 INFO neutron.plugins.ml2.drivers.ovn.mech_driver.mech_driver [None req-ae43b803-d6a9-416c-bde3-9ed624d32b06 - - - - - -] OVN reports status up for port: 0b91e5cc-8b61-44ad-ac2b-44d1c3ae1365
2026-08-04 22:46:17.901 9 INFO neutron.plugins.ml2.plugin [None req-ae43b803-d6a9-416c-bde3-9ed624d32b06 - - - - - -] Attempt 1 to provision port 0b91e5cc-8b61-44ad-ac2b-44d1c3ae1365
2026-08-04 22:46:17.908 9 INFO neutron.notifiers.nova [-] Nova event matching ['req-eb2244c3-6be6-4a09-aac1-837bcfbcf0dd'] response: {'name': 'network-changed', 'server_uuid': 'c20b023a-2bfd-4579-a2fc-c1f447254fc4', 'tag': '18887622-30f6-4177-9fdc-dbb43c4d3581', 'status': 'completed', 'code': 200}
2026-08-04 22:46:17.935 10 INFO neutron.db.ovn_revision_numbers_db [None req-40cc7139-8fd6-40ae-a39f-159b50032784 6213fad48e2d4683849d94bc9c4f023d ddedf5459e8c4a4ba78b8c934e72cf95 - - default default] Successfully bumped revision number for resource da8de4e9-1ae7-4fec-a3a8-6923af0af4b1 (type: security_group_rules) to 0
2026-08-04 22:46:17.957 10 INFO neutron.wsgi [None req-40cc7139-8fd6-40ae-a39f-159b50032784 6213fad48e2d4683849d94bc9c4f023d ddedf5459e8c4a4ba78b8c934e72cf95 - - default default] 10.0.0.72 "POST /v2.0/security-group-rules HTTP/1.1" status: 201 len: 769 time: 0.1415105
2026-08-04 22:46:17.958 9 INFO neutron.wsgi [req-eb4a4ec5-836f-4471-b016-15d5af949a0a req-0e8989a0-e2f8-4690-91ae-b4f752f14595 f52cb827014648a9baf493a70e099238 5b436957e7cd48c980ddb81b422b049f - - a992c7e162aa4dd9b879f0a13a6e7ea8 a992c7e162aa4dd9b879f0a13a6e7ea8] 199.204.45.138 "GET /v2.0/ports?tenant_id=30d85454bf354fcd978a4986024d653b&device_id=c20b023a-2bfd-4579-a2fc-c1f447254fc4 HTTP/1.1" status: 200 len: 1411 time: 0.0580969
2026-08-04 22:46:17.997 9 INFO neutron.wsgi [req-eb4a4ec5-836f-4471-b016-15d5af949a0a req-8ab8e72a-12e1-4992-989d-b6334d1c0968 f52cb827014648a9baf493a70e099238 5b436957e7cd48c980ddb81b422b049f - - a992c7e162aa4dd9b879f0a13a6e7ea8 a992c7e162aa4dd9b879f0a13a6e7ea8] 199.204.45.138 "GET /v2.0/floatingips?fixed_ip_address=10.100.0.14&port_id=18887622-30f6-4177-9fdc-dbb43c4d3581 HTTP/1.1" status: 200 len: 217 time: 0.0253682
2026-08-04 22:46:18.073 9 INFO neutron.wsgi [req-eb4a4ec5-836f-4471-b016-15d5af949a0a req-209b53ee-5616-4576-b1a2-6fa7ffc5db16 f52cb827014648a9baf493a70e099238 5b436957e7cd48c980ddb81b422b049f - - a992c7e162aa4dd9b879f0a13a6e7ea8 a992c7e162aa4dd9b879f0a13a6e7ea8] 199.204.45.138 "GET /v2.0/subnets?id=2640b73b-d21d-4029-801f-22975389b93e HTTP/1.1" status: 200 len: 869 time: 0.0655749
2026-08-04 22:46:18.084 9 INFO neutron.db.ovn_revision_numbers_db [None req-1be0fe6a-dd5e-49b6-8cb1-0bd06c4a3408 1ceab629636f4667bc9607b769f91693 638063dca1d4486999f1b8976a272baa - - default default] Successfully bumped revision number for resource d1042dde-a9c4-460f-b8ea-0a53079aa684 (type: ports) to 1
2026-08-04 22:46:18.110 9 INFO neutron.wsgi [req-eb4a4ec5-836f-4471-b016-15d5af949a0a req-c212c89e-aa5b-4f26-9efc-635301809d39 f52cb827014648a9baf493a70e099238 5b436957e7cd48c980ddb81b422b049f - - a992c7e162aa4dd9b879f0a13a6e7ea8 a992c7e162aa4dd9b879f0a13a6e7ea8] 199.204.45.138 "GET /v2.0/ports?network_id=0ce19a3b-d81c-4264-a63c-a3274c05e5be&device_owner=network%3Adhcp HTTP/1.1" status: 200 len: 210 time: 0.0290301
2026-08-04 22:46:18.216 10 WARNING neutron.scheduler.dhcp_agent_scheduler [None req-a1cadf8f-c981-4118-9b5b-595cab450de0 6213fad48e2d4683849d94bc9c4f023d ddedf5459e8c4a4ba78b8c934e72cf95 - - default default] No more DHCP agents
2026-08-04 22:46:18.219 10 WARNING neutron.api.rpc.agentnotifiers.dhcp_rpc_agent_api [None req-a1cadf8f-c981-4118-9b5b-595cab450de0 6213fad48e2d4683849d94bc9c4f023d ddedf5459e8c4a4ba78b8c934e72cf95 - - default default] Unable to schedule network 939c3dde-d047-46a3-9da5-8bce04abe357: no agents available; will retry on subsequent port and subnet creation events.
2026-08-04 22:46:18.264 9 INFO neutron.wsgi [req-eb4a4ec5-836f-4471-b016-15d5af949a0a req-f079ebfa-c5a2-4de4-b878-72e983880476 f52cb827014648a9baf493a70e099238 5b436957e7cd48c980ddb81b422b049f - - a992c7e162aa4dd9b879f0a13a6e7ea8 a992c7e162aa4dd9b879f0a13a6e7ea8] 199.204.45.138 "GET /v2.0/networks/0ce19a3b-d81c-4264-a63c-a3274c05e5be?fields=segments HTTP/1.1" status: 200 len: 212 time: 0.1321352
2026-08-04 22:46:18.325 9 WARNING neutron.scheduler.dhcp_agent_scheduler [None req-1887b142-1a9f-41fc-9cbf-2b205a0c186d f4a9c6e5d2a24e6998273b445b1f4d51 f9901697533f42ad8ed68fcdcbebe263 - - default default] No more DHCP agents
2026-08-04 22:46:18.333 9 WARNING neutron.api.rpc.agentnotifiers.dhcp_rpc_agent_api [None req-1887b142-1a9f-41fc-9cbf-2b205a0c186d f4a9c6e5d2a24e6998273b445b1f4d51 f9901697533f42ad8ed68fcdcbebe263 - - default default] Unable to schedule network 43fcbdf2-85de-451e-874f-4e8d8f057005: no agents available; will retry on subsequent port and subnet creation events.
2026-08-04 22:46:18.402 9 INFO neutron.wsgi [req-eb4a4ec5-836f-4471-b016-15d5af949a0a req-3b28b87d-1384-4e8e-97b2-b7fe1e52a65c f52cb827014648a9baf493a70e099238 5b436957e7cd48c980ddb81b422b049f - - a992c7e162aa4dd9b879f0a13a6e7ea8 a992c7e162aa4dd9b879f0a13a6e7ea8] 199.204.45.138 "GET /v2.0/networks/0ce19a3b-d81c-4264-a63c-a3274c05e5be?fields=provider%3Aphysical_network&fields=provider%3Anetwork_type HTTP/1.1" status: 200 len: 277 time: 0.1303363
2026-08-04 22:46:18.522 10 INFO neutron.db.ovn_revision_numbers_db [None req-a1cadf8f-c981-4118-9b5b-595cab450de0 6213fad48e2d4683849d94bc9c4f023d ddedf5459e8c4a4ba78b8c934e72cf95 - - default default] Successfully bumped revision number for resource 57184099-c441-4997-936d-6294e0fe4931 (type: floatingips) to 0
2026-08-04 22:46:18.534 10 INFO neutron.wsgi [None req-a1cadf8f-c981-4118-9b5b-595cab450de0 6213fad48e2d4683849d94bc9c4f023d ddedf5459e8c4a4ba78b8c934e72cf95 - - default default] 10.0.0.72 "POST /v2.0/floatingips HTTP/1.1" status: 201 len: 751 time: 0.5696642
2026-08-04 22:46:18.534 9 INFO neutron.wsgi [req-5ba2aa58-0af3-4eb7-9643-ed3b36f00c32 req-801d2bc9-c5a3-4090-aac1-a0a129b2ab7d f52cb827014648a9baf493a70e099238 5b436957e7cd48c980ddb81b422b049f - - a992c7e162aa4dd9b879f0a13a6e7ea8 a992c7e162aa4dd9b879f0a13a6e7ea8] 199.204.45.138 "GET /v2.0/ports?tenant_id=30d85454bf354fcd978a4986024d653b&device_id=c20b023a-2bfd-4579-a2fc-c1f447254fc4 HTTP/1.1" status: 200 len: 1411 time: 0.0903251
2026-08-04 22:46:18.556 9 INFO neutron.db.ovn_revision_numbers_db [None req-ae43b803-d6a9-416c-bde3-9ed624d32b06 - - - - - -] Successfully bumped revision number for resource 0b91e5cc-8b61-44ad-ac2b-44d1c3ae1365 (type: ports) to 2
2026-08-04 22:46:18.693 9 INFO neutron.wsgi [req-5ba2aa58-0af3-4eb7-9643-ed3b36f00c32 req-2352c0fb-43db-4b0f-b986-7b9122187a72 f52cb827014648a9baf493a70e099238 5b436957e7cd48c980ddb81b422b049f - - a992c7e162aa4dd9b879f0a13a6e7ea8 a992c7e162aa4dd9b879f0a13a6e7ea8] 199.204.45.138 "GET /v2.0/networks?id=0ce19a3b-d81c-4264-a63c-a3274c05e5be HTTP/1.1" status: 200 len: 974 time: 0.1429896
2026-08-04 22:46:18.754 9 INFO neutron.wsgi [req-5ba2aa58-0af3-4eb7-9643-ed3b36f00c32 req-8029646b-9aba-441d-9d1f-df988dae6037 f52cb827014648a9baf493a70e099238 5b436957e7cd48c980ddb81b422b049f - - a992c7e162aa4dd9b879f0a13a6e7ea8 a992c7e162aa4dd9b879f0a13a6e7ea8] 199.204.45.138 "GET /v2.0/floatingips?fixed_ip_address=10.100.0.14&port_id=18887622-30f6-4177-9fdc-dbb43c4d3581 HTTP/1.1" status: 200 len: 217 time: 0.0506241
2026-08-04 22:46:18.804 9 INFO neutron.wsgi [req-253fdc9a-04d0-4b7d-89e6-faba15c23833 req-d1bc3d89-f012-4dae-bf12-9b51bdaea815 af9fbfc5c1c64744af4f31ddd61523cf 30d85454bf354fcd978a4986024d653b - - default default] 10.0.0.127 "GET /v2.0/ports?device_id=c20b023a-2bfd-4579-a2fc-c1f447254fc4 HTTP/1.1" status: 200 len: 1172 time: 0.1027114
2026-08-04 22:46:18.964 10 INFO neutron.wsgi [req-d2f2667c-0406-4d6b-bca0-3302d65dd367 req-270ac884-bef1-4a9e-a4da-a228f33cbe68 6213fad48e2d4683849d94bc9c4f023d ddedf5459e8c4a4ba78b8c934e72cf95 - - default default] 10.0.0.127 "GET /v2.0/security-groups?name=tempest-securitygroup--1002817380&fields=id&tenant_id=ddedf5459e8c4a4ba78b8c934e72cf95 HTTP/1.1" status: 200 len: 267 time: 0.0331757
2026-08-04 22:46:19.047 10 INFO neutron.wsgi [req-d2f2667c-0406-4d6b-bca0-3302d65dd367 req-ce7517ef-923e-473c-b584-b90873f8d9f4 6213fad48e2d4683849d94bc9c4f023d ddedf5459e8c4a4ba78b8c934e72cf95 - - default default] 10.0.0.127 "GET /v2.0/networks?id=100ae2ed-f948-43a7-b18e-0ae83b551a35 HTTP/1.1" status: 200 len: 869 time: 0.0779891
2026-08-04 22:46:19.062 10 INFO neutron.wsgi [req-d2f2667c-0406-4d6b-bca0-3302d65dd367 req-a5d88fdc-5891-4b7d-8088-408d9a83da25 6213fad48e2d4683849d94bc9c4f023d ddedf5459e8c4a4ba78b8c934e72cf95 - - default default] 10.0.0.127 "GET /v2.0/quotas/ddedf5459e8c4a4ba78b8c934e72cf95 HTTP/1.1" status: 200 len: 386 time: 0.0096736
2026-08-04 22:46:19.074 9 INFO neutron.wsgi [req-5ba2aa58-0af3-4eb7-9643-ed3b36f00c32 req-ce325aa2-be9b-4c60-bf85-bde92b174486 f52cb827014648a9baf493a70e099238 5b436957e7cd48c980ddb81b422b049f - - a992c7e162aa4dd9b879f0a13a6e7ea8 a992c7e162aa4dd9b879f0a13a6e7ea8] 199.204.45.138 "GET /v2.0/subnets?id=2640b73b-d21d-4029-801f-22975389b93e HTTP/1.1" status: 200 len: 869 time: 0.3071139
2026-08-04 22:46:19.129 9 INFO neutron.wsgi [req-5ba2aa58-0af3-4eb7-9643-ed3b36f00c32 req-d6d3f278-0cc1-4664-a333-9ae13af7fc87 f52cb827014648a9baf493a70e099238 5b436957e7cd48c980ddb81b422b049f - - a992c7e162aa4dd9b879f0a13a6e7ea8 a992c7e162aa4dd9b879f0a13a6e7ea8] 199.204.45.138 "GET /v2.0/ports?network_id=0ce19a3b-d81c-4264-a63c-a3274c05e5be&device_owner=network%3Adhcp HTTP/1.1" status: 200 len: 210 time: 0.0462978
2026-08-04 22:46:19.159 10 INFO neutron.wsgi [req-d2f2667c-0406-4d6b-bca0-3302d65dd367 req-73e9fb24-abc0-44a7-95e1-7a7c7fd989dc 6213fad48e2d4683849d94bc9c4f023d ddedf5459e8c4a4ba78b8c934e72cf95 - - default default] 10.0.0.127 "GET /v2.0/ports?tenant_id=ddedf5459e8c4a4ba78b8c934e72cf95&fields=id HTTP/1.1" status: 200 len: 302 time: 0.0909781
2026-08-04 22:46:19.173 9 INFO neutron.db.ovn_revision_numbers_db [None req-ae43b803-d6a9-416c-bde3-9ed624d32b06 - - - - - -] Successfully bumped revision number for resource 0b91e5cc-8b61-44ad-ac2b-44d1c3ae1365 (type: router_ports) to 2
2026-08-04 22:46:19.184 9 INFO neutron.wsgi [req-253fdc9a-04d0-4b7d-89e6-faba15c23833 req-5b5b88d1-8351-4782-9d95-74c9bd8d1ee8 af9fbfc5c1c64744af4f31ddd61523cf 30d85454bf354fcd978a4986024d653b - - default default] 10.0.0.127 "GET /v2.0/security-groups?id=42a91461-3acb-41f7-80ad-33809e537e8c&fields=id&fields=name HTTP/1.1" status: 200 len: 312 time: 0.3587091
2026-08-04 22:46:19.268 10 INFO neutron.plugins.ml2.drivers.ovn.mech_driver.mech_driver [None req-a04ed9aa-9a94-4106-8ac5-7bd5a8e8f978 - - - - - -] OVN reports status up for port: d1042dde-a9c4-460f-b8ea-0a53079aa684
2026-08-04 22:46:19.278 10 INFO neutron.plugins.ml2.plugin [None req-a04ed9aa-9a94-4106-8ac5-7bd5a8e8f978 - - - - - -] Attempt 1 to provision port d1042dde-a9c4-460f-b8ea-0a53079aa684
2026-08-04 22:46:19.282 9 INFO neutron.wsgi [req-5ba2aa58-0af3-4eb7-9643-ed3b36f00c32 req-76814e59-131b-4ab2-9e06-d95ac7f98eac f52cb827014648a9baf493a70e099238 5b436957e7cd48c980ddb81b422b049f - - a992c7e162aa4dd9b879f0a13a6e7ea8 a992c7e162aa4dd9b879f0a13a6e7ea8] 199.204.45.138 "GET /v2.0/networks/0ce19a3b-d81c-4264-a63c-a3274c05e5be?fields=segments HTTP/1.1" status: 200 len: 212 time: 0.1433432
2026-08-04 22:46:19.349 9 INFO neutron.db.ovn_revision_numbers_db [None req-1be0fe6a-dd5e-49b6-8cb1-0bd06c4a3408 1ceab629636f4667bc9607b769f91693 638063dca1d4486999f1b8976a272baa - - default default] Successfully bumped revision number for resource d1042dde-a9c4-460f-b8ea-0a53079aa684 (type: router_ports) to 1
2026-08-04 22:46:19.395 9 INFO neutron.wsgi [req-5ba2aa58-0af3-4eb7-9643-ed3b36f00c32 req-cf812eb8-59f1-46fb-aadc-9b6e8bca54a0 f52cb827014648a9baf493a70e099238 5b436957e7cd48c980ddb81b422b049f - - a992c7e162aa4dd9b879f0a13a6e7ea8 a992c7e162aa4dd9b879f0a13a6e7ea8] 199.204.45.138 "GET /v2.0/networks/0ce19a3b-d81c-4264-a63c-a3274c05e5be?fields=provider%3Aphysical_network&fields=provider%3Anetwork_type HTTP/1.1" status: 200 len: 277 time: 0.1001856
2026-08-04 22:46:19.490 9 INFO neutron.db.ovn_revision_numbers_db [None req-1be0fe6a-dd5e-49b6-8cb1-0bd06c4a3408 1ceab629636f4667bc9607b769f91693 638063dca1d4486999f1b8976a272baa - - default default] Successfully bumped revision number for resource d1042dde-a9c4-460f-b8ea-0a53079aa684 (type: ports) to 1
2026-08-04 22:46:19.538 10 INFO neutron.wsgi [req-d2f2667c-0406-4d6b-bca0-3302d65dd367 req-d8124f66-d8f2-4cf1-b66b-d6c971d94b29 f52cb827014648a9baf493a70e099238 5b436957e7cd48c980ddb81b422b049f - - a992c7e162aa4dd9b879f0a13a6e7ea8 a992c7e162aa4dd9b879f0a13a6e7ea8] 10.0.0.127 "GET /v2.0/extensions HTTP/1.1" status: 200 len: 16525 time: 0.0596197
2026-08-04 22:46:19.561 10 INFO neutron.db.ovn_revision_numbers_db [None req-a04ed9aa-9a94-4106-8ac5-7bd5a8e8f978 - - - - - -] Successfully bumped revision number for resource d1042dde-a9c4-460f-b8ea-0a53079aa684 (type: ports) to 2
2026-08-04 22:46:19.566 9 INFO neutron.db.ovn_revision_numbers_db [None req-1887b142-1a9f-41fc-9cbf-2b205a0c186d f4a9c6e5d2a24e6998273b445b1f4d51 f9901697533f42ad8ed68fcdcbebe263 - - default default] Successfully bumped revision number for resource 0b468dfb-b11c-42f9-8752-c629e7014864 (type: ports) to 2
2026-08-04 22:46:19.568 9 WARNING neutron.scheduler.dhcp_agent_scheduler [None req-1be0fe6a-dd5e-49b6-8cb1-0bd06c4a3408 1ceab629636f4667bc9607b769f91693 638063dca1d4486999f1b8976a272baa - - default default] No more DHCP agents
2026-08-04 22:46:19.571 9 WARNING neutron.api.rpc.agentnotifiers.dhcp_rpc_agent_api [None req-1be0fe6a-dd5e-49b6-8cb1-0bd06c4a3408 1ceab629636f4667bc9607b769f91693 638063dca1d4486999f1b8976a272baa - - default default] Unable to schedule network 932ae9ba-90b5-4ff9-ae42-7cb277858640: no agents available; will retry on subsequent port and subnet creation events.
2026-08-04 22:46:19.615 9 INFO neutron.db.ovn_revision_numbers_db [None req-1887b142-1a9f-41fc-9cbf-2b205a0c186d f4a9c6e5d2a24e6998273b445b1f4d51 f9901697533f42ad8ed68fcdcbebe263 - - default default] Successfully bumped revision number for resource 197d4f59-8c79-496a-ac98-7f1b7ccbf49d (type: subnets) to 0
2026-08-04 22:46:19.620 10 INFO neutron.wsgi [req-d2f2667c-0406-4d6b-bca0-3302d65dd367 req-12b31902-a869-44e4-b125-db9b6040d329 f52cb827014648a9baf493a70e099238 5b436957e7cd48c980ddb81b422b049f - - a992c7e162aa4dd9b879f0a13a6e7ea8 a992c7e162aa4dd9b879f0a13a6e7ea8] 10.0.0.127 "GET /v2.0/networks/100ae2ed-f948-43a7-b18e-0ae83b551a35?fields=segments HTTP/1.1" status: 200 len: 212 time: 0.0727961
2026-08-04 22:46:19.639 9 INFO neutron.wsgi [None req-1887b142-1a9f-41fc-9cbf-2b205a0c186d f4a9c6e5d2a24e6998273b445b1f4d51 f9901697533f42ad8ed68fcdcbebe263 - - default default] 10.0.0.72 "POST /v2.0/subnets HTTP/1.1" status: 201 len: 801 time: 1.8597968
2026-08-04 22:46:19.739 9 INFO neutron.db.ovn_revision_numbers_db [None req-1be0fe6a-dd5e-49b6-8cb1-0bd06c4a3408 1ceab629636f4667bc9607b769f91693 638063dca1d4486999f1b8976a272baa - - default default] Successfully bumped revision number for resource d1042dde-a9c4-460f-b8ea-0a53079aa684 (type: router_ports) to 2
2026-08-04 22:46:19.742 9 INFO neutron.wsgi [None req-1be0fe6a-dd5e-49b6-8cb1-0bd06c4a3408 1ceab629636f4667bc9607b769f91693 638063dca1d4486999f1b8976a272baa - - default default] 10.0.0.72 "PUT /v2.0/routers/7fee2326-839c-4371-bf45-7c0b1383218e/add_router_interface HTTP/1.1" status: 200 len: 503 time: 2.7112494
2026-08-04 22:46:19.744 10 INFO neutron.wsgi [req-d2f2667c-0406-4d6b-bca0-3302d65dd367 req-79b8c9b1-354d-46d4-a806-66237e5475ee f52cb827014648a9baf493a70e099238 5b436957e7cd48c980ddb81b422b049f - - a992c7e162aa4dd9b879f0a13a6e7ea8 a992c7e162aa4dd9b879f0a13a6e7ea8] 10.0.0.127 "GET /v2.0/networks/100ae2ed-f948-43a7-b18e-0ae83b551a35?fields=provider%3Aphysical_network&fields=provider%3Anetwork_type HTTP/1.1" status: 200 len: 277 time: 0.1135871
2026-08-04 22:46:19.832 9 INFO neutron.wsgi [None req-a7692a5f-0f22-496d-b4d9-a7ae3c2ab3d9 1ceab629636f4667bc9607b769f91693 638063dca1d4486999f1b8976a272baa - - default default] 10.0.0.72 "GET /v2.0/ports/d1042dde-a9c4-460f-b8ea-0a53079aa684 HTTP/1.1" status: 200 len: 1141 time: 0.0836067
2026-08-04 22:46:19.884 9 INFO neutron.wsgi [None req-17a389c6-0018-4bdf-8adc-b41b2a437cb5 1ceab629636f4667bc9607b769f91693 638063dca1d4486999f1b8976a272baa - - default default] 10.0.0.72 "GET /v2.0/ports/d1042dde-a9c4-460f-b8ea-0a53079aa684 HTTP/1.1" status: 200 len: 1141 time: 0.0455775
2026-08-04 22:46:19.920 9 INFO neutron.wsgi [req-56162dee-5c7f-46c7-8049-2cc67895453a req-410bc87e-e874-49c7-bcda-289c6d9fa6ae 6213fad48e2d4683849d94bc9c4f023d ddedf5459e8c4a4ba78b8c934e72cf95 - - default default] 10.0.0.127 "GET /v2.0/ports?device_id=3d614a4d-369d-4c88-89d4-87f80a8381a4 HTTP/1.1" status: 200 len: 210 time: 0.0223157
2026-08-04 22:46:20.055 10 WARNING neutron.scheduler.dhcp_agent_scheduler [None req-7cd862f5-1a35-41dc-a6fd-bf678932a19a f4a9c6e5d2a24e6998273b445b1f4d51 f9901697533f42ad8ed68fcdcbebe263 - - default default] No more DHCP agents
2026-08-04 22:46:20.060 10 WARNING neutron.api.rpc.agentnotifiers.dhcp_rpc_agent_api [None req-7cd862f5-1a35-41dc-a6fd-bf678932a19a f4a9c6e5d2a24e6998273b445b1f4d51 f9901697533f42ad8ed68fcdcbebe263 - - default default] Unable to schedule network 43fcbdf2-85de-451e-874f-4e8d8f057005: no agents available; will retry on subsequent port and subnet creation events. /var/lib/openstack/lib/python3.10/site-packages/pycadf/identifier.py:71: UserWarning: Invalid uuid: neutron. To ensure interoperability, identifiers should be a valid uuid. warnings.warn(('Invalid uuid: %s. To ensure interoperability, '
2026-08-04 22:46:20.318 10 INFO neutron.db.ovn_revision_numbers_db [None req-7cd862f5-1a35-41dc-a6fd-bf678932a19a f4a9c6e5d2a24e6998273b445b1f4d51 f9901697533f42ad8ed68fcdcbebe263 - - default default] Successfully bumped revision number for resource bdbea22f-e591-4571-85e3-00f7ba6e3fb5 (type: ports) to 1
2026-08-04 22:46:20.371 10 INFO neutron.wsgi [None req-7cd862f5-1a35-41dc-a6fd-bf678932a19a f4a9c6e5d2a24e6998273b445b1f4d51 f9901697533f42ad8ed68fcdcbebe263 - - default default] 10.0.0.72 "POST /v2.0/ports HTTP/1.1" status: 201 len: 1148 time: 0.7183669
2026-08-04 22:46:20.381 10 INFO neutron.wsgi [req-86391c36-69f8-438e-b384-a29b86aaeef1 req-a672eda2-4bb2-4c5b-8414-5caf3786b9fb af9fbfc5c1c64744af4f31ddd61523cf 30d85454bf354fcd978a4986024d653b - - default default] 10.0.0.127 "GET /v2.0/ports?device_id=c20b023a-2bfd-4579-a2fc-c1f447254fc4 HTTP/1.1" status: 200 len: 1172 time: 0.1186566
2026-08-04 22:46:20.436 10 INFO neutron.wsgi [req-86391c36-69f8-438e-b384-a29b86aaeef1 req-fff946f7-5f58-4a6d-94d2-0133ba7931e4 af9fbfc5c1c64744af4f31ddd61523cf 30d85454bf354fcd978a4986024d653b - - default default] 10.0.0.127 "GET /v2.0/security-groups?id=42a91461-3acb-41f7-80ad-33809e537e8c&fields=id&fields=name HTTP/1.1" status: 200 len: 312 time: 0.0468881
2026-08-04 22:46:20.585 10 INFO neutron.wsgi [None req-3bf83271-5689-4f35-9cfb-6928e7f3e1ae 1ceab629636f4667bc9607b769f91693 638063dca1d4486999f1b8976a272baa - - default default] 10.0.0.72 "PUT /v2.0/routers/7fee2326-839c-4371-bf45-7c0b1383218e/remove_router_interface HTTP/1.1" status: 200 len: 503 time: 0.6956301 /var/lib/openstack/lib/python3.10/site-packages/pycadf/identifier.py:71: UserWarning: Invalid uuid: neutron. To ensure interoperability, identifiers should be a valid uuid. warnings.warn(('Invalid uuid: %s. To ensure interoperability, '
2026-08-04 22:46:20.609 10 INFO neutron.wsgi [None req-e036017f-8327-4954-9882-4149762a708a 1ceab629636f4667bc9607b769f91693 638063dca1d4486999f1b8976a272baa - - default default] 10.0.0.72 "GET /v2.0/ports?device_id=7fee2326-839c-4371-bf45-7c0b1383218e HTTP/1.1" status: 200 len: 205 time: 0.0203025
2026-08-04 22:46:20.749 9 INFO neutron.wsgi [req-d2f2667c-0406-4d6b-bca0-3302d65dd367 req-01231d88-8236-4d0c-ad0f-2f7d11794f48 6213fad48e2d4683849d94bc9c4f023d ddedf5459e8c4a4ba78b8c934e72cf95 - - default default] 199.204.45.138 "GET /v2.0/networks?id=100ae2ed-f948-43a7-b18e-0ae83b551a35 HTTP/1.1" status: 200 len: 869 time: 0.1667376
2026-08-04 22:46:20.875 9 INFO neutron.wsgi [req-d2f2667c-0406-4d6b-bca0-3302d65dd367 req-cdd925f0-b384-4000-b99f-ea2d01d97693 6213fad48e2d4683849d94bc9c4f023d ddedf5459e8c4a4ba78b8c934e72cf95 - - default default] 199.204.45.138 "GET /v2.0/security-groups?fields=id&fields=name&tenant_id=ddedf5459e8c4a4ba78b8c934e72cf95 HTTP/1.1" status: 200 len: 380 time: 0.1061208
2026-08-04 22:46:20.914 9 INFO neutron.wsgi [None req-e394acba-c7f3-4f3d-b0fd-4c3353bb7156 1ceab629636f4667bc9607b769f91693 638063dca1d4486999f1b8976a272baa - - default default] 10.0.0.72 "DELETE /v2.0/routers/7fee2326-839c-4371-bf45-7c0b1383218e HTTP/1.1" status: 204 len: 168 time: 0.2973385
2026-08-04 22:46:20.959 9 INFO neutron.wsgi [None req-a25cda53-a434-4f4e-befa-0c588bc32295 f4a9c6e5d2a24e6998273b445b1f4d51 f9901697533f42ad8ed68fcdcbebe263 - - default default] 10.0.0.72 "DELETE /v2.0/ports/bdbea22f-e591-4571-85e3-00f7ba6e3fb5 HTTP/1.1" status: 204 len: 168 time: 0.5819385
2026-08-04 22:46:20.984 10 INFO neutron.pecan_wsgi.hooks.translation [None req-441cffcf-7964-4f93-b5e8-c3071d6231c8 f4a9c6e5d2a24e6998273b445b1f4d51 f9901697533f42ad8ed68fcdcbebe263 - - default default] DELETE failed (client error): The resource could not be found.
2026-08-04 22:46:20.986 10 INFO neutron.wsgi [None req-441cffcf-7964-4f93-b5e8-c3071d6231c8 f4a9c6e5d2a24e6998273b445b1f4d51 f9901697533f42ad8ed68fcdcbebe263 - - default default] 10.0.0.72 "DELETE /v2.0/ports/bdbea22f-e591-4571-85e3-00f7ba6e3fb5 HTTP/1.1" status: 404 len: 333 time: 0.0212197
2026-08-04 22:46:21.017 9 INFO neutron.pecan_wsgi.hooks.translation [None req-a5bd53bc-116c-4bee-bc4d-5f841df53801 f4a9c6e5d2a24e6998273b445b1f4d51 f9901697533f42ad8ed68fcdcbebe263 - - default default] GET failed (client error): The resource could not be found.
2026-08-04 22:46:21.018 9 INFO neutron.wsgi [None req-a5bd53bc-116c-4bee-bc4d-5f841df53801 f4a9c6e5d2a24e6998273b445b1f4d51 f9901697533f42ad8ed68fcdcbebe263 - - default default] 10.0.0.72 "GET /v2.0/ports/bdbea22f-e591-4571-85e3-00f7ba6e3fb5 HTTP/1.1" status: 404 len: 333 time: 0.0266526
2026-08-04 22:46:21.020 9 INFO neutron.wsgi [req-b79005ee-f499-411e-9172-6b60a0cc802c req-fc2d57a2-a062-4f08-a334-1175e8aa1224 6213fad48e2d4683849d94bc9c4f023d ddedf5459e8c4a4ba78b8c934e72cf95 - - default default] 10.0.0.127 "GET /v2.0/ports?device_id=3d614a4d-369d-4c88-89d4-87f80a8381a4 HTTP/1.1" status: 200 len: 210 time: 0.0272729
2026-08-04 22:46:21.120 10 INFO neutron.wsgi [None req-33455f9e-9824-444a-8022-2a227712825d 1ceab629636f4667bc9607b769f91693 638063dca1d4486999f1b8976a272baa - - default default] 10.0.0.72 "DELETE /v2.0/subnets/e99c7344-5109-4d81-97c2-9211db55166b HTTP/1.1" status: 204 len: 168 time: 0.2015283
2026-08-04 22:46:21.265 9 INFO neutron.wsgi [None req-257fc65b-d782-40a2-9860-aa3de4f18106 f4a9c6e5d2a24e6998273b445b1f4d51 f9901697533f42ad8ed68fcdcbebe263 - - default default] 10.0.0.72 "DELETE /v2.0/subnets/197d4f59-8c79-496a-ac98-7f1b7ccbf49d HTTP/1.1" status: 204 len: 168 time: 0.2420840
2026-08-04 22:46:21.269 9 WARNING neutron.scheduler.dhcp_agent_scheduler [req-d2f2667c-0406-4d6b-bca0-3302d65dd367 req-32927233-fde5-4759-915c-defe3c6df092 6213fad48e2d4683849d94bc9c4f023d ddedf5459e8c4a4ba78b8c934e72cf95 - - default default] No more DHCP agents
2026-08-04 22:46:21.270 9 WARNING neutron.api.rpc.agentnotifiers.dhcp_rpc_agent_api [req-d2f2667c-0406-4d6b-bca0-3302d65dd367 req-32927233-fde5-4759-915c-defe3c6df092 6213fad48e2d4683849d94bc9c4f023d ddedf5459e8c4a4ba78b8c934e72cf95 - - default default] Unable to schedule network 100ae2ed-f948-43a7-b18e-0ae83b551a35: no agents available; will retry on subsequent port and subnet creation events. /var/lib/openstack/lib/python3.10/site-packages/pycadf/identifier.py:71: UserWarning: Invalid uuid: neutron. To ensure interoperability, identifiers should be a valid uuid. warnings.warn(('Invalid uuid: %s. To ensure interoperability, '
2026-08-04 22:46:21.477 9 INFO neutron.db.ovn_revision_numbers_db [req-d2f2667c-0406-4d6b-bca0-3302d65dd367 req-32927233-fde5-4759-915c-defe3c6df092 6213fad48e2d4683849d94bc9c4f023d ddedf5459e8c4a4ba78b8c934e72cf95 - - default default] Successfully bumped revision number for resource 84f9d155-2b76-4764-bf7c-f33b41ea80c4 (type: ports) to 1
2026-08-04 22:46:21.503 9 INFO neutron.wsgi [req-d2f2667c-0406-4d6b-bca0-3302d65dd367 req-32927233-fde5-4759-915c-defe3c6df092 6213fad48e2d4683849d94bc9c4f023d ddedf5459e8c4a4ba78b8c934e72cf95 - - default default] 199.204.45.138 "POST /v2.0/ports HTTP/1.1" status: 201 len: 1162 time: 0.6100206
2026-08-04 22:46:21.530 10 INFO neutron.wsgi [req-1ed77908-b04f-4c49-b9b4-ce56c42c68e3 req-35bd02cb-202d-484c-96dd-3e014ef0d818 af9fbfc5c1c64744af4f31ddd61523cf 30d85454bf354fcd978a4986024d653b - - default default] 10.0.0.127 "GET /v2.0/ports?device_id=c20b023a-2bfd-4579-a2fc-c1f447254fc4 HTTP/1.1" status: 200 len: 1172 time: 0.0317266
2026-08-04 22:46:21.590 10 INFO neutron.wsgi [req-1ed77908-b04f-4c49-b9b4-ce56c42c68e3 req-04b10023-cc48-4c88-95e9-88e958acbee2 af9fbfc5c1c64744af4f31ddd61523cf 30d85454bf354fcd978a4986024d653b - - default default] 10.0.0.127 "GET /v2.0/security-groups?id=42a91461-3acb-41f7-80ad-33809e537e8c&fields=id&fields=name HTTP/1.1" status: 200 len: 312 time: 0.0469782
2026-08-04 22:46:21.693 9 INFO neutron.services.segments.plugin [-] Segment 6736ec8d-eed7-4537-9311-22bc13d22f59 resource provider aggregate not found
2026-08-04 22:46:21.698 9 INFO neutron.services.segments.plugin [-] Segment 6736ec8d-eed7-4537-9311-22bc13d22f59 resource provider aggregate not found
2026-08-04 22:46:21.706 10 INFO neutron.services.segments.plugin [-] Segment fbda03ca-f9c9-4e4f-8866-f959c51739e0 resource provider aggregate not found
2026-08-04 22:46:21.710 10 INFO neutron.services.segments.plugin [-] Segment fbda03ca-f9c9-4e4f-8866-f959c51739e0 resource provider aggregate not found
2026-08-04 22:46:21.724 10 INFO neutron.services.segments.plugin [-] Segment fbda03ca-f9c9-4e4f-8866-f959c51739e0 resource provider not found; error: Placement Client Error (4xx): {"errors": [{"status": 404, "title": "Not Found", "detail": "The resource could not be found.\n\n No resource provider with uuid fbda03ca-f9c9-4e4f-8866-f959c51739e0 found for delete ", "request_id": "req-cd9bd080-8908-4393-a8b3-9dc7d58c29c7"}]}
2026-08-04 22:46:21.730 9 INFO neutron.services.segments.plugin [-] Segment 6736ec8d-eed7-4537-9311-22bc13d22f59 resource provider not found; error: Placement Client Error (4xx): {"errors": [{"status": 404, "title": "Not Found", "detail": "The resource could not be found.\n\n No resource provider with uuid 6736ec8d-eed7-4537-9311-22bc13d22f59 found for delete ", "request_id": "req-9a72f68a-4175-4f63-bc87-06646a0b6688"}]}
2026-08-04 22:46:21.730 10 INFO neutron.services.segments.plugin [-] Segment fbda03ca-f9c9-4e4f-8866-f959c51739e0 resource provider not found; error: Placement Client Error (4xx): {"errors": [{"status": 404, "title": "Not Found", "detail": "The resource could not be found.\n\n No resource provider with uuid fbda03ca-f9c9-4e4f-8866-f959c51739e0 found for delete ", "request_id": "req-73cf0393-09a4-445a-a101-fbdb3e727373"}]}
2026-08-04 22:46:21.734 9 INFO neutron.services.segments.plugin [-] Segment 6736ec8d-eed7-4537-9311-22bc13d22f59 resource provider not found; error: Placement Client Error (4xx): {"errors": [{"status": 404, "title": "Not Found", "detail": "The resource could not be found.\n\n No resource provider with uuid 6736ec8d-eed7-4537-9311-22bc13d22f59 found for delete ", "request_id": "req-f652bc91-c290-4c3a-bc1f-ab2b9648664a"}]}
2026-08-04 22:46:21.748 10 INFO neutron.wsgi [None req-e4ab8a73-c649-4cfb-9ab1-5df7dcf38da3 1ceab629636f4667bc9607b769f91693 638063dca1d4486999f1b8976a272baa - - default default] 10.0.0.72 "DELETE /v2.0/networks/932ae9ba-90b5-4ff9-ae42-7cb277858640 HTTP/1.1" status: 204 len: 168 time: 0.6216364
2026-08-04 22:46:21.764 9 INFO neutron.wsgi [None req-d837415c-62e7-4340-9a9d-86948093457d f4a9c6e5d2a24e6998273b445b1f4d51 f9901697533f42ad8ed68fcdcbebe263 - - default default] 10.0.0.72 "DELETE /v2.0/networks/43fcbdf2-85de-451e-874f-4e8d8f057005 HTTP/1.1" status: 204 len: 168 time: 0.4921675
2026-08-04 22:46:21.896 10 INFO neutron.db.segments_db [None req-8894607a-6b33-4ab4-aa0f-b7db95c2860d f4a9c6e5d2a24e6998273b445b1f4d51 f9901697533f42ad8ed68fcdcbebe263 - - default default] Added segment 04187362-0bc9-4b0a-9d8b-45041fa35d00 of type geneve for network fed30a4f-27e7-4236-abd4-823d77396d40 /var/lib/openstack/lib/python3.10/site-packages/pycadf/identifier.py:71: UserWarning: Invalid uuid: neutron. To ensure interoperability, identifiers should be a valid uuid. warnings.warn(('Invalid uuid: %s. To ensure interoperability, '
2026-08-04 22:46:22.114 10 INFO neutron.db.ovn_revision_numbers_db [None req-8894607a-6b33-4ab4-aa0f-b7db95c2860d f4a9c6e5d2a24e6998273b445b1f4d51 f9901697533f42ad8ed68fcdcbebe263 - - default default] Successfully bumped revision number for resource fed30a4f-27e7-4236-abd4-823d77396d40 (type: networks) to 1
2026-08-04 22:46:22.182 9 INFO neutron.wsgi [req-2755cbed-d419-4125-a046-39c3a67b7cb1 req-5ce545b8-4438-475f-9adf-3acd1037d0f4 6213fad48e2d4683849d94bc9c4f023d ddedf5459e8c4a4ba78b8c934e72cf95 - - default default] 10.0.0.127 "GET /v2.0/ports?device_id=3d614a4d-369d-4c88-89d4-87f80a8381a4 HTTP/1.1" status: 200 len: 1172 time: 0.0980554
2026-08-04 22:46:22.226 9 INFO neutron.db.ovn_revision_numbers_db [req-d2f2667c-0406-4d6b-bca0-3302d65dd367 req-7467e547-c145-4297-a2ee-71fdfc18d2c8 f52cb827014648a9baf493a70e099238 5b436957e7cd48c980ddb81b422b049f - - a992c7e162aa4dd9b879f0a13a6e7ea8 a992c7e162aa4dd9b879f0a13a6e7ea8] Successfully bumped revision number for resource 84f9d155-2b76-4764-bf7c-f33b41ea80c4 (type: ports) to 2
2026-08-04 22:46:22.233 9 INFO neutron.wsgi [req-2755cbed-d419-4125-a046-39c3a67b7cb1 req-5c807b83-e613-4290-a30f-c9c2295de42a 6213fad48e2d4683849d94bc9c4f023d ddedf5459e8c4a4ba78b8c934e72cf95 - - default default] 10.0.0.127 "GET /v2.0/security-groups?id=a4256ee2-531b-4ffa-8762-1a345582132b&fields=id&fields=name HTTP/1.1" status: 200 len: 313 time: 0.0444081
2026-08-04 22:46:22.317 10 WARNING neutron.scheduler.dhcp_agent_scheduler [None req-8894607a-6b33-4ab4-aa0f-b7db95c2860d f4a9c6e5d2a24e6998273b445b1f4d51 f9901697533f42ad8ed68fcdcbebe263 - - default default] No more DHCP agents
2026-08-04 22:46:22.320 10 WARNING neutron.api.rpc.agentnotifiers.dhcp_rpc_agent_api [None req-8894607a-6b33-4ab4-aa0f-b7db95c2860d f4a9c6e5d2a24e6998273b445b1f4d51 f9901697533f42ad8ed68fcdcbebe263 - - default default] Unable to schedule network fed30a4f-27e7-4236-abd4-823d77396d40: no agents available; will retry on subsequent port and subnet creation events.
2026-08-04 22:46:22.350 10 WARNING neutron.scheduler.dhcp_agent_scheduler [None req-4b8b7eee-98c5-4ffc-a0dd-d8b634a1c52c 1ceab629636f4667bc9607b769f91693 638063dca1d4486999f1b8976a272baa - - default default] No more DHCP agents
2026-08-04 22:46:22.361 10 WARNING neutron.api.rpc.agentnotifiers.dhcp_rpc_agent_api [None req-4b8b7eee-98c5-4ffc-a0dd-d8b634a1c52c 1ceab629636f4667bc9607b769f91693 638063dca1d4486999f1b8976a272baa - - default default] Unable to schedule network 939c3dde-d047-46a3-9da5-8bce04abe357: no agents available; will retry on subsequent port and subnet creation events.
2026-08-04 22:46:22.405 9 INFO neutron.db.ovn_revision_numbers_db [req-d2f2667c-0406-4d6b-bca0-3302d65dd367 req-7467e547-c145-4297-a2ee-71fdfc18d2c8 f52cb827014648a9baf493a70e099238 5b436957e7cd48c980ddb81b422b049f - - a992c7e162aa4dd9b879f0a13a6e7ea8 a992c7e162aa4dd9b879f0a13a6e7ea8] Successfully bumped revision number for resource 84f9d155-2b76-4764-bf7c-f33b41ea80c4 (type: ports) to 2
2026-08-04 22:46:22.419 10 INFO neutron.db.ovn_revision_numbers_db [None req-8894607a-6b33-4ab4-aa0f-b7db95c2860d f4a9c6e5d2a24e6998273b445b1f4d51 f9901697533f42ad8ed68fcdcbebe263 - - default default] Successfully bumped revision number for resource 88f9a6f7-2505-472a-8465-d8656cbe39ad (type: ports) to 1
2026-08-04 22:46:22.420 9 INFO neutron.wsgi [req-d2f2667c-0406-4d6b-bca0-3302d65dd367 req-7467e547-c145-4297-a2ee-71fdfc18d2c8 f52cb827014648a9baf493a70e099238 5b436957e7cd48c980ddb81b422b049f - - a992c7e162aa4dd9b879f0a13a6e7ea8 a992c7e162aa4dd9b879f0a13a6e7ea8] 199.204.45.138 "PUT /v2.0/ports/84f9d155-2b76-4764-bf7c-f33b41ea80c4 HTTP/1.1" status: 200 len: 1380 time: 0.9072692
2026-08-04 22:46:22.448 10 INFO neutron.wsgi [None req-8894607a-6b33-4ab4-aa0f-b7db95c2860d f4a9c6e5d2a24e6998273b445b1f4d51 f9901697533f42ad8ed68fcdcbebe263 - - default default] 10.0.0.72 "POST /v2.0/networks HTTP/1.1" status: 201 len: 831 time: 0.6736355 /var/lib/openstack/lib/python3.10/site-packages/pycadf/identifier.py:71: UserWarning: Invalid uuid: neutron. To ensure interoperability, identifiers should be a valid uuid. warnings.warn(('Invalid uuid: %s. To ensure interoperability, '
2026-08-04 22:46:22.464 9 INFO neutron.notifiers.nova [-] Nova event matching ['req-b0605e43-d35a-4cc9-a748-0aff1499a922'] response: {'name': 'network-changed', 'server_uuid': '3d614a4d-369d-4c88-89d4-87f80a8381a4', 'tag': '84f9d155-2b76-4764-bf7c-f33b41ea80c4', 'status': 'completed', 'code': 200}
2026-08-04 22:46:22.513 9 INFO neutron.wsgi [req-d2f2667c-0406-4d6b-bca0-3302d65dd367 req-589443f8-5855-4ba2-b02d-9917f303852b f52cb827014648a9baf493a70e099238 5b436957e7cd48c980ddb81b422b049f - - a992c7e162aa4dd9b879f0a13a6e7ea8 a992c7e162aa4dd9b879f0a13a6e7ea8] 199.204.45.138 "GET /v2.0/ports?tenant_id=ddedf5459e8c4a4ba78b8c934e72cf95&device_id=3d614a4d-369d-4c88-89d4-87f80a8381a4 HTTP/1.1" status: 200 len: 1411 time: 0.0506749
2026-08-04 22:46:22.528 10 INFO neutron.db.ovn_revision_numbers_db [None req-4b8b7eee-98c5-4ffc-a0dd-d8b634a1c52c 1ceab629636f4667bc9607b769f91693 638063dca1d4486999f1b8976a272baa - - default default] Successfully bumped revision number for resource d34c05f9-acaf-49b9-9246-819c0da710c5 (type: ports) to 1
2026-08-04 22:46:22.542 9 INFO neutron.wsgi [req-d2f2667c-0406-4d6b-bca0-3302d65dd367 req-a55ae229-63fb-434f-bf74-cbbd15658c6b f52cb827014648a9baf493a70e099238 5b436957e7cd48c980ddb81b422b049f - - a992c7e162aa4dd9b879f0a13a6e7ea8 a992c7e162aa4dd9b879f0a13a6e7ea8] 199.204.45.138 "GET /v2.0/floatingips?fixed_ip_address=10.100.0.11&port_id=84f9d155-2b76-4764-bf7c-f33b41ea80c4 HTTP/1.1" status: 200 len: 217 time: 0.0208929
2026-08-04 22:46:22.596 9 INFO neutron.wsgi [req-d2f2667c-0406-4d6b-bca0-3302d65dd367 req-7f3b6831-d68c-4e26-89bb-46f9ea7d2c4b f52cb827014648a9baf493a70e099238 5b436957e7cd48c980ddb81b422b049f - - a992c7e162aa4dd9b879f0a13a6e7ea8 a992c7e162aa4dd9b879f0a13a6e7ea8] 199.204.45.138 "GET /v2.0/subnets?id=301abab5-4c3b-4929-8cfa-35ae7ac8ddb5 HTTP/1.1" status: 200 len: 863 time: 0.0467026
2026-08-04 22:46:22.627 9 INFO neutron.wsgi [req-d2f2667c-0406-4d6b-bca0-3302d65dd367 req-22553a02-494c-4227-9ee2-b14f5a272ba5 f52cb827014648a9baf493a70e099238 5b436957e7cd48c980ddb81b422b049f - - a992c7e162aa4dd9b879f0a13a6e7ea8 a992c7e162aa4dd9b879f0a13a6e7ea8] 199.204.45.138 "GET /v2.0/ports?network_id=100ae2ed-f948-43a7-b18e-0ae83b551a35&device_owner=network%3Adhcp HTTP/1.1" status: 200 len: 210 time: 0.0200801
2026-08-04 22:46:22.728 9 INFO neutron.wsgi [req-d2f2667c-0406-4d6b-bca0-3302d65dd367 req-06c6b432-74e1-47ec-9d38-b1f87ce72930 f52cb827014648a9baf493a70e099238 5b436957e7cd48c980ddb81b422b049f - - a992c7e162aa4dd9b879f0a13a6e7ea8 a992c7e162aa4dd9b879f0a13a6e7ea8] 199.204.45.138 "GET /v2.0/networks/100ae2ed-f948-43a7-b18e-0ae83b551a35?fields=segments HTTP/1.1" status: 200 len: 212 time: 0.0927038
2026-08-04 22:46:22.803 9 INFO neutron.wsgi [req-b0108e58-a3ee-4ec3-bb00-edd5c61dc445 req-29ab7f3d-a137-40a7-8121-9257b609b722 af9fbfc5c1c64744af4f31ddd61523cf 30d85454bf354fcd978a4986024d653b - - default default] 10.0.0.127 "GET /v2.0/ports?device_id=c20b023a-2bfd-4579-a2fc-c1f447254fc4 HTTP/1.1" status: 200 len: 1172 time: 0.1489444
2026-08-04 22:46:22.848 9 WARNING neutron.scheduler.dhcp_agent_scheduler [None req-f815426c-a748-4a84-aed6-59c5b69d5286 f4a9c6e5d2a24e6998273b445b1f4d51 f9901697533f42ad8ed68fcdcbebe263 - - default default] No more DHCP agents
2026-08-04 22:46:22.852 9 WARNING neutron.api.rpc.agentnotifiers.dhcp_rpc_agent_api [None req-f815426c-a748-4a84-aed6-59c5b69d5286 f4a9c6e5d2a24e6998273b445b1f4d51 f9901697533f42ad8ed68fcdcbebe263 - - default default] Unable to schedule network fed30a4f-27e7-4236-abd4-823d77396d40: no agents available; will retry on subsequent port and subnet creation events.
2026-08-04 22:46:22.857 9 INFO neutron.wsgi [req-d2f2667c-0406-4d6b-bca0-3302d65dd367 req-e2fe526c-db65-4bf3-8056-1ff341e36779 f52cb827014648a9baf493a70e099238 5b436957e7cd48c980ddb81b422b049f - - a992c7e162aa4dd9b879f0a13a6e7ea8 a992c7e162aa4dd9b879f0a13a6e7ea8] 199.204.45.138 "GET /v2.0/networks/100ae2ed-f948-43a7-b18e-0ae83b551a35?fields=provider%3Aphysical_network&fields=provider%3Anetwork_type HTTP/1.1" status: 200 len: 277 time: 0.1140795
2026-08-04 22:46:22.893 9 INFO neutron.wsgi [req-b0108e58-a3ee-4ec3-bb00-edd5c61dc445 req-e1933b92-a730-4b08-a472-a4a9da10b27c af9fbfc5c1c64744af4f31ddd61523cf 30d85454bf354fcd978a4986024d653b - - default default] 10.0.0.127 "GET /v2.0/security-groups?id=42a91461-3acb-41f7-80ad-33809e537e8c&fields=id&fields=name HTTP/1.1" status: 200 len: 312 time: 0.0749369
2026-08-04 22:46:22.947 9 INFO neutron.wsgi [req-ecb40250-3978-4741-9479-8138ce501ea5 req-841261a7-07f2-4922-944b-5022ce4879d6 f52cb827014648a9baf493a70e099238 5b436957e7cd48c980ddb81b422b049f - - a992c7e162aa4dd9b879f0a13a6e7ea8 a992c7e162aa4dd9b879f0a13a6e7ea8] 199.204.45.138 "GET /v2.0/ports?tenant_id=ddedf5459e8c4a4ba78b8c934e72cf95&device_id=3d614a4d-369d-4c88-89d4-87f80a8381a4 HTTP/1.1" status: 200 len: 1411 time: 0.0472486
2026-08-04 22:46:23.051 9 INFO neutron.wsgi [req-ecb40250-3978-4741-9479-8138ce501ea5 req-7a1c6928-ac17-4b38-80eb-223f378303da f52cb827014648a9baf493a70e099238 5b436957e7cd48c980ddb81b422b049f - - a992c7e162aa4dd9b879f0a13a6e7ea8 a992c7e162aa4dd9b879f0a13a6e7ea8] 199.204.45.138 "GET /v2.0/networks?id=100ae2ed-f948-43a7-b18e-0ae83b551a35 HTTP/1.1" status: 200 len: 968 time: 0.0982735
2026-08-04 22:46:23.098 9 INFO neutron.wsgi [req-ecb40250-3978-4741-9479-8138ce501ea5 req-54e434db-e2a7-4cd8-bce1-b0be535cf4a5 f52cb827014648a9baf493a70e099238 5b436957e7cd48c980ddb81b422b049f - - a992c7e162aa4dd9b879f0a13a6e7ea8 a992c7e162aa4dd9b879f0a13a6e7ea8] 199.204.45.138 "GET /v2.0/floatingips?fixed_ip_address=10.100.0.11&port_id=84f9d155-2b76-4764-bf7c-f33b41ea80c4 HTTP/1.1" status: 200 len: 217 time: 0.0330980
2026-08-04 22:46:23.126 10 INFO neutron.db.ovn_revision_numbers_db [None req-4b8b7eee-98c5-4ffc-a0dd-d8b634a1c52c 1ceab629636f4667bc9607b769f91693 638063dca1d4486999f1b8976a272baa - - default default] Successfully bumped revision number for resource d34c05f9-acaf-49b9-9246-819c0da710c5 (type: router_ports) to 1
2026-08-04 22:46:23.146 9 INFO neutron.wsgi [req-ecb40250-3978-4741-9479-8138ce501ea5 req-51743bba-21c6-4af7-92cc-e1d53a33b35a f52cb827014648a9baf493a70e099238 5b436957e7cd48c980ddb81b422b049f - - a992c7e162aa4dd9b879f0a13a6e7ea8 a992c7e162aa4dd9b879f0a13a6e7ea8] 199.204.45.138 "GET /v2.0/subnets?id=301abab5-4c3b-4929-8cfa-35ae7ac8ddb5 HTTP/1.1" status: 200 len: 863 time: 0.0410888
2026-08-04 22:46:23.182 10 INFO neutron.db.ovn_revision_numbers_db [None req-4b8b7eee-98c5-4ffc-a0dd-d8b634a1c52c 1ceab629636f4667bc9607b769f91693 638063dca1d4486999f1b8976a272baa - - default default] Successfully bumped revision number for resource 095cc7ad-2777-40a0-8656-70b82aa305d5 (type: routers) to 2
2026-08-04 22:46:23.184 9 INFO neutron.wsgi [req-ecb40250-3978-4741-9479-8138ce501ea5 req-682d467e-6619-4a4a-8ed8-5853ad22e1b8 f52cb827014648a9baf493a70e099238 5b436957e7cd48c980ddb81b422b049f - - a992c7e162aa4dd9b879f0a13a6e7ea8 a992c7e162aa4dd9b879f0a13a6e7ea8] 199.204.45.138 "GET /v2.0/ports?network_id=100ae2ed-f948-43a7-b18e-0ae83b551a35&device_owner=network%3Adhcp HTTP/1.1" status: 200 len: 210 time: 0.0334551
2026-08-04 22:46:23.199 10 INFO neutron.wsgi [None req-4b8b7eee-98c5-4ffc-a0dd-d8b634a1c52c 1ceab629636f4667bc9607b769f91693 638063dca1d4486999f1b8976a272baa - - default default] 10.0.0.72 "POST /v2.0/routers HTTP/1.1" status: 201 len: 872 time: 1.4458356
2026-08-04 22:46:23.256 10 INFO neutron.wsgi [None req-baa60ab2-b04b-405c-a5be-19ac8f35e014 1ceab629636f4667bc9607b769f91693 638063dca1d4486999f1b8976a272baa - - default default] 10.0.0.72 "GET /v2.0/routers/095cc7ad-2777-40a0-8656-70b82aa305d5 HTTP/1.1" status: 200 len: 873 time: 0.0528312
2026-08-04 22:46:23.262 9 INFO neutron.wsgi [req-ecb40250-3978-4741-9479-8138ce501ea5 req-3d6898bb-a342-499b-8032-a03e308f96d2 f52cb827014648a9baf493a70e099238 5b436957e7cd48c980ddb81b422b049f - - a992c7e162aa4dd9b879f0a13a6e7ea8 a992c7e162aa4dd9b879f0a13a6e7ea8] 199.204.45.138 "GET /v2.0/networks/100ae2ed-f948-43a7-b18e-0ae83b551a35?fields=segments HTTP/1.1" status: 200 len: 212 time: 0.0689979
2026-08-04 22:46:23.349 9 INFO neutron.wsgi [req-ecb40250-3978-4741-9479-8138ce501ea5 req-d6f6e439-59ca-415d-8d95-d61f3c4c5414 f52cb827014648a9baf493a70e099238 5b436957e7cd48c980ddb81b422b049f - - a992c7e162aa4dd9b879f0a13a6e7ea8 a992c7e162aa4dd9b879f0a13a6e7ea8] 199.204.45.138 "GET /v2.0/networks/100ae2ed-f948-43a7-b18e-0ae83b551a35?fields=provider%3Aphysical_network&fields=provider%3Anetwork_type HTTP/1.1" status: 200 len: 277 time: 0.0817485
