172.24.5.170 - - [17/Apr/2026:03:09:10 +0000] "GET /networking/v2.0/ports?device_id=c1bb3944-5cc9-4656-9501-ac00a60f8fbe HTTP/1.1" 200 3701 "-" "openstack-cloud-controller-manager/v1.34.1 gophercloud/v2.8.0"
172.24.5.170 - - [17/Apr/2026:03:09:10 +0000] "GET /networking/ HTTP/1.1" 200 2910 "-" "openstack-cloud-controller-manager/v1.34.1 gophercloud/v2.8.0"
199.19.213.226 - - [17/Apr/2026:03:09:10 +0000] "GET /identity/v3/auth/tokens HTTP/1.1" 200 8100 "-" "python-keystoneclient"
199.19.213.226 - - [17/Apr/2026:03:09:10 +0000] "GET /networking/v2.0/ports?device_id=9c2e6514-d654-477e-95e9-7c22c1c7c783 HTTP/1.1" 200 3710 "-" "python-neutronclient"
199.19.213.226 - - [17/Apr/2026:03:09:11 +0000] "GET /networking/v2.0/security-groups?id=1dfcf36a-a7ef-4822-9887-a0506bdaabbc&fields=id&fields=name HTTP/1.1" 200 3016 "-" "python-neutronclient"
172.24.5.170 - - [17/Apr/2026:03:09:10 +0000] "GET /compute/v2.1/servers/9c2e6514-d654-477e-95e9-7c22c1c7c783 HTTP/1.1" 200 4578 "-" "openstack-cloud-controller-manager/v1.34.1 gophercloud/v2.8.0"
172.24.5.170 - - [17/Apr/2026:03:09:11 +0000] "GET /compute/v2.1/flavors/4 HTTP/1.1" 200 3412 "-" "openstack-cloud-controller-manager/v1.34.1 gophercloud/v2.8.0"
172.24.5.170 - - [17/Apr/2026:03:09:11 +0000] "GET /networking/v2.0/ports?device_id=9c2e6514-d654-477e-95e9-7c22c1c7c783 HTTP/1.1" 200 3679 "-" "openstack-cloud-controller-manager/v1.34.1 gophercloud/v2.8.0"
199.19.213.226 - - [17/Apr/2026:03:09:43 +0000] "GET /identity HTTP/1.1" 300 3232 "-" "cinder/28.1.0.dev27 keystonemiddleware.auth_token/12.0.0 keystoneauth1/5.13.1 python-requests/2.33.1 CPython/3.12.3"
199.19.213.226 - - [17/Apr/2026:03:09:43 +0000] "POST /identity/v3/auth/tokens HTTP/1.1" 201 7922 "-" "cinder/28.1.0.dev27 keystonemiddleware.auth_token/12.0.0 keystoneauth1/5.13.1 python-requests/2.33.1 CPython/3.12.3"
199.19.213.226 - - [17/Apr/2026:03:09:43 +0000] "GET /identity/v3/auth/tokens HTTP/1.1" 200 8226 "-" "python-keystoneclient"
172.24.5.170 - - [17/Apr/2026:03:09:43 +0000] "GET /volume/v3/volumes/detail HTTP/1.1" 200 2988 "-" "cinder-csi-plugin/v1.32.0 gophercloud/v2.5.0"
199.19.213.226 - - [17/Apr/2026:03:10:06 +0000] "GET /placement/resource_providers/b7f3a145-872b-4acb-bb23-9427f95da88e/allocations HTTP/1.1" 200 3302 "-" "nova-compute keystoneauth1/5.13.1 python-requests/2.33.1 CPython/3.12.3"
199.19.213.226 - - [17/Apr/2026:03:10:06 +0000] "GET /placement/resource_providers/b7f3a145-872b-4acb-bb23-9427f95da88e/allocations HTTP/1.1" 200 3302 "-" "nova-compute keystoneauth1/5.13.1 python-requests/2.33.1 CPython/3.12.3"
199.19.213.226 - - [17/Apr/2026:03:10:06 +0000] "GET /placement/allocations/176e5724-eb85-49b5-9c06-5fb14fda55c6 HTTP/1.1" 200 3275 "-" "nova-compute keystoneauth1/5.13.1 python-requests/2.33.1 CPython/3.12.3"
199.19.213.226 - - [17/Apr/2026:03:10:06 +0000] "GET /placement/allocations/9c2e6514-d654-477e-95e9-7c22c1c7c783 HTTP/1.1" 200 3275 "-" "nova-compute keystoneauth1/5.13.1 python-requests/2.33.1 CPython/3.12.3"
199.19.213.226 - - [17/Apr/2026:03:10:06 +0000] "GET /placement/allocations/c1bb3944-5cc9-4656-9501-ac00a60f8fbe HTTP/1.1" 200 3275 "-" "nova-compute keystoneauth1/5.13.1 python-requests/2.33.1 CPython/3.12.3"
172.24.5.170 - - [17/Apr/2026:03:10:43 +0000] "GET /volume/v3/volumes/detail HTTP/1.1" 200 2988 "-" "cinder-csi-plugin/v1.32.0 gophercloud/v2.5.0"
199.19.213.226 - - [17/Apr/2026:03:11:07 +0000] "GET /identity HTTP/1.1" 300 3232 "-" "placement/unknown keystonemiddleware.auth_token/12.0.0 keystoneauth1/5.13.1 python-requests/2.33.1 CPython/3.12.3"
199.19.213.226 - - [17/Apr/2026:03:11:07 +0000] "POST /identity/v3/auth/tokens HTTP/1.1" 201 8110 "-" "placement/unknown keystonemiddleware.auth_token/12.0.0 keystoneauth1/5.13.1 python-requests/2.33.1 CPython/3.12.3"
199.19.213.226 - - [17/Apr/2026:03:11:07 +0000] "GET /identity/v3/auth/tokens HTTP/1.1" 200 8100 "-" "python-keystoneclient"
199.19.213.226 - - [17/Apr/2026:03:11:07 +0000] "GET /placement/resource_providers/b7f3a145-872b-4acb-bb23-9427f95da88e/allocations HTTP/1.1" 200 3302 "-" "nova-compute keystoneauth1/5.13.1 python-requests/2.33.1 CPython/3.12.3"
199.19.213.226 - - [17/Apr/2026:03:11:07 +0000] "GET /placement/resource_providers?in_tree=b7f3a145-872b-4acb-bb23-9427f95da88e HTTP/1.1" 200 3816 "-" "nova-compute keystoneauth1/5.13.1 python-requests/2.33.1 CPython/3.12.3"
199.19.213.226 - - [17/Apr/2026:03:11:07 +0000] "GET /placement/resource_providers/b7f3a145-872b-4acb-bb23-9427f95da88e/inventories HTTP/1.1" 200 3344 "-" "nova-compute keystoneauth1/5.13.1 python-requests/2.33.1 CPython/3.12.3"
199.19.213.226 - - [17/Apr/2026:03:11:07 +0000] "GET /placement/resource_providers/b7f3a145-872b-4acb-bb23-9427f95da88e/aggregates HTTP/1.1" 200 3068 "-" "nova-compute keystoneauth1/5.13.1 python-requests/2.33.1 CPython/3.12.3"
199.19.213.226 - - [17/Apr/2026:03:11:07 +0000] "GET /placement/resource_providers/b7f3a145-872b-4acb-bb23-9427f95da88e/traits HTTP/1.1" 200 5008 "-" "nova-compute keystoneauth1/5.13.1 python-requests/2.33.1 CPython/3.12.3"
199.19.213.226 - - [17/Apr/2026:03:11:08 +0000] "GET /placement/resource_providers/b7f3a145-872b-4acb-bb23-9427f95da88e/allocations HTTP/1.1" 200 3302 "-" "nova-compute keystoneauth1/5.13.1 python-requests/2.33.1 CPython/3.12.3"
199.19.213.226 - - [17/Apr/2026:03:11:08 +0000] "GET /placement/allocations/176e5724-eb85-49b5-9c06-5fb14fda55c6 HTTP/1.1" 200 3275 "-" "nova-compute keystoneauth1/5.13.1 python-requests/2.33.1 CPython/3.12.3"
199.19.213.226 - - [17/Apr/2026:03:11:08 +0000] "GET /placement/allocations/9c2e6514-d654-477e-95e9-7c22c1c7c783 HTTP/1.1" 200 3275 "-" "nova-compute keystoneauth1/5.13.1 python-requests/2.33.1 CPython/3.12.3"
199.19.213.226 - - [17/Apr/2026:03:11:08 +0000] "GET /placement/allocations/c1bb3944-5cc9-4656-9501-ac00a60f8fbe HTTP/1.1" 200 3275 "-" "nova-compute keystoneauth1/5.13.1 python-requests/2.33.1 CPython/3.12.3"
172.24.5.170 - - [17/Apr/2026:03:11:43 +0000] "GET /volume/v3/volumes/detail HTTP/1.1" 200 2988 "-" "cinder-csi-plugin/v1.32.0 gophercloud/v2.5.0"
199.19.213.226 - - [17/Apr/2026:03:12:09 +0000] "GET /placement/resource_providers/b7f3a145-872b-4acb-bb23-9427f95da88e/allocations HTTP/1.1" 200 3302 "-" "nova-compute keystoneauth1/5.13.1 python-requests/2.33.1 CPython/3.12.3"
199.19.213.226 - - [17/Apr/2026:03:12:09 +0000] "GET /placement/resource_providers/b7f3a145-872b-4acb-bb23-9427f95da88e/allocations HTTP/1.1" 200 3302 "-" "nova-compute keystoneauth1/5.13.1 python-requests/2.33.1 CPython/3.12.3"
199.19.213.226 - - [17/Apr/2026:03:12:09 +0000] "GET /placement/allocations/176e5724-eb85-49b5-9c06-5fb14fda55c6 HTTP/1.1" 200 3275 "-" "nova-compute keystoneauth1/5.13.1 python-requests/2.33.1 CPython/3.12.3"
199.19.213.226 - - [17/Apr/2026:03:12:09 +0000] "GET /placement/allocations/9c2e6514-d654-477e-95e9-7c22c1c7c783 HTTP/1.1" 200 3275 "-" "nova-compute keystoneauth1/5.13.1 python-requests/2.33.1 CPython/3.12.3"
199.19.213.226 - - [17/Apr/2026:03:12:09 +0000] "GET /placement/allocations/c1bb3944-5cc9-4656-9501-ac00a60f8fbe HTTP/1.1" 200 3275 "-" "nova-compute keystoneauth1/5.13.1 python-requests/2.33.1 CPython/3.12.3"
172.24.5.170 - - [17/Apr/2026:03:12:43 +0000] "GET /volume/v3/volumes/detail HTTP/1.1" 200 2988 "-" "cinder-csi-plugin/v1.32.0 gophercloud/v2.5.0"
199.19.213.226 - - [17/Apr/2026:03:13:10 +0000] "GET /placement/resource_providers/b7f3a145-872b-4acb-bb23-9427f95da88e/allocations HTTP/1.1" 200 3302 "-" "nova-compute keystoneauth1/5.13.1 python-requests/2.33.1 CPython/3.12.3"
199.19.213.226 - - [17/Apr/2026:03:13:10 +0000] "GET /placement/resource_providers/b7f3a145-872b-4acb-bb23-9427f95da88e/allocations HTTP/1.1" 200 3302 "-" "nova-compute keystoneauth1/5.13.1 python-requests/2.33.1 CPython/3.12.3"
199.19.213.226 - - [17/Apr/2026:03:13:10 +0000] "GET /placement/allocations/176e5724-eb85-49b5-9c06-5fb14fda55c6 HTTP/1.1" 200 3275 "-" "nova-compute keystoneauth1/5.13.1 python-requests/2.33.1 CPython/3.12.3"
199.19.213.226 - - [17/Apr/2026:03:13:10 +0000] "GET /placement/allocations/9c2e6514-d654-477e-95e9-7c22c1c7c783 HTTP/1.1" 200 3275 "-" "nova-compute keystoneauth1/5.13.1 python-requests/2.33.1 CPython/3.12.3"
199.19.213.226 - - [17/Apr/2026:03:13:10 +0000] "GET /placement/allocations/c1bb3944-5cc9-4656-9501-ac00a60f8fbe HTTP/1.1" 200 3275 "-" "nova-compute keystoneauth1/5.13.1 python-requests/2.33.1 CPython/3.12.3"
172.24.5.170 - - [17/Apr/2026:03:13:43 +0000] "GET /volume/v3/volumes/detail HTTP/1.1" 200 2988 "-" "cinder-csi-plugin/v1.32.0 gophercloud/v2.5.0"
172.24.5.170 - - [17/Apr/2026:03:14:11 +0000] "GET /networking/ HTTP/1.1" 200 2910 "-" "openstack-cloud-controller-manager/v1.34.1 gophercloud/v2.8.0"
199.19.213.226 - - [17/Apr/2026:03:14:11 +0000] "GET /identity/v3/auth/tokens HTTP/1.1" 200 8226 "-" "python-keystoneclient"
199.19.213.226 - - [17/Apr/2026:03:14:11 +0000] "GET /identity/v3/auth/tokens HTTP/1.1" 200 8100 "-" "python-keystoneclient"
199.19.213.226 - - [17/Apr/2026:03:14:11 +0000] "GET /networking/v2.0/ports?device_id=176e5724-eb85-49b5-9c06-5fb14fda55c6 HTTP/1.1" 200 3732 "-" "python-neutronclient"
199.19.213.226 - - [17/Apr/2026:03:14:11 +0000] "GET /placement/resource_providers/b7f3a145-872b-4acb-bb23-9427f95da88e/allocations HTTP/1.1" 200 3302 "-" "nova-compute keystoneauth1/5.13.1 python-requests/2.33.1 CPython/3.12.3"
199.19.213.226 - - [17/Apr/2026:03:14:11 +0000] "GET /networking/v2.0/security-groups?id=fcff0917-89ee-4ad0-9580-4452e06c3797&fields=id&fields=name HTTP/1.1" 200 3010 "-" "python-neutronclient"
172.24.5.170 - - [17/Apr/2026:03:14:11 +0000] "GET /compute/v2.1/servers/176e5724-eb85-49b5-9c06-5fb14fda55c6 HTTP/1.1" 200 4594 "-" "openstack-cloud-controller-manager/v1.34.1 gophercloud/v2.8.0"
199.19.213.226 - - [17/Apr/2026:03:14:11 +0000] "GET /placement/resource_providers/b7f3a145-872b-4acb-bb23-9427f95da88e/allocations HTTP/1.1" 200 3302 "-" "nova-compute keystoneauth1/5.13.1 python-requests/2.33.1 CPython/3.12.3"
172.24.5.170 - - [17/Apr/2026:03:14:11 +0000] "GET /compute/v2.1/flavors/4 HTTP/1.1" 200 3412 "-" "openstack-cloud-controller-manager/v1.34.1 gophercloud/v2.8.0"
199.19.213.226 - - [17/Apr/2026:03:14:11 +0000] "GET /placement/allocations/176e5724-eb85-49b5-9c06-5fb14fda55c6 HTTP/1.1" 200 3275 "-" "nova-compute keystoneauth1/5.13.1 python-requests/2.33.1 CPython/3.12.3"
172.24.5.170 - - [17/Apr/2026:03:14:11 +0000] "GET /networking/v2.0/ports?device_id=176e5724-eb85-49b5-9c06-5fb14fda55c6 HTTP/1.1" 200 3701 "-" "openstack-cloud-controller-manager/v1.34.1 gophercloud/v2.8.0"
199.19.213.226 - - [17/Apr/2026:03:14:11 +0000] "GET /placement/allocations/9c2e6514-d654-477e-95e9-7c22c1c7c783 HTTP/1.1" 200 3275 "-" "nova-compute keystoneauth1/5.13.1 python-requests/2.33.1 CPython/3.12.3"
172.24.5.170 - - [17/Apr/2026:03:14:11 +0000] "GET /networking/ HTTP/1.1" 200 2910 "-" "openstack-cloud-controller-manager/v1.34.1 gophercloud/v2.8.0"
199.19.213.226 - - [17/Apr/2026:03:14:11 +0000] "GET /placement/allocations/c1bb3944-5cc9-4656-9501-ac00a60f8fbe HTTP/1.1" 200 3275 "-" "nova-compute keystoneauth1/5.13.1 python-requests/2.33.1 CPython/3.12.3"
199.19.213.226 - - [17/Apr/2026:03:14:11 +0000] "GET /identity/v3/auth/tokens HTTP/1.1" 200 8100 "-" "python-keystoneclient"
199.19.213.226 - - [17/Apr/2026:03:14:11 +0000] "GET /networking/v2.0/ports?device_id=c1bb3944-5cc9-4656-9501-ac00a60f8fbe HTTP/1.1" 200 3732 "-" "python-neutronclient"
199.19.213.226 - - [17/Apr/2026:03:14:11 +0000] "GET /networking/v2.0/security-groups?id=fcff0917-89ee-4ad0-9580-4452e06c3797&fields=id&fields=name HTTP/1.1" 200 3010 "-" "python-neutronclient"
172.24.5.170 - - [17/Apr/2026:03:14:11 +0000] "GET /compute/v2.1/servers/c1bb3944-5cc9-4656-9501-ac00a60f8fbe HTTP/1.1" 200 4594 "-" "openstack-cloud-controller-manager/v1.34.1 gophercloud/v2.8.0"
172.24.5.170 - - [17/Apr/2026:03:14:11 +0000] "GET /compute/v2.1/flavors/4 HTTP/1.1" 200 3412 "-" "openstack-cloud-controller-manager/v1.34.1 gophercloud/v2.8.0"
172.24.5.170 - - [17/Apr/2026:03:14:11 +0000] "GET /networking/v2.0/ports?device_id=c1bb3944-5cc9-4656-9501-ac00a60f8fbe HTTP/1.1" 200 3701 "-" "openstack-cloud-controller-manager/v1.34.1 gophercloud/v2.8.0"
172.24.5.170 - - [17/Apr/2026:03:14:12 +0000] "GET /networking/ HTTP/1.1" 200 2910 "-" "openstack-cloud-controller-manager/v1.34.1 gophercloud/v2.8.0"
199.19.213.226 - - [17/Apr/2026:03:14:12 +0000] "GET /networking/v2.0/ports?device_id=9c2e6514-d654-477e-95e9-7c22c1c7c783 HTTP/1.1" 200 3710 "-" "python-neutronclient"
199.19.213.226 - - [17/Apr/2026:03:14:12 +0000] "GET /networking/v2.0/security-groups?id=1dfcf36a-a7ef-4822-9887-a0506bdaabbc&fields=id&fields=name HTTP/1.1" 200 3016 "-" "python-neutronclient"
172.24.5.170 - - [17/Apr/2026:03:14:12 +0000] "GET /compute/v2.1/servers/9c2e6514-d654-477e-95e9-7c22c1c7c783 HTTP/1.1" 200 4578 "-" "openstack-cloud-controller-manager/v1.34.1 gophercloud/v2.8.0"
172.24.5.170 - - [17/Apr/2026:03:14:12 +0000] "GET /compute/v2.1/flavors/4 HTTP/1.1" 200 3412 "-" "openstack-cloud-controller-manager/v1.34.1 gophercloud/v2.8.0"
172.24.5.170 - - [17/Apr/2026:03:14:12 +0000] "GET /networking/v2.0/ports?device_id=9c2e6514-d654-477e-95e9-7c22c1c7c783 HTTP/1.1" 200 3679 "-" "openstack-cloud-controller-manager/v1.34.1 gophercloud/v2.8.0"
199.19.213.226 - - [17/Apr/2026:03:14:43 +0000] "GET /identity HTTP/1.1" 300 3232 "-" "cinder/28.1.0.dev27 keystonemiddleware.auth_token/12.0.0 keystoneauth1/5.13.1 python-requests/2.33.1 CPython/3.12.3"
199.19.213.226 - - [17/Apr/2026:03:14:43 +0000] "POST /identity/v3/auth/tokens HTTP/1.1" 201 7922 "-" "cinder/28.1.0.dev27 keystonemiddleware.auth_token/12.0.0 keystoneauth1/5.13.1 python-requests/2.33.1 CPython/3.12.3"
199.19.213.226 - - [17/Apr/2026:03:14:43 +0000] "GET /identity/v3/auth/tokens HTTP/1.1" 200 8226 "-" "python-keystoneclient"
172.24.5.170 - - [17/Apr/2026:03:14:43 +0000] "GET /volume/v3/volumes/detail HTTP/1.1" 200 2988 "-" "cinder-csi-plugin/v1.32.0 gophercloud/v2.5.0"
172.18.0.2 - - [17/Apr/2026:03:14:46 +0000] "GET /compute/v2.1/ HTTP/1.1" 200 3432 "-" "cluster-api-provider-openstack/v0.12.4 gophercloud/v2.7.0"
172.18.0.2 - - [17/Apr/2026:03:14:46 +0000] "GET /compute/v2.1/ HTTP/1.1" 200 3432 "-" "cluster-api-provider-openstack/v0.12.4 gophercloud/v2.7.0"
172.18.0.2 - - [17/Apr/2026:03:14:46 +0000] "GET /compute/v2.1/ HTTP/1.1" 200 3432 "-" "cluster-api-provider-openstack/v0.12.4 gophercloud/v2.7.0"
199.19.213.226 - - [17/Apr/2026:03:14:46 +0000] "GET /identity/v3/auth/tokens HTTP/1.1" 200 8226 "-" "python-keystoneclient"
199.19.213.226 - - [17/Apr/2026:03:14:46 +0000] "GET /identity/v3/auth/tokens HTTP/1.1" 200 8226 "-" "python-keystoneclient"
199.19.213.226 - - [17/Apr/2026:03:14:46 +0000] "GET /identity/v3/auth/tokens HTTP/1.1" 200 8226 "-" "python-keystoneclient"
199.19.213.226 - - [17/Apr/2026:03:14:46 +0000] "GET /identity/v3/auth/tokens HTTP/1.1" 200 8100 "-" "python-keystoneclient"
199.19.213.226 - - [17/Apr/2026:03:14:46 +0000] "GET /identity/v3/auth/tokens HTTP/1.1" 200 8100 "-" "python-keystoneclient"
199.19.213.226 - - [17/Apr/2026:03:14:46 +0000] "GET /networking/v2.0/ports?device_id=c1bb3944-5cc9-4656-9501-ac00a60f8fbe HTTP/1.1" 200 3732 "-" "python-neutronclient"
199.19.213.226 - - [17/Apr/2026:03:14:46 +0000] "GET /networking/v2.0/ports?device_id=176e5724-eb85-49b5-9c06-5fb14fda55c6 HTTP/1.1" 200 3732 "-" "python-neutronclient"
199.19.213.226 - - [17/Apr/2026:03:14:46 +0000] "GET /networking/v2.0/ports?device_id=9c2e6514-d654-477e-95e9-7c22c1c7c783 HTTP/1.1" 200 3710 "-" "python-neutronclient"
199.19.213.226 - - [17/Apr/2026:03:14:46 +0000] "GET /networking/v2.0/security-groups?id=fcff0917-89ee-4ad0-9580-4452e06c3797&fields=id&fields=name HTTP/1.1" 200 3010 "-" "python-neutronclient"
172.18.0.2 - - [17/Apr/2026:03:14:46 +0000] "GET /compute/v2.1/servers/c1bb3944-5cc9-4656-9501-ac00a60f8fbe HTTP/1.1" 200 4646 "-" "cluster-api-provider-openstack/v0.12.4 gophercloud/v2.7.0"
199.19.213.226 - - [17/Apr/2026:03:14:46 +0000] "GET /networking/v2.0/security-groups?id=fcff0917-89ee-4ad0-9580-4452e06c3797&fields=id&fields=name HTTP/1.1" 200 3010 "-" "python-neutronclient"
199.19.213.226 - - [17/Apr/2026:03:14:46 +0000] "GET /networking/v2.0/security-groups?id=1dfcf36a-a7ef-4822-9887-a0506bdaabbc&fields=id&fields=name HTTP/1.1" 200 3016 "-" "python-neutronclient"
172.18.0.2 - - [17/Apr/2026:03:14:46 +0000] "GET /compute/v2.1/servers/176e5724-eb85-49b5-9c06-5fb14fda55c6 HTTP/1.1" 200 4646 "-" "cluster-api-provider-openstack/v0.12.4 gophercloud/v2.7.0"
172.18.0.2 - - [17/Apr/2026:03:14:46 +0000] "GET /compute/v2.1/servers/9c2e6514-d654-477e-95e9-7c22c1c7c783 HTTP/1.1" 200 4630 "-" "cluster-api-provider-openstack/v0.12.4 gophercloud/v2.7.0"
199.19.213.226 - - [17/Apr/2026:03:15:13 +0000] "GET /placement/resource_providers/b7f3a145-872b-4acb-bb23-9427f95da88e/allocations HTTP/1.1" 200 3302 "-" "nova-compute keystoneauth1/5.13.1 python-requests/2.33.1 CPython/3.12.3"
199.19.213.226 - - [17/Apr/2026:03:15:13 +0000] "GET /placement/resource_providers/b7f3a145-872b-4acb-bb23-9427f95da88e/allocations HTTP/1.1" 200 3302 "-" "nova-compute keystoneauth1/5.13.1 python-requests/2.33.1 CPython/3.12.3"
199.19.213.226 - - [17/Apr/2026:03:15:13 +0000] "GET /placement/allocations/176e5724-eb85-49b5-9c06-5fb14fda55c6 HTTP/1.1" 200 3275 "-" "nova-compute keystoneauth1/5.13.1 python-requests/2.33.1 CPython/3.12.3"
199.19.213.226 - - [17/Apr/2026:03:15:13 +0000] "GET /placement/allocations/9c2e6514-d654-477e-95e9-7c22c1c7c783 HTTP/1.1" 200 3275 "-" "nova-compute keystoneauth1/5.13.1 python-requests/2.33.1 CPython/3.12.3"
199.19.213.226 - - [17/Apr/2026:03:15:13 +0000] "GET /placement/allocations/c1bb3944-5cc9-4656-9501-ac00a60f8fbe HTTP/1.1" 200 3275 "-" "nova-compute keystoneauth1/5.13.1 python-requests/2.33.1 CPython/3.12.3"
172.24.5.170 - - [17/Apr/2026:03:15:43 +0000] "GET /volume/v3/volumes/detail HTTP/1.1" 200 2988 "-" "cinder-csi-plugin/v1.32.0 gophercloud/v2.5.0"
199.19.213.226 - - [17/Apr/2026:03:16:14 +0000] "GET /identity/v3/auth/tokens HTTP/1.1" 200 8100 "-" "python-keystoneclient"
199.19.213.226 - - [17/Apr/2026:03:16:14 +0000] "GET /placement/resource_providers/b7f3a145-872b-4acb-bb23-9427f95da88e/allocations HTTP/1.1" 200 3302 "-" "nova-compute keystoneauth1/5.13.1 python-requests/2.33.1 CPython/3.12.3"
199.19.213.226 - - [17/Apr/2026:03:16:14 +0000] "GET /placement/resource_providers?in_tree=b7f3a145-872b-4acb-bb23-9427f95da88e HTTP/1.1" 200 3816 "-" "nova-compute keystoneauth1/5.13.1 python-requests/2.33.1 CPython/3.12.3"
199.19.213.226 - - [17/Apr/2026:03:16:14 +0000] "GET /placement/resource_providers/b7f3a145-872b-4acb-bb23-9427f95da88e/inventories HTTP/1.1" 200 3344 "-" "nova-compute keystoneauth1/5.13.1 python-requests/2.33.1 CPython/3.12.3"
199.19.213.226 - - [17/Apr/2026:03:16:14 +0000] "GET /placement/resource_providers/b7f3a145-872b-4acb-bb23-9427f95da88e/aggregates HTTP/1.1" 200 3068 "-" "nova-compute keystoneauth1/5.13.1 python-requests/2.33.1 CPython/3.12.3"
199.19.213.226 - - [17/Apr/2026:03:16:14 +0000] "GET /placement/resource_providers/b7f3a145-872b-4acb-bb23-9427f95da88e/traits HTTP/1.1" 200 5008 "-" "nova-compute keystoneauth1/5.13.1 python-requests/2.33.1 CPython/3.12.3"
199.19.213.226 - - [17/Apr/2026:03:16:14 +0000] "GET /placement/resource_providers/b7f3a145-872b-4acb-bb23-9427f95da88e/allocations HTTP/1.1" 200 3302 "-" "nova-compute keystoneauth1/5.13.1 python-requests/2.33.1 CPython/3.12.3"
199.19.213.226 - - [17/Apr/2026:03:16:14 +0000] "GET /placement/allocations/176e5724-eb85-49b5-9c06-5fb14fda55c6 HTTP/1.1" 200 3275 "-" "nova-compute keystoneauth1/5.13.1 python-requests/2.33.1 CPython/3.12.3"
199.19.213.226 - - [17/Apr/2026:03:16:15 +0000] "GET /placement/allocations/9c2e6514-d654-477e-95e9-7c22c1c7c783 HTTP/1.1" 200 3275 "-" "nova-compute keystoneauth1/5.13.1 python-requests/2.33.1 CPython/3.12.3"
199.19.213.226 - - [17/Apr/2026:03:16:15 +0000] "GET /placement/allocations/c1bb3944-5cc9-4656-9501-ac00a60f8fbe HTTP/1.1" 200 3275 "-" "nova-compute keystoneauth1/5.13.1 python-requests/2.33.1 CPython/3.12.3"
172.24.5.170 - - [17/Apr/2026:03:16:43 +0000] "GET /volume/v3/volumes/detail HTTP/1.1" 200 2988 "-" "cinder-csi-plugin/v1.32.0 gophercloud/v2.5.0"
172.18.0.2 - - [17/Apr/2026:03:16:58 +0000] "GET /networking/v2.0/networks/d50d3f84-4c5c-4eb8-9bb6-31658e841bf9 HTTP/1.1" 200 3502 "-" "cluster-api-provider-openstack/v0.12.4 gophercloud/v2.7.0"
172.18.0.2 - - [17/Apr/2026:03:16:58 +0000] "GET /networking/v2.0/networks?name=k8s-clusterapi-cluster-magnum-system-kube-0ony8 HTTP/1.1" 200 3490 "-" "cluster-api-provider-openstack/v0.12.4 gophercloud/v2.7.0"
172.18.0.2 - - [17/Apr/2026:03:16:58 +0000] "GET /networking/v2.0/subnets?cidr=192.168.24.0%2F24&network_id=28b26266-1925-4659-a8fb-85945540f73f HTTP/1.1" 200 3614 "-" "cluster-api-provider-openstack/v0.12.4 gophercloud/v2.7.0"
172.18.0.2 - - [17/Apr/2026:03:16:59 +0000] "GET /networking/v2.0/routers/b9a193b5-d090-4bde-866e-820e3d2baff7 HTTP/1.1" 200 4063 "-" "cluster-api-provider-openstack/v0.12.4 gophercloud/v2.7.0"
172.18.0.2 - - [17/Apr/2026:03:16:59 +0000] "GET /networking/v2.0/ports?device_id=b9a193b5-d090-4bde-866e-820e3d2baff7 HTTP/1.1" 200 3569 "-" "cluster-api-provider-openstack/v0.12.4 gophercloud/v2.7.0"
172.18.0.2 - - [17/Apr/2026:03:16:59 +0000] "GET /networking/v2.0/security-groups?name=k8s-cluster-magnum-system-kube-0ony8-secgroup-bastion HTTP/1.1" 200 2868 "-" "cluster-api-provider-openstack/v0.12.4 gophercloud/v2.7.0"
172.18.0.2 - - [17/Apr/2026:03:16:59 +0000] "GET /networking/v2.0/security-groups?name=k8s-cluster-magnum-system-kube-0ony8-secgroup-controlplane HTTP/1.1" 200 7754 "-" "cluster-api-provider-openstack/v0.12.4 gophercloud/v2.7.0"
172.18.0.2 - - [17/Apr/2026:03:16:59 +0000] "GET /networking/v2.0/security-groups?name=k8s-cluster-magnum-system-kube-0ony8-secgroup-worker HTTP/1.1" 200 11151 "-" "cluster-api-provider-openstack/v0.12.4 gophercloud/v2.7.0"
172.18.0.2 - - [17/Apr/2026:03:16:59 +0000] "GET /networking/v2.0/floatingips?floating_ip_address=172.24.5.112 HTTP/1.1" 200 3757 "-" "cluster-api-provider-openstack/v0.12.4 gophercloud/v2.7.0"
172.18.0.2 - - [17/Apr/2026:03:16:59 +0000] "GET /compute/v2.1/ HTTP/1.1" 200 3432 "-" "cluster-api-provider-openstack/v0.12.4 gophercloud/v2.7.0"
172.18.0.2 - - [17/Apr/2026:03:16:59 +0000] "GET /compute/v2.1/os-availability-zone HTTP/1.1" 200 3137 "-" "cluster-api-provider-openstack/v0.12.4 gophercloud/v2.7.0"
199.19.213.226 - - [17/Apr/2026:03:17:16 +0000] "GET /placement/resource_providers/b7f3a145-872b-4acb-bb23-9427f95da88e/allocations HTTP/1.1" 200 3302 "-" "nova-compute keystoneauth1/5.13.1 python-requests/2.33.1 CPython/3.12.3"
199.19.213.226 - - [17/Apr/2026:03:17:16 +0000] "GET /placement/resource_providers/b7f3a145-872b-4acb-bb23-9427f95da88e/allocations HTTP/1.1" 200 3302 "-" "nova-compute keystoneauth1/5.13.1 python-requests/2.33.1 CPython/3.12.3"
199.19.213.226 - - [17/Apr/2026:03:17:16 +0000] "GET /placement/allocations/176e5724-eb85-49b5-9c06-5fb14fda55c6 HTTP/1.1" 200 3275 "-" "nova-compute keystoneauth1/5.13.1 python-requests/2.33.1 CPython/3.12.3"
199.19.213.226 - - [17/Apr/2026:03:17:16 +0000] "GET /placement/allocations/9c2e6514-d654-477e-95e9-7c22c1c7c783 HTTP/1.1" 200 3275 "-" "nova-compute keystoneauth1/5.13.1 python-requests/2.33.1 CPython/3.12.3"
199.19.213.226 - - [17/Apr/2026:03:17:16 +0000] "GET /placement/allocations/c1bb3944-5cc9-4656-9501-ac00a60f8fbe HTTP/1.1" 200 3275 "-" "nova-compute keystoneauth1/5.13.1 python-requests/2.33.1 CPython/3.12.3"
172.18.0.2 - - [17/Apr/2026:03:17:20 +0000] "GET /networking/v2.0/ports?id=908dfcd2-5955-4c70-a786-b008f3af0316&name=kube-0ony8-s5pr7-lzzhx-0&network_id=28b26266-1925-4659-a8fb-85945540f73f HTTP/1.1" 200 3679 "-" "cluster-api-provider-openstack/v0.12.4 gophercloud/v2.7.0"
172.18.0.2 - - [17/Apr/2026:03:17:20 +0000] "GET /networking/v2.0/ports?id=5f5afd45-f8d6-45fe-b591-5ae1c95a9c90&name=kube-0ony8-default-worker-gftsr-zckgg-wj8vf-0&network_id=28b26266-1925-4659-a8fb-85945540f73f HTTP/1.1" 200 3701 "-" "cluster-api-provider-openstack/v0.12.4 gophercloud/v2.7.0"
172.18.0.2 - - [17/Apr/2026:03:17:20 +0000] "GET /networking/v2.0/ports?id=3c77a678-47f0-4c71-9e5d-8bde4042e2c5&name=kube-0ony8-default-worker-gftsr-zckgg-m4nzc-0&network_id=28b26266-1925-4659-a8fb-85945540f73f HTTP/1.1" 200 3701 "-" "cluster-api-provider-openstack/v0.12.4 gophercloud/v2.7.0"
172.18.0.2 - - [17/Apr/2026:03:17:20 +0000] "GET /compute/v2.1/ HTTP/1.1" 200 3432 "-" "cluster-api-provider-openstack/v0.12.4 gophercloud/v2.7.0"
172.18.0.2 - - [17/Apr/2026:03:17:20 +0000] "GET /compute/v2.1/ HTTP/1.1" 200 3432 "-" "cluster-api-provider-openstack/v0.12.4 gophercloud/v2.7.0"
172.18.0.2 - - [17/Apr/2026:03:17:20 +0000] "GET /compute/v2.1/ HTTP/1.1" 200 3432 "-" "cluster-api-provider-openstack/v0.12.4 gophercloud/v2.7.0"
199.19.213.226 - - [17/Apr/2026:03:17:20 +0000] "GET /networking/v2.0/ports?device_id=c1bb3944-5cc9-4656-9501-ac00a60f8fbe HTTP/1.1" 200 3732 "-" "python-neutronclient"
199.19.213.226 - - [17/Apr/2026:03:17:20 +0000] "GET /networking/v2.0/ports?device_id=176e5724-eb85-49b5-9c06-5fb14fda55c6 HTTP/1.1" 200 3732 "-" "python-neutronclient"
199.19.213.226 - - [17/Apr/2026:03:17:20 +0000] "GET /networking/v2.0/ports?device_id=9c2e6514-d654-477e-95e9-7c22c1c7c783 HTTP/1.1" 200 3710 "-" "python-neutronclient"
199.19.213.226 - - [17/Apr/2026:03:17:20 +0000] "GET /networking/v2.0/security-groups?id=fcff0917-89ee-4ad0-9580-4452e06c3797&fields=id&fields=name HTTP/1.1" 200 3010 "-" "python-neutronclient"
172.18.0.2 - - [17/Apr/2026:03:17:20 +0000] "GET /compute/v2.1/servers/c1bb3944-5cc9-4656-9501-ac00a60f8fbe HTTP/1.1" 200 4646 "-" "cluster-api-provider-openstack/v0.12.4 gophercloud/v2.7.0"
199.19.213.226 - - [17/Apr/2026:03:17:20 +0000] "GET /networking/v2.0/security-groups?id=1dfcf36a-a7ef-4822-9887-a0506bdaabbc&fields=id&fields=name HTTP/1.1" 200 3016 "-" "python-neutronclient"
199.19.213.226 - - [17/Apr/2026:03:17:20 +0000] "GET /networking/v2.0/security-groups?id=fcff0917-89ee-4ad0-9580-4452e06c3797&fields=id&fields=name HTTP/1.1" 200 3010 "-" "python-neutronclient"
172.18.0.2 - - [17/Apr/2026:03:17:20 +0000] "GET /compute/v2.1/servers/9c2e6514-d654-477e-95e9-7c22c1c7c783 HTTP/1.1" 200 4630 "-" "cluster-api-provider-openstack/v0.12.4 gophercloud/v2.7.0"
172.18.0.2 - - [17/Apr/2026:03:17:20 +0000] "GET /compute/v2.1/servers/176e5724-eb85-49b5-9c06-5fb14fda55c6 HTTP/1.1" 200 4646 "-" "cluster-api-provider-openstack/v0.12.4 gophercloud/v2.7.0"
172.24.5.170 - - [17/Apr/2026:03:17:43 +0000] "GET /volume/v3/volumes/detail HTTP/1.1" 200 2988 "-" "cinder-csi-plugin/v1.32.0 gophercloud/v2.5.0"
199.19.213.226 - - [17/Apr/2026:03:18:18 +0000] "GET /placement/resource_providers/b7f3a145-872b-4acb-bb23-9427f95da88e/allocations HTTP/1.1" 200 3302 "-" "nova-compute keystoneauth1/5.13.1 python-requests/2.33.1 CPython/3.12.3"
199.19.213.226 - - [17/Apr/2026:03:18:18 +0000] "GET /placement/resource_providers/b7f3a145-872b-4acb-bb23-9427f95da88e/allocations HTTP/1.1" 200 3302 "-" "nova-compute keystoneauth1/5.13.1 python-requests/2.33.1 CPython/3.12.3"
199.19.213.226 - - [17/Apr/2026:03:18:18 +0000] "GET /placement/allocations/176e5724-eb85-49b5-9c06-5fb14fda55c6 HTTP/1.1" 200 3275 "-" "nova-compute keystoneauth1/5.13.1 python-requests/2.33.1 CPython/3.12.3"
199.19.213.226 - - [17/Apr/2026:03:18:18 +0000] "GET /placement/allocations/9c2e6514-d654-477e-95e9-7c22c1c7c783 HTTP/1.1" 200 3275 "-" "nova-compute keystoneauth1/5.13.1 python-requests/2.33.1 CPython/3.12.3"
199.19.213.226 - - [17/Apr/2026:03:18:18 +0000] "GET /placement/allocations/c1bb3944-5cc9-4656-9501-ac00a60f8fbe HTTP/1.1" 200 3275 "-" "nova-compute keystoneauth1/5.13.1 python-requests/2.33.1 CPython/3.12.3"
172.18.0.2 - - [17/Apr/2026:03:18:21 +0000] "GET /compute/v2.1/ HTTP/1.1" 200 3432 "-" "cluster-api-provider-openstack/v0.12.4 gophercloud/v2.7.0"
172.18.0.2 - - [17/Apr/2026:03:18:21 +0000] "GET /compute/v2.1/ HTTP/1.1" 200 3432 "-" "cluster-api-provider-openstack/v0.12.4 gophercloud/v2.7.0"
172.18.0.2 - - [17/Apr/2026:03:18:21 +0000] "GET /compute/v2.1/ HTTP/1.1" 200 3432 "-" "cluster-api-provider-openstack/v0.12.4 gophercloud/v2.7.0"
199.19.213.226 - - [17/Apr/2026:03:18:21 +0000] "GET /networking/v2.0/ports?device_id=176e5724-eb85-49b5-9c06-5fb14fda55c6 HTTP/1.1" 200 3732 "-" "python-neutronclient"
199.19.213.226 - - [17/Apr/2026:03:18:21 +0000] "GET /networking/v2.0/ports?device_id=c1bb3944-5cc9-4656-9501-ac00a60f8fbe HTTP/1.1" 200 3732 "-" "python-neutronclient"
199.19.213.226 - - [17/Apr/2026:03:18:21 +0000] "GET /networking/v2.0/ports?device_id=9c2e6514-d654-477e-95e9-7c22c1c7c783 HTTP/1.1" 200 3710 "-" "python-neutronclient"
199.19.213.226 - - [17/Apr/2026:03:18:21 +0000] "GET /networking/v2.0/security-groups?id=fcff0917-89ee-4ad0-9580-4452e06c3797&fields=id&fields=name HTTP/1.1" 200 3010 "-" "python-neutronclient"
199.19.213.226 - - [17/Apr/2026:03:18:21 +0000] "GET /networking/v2.0/security-groups?id=fcff0917-89ee-4ad0-9580-4452e06c3797&fields=id&fields=name HTTP/1.1" 200 3010 "-" "python-neutronclient"
172.18.0.2 - - [17/Apr/2026:03:18:21 +0000] "GET /compute/v2.1/servers/176e5724-eb85-49b5-9c06-5fb14fda55c6 HTTP/1.1" 200 4646 "-" "cluster-api-provider-openstack/v0.12.4 gophercloud/v2.7.0"
172.18.0.2 - - [17/Apr/2026:03:18:21 +0000] "GET /compute/v2.1/servers/c1bb3944-5cc9-4656-9501-ac00a60f8fbe HTTP/1.1" 200 4646 "-" "cluster-api-provider-openstack/v0.12.4 gophercloud/v2.7.0"
199.19.213.226 - - [17/Apr/2026:03:18:21 +0000] "GET /networking/v2.0/security-groups?id=1dfcf36a-a7ef-4822-9887-a0506bdaabbc&fields=id&fields=name HTTP/1.1" 200 3016 "-" "python-neutronclient"
172.18.0.2 - - [17/Apr/2026:03:18:21 +0000] "GET /compute/v2.1/servers/9c2e6514-d654-477e-95e9-7c22c1c7c783 HTTP/1.1" 200 4630 "-" "cluster-api-provider-openstack/v0.12.4 gophercloud/v2.7.0"
172.24.5.170 - - [17/Apr/2026:03:18:43 +0000] "GET /volume/v3/volumes/detail HTTP/1.1" 200 2988 "-" "cinder-csi-plugin/v1.32.0 gophercloud/v2.5.0"
172.24.5.170 - - [17/Apr/2026:03:19:12 +0000] "GET /networking/ HTTP/1.1" 200 2910 "-" "openstack-cloud-controller-manager/v1.34.1 gophercloud/v2.8.0"
199.19.213.226 - - [17/Apr/2026:03:19:12 +0000] "GET /identity/v3/auth/tokens HTTP/1.1" 200 8226 "-" "python-keystoneclient"
199.19.213.226 - - [17/Apr/2026:03:19:12 +0000] "GET /identity/v3/auth/tokens HTTP/1.1" 200 8100 "-" "python-keystoneclient"
199.19.213.226 - - [17/Apr/2026:03:19:12 +0000] "GET /networking/v2.0/ports?device_id=176e5724-eb85-49b5-9c06-5fb14fda55c6 HTTP/1.1" 200 3732 "-" "python-neutronclient"
199.19.213.226 - - [17/Apr/2026:03:19:12 +0000] "GET /networking/v2.0/security-groups?id=fcff0917-89ee-4ad0-9580-4452e06c3797&fields=id&fields=name HTTP/1.1" 200 3010 "-" "python-neutronclient"
172.24.5.170 - - [17/Apr/2026:03:19:12 +0000] "GET /compute/v2.1/servers/176e5724-eb85-49b5-9c06-5fb14fda55c6 HTTP/1.1" 200 4594 "-" "openstack-cloud-controller-manager/v1.34.1 gophercloud/v2.8.0"
172.24.5.170 - - [17/Apr/2026:03:19:12 +0000] "GET /compute/v2.1/flavors/4 HTTP/1.1" 200 3412 "-" "openstack-cloud-controller-manager/v1.34.1 gophercloud/v2.8.0"
172.24.5.170 - - [17/Apr/2026:03:19:12 +0000] "GET /networking/v2.0/ports?device_id=176e5724-eb85-49b5-9c06-5fb14fda55c6 HTTP/1.1" 200 3701 "-" "openstack-cloud-controller-manager/v1.34.1 gophercloud/v2.8.0"
172.24.5.170 - - [17/Apr/2026:03:19:12 +0000] "GET /networking/ HTTP/1.1" 200 2910 "-" "openstack-cloud-controller-manager/v1.34.1 gophercloud/v2.8.0"
199.19.213.226 - - [17/Apr/2026:03:19:13 +0000] "GET /networking/v2.0/ports?device_id=c1bb3944-5cc9-4656-9501-ac00a60f8fbe HTTP/1.1" 200 3732 "-" "python-neutronclient"
199.19.213.226 - - [17/Apr/2026:03:19:13 +0000] "GET /networking/v2.0/security-groups?id=fcff0917-89ee-4ad0-9580-4452e06c3797&fields=id&fields=name HTTP/1.1" 200 3010 "-" "python-neutronclient"
172.24.5.170 - - [17/Apr/2026:03:19:13 +0000] "GET /compute/v2.1/servers/c1bb3944-5cc9-4656-9501-ac00a60f8fbe HTTP/1.1" 200 4594 "-" "openstack-cloud-controller-manager/v1.34.1 gophercloud/v2.8.0"
172.24.5.170 - - [17/Apr/2026:03:19:13 +0000] "GET /compute/v2.1/flavors/4 HTTP/1.1" 200 3412 "-" "openstack-cloud-controller-manager/v1.34.1 gophercloud/v2.8.0"
172.24.5.170 - - [17/Apr/2026:03:19:13 +0000] "GET /networking/v2.0/ports?device_id=c1bb3944-5cc9-4656-9501-ac00a60f8fbe HTTP/1.1" 200 3701 "-" "openstack-cloud-controller-manager/v1.34.1 gophercloud/v2.8.0"
172.24.5.170 - - [17/Apr/2026:03:19:13 +0000] "GET /networking/ HTTP/1.1" 200 2910 "-" "openstack-cloud-controller-manager/v1.34.1 gophercloud/v2.8.0"
199.19.213.226 - - [17/Apr/2026:03:19:13 +0000] "GET /networking/v2.0/ports?device_id=9c2e6514-d654-477e-95e9-7c22c1c7c783 HTTP/1.1" 200 3710 "-" "python-neutronclient"
199.19.213.226 - - [17/Apr/2026:03:19:13 +0000] "GET /networking/v2.0/security-groups?id=1dfcf36a-a7ef-4822-9887-a0506bdaabbc&fields=id&fields=name HTTP/1.1" 200 3016 "-" "python-neutronclient"
172.24.5.170 - - [17/Apr/2026:03:19:13 +0000] "GET /compute/v2.1/servers/9c2e6514-d654-477e-95e9-7c22c1c7c783 HTTP/1.1" 200 4578 "-" "openstack-cloud-controller-manager/v1.34.1 gophercloud/v2.8.0"
172.24.5.170 - - [17/Apr/2026:03:19:13 +0000] "GET /compute/v2.1/flavors/4 HTTP/1.1" 200 3412 "-" "openstack-cloud-controller-manager/v1.34.1 gophercloud/v2.8.0"
172.24.5.170 - - [17/Apr/2026:03:19:13 +0000] "GET /networking/v2.0/ports?device_id=9c2e6514-d654-477e-95e9-7c22c1c7c783 HTTP/1.1" 200 3679 "-" "openstack-cloud-controller-manager/v1.34.1 gophercloud/v2.8.0"
199.19.213.226 - - [17/Apr/2026:03:19:20 +0000] "GET /placement/resource_providers/b7f3a145-872b-4acb-bb23-9427f95da88e/allocations HTTP/1.1" 200 3302 "-" "nova-compute keystoneauth1/5.13.1 python-requests/2.33.1 CPython/3.12.3"
199.19.213.226 - - [17/Apr/2026:03:19:20 +0000] "GET /placement/resource_providers/b7f3a145-872b-4acb-bb23-9427f95da88e/allocations HTTP/1.1" 200 3302 "-" "nova-compute keystoneauth1/5.13.1 python-requests/2.33.1 CPython/3.12.3"
199.19.213.226 - - [17/Apr/2026:03:19:20 +0000] "GET /placement/allocations/176e5724-eb85-49b5-9c06-5fb14fda55c6 HTTP/1.1" 200 3275 "-" "nova-compute keystoneauth1/5.13.1 python-requests/2.33.1 CPython/3.12.3"
199.19.213.226 - - [17/Apr/2026:03:19:20 +0000] "GET /placement/allocations/9c2e6514-d654-477e-95e9-7c22c1c7c783 HTTP/1.1" 200 3275 "-" "nova-compute keystoneauth1/5.13.1 python-requests/2.33.1 CPython/3.12.3"
199.19.213.226 - - [17/Apr/2026:03:19:20 +0000] "GET /placement/allocations/c1bb3944-5cc9-4656-9501-ac00a60f8fbe HTTP/1.1" 200 3275 "-" "nova-compute keystoneauth1/5.13.1 python-requests/2.33.1 CPython/3.12.3"
199.19.213.226 - - [17/Apr/2026:03:19:43 +0000] "GET /identity HTTP/1.1" 300 3232 "-" "cinder/28.1.0.dev27 keystonemiddleware.auth_token/12.0.0 keystoneauth1/5.13.1 python-requests/2.33.1 CPython/3.12.3"
199.19.213.226 - - [17/Apr/2026:03:19:43 +0000] "POST /identity/v3/auth/tokens HTTP/1.1" 201 7922 "-" "cinder/28.1.0.dev27 keystonemiddleware.auth_token/12.0.0 keystoneauth1/5.13.1 python-requests/2.33.1 CPython/3.12.3"
199.19.213.226 - - [17/Apr/2026:03:19:43 +0000] "GET /identity/v3/auth/tokens HTTP/1.1" 200 8226 "-" "python-keystoneclient"
172.24.5.170 - - [17/Apr/2026:03:19:43 +0000] "GET /volume/v3/volumes/detail HTTP/1.1" 200 2988 "-" "cinder-csi-plugin/v1.32.0 gophercloud/v2.5.0"
199.19.213.226 - - [17/Apr/2026:03:20:20 +0000] "GET /placement/resource_providers/b7f3a145-872b-4acb-bb23-9427f95da88e/allocations HTTP/1.1" 200 3302 "-" "nova-compute keystoneauth1/5.13.1 python-requests/2.33.1 CPython/3.12.3"
199.19.213.226 - - [17/Apr/2026:03:20:20 +0000] "GET /placement/resource_providers/b7f3a145-872b-4acb-bb23-9427f95da88e/allocations HTTP/1.1" 200 3302 "-" "nova-compute keystoneauth1/5.13.1 python-requests/2.33.1 CPython/3.12.3"
199.19.213.226 - - [17/Apr/2026:03:20:20 +0000] "GET /placement/allocations/176e5724-eb85-49b5-9c06-5fb14fda55c6 HTTP/1.1" 200 3275 "-" "nova-compute keystoneauth1/5.13.1 python-requests/2.33.1 CPython/3.12.3"
199.19.213.226 - - [17/Apr/2026:03:20:20 +0000] "GET /placement/allocations/9c2e6514-d654-477e-95e9-7c22c1c7c783 HTTP/1.1" 200 3275 "-" "nova-compute keystoneauth1/5.13.1 python-requests/2.33.1 CPython/3.12.3"
199.19.213.226 - - [17/Apr/2026:03:20:20 +0000] "GET /placement/allocations/c1bb3944-5cc9-4656-9501-ac00a60f8fbe HTTP/1.1" 200 3275 "-" "nova-compute keystoneauth1/5.13.1 python-requests/2.33.1 CPython/3.12.3"
172.24.5.170 - - [17/Apr/2026:03:20:43 +0000] "GET /volume/v3/volumes/detail HTTP/1.1" 200 2988 "-" "cinder-csi-plugin/v1.32.0 gophercloud/v2.5.0"
199.19.213.226 - - [17/Apr/2026:03:21:22 +0000] "GET /identity/v3/auth/tokens HTTP/1.1" 200 8100 "-" "python-keystoneclient"
199.19.213.226 - - [17/Apr/2026:03:21:22 +0000] "GET /placement/resource_providers/b7f3a145-872b-4acb-bb23-9427f95da88e/allocations HTTP/1.1" 200 3302 "-" "nova-compute keystoneauth1/5.13.1 python-requests/2.33.1 CPython/3.12.3"
199.19.213.226 - - [17/Apr/2026:03:21:22 +0000] "GET /placement/resource_providers?in_tree=b7f3a145-872b-4acb-bb23-9427f95da88e HTTP/1.1" 200 3816 "-" "nova-compute keystoneauth1/5.13.1 python-requests/2.33.1 CPython/3.12.3"
199.19.213.226 - - [17/Apr/2026:03:21:22 +0000] "GET /placement/resource_providers/b7f3a145-872b-4acb-bb23-9427f95da88e/inventories HTTP/1.1" 200 3344 "-" "nova-compute keystoneauth1/5.13.1 python-requests/2.33.1 CPython/3.12.3"
199.19.213.226 - - [17/Apr/2026:03:21:22 +0000] "GET /placement/resource_providers/b7f3a145-872b-4acb-bb23-9427f95da88e/aggregates HTTP/1.1" 200 3068 "-" "nova-compute keystoneauth1/5.13.1 python-requests/2.33.1 CPython/3.12.3"
199.19.213.226 - - [17/Apr/2026:03:21:22 +0000] "GET /placement/resource_providers/b7f3a145-872b-4acb-bb23-9427f95da88e/traits HTTP/1.1" 200 5008 "-" "nova-compute keystoneauth1/5.13.1 python-requests/2.33.1 CPython/3.12.3"
199.19.213.226 - - [17/Apr/2026:03:21:22 +0000] "GET /placement/resource_providers/b7f3a145-872b-4acb-bb23-9427f95da88e/allocations HTTP/1.1" 200 3302 "-" "nova-compute keystoneauth1/5.13.1 python-requests/2.33.1 CPython/3.12.3"
199.19.213.226 - - [17/Apr/2026:03:21:22 +0000] "GET /placement/allocations/176e5724-eb85-49b5-9c06-5fb14fda55c6 HTTP/1.1" 200 3275 "-" "nova-compute keystoneauth1/5.13.1 python-requests/2.33.1 CPython/3.12.3"
199.19.213.226 - - [17/Apr/2026:03:21:23 +0000] "GET /placement/allocations/9c2e6514-d654-477e-95e9-7c22c1c7c783 HTTP/1.1" 200 3275 "-" "nova-compute keystoneauth1/5.13.1 python-requests/2.33.1 CPython/3.12.3"
199.19.213.226 - - [17/Apr/2026:03:21:23 +0000] "GET /placement/allocations/c1bb3944-5cc9-4656-9501-ac00a60f8fbe HTTP/1.1" 200 3275 "-" "nova-compute keystoneauth1/5.13.1 python-requests/2.33.1 CPython/3.12.3"
172.24.5.170 - - [17/Apr/2026:03:21:44 +0000] "GET /volume/v3/volumes/detail HTTP/1.1" 200 2988 "-" "cinder-csi-plugin/v1.32.0 gophercloud/v2.5.0"
199.19.213.226 - - [17/Apr/2026:03:22:22 +0000] "GET /placement/resource_providers/b7f3a145-872b-4acb-bb23-9427f95da88e/allocations HTTP/1.1" 200 3302 "-" "nova-compute keystoneauth1/5.13.1 python-requests/2.33.1 CPython/3.12.3"
199.19.213.226 - - [17/Apr/2026:03:22:22 +0000] "GET /placement/resource_providers/b7f3a145-872b-4acb-bb23-9427f95da88e/allocations HTTP/1.1" 200 3302 "-" "nova-compute keystoneauth1/5.13.1 python-requests/2.33.1 CPython/3.12.3"
199.19.213.226 - - [17/Apr/2026:03:22:22 +0000] "GET /placement/allocations/176e5724-eb85-49b5-9c06-5fb14fda55c6 HTTP/1.1" 200 3275 "-" "nova-compute keystoneauth1/5.13.1 python-requests/2.33.1 CPython/3.12.3"
199.19.213.226 - - [17/Apr/2026:03:22:22 +0000] "GET /placement/allocations/9c2e6514-d654-477e-95e9-7c22c1c7c783 HTTP/1.1" 200 3275 "-" "nova-compute keystoneauth1/5.13.1 python-requests/2.33.1 CPython/3.12.3"
199.19.213.226 - - [17/Apr/2026:03:22:22 +0000] "GET /placement/allocations/c1bb3944-5cc9-4656-9501-ac00a60f8fbe HTTP/1.1" 200 3275 "-" "nova-compute keystoneauth1/5.13.1 python-requests/2.33.1 CPython/3.12.3"
172.24.5.170 - - [17/Apr/2026:03:22:44 +0000] "GET /volume/v3/volumes/detail HTTP/1.1" 200 2988 "-" "cinder-csi-plugin/v1.32.0 gophercloud/v2.5.0"
199.19.213.226 - - [17/Apr/2026:03:23:23 +0000] "GET /placement/resource_providers/b7f3a145-872b-4acb-bb23-9427f95da88e/allocations HTTP/1.1" 200 3302 "-" "nova-compute keystoneauth1/5.13.1 python-requests/2.33.1 CPython/3.12.3"
199.19.213.226 - - [17/Apr/2026:03:23:23 +0000] "GET /placement/resource_providers/b7f3a145-872b-4acb-bb23-9427f95da88e/allocations HTTP/1.1" 200 3302 "-" "nova-compute keystoneauth1/5.13.1 python-requests/2.33.1 CPython/3.12.3"
199.19.213.226 - - [17/Apr/2026:03:23:23 +0000] "GET /placement/allocations/176e5724-eb85-49b5-9c06-5fb14fda55c6 HTTP/1.1" 200 3275 "-" "nova-compute keystoneauth1/5.13.1 python-requests/2.33.1 CPython/3.12.3"
199.19.213.226 - - [17/Apr/2026:03:23:23 +0000] "GET /placement/allocations/9c2e6514-d654-477e-95e9-7c22c1c7c783 HTTP/1.1" 200 3275 "-" "nova-compute keystoneauth1/5.13.1 python-requests/2.33.1 CPython/3.12.3"
199.19.213.226 - - [17/Apr/2026:03:23:23 +0000] "GET /placement/allocations/c1bb3944-5cc9-4656-9501-ac00a60f8fbe HTTP/1.1" 200 3275 "-" "nova-compute keystoneauth1/5.13.1 python-requests/2.33.1 CPython/3.12.3"
172.24.5.170 - - [17/Apr/2026:03:23:44 +0000] "GET /volume/v3/volumes/detail HTTP/1.1" 200 2988 "-" "cinder-csi-plugin/v1.32.0 gophercloud/v2.5.0"
172.24.5.170 - - [17/Apr/2026:03:24:13 +0000] "GET /networking/ HTTP/1.1" 200 2910 "-" "openstack-cloud-controller-manager/v1.34.1 gophercloud/v2.8.0"
199.19.213.226 - - [17/Apr/2026:03:24:13 +0000] "GET /identity/v3/auth/tokens HTTP/1.1" 200 8226 "-" "python-keystoneclient"
199.19.213.226 - - [17/Apr/2026:03:24:13 +0000] "GET /identity/v3/auth/tokens HTTP/1.1" 200 8100 "-" "python-keystoneclient"
199.19.213.226 - - [17/Apr/2026:03:24:13 +0000] "GET /networking/v2.0/ports?device_id=9c2e6514-d654-477e-95e9-7c22c1c7c783 HTTP/1.1" 200 3710 "-" "python-neutronclient"
199.19.213.226 - - [17/Apr/2026:03:24:13 +0000] "GET /networking/v2.0/security-groups?id=1dfcf36a-a7ef-4822-9887-a0506bdaabbc&fields=id&fields=name HTTP/1.1" 200 3016 "-" "python-neutronclient"
172.24.5.170 - - [17/Apr/2026:03:24:13 +0000] "GET /compute/v2.1/servers/9c2e6514-d654-477e-95e9-7c22c1c7c783 HTTP/1.1" 200 4578 "-" "openstack-cloud-controller-manager/v1.34.1 gophercloud/v2.8.0"
172.24.5.170 - - [17/Apr/2026:03:24:13 +0000] "GET /compute/v2.1/flavors/4 HTTP/1.1" 200 3412 "-" "openstack-cloud-controller-manager/v1.34.1 gophercloud/v2.8.0"
172.24.5.170 - - [17/Apr/2026:03:24:13 +0000] "GET /networking/v2.0/ports?device_id=9c2e6514-d654-477e-95e9-7c22c1c7c783 HTTP/1.1" 200 3679 "-" "openstack-cloud-controller-manager/v1.34.1 gophercloud/v2.8.0"
172.24.5.170 - - [17/Apr/2026:03:24:14 +0000] "GET /networking/ HTTP/1.1" 200 2910 "-" "openstack-cloud-controller-manager/v1.34.1 gophercloud/v2.8.0"
199.19.213.226 - - [17/Apr/2026:03:24:14 +0000] "GET /identity/v3/auth/tokens HTTP/1.1" 200 8100 "-" "python-keystoneclient"
199.19.213.226 - - [17/Apr/2026:03:24:14 +0000] "GET /networking/v2.0/ports?device_id=176e5724-eb85-49b5-9c06-5fb14fda55c6 HTTP/1.1" 200 3732 "-" "python-neutronclient"
199.19.213.226 - - [17/Apr/2026:03:24:14 +0000] "GET /networking/v2.0/security-groups?id=fcff0917-89ee-4ad0-9580-4452e06c3797&fields=id&fields=name HTTP/1.1" 200 3010 "-" "python-neutronclient"
172.24.5.170 - - [17/Apr/2026:03:24:14 +0000] "GET /compute/v2.1/servers/176e5724-eb85-49b5-9c06-5fb14fda55c6 HTTP/1.1" 200 4594 "-" "openstack-cloud-controller-manager/v1.34.1 gophercloud/v2.8.0"
172.24.5.170 - - [17/Apr/2026:03:24:14 +0000] "GET /compute/v2.1/flavors/4 HTTP/1.1" 200 3412 "-" "openstack-cloud-controller-manager/v1.34.1 gophercloud/v2.8.0"
172.24.5.170 - - [17/Apr/2026:03:24:14 +0000] "GET /networking/v2.0/ports?device_id=176e5724-eb85-49b5-9c06-5fb14fda55c6 HTTP/1.1" 200 3701 "-" "openstack-cloud-controller-manager/v1.34.1 gophercloud/v2.8.0"
172.24.5.170 - - [17/Apr/2026:03:24:14 +0000] "GET /networking/ HTTP/1.1" 200 2910 "-" "openstack-cloud-controller-manager/v1.34.1 gophercloud/v2.8.0"
199.19.213.226 - - [17/Apr/2026:03:24:14 +0000] "GET /networking/v2.0/ports?device_id=c1bb3944-5cc9-4656-9501-ac00a60f8fbe HTTP/1.1" 200 3732 "-" "python-neutronclient"
199.19.213.226 - - [17/Apr/2026:03:24:14 +0000] "GET /networking/v2.0/security-groups?id=fcff0917-89ee-4ad0-9580-4452e06c3797&fields=id&fields=name HTTP/1.1" 200 3010 "-" "python-neutronclient"
172.24.5.170 - - [17/Apr/2026:03:24:14 +0000] "GET /compute/v2.1/servers/c1bb3944-5cc9-4656-9501-ac00a60f8fbe HTTP/1.1" 200 4594 "-" "openstack-cloud-controller-manager/v1.34.1 gophercloud/v2.8.0"
172.24.5.170 - - [17/Apr/2026:03:24:14 +0000] "GET /compute/v2.1/flavors/4 HTTP/1.1" 200 3412 "-" "openstack-cloud-controller-manager/v1.34.1 gophercloud/v2.8.0"
172.24.5.170 - - [17/Apr/2026:03:24:14 +0000] "GET /networking/v2.0/ports?device_id=c1bb3944-5cc9-4656-9501-ac00a60f8fbe HTTP/1.1" 200 3701 "-" "openstack-cloud-controller-manager/v1.34.1 gophercloud/v2.8.0"
172.18.0.2 - - [17/Apr/2026:03:24:16 +0000] "GET /compute/v2.1/ HTTP/1.1" 200 3432 "-" "cluster-api-provider-openstack/v0.12.4 gophercloud/v2.7.0"
172.18.0.2 - - [17/Apr/2026:03:24:16 +0000] "GET /compute/v2.1/ HTTP/1.1" 200 3432 "-" "cluster-api-provider-openstack/v0.12.4 gophercloud/v2.7.0"
172.18.0.2 - - [17/Apr/2026:03:24:16 +0000] "GET /compute/v2.1/ HTTP/1.1" 200 3432 "-" "cluster-api-provider-openstack/v0.12.4 gophercloud/v2.7.0"
199.19.213.226 - - [17/Apr/2026:03:24:16 +0000] "GET /identity/v3/auth/tokens HTTP/1.1" 200 8226 "-" "python-keystoneclient"
199.19.213.226 - - [17/Apr/2026:03:24:16 +0000] "GET /identity/v3/auth/tokens HTTP/1.1" 200 8226 "-" "python-keystoneclient"
199.19.213.226 - - [17/Apr/2026:03:24:16 +0000] "GET /identity/v3/auth/tokens HTTP/1.1" 200 8226 "-" "python-keystoneclient"
199.19.213.226 - - [17/Apr/2026:03:24:16 +0000] "GET /identity/v3/auth/tokens HTTP/1.1" 200 8100 "-" "python-keystoneclient"
199.19.213.226 - - [17/Apr/2026:03:24:16 +0000] "GET /identity/v3/auth/tokens HTTP/1.1" 200 8100 "-" "python-keystoneclient"
199.19.213.226 - - [17/Apr/2026:03:24:16 +0000] "GET /networking/v2.0/ports?device_id=c1bb3944-5cc9-4656-9501-ac00a60f8fbe HTTP/1.1" 200 3732 "-" "python-neutronclient"
199.19.213.226 - - [17/Apr/2026:03:24:16 +0000] "GET /networking/v2.0/ports?device_id=9c2e6514-d654-477e-95e9-7c22c1c7c783 HTTP/1.1" 200 3710 "-" "python-neutronclient"
199.19.213.226 - - [17/Apr/2026:03:24:16 +0000] "GET /networking/v2.0/ports?device_id=176e5724-eb85-49b5-9c06-5fb14fda55c6 HTTP/1.1" 200 3732 "-" "python-neutronclient"
199.19.213.226 - - [17/Apr/2026:03:24:16 +0000] "GET /networking/v2.0/security-groups?id=1dfcf36a-a7ef-4822-9887-a0506bdaabbc&fields=id&fields=name HTTP/1.1" 200 3016 "-" "python-neutronclient"
199.19.213.226 - - [17/Apr/2026:03:24:16 +0000] "GET /networking/v2.0/security-groups?id=fcff0917-89ee-4ad0-9580-4452e06c3797&fields=id&fields=name HTTP/1.1" 200 3010 "-" "python-neutronclient"
172.18.0.2 - - [17/Apr/2026:03:24:16 +0000] "GET /compute/v2.1/servers/c1bb3944-5cc9-4656-9501-ac00a60f8fbe HTTP/1.1" 200 4646 "-" "cluster-api-provider-openstack/v0.12.4 gophercloud/v2.7.0"
172.18.0.2 - - [17/Apr/2026:03:24:16 +0000] "GET /compute/v2.1/servers/9c2e6514-d654-477e-95e9-7c22c1c7c783 HTTP/1.1" 200 4630 "-" "cluster-api-provider-openstack/v0.12.4 gophercloud/v2.7.0"
199.19.213.226 - - [17/Apr/2026:03:24:16 +0000] "GET /networking/v2.0/security-groups?id=fcff0917-89ee-4ad0-9580-4452e06c3797&fields=id&fields=name HTTP/1.1" 200 3010 "-" "python-neutronclient"
172.18.0.2 - - [17/Apr/2026:03:24:16 +0000] "GET /compute/v2.1/servers/176e5724-eb85-49b5-9c06-5fb14fda55c6 HTTP/1.1" 200 4646 "-" "cluster-api-provider-openstack/v0.12.4 gophercloud/v2.7.0"
199.19.213.226 - - [17/Apr/2026:03:24:23 +0000] "GET /placement/resource_providers/b7f3a145-872b-4acb-bb23-9427f95da88e/allocations HTTP/1.1" 200 3302 "-" "nova-compute keystoneauth1/5.13.1 python-requests/2.33.1 CPython/3.12.3"
199.19.213.226 - - [17/Apr/2026:03:24:23 +0000] "GET /placement/resource_providers/b7f3a145-872b-4acb-bb23-9427f95da88e/allocations HTTP/1.1" 200 3302 "-" "nova-compute keystoneauth1/5.13.1 python-requests/2.33.1 CPython/3.12.3"
199.19.213.226 - - [17/Apr/2026:03:24:23 +0000] "GET /placement/allocations/176e5724-eb85-49b5-9c06-5fb14fda55c6 HTTP/1.1" 200 3275 "-" "nova-compute keystoneauth1/5.13.1 python-requests/2.33.1 CPython/3.12.3"
199.19.213.226 - - [17/Apr/2026:03:24:23 +0000] "GET /placement/allocations/9c2e6514-d654-477e-95e9-7c22c1c7c783 HTTP/1.1" 200 3275 "-" "nova-compute keystoneauth1/5.13.1 python-requests/2.33.1 CPython/3.12.3"
199.19.213.226 - - [17/Apr/2026:03:24:23 +0000] "GET /placement/allocations/c1bb3944-5cc9-4656-9501-ac00a60f8fbe HTTP/1.1" 200 3275 "-" "nova-compute keystoneauth1/5.13.1 python-requests/2.33.1 CPython/3.12.3"
199.19.213.226 - - [17/Apr/2026:03:24:44 +0000] "GET /identity/v3/auth/tokens HTTP/1.1" 200 8226 "-" "python-keystoneclient"
172.24.5.170 - - [17/Apr/2026:03:24:44 +0000] "GET /volume/v3/volumes/detail HTTP/1.1" 200 2988 "-" "cinder-csi-plugin/v1.32.0 gophercloud/v2.5.0"
199.19.213.226 - - [17/Apr/2026:03:25:23 +0000] "GET /placement/resource_providers/b7f3a145-872b-4acb-bb23-9427f95da88e/allocations HTTP/1.1" 200 3302 "-" "nova-compute keystoneauth1/5.13.1 python-requests/2.33.1 CPython/3.12.3"
199.19.213.226 - - [17/Apr/2026:03:25:23 +0000] "GET /placement/resource_providers/b7f3a145-872b-4acb-bb23-9427f95da88e/allocations HTTP/1.1" 200 3302 "-" "nova-compute keystoneauth1/5.13.1 python-requests/2.33.1 CPython/3.12.3"
199.19.213.226 - - [17/Apr/2026:03:25:23 +0000] "GET /placement/allocations/176e5724-eb85-49b5-9c06-5fb14fda55c6 HTTP/1.1" 200 3275 "-" "nova-compute keystoneauth1/5.13.1 python-requests/2.33.1 CPython/3.12.3"
199.19.213.226 - - [17/Apr/2026:03:25:23 +0000] "GET /placement/allocations/9c2e6514-d654-477e-95e9-7c22c1c7c783 HTTP/1.1" 200 3275 "-" "nova-compute keystoneauth1/5.13.1 python-requests/2.33.1 CPython/3.12.3"
199.19.213.226 - - [17/Apr/2026:03:25:23 +0000] "GET /placement/allocations/c1bb3944-5cc9-4656-9501-ac00a60f8fbe HTTP/1.1" 200 3275 "-" "nova-compute keystoneauth1/5.13.1 python-requests/2.33.1 CPython/3.12.3"
