199.19.213.226 - - [17/Apr/2026:03:01:20 +0000] "POST /identity/v3/auth/tokens HTTP/1.1" 201 7632 "-" "uwsgi keystoneauth1/5.13.1 python-requests/2.33.1 CPython/3.12.3"
199.19.213.226 - - [17/Apr/2026:03:01:20 +0000] "POST /identity/v3/auth/tokens HTTP/1.1" 201 7632 "-" "uwsgi keystoneauth1/5.13.1 python-requests/2.33.1 CPython/3.12.3"
199.19.213.226 - - [17/Apr/2026:03:01:20 +0000] "GET /container-infra/v1/clusters/k8s-cluster HTTP/1.1" 200 4891 "-" "python-urllib3/2.6.3"
199.19.213.226 - - [17/Apr/2026:03:01:26 +0000] "GET /identity HTTP/1.1" 300 3232 "-" "openstacksdk/4.11.0 keystoneauth1/5.13.1 python-requests/2.33.1 CPython/3.12.3"
199.19.213.226 - - [17/Apr/2026:03:01:26 +0000] "POST /identity/v3/auth/tokens HTTP/1.1" 201 8058 "-" "openstacksdk/4.11.0 keystoneauth1/5.13.1 python-requests/2.33.1 CPython/3.12.3"
199.19.213.226 - - [17/Apr/2026:03:01:27 +0000] "GET /identity/v3/auth/tokens HTTP/1.1" 200 8053 "-" "python-keystoneclient"
199.19.213.226 - - [17/Apr/2026:03:01:27 +0000] "POST /identity/v3/auth/tokens HTTP/1.1" 201 7632 "-" "uwsgi keystoneauth1/5.13.1 python-requests/2.33.1 CPython/3.12.3"
199.19.213.226 - - [17/Apr/2026:03:01:27 +0000] "POST /identity/v3/auth/tokens HTTP/1.1" 201 7632 "-" "uwsgi keystoneauth1/5.13.1 python-requests/2.33.1 CPython/3.12.3"
199.19.213.226 - - [17/Apr/2026:03:01:27 +0000] "GET /container-infra/v1/clusters/k8s-cluster HTTP/1.1" 200 4891 "-" "python-urllib3/2.6.3"
199.19.213.226 - - [17/Apr/2026:03:01:33 +0000] "GET /identity HTTP/1.1" 300 3232 "-" "openstacksdk/4.11.0 keystoneauth1/5.13.1 python-requests/2.33.1 CPython/3.12.3"
199.19.213.226 - - [17/Apr/2026:03:01:33 +0000] "POST /identity/v3/auth/tokens HTTP/1.1" 201 8058 "-" "openstacksdk/4.11.0 keystoneauth1/5.13.1 python-requests/2.33.1 CPython/3.12.3"
199.19.213.226 - - [17/Apr/2026:03:01:34 +0000] "GET /identity/v3/auth/tokens HTTP/1.1" 200 8053 "-" "python-keystoneclient"
199.19.213.226 - - [17/Apr/2026:03:01:34 +0000] "POST /identity/v3/auth/tokens HTTP/1.1" 201 7632 "-" "uwsgi keystoneauth1/5.13.1 python-requests/2.33.1 CPython/3.12.3"
199.19.213.226 - - [17/Apr/2026:03:01:34 +0000] "POST /identity/v3/auth/tokens HTTP/1.1" 201 7632 "-" "uwsgi keystoneauth1/5.13.1 python-requests/2.33.1 CPython/3.12.3"
199.19.213.226 - - [17/Apr/2026:03:01:34 +0000] "GET /container-infra/v1/clusters/k8s-cluster HTTP/1.1" 200 4891 "-" "python-urllib3/2.6.3"
199.19.213.226 - - [17/Apr/2026:03:01:40 +0000] "GET /identity HTTP/1.1" 300 3232 "-" "openstacksdk/4.11.0 keystoneauth1/5.13.1 python-requests/2.33.1 CPython/3.12.3"
199.19.213.226 - - [17/Apr/2026:03:01:40 +0000] "POST /identity/v3/auth/tokens HTTP/1.1" 201 8058 "-" "openstacksdk/4.11.0 keystoneauth1/5.13.1 python-requests/2.33.1 CPython/3.12.3"
199.19.213.226 - - [17/Apr/2026:03:01:40 +0000] "GET /identity/v3/auth/tokens HTTP/1.1" 200 8053 "-" "python-keystoneclient"
199.19.213.226 - - [17/Apr/2026:03:01:41 +0000] "POST /identity/v3/auth/tokens HTTP/1.1" 201 7632 "-" "uwsgi keystoneauth1/5.13.1 python-requests/2.33.1 CPython/3.12.3"
199.19.213.226 - - [17/Apr/2026:03:01:41 +0000] "POST /identity/v3/auth/tokens HTTP/1.1" 201 7632 "-" "uwsgi keystoneauth1/5.13.1 python-requests/2.33.1 CPython/3.12.3"
199.19.213.226 - - [17/Apr/2026:03:01:40 +0000] "GET /container-infra/v1/clusters/k8s-cluster HTTP/1.1" 200 4891 "-" "python-urllib3/2.6.3"
199.19.213.226 - - [17/Apr/2026:03:01:47 +0000] "GET /identity HTTP/1.1" 300 3232 "-" "openstacksdk/4.11.0 keystoneauth1/5.13.1 python-requests/2.33.1 CPython/3.12.3"
199.19.213.226 - - [17/Apr/2026:03:01:47 +0000] "POST /identity/v3/auth/tokens HTTP/1.1" 201 8058 "-" "openstacksdk/4.11.0 keystoneauth1/5.13.1 python-requests/2.33.1 CPython/3.12.3"
199.19.213.226 - - [17/Apr/2026:03:01:47 +0000] "GET /identity/v3/auth/tokens HTTP/1.1" 200 8053 "-" "python-keystoneclient"
199.19.213.226 - - [17/Apr/2026:03:01:47 +0000] "POST /identity/v3/auth/tokens HTTP/1.1" 201 7632 "-" "uwsgi keystoneauth1/5.13.1 python-requests/2.33.1 CPython/3.12.3"
199.19.213.226 - - [17/Apr/2026:03:01:47 +0000] "POST /identity/v3/auth/tokens HTTP/1.1" 201 7632 "-" "uwsgi keystoneauth1/5.13.1 python-requests/2.33.1 CPython/3.12.3"
199.19.213.226 - - [17/Apr/2026:03:01:47 +0000] "GET /container-infra/v1/clusters/k8s-cluster HTTP/1.1" 200 4891 "-" "python-urllib3/2.6.3"
199.19.213.226 - - [17/Apr/2026:03:01:54 +0000] "GET /identity HTTP/1.1" 300 3232 "-" "openstacksdk/4.11.0 keystoneauth1/5.13.1 python-requests/2.33.1 CPython/3.12.3"
199.19.213.226 - - [17/Apr/2026:03:01:54 +0000] "POST /identity/v3/auth/tokens HTTP/1.1" 201 8058 "-" "openstacksdk/4.11.0 keystoneauth1/5.13.1 python-requests/2.33.1 CPython/3.12.3"
199.19.213.226 - - [17/Apr/2026:03:01:54 +0000] "GET /identity/v3/auth/tokens HTTP/1.1" 200 8053 "-" "python-keystoneclient"
199.19.213.226 - - [17/Apr/2026:03:01:54 +0000] "POST /identity/v3/auth/tokens HTTP/1.1" 201 7632 "-" "uwsgi keystoneauth1/5.13.1 python-requests/2.33.1 CPython/3.12.3"
199.19.213.226 - - [17/Apr/2026:03:01:54 +0000] "POST /identity/v3/auth/tokens HTTP/1.1" 201 7632 "-" "uwsgi keystoneauth1/5.13.1 python-requests/2.33.1 CPython/3.12.3"
199.19.213.226 - - [17/Apr/2026:03:01:54 +0000] "GET /container-infra/v1/clusters/k8s-cluster HTTP/1.1" 200 4891 "-" "python-urllib3/2.6.3"
199.19.213.226 - - [17/Apr/2026:03:01:56 +0000] "GET /placement/resource_providers/b7f3a145-872b-4acb-bb23-9427f95da88e/allocations HTTP/1.1" 200 3098 "-" "nova-compute keystoneauth1/5.13.1 python-requests/2.33.1 CPython/3.12.3"
199.19.213.226 - - [17/Apr/2026:03:01:56 +0000] "GET /placement/resource_providers/b7f3a145-872b-4acb-bb23-9427f95da88e/allocations HTTP/1.1" 200 3098 "-" "nova-compute keystoneauth1/5.13.1 python-requests/2.33.1 CPython/3.12.3"
199.19.213.226 - - [17/Apr/2026:03:01:56 +0000] "GET /placement/allocations/9c2e6514-d654-477e-95e9-7c22c1c7c783 HTTP/1.1" 200 3275 "-" "nova-compute keystoneauth1/5.13.1 python-requests/2.33.1 CPython/3.12.3"
199.19.213.226 - - [17/Apr/2026:03:02:01 +0000] "GET /identity HTTP/1.1" 300 3232 "-" "openstacksdk/4.11.0 keystoneauth1/5.13.1 python-requests/2.33.1 CPython/3.12.3"
199.19.213.226 - - [17/Apr/2026:03:02:01 +0000] "POST /identity/v3/auth/tokens HTTP/1.1" 201 8058 "-" "openstacksdk/4.11.0 keystoneauth1/5.13.1 python-requests/2.33.1 CPython/3.12.3"
199.19.213.226 - - [17/Apr/2026:03:02:01 +0000] "GET /identity/v3/auth/tokens HTTP/1.1" 200 8053 "-" "python-keystoneclient"
199.19.213.226 - - [17/Apr/2026:03:02:01 +0000] "POST /identity/v3/auth/tokens HTTP/1.1" 201 7632 "-" "uwsgi keystoneauth1/5.13.1 python-requests/2.33.1 CPython/3.12.3"
199.19.213.226 - - [17/Apr/2026:03:02:01 +0000] "POST /identity/v3/auth/tokens HTTP/1.1" 201 7632 "-" "uwsgi keystoneauth1/5.13.1 python-requests/2.33.1 CPython/3.12.3"
199.19.213.226 - - [17/Apr/2026:03:02:01 +0000] "GET /container-infra/v1/clusters/k8s-cluster HTTP/1.1" 200 4891 "-" "python-urllib3/2.6.3"
199.19.213.226 - - [17/Apr/2026:03:02:07 +0000] "GET /identity HTTP/1.1" 300 3232 "-" "openstacksdk/4.11.0 keystoneauth1/5.13.1 python-requests/2.33.1 CPython/3.12.3"
199.19.213.226 - - [17/Apr/2026:03:02:07 +0000] "POST /identity/v3/auth/tokens HTTP/1.1" 201 8058 "-" "openstacksdk/4.11.0 keystoneauth1/5.13.1 python-requests/2.33.1 CPython/3.12.3"
199.19.213.226 - - [17/Apr/2026:03:02:08 +0000] "GET /identity/v3/auth/tokens HTTP/1.1" 200 8053 "-" "python-keystoneclient"
199.19.213.226 - - [17/Apr/2026:03:02:08 +0000] "POST /identity/v3/auth/tokens HTTP/1.1" 201 7632 "-" "uwsgi keystoneauth1/5.13.1 python-requests/2.33.1 CPython/3.12.3"
199.19.213.226 - - [17/Apr/2026:03:02:08 +0000] "POST /identity/v3/auth/tokens HTTP/1.1" 201 7632 "-" "uwsgi keystoneauth1/5.13.1 python-requests/2.33.1 CPython/3.12.3"
199.19.213.226 - - [17/Apr/2026:03:02:08 +0000] "GET /container-infra/v1/clusters/k8s-cluster HTTP/1.1" 200 4891 "-" "python-urllib3/2.6.3"
199.19.213.226 - - [17/Apr/2026:03:02:14 +0000] "GET /identity HTTP/1.1" 300 3232 "-" "openstacksdk/4.11.0 keystoneauth1/5.13.1 python-requests/2.33.1 CPython/3.12.3"
199.19.213.226 - - [17/Apr/2026:03:02:14 +0000] "POST /identity/v3/auth/tokens HTTP/1.1" 201 8058 "-" "openstacksdk/4.11.0 keystoneauth1/5.13.1 python-requests/2.33.1 CPython/3.12.3"
199.19.213.226 - - [17/Apr/2026:03:02:15 +0000] "GET /identity/v3/auth/tokens HTTP/1.1" 200 8053 "-" "python-keystoneclient"
199.19.213.226 - - [17/Apr/2026:03:02:15 +0000] "POST /identity/v3/auth/tokens HTTP/1.1" 201 7632 "-" "uwsgi keystoneauth1/5.13.1 python-requests/2.33.1 CPython/3.12.3"
199.19.213.226 - - [17/Apr/2026:03:02:15 +0000] "POST /identity/v3/auth/tokens HTTP/1.1" 201 7632 "-" "uwsgi keystoneauth1/5.13.1 python-requests/2.33.1 CPython/3.12.3"
199.19.213.226 - - [17/Apr/2026:03:02:15 +0000] "GET /container-infra/v1/clusters/k8s-cluster HTTP/1.1" 200 4891 "-" "python-urllib3/2.6.3"
199.19.213.226 - - [17/Apr/2026:03:02:21 +0000] "GET /identity HTTP/1.1" 300 3232 "-" "openstacksdk/4.11.0 keystoneauth1/5.13.1 python-requests/2.33.1 CPython/3.12.3"
199.19.213.226 - - [17/Apr/2026:03:02:21 +0000] "POST /identity/v3/auth/tokens HTTP/1.1" 201 8058 "-" "openstacksdk/4.11.0 keystoneauth1/5.13.1 python-requests/2.33.1 CPython/3.12.3"
199.19.213.226 - - [17/Apr/2026:03:02:22 +0000] "GET /identity/v3/auth/tokens HTTP/1.1" 200 8053 "-" "python-keystoneclient"
199.19.213.226 - - [17/Apr/2026:03:02:22 +0000] "POST /identity/v3/auth/tokens HTTP/1.1" 201 7632 "-" "uwsgi keystoneauth1/5.13.1 python-requests/2.33.1 CPython/3.12.3"
199.19.213.226 - - [17/Apr/2026:03:02:22 +0000] "POST /identity/v3/auth/tokens HTTP/1.1" 201 7632 "-" "uwsgi keystoneauth1/5.13.1 python-requests/2.33.1 CPython/3.12.3"
199.19.213.226 - - [17/Apr/2026:03:02:21 +0000] "GET /container-infra/v1/clusters/k8s-cluster HTTP/1.1" 200 4891 "-" "python-urllib3/2.6.3"
172.18.0.2 - - [17/Apr/2026:03:02:26 +0000] "GET /compute/v2.1/ HTTP/1.1" 200 3432 "-" "cluster-api-provider-openstack/v0.12.4 gophercloud/v2.7.0"
199.19.213.226 - - [17/Apr/2026:03:02:26 +0000] "GET /networking/v2.0/ports?device_id=9c2e6514-d654-477e-95e9-7c22c1c7c783 HTTP/1.1" 200 3710 "-" "python-neutronclient"
199.19.213.226 - - [17/Apr/2026:03:02:26 +0000] "GET /networking/v2.0/security-groups?id=1dfcf36a-a7ef-4822-9887-a0506bdaabbc&fields=id&fields=name HTTP/1.1" 200 3016 "-" "python-neutronclient"
172.18.0.2 - - [17/Apr/2026:03:02:26 +0000] "GET /compute/v2.1/servers/9c2e6514-d654-477e-95e9-7c22c1c7c783 HTTP/1.1" 200 4630 "-" "cluster-api-provider-openstack/v0.12.4 gophercloud/v2.7.0"
172.18.0.2 - - [17/Apr/2026:03:02:27 +0000] "GET /compute/v2.1/ HTTP/1.1" 200 3432 "-" "cluster-api-provider-openstack/v0.12.4 gophercloud/v2.7.0"
199.19.213.226 - - [17/Apr/2026:03:02:27 +0000] "GET /networking/v2.0/ports?device_id=9c2e6514-d654-477e-95e9-7c22c1c7c783 HTTP/1.1" 200 3710 "-" "python-neutronclient"
172.18.0.2 - - [17/Apr/2026:03:02:27 +0000] "GET /compute/v2.1/ HTTP/1.1" 200 3432 "-" "cluster-api-provider-openstack/v0.12.4 gophercloud/v2.7.0"
172.18.0.2 - - [17/Apr/2026:03:02:27 +0000] "GET /compute/v2.1/ HTTP/1.1" 200 3432 "-" "cluster-api-provider-openstack/v0.12.4 gophercloud/v2.7.0"
172.18.0.2 - - [17/Apr/2026:03:02:27 +0000] "GET /compute/v2.1/flavors/detail HTTP/1.1" 200 7064 "-" "cluster-api-provider-openstack/v0.12.4 gophercloud/v2.7.0"
172.18.0.2 - - [17/Apr/2026:03:02:27 +0000] "GET /compute/v2.1/flavors/detail HTTP/1.1" 200 7064 "-" "cluster-api-provider-openstack/v0.12.4 gophercloud/v2.7.0"
199.19.213.226 - - [17/Apr/2026:03:02:27 +0000] "GET /networking/v2.0/security-groups?id=1dfcf36a-a7ef-4822-9887-a0506bdaabbc&fields=id&fields=name HTTP/1.1" 200 3016 "-" "python-neutronclient"
172.18.0.2 - - [17/Apr/2026:03:02:27 +0000] "GET /compute/v2.1/servers/9c2e6514-d654-477e-95e9-7c22c1c7c783 HTTP/1.1" 200 4630 "-" "cluster-api-provider-openstack/v0.12.4 gophercloud/v2.7.0"
172.18.0.2 - - [17/Apr/2026:03:02:27 +0000] "GET /networking/v2.0/ports?name=kube-0ony8-default-worker-gftsr-zckgg-wj8vf-0&network_id=28b26266-1925-4659-a8fb-85945540f73f HTTP/1.1" 200 2857 "-" "cluster-api-provider-openstack/v0.12.4 gophercloud/v2.7.0"
172.18.0.2 - - [17/Apr/2026:03:02:27 +0000] "GET /networking/v2.0/ports?name=kube-0ony8-default-worker-gftsr-zckgg-m4nzc-0&network_id=28b26266-1925-4659-a8fb-85945540f73f HTTP/1.1" 200 2857 "-" "cluster-api-provider-openstack/v0.12.4 gophercloud/v2.7.0"
172.18.0.2 - - [17/Apr/2026:03:02:27 +0000] "GET /networking/v2.0/ports?name=kube-0ony8-default-worker-gftsr-zckgg-m4nzc-0&network_id=28b26266-1925-4659-a8fb-85945540f73f HTTP/1.1" 200 2857 "-" "cluster-api-provider-openstack/v0.12.4 gophercloud/v2.7.0"
172.18.0.2 - - [17/Apr/2026:03:02:27 +0000] "GET /networking/v2.0/ports?name=kube-0ony8-default-worker-gftsr-zckgg-wj8vf-0&network_id=28b26266-1925-4659-a8fb-85945540f73f HTTP/1.1" 200 2857 "-" "cluster-api-provider-openstack/v0.12.4 gophercloud/v2.7.0"
172.18.0.2 - - [17/Apr/2026:03:02:27 +0000] "POST /networking/v2.0/ports HTTP/1.1" 201 3653 "-" "cluster-api-provider-openstack/v0.12.4 gophercloud/v2.7.0"
172.18.0.2 - - [17/Apr/2026:03:02:27 +0000] "POST /networking/v2.0/ports HTTP/1.1" 201 3653 "-" "cluster-api-provider-openstack/v0.12.4 gophercloud/v2.7.0"
172.18.0.2 - - [17/Apr/2026:03:02:28 +0000] "GET /compute/v2.1/ HTTP/1.1" 200 3432 "-" "cluster-api-provider-openstack/v0.12.4 gophercloud/v2.7.0"
172.18.0.2 - - [17/Apr/2026:03:02:28 +0000] "GET /compute/v2.1/ HTTP/1.1" 200 3432 "-" "cluster-api-provider-openstack/v0.12.4 gophercloud/v2.7.0"
172.18.0.2 - - [17/Apr/2026:03:02:28 +0000] "GET /compute/v2.1/servers/detail?name=%5Ekube-0ony8-default-worker-gftsr-zckgg-wj8vf%24 HTTP/1.1" 200 3055 "-" "cluster-api-provider-openstack/v0.12.4 gophercloud/v2.7.0"
172.18.0.2 - - [17/Apr/2026:03:02:28 +0000] "GET /compute/v2.1/ HTTP/1.1" 200 3432 "-" "cluster-api-provider-openstack/v0.12.4 gophercloud/v2.7.0"
172.18.0.2 - - [17/Apr/2026:03:02:28 +0000] "GET /compute/v2.1/servers/detail?name=%5Ekube-0ony8-default-worker-gftsr-zckgg-m4nzc%24 HTTP/1.1" 200 3055 "-" "cluster-api-provider-openstack/v0.12.4 gophercloud/v2.7.0"
172.18.0.2 - - [17/Apr/2026:03:02:28 +0000] "GET /compute/v2.1/ HTTP/1.1" 200 3432 "-" "cluster-api-provider-openstack/v0.12.4 gophercloud/v2.7.0"
199.19.213.226 - - [17/Apr/2026:03:02:28 +0000] "GET /image HTTP/1.1" 300 4285 "-" "uwsgi keystoneauth1/5.13.1 python-requests/2.33.1 CPython/3.12.3"
199.19.213.226 - - [17/Apr/2026:03:02:28 +0000] "GET /image/v2/images/7b86a611-27c0-41c9-aa77-14265c4cf6f4 HTTP/1.1" 200 3870 "-" "python-glanceclient"
199.19.213.226 - - [17/Apr/2026:03:02:28 +0000] "GET /image/v2/images/7b86a611-27c0-41c9-aa77-14265c4cf6f4 HTTP/1.1" 200 3870 "-" "python-glanceclient"
199.19.213.226 - - [17/Apr/2026:03:02:28 +0000] "GET /image/v2/schemas/image HTTP/1.1" 200 8961 "-" "python-glanceclient"
199.19.213.226 - - [17/Apr/2026:03:02:28 +0000] "GET /image/v2/schemas/image HTTP/1.1" 200 8961 "-" "python-glanceclient"
199.19.213.226 - - [17/Apr/2026:03:02:28 +0000] "GET /identity HTTP/1.1" 300 3232 "-" "openstacksdk/4.11.0 keystoneauth1/5.13.1 python-requests/2.33.1 CPython/3.12.3"
199.19.213.226 - - [17/Apr/2026:03:02:28 +0000] "POST /identity/v3/auth/tokens HTTP/1.1" 201 8058 "-" "openstacksdk/4.11.0 keystoneauth1/5.13.1 python-requests/2.33.1 CPython/3.12.3"
199.19.213.226 - - [17/Apr/2026:03:02:28 +0000] "GET /networking/v2.0/ports/5f5afd45-f8d6-45fe-b591-5ae1c95a9c90 HTTP/1.1" 200 3679 "-" "python-neutronclient"
199.19.213.226 - - [17/Apr/2026:03:02:28 +0000] "GET /networking/v2.0/ports/3c77a678-47f0-4c71-9e5d-8bde4042e2c5 HTTP/1.1" 200 3679 "-" "python-neutronclient"
199.19.213.226 - - [17/Apr/2026:03:02:28 +0000] "GET /networking/v2.0/ports/5f5afd45-f8d6-45fe-b591-5ae1c95a9c90?fields=binding%3Avnic_type&fields=binding%3Aprofile&fields=network_id&fields=resource_request&fields=numa_affinity_policy&fields=device_profile HTTP/1.1" 200 2989 "-" "python-neutronclient"
199.19.213.226 - - [17/Apr/2026:03:02:28 +0000] "POST /identity/v3/auth/tokens HTTP/1.1" 201 8105 "-" "uwsgi keystoneauth1/5.13.1 python-requests/2.33.1 CPython/3.12.3"
199.19.213.226 - - [17/Apr/2026:03:02:28 +0000] "GET /networking/v2.0/networks/28b26266-1925-4659-a8fb-85945540f73f?fields=segments HTTP/1.1" 200 2890 "-" "python-neutronclient"
199.19.213.226 - - [17/Apr/2026:03:02:28 +0000] "GET /identity/v3/auth/tokens?allow_expired=1 HTTP/1.1" 200 8100 "-" "python-keystoneclient"
199.19.213.226 - - [17/Apr/2026:03:02:28 +0000] "GET /networking/v2.0/extensions HTTP/1.1" 200 18132 "-" "python-neutronclient"
199.19.213.226 - - [17/Apr/2026:03:02:28 +0000] "GET /networking/v2.0/networks/28b26266-1925-4659-a8fb-85945540f73f?fields=provider%3Aphysical_network&fields=provider%3Anetwork_type HTTP/1.1" 200 2955 "-" "python-neutronclient"
199.19.213.226 - - [17/Apr/2026:03:02:28 +0000] "GET /identity/v3/auth/tokens HTTP/1.1" 200 8053 "-" "python-keystoneclient"
199.19.213.226 - - [17/Apr/2026:03:02:28 +0000] "GET /networking/v2.0/ports/3c77a678-47f0-4c71-9e5d-8bde4042e2c5?fields=binding%3Avnic_type&fields=binding%3Aprofile&fields=network_id&fields=resource_request&fields=numa_affinity_policy&fields=device_profile HTTP/1.1" 200 2989 "-" "python-neutronclient"
199.19.213.226 - - [17/Apr/2026:03:02:28 +0000] "POST /identity/v3/auth/tokens HTTP/1.1" 201 7632 "-" "uwsgi keystoneauth1/5.13.1 python-requests/2.33.1 CPython/3.12.3"
199.19.213.226 - - [17/Apr/2026:03:02:29 +0000] "GET /networking/v2.0/networks/28b26266-1925-4659-a8fb-85945540f73f?fields=segments HTTP/1.1" 200 2890 "-" "python-neutronclient"
199.19.213.226 - - [17/Apr/2026:03:02:29 +0000] "POST /identity/v3/auth/tokens HTTP/1.1" 201 7632 "-" "uwsgi keystoneauth1/5.13.1 python-requests/2.33.1 CPython/3.12.3"
199.19.213.226 - - [17/Apr/2026:03:02:28 +0000] "GET /container-infra/v1/clusters/k8s-cluster HTTP/1.1" 200 4891 "-" "python-urllib3/2.6.3"
199.19.213.226 - - [17/Apr/2026:03:02:29 +0000] "GET /networking/v2.0/networks/28b26266-1925-4659-a8fb-85945540f73f?fields=provider%3Aphysical_network&fields=provider%3Anetwork_type HTTP/1.1" 200 2955 "-" "python-neutronclient"
199.19.213.226 - - [17/Apr/2026:03:02:29 +0000] "GET /networking/v2.0/ports/3c77a678-47f0-4c71-9e5d-8bde4042e2c5 HTTP/1.1" 200 3679 "-" "python-neutronclient"
199.19.213.226 - - [17/Apr/2026:03:02:28 +0000] "GET /networking/v2.0/ports/5f5afd45-f8d6-45fe-b591-5ae1c95a9c90 HTTP/1.1" 200 3679 "-" "python-neutronclient"
172.18.0.2 - - [17/Apr/2026:03:02:28 +0000] "POST /compute/v2.1/servers HTTP/1.1" 202 3527 "-" "cluster-api-provider-openstack/v0.12.4 gophercloud/v2.7.0"
172.18.0.2 - - [17/Apr/2026:03:02:29 +0000] "GET /networking/v2.0/ports?id=3c77a678-47f0-4c71-9e5d-8bde4042e2c5&name=kube-0ony8-default-worker-gftsr-zckgg-m4nzc-0&network_id=28b26266-1925-4659-a8fb-85945540f73f HTTP/1.1" 200 3651 "-" "cluster-api-provider-openstack/v0.12.4 gophercloud/v2.7.0"
172.18.0.2 - - [17/Apr/2026:03:02:29 +0000] "GET /compute/v2.1/ HTTP/1.1" 200 3432 "-" "cluster-api-provider-openstack/v0.12.4 gophercloud/v2.7.0"
199.19.213.226 - - [17/Apr/2026:03:02:29 +0000] "GET /identity HTTP/1.1" 300 3232 "-" "nova-scheduler keystoneauth1/5.13.1 python-requests/2.33.1 CPython/3.12.3"
199.19.213.226 - - [17/Apr/2026:03:02:29 +0000] "GET /networking/v2.0/ports?device_id=176e5724-eb85-49b5-9c06-5fb14fda55c6 HTTP/1.1" 200 2888 "-" "python-neutronclient"
172.18.0.2 - - [17/Apr/2026:03:02:28 +0000] "POST /compute/v2.1/servers HTTP/1.1" 202 3527 "-" "cluster-api-provider-openstack/v0.12.4 gophercloud/v2.7.0"
172.18.0.2 - - [17/Apr/2026:03:02:29 +0000] "GET /compute/v2.1/servers/176e5724-eb85-49b5-9c06-5fb14fda55c6 HTTP/1.1" 200 4315 "-" "cluster-api-provider-openstack/v0.12.4 gophercloud/v2.7.0"
199.19.213.226 - - [17/Apr/2026:03:02:29 +0000] "POST /identity/v3/auth/tokens HTTP/1.1" 201 8105 "-" "nova-scheduler keystoneauth1/5.13.1 python-requests/2.33.1 CPython/3.12.3"
172.18.0.2 - - [17/Apr/2026:03:02:29 +0000] "GET /networking/v2.0/ports?id=5f5afd45-f8d6-45fe-b591-5ae1c95a9c90&name=kube-0ony8-default-worker-gftsr-zckgg-wj8vf-0&network_id=28b26266-1925-4659-a8fb-85945540f73f HTTP/1.1" 200 3651 "-" "cluster-api-provider-openstack/v0.12.4 gophercloud/v2.7.0"
199.19.213.226 - - [17/Apr/2026:03:02:29 +0000] "GET /identity/v3/auth/tokens HTTP/1.1" 200 8100 "-" "python-keystoneclient"
172.18.0.2 - - [17/Apr/2026:03:02:29 +0000] "GET /compute/v2.1/ HTTP/1.1" 200 3432 "-" "cluster-api-provider-openstack/v0.12.4 gophercloud/v2.7.0"
172.18.0.2 - - [17/Apr/2026:03:02:29 +0000] "GET /networking/v2.0/ports?id=3c77a678-47f0-4c71-9e5d-8bde4042e2c5&name=kube-0ony8-default-worker-gftsr-zckgg-m4nzc-0&network_id=28b26266-1925-4659-a8fb-85945540f73f HTTP/1.1" 200 3651 "-" "cluster-api-provider-openstack/v0.12.4 gophercloud/v2.7.0"
172.18.0.2 - - [17/Apr/2026:03:02:29 +0000] "GET /compute/v2.1/ HTTP/1.1" 200 3432 "-" "cluster-api-provider-openstack/v0.12.4 gophercloud/v2.7.0"
199.19.213.226 - - [17/Apr/2026:03:02:29 +0000] "GET /networking/v2.0/ports/3c77a678-47f0-4c71-9e5d-8bde4042e2c5 HTTP/1.1" 200 3679 "-" "python-neutronclient"
199.19.213.226 - - [17/Apr/2026:03:02:29 +0000] "GET /identity HTTP/1.1" 300 3232 "-" "nova-scheduler keystoneauth1/5.13.1 python-requests/2.33.1 CPython/3.12.3"
199.19.213.226 - - [17/Apr/2026:03:02:29 +0000] "GET /networking/v2.0/ports?device_id=c1bb3944-5cc9-4656-9501-ac00a60f8fbe HTTP/1.1" 200 2888 "-" "python-neutronclient"
199.19.213.226 - - [17/Apr/2026:03:02:29 +0000] "GET /networking/v2.0/ports?device_id=176e5724-eb85-49b5-9c06-5fb14fda55c6 HTTP/1.1" 200 2888 "-" "python-neutronclient"
172.18.0.2 - - [17/Apr/2026:03:02:29 +0000] "GET /compute/v2.1/servers/176e5724-eb85-49b5-9c06-5fb14fda55c6 HTTP/1.1" 200 4315 "-" "cluster-api-provider-openstack/v0.12.4 gophercloud/v2.7.0"
172.18.0.2 - - [17/Apr/2026:03:02:29 +0000] "GET /compute/v2.1/servers/c1bb3944-5cc9-4656-9501-ac00a60f8fbe HTTP/1.1" 200 4315 "-" "cluster-api-provider-openstack/v0.12.4 gophercloud/v2.7.0"
199.19.213.226 - - [17/Apr/2026:03:02:29 +0000] "POST /identity/v3/auth/tokens HTTP/1.1" 201 8105 "-" "nova-scheduler keystoneauth1/5.13.1 python-requests/2.33.1 CPython/3.12.3"
199.19.213.226 - - [17/Apr/2026:03:02:29 +0000] "GET /placement/allocation_candidates?resources=DISK_GB%3A80%2CMEMORY_MB%3A8192%2CVCPU%3A4&root_required=%21COMPUTE_STATUS_DISABLED HTTP/1.1" 200 5551 "-" "nova-scheduler keystoneauth1/5.13.1 python-requests/2.33.1 CPython/3.12.3"
199.19.213.226 - - [17/Apr/2026:03:02:30 +0000] "GET /identity/v3/auth/tokens HTTP/1.1" 200 8100 "-" "python-keystoneclient"
172.18.0.2 - - [17/Apr/2026:03:02:30 +0000] "GET /networking/v2.0/ports?id=5f5afd45-f8d6-45fe-b591-5ae1c95a9c90&name=kube-0ony8-default-worker-gftsr-zckgg-wj8vf-0&network_id=28b26266-1925-4659-a8fb-85945540f73f HTTP/1.1" 200 3651 "-" "cluster-api-provider-openstack/v0.12.4 gophercloud/v2.7.0"
199.19.213.226 - - [17/Apr/2026:03:02:30 +0000] "GET /networking/v2.0/ports/5f5afd45-f8d6-45fe-b591-5ae1c95a9c90 HTTP/1.1" 200 3679 "-" "python-neutronclient"
172.18.0.2 - - [17/Apr/2026:03:02:30 +0000] "GET /compute/v2.1/ HTTP/1.1" 200 3432 "-" "cluster-api-provider-openstack/v0.12.4 gophercloud/v2.7.0"
199.19.213.226 - - [17/Apr/2026:03:02:30 +0000] "GET /placement/allocations/176e5724-eb85-49b5-9c06-5fb14fda55c6 HTTP/1.1" 200 3034 "-" "nova-scheduler keystoneauth1/5.13.1 python-requests/2.33.1 CPython/3.12.3"
199.19.213.226 - - [17/Apr/2026:03:02:30 +0000] "GET /placement/allocation_candidates?resources=DISK_GB%3A80%2CMEMORY_MB%3A8192%2CVCPU%3A4&root_required=%21COMPUTE_STATUS_DISABLED HTTP/1.1" 200 5551 "-" "nova-scheduler keystoneauth1/5.13.1 python-requests/2.33.1 CPython/3.12.3"
199.19.213.226 - - [17/Apr/2026:03:02:30 +0000] "GET /networking/v2.0/ports?device_id=c1bb3944-5cc9-4656-9501-ac00a60f8fbe HTTP/1.1" 200 2888 "-" "python-neutronclient"
172.18.0.2 - - [17/Apr/2026:03:02:30 +0000] "GET /compute/v2.1/servers/c1bb3944-5cc9-4656-9501-ac00a60f8fbe HTTP/1.1" 200 4315 "-" "cluster-api-provider-openstack/v0.12.4 gophercloud/v2.7.0"
199.19.213.226 - - [17/Apr/2026:03:02:30 +0000] "GET /placement/allocations/c1bb3944-5cc9-4656-9501-ac00a60f8fbe HTTP/1.1" 200 3034 "-" "nova-scheduler keystoneauth1/5.13.1 python-requests/2.33.1 CPython/3.12.3"
199.19.213.226 - - [17/Apr/2026:03:02:30 +0000] "PUT /placement/allocations/176e5724-eb85-49b5-9c06-5fb14fda55c6 HTTP/1.1" 204 2900 "-" "nova-scheduler keystoneauth1/5.13.1 python-requests/2.33.1 CPython/3.12.3"
199.19.213.226 - - [17/Apr/2026:03:02:30 +0000] "PUT /placement/allocations/c1bb3944-5cc9-4656-9501-ac00a60f8fbe HTTP/1.1" 204 2900 "-" "nova-scheduler keystoneauth1/5.13.1 python-requests/2.33.1 CPython/3.12.3"
199.19.213.226 - - [17/Apr/2026:03:02:31 +0000] "GET /placement/allocations/176e5724-eb85-49b5-9c06-5fb14fda55c6 HTTP/1.1" 200 3275 "-" "nova-compute keystoneauth1/5.13.1 python-requests/2.33.1 CPython/3.12.3"
199.19.213.226 - - [17/Apr/2026:03:02:32 +0000] "GET /placement/allocations/c1bb3944-5cc9-4656-9501-ac00a60f8fbe HTTP/1.1" 200 3275 "-" "nova-compute keystoneauth1/5.13.1 python-requests/2.33.1 CPython/3.12.3"
199.19.213.226 - - [17/Apr/2026:03:02:33 +0000] "GET /placement/resource_providers/b7f3a145-872b-4acb-bb23-9427f95da88e/allocations HTTP/1.1" 200 3302 "-" "nova-compute keystoneauth1/5.13.1 python-requests/2.33.1 CPython/3.12.3"
199.19.213.226 - - [17/Apr/2026:03:02:33 +0000] "GET /placement/allocations/176e5724-eb85-49b5-9c06-5fb14fda55c6 HTTP/1.1" 200 3275 "-" "nova-compute keystoneauth1/5.13.1 python-requests/2.33.1 CPython/3.12.3"
199.19.213.226 - - [17/Apr/2026:03:02:33 +0000] "GET /placement/allocations/9c2e6514-d654-477e-95e9-7c22c1c7c783 HTTP/1.1" 200 3275 "-" "nova-compute keystoneauth1/5.13.1 python-requests/2.33.1 CPython/3.12.3"
199.19.213.226 - - [17/Apr/2026:03:02:33 +0000] "GET /placement/allocations/c1bb3944-5cc9-4656-9501-ac00a60f8fbe HTTP/1.1" 200 3275 "-" "nova-compute keystoneauth1/5.13.1 python-requests/2.33.1 CPython/3.12.3"
199.19.213.226 - - [17/Apr/2026:03:02:34 +0000] "GET /networking/v2.0/ports/3c77a678-47f0-4c71-9e5d-8bde4042e2c5 HTTP/1.1" 200 3775 "-" "python-neutronclient"
199.19.213.226 - - [17/Apr/2026:03:02:34 +0000] "GET /networking/v2.0/networks?id=28b26266-1925-4659-a8fb-85945540f73f HTTP/1.1" 200 3521 "-" "python-neutronclient"
199.19.213.226 - - [17/Apr/2026:03:02:35 +0000] "GET /placement/resource_providers/b7f3a145-872b-4acb-bb23-9427f95da88e/allocations HTTP/1.1" 200 3302 "-" "nova-compute keystoneauth1/5.13.1 python-requests/2.33.1 CPython/3.12.3"
199.19.213.226 - - [17/Apr/2026:03:02:35 +0000] "GET /placement/allocations/176e5724-eb85-49b5-9c06-5fb14fda55c6 HTTP/1.1" 200 3275 "-" "nova-compute keystoneauth1/5.13.1 python-requests/2.33.1 CPython/3.12.3"
199.19.213.226 - - [17/Apr/2026:03:02:35 +0000] "GET /placement/allocations/9c2e6514-d654-477e-95e9-7c22c1c7c783 HTTP/1.1" 200 3275 "-" "nova-compute keystoneauth1/5.13.1 python-requests/2.33.1 CPython/3.12.3"
199.19.213.226 - - [17/Apr/2026:03:02:35 +0000] "GET /placement/allocations/c1bb3944-5cc9-4656-9501-ac00a60f8fbe HTTP/1.1" 200 3275 "-" "nova-compute keystoneauth1/5.13.1 python-requests/2.33.1 CPython/3.12.3"
199.19.213.226 - - [17/Apr/2026:03:02:35 +0000] "GET /identity HTTP/1.1" 300 3232 "-" "openstacksdk/4.11.0 keystoneauth1/5.13.1 python-requests/2.33.1 CPython/3.12.3"
199.19.213.226 - - [17/Apr/2026:03:02:35 +0000] "POST /identity/v3/auth/tokens HTTP/1.1" 201 8058 "-" "openstacksdk/4.11.0 keystoneauth1/5.13.1 python-requests/2.33.1 CPython/3.12.3"
199.19.213.226 - - [17/Apr/2026:03:02:35 +0000] "GET /identity/v3/auth/tokens HTTP/1.1" 200 8053 "-" "python-keystoneclient"
199.19.213.226 - - [17/Apr/2026:03:02:35 +0000] "PUT /networking/v2.0/ports/3c77a678-47f0-4c71-9e5d-8bde4042e2c5 HTTP/1.1" 200 3969 "-" "python-neutronclient"
199.19.213.226 - - [17/Apr/2026:03:02:35 +0000] "POST /identity/v3/auth/tokens HTTP/1.1" 201 7632 "-" "uwsgi keystoneauth1/5.13.1 python-requests/2.33.1 CPython/3.12.3"
199.19.213.226 - - [17/Apr/2026:03:02:35 +0000] "GET /identity HTTP/1.1" 300 3232 "-" "uwsgi keystoneauth1/5.13.1 python-requests/2.33.1 CPython/3.12.3"
199.19.213.226 - - [17/Apr/2026:03:02:35 +0000] "POST /identity/v3/auth/tokens HTTP/1.1" 201 7632 "-" "uwsgi keystoneauth1/5.13.1 python-requests/2.33.1 CPython/3.12.3"
199.19.213.226 - - [17/Apr/2026:03:02:35 +0000] "GET /container-infra/v1/clusters/k8s-cluster HTTP/1.1" 200 4891 "-" "python-urllib3/2.6.3"
199.19.213.226 - - [17/Apr/2026:03:02:35 +0000] "POST /identity/v3/auth/tokens HTTP/1.1" 201 8105 "-" "uwsgi keystoneauth1/5.13.1 python-requests/2.33.1 CPython/3.12.3"
199.19.213.226 - - [17/Apr/2026:03:02:36 +0000] "GET /identity/v3/auth/tokens HTTP/1.1" 200 8100 "-" "python-keystoneclient"
199.19.213.226 - - [17/Apr/2026:03:02:36 +0000] "POST /compute/v2.1/os-server-external-events HTTP/1.1" 200 3249 "-" "python-novaclient"
199.19.213.226 - - [17/Apr/2026:03:02:36 +0000] "GET /networking/v2.0/ports?tenant_id=3179f7604bcb49a98b3b083b9f6b1be8&device_id=176e5724-eb85-49b5-9c06-5fb14fda55c6 HTTP/1.1" 200 3972 "-" "python-neutronclient"
199.19.213.226 - - [17/Apr/2026:03:02:36 +0000] "GET /networking/v2.0/networks?tenant_id=3179f7604bcb49a98b3b083b9f6b1be8&shared=False HTTP/1.1" 200 3620 "-" "python-neutronclient"
199.19.213.226 - - [17/Apr/2026:03:02:36 +0000] "GET /networking/v2.0/networks?shared=True HTTP/1.1" 200 2891 "-" "python-neutronclient"
199.19.213.226 - - [17/Apr/2026:03:02:37 +0000] "GET /networking/v2.0/ports/5f5afd45-f8d6-45fe-b591-5ae1c95a9c90 HTTP/1.1" 200 3775 "-" "python-neutronclient"
199.19.213.226 - - [17/Apr/2026:03:02:37 +0000] "GET /networking/v2.0/networks?id=28b26266-1925-4659-a8fb-85945540f73f HTTP/1.1" 200 3521 "-" "python-neutronclient"
199.19.213.226 - - [17/Apr/2026:03:02:37 +0000] "PUT /networking/v2.0/ports/5f5afd45-f8d6-45fe-b591-5ae1c95a9c90 HTTP/1.1" 200 3969 "-" "python-neutronclient"
199.19.213.226 - - [17/Apr/2026:03:02:37 +0000] "POST /compute/v2.1/os-server-external-events HTTP/1.1" 200 3249 "-" "python-novaclient"
199.19.213.226 - - [17/Apr/2026:03:02:38 +0000] "GET /networking/v2.0/ports?tenant_id=3179f7604bcb49a98b3b083b9f6b1be8&device_id=176e5724-eb85-49b5-9c06-5fb14fda55c6 HTTP/1.1" 200 3972 "-" "python-neutronclient"
199.19.213.226 - - [17/Apr/2026:03:02:38 +0000] "GET /networking/v2.0/floatingips?fixed_ip_address=192.168.24.129&port_id=3c77a678-47f0-4c71-9e5d-8bde4042e2c5 HTTP/1.1" 200 2895 "-" "python-neutronclient"
199.19.213.226 - - [17/Apr/2026:03:02:38 +0000] "GET /networking/v2.0/subnets?id=d90e7666-9e17-4f12-905a-d21207ff2c0e HTTP/1.1" 200 3645 "-" "python-neutronclient"
199.19.213.226 - - [17/Apr/2026:03:02:38 +0000] "GET /networking/v2.0/ports?network_id=28b26266-1925-4659-a8fb-85945540f73f&device_owner=network%3Adhcp HTTP/1.1" 200 2888 "-" "python-neutronclient"
199.19.213.226 - - [17/Apr/2026:03:02:38 +0000] "GET /networking/v2.0/networks/28b26266-1925-4659-a8fb-85945540f73f?fields=segments HTTP/1.1" 200 2890 "-" "python-neutronclient"
199.19.213.226 - - [17/Apr/2026:03:02:38 +0000] "GET /networking/v2.0/networks/28b26266-1925-4659-a8fb-85945540f73f?fields=provider%3Aphysical_network&fields=provider%3Anetwork_type HTTP/1.1" 200 2955 "-" "python-neutronclient"
199.19.213.226 - - [17/Apr/2026:03:02:38 +0000] "GET /networking/v2.0/ports?tenant_id=3179f7604bcb49a98b3b083b9f6b1be8&device_id=c1bb3944-5cc9-4656-9501-ac00a60f8fbe HTTP/1.1" 200 3972 "-" "python-neutronclient"
199.19.213.226 - - [17/Apr/2026:03:02:38 +0000] "GET /networking/v2.0/networks?tenant_id=3179f7604bcb49a98b3b083b9f6b1be8&shared=False HTTP/1.1" 200 3620 "-" "python-neutronclient"
199.19.213.226 - - [17/Apr/2026:03:02:38 +0000] "GET /networking/v2.0/networks?shared=True HTTP/1.1" 200 2891 "-" "python-neutronclient"
172.18.0.2 - - [17/Apr/2026:03:02:39 +0000] "GET /networking/v2.0/ports?id=3c77a678-47f0-4c71-9e5d-8bde4042e2c5&name=kube-0ony8-default-worker-gftsr-zckgg-m4nzc-0&network_id=28b26266-1925-4659-a8fb-85945540f73f HTTP/1.1" 200 3699 "-" "cluster-api-provider-openstack/v0.12.4 gophercloud/v2.7.0"
172.18.0.2 - - [17/Apr/2026:03:02:39 +0000] "GET /compute/v2.1/ HTTP/1.1" 200 3432 "-" "cluster-api-provider-openstack/v0.12.4 gophercloud/v2.7.0"
199.19.213.226 - - [17/Apr/2026:03:02:39 +0000] "GET /networking/v2.0/ports?tenant_id=3179f7604bcb49a98b3b083b9f6b1be8&device_id=c1bb3944-5cc9-4656-9501-ac00a60f8fbe HTTP/1.1" 200 3972 "-" "python-neutronclient"
199.19.213.226 - - [17/Apr/2026:03:02:39 +0000] "GET /networking/v2.0/floatingips?fixed_ip_address=192.168.24.235&port_id=5f5afd45-f8d6-45fe-b591-5ae1c95a9c90 HTTP/1.1" 200 2895 "-" "python-neutronclient"
199.19.213.226 - - [17/Apr/2026:03:02:39 +0000] "GET /networking/v2.0/ports?device_id=176e5724-eb85-49b5-9c06-5fb14fda55c6 HTTP/1.1" 200 3730 "-" "python-neutronclient"
172.18.0.2 - - [17/Apr/2026:03:02:39 +0000] "GET /networking/v2.0/ports?id=5f5afd45-f8d6-45fe-b591-5ae1c95a9c90&name=kube-0ony8-default-worker-gftsr-zckgg-wj8vf-0&network_id=28b26266-1925-4659-a8fb-85945540f73f HTTP/1.1" 200 3699 "-" "cluster-api-provider-openstack/v0.12.4 gophercloud/v2.7.0"
172.18.0.2 - - [17/Apr/2026:03:02:39 +0000] "GET /compute/v2.1/ HTTP/1.1" 200 3432 "-" "cluster-api-provider-openstack/v0.12.4 gophercloud/v2.7.0"
199.19.213.226 - - [17/Apr/2026:03:02:39 +0000] "GET /networking/v2.0/subnets?id=d90e7666-9e17-4f12-905a-d21207ff2c0e HTTP/1.1" 200 3645 "-" "python-neutronclient"
199.19.213.226 - - [17/Apr/2026:03:02:39 +0000] "GET /networking/v2.0/security-groups?id=fcff0917-89ee-4ad0-9580-4452e06c3797&fields=id&fields=name HTTP/1.1" 200 3010 "-" "python-neutronclient"
172.18.0.2 - - [17/Apr/2026:03:02:39 +0000] "GET /compute/v2.1/servers/176e5724-eb85-49b5-9c06-5fb14fda55c6 HTTP/1.1" 200 4460 "-" "cluster-api-provider-openstack/v0.12.4 gophercloud/v2.7.0"
199.19.213.226 - - [17/Apr/2026:03:02:39 +0000] "GET /networking/v2.0/ports?network_id=28b26266-1925-4659-a8fb-85945540f73f&device_owner=network%3Adhcp HTTP/1.1" 200 2888 "-" "python-neutronclient"
199.19.213.226 - - [17/Apr/2026:03:02:39 +0000] "GET /networking/v2.0/ports?device_id=c1bb3944-5cc9-4656-9501-ac00a60f8fbe HTTP/1.1" 200 3730 "-" "python-neutronclient"
199.19.213.226 - - [17/Apr/2026:03:02:40 +0000] "GET /networking/v2.0/networks/28b26266-1925-4659-a8fb-85945540f73f?fields=segments HTTP/1.1" 200 2890 "-" "python-neutronclient"
199.19.213.226 - - [17/Apr/2026:03:02:40 +0000] "GET /networking/v2.0/security-groups?id=fcff0917-89ee-4ad0-9580-4452e06c3797&fields=id&fields=name HTTP/1.1" 200 3010 "-" "python-neutronclient"
172.18.0.2 - - [17/Apr/2026:03:02:39 +0000] "GET /compute/v2.1/servers/c1bb3944-5cc9-4656-9501-ac00a60f8fbe HTTP/1.1" 200 4460 "-" "cluster-api-provider-openstack/v0.12.4 gophercloud/v2.7.0"
199.19.213.226 - - [17/Apr/2026:03:02:40 +0000] "GET /networking/v2.0/networks/28b26266-1925-4659-a8fb-85945540f73f?fields=provider%3Aphysical_network&fields=provider%3Anetwork_type HTTP/1.1" 200 2955 "-" "python-neutronclient"
199.19.213.226 - - [17/Apr/2026:03:02:41 +0000] "POST /compute/v2.1/os-server-external-events HTTP/1.1" 200 3253 "-" "python-novaclient"
199.19.213.226 - - [17/Apr/2026:03:02:42 +0000] "GET /identity HTTP/1.1" 300 3232 "-" "openstacksdk/4.11.0 keystoneauth1/5.13.1 python-requests/2.33.1 CPython/3.12.3"
199.19.213.226 - - [17/Apr/2026:03:02:42 +0000] "POST /identity/v3/auth/tokens HTTP/1.1" 201 8058 "-" "openstacksdk/4.11.0 keystoneauth1/5.13.1 python-requests/2.33.1 CPython/3.12.3"
199.19.213.226 - - [17/Apr/2026:03:02:42 +0000] "GET /identity/v3/auth/tokens HTTP/1.1" 200 8053 "-" "python-keystoneclient"
199.19.213.226 - - [17/Apr/2026:03:02:42 +0000] "POST /identity/v3/auth/tokens HTTP/1.1" 201 7632 "-" "uwsgi keystoneauth1/5.13.1 python-requests/2.33.1 CPython/3.12.3"
199.19.213.226 - - [17/Apr/2026:03:02:42 +0000] "POST /identity/v3/auth/tokens HTTP/1.1" 201 7632 "-" "uwsgi keystoneauth1/5.13.1 python-requests/2.33.1 CPython/3.12.3"
199.19.213.226 - - [17/Apr/2026:03:02:42 +0000] "GET /container-infra/v1/clusters/k8s-cluster HTTP/1.1" 200 4891 "-" "python-urllib3/2.6.3"
199.19.213.226 - - [17/Apr/2026:03:02:43 +0000] "GET /identity HTTP/1.1" 300 3232 "-" "uwsgi keystoneauth1/5.13.1 python-requests/2.33.1 CPython/3.12.3"
199.19.213.226 - - [17/Apr/2026:03:02:43 +0000] "POST /identity/v3/auth/tokens HTTP/1.1" 201 8105 "-" "uwsgi keystoneauth1/5.13.1 python-requests/2.33.1 CPython/3.12.3"
199.19.213.226 - - [17/Apr/2026:03:02:43 +0000] "GET /identity/v3/auth/tokens HTTP/1.1" 200 8100 "-" "python-keystoneclient"
199.19.213.226 - - [17/Apr/2026:03:02:43 +0000] "POST /compute/v2.1/os-server-external-events HTTP/1.1" 200 3253 "-" "python-novaclient"
199.19.213.226 - - [17/Apr/2026:03:02:43 +0000] "POST /compute/v2.1/os-server-external-events HTTP/1.1" 200 3253 "-" "python-novaclient"
199.19.213.226 - - [17/Apr/2026:03:02:45 +0000] "POST /compute/v2.1/os-server-external-events HTTP/1.1" 200 3253 "-" "python-novaclient"
199.19.213.226 - - [17/Apr/2026:03:02:49 +0000] "GET /identity HTTP/1.1" 300 3232 "-" "openstacksdk/4.11.0 keystoneauth1/5.13.1 python-requests/2.33.1 CPython/3.12.3"
199.19.213.226 - - [17/Apr/2026:03:02:49 +0000] "POST /identity/v3/auth/tokens HTTP/1.1" 201 8058 "-" "openstacksdk/4.11.0 keystoneauth1/5.13.1 python-requests/2.33.1 CPython/3.12.3"
199.19.213.226 - - [17/Apr/2026:03:02:49 +0000] "GET /identity/v3/auth/tokens HTTP/1.1" 200 8053 "-" "python-keystoneclient"
199.19.213.226 - - [17/Apr/2026:03:02:49 +0000] "POST /identity/v3/auth/tokens HTTP/1.1" 201 7632 "-" "uwsgi keystoneauth1/5.13.1 python-requests/2.33.1 CPython/3.12.3"
199.19.213.226 - - [17/Apr/2026:03:02:49 +0000] "POST /identity/v3/auth/tokens HTTP/1.1" 201 7632 "-" "uwsgi keystoneauth1/5.13.1 python-requests/2.33.1 CPython/3.12.3"
199.19.213.226 - - [17/Apr/2026:03:02:49 +0000] "GET /container-infra/v1/clusters/k8s-cluster HTTP/1.1" 200 4891 "-" "python-urllib3/2.6.3"
172.18.0.2 - - [17/Apr/2026:03:02:49 +0000] "GET /networking/v2.0/ports?id=3c77a678-47f0-4c71-9e5d-8bde4042e2c5&name=kube-0ony8-default-worker-gftsr-zckgg-m4nzc-0&network_id=28b26266-1925-4659-a8fb-85945540f73f HTTP/1.1" 200 3701 "-" "cluster-api-provider-openstack/v0.12.4 gophercloud/v2.7.0"
172.18.0.2 - - [17/Apr/2026:03:02:50 +0000] "GET /compute/v2.1/ HTTP/1.1" 200 3432 "-" "cluster-api-provider-openstack/v0.12.4 gophercloud/v2.7.0"
172.18.0.2 - - [17/Apr/2026:03:02:50 +0000] "GET /networking/v2.0/ports?id=5f5afd45-f8d6-45fe-b591-5ae1c95a9c90&name=kube-0ony8-default-worker-gftsr-zckgg-wj8vf-0&network_id=28b26266-1925-4659-a8fb-85945540f73f HTTP/1.1" 200 3701 "-" "cluster-api-provider-openstack/v0.12.4 gophercloud/v2.7.0"
199.19.213.226 - - [17/Apr/2026:03:02:50 +0000] "GET /networking/v2.0/ports?device_id=176e5724-eb85-49b5-9c06-5fb14fda55c6 HTTP/1.1" 200 3732 "-" "python-neutronclient"
172.18.0.2 - - [17/Apr/2026:03:02:50 +0000] "GET /compute/v2.1/ HTTP/1.1" 200 3432 "-" "cluster-api-provider-openstack/v0.12.4 gophercloud/v2.7.0"
199.19.213.226 - - [17/Apr/2026:03:02:50 +0000] "GET /networking/v2.0/security-groups?id=fcff0917-89ee-4ad0-9580-4452e06c3797&fields=id&fields=name HTTP/1.1" 200 3010 "-" "python-neutronclient"
172.18.0.2 - - [17/Apr/2026:03:02:50 +0000] "GET /compute/v2.1/servers/176e5724-eb85-49b5-9c06-5fb14fda55c6 HTTP/1.1" 200 4646 "-" "cluster-api-provider-openstack/v0.12.4 gophercloud/v2.7.0"
199.19.213.226 - - [17/Apr/2026:03:02:50 +0000] "GET /networking/v2.0/ports?device_id=c1bb3944-5cc9-4656-9501-ac00a60f8fbe HTTP/1.1" 200 3732 "-" "python-neutronclient"
172.18.0.2 - - [17/Apr/2026:03:02:50 +0000] "GET /compute/v2.1/ HTTP/1.1" 200 3432 "-" "cluster-api-provider-openstack/v0.12.4 gophercloud/v2.7.0"
172.18.0.2 - - [17/Apr/2026:03:02:50 +0000] "GET /networking/v2.0/ports?id=3c77a678-47f0-4c71-9e5d-8bde4042e2c5&name=kube-0ony8-default-worker-gftsr-zckgg-m4nzc-0&network_id=28b26266-1925-4659-a8fb-85945540f73f HTTP/1.1" 200 3701 "-" "cluster-api-provider-openstack/v0.12.4 gophercloud/v2.7.0"
199.19.213.226 - - [17/Apr/2026:03:02:50 +0000] "GET /networking/v2.0/security-groups?id=fcff0917-89ee-4ad0-9580-4452e06c3797&fields=id&fields=name HTTP/1.1" 200 3010 "-" "python-neutronclient"
172.18.0.2 - - [17/Apr/2026:03:02:50 +0000] "GET /compute/v2.1/ HTTP/1.1" 200 3432 "-" "cluster-api-provider-openstack/v0.12.4 gophercloud/v2.7.0"
172.18.0.2 - - [17/Apr/2026:03:02:50 +0000] "GET /compute/v2.1/servers/c1bb3944-5cc9-4656-9501-ac00a60f8fbe HTTP/1.1" 200 4646 "-" "cluster-api-provider-openstack/v0.12.4 gophercloud/v2.7.0"
172.18.0.2 - - [17/Apr/2026:03:02:50 +0000] "GET /compute/v2.1/ HTTP/1.1" 200 3432 "-" "cluster-api-provider-openstack/v0.12.4 gophercloud/v2.7.0"
199.19.213.226 - - [17/Apr/2026:03:02:50 +0000] "GET /networking/v2.0/ports?device_id=176e5724-eb85-49b5-9c06-5fb14fda55c6 HTTP/1.1" 200 3732 "-" "python-neutronclient"
172.18.0.2 - - [17/Apr/2026:03:02:50 +0000] "GET /networking/v2.0/ports?id=5f5afd45-f8d6-45fe-b591-5ae1c95a9c90&name=kube-0ony8-default-worker-gftsr-zckgg-wj8vf-0&network_id=28b26266-1925-4659-a8fb-85945540f73f HTTP/1.1" 200 3701 "-" "cluster-api-provider-openstack/v0.12.4 gophercloud/v2.7.0"
172.18.0.2 - - [17/Apr/2026:03:02:50 +0000] "GET /compute/v2.1/ HTTP/1.1" 200 3432 "-" "cluster-api-provider-openstack/v0.12.4 gophercloud/v2.7.0"
199.19.213.226 - - [17/Apr/2026:03:02:50 +0000] "GET /networking/v2.0/ports?device_id=176e5724-eb85-49b5-9c06-5fb14fda55c6 HTTP/1.1" 200 3732 "-" "python-neutronclient"
199.19.213.226 - - [17/Apr/2026:03:02:50 +0000] "GET /networking/v2.0/ports?device_id=c1bb3944-5cc9-4656-9501-ac00a60f8fbe HTTP/1.1" 200 3732 "-" "python-neutronclient"
199.19.213.226 - - [17/Apr/2026:03:02:50 +0000] "GET /networking/v2.0/security-groups?id=fcff0917-89ee-4ad0-9580-4452e06c3797&fields=id&fields=name HTTP/1.1" 200 3010 "-" "python-neutronclient"
199.19.213.226 - - [17/Apr/2026:03:02:50 +0000] "GET /networking/v2.0/security-groups?id=fcff0917-89ee-4ad0-9580-4452e06c3797&fields=id&fields=name HTTP/1.1" 200 3010 "-" "python-neutronclient"
172.18.0.2 - - [17/Apr/2026:03:02:50 +0000] "GET /compute/v2.1/servers/176e5724-eb85-49b5-9c06-5fb14fda55c6 HTTP/1.1" 200 4646 "-" "cluster-api-provider-openstack/v0.12.4 gophercloud/v2.7.0"
172.18.0.2 - - [17/Apr/2026:03:02:50 +0000] "GET /compute/v2.1/servers/176e5724-eb85-49b5-9c06-5fb14fda55c6 HTTP/1.1" 200 4646 "-" "cluster-api-provider-openstack/v0.12.4 gophercloud/v2.7.0"
199.19.213.226 - - [17/Apr/2026:03:02:50 +0000] "GET /networking/v2.0/ports?device_id=c1bb3944-5cc9-4656-9501-ac00a60f8fbe HTTP/1.1" 200 3732 "-" "python-neutronclient"
199.19.213.226 - - [17/Apr/2026:03:02:50 +0000] "GET /networking/v2.0/security-groups?id=fcff0917-89ee-4ad0-9580-4452e06c3797&fields=id&fields=name HTTP/1.1" 200 3010 "-" "python-neutronclient"
172.18.0.2 - - [17/Apr/2026:03:02:50 +0000] "GET /compute/v2.1/ HTTP/1.1" 200 3432 "-" "cluster-api-provider-openstack/v0.12.4 gophercloud/v2.7.0"
172.18.0.2 - - [17/Apr/2026:03:02:50 +0000] "GET /compute/v2.1/servers/c1bb3944-5cc9-4656-9501-ac00a60f8fbe HTTP/1.1" 200 4646 "-" "cluster-api-provider-openstack/v0.12.4 gophercloud/v2.7.0"
199.19.213.226 - - [17/Apr/2026:03:02:50 +0000] "GET /identity HTTP/1.1" 300 3232 "-" "uwsgi keystoneauth1/5.13.1 python-requests/2.33.1 CPython/3.12.3"
172.18.0.2 - - [17/Apr/2026:03:02:50 +0000] "GET /networking/v2.0/ports?id=3c77a678-47f0-4c71-9e5d-8bde4042e2c5&name=kube-0ony8-default-worker-gftsr-zckgg-m4nzc-0&network_id=28b26266-1925-4659-a8fb-85945540f73f HTTP/1.1" 200 3701 "-" "cluster-api-provider-openstack/v0.12.4 gophercloud/v2.7.0"
172.18.0.2 - - [17/Apr/2026:03:02:50 +0000] "GET /compute/v2.1/ HTTP/1.1" 200 3432 "-" "cluster-api-provider-openstack/v0.12.4 gophercloud/v2.7.0"
199.19.213.226 - - [17/Apr/2026:03:02:50 +0000] "GET /networking/v2.0/security-groups?id=fcff0917-89ee-4ad0-9580-4452e06c3797&fields=id&fields=name HTTP/1.1" 200 3010 "-" "python-neutronclient"
172.18.0.2 - - [17/Apr/2026:03:02:50 +0000] "GET /compute/v2.1/servers/c1bb3944-5cc9-4656-9501-ac00a60f8fbe HTTP/1.1" 200 4646 "-" "cluster-api-provider-openstack/v0.12.4 gophercloud/v2.7.0"
199.19.213.226 - - [17/Apr/2026:03:02:50 +0000] "POST /identity/v3/auth/tokens HTTP/1.1" 201 8105 "-" "uwsgi keystoneauth1/5.13.1 python-requests/2.33.1 CPython/3.12.3"
172.18.0.2 - - [17/Apr/2026:03:02:50 +0000] "GET /compute/v2.1/ HTTP/1.1" 200 3432 "-" "cluster-api-provider-openstack/v0.12.4 gophercloud/v2.7.0"
199.19.213.226 - - [17/Apr/2026:03:02:50 +0000] "GET /networking/v2.0/ports?device_id=176e5724-eb85-49b5-9c06-5fb14fda55c6 HTTP/1.1" 200 3732 "-" "python-neutronclient"
199.19.213.226 - - [17/Apr/2026:03:02:50 +0000] "POST /identity/v3/auth/tokens HTTP/1.1" 201 8105 "-" "uwsgi keystoneauth1/5.13.1 python-requests/2.33.1 CPython/3.12.3"
199.19.213.226 - - [17/Apr/2026:03:02:50 +0000] "GET /networking/v2.0/ports?device_id=176e5724-eb85-49b5-9c06-5fb14fda55c6 HTTP/1.1" 200 3732 "-" "python-neutronclient"
199.19.213.226 - - [17/Apr/2026:03:02:50 +0000] "GET /networking/v2.0/security-groups?id=fcff0917-89ee-4ad0-9580-4452e06c3797&fields=id&fields=name HTTP/1.1" 200 3010 "-" "python-neutronclient"
199.19.213.226 - - [17/Apr/2026:03:02:50 +0000] "GET /networking/v2.0/ports?device_id=c1bb3944-5cc9-4656-9501-ac00a60f8fbe HTTP/1.1" 200 3732 "-" "python-neutronclient"
172.18.0.2 - - [17/Apr/2026:03:02:50 +0000] "GET /compute/v2.1/servers/176e5724-eb85-49b5-9c06-5fb14fda55c6 HTTP/1.1" 200 4646 "-" "cluster-api-provider-openstack/v0.12.4 gophercloud/v2.7.0"
199.19.213.226 - - [17/Apr/2026:03:02:51 +0000] "GET /identity/v3/auth/tokens HTTP/1.1" 200 8100 "-" "python-keystoneclient"
199.19.213.226 - - [17/Apr/2026:03:02:51 +0000] "GET /identity/v3/auth/tokens?allow_expired=1 HTTP/1.1" 200 8100 "-" "python-keystoneclient"
199.19.213.226 - - [17/Apr/2026:03:02:51 +0000] "GET /networking/v2.0/security-groups?id=fcff0917-89ee-4ad0-9580-4452e06c3797&fields=id&fields=name HTTP/1.1" 200 3010 "-" "python-neutronclient"
199.19.213.226 - - [17/Apr/2026:03:02:51 +0000] "GET /networking/v2.0/security-groups?id=fcff0917-89ee-4ad0-9580-4452e06c3797&fields=id&fields=name HTTP/1.1" 200 3010 "-" "python-neutronclient"
172.18.0.2 - - [17/Apr/2026:03:02:51 +0000] "GET /compute/v2.1/ HTTP/1.1" 200 3432 "-" "cluster-api-provider-openstack/v0.12.4 gophercloud/v2.7.0"
172.18.0.2 - - [17/Apr/2026:03:02:50 +0000] "GET /compute/v2.1/servers/176e5724-eb85-49b5-9c06-5fb14fda55c6 HTTP/1.1" 200 4646 "-" "cluster-api-provider-openstack/v0.12.4 gophercloud/v2.7.0"
172.18.0.2 - - [17/Apr/2026:03:02:50 +0000] "GET /compute/v2.1/servers/c1bb3944-5cc9-4656-9501-ac00a60f8fbe HTTP/1.1" 200 4646 "-" "cluster-api-provider-openstack/v0.12.4 gophercloud/v2.7.0"
199.19.213.226 - - [17/Apr/2026:03:02:51 +0000] "GET /networking/v2.0/ports?device_id=9c2e6514-d654-477e-95e9-7c22c1c7c783 HTTP/1.1" 200 3952 "-" "python-neutronclient"
172.18.0.2 - - [17/Apr/2026:03:02:51 +0000] "GET /compute/v2.1/ HTTP/1.1" 200 3432 "-" "cluster-api-provider-openstack/v0.12.4 gophercloud/v2.7.0"
199.19.213.226 - - [17/Apr/2026:03:02:51 +0000] "GET /networking/v2.0/ports?device_id=176e5724-eb85-49b5-9c06-5fb14fda55c6 HTTP/1.1" 200 3732 "-" "python-neutronclient"
199.19.213.226 - - [17/Apr/2026:03:02:51 +0000] "GET /networking/v2.0/security-groups?id=1dfcf36a-a7ef-4822-9887-a0506bdaabbc&fields=id&fields=name HTTP/1.1" 200 3016 "-" "python-neutronclient"
199.19.213.226 - - [17/Apr/2026:03:02:51 +0000] "GET /networking/v2.0/ports?device_id=c1bb3944-5cc9-4656-9501-ac00a60f8fbe HTTP/1.1" 200 3732 "-" "python-neutronclient"
199.19.213.226 - - [17/Apr/2026:03:02:51 +0000] "GET /networking/v2.0/security-groups?id=fcff0917-89ee-4ad0-9580-4452e06c3797&fields=id&fields=name HTTP/1.1" 200 3010 "-" "python-neutronclient"
172.18.0.2 - - [17/Apr/2026:03:02:51 +0000] "GET /compute/v2.1/servers/176e5724-eb85-49b5-9c06-5fb14fda55c6 HTTP/1.1" 200 4646 "-" "cluster-api-provider-openstack/v0.12.4 gophercloud/v2.7.0"
199.19.213.226 - - [17/Apr/2026:03:02:51 +0000] "GET /networking/v2.0/security-groups?id=fcff0917-89ee-4ad0-9580-4452e06c3797&fields=id&fields=name HTTP/1.1" 200 3010 "-" "python-neutronclient"
172.18.0.2 - - [17/Apr/2026:03:02:51 +0000] "GET /compute/v2.1/servers/c1bb3944-5cc9-4656-9501-ac00a60f8fbe HTTP/1.1" 200 4646 "-" "cluster-api-provider-openstack/v0.12.4 gophercloud/v2.7.0"
172.18.0.2 - - [17/Apr/2026:03:02:51 +0000] "GET /compute/v2.1/ HTTP/1.1" 200 3432 "-" "cluster-api-provider-openstack/v0.12.4 gophercloud/v2.7.0"
199.19.213.226 - - [17/Apr/2026:03:02:51 +0000] "GET /networking/v2.0/ports?device_id=c1bb3944-5cc9-4656-9501-ac00a60f8fbe HTTP/1.1" 200 3732 "-" "python-neutronclient"
199.19.213.226 - - [17/Apr/2026:03:02:51 +0000] "GET /networking/v2.0/security-groups?id=fcff0917-89ee-4ad0-9580-4452e06c3797&fields=id&fields=name HTTP/1.1" 200 3010 "-" "python-neutronclient"
172.18.0.2 - - [17/Apr/2026:03:02:51 +0000] "GET /compute/v2.1/servers/c1bb3944-5cc9-4656-9501-ac00a60f8fbe HTTP/1.1" 200 4646 "-" "cluster-api-provider-openstack/v0.12.4 gophercloud/v2.7.0"
199.19.213.226 - - [17/Apr/2026:03:02:55 +0000] "GET /identity HTTP/1.1" 300 3232 "-" "openstacksdk/4.11.0 keystoneauth1/5.13.1 python-requests/2.33.1 CPython/3.12.3"
199.19.213.226 - - [17/Apr/2026:03:02:55 +0000] "POST /identity/v3/auth/tokens HTTP/1.1" 201 8058 "-" "openstacksdk/4.11.0 keystoneauth1/5.13.1 python-requests/2.33.1 CPython/3.12.3"
199.19.213.226 - - [17/Apr/2026:03:02:56 +0000] "GET /identity/v3/auth/tokens HTTP/1.1" 200 8053 "-" "python-keystoneclient"
199.19.213.226 - - [17/Apr/2026:03:02:56 +0000] "POST /identity/v3/auth/tokens HTTP/1.1" 201 7632 "-" "uwsgi keystoneauth1/5.13.1 python-requests/2.33.1 CPython/3.12.3"
199.19.213.226 - - [17/Apr/2026:03:02:56 +0000] "POST /identity/v3/auth/tokens HTTP/1.1" 201 7632 "-" "uwsgi keystoneauth1/5.13.1 python-requests/2.33.1 CPython/3.12.3"
199.19.213.226 - - [17/Apr/2026:03:02:56 +0000] "GET /container-infra/v1/clusters/k8s-cluster HTTP/1.1" 200 4891 "-" "python-urllib3/2.6.3"
199.19.213.226 - - [17/Apr/2026:03:02:57 +0000] "GET /placement/resource_providers/b7f3a145-872b-4acb-bb23-9427f95da88e/allocations HTTP/1.1" 200 3302 "-" "nova-compute keystoneauth1/5.13.1 python-requests/2.33.1 CPython/3.12.3"
199.19.213.226 - - [17/Apr/2026:03:02:57 +0000] "GET /placement/resource_providers/b7f3a145-872b-4acb-bb23-9427f95da88e/allocations HTTP/1.1" 200 3302 "-" "nova-compute keystoneauth1/5.13.1 python-requests/2.33.1 CPython/3.12.3"
