Apr 17 02:54:30.657720 np0000166944 systemd[1]: Starting devstack@n-api-meta.service - Devstack devstack@n-api-meta.service...
Apr 17 02:54:30.666010 np0000166944 devstack@n-api-meta.service[109316]: [uWSGI] getting INI configuration from /etc/nova/nova-metadata-uwsgi.ini
Apr 17 02:54:30.666463 np0000166944 devstack@n-api-meta.service[109316]: open("./http_plugin.so"): No such file or directory [core/utils.c line 3709]
Apr 17 02:54:30.666463 np0000166944 devstack@n-api-meta.service[109316]: !!! UNABLE to load uWSGI plugin: ./http_plugin.so: cannot open shared object file: No such file or directory !!!
Apr 17 02:54:30.666463 np0000166944 devstack@n-api-meta.service[109316]: open("./python3_plugin.so"): No such file or directory [core/utils.c line 3709]
Apr 17 02:54:30.666463 np0000166944 devstack@n-api-meta.service[109316]: !!! UNABLE to load uWSGI plugin: ./python3_plugin.so: cannot open shared object file: No such file or directory !!!
Apr 17 02:54:30.666463 np0000166944 devstack@n-api-meta.service[109316]: *** Starting uWSGI 2.0.31 (64bit) on [Fri Apr 17 02:54:30 2026] ***
Apr 17 02:54:30.666463 np0000166944 devstack@n-api-meta.service[109316]: compiled with version: 13.3.0 on 17 April 2026 02:43:24
Apr 17 02:54:30.666463 np0000166944 devstack@n-api-meta.service[109316]: os: Linux-6.8.0-110-generic #110-Ubuntu SMP PREEMPT_DYNAMIC Thu Mar 19 15:09:20 UTC 2026
Apr 17 02:54:30.666463 np0000166944 devstack@n-api-meta.service[109316]: nodename: np0000166944
Apr 17 02:54:30.666463 np0000166944 devstack@n-api-meta.service[109316]: machine: x86_64
Apr 17 02:54:30.666463 np0000166944 devstack@n-api-meta.service[109316]: clock source: unix
Apr 17 02:54:30.666463 np0000166944 devstack@n-api-meta.service[109316]: pcre jit disabled
Apr 17 02:54:30.666463 np0000166944 devstack@n-api-meta.service[109316]: detected number of CPU cores: 16
Apr 17 02:54:30.666463 np0000166944 devstack@n-api-meta.service[109316]: current working directory: /
Apr 17 02:54:30.666463 np0000166944 devstack@n-api-meta.service[109316]: detected binary path: /opt/stack/data/venv/bin/uwsgi
Apr 17 02:54:30.666463 np0000166944 devstack@n-api-meta.service[109316]: your processes number limit is 256917
Apr 17 02:54:30.666463 np0000166944 devstack@n-api-meta.service[109316]: your memory page size is 4096 bytes
Apr 17 02:54:30.666463 np0000166944 devstack@n-api-meta.service[109316]: detected max file descriptor number: 2048
Apr 17 02:54:30.666463 np0000166944 devstack@n-api-meta.service[109316]: lock engine: pthread robust mutexes
Apr 17 02:54:30.666463 np0000166944 devstack@n-api-meta.service[109316]: thunder lock: enabled
Apr 17 02:54:30.667161 np0000166944 devstack@n-api-meta.service[109316]: uWSGI http bound on 0.0.0.0:8775 fd 5
Apr 17 02:54:30.667161 np0000166944 devstack@n-api-meta.service[109316]: uwsgi socket 0 bound to TCP address 127.0.0.1:46081 (port auto-assigned) fd 4
Apr 17 02:54:30.667161 np0000166944 devstack@n-api-meta.service[109316]: Python version: 3.12.3 (main, Mar 3 2026, 12:15:18) [GCC 13.3.0]
Apr 17 02:54:30.667161 np0000166944 devstack@n-api-meta.service[109316]: PEP 405 virtualenv detected: /opt/stack/data/venv
Apr 17 02:54:30.667161 np0000166944 devstack@n-api-meta.service[109316]: Set PythonHome to /opt/stack/data/venv
Apr 17 02:54:30.704094 np0000166944 devstack@n-api-meta.service[109316]: Python main interpreter initialized at 0x7c9483ea3668
Apr 17 02:54:30.704094 np0000166944 devstack@n-api-meta.service[109316]: python threads support enabled
Apr 17 02:54:30.704094 np0000166944 devstack@n-api-meta.service[109316]: your server socket listen backlog is limited to 100 connections
Apr 17 02:54:30.704094 np0000166944 devstack@n-api-meta.service[109316]: your mercy for graceful operations on workers is 80 seconds
Apr 17 02:54:30.704842 np0000166944 devstack@n-api-meta.service[109316]: mapped 671795 bytes (656 KB) for 4 cores
Apr 17 02:54:30.705045 np0000166944 devstack@n-api-meta.service[109316]: *** Operational MODE: preforking ***
Apr 17 02:54:30.705349 np0000166944 devstack@n-api-meta.service[109316]: *** uWSGI is running in multiple interpreter mode ***
Apr 17 02:54:30.705349 np0000166944 devstack@n-api-meta.service[109316]: spawned uWSGI master process (pid: 109316)
Apr 17 02:54:30.705526 np0000166944 systemd[1]: Started devstack@n-api-meta.service - Devstack devstack@n-api-meta.service.
Apr 17 02:54:30.706344 np0000166944 devstack@n-api-meta.service[109316]: spawned uWSGI worker 1 (pid: 109317, cores: 1)
Apr 17 02:54:30.706937 np0000166944 devstack@n-api-meta.service[109316]: spawned uWSGI worker 2 (pid: 109318, cores: 1)
Apr 17 02:54:30.707541 np0000166944 devstack@n-api-meta.service[109316]: spawned uWSGI worker 3 (pid: 109319, cores: 1)
Apr 17 02:54:30.708505 np0000166944 devstack@n-api-meta.service[109316]: spawned uWSGI worker 4 (pid: 109320, cores: 1)
Apr 17 02:54:30.709116 np0000166944 devstack@n-api-meta.service[109316]: spawned uWSGI http 1 (pid: 109321)
Apr 17 02:54:30.709116 np0000166944 devstack@n-api-meta.service[109316]: running "unix_signal:15 gracefully_kill_them_all" (master-start)...
Apr 17 02:54:31.028105 np0000166944 devstack@n-api-meta.service[109318]: /opt/stack/data/venv/lib/python3.12/site-packages/oslo_concurrency/lockutils.py:41: EventletDeprecationWarning:
Apr 17 02:54:31.028105 np0000166944 devstack@n-api-meta.service[109318]: Eventlet is deprecated. It is currently being maintained in bugfix mode, and
Apr 17 02:54:31.028105 np0000166944 devstack@n-api-meta.service[109318]: we strongly recommend against using it for new projects.
Apr 17 02:54:31.028105 np0000166944 devstack@n-api-meta.service[109318]: If you are already using Eventlet, we recommend migrating to a different
Apr 17 02:54:31.028105 np0000166944 devstack@n-api-meta.service[109318]: framework. For more detail see
Apr 17 02:54:31.028105 np0000166944 devstack@n-api-meta.service[109318]: https://eventlet.readthedocs.io/en/latest/asyncio/migration.html
Apr 17 02:54:31.028105 np0000166944 devstack@n-api-meta.service[109318]: import eventlet
Apr 17 02:54:31.029739 np0000166944 devstack@n-api-meta.service[109320]: /opt/stack/data/venv/lib/python3.12/site-packages/oslo_concurrency/lockutils.py:41: EventletDeprecationWarning:
Apr 17 02:54:31.029739 np0000166944 devstack@n-api-meta.service[109320]: Eventlet is deprecated. It is currently being maintained in bugfix mode, and
Apr 17 02:54:31.029739 np0000166944 devstack@n-api-meta.service[109320]: we strongly recommend against using it for new projects.
Apr 17 02:54:31.029739 np0000166944 devstack@n-api-meta.service[109320]: If you are already using Eventlet, we recommend migrating to a different
Apr 17 02:54:31.029739 np0000166944 devstack@n-api-meta.service[109320]: framework. For more detail see
Apr 17 02:54:31.029739 np0000166944 devstack@n-api-meta.service[109320]: https://eventlet.readthedocs.io/en/latest/asyncio/migration.html
Apr 17 02:54:31.029739 np0000166944 devstack@n-api-meta.service[109320]: import eventlet
Apr 17 02:54:31.046674 np0000166944 devstack@n-api-meta.service[109319]: /opt/stack/data/venv/lib/python3.12/site-packages/oslo_concurrency/lockutils.py:41: EventletDeprecationWarning:
Apr 17 02:54:31.046674 np0000166944 devstack@n-api-meta.service[109319]: Eventlet is deprecated. It is currently being maintained in bugfix mode, and
Apr 17 02:54:31.046674 np0000166944 devstack@n-api-meta.service[109319]: we strongly recommend against using it for new projects.
Apr 17 02:54:31.046674 np0000166944 devstack@n-api-meta.service[109319]: If you are already using Eventlet, we recommend migrating to a different
Apr 17 02:54:31.046674 np0000166944 devstack@n-api-meta.service[109319]: framework. For more detail see
Apr 17 02:54:31.046674 np0000166944 devstack@n-api-meta.service[109319]: https://eventlet.readthedocs.io/en/latest/asyncio/migration.html
Apr 17 02:54:31.046674 np0000166944 devstack@n-api-meta.service[109319]: import eventlet
Apr 17 02:54:31.056495 np0000166944 devstack@n-api-meta.service[109317]: /opt/stack/data/venv/lib/python3.12/site-packages/oslo_concurrency/lockutils.py:41: EventletDeprecationWarning:
Apr 17 02:54:31.056495 np0000166944 devstack@n-api-meta.service[109317]: Eventlet is deprecated. It is currently being maintained in bugfix mode, and
Apr 17 02:54:31.056495 np0000166944 devstack@n-api-meta.service[109317]: we strongly recommend against using it for new projects.
Apr 17 02:54:31.056495 np0000166944 devstack@n-api-meta.service[109317]: If you are already using Eventlet, we recommend migrating to a different
Apr 17 02:54:31.056495 np0000166944 devstack@n-api-meta.service[109317]: framework. For more detail see
Apr 17 02:54:31.056495 np0000166944 devstack@n-api-meta.service[109317]: https://eventlet.readthedocs.io/en/latest/asyncio/migration.html
Apr 17 02:54:31.056495 np0000166944 devstack@n-api-meta.service[109317]: import eventlet
Apr 17 02:54:31.077827 np0000166944 devstack@n-api-meta.service[109318]: Service is starting with native threading. This is currently experimental. Do not use it in production without first testing it in pre-production.
Apr 17 02:54:31.081458 np0000166944 devstack@n-api-meta.service[109320]: Service is starting with native threading. This is currently experimental. Do not use it in production without first testing it in pre-production.
Apr 17 02:54:31.094733 np0000166944 devstack@n-api-meta.service[109319]: Service is starting with native threading. This is currently experimental. Do not use it in production without first testing it in pre-production.
Apr 17 02:54:31.104477 np0000166944 devstack@n-api-meta.service[109317]: Service is starting with native threading. This is currently experimental. Do not use it in production without first testing it in pre-production.
Apr 17 02:54:32.539021 np0000166944 devstack@n-api-meta.service[109319]: INFO dbcounter [None req-51e8bf3d-484b-4bb4-bfe5-5003174da0c5 None None] Registered counter for database nova_api
Apr 17 02:54:32.557056 np0000166944 devstack@n-api-meta.service[109319]: DEBUG oslo_db.sqlalchemy.engines [None req-51e8bf3d-484b-4bb4-bfe5-5003174da0c5 None None] MySQL server mode set to STRICT_TRANS_TABLES,STRICT_ALL_TABLES,NO_ZERO_IN_DATE,NO_ZERO_DATE,ERROR_FOR_DIVISION_BY_ZERO,TRADITIONAL,NO_ENGINE_SUBSTITUTION {{(pid=109319) _check_effective_sql_mode /opt/stack/data/venv/lib/python3.12/site-packages/oslo_db/sqlalchemy/engines.py:325}}
Apr 17 02:54:32.592806 np0000166944 devstack@n-api-meta.service[109319]: DEBUG dbcounter [-] [109319] Writer thread running {{(pid=109319) stat_writer /opt/stack/data/venv/lib/python3.12/site-packages/dbcounter.py:102}}
Apr 17 02:54:32.595241 np0000166944 devstack@n-api-meta.service[109319]: DEBUG nova.context [None req-51e8bf3d-484b-4bb4-bfe5-5003174da0c5 None None] Found 2 cells: 00000000-0000-0000-0000-000000000000(cell0),c6e673d1-5511-448f-b148-ca593819bbf9(cell1) {{(pid=109319) load_cells /opt/stack/nova/nova/context.py:509}}
Apr 17 02:54:32.595470 np0000166944 devstack@n-api-meta.service[109319]: INFO nova.utils [None req-51e8bf3d-484b-4bb4-bfe5-5003174da0c5 None None] The cell worker thread pool MainProcess.cell_worker is initialized
Apr 17 02:54:32.597343 np0000166944 devstack@n-api-meta.service[109319]: DEBUG oslo_concurrency.lockutils [None req-51e8bf3d-484b-4bb4-bfe5-5003174da0c5 None None] Acquiring lock "00000000-0000-0000-0000-000000000000" by "nova.context.set_target_cell..get_or_set_cached_cell_and_set_connections" {{(pid=109319) inner /opt/stack/data/venv/lib/python3.12/site-packages/oslo_concurrency/lockutils.py:506}}
Apr 17 02:54:32.597511 np0000166944 devstack@n-api-meta.service[109319]: DEBUG oslo_concurrency.lockutils [None req-51e8bf3d-484b-4bb4-bfe5-5003174da0c5 None None] Lock "00000000-0000-0000-0000-000000000000" acquired by "nova.context.set_target_cell..get_or_set_cached_cell_and_set_connections" :: waited 0.000s {{(pid=109319) inner /opt/stack/data/venv/lib/python3.12/site-packages/oslo_concurrency/lockutils.py:519}}
Apr 17 02:54:32.597859 np0000166944 devstack@n-api-meta.service[109319]: DEBUG oslo_concurrency.lockutils [None req-51e8bf3d-484b-4bb4-bfe5-5003174da0c5 None None] Lock "00000000-0000-0000-0000-000000000000" "released" by "nova.context.set_target_cell..get_or_set_cached_cell_and_set_connections" :: held 0.000s {{(pid=109319) inner /opt/stack/data/venv/lib/python3.12/site-packages/oslo_concurrency/lockutils.py:538}}
Apr 17 02:54:32.598570 np0000166944 devstack@n-api-meta.service[109319]: DEBUG oslo_concurrency.lockutils [None req-51e8bf3d-484b-4bb4-bfe5-5003174da0c5 None None] Acquiring lock "c6e673d1-5511-448f-b148-ca593819bbf9" by "nova.context.set_target_cell..get_or_set_cached_cell_and_set_connections" {{(pid=109319) inner /opt/stack/data/venv/lib/python3.12/site-packages/oslo_concurrency/lockutils.py:506}}
Apr 17 02:54:32.598724 np0000166944 devstack@n-api-meta.service[109319]: DEBUG oslo_concurrency.lockutils [None req-51e8bf3d-484b-4bb4-bfe5-5003174da0c5 None None] Lock "c6e673d1-5511-448f-b148-ca593819bbf9" acquired by "nova.context.set_target_cell..get_or_set_cached_cell_and_set_connections" :: waited 0.000s {{(pid=109319) inner /opt/stack/data/venv/lib/python3.12/site-packages/oslo_concurrency/lockutils.py:519}}
Apr 17 02:54:32.599584 np0000166944 devstack@n-api-meta.service[109319]: DEBUG oslo_concurrency.lockutils [None req-51e8bf3d-484b-4bb4-bfe5-5003174da0c5 None None] Lock "c6e673d1-5511-448f-b148-ca593819bbf9" "released" by "nova.context.set_target_cell..get_or_set_cached_cell_and_set_connections" :: held 0.001s {{(pid=109319) inner /opt/stack/data/venv/lib/python3.12/site-packages/oslo_concurrency/lockutils.py:538}}
Apr 17 02:54:32.602058 np0000166944 devstack@n-api-meta.service[109319]: INFO dbcounter [None req-51e8bf3d-484b-4bb4-bfe5-5003174da0c5 None None] Registered counter for database nova_cell0
Apr 17 02:54:32.607828 np0000166944 devstack@n-api-meta.service[109319]: INFO dbcounter [None req-51e8bf3d-484b-4bb4-bfe5-5003174da0c5 None None] Registered counter for database nova_cell1
Apr 17 02:54:32.612129 np0000166944 devstack@n-api-meta.service[109317]: INFO dbcounter [None req-be66e9c1-35f6-4b0c-bfd5-7674b2383cc3 None None] Registered counter for database nova_api
Apr 17 02:54:32.620167 np0000166944 devstack@n-api-meta.service[109319]: DEBUG oslo_db.sqlalchemy.engines [None req-51e8bf3d-484b-4bb4-bfe5-5003174da0c5 None None] MySQL server mode set to STRICT_TRANS_TABLES,STRICT_ALL_TABLES,NO_ZERO_IN_DATE,NO_ZERO_DATE,ERROR_FOR_DIVISION_BY_ZERO,TRADITIONAL,NO_ENGINE_SUBSTITUTION {{(pid=109319) _check_effective_sql_mode /opt/stack/data/venv/lib/python3.12/site-packages/oslo_db/sqlalchemy/engines.py:325}}
Apr 17 02:54:32.620408 np0000166944 devstack@n-api-meta.service[109320]: INFO dbcounter [None req-c8df3372-ea2d-46b4-907b-0250399916f4 None None] Registered counter for database nova_api
Apr 17 02:54:32.626966 np0000166944 devstack@n-api-meta.service[109317]: DEBUG oslo_db.sqlalchemy.engines [None req-be66e9c1-35f6-4b0c-bfd5-7674b2383cc3 None None] MySQL server mode set to STRICT_TRANS_TABLES,STRICT_ALL_TABLES,NO_ZERO_IN_DATE,NO_ZERO_DATE,ERROR_FOR_DIVISION_BY_ZERO,TRADITIONAL,NO_ENGINE_SUBSTITUTION {{(pid=109317) _check_effective_sql_mode /opt/stack/data/venv/lib/python3.12/site-packages/oslo_db/sqlalchemy/engines.py:325}}
Apr 17 02:54:32.628613 np0000166944 devstack@n-api-meta.service[109319]: DEBUG oslo_db.sqlalchemy.engines [None req-51e8bf3d-484b-4bb4-bfe5-5003174da0c5 None None] MySQL server mode set to STRICT_TRANS_TABLES,STRICT_ALL_TABLES,NO_ZERO_IN_DATE,NO_ZERO_DATE,ERROR_FOR_DIVISION_BY_ZERO,TRADITIONAL,NO_ENGINE_SUBSTITUTION {{(pid=109319) _check_effective_sql_mode /opt/stack/data/venv/lib/python3.12/site-packages/oslo_db/sqlalchemy/engines.py:325}}
Apr 17 02:54:32.633620 np0000166944 devstack@n-api-meta.service[109318]: INFO dbcounter [None req-ff3db9c7-68ec-4125-aa7a-f5d6a3bd8b2e None None] Registered counter for database nova_api
Apr 17 02:54:32.641089 np0000166944 devstack@n-api-meta.service[109320]: DEBUG oslo_db.sqlalchemy.engines [None req-c8df3372-ea2d-46b4-907b-0250399916f4 None None] MySQL server mode set to STRICT_TRANS_TABLES,STRICT_ALL_TABLES,NO_ZERO_IN_DATE,NO_ZERO_DATE,ERROR_FOR_DIVISION_BY_ZERO,TRADITIONAL,NO_ENGINE_SUBSTITUTION {{(pid=109320) _check_effective_sql_mode /opt/stack/data/venv/lib/python3.12/site-packages/oslo_db/sqlalchemy/engines.py:325}}
Apr 17 02:54:32.661145 np0000166944 devstack@n-api-meta.service[109317]: DEBUG dbcounter [-] [109317] Writer thread running {{(pid=109317) stat_writer /opt/stack/data/venv/lib/python3.12/site-packages/dbcounter.py:102}}
Apr 17 02:54:32.663655 np0000166944 devstack@n-api-meta.service[109317]: DEBUG nova.context [None req-be66e9c1-35f6-4b0c-bfd5-7674b2383cc3 None None] Found 2 cells: 00000000-0000-0000-0000-000000000000(cell0),c6e673d1-5511-448f-b148-ca593819bbf9(cell1) {{(pid=109317) load_cells /opt/stack/nova/nova/context.py:509}}
Apr 17 02:54:32.663743 np0000166944 devstack@n-api-meta.service[109318]: DEBUG oslo_db.sqlalchemy.engines [None req-ff3db9c7-68ec-4125-aa7a-f5d6a3bd8b2e None None] MySQL server mode set to STRICT_TRANS_TABLES,STRICT_ALL_TABLES,NO_ZERO_IN_DATE,NO_ZERO_DATE,ERROR_FOR_DIVISION_BY_ZERO,TRADITIONAL,NO_ENGINE_SUBSTITUTION {{(pid=109318) _check_effective_sql_mode /opt/stack/data/venv/lib/python3.12/site-packages/oslo_db/sqlalchemy/engines.py:325}}
Apr 17 02:54:32.663896 np0000166944 devstack@n-api-meta.service[109317]: INFO nova.utils [None req-be66e9c1-35f6-4b0c-bfd5-7674b2383cc3 None None] The cell worker thread pool MainProcess.cell_worker is initialized
Apr 17 02:54:32.666311 np0000166944 devstack@n-api-meta.service[109317]: DEBUG oslo_concurrency.lockutils [None req-be66e9c1-35f6-4b0c-bfd5-7674b2383cc3 None None] Acquiring lock "00000000-0000-0000-0000-000000000000" by "nova.context.set_target_cell..get_or_set_cached_cell_and_set_connections" {{(pid=109317) inner /opt/stack/data/venv/lib/python3.12/site-packages/oslo_concurrency/lockutils.py:506}}
Apr 17 02:54:32.666538 np0000166944 devstack@n-api-meta.service[109317]: DEBUG oslo_concurrency.lockutils [None req-be66e9c1-35f6-4b0c-bfd5-7674b2383cc3 None None] Lock "00000000-0000-0000-0000-000000000000" acquired by "nova.context.set_target_cell..get_or_set_cached_cell_and_set_connections" :: waited 0.000s {{(pid=109317) inner /opt/stack/data/venv/lib/python3.12/site-packages/oslo_concurrency/lockutils.py:519}}
Apr 17 02:54:32.667107 np0000166944 devstack@n-api-meta.service[109317]: DEBUG oslo_concurrency.lockutils [None req-be66e9c1-35f6-4b0c-bfd5-7674b2383cc3 None None] Lock "00000000-0000-0000-0000-000000000000" "released" by "nova.context.set_target_cell..get_or_set_cached_cell_and_set_connections" :: held 0.001s {{(pid=109317) inner /opt/stack/data/venv/lib/python3.12/site-packages/oslo_concurrency/lockutils.py:538}}
Apr 17 02:54:32.668078 np0000166944 devstack@n-api-meta.service[109317]: DEBUG oslo_concurrency.lockutils [None req-be66e9c1-35f6-4b0c-bfd5-7674b2383cc3 None None] Acquiring lock "c6e673d1-5511-448f-b148-ca593819bbf9" by "nova.context.set_target_cell..get_or_set_cached_cell_and_set_connections" {{(pid=109317) inner /opt/stack/data/venv/lib/python3.12/site-packages/oslo_concurrency/lockutils.py:506}}
Apr 17 02:54:32.668461 np0000166944 devstack@n-api-meta.service[109317]: DEBUG oslo_concurrency.lockutils [None req-be66e9c1-35f6-4b0c-bfd5-7674b2383cc3 None None] Lock "c6e673d1-5511-448f-b148-ca593819bbf9" acquired by "nova.context.set_target_cell..get_or_set_cached_cell_and_set_connections" :: waited 0.000s {{(pid=109317) inner /opt/stack/data/venv/lib/python3.12/site-packages/oslo_concurrency/lockutils.py:519}}
Apr 17 02:54:32.669610 np0000166944 devstack@n-api-meta.service[109317]: DEBUG oslo_concurrency.lockutils [None req-be66e9c1-35f6-4b0c-bfd5-7674b2383cc3 None None] Lock "c6e673d1-5511-448f-b148-ca593819bbf9" "released" by "nova.context.set_target_cell..get_or_set_cached_cell_and_set_connections" :: held 0.001s {{(pid=109317) inner /opt/stack/data/venv/lib/python3.12/site-packages/oslo_concurrency/lockutils.py:538}}
Apr 17 02:54:32.672319 np0000166944 devstack@n-api-meta.service[109317]: INFO dbcounter [None req-be66e9c1-35f6-4b0c-bfd5-7674b2383cc3 None None] Registered counter for database nova_cell0
Apr 17 02:54:32.678461 np0000166944 devstack@n-api-meta.service[109320]: DEBUG dbcounter [-] [109320] Writer thread running {{(pid=109320) stat_writer /opt/stack/data/venv/lib/python3.12/site-packages/dbcounter.py:102}}
Apr 17 02:54:32.678559 np0000166944 devstack@n-api-meta.service[109317]: INFO dbcounter [None req-be66e9c1-35f6-4b0c-bfd5-7674b2383cc3 None None] Registered counter for database nova_cell1
Apr 17 02:54:32.681517 np0000166944 devstack@n-api-meta.service[109320]: DEBUG nova.context [None req-c8df3372-ea2d-46b4-907b-0250399916f4 None None] Found 2 cells: 00000000-0000-0000-0000-000000000000(cell0),c6e673d1-5511-448f-b148-ca593819bbf9(cell1) {{(pid=109320) load_cells /opt/stack/nova/nova/context.py:509}}
Apr 17 02:54:32.681874 np0000166944 devstack@n-api-meta.service[109320]: INFO nova.utils [None req-c8df3372-ea2d-46b4-907b-0250399916f4 None None] The cell worker thread pool MainProcess.cell_worker is initialized
Apr 17 02:54:32.685167 np0000166944 devstack@n-api-meta.service[109320]: DEBUG oslo_concurrency.lockutils [None req-c8df3372-ea2d-46b4-907b-0250399916f4 None None] Acquiring lock "00000000-0000-0000-0000-000000000000" by "nova.context.set_target_cell..get_or_set_cached_cell_and_set_connections" {{(pid=109320) inner /opt/stack/data/venv/lib/python3.12/site-packages/oslo_concurrency/lockutils.py:506}}
Apr 17 02:54:32.685167 np0000166944 devstack@n-api-meta.service[109320]: DEBUG oslo_concurrency.lockutils [None req-c8df3372-ea2d-46b4-907b-0250399916f4 None None] Lock "00000000-0000-0000-0000-000000000000" acquired by "nova.context.set_target_cell..get_or_set_cached_cell_and_set_connections" :: waited 0.000s {{(pid=109320) inner /opt/stack/data/venv/lib/python3.12/site-packages/oslo_concurrency/lockutils.py:519}}
Apr 17 02:54:32.685167 np0000166944 devstack@n-api-meta.service[109320]: DEBUG oslo_concurrency.lockutils [None req-c8df3372-ea2d-46b4-907b-0250399916f4 None None] Lock "00000000-0000-0000-0000-000000000000" "released" by "nova.context.set_target_cell..get_or_set_cached_cell_and_set_connections" :: held 0.000s {{(pid=109320) inner /opt/stack/data/venv/lib/python3.12/site-packages/oslo_concurrency/lockutils.py:538}}
Apr 17 02:54:32.685167 np0000166944 devstack@n-api-meta.service[109320]: DEBUG oslo_concurrency.lockutils [None req-c8df3372-ea2d-46b4-907b-0250399916f4 None None] Acquiring lock "c6e673d1-5511-448f-b148-ca593819bbf9" by "nova.context.set_target_cell..get_or_set_cached_cell_and_set_connections" {{(pid=109320) inner /opt/stack/data/venv/lib/python3.12/site-packages/oslo_concurrency/lockutils.py:506}}
Apr 17 02:54:32.685626 np0000166944 devstack@n-api-meta.service[109320]: DEBUG oslo_concurrency.lockutils [None req-c8df3372-ea2d-46b4-907b-0250399916f4 None None] Lock "c6e673d1-5511-448f-b148-ca593819bbf9" acquired by "nova.context.set_target_cell..get_or_set_cached_cell_and_set_connections" :: waited 0.000s {{(pid=109320) inner /opt/stack/data/venv/lib/python3.12/site-packages/oslo_concurrency/lockutils.py:519}}
Apr 17 02:54:32.686605 np0000166944 devstack@n-api-meta.service[109320]: DEBUG oslo_concurrency.lockutils [None req-c8df3372-ea2d-46b4-907b-0250399916f4 None None] Lock "c6e673d1-5511-448f-b148-ca593819bbf9" "released" by "nova.context.set_target_cell..get_or_set_cached_cell_and_set_connections" :: held 0.001s {{(pid=109320) inner /opt/stack/data/venv/lib/python3.12/site-packages/oslo_concurrency/lockutils.py:538}}
Apr 17 02:54:32.688904 np0000166944 devstack@n-api-meta.service[109320]: INFO dbcounter [None req-c8df3372-ea2d-46b4-907b-0250399916f4 None None] Registered counter for database nova_cell0
Apr 17 02:54:32.690304 np0000166944 devstack@n-api-meta.service[109317]: DEBUG oslo_db.sqlalchemy.engines [None req-be66e9c1-35f6-4b0c-bfd5-7674b2383cc3 None None] MySQL server mode set to STRICT_TRANS_TABLES,STRICT_ALL_TABLES,NO_ZERO_IN_DATE,NO_ZERO_DATE,ERROR_FOR_DIVISION_BY_ZERO,TRADITIONAL,NO_ENGINE_SUBSTITUTION {{(pid=109317) _check_effective_sql_mode /opt/stack/data/venv/lib/python3.12/site-packages/oslo_db/sqlalchemy/engines.py:325}}
Apr 17 02:54:32.693509 np0000166944 devstack@n-api-meta.service[109320]: INFO dbcounter [None req-c8df3372-ea2d-46b4-907b-0250399916f4 None None] Registered counter for database nova_cell1
Apr 17 02:54:32.701352 np0000166944 devstack@n-api-meta.service[109317]: DEBUG oslo_db.sqlalchemy.engines [None req-be66e9c1-35f6-4b0c-bfd5-7674b2383cc3 None None] MySQL server mode set to STRICT_TRANS_TABLES,STRICT_ALL_TABLES,NO_ZERO_IN_DATE,NO_ZERO_DATE,ERROR_FOR_DIVISION_BY_ZERO,TRADITIONAL,NO_ENGINE_SUBSTITUTION {{(pid=109317) _check_effective_sql_mode /opt/stack/data/venv/lib/python3.12/site-packages/oslo_db/sqlalchemy/engines.py:325}}
Apr 17 02:54:32.703982 np0000166944 devstack@n-api-meta.service[109320]: DEBUG oslo_db.sqlalchemy.engines [None req-c8df3372-ea2d-46b4-907b-0250399916f4 None None] MySQL server mode set to STRICT_TRANS_TABLES,STRICT_ALL_TABLES,NO_ZERO_IN_DATE,NO_ZERO_DATE,ERROR_FOR_DIVISION_BY_ZERO,TRADITIONAL,NO_ENGINE_SUBSTITUTION {{(pid=109320) _check_effective_sql_mode /opt/stack/data/venv/lib/python3.12/site-packages/oslo_db/sqlalchemy/engines.py:325}}
Apr 17 02:54:32.705501 np0000166944 devstack@n-api-meta.service[109318]: DEBUG dbcounter [-] [109318] Writer thread running {{(pid=109318) stat_writer /opt/stack/data/venv/lib/python3.12/site-packages/dbcounter.py:102}}
Apr 17 02:54:32.709256 np0000166944 devstack@n-api-meta.service[109318]: DEBUG nova.context [None req-ff3db9c7-68ec-4125-aa7a-f5d6a3bd8b2e None None] Found 2 cells: 00000000-0000-0000-0000-000000000000(cell0),c6e673d1-5511-448f-b148-ca593819bbf9(cell1) {{(pid=109318) load_cells /opt/stack/nova/nova/context.py:509}}
Apr 17 02:54:32.709600 np0000166944 devstack@n-api-meta.service[109318]: INFO nova.utils [None req-ff3db9c7-68ec-4125-aa7a-f5d6a3bd8b2e None None] The cell worker thread pool MainProcess.cell_worker is initialized
Apr 17 02:54:32.709895 np0000166944 devstack@n-api-meta.service[109319]: DEBUG dbcounter [-] [109319] Writer thread running {{(pid=109319) stat_writer /opt/stack/data/venv/lib/python3.12/site-packages/dbcounter.py:102}}
Apr 17 02:54:32.711468 np0000166944 devstack@n-api-meta.service[109320]: DEBUG oslo_db.sqlalchemy.engines [None req-c8df3372-ea2d-46b4-907b-0250399916f4 None None] MySQL server mode set to STRICT_TRANS_TABLES,STRICT_ALL_TABLES,NO_ZERO_IN_DATE,NO_ZERO_DATE,ERROR_FOR_DIVISION_BY_ZERO,TRADITIONAL,NO_ENGINE_SUBSTITUTION {{(pid=109320) _check_effective_sql_mode /opt/stack/data/venv/lib/python3.12/site-packages/oslo_db/sqlalchemy/engines.py:325}}
Apr 17 02:54:32.712451 np0000166944 devstack@n-api-meta.service[109318]: DEBUG oslo_concurrency.lockutils [None req-ff3db9c7-68ec-4125-aa7a-f5d6a3bd8b2e None None] Acquiring lock "00000000-0000-0000-0000-000000000000" by "nova.context.set_target_cell..get_or_set_cached_cell_and_set_connections" {{(pid=109318) inner /opt/stack/data/venv/lib/python3.12/site-packages/oslo_concurrency/lockutils.py:506}}
Apr 17 02:54:32.712685 np0000166944 devstack@n-api-meta.service[109318]: DEBUG oslo_concurrency.lockutils [None req-ff3db9c7-68ec-4125-aa7a-f5d6a3bd8b2e None None] Lock "00000000-0000-0000-0000-000000000000" acquired by "nova.context.set_target_cell..get_or_set_cached_cell_and_set_connections" :: waited 0.000s {{(pid=109318) inner /opt/stack/data/venv/lib/python3.12/site-packages/oslo_concurrency/lockutils.py:519}}
Apr 17 02:54:32.713247 np0000166944 devstack@n-api-meta.service[109318]: DEBUG oslo_concurrency.lockutils [None req-ff3db9c7-68ec-4125-aa7a-f5d6a3bd8b2e None None] Lock "00000000-0000-0000-0000-000000000000" "released" by "nova.context.set_target_cell..get_or_set_cached_cell_and_set_connections" :: held 0.001s {{(pid=109318) inner /opt/stack/data/venv/lib/python3.12/site-packages/oslo_concurrency/lockutils.py:538}}
Apr 17 02:54:32.714208 np0000166944 devstack@n-api-meta.service[109318]: DEBUG oslo_concurrency.lockutils [None req-ff3db9c7-68ec-4125-aa7a-f5d6a3bd8b2e None None] Acquiring lock "c6e673d1-5511-448f-b148-ca593819bbf9" by "nova.context.set_target_cell..get_or_set_cached_cell_and_set_connections" {{(pid=109318) inner /opt/stack/data/venv/lib/python3.12/site-packages/oslo_concurrency/lockutils.py:506}}
Apr 17 02:54:32.714408 np0000166944 devstack@n-api-meta.service[109318]: DEBUG oslo_concurrency.lockutils [None req-ff3db9c7-68ec-4125-aa7a-f5d6a3bd8b2e None None] Lock "c6e673d1-5511-448f-b148-ca593819bbf9" acquired by "nova.context.set_target_cell..get_or_set_cached_cell_and_set_connections" :: waited 0.000s {{(pid=109318) inner /opt/stack/data/venv/lib/python3.12/site-packages/oslo_concurrency/lockutils.py:519}}
Apr 17 02:54:32.715301 np0000166944 devstack@n-api-meta.service[109319]: DEBUG dbcounter [-] [109319] Writer thread running {{(pid=109319) stat_writer /opt/stack/data/venv/lib/python3.12/site-packages/dbcounter.py:102}}
Apr 17 02:54:32.715772 np0000166944 devstack@n-api-meta.service[109318]: DEBUG oslo_concurrency.lockutils [None req-ff3db9c7-68ec-4125-aa7a-f5d6a3bd8b2e None None] Lock "c6e673d1-5511-448f-b148-ca593819bbf9" "released" by "nova.context.set_target_cell..get_or_set_cached_cell_and_set_connections" :: held 0.001s {{(pid=109318) inner /opt/stack/data/venv/lib/python3.12/site-packages/oslo_concurrency/lockutils.py:538}}
Apr 17 02:54:32.719903 np0000166944 devstack@n-api-meta.service[109319]: INFO dbcounter [None req-51e8bf3d-484b-4bb4-bfe5-5003174da0c5 None None] Registered counter for database nova_cell0
Apr 17 02:54:32.720222 np0000166944 devstack@n-api-meta.service[109318]: INFO dbcounter [None req-ff3db9c7-68ec-4125-aa7a-f5d6a3bd8b2e None None] Registered counter for database nova_cell0
Apr 17 02:54:32.725881 np0000166944 devstack@n-api-meta.service[109318]: INFO dbcounter [None req-ff3db9c7-68ec-4125-aa7a-f5d6a3bd8b2e None None] Registered counter for database nova_cell1
Apr 17 02:54:32.733042 np0000166944 devstack@n-api-meta.service[109319]: DEBUG oslo_db.sqlalchemy.engines [None req-51e8bf3d-484b-4bb4-bfe5-5003174da0c5 None None] MySQL server mode set to STRICT_TRANS_TABLES,STRICT_ALL_TABLES,NO_ZERO_IN_DATE,NO_ZERO_DATE,ERROR_FOR_DIVISION_BY_ZERO,TRADITIONAL,NO_ENGINE_SUBSTITUTION {{(pid=109319) _check_effective_sql_mode /opt/stack/data/venv/lib/python3.12/site-packages/oslo_db/sqlalchemy/engines.py:325}}
Apr 17 02:54:32.738630 np0000166944 devstack@n-api-meta.service[109318]: DEBUG oslo_db.sqlalchemy.engines [None req-ff3db9c7-68ec-4125-aa7a-f5d6a3bd8b2e None None] MySQL server mode set to STRICT_TRANS_TABLES,STRICT_ALL_TABLES,NO_ZERO_IN_DATE,NO_ZERO_DATE,ERROR_FOR_DIVISION_BY_ZERO,TRADITIONAL,NO_ENGINE_SUBSTITUTION {{(pid=109318) _check_effective_sql_mode /opt/stack/data/venv/lib/python3.12/site-packages/oslo_db/sqlalchemy/engines.py:325}}
Apr 17 02:54:32.742568 np0000166944 devstack@n-api-meta.service[109319]: DEBUG dbcounter [-] [109319] Writer thread running {{(pid=109319) stat_writer /opt/stack/data/venv/lib/python3.12/site-packages/dbcounter.py:102}}
Apr 17 02:54:32.750549 np0000166944 devstack@n-api-meta.service[109318]: DEBUG oslo_db.sqlalchemy.engines [None req-ff3db9c7-68ec-4125-aa7a-f5d6a3bd8b2e None None] MySQL server mode set to STRICT_TRANS_TABLES,STRICT_ALL_TABLES,NO_ZERO_IN_DATE,NO_ZERO_DATE,ERROR_FOR_DIVISION_BY_ZERO,TRADITIONAL,NO_ENGINE_SUBSTITUTION {{(pid=109318) _check_effective_sql_mode /opt/stack/data/venv/lib/python3.12/site-packages/oslo_db/sqlalchemy/engines.py:325}}
Apr 17 02:54:32.785073 np0000166944 devstack@n-api-meta.service[109319]: WARNING nova.api.metadata.handler [None req-51e8bf3d-484b-4bb4-bfe5-5003174da0c5 None None] metadata_proxy_shared_secret is not configured, the metadata information returned by the proxy cannot be trusted
Apr 17 02:54:32.787195 np0000166944 devstack@n-api-meta.service[109319]: DEBUG nova.api.openstack.wsgi_app [None req-51e8bf3d-484b-4bb4-bfe5-5003174da0c5 None None] ******************************************************************************** {{(pid=109319) log_opt_values /opt/stack/data/venv/lib/python3.12/site-packages/oslo_config/cfg.py:2979}}
Apr 17 02:54:32.787386 np0000166944 devstack@n-api-meta.service[109319]: DEBUG nova.api.openstack.wsgi_app [None req-51e8bf3d-484b-4bb4-bfe5-5003174da0c5 None None] Configuration options gathered from: {{(pid=109319) log_opt_values /opt/stack/data/venv/lib/python3.12/site-packages/oslo_config/cfg.py:2980}}
Apr 17 02:54:32.787461 np0000166944 devstack@n-api-meta.service[109319]: DEBUG nova.api.openstack.wsgi_app [None req-51e8bf3d-484b-4bb4-bfe5-5003174da0c5 None None] command line args: [] {{(pid=109319) log_opt_values /opt/stack/data/venv/lib/python3.12/site-packages/oslo_config/cfg.py:2981}}
Apr 17 02:54:32.787597 np0000166944 devstack@n-api-meta.service[109319]: DEBUG nova.api.openstack.wsgi_app [None req-51e8bf3d-484b-4bb4-bfe5-5003174da0c5 None None] config files: ['/etc/nova/api-paste.ini', '/etc/nova/nova.conf'] {{(pid=109319) log_opt_values /opt/stack/data/venv/lib/python3.12/site-packages/oslo_config/cfg.py:2982}}
Apr 17 02:54:32.787678 np0000166944 devstack@n-api-meta.service[109319]: DEBUG nova.api.openstack.wsgi_app [None req-51e8bf3d-484b-4bb4-bfe5-5003174da0c5 None None] ================================================================================ {{(pid=109319) log_opt_values /opt/stack/data/venv/lib/python3.12/site-packages/oslo_config/cfg.py:2987}}
Apr 17 02:54:32.787872 np0000166944 devstack@n-api-meta.service[109319]: DEBUG nova.api.openstack.wsgi_app [None req-51e8bf3d-484b-4bb4-bfe5-5003174da0c5 None None] allow_resize_to_same_host = True {{(pid=109319) log_opt_values /opt/stack/data/venv/lib/python3.12/site-packages/oslo_config/cfg.py:2995}}
Apr 17 02:54:32.788006 np0000166944 devstack@n-api-meta.service[109319]: DEBUG nova.api.openstack.wsgi_app [None req-51e8bf3d-484b-4bb4-bfe5-5003174da0c5 None None] arq_binding_timeout = 300 {{(pid=109319) log_opt_values /opt/stack/data/venv/lib/python3.12/site-packages/oslo_config/cfg.py:2995}}
Apr 17 02:54:32.788172 np0000166944 devstack@n-api-meta.service[109319]: DEBUG nova.api.openstack.wsgi_app [None req-51e8bf3d-484b-4bb4-bfe5-5003174da0c5 None None] block_device_allocate_retries = 60 {{(pid=109319) log_opt_values /opt/stack/data/venv/lib/python3.12/site-packages/oslo_config/cfg.py:2995}}
Apr 17 02:54:32.788293 np0000166944 devstack@n-api-meta.service[109319]: DEBUG nova.api.openstack.wsgi_app [None req-51e8bf3d-484b-4bb4-bfe5-5003174da0c5 None None] block_device_allocate_retries_interval = 3 {{(pid=109319) log_opt_values /opt/stack/data/venv/lib/python3.12/site-packages/oslo_config/cfg.py:2995}}
Apr 17 02:54:32.788486 np0000166944 devstack@n-api-meta.service[109319]: DEBUG nova.api.openstack.wsgi_app [None req-51e8bf3d-484b-4bb4-bfe5-5003174da0c5 None None] cell_worker_thread_pool_size = 5 {{(pid=109319) log_opt_values /opt/stack/data/venv/lib/python3.12/site-packages/oslo_config/cfg.py:2995}}
Apr 17 02:54:32.788613 np0000166944 devstack@n-api-meta.service[109319]: DEBUG nova.api.openstack.wsgi_app [None req-51e8bf3d-484b-4bb4-bfe5-5003174da0c5 None None] cert = self.pem {{(pid=109319) log_opt_values /opt/stack/data/venv/lib/python3.12/site-packages/oslo_config/cfg.py:2995}}
Apr 17 02:54:32.788748 np0000166944 devstack@n-api-meta.service[109319]: DEBUG nova.api.openstack.wsgi_app [None req-51e8bf3d-484b-4bb4-bfe5-5003174da0c5 None None] compute_driver = libvirt.LibvirtDriver {{(pid=109319) log_opt_values /opt/stack/data/venv/lib/python3.12/site-packages/oslo_config/cfg.py:2995}}
Apr 17 02:54:32.788880 np0000166944 devstack@n-api-meta.service[109319]: DEBUG nova.api.openstack.wsgi_app [None req-51e8bf3d-484b-4bb4-bfe5-5003174da0c5 None None] compute_monitors = [] {{(pid=109319) log_opt_values /opt/stack/data/venv/lib/python3.12/site-packages/oslo_config/cfg.py:2995}}
Apr 17 02:54:32.789013 np0000166944 devstack@n-api-meta.service[109319]: DEBUG nova.api.openstack.wsgi_app [None req-51e8bf3d-484b-4bb4-bfe5-5003174da0c5 None None] config_dir = [] {{(pid=109319) log_opt_values /opt/stack/data/venv/lib/python3.12/site-packages/oslo_config/cfg.py:2995}}
Apr 17 02:54:32.789144 np0000166944 devstack@n-api-meta.service[109319]: DEBUG nova.api.openstack.wsgi_app [None req-51e8bf3d-484b-4bb4-bfe5-5003174da0c5 None None] config_drive_format = iso9660 {{(pid=109319) log_opt_values /opt/stack/data/venv/lib/python3.12/site-packages/oslo_config/cfg.py:2995}}
Apr 17 02:54:32.789268 np0000166944 devstack@n-api-meta.service[109319]: DEBUG nova.api.openstack.wsgi_app [None req-51e8bf3d-484b-4bb4-bfe5-5003174da0c5 None None] config_file = ['/etc/nova/api-paste.ini', '/etc/nova/nova.conf'] {{(pid=109319) log_opt_values /opt/stack/data/venv/lib/python3.12/site-packages/oslo_config/cfg.py:2995}}
Apr 17 02:54:32.789395 np0000166944 devstack@n-api-meta.service[109319]: DEBUG nova.api.openstack.wsgi_app [None req-51e8bf3d-484b-4bb4-bfe5-5003174da0c5 None None] config_source = [] {{(pid=109319) log_opt_values /opt/stack/data/venv/lib/python3.12/site-packages/oslo_config/cfg.py:2995}}
Apr 17 02:54:32.789529 np0000166944 devstack@n-api-meta.service[109319]: DEBUG nova.api.openstack.wsgi_app [None req-51e8bf3d-484b-4bb4-bfe5-5003174da0c5 None None] console_host = np0000166944 {{(pid=109319) log_opt_values /opt/stack/data/venv/lib/python3.12/site-packages/oslo_config/cfg.py:2995}}
Apr 17 02:54:32.789660 np0000166944 devstack@n-api-meta.service[109319]: DEBUG nova.api.openstack.wsgi_app [None req-51e8bf3d-484b-4bb4-bfe5-5003174da0c5 None None] control_exchange = nova {{(pid=109319) log_opt_values /opt/stack/data/venv/lib/python3.12/site-packages/oslo_config/cfg.py:2995}}
Apr 17 02:54:32.790265 np0000166944 devstack@n-api-meta.service[109319]: DEBUG nova.api.openstack.wsgi_app [None req-51e8bf3d-484b-4bb4-bfe5-5003174da0c5 None None] cpu_allocation_ratio = None {{(pid=109319) log_opt_values /opt/stack/data/venv/lib/python3.12/site-packages/oslo_config/cfg.py:2995}}
Apr 17 02:54:32.790265 np0000166944 devstack@n-api-meta.service[109319]: DEBUG nova.api.openstack.wsgi_app [None req-51e8bf3d-484b-4bb4-bfe5-5003174da0c5 None None] daemon = False {{(pid=109319) log_opt_values /opt/stack/data/venv/lib/python3.12/site-packages/oslo_config/cfg.py:2995}}
Apr 17 02:54:32.790265 np0000166944 devstack@n-api-meta.service[109319]: DEBUG nova.api.openstack.wsgi_app [None req-51e8bf3d-484b-4bb4-bfe5-5003174da0c5 None None] debug = True {{(pid=109319) log_opt_values /opt/stack/data/venv/lib/python3.12/site-packages/oslo_config/cfg.py:2995}}
Apr 17 02:54:32.790265 np0000166944 devstack@n-api-meta.service[109319]: DEBUG nova.api.openstack.wsgi_app [None req-51e8bf3d-484b-4bb4-bfe5-5003174da0c5 None None] default_access_ip_network_name = None {{(pid=109319) log_opt_values /opt/stack/data/venv/lib/python3.12/site-packages/oslo_config/cfg.py:2995}}
Apr 17 02:54:32.790265 np0000166944 devstack@n-api-meta.service[109319]: DEBUG nova.api.openstack.wsgi_app [None req-51e8bf3d-484b-4bb4-bfe5-5003174da0c5 None None] default_availability_zone = nova {{(pid=109319) log_opt_values /opt/stack/data/venv/lib/python3.12/site-packages/oslo_config/cfg.py:2995}}
Apr 17 02:54:32.790654 np0000166944 devstack@n-api-meta.service[109319]: DEBUG nova.api.openstack.wsgi_app [None req-51e8bf3d-484b-4bb4-bfe5-5003174da0c5 None None] default_ephemeral_format = ext4 {{(pid=109319) log_opt_values /opt/stack/data/venv/lib/python3.12/site-packages/oslo_config/cfg.py:2995}}
Apr 17 02:54:32.790727 np0000166944 devstack@n-api-meta.service[109317]: DEBUG dbcounter [-] [109317] Writer thread running {{(pid=109317) stat_writer /opt/stack/data/venv/lib/python3.12/site-packages/dbcounter.py:102}}
Apr 17 02:54:32.791598 np0000166944 devstack@n-api-meta.service[109319]: DEBUG nova.api.openstack.wsgi_app [None req-51e8bf3d-484b-4bb4-bfe5-5003174da0c5 None None] default_green_pool_size = 1000 {{(pid=109319) log_opt_values /opt/stack/data/venv/lib/python3.12/site-packages/oslo_config/cfg.py:2995}}
Apr 17 02:54:32.791598 np0000166944 devstack@n-api-meta.service[109319]: DEBUG nova.api.openstack.wsgi_app [None req-51e8bf3d-484b-4bb4-bfe5-5003174da0c5 None None] default_log_levels = ['amqp=WARN', 'boto=WARN', 'sqlalchemy=WARN', 'suds=INFO', 'oslo.messaging=INFO', 'oslo_messaging=INFO', 'iso8601=WARN', 'requests.packages.urllib3.connectionpool=WARN', 'urllib3.connectionpool=WARN', 'websocket=WARN', 'requests.packages.urllib3.util.retry=WARN', 'urllib3.util.retry=WARN', 'keystonemiddleware=WARN', 'routes.middleware=WARN', 'stevedore=WARN', 'taskflow=WARN', 'keystoneauth=WARN', 'oslo.cache=INFO', 'oslo_policy=INFO', 'dogpile.core.dogpile=INFO', 'glanceclient=WARN', 'oslo.privsep.daemon=INFO'] {{(pid=109319) log_opt_values /opt/stack/data/venv/lib/python3.12/site-packages/oslo_config/cfg.py:2995}}
Apr 17 02:54:32.791598 np0000166944 devstack@n-api-meta.service[109319]: DEBUG nova.api.openstack.wsgi_app [None req-51e8bf3d-484b-4bb4-bfe5-5003174da0c5 None None] default_schedule_zone = None {{(pid=109319) log_opt_values /opt/stack/data/venv/lib/python3.12/site-packages/oslo_config/cfg.py:2995}}
Apr 17 02:54:32.791598 np0000166944 devstack@n-api-meta.service[109319]: DEBUG nova.api.openstack.wsgi_app [None req-51e8bf3d-484b-4bb4-bfe5-5003174da0c5 None None] default_thread_pool_size = 10 {{(pid=109319) log_opt_values /opt/stack/data/venv/lib/python3.12/site-packages/oslo_config/cfg.py:2995}}
Apr 17 02:54:32.791598 np0000166944 devstack@n-api-meta.service[109319]: DEBUG nova.api.openstack.wsgi_app [None req-51e8bf3d-484b-4bb4-bfe5-5003174da0c5 None None] disk_allocation_ratio = None {{(pid=109319) log_opt_values /opt/stack/data/venv/lib/python3.12/site-packages/oslo_config/cfg.py:2995}}
Apr 17 02:54:32.791998 np0000166944 devstack@n-api-meta.service[109317]: DEBUG dbcounter [-] [109317] Writer thread running {{(pid=109317) stat_writer /opt/stack/data/venv/lib/python3.12/site-packages/dbcounter.py:102}}
Apr 17 02:54:32.792056 np0000166944 devstack@n-api-meta.service[109319]: DEBUG nova.api.openstack.wsgi_app [None req-51e8bf3d-484b-4bb4-bfe5-5003174da0c5 None None] enable_new_services = True {{(pid=109319) log_opt_values /opt/stack/data/venv/lib/python3.12/site-packages/oslo_config/cfg.py:2995}}
Apr 17 02:54:32.792056 np0000166944 devstack@n-api-meta.service[109319]: DEBUG nova.api.openstack.wsgi_app [None req-51e8bf3d-484b-4bb4-bfe5-5003174da0c5 None None] flat_injected = False {{(pid=109319) log_opt_values /opt/stack/data/venv/lib/python3.12/site-packages/oslo_config/cfg.py:2995}}
Apr 17 02:54:32.792056 np0000166944 devstack@n-api-meta.service[109319]: DEBUG nova.api.openstack.wsgi_app [None req-51e8bf3d-484b-4bb4-bfe5-5003174da0c5 None None] force_config_drive = False {{(pid=109319) log_opt_values /opt/stack/data/venv/lib/python3.12/site-packages/oslo_config/cfg.py:2995}}
Apr 17 02:54:32.792056 np0000166944 devstack@n-api-meta.service[109319]: DEBUG nova.api.openstack.wsgi_app [None req-51e8bf3d-484b-4bb4-bfe5-5003174da0c5 None None] force_raw_images = True {{(pid=109319) log_opt_values /opt/stack/data/venv/lib/python3.12/site-packages/oslo_config/cfg.py:2995}}
Apr 17 02:54:32.792056 np0000166944 devstack@n-api-meta.service[109319]: DEBUG nova.api.openstack.wsgi_app [None req-51e8bf3d-484b-4bb4-bfe5-5003174da0c5 None None] graceful_shutdown_timeout = 5 {{(pid=109319) log_opt_values /opt/stack/data/venv/lib/python3.12/site-packages/oslo_config/cfg.py:2995}}
Apr 17 02:54:32.792056 np0000166944 devstack@n-api-meta.service[109319]: DEBUG nova.api.openstack.wsgi_app [None req-51e8bf3d-484b-4bb4-bfe5-5003174da0c5 None None] heal_instance_info_cache_interval = -1 {{(pid=109319) log_opt_values /opt/stack/data/venv/lib/python3.12/site-packages/oslo_config/cfg.py:2995}}
Apr 17 02:54:32.792056 np0000166944 devstack@n-api-meta.service[109319]: DEBUG nova.api.openstack.wsgi_app [None req-51e8bf3d-484b-4bb4-bfe5-5003174da0c5 None None] host = np0000166944 {{(pid=109319) log_opt_values /opt/stack/data/venv/lib/python3.12/site-packages/oslo_config/cfg.py:2995}}
Apr 17 02:54:32.792792 np0000166944 devstack@n-api-meta.service[109319]: DEBUG nova.api.openstack.wsgi_app [None req-51e8bf3d-484b-4bb4-bfe5-5003174da0c5 None None] initial_cpu_allocation_ratio = 4.0 {{(pid=109319) log_opt_values /opt/stack/data/venv/lib/python3.12/site-packages/oslo_config/cfg.py:2995}}
Apr 17 02:54:32.792792 np0000166944 devstack@n-api-meta.service[109319]: DEBUG nova.api.openstack.wsgi_app [None req-51e8bf3d-484b-4bb4-bfe5-5003174da0c5 None None] initial_disk_allocation_ratio = 1.0 {{(pid=109319) log_opt_values /opt/stack/data/venv/lib/python3.12/site-packages/oslo_config/cfg.py:2995}}
Apr 17 02:54:32.792792 np0000166944 devstack@n-api-meta.service[109319]: DEBUG nova.api.openstack.wsgi_app [None req-51e8bf3d-484b-4bb4-bfe5-5003174da0c5 None None] initial_ram_allocation_ratio = 1.0 {{(pid=109319) log_opt_values /opt/stack/data/venv/lib/python3.12/site-packages/oslo_config/cfg.py:2995}}
Apr 17 02:54:32.792792 np0000166944 devstack@n-api-meta.service[109319]: DEBUG nova.api.openstack.wsgi_app [None req-51e8bf3d-484b-4bb4-bfe5-5003174da0c5 None None] injected_network_template = /opt/stack/nova/nova/virt/interfaces.template {{(pid=109319) log_opt_values /opt/stack/data/venv/lib/python3.12/site-packages/oslo_config/cfg.py:2995}}
Apr 17 02:54:32.792792 np0000166944 devstack@n-api-meta.service[109319]: DEBUG nova.api.openstack.wsgi_app [None req-51e8bf3d-484b-4bb4-bfe5-5003174da0c5 None None] instance_build_timeout = 0 {{(pid=109319) log_opt_values /opt/stack/data/venv/lib/python3.12/site-packages/oslo_config/cfg.py:2995}}
Apr 17 02:54:32.793085 np0000166944 devstack@n-api-meta.service[109319]: DEBUG nova.api.openstack.wsgi_app [None req-51e8bf3d-484b-4bb4-bfe5-5003174da0c5 None None] instance_delete_interval = 300 {{(pid=109319) log_opt_values /opt/stack/data/venv/lib/python3.12/site-packages/oslo_config/cfg.py:2995}}
Apr 17 02:54:32.793085 np0000166944 devstack@n-api-meta.service[109319]: DEBUG nova.api.openstack.wsgi_app [None req-51e8bf3d-484b-4bb4-bfe5-5003174da0c5 None None] instance_format = [instance: %(uuid)s] {{(pid=109319) log_opt_values /opt/stack/data/venv/lib/python3.12/site-packages/oslo_config/cfg.py:2995}}
Apr 17 02:54:32.793222 np0000166944 devstack@n-api-meta.service[109319]: DEBUG nova.api.openstack.wsgi_app [None req-51e8bf3d-484b-4bb4-bfe5-5003174da0c5 None None] instance_name_template = instance-%08x {{(pid=109319) log_opt_values /opt/stack/data/venv/lib/python3.12/site-packages/oslo_config/cfg.py:2995}}
Apr 17 02:54:32.793297 np0000166944 devstack@n-api-meta.service[109319]: DEBUG nova.api.openstack.wsgi_app [None req-51e8bf3d-484b-4bb4-bfe5-5003174da0c5 None None] instance_usage_audit = False {{(pid=109319) log_opt_values /opt/stack/data/venv/lib/python3.12/site-packages/oslo_config/cfg.py:2995}}
Apr 17 02:54:32.793432 np0000166944 devstack@n-api-meta.service[109319]: DEBUG nova.api.openstack.wsgi_app [None req-51e8bf3d-484b-4bb4-bfe5-5003174da0c5 None None] instance_usage_audit_period = month {{(pid=109319) log_opt_values /opt/stack/data/venv/lib/python3.12/site-packages/oslo_config/cfg.py:2995}}
Apr 17 02:54:32.793560 np0000166944 devstack@n-api-meta.service[109319]: DEBUG nova.api.openstack.wsgi_app [None req-51e8bf3d-484b-4bb4-bfe5-5003174da0c5 None None] instance_uuid_format = [instance: %(uuid)s] {{(pid=109319) log_opt_values /opt/stack/data/venv/lib/python3.12/site-packages/oslo_config/cfg.py:2995}}
Apr 17 02:54:32.794494 np0000166944 devstack@n-api-meta.service[109319]: DEBUG nova.api.openstack.wsgi_app [None req-51e8bf3d-484b-4bb4-bfe5-5003174da0c5 None None] instances_path = /opt/stack/data/nova/instances {{(pid=109319) log_opt_values /opt/stack/data/venv/lib/python3.12/site-packages/oslo_config/cfg.py:2995}}
Apr 17 02:54:32.794494 np0000166944 devstack@n-api-meta.service[109319]: DEBUG nova.api.openstack.wsgi_app [None req-51e8bf3d-484b-4bb4-bfe5-5003174da0c5 None None] internal_service_availability_zone = internal {{(pid=109319) log_opt_values /opt/stack/data/venv/lib/python3.12/site-packages/oslo_config/cfg.py:2995}}
Apr 17 02:54:32.794494 np0000166944 devstack@n-api-meta.service[109319]: DEBUG nova.api.openstack.wsgi_app [None req-51e8bf3d-484b-4bb4-bfe5-5003174da0c5 None None] key = None {{(pid=109319) log_opt_values /opt/stack/data/venv/lib/python3.12/site-packages/oslo_config/cfg.py:2995}}
Apr 17 02:54:32.794494 np0000166944 devstack@n-api-meta.service[109319]: DEBUG nova.api.openstack.wsgi_app [None req-51e8bf3d-484b-4bb4-bfe5-5003174da0c5 None None] live_migration_retry_count = 30 {{(pid=109319) log_opt_values /opt/stack/data/venv/lib/python3.12/site-packages/oslo_config/cfg.py:2995}}
Apr 17 02:54:32.794494 np0000166944 devstack@n-api-meta.service[109319]: DEBUG nova.api.openstack.wsgi_app [None req-51e8bf3d-484b-4bb4-bfe5-5003174da0c5 None None] log_color = False {{(pid=109319) log_opt_values /opt/stack/data/venv/lib/python3.12/site-packages/oslo_config/cfg.py:2995}}
Apr 17 02:54:32.794494 np0000166944 devstack@n-api-meta.service[109319]: DEBUG nova.api.openstack.wsgi_app [None req-51e8bf3d-484b-4bb4-bfe5-5003174da0c5 None None] log_config_append = None {{(pid=109319) log_opt_values /opt/stack/data/venv/lib/python3.12/site-packages/oslo_config/cfg.py:2995}}
Apr 17 02:54:32.794494 np0000166944 devstack@n-api-meta.service[109319]: DEBUG nova.api.openstack.wsgi_app [None req-51e8bf3d-484b-4bb4-bfe5-5003174da0c5 None None] log_date_format = %Y-%m-%d %H:%M:%S {{(pid=109319) log_opt_values /opt/stack/data/venv/lib/python3.12/site-packages/oslo_config/cfg.py:2995}}
Apr 17 02:54:32.794965 np0000166944 devstack@n-api-meta.service[109319]: DEBUG nova.api.openstack.wsgi_app [None req-51e8bf3d-484b-4bb4-bfe5-5003174da0c5 None None] log_dir = None {{(pid=109319) log_opt_values /opt/stack/data/venv/lib/python3.12/site-packages/oslo_config/cfg.py:2995}}
