Apr 17 02:53:26.909706 np0000166944 systemd[1]: Starting devstack@n-api.service - Devstack devstack@n-api.service...
Apr 17 02:53:26.921577 np0000166944 devstack@n-api.service[100955]: [uWSGI] getting INI configuration from /etc/nova/nova-api-uwsgi.ini
Apr 17 02:53:26.922421 np0000166944 devstack@n-api.service[100955]: open("./http_plugin.so"): No such file or directory [core/utils.c line 3709]
Apr 17 02:53:26.922421 np0000166944 devstack@n-api.service[100955]: !!! UNABLE to load uWSGI plugin: ./http_plugin.so: cannot open shared object file: No such file or directory !!!
Apr 17 02:53:26.922421 np0000166944 devstack@n-api.service[100955]: open("./python3_plugin.so"): No such file or directory [core/utils.c line 3709]
Apr 17 02:53:26.922421 np0000166944 devstack@n-api.service[100955]: !!! UNABLE to load uWSGI plugin: ./python3_plugin.so: cannot open shared object file: No such file or directory !!!
Apr 17 02:53:26.922421 np0000166944 devstack@n-api.service[100955]: *** Starting uWSGI 2.0.31 (64bit) on [Fri Apr 17 02:53:26 2026] ***
Apr 17 02:53:26.922421 np0000166944 devstack@n-api.service[100955]: compiled with version: 13.3.0 on 17 April 2026 02:43:24
Apr 17 02:53:26.922421 np0000166944 devstack@n-api.service[100955]: os: Linux-6.8.0-110-generic #110-Ubuntu SMP PREEMPT_DYNAMIC Thu Mar 19 15:09:20 UTC 2026
Apr 17 02:53:26.922421 np0000166944 devstack@n-api.service[100955]: nodename: np0000166944
Apr 17 02:53:26.922421 np0000166944 devstack@n-api.service[100955]: machine: x86_64
Apr 17 02:53:26.922421 np0000166944 devstack@n-api.service[100955]: clock source: unix
Apr 17 02:53:26.922421 np0000166944 devstack@n-api.service[100955]: pcre jit disabled
Apr 17 02:53:26.922421 np0000166944 devstack@n-api.service[100955]: detected number of CPU cores: 16
Apr 17 02:53:26.922421 np0000166944 devstack@n-api.service[100955]: current working directory: /
Apr 17 02:53:26.922421 np0000166944 devstack@n-api.service[100955]: detected binary path: /opt/stack/data/venv/bin/uwsgi
Apr 17 02:53:26.922421 np0000166944 devstack@n-api.service[100955]: your processes number limit is 256917
Apr 17 02:53:26.922421 np0000166944 devstack@n-api.service[100955]: your memory page size is 4096 bytes
Apr 17 02:53:26.922421 np0000166944 devstack@n-api.service[100955]: detected max file descriptor number: 2048
Apr 17 02:53:26.922421 np0000166944 devstack@n-api.service[100955]: lock engine: pthread robust mutexes
Apr 17 02:53:26.922421 np0000166944 devstack@n-api.service[100955]: thunder lock: enabled
Apr 17 02:53:26.922421 np0000166944 devstack@n-api.service[100955]: uwsgi socket 0 bound to UNIX address /var/run/uwsgi/nova-api.socket fd 4
Apr 17 02:53:26.923647 np0000166944 devstack@n-api.service[100955]: Python version: 3.12.3 (main, Mar 3 2026, 12:15:18) [GCC 13.3.0]
Apr 17 02:53:26.923647 np0000166944 devstack@n-api.service[100955]: PEP 405 virtualenv detected: /opt/stack/data/venv
Apr 17 02:53:26.923647 np0000166944 devstack@n-api.service[100955]: Set PythonHome to /opt/stack/data/venv
Apr 17 02:53:26.960472 np0000166944 devstack@n-api.service[100955]: Python main interpreter initialized at 0x7c1a26ea3668
Apr 17 02:53:26.960472 np0000166944 devstack@n-api.service[100955]: python threads support enabled
Apr 17 02:53:26.960472 np0000166944 devstack@n-api.service[100955]: your server socket listen backlog is limited to 100 connections
Apr 17 02:53:26.960472 np0000166944 devstack@n-api.service[100955]: your mercy for graceful operations on workers is 80 seconds
Apr 17 02:53:26.961059 np0000166944 devstack@n-api.service[100955]: mapped 671795 bytes (656 KB) for 4 cores
Apr 17 02:53:26.961242 np0000166944 devstack@n-api.service[100955]: *** Operational MODE: preforking ***
Apr 17 02:53:26.961461 np0000166944 devstack@n-api.service[100955]: *** uWSGI is running in multiple interpreter mode ***
Apr 17 02:53:26.961461 np0000166944 devstack@n-api.service[100955]: spawned uWSGI master process (pid: 100955)
Apr 17 02:53:26.961643 np0000166944 systemd[1]: Started devstack@n-api.service - Devstack devstack@n-api.service.
Apr 17 02:53:26.962293 np0000166944 devstack@n-api.service[100955]: spawned uWSGI worker 1 (pid: 100956, cores: 1)
Apr 17 02:53:26.963264 np0000166944 devstack@n-api.service[100955]: spawned uWSGI worker 2 (pid: 100957, cores: 1)
Apr 17 02:53:26.963825 np0000166944 devstack@n-api.service[100955]: spawned uWSGI worker 3 (pid: 100958, cores: 1)
Apr 17 02:53:26.964312 np0000166944 devstack@n-api.service[100955]: spawned uWSGI worker 4 (pid: 100959, cores: 1)
Apr 17 02:53:26.964383 np0000166944 devstack@n-api.service[100955]: running "unix_signal:15 gracefully_kill_them_all" (master-start)...
Apr 17 02:53:27.288501 np0000166944 devstack@n-api.service[100958]: /opt/stack/data/venv/lib/python3.12/site-packages/oslo_concurrency/lockutils.py:41: EventletDeprecationWarning:
Apr 17 02:53:27.288501 np0000166944 devstack@n-api.service[100958]: Eventlet is deprecated. It is currently being maintained in bugfix mode, and
Apr 17 02:53:27.288501 np0000166944 devstack@n-api.service[100958]: we strongly recommend against using it for new projects.
Apr 17 02:53:27.288501 np0000166944 devstack@n-api.service[100958]: If you are already using Eventlet, we recommend migrating to a different
Apr 17 02:53:27.288501 np0000166944 devstack@n-api.service[100958]: framework. For more detail see
Apr 17 02:53:27.288501 np0000166944 devstack@n-api.service[100958]: https://eventlet.readthedocs.io/en/latest/asyncio/migration.html
Apr 17 02:53:27.288501 np0000166944 devstack@n-api.service[100958]: import eventlet
Apr 17 02:53:27.290547 np0000166944 devstack@n-api.service[100956]: /opt/stack/data/venv/lib/python3.12/site-packages/oslo_concurrency/lockutils.py:41: EventletDeprecationWarning:
Apr 17 02:53:27.290547 np0000166944 devstack@n-api.service[100956]: Eventlet is deprecated. It is currently being maintained in bugfix mode, and
Apr 17 02:53:27.290547 np0000166944 devstack@n-api.service[100956]: we strongly recommend against using it for new projects.
Apr 17 02:53:27.290547 np0000166944 devstack@n-api.service[100956]: If you are already using Eventlet, we recommend migrating to a different
Apr 17 02:53:27.290547 np0000166944 devstack@n-api.service[100956]: framework. For more detail see
Apr 17 02:53:27.290547 np0000166944 devstack@n-api.service[100956]: https://eventlet.readthedocs.io/en/latest/asyncio/migration.html
Apr 17 02:53:27.290547 np0000166944 devstack@n-api.service[100956]: import eventlet
Apr 17 02:53:27.302625 np0000166944 devstack@n-api.service[100957]: /opt/stack/data/venv/lib/python3.12/site-packages/oslo_concurrency/lockutils.py:41: EventletDeprecationWarning:
Apr 17 02:53:27.302625 np0000166944 devstack@n-api.service[100957]: Eventlet is deprecated. It is currently being maintained in bugfix mode, and
Apr 17 02:53:27.302625 np0000166944 devstack@n-api.service[100957]: we strongly recommend against using it for new projects.
Apr 17 02:53:27.302625 np0000166944 devstack@n-api.service[100957]: If you are already using Eventlet, we recommend migrating to a different
Apr 17 02:53:27.302625 np0000166944 devstack@n-api.service[100957]: framework. For more detail see
Apr 17 02:53:27.302625 np0000166944 devstack@n-api.service[100957]: https://eventlet.readthedocs.io/en/latest/asyncio/migration.html
Apr 17 02:53:27.302625 np0000166944 devstack@n-api.service[100957]: import eventlet
Apr 17 02:53:27.303524 np0000166944 devstack@n-api.service[100959]: /opt/stack/data/venv/lib/python3.12/site-packages/oslo_concurrency/lockutils.py:41: EventletDeprecationWarning:
Apr 17 02:53:27.303524 np0000166944 devstack@n-api.service[100959]: Eventlet is deprecated. It is currently being maintained in bugfix mode, and
Apr 17 02:53:27.303524 np0000166944 devstack@n-api.service[100959]: we strongly recommend against using it for new projects.
Apr 17 02:53:27.303524 np0000166944 devstack@n-api.service[100959]: If you are already using Eventlet, we recommend migrating to a different
Apr 17 02:53:27.303524 np0000166944 devstack@n-api.service[100959]: framework. For more detail see
Apr 17 02:53:27.303524 np0000166944 devstack@n-api.service[100959]: https://eventlet.readthedocs.io/en/latest/asyncio/migration.html
Apr 17 02:53:27.303524 np0000166944 devstack@n-api.service[100959]: import eventlet
Apr 17 02:53:27.339062 np0000166944 devstack@n-api.service[100956]: Service is starting with native threading. This is currently experimental. Do not use it in production without first testing it in pre-production.
Apr 17 02:53:27.339381 np0000166944 devstack@n-api.service[100958]: Service is starting with native threading. This is currently experimental. Do not use it in production without first testing it in pre-production.
Apr 17 02:53:27.351346 np0000166944 devstack@n-api.service[100959]: Service is starting with native threading. This is currently experimental. Do not use it in production without first testing it in pre-production.
Apr 17 02:53:27.354320 np0000166944 devstack@n-api.service[100957]: Service is starting with native threading. This is currently experimental. Do not use it in production without first testing it in pre-production.
Apr 17 02:53:29.440031 np0000166944 devstack@n-api.service[100956]: INFO dbcounter [None req-17e425d1-e427-4bcf-ac3c-e4c43b76fcab None None] Registered counter for database nova_api
Apr 17 02:53:29.445215 np0000166944 devstack@n-api.service[100959]: INFO dbcounter [None req-4f250459-1a87-47e3-a175-580299b60117 None None] Registered counter for database nova_api
Apr 17 02:53:29.456825 np0000166944 devstack@n-api.service[100956]: DEBUG oslo_db.sqlalchemy.engines [None req-17e425d1-e427-4bcf-ac3c-e4c43b76fcab None None] MySQL server mode set to STRICT_TRANS_TABLES,STRICT_ALL_TABLES,NO_ZERO_IN_DATE,NO_ZERO_DATE,ERROR_FOR_DIVISION_BY_ZERO,TRADITIONAL,NO_ENGINE_SUBSTITUTION {{(pid=100956) _check_effective_sql_mode /opt/stack/data/venv/lib/python3.12/site-packages/oslo_db/sqlalchemy/engines.py:325}}
Apr 17 02:53:29.459108 np0000166944 devstack@n-api.service[100959]: DEBUG oslo_db.sqlalchemy.engines [None req-4f250459-1a87-47e3-a175-580299b60117 None None] MySQL server mode set to STRICT_TRANS_TABLES,STRICT_ALL_TABLES,NO_ZERO_IN_DATE,NO_ZERO_DATE,ERROR_FOR_DIVISION_BY_ZERO,TRADITIONAL,NO_ENGINE_SUBSTITUTION {{(pid=100959) _check_effective_sql_mode /opt/stack/data/venv/lib/python3.12/site-packages/oslo_db/sqlalchemy/engines.py:325}}
Apr 17 02:53:29.489715 np0000166944 devstack@n-api.service[100956]: DEBUG dbcounter [-] [100956] Writer thread running {{(pid=100956) stat_writer /opt/stack/data/venv/lib/python3.12/site-packages/dbcounter.py:102}}
Apr 17 02:53:29.491894 np0000166944 devstack@n-api.service[100959]: DEBUG dbcounter [-] [100959] Writer thread running {{(pid=100959) stat_writer /opt/stack/data/venv/lib/python3.12/site-packages/dbcounter.py:102}}
Apr 17 02:53:29.492044 np0000166944 devstack@n-api.service[100956]: DEBUG nova.context [None req-17e425d1-e427-4bcf-ac3c-e4c43b76fcab None None] Found 2 cells: 00000000-0000-0000-0000-000000000000(cell0),c6e673d1-5511-448f-b148-ca593819bbf9(cell1) {{(pid=100956) load_cells /opt/stack/nova/nova/context.py:509}}
Apr 17 02:53:29.492178 np0000166944 devstack@n-api.service[100956]: INFO nova.utils [None req-17e425d1-e427-4bcf-ac3c-e4c43b76fcab None None] The cell worker thread pool MainProcess.cell_worker is initialized
Apr 17 02:53:29.493947 np0000166944 devstack@n-api.service[100956]: DEBUG oslo_concurrency.lockutils [None req-17e425d1-e427-4bcf-ac3c-e4c43b76fcab None None] Acquiring lock "00000000-0000-0000-0000-000000000000" by "nova.context.set_target_cell..get_or_set_cached_cell_and_set_connections" {{(pid=100956) inner /opt/stack/data/venv/lib/python3.12/site-packages/oslo_concurrency/lockutils.py:506}}
Apr 17 02:53:29.494172 np0000166944 devstack@n-api.service[100956]: DEBUG oslo_concurrency.lockutils [None req-17e425d1-e427-4bcf-ac3c-e4c43b76fcab None None] Lock "00000000-0000-0000-0000-000000000000" acquired by "nova.context.set_target_cell..get_or_set_cached_cell_and_set_connections" :: waited 0.000s {{(pid=100956) inner /opt/stack/data/venv/lib/python3.12/site-packages/oslo_concurrency/lockutils.py:519}}
Apr 17 02:53:29.494347 np0000166944 devstack@n-api.service[100959]: DEBUG nova.context [None req-4f250459-1a87-47e3-a175-580299b60117 None None] Found 2 cells: 00000000-0000-0000-0000-000000000000(cell0),c6e673d1-5511-448f-b148-ca593819bbf9(cell1) {{(pid=100959) load_cells /opt/stack/nova/nova/context.py:509}}
Apr 17 02:53:29.494527 np0000166944 devstack@n-api.service[100956]: DEBUG oslo_concurrency.lockutils [None req-17e425d1-e427-4bcf-ac3c-e4c43b76fcab None None] Lock "00000000-0000-0000-0000-000000000000" "released" by "nova.context.set_target_cell..get_or_set_cached_cell_and_set_connections" :: held 0.000s {{(pid=100956) inner /opt/stack/data/venv/lib/python3.12/site-packages/oslo_concurrency/lockutils.py:538}}
Apr 17 02:53:29.494625 np0000166944 devstack@n-api.service[100959]: INFO nova.utils [None req-4f250459-1a87-47e3-a175-580299b60117 None None] The cell worker thread pool MainProcess.cell_worker is initialized
Apr 17 02:53:29.495420 np0000166944 devstack@n-api.service[100956]: DEBUG oslo_concurrency.lockutils [None req-17e425d1-e427-4bcf-ac3c-e4c43b76fcab None None] Acquiring lock "c6e673d1-5511-448f-b148-ca593819bbf9" by "nova.context.set_target_cell..get_or_set_cached_cell_and_set_connections" {{(pid=100956) inner /opt/stack/data/venv/lib/python3.12/site-packages/oslo_concurrency/lockutils.py:506}}
Apr 17 02:53:29.495562 np0000166944 devstack@n-api.service[100956]: DEBUG oslo_concurrency.lockutils [None req-17e425d1-e427-4bcf-ac3c-e4c43b76fcab None None] Lock "c6e673d1-5511-448f-b148-ca593819bbf9" acquired by "nova.context.set_target_cell..get_or_set_cached_cell_and_set_connections" :: waited 0.000s {{(pid=100956) inner /opt/stack/data/venv/lib/python3.12/site-packages/oslo_concurrency/lockutils.py:519}}
Apr 17 02:53:29.496298 np0000166944 devstack@n-api.service[100959]: DEBUG oslo_concurrency.lockutils [None req-4f250459-1a87-47e3-a175-580299b60117 None None] Acquiring lock "00000000-0000-0000-0000-000000000000" by "nova.context.set_target_cell..get_or_set_cached_cell_and_set_connections" {{(pid=100959) inner /opt/stack/data/venv/lib/python3.12/site-packages/oslo_concurrency/lockutils.py:506}}
Apr 17 02:53:29.496438 np0000166944 devstack@n-api.service[100956]: DEBUG oslo_concurrency.lockutils [None req-17e425d1-e427-4bcf-ac3c-e4c43b76fcab None None] Lock "c6e673d1-5511-448f-b148-ca593819bbf9" "released" by "nova.context.set_target_cell..get_or_set_cached_cell_and_set_connections" :: held 0.001s {{(pid=100956) inner /opt/stack/data/venv/lib/python3.12/site-packages/oslo_concurrency/lockutils.py:538}}
Apr 17 02:53:29.496532 np0000166944 devstack@n-api.service[100959]: DEBUG oslo_concurrency.lockutils [None req-4f250459-1a87-47e3-a175-580299b60117 None None] Lock "00000000-0000-0000-0000-000000000000" acquired by "nova.context.set_target_cell..get_or_set_cached_cell_and_set_connections" :: waited 0.000s {{(pid=100959) inner /opt/stack/data/venv/lib/python3.12/site-packages/oslo_concurrency/lockutils.py:519}}
Apr 17 02:53:29.496823 np0000166944 devstack@n-api.service[100959]: DEBUG oslo_concurrency.lockutils [None req-4f250459-1a87-47e3-a175-580299b60117 None None] Lock "00000000-0000-0000-0000-000000000000" "released" by "nova.context.set_target_cell..get_or_set_cached_cell_and_set_connections" :: held 0.000s {{(pid=100959) inner /opt/stack/data/venv/lib/python3.12/site-packages/oslo_concurrency/lockutils.py:538}}
Apr 17 02:53:29.497627 np0000166944 devstack@n-api.service[100959]: DEBUG oslo_concurrency.lockutils [None req-4f250459-1a87-47e3-a175-580299b60117 None None] Acquiring lock "c6e673d1-5511-448f-b148-ca593819bbf9" by "nova.context.set_target_cell..get_or_set_cached_cell_and_set_connections" {{(pid=100959) inner /opt/stack/data/venv/lib/python3.12/site-packages/oslo_concurrency/lockutils.py:506}}
Apr 17 02:53:29.497772 np0000166944 devstack@n-api.service[100957]: INFO dbcounter [None req-07ff7c92-83e3-4d64-8913-433be80ff0c4 None None] Registered counter for database nova_api
Apr 17 02:53:29.498563 np0000166944 devstack@n-api.service[100959]: DEBUG oslo_concurrency.lockutils [None req-4f250459-1a87-47e3-a175-580299b60117 None None] Lock "c6e673d1-5511-448f-b148-ca593819bbf9" acquired by "nova.context.set_target_cell..get_or_set_cached_cell_and_set_connections" :: waited 0.000s {{(pid=100959) inner /opt/stack/data/venv/lib/python3.12/site-packages/oslo_concurrency/lockutils.py:519}}
Apr 17 02:53:29.498627 np0000166944 devstack@n-api.service[100959]: DEBUG oslo_concurrency.lockutils [None req-4f250459-1a87-47e3-a175-580299b60117 None None] Lock "c6e673d1-5511-448f-b148-ca593819bbf9" "released" by "nova.context.set_target_cell..get_or_set_cached_cell_and_set_connections" :: held 0.001s {{(pid=100959) inner /opt/stack/data/venv/lib/python3.12/site-packages/oslo_concurrency/lockutils.py:538}}
Apr 17 02:53:29.500073 np0000166944 devstack@n-api.service[100956]: INFO dbcounter [None req-17e425d1-e427-4bcf-ac3c-e4c43b76fcab None None] Registered counter for database nova_cell0
Apr 17 02:53:29.501181 np0000166944 devstack@n-api.service[100959]: INFO dbcounter [None req-4f250459-1a87-47e3-a175-580299b60117 None None] Registered counter for database nova_cell0
Apr 17 02:53:29.509506 np0000166944 devstack@n-api.service[100956]: INFO dbcounter [None req-17e425d1-e427-4bcf-ac3c-e4c43b76fcab None None] Registered counter for database nova_cell1
Apr 17 02:53:29.509704 np0000166944 devstack@n-api.service[100959]: INFO dbcounter [None req-4f250459-1a87-47e3-a175-580299b60117 None None] Registered counter for database nova_cell1
Apr 17 02:53:29.517493 np0000166944 devstack@n-api.service[100957]: DEBUG oslo_db.sqlalchemy.engines [None req-07ff7c92-83e3-4d64-8913-433be80ff0c4 None None] MySQL server mode set to STRICT_TRANS_TABLES,STRICT_ALL_TABLES,NO_ZERO_IN_DATE,NO_ZERO_DATE,ERROR_FOR_DIVISION_BY_ZERO,TRADITIONAL,NO_ENGINE_SUBSTITUTION {{(pid=100957) _check_effective_sql_mode /opt/stack/data/venv/lib/python3.12/site-packages/oslo_db/sqlalchemy/engines.py:325}}
Apr 17 02:53:29.520621 np0000166944 devstack@n-api.service[100959]: DEBUG oslo_db.sqlalchemy.engines [None req-4f250459-1a87-47e3-a175-580299b60117 None None] MySQL server mode set to STRICT_TRANS_TABLES,STRICT_ALL_TABLES,NO_ZERO_IN_DATE,NO_ZERO_DATE,ERROR_FOR_DIVISION_BY_ZERO,TRADITIONAL,NO_ENGINE_SUBSTITUTION {{(pid=100959) _check_effective_sql_mode /opt/stack/data/venv/lib/python3.12/site-packages/oslo_db/sqlalchemy/engines.py:325}}
Apr 17 02:53:29.527179 np0000166944 devstack@n-api.service[100956]: DEBUG oslo_db.sqlalchemy.engines [None req-17e425d1-e427-4bcf-ac3c-e4c43b76fcab None None] MySQL server mode set to STRICT_TRANS_TABLES,STRICT_ALL_TABLES,NO_ZERO_IN_DATE,NO_ZERO_DATE,ERROR_FOR_DIVISION_BY_ZERO,TRADITIONAL,NO_ENGINE_SUBSTITUTION {{(pid=100956) _check_effective_sql_mode /opt/stack/data/venv/lib/python3.12/site-packages/oslo_db/sqlalchemy/engines.py:325}}
Apr 17 02:53:29.527296 np0000166944 devstack@n-api.service[100958]: INFO dbcounter [None req-a524fc6a-1891-4c99-bd29-7506a907e2dc None None] Registered counter for database nova_api
Apr 17 02:53:29.537656 np0000166944 devstack@n-api.service[100959]: DEBUG oslo_db.sqlalchemy.engines [None req-4f250459-1a87-47e3-a175-580299b60117 None None] MySQL server mode set to STRICT_TRANS_TABLES,STRICT_ALL_TABLES,NO_ZERO_IN_DATE,NO_ZERO_DATE,ERROR_FOR_DIVISION_BY_ZERO,TRADITIONAL,NO_ENGINE_SUBSTITUTION {{(pid=100959) _check_effective_sql_mode /opt/stack/data/venv/lib/python3.12/site-packages/oslo_db/sqlalchemy/engines.py:325}}
Apr 17 02:53:29.543231 np0000166944 devstack@n-api.service[100956]: DEBUG oslo_db.sqlalchemy.engines [None req-17e425d1-e427-4bcf-ac3c-e4c43b76fcab None None] MySQL server mode set to STRICT_TRANS_TABLES,STRICT_ALL_TABLES,NO_ZERO_IN_DATE,NO_ZERO_DATE,ERROR_FOR_DIVISION_BY_ZERO,TRADITIONAL,NO_ENGINE_SUBSTITUTION {{(pid=100956) _check_effective_sql_mode /opt/stack/data/venv/lib/python3.12/site-packages/oslo_db/sqlalchemy/engines.py:325}}
Apr 17 02:53:29.544416 np0000166944 devstack@n-api.service[100958]: DEBUG oslo_db.sqlalchemy.engines [None req-a524fc6a-1891-4c99-bd29-7506a907e2dc None None] MySQL server mode set to STRICT_TRANS_TABLES,STRICT_ALL_TABLES,NO_ZERO_IN_DATE,NO_ZERO_DATE,ERROR_FOR_DIVISION_BY_ZERO,TRADITIONAL,NO_ENGINE_SUBSTITUTION {{(pid=100958) _check_effective_sql_mode /opt/stack/data/venv/lib/python3.12/site-packages/oslo_db/sqlalchemy/engines.py:325}}
Apr 17 02:53:29.553594 np0000166944 devstack@n-api.service[100957]: DEBUG dbcounter [-] [100957] Writer thread running {{(pid=100957) stat_writer /opt/stack/data/venv/lib/python3.12/site-packages/dbcounter.py:102}}
Apr 17 02:53:29.556568 np0000166944 devstack@n-api.service[100957]: DEBUG nova.context [None req-07ff7c92-83e3-4d64-8913-433be80ff0c4 None None] Found 2 cells: 00000000-0000-0000-0000-000000000000(cell0),c6e673d1-5511-448f-b148-ca593819bbf9(cell1) {{(pid=100957) load_cells /opt/stack/nova/nova/context.py:509}}
Apr 17 02:53:29.556889 np0000166944 devstack@n-api.service[100957]: INFO nova.utils [None req-07ff7c92-83e3-4d64-8913-433be80ff0c4 None None] The cell worker thread pool MainProcess.cell_worker is initialized
Apr 17 02:53:29.559510 np0000166944 devstack@n-api.service[100957]: DEBUG oslo_concurrency.lockutils [None req-07ff7c92-83e3-4d64-8913-433be80ff0c4 None None] Acquiring lock "00000000-0000-0000-0000-000000000000" by "nova.context.set_target_cell..get_or_set_cached_cell_and_set_connections" {{(pid=100957) inner /opt/stack/data/venv/lib/python3.12/site-packages/oslo_concurrency/lockutils.py:506}}
Apr 17 02:53:29.559754 np0000166944 devstack@n-api.service[100957]: DEBUG oslo_concurrency.lockutils [None req-07ff7c92-83e3-4d64-8913-433be80ff0c4 None None] Lock "00000000-0000-0000-0000-000000000000" acquired by "nova.context.set_target_cell..get_or_set_cached_cell_and_set_connections" :: waited 0.000s {{(pid=100957) inner /opt/stack/data/venv/lib/python3.12/site-packages/oslo_concurrency/lockutils.py:519}}
Apr 17 02:53:29.560280 np0000166944 devstack@n-api.service[100957]: DEBUG oslo_concurrency.lockutils [None req-07ff7c92-83e3-4d64-8913-433be80ff0c4 None None] Lock "00000000-0000-0000-0000-000000000000" "released" by "nova.context.set_target_cell..get_or_set_cached_cell_and_set_connections" :: held 0.001s {{(pid=100957) inner /opt/stack/data/venv/lib/python3.12/site-packages/oslo_concurrency/lockutils.py:538}}
Apr 17 02:53:29.561296 np0000166944 devstack@n-api.service[100957]: DEBUG oslo_concurrency.lockutils [None req-07ff7c92-83e3-4d64-8913-433be80ff0c4 None None] Acquiring lock "c6e673d1-5511-448f-b148-ca593819bbf9" by "nova.context.set_target_cell..get_or_set_cached_cell_and_set_connections" {{(pid=100957) inner /opt/stack/data/venv/lib/python3.12/site-packages/oslo_concurrency/lockutils.py:506}}
Apr 17 02:53:29.561577 np0000166944 devstack@n-api.service[100957]: DEBUG oslo_concurrency.lockutils [None req-07ff7c92-83e3-4d64-8913-433be80ff0c4 None None] Lock "c6e673d1-5511-448f-b148-ca593819bbf9" acquired by "nova.context.set_target_cell..get_or_set_cached_cell_and_set_connections" :: waited 0.000s {{(pid=100957) inner /opt/stack/data/venv/lib/python3.12/site-packages/oslo_concurrency/lockutils.py:519}}
Apr 17 02:53:29.562907 np0000166944 devstack@n-api.service[100957]: DEBUG oslo_concurrency.lockutils [None req-07ff7c92-83e3-4d64-8913-433be80ff0c4 None None] Lock "c6e673d1-5511-448f-b148-ca593819bbf9" "released" by "nova.context.set_target_cell..get_or_set_cached_cell_and_set_connections" :: held 0.001s {{(pid=100957) inner /opt/stack/data/venv/lib/python3.12/site-packages/oslo_concurrency/lockutils.py:538}}
Apr 17 02:53:29.566508 np0000166944 devstack@n-api.service[100957]: INFO dbcounter [None req-07ff7c92-83e3-4d64-8913-433be80ff0c4 None None] Registered counter for database nova_cell0
Apr 17 02:53:29.574832 np0000166944 devstack@n-api.service[100958]: DEBUG dbcounter [-] [100958] Writer thread running {{(pid=100958) stat_writer /opt/stack/data/venv/lib/python3.12/site-packages/dbcounter.py:102}}
Apr 17 02:53:29.575274 np0000166944 devstack@n-api.service[100957]: INFO dbcounter [None req-07ff7c92-83e3-4d64-8913-433be80ff0c4 None None] Registered counter for database nova_cell1
Apr 17 02:53:29.577449 np0000166944 devstack@n-api.service[100958]: DEBUG nova.context [None req-a524fc6a-1891-4c99-bd29-7506a907e2dc None None] Found 2 cells: 00000000-0000-0000-0000-000000000000(cell0),c6e673d1-5511-448f-b148-ca593819bbf9(cell1) {{(pid=100958) load_cells /opt/stack/nova/nova/context.py:509}}
Apr 17 02:53:29.577691 np0000166944 devstack@n-api.service[100958]: INFO nova.utils [None req-a524fc6a-1891-4c99-bd29-7506a907e2dc None None] The cell worker thread pool MainProcess.cell_worker is initialized
Apr 17 02:53:29.579511 np0000166944 devstack@n-api.service[100958]: DEBUG oslo_concurrency.lockutils [None req-a524fc6a-1891-4c99-bd29-7506a907e2dc None None] Acquiring lock "00000000-0000-0000-0000-000000000000" by "nova.context.set_target_cell..get_or_set_cached_cell_and_set_connections" {{(pid=100958) inner /opt/stack/data/venv/lib/python3.12/site-packages/oslo_concurrency/lockutils.py:506}}
Apr 17 02:53:29.579700 np0000166944 devstack@n-api.service[100958]: DEBUG oslo_concurrency.lockutils [None req-a524fc6a-1891-4c99-bd29-7506a907e2dc None None] Lock "00000000-0000-0000-0000-000000000000" acquired by "nova.context.set_target_cell..get_or_set_cached_cell_and_set_connections" :: waited 0.000s {{(pid=100958) inner /opt/stack/data/venv/lib/python3.12/site-packages/oslo_concurrency/lockutils.py:519}}
Apr 17 02:53:29.580049 np0000166944 devstack@n-api.service[100958]: DEBUG oslo_concurrency.lockutils [None req-a524fc6a-1891-4c99-bd29-7506a907e2dc None None] Lock "00000000-0000-0000-0000-000000000000" "released" by "nova.context.set_target_cell..get_or_set_cached_cell_and_set_connections" :: held 0.000s {{(pid=100958) inner /opt/stack/data/venv/lib/python3.12/site-packages/oslo_concurrency/lockutils.py:538}}
Apr 17 02:53:29.580861 np0000166944 devstack@n-api.service[100958]: DEBUG oslo_concurrency.lockutils [None req-a524fc6a-1891-4c99-bd29-7506a907e2dc None None] Acquiring lock "c6e673d1-5511-448f-b148-ca593819bbf9" by "nova.context.set_target_cell..get_or_set_cached_cell_and_set_connections" {{(pid=100958) inner /opt/stack/data/venv/lib/python3.12/site-packages/oslo_concurrency/lockutils.py:506}}
Apr 17 02:53:29.581005 np0000166944 devstack@n-api.service[100958]: DEBUG oslo_concurrency.lockutils [None req-a524fc6a-1891-4c99-bd29-7506a907e2dc None None] Lock "c6e673d1-5511-448f-b148-ca593819bbf9" acquired by "nova.context.set_target_cell..get_or_set_cached_cell_and_set_connections" :: waited 0.000s {{(pid=100958) inner /opt/stack/data/venv/lib/python3.12/site-packages/oslo_concurrency/lockutils.py:519}}
Apr 17 02:53:29.581920 np0000166944 devstack@n-api.service[100958]: DEBUG oslo_concurrency.lockutils [None req-a524fc6a-1891-4c99-bd29-7506a907e2dc None None] Lock "c6e673d1-5511-448f-b148-ca593819bbf9" "released" by "nova.context.set_target_cell..get_or_set_cached_cell_and_set_connections" :: held 0.001s {{(pid=100958) inner /opt/stack/data/venv/lib/python3.12/site-packages/oslo_concurrency/lockutils.py:538}}
Apr 17 02:53:29.585073 np0000166944 devstack@n-api.service[100957]: DEBUG oslo_db.sqlalchemy.engines [None req-07ff7c92-83e3-4d64-8913-433be80ff0c4 None None] MySQL server mode set to STRICT_TRANS_TABLES,STRICT_ALL_TABLES,NO_ZERO_IN_DATE,NO_ZERO_DATE,ERROR_FOR_DIVISION_BY_ZERO,TRADITIONAL,NO_ENGINE_SUBSTITUTION {{(pid=100957) _check_effective_sql_mode /opt/stack/data/venv/lib/python3.12/site-packages/oslo_db/sqlalchemy/engines.py:325}}
Apr 17 02:53:29.585188 np0000166944 devstack@n-api.service[100958]: INFO dbcounter [None req-a524fc6a-1891-4c99-bd29-7506a907e2dc None None] Registered counter for database nova_cell0
Apr 17 02:53:29.594054 np0000166944 devstack@n-api.service[100958]: INFO dbcounter [None req-a524fc6a-1891-4c99-bd29-7506a907e2dc None None] Registered counter for database nova_cell1
Apr 17 02:53:29.596020 np0000166944 devstack@n-api.service[100957]: DEBUG oslo_db.sqlalchemy.engines [None req-07ff7c92-83e3-4d64-8913-433be80ff0c4 None None] MySQL server mode set to STRICT_TRANS_TABLES,STRICT_ALL_TABLES,NO_ZERO_IN_DATE,NO_ZERO_DATE,ERROR_FOR_DIVISION_BY_ZERO,TRADITIONAL,NO_ENGINE_SUBSTITUTION {{(pid=100957) _check_effective_sql_mode /opt/stack/data/venv/lib/python3.12/site-packages/oslo_db/sqlalchemy/engines.py:325}}
Apr 17 02:53:29.604885 np0000166944 devstack@n-api.service[100958]: DEBUG oslo_db.sqlalchemy.engines [None req-a524fc6a-1891-4c99-bd29-7506a907e2dc None None] MySQL server mode set to STRICT_TRANS_TABLES,STRICT_ALL_TABLES,NO_ZERO_IN_DATE,NO_ZERO_DATE,ERROR_FOR_DIVISION_BY_ZERO,TRADITIONAL,NO_ENGINE_SUBSTITUTION {{(pid=100958) _check_effective_sql_mode /opt/stack/data/venv/lib/python3.12/site-packages/oslo_db/sqlalchemy/engines.py:325}}
Apr 17 02:53:29.612483 np0000166944 devstack@n-api.service[100958]: DEBUG oslo_db.sqlalchemy.engines [None req-a524fc6a-1891-4c99-bd29-7506a907e2dc None None] MySQL server mode set to STRICT_TRANS_TABLES,STRICT_ALL_TABLES,NO_ZERO_IN_DATE,NO_ZERO_DATE,ERROR_FOR_DIVISION_BY_ZERO,TRADITIONAL,NO_ENGINE_SUBSTITUTION {{(pid=100958) _check_effective_sql_mode /opt/stack/data/venv/lib/python3.12/site-packages/oslo_db/sqlalchemy/engines.py:325}}
Apr 17 02:53:29.616831 np0000166944 devstack@n-api.service[100959]: DEBUG dbcounter [-] [100959] Writer thread running {{(pid=100959) stat_writer /opt/stack/data/venv/lib/python3.12/site-packages/dbcounter.py:102}}
Apr 17 02:53:29.623884 np0000166944 devstack@n-api.service[100959]: DEBUG dbcounter [-] [100959] Writer thread running {{(pid=100959) stat_writer /opt/stack/data/venv/lib/python3.12/site-packages/dbcounter.py:102}}
Apr 17 02:53:29.628936 np0000166944 devstack@n-api.service[100959]: INFO dbcounter [None req-4f250459-1a87-47e3-a175-580299b60117 None None] Registered counter for database nova_cell0
Apr 17 02:53:29.629879 np0000166944 devstack@n-api.service[100956]: DEBUG dbcounter [-] [100956] Writer thread running {{(pid=100956) stat_writer /opt/stack/data/venv/lib/python3.12/site-packages/dbcounter.py:102}}
Apr 17 02:53:29.637388 np0000166944 devstack@n-api.service[100956]: DEBUG dbcounter [-] [100956] Writer thread running {{(pid=100956) stat_writer /opt/stack/data/venv/lib/python3.12/site-packages/dbcounter.py:102}}
Apr 17 02:53:29.643059 np0000166944 devstack@n-api.service[100956]: INFO dbcounter [None req-17e425d1-e427-4bcf-ac3c-e4c43b76fcab None None] Registered counter for database nova_cell0
Apr 17 02:53:29.644103 np0000166944 devstack@n-api.service[100959]: DEBUG oslo_db.sqlalchemy.engines [None req-4f250459-1a87-47e3-a175-580299b60117 None None] MySQL server mode set to STRICT_TRANS_TABLES,STRICT_ALL_TABLES,NO_ZERO_IN_DATE,NO_ZERO_DATE,ERROR_FOR_DIVISION_BY_ZERO,TRADITIONAL,NO_ENGINE_SUBSTITUTION {{(pid=100959) _check_effective_sql_mode /opt/stack/data/venv/lib/python3.12/site-packages/oslo_db/sqlalchemy/engines.py:325}}
Apr 17 02:53:29.653580 np0000166944 devstack@n-api.service[100956]: DEBUG oslo_db.sqlalchemy.engines [None req-17e425d1-e427-4bcf-ac3c-e4c43b76fcab None None] MySQL server mode set to STRICT_TRANS_TABLES,STRICT_ALL_TABLES,NO_ZERO_IN_DATE,NO_ZERO_DATE,ERROR_FOR_DIVISION_BY_ZERO,TRADITIONAL,NO_ENGINE_SUBSTITUTION {{(pid=100956) _check_effective_sql_mode /opt/stack/data/venv/lib/python3.12/site-packages/oslo_db/sqlalchemy/engines.py:325}}
Apr 17 02:53:29.656734 np0000166944 devstack@n-api.service[100959]: DEBUG dbcounter [-] [100959] Writer thread running {{(pid=100959) stat_writer /opt/stack/data/venv/lib/python3.12/site-packages/dbcounter.py:102}}
Apr 17 02:53:29.664984 np0000166944 devstack@n-api.service[100956]: DEBUG dbcounter [-] [100956] Writer thread running {{(pid=100956) stat_writer /opt/stack/data/venv/lib/python3.12/site-packages/dbcounter.py:102}}
Apr 17 02:53:29.679071 np0000166944 devstack@n-api.service[100957]: DEBUG dbcounter [-] [100957] Writer thread running {{(pid=100957) stat_writer /opt/stack/data/venv/lib/python3.12/site-packages/dbcounter.py:102}}
Apr 17 02:53:29.681078 np0000166944 devstack@n-api.service[100957]: DEBUG dbcounter [-] [100957] Writer thread running {{(pid=100957) stat_writer /opt/stack/data/venv/lib/python3.12/site-packages/dbcounter.py:102}}
Apr 17 02:53:29.706616 np0000166944 devstack@n-api.service[100958]: DEBUG dbcounter [-] [100958] Writer thread running {{(pid=100958) stat_writer /opt/stack/data/venv/lib/python3.12/site-packages/dbcounter.py:102}}
Apr 17 02:53:29.707124 np0000166944 devstack@n-api.service[100958]: DEBUG dbcounter [-] [100958] Writer thread running {{(pid=100958) stat_writer /opt/stack/data/venv/lib/python3.12/site-packages/dbcounter.py:102}}
Apr 17 02:53:29.715888 np0000166944 devstack@n-api.service[100958]: INFO dbcounter [None req-a524fc6a-1891-4c99-bd29-7506a907e2dc None None] Registered counter for database nova_cell0
Apr 17 02:53:29.716698 np0000166944 devstack@n-api.service[100957]: INFO dbcounter [None req-07ff7c92-83e3-4d64-8913-433be80ff0c4 None None] Registered counter for database nova_cell0
Apr 17 02:53:29.729597 np0000166944 devstack@n-api.service[100958]: DEBUG oslo_db.sqlalchemy.engines [None req-a524fc6a-1891-4c99-bd29-7506a907e2dc None None] MySQL server mode set to STRICT_TRANS_TABLES,STRICT_ALL_TABLES,NO_ZERO_IN_DATE,NO_ZERO_DATE,ERROR_FOR_DIVISION_BY_ZERO,TRADITIONAL,NO_ENGINE_SUBSTITUTION {{(pid=100958) _check_effective_sql_mode /opt/stack/data/venv/lib/python3.12/site-packages/oslo_db/sqlalchemy/engines.py:325}}
Apr 17 02:53:29.734446 np0000166944 devstack@n-api.service[100957]: DEBUG oslo_db.sqlalchemy.engines [None req-07ff7c92-83e3-4d64-8913-433be80ff0c4 None None] MySQL server mode set to STRICT_TRANS_TABLES,STRICT_ALL_TABLES,NO_ZERO_IN_DATE,NO_ZERO_DATE,ERROR_FOR_DIVISION_BY_ZERO,TRADITIONAL,NO_ENGINE_SUBSTITUTION {{(pid=100957) _check_effective_sql_mode /opt/stack/data/venv/lib/python3.12/site-packages/oslo_db/sqlalchemy/engines.py:325}}
Apr 17 02:53:29.742627 np0000166944 devstack@n-api.service[100958]: DEBUG dbcounter [-] [100958] Writer thread running {{(pid=100958) stat_writer /opt/stack/data/venv/lib/python3.12/site-packages/dbcounter.py:102}}
Apr 17 02:53:29.746369 np0000166944 devstack@n-api.service[100957]: DEBUG dbcounter [-] [100957] Writer thread running {{(pid=100957) stat_writer /opt/stack/data/venv/lib/python3.12/site-packages/dbcounter.py:102}}
Apr 17 02:53:30.212581 np0000166944 devstack@n-api.service[100956]: DEBUG oslo_concurrency.processutils [None req-17e425d1-e427-4bcf-ac3c-e4c43b76fcab None None] Running cmd (subprocess): grep -F node.session.scan /sbin/iscsiadm {{(pid=100956) execute /opt/stack/data/venv/lib/python3.12/site-packages/oslo_concurrency/processutils.py:440}}
Apr 17 02:53:30.231200 np0000166944 devstack@n-api.service[100956]: DEBUG oslo_concurrency.processutils [None req-17e425d1-e427-4bcf-ac3c-e4c43b76fcab None None] CMD "grep -F node.session.scan /sbin/iscsiadm" returned: 0 in 0.019s {{(pid=100956) execute /opt/stack/data/venv/lib/python3.12/site-packages/oslo_concurrency/processutils.py:468}}
Apr 17 02:53:30.241610 np0000166944 devstack@n-api.service[100957]: DEBUG oslo_concurrency.processutils [None req-07ff7c92-83e3-4d64-8913-433be80ff0c4 None None] Running cmd (subprocess): grep -F node.session.scan /sbin/iscsiadm {{(pid=100957) execute /opt/stack/data/venv/lib/python3.12/site-packages/oslo_concurrency/processutils.py:440}}
Apr 17 02:53:30.245243 np0000166944 devstack@n-api.service[100958]: DEBUG oslo_concurrency.processutils [None req-a524fc6a-1891-4c99-bd29-7506a907e2dc None None] Running cmd (subprocess): grep -F node.session.scan /sbin/iscsiadm {{(pid=100958) execute /opt/stack/data/venv/lib/python3.12/site-packages/oslo_concurrency/processutils.py:440}}
Apr 17 02:53:30.247181 np0000166944 devstack@n-api.service[100959]: DEBUG oslo_concurrency.processutils [None req-4f250459-1a87-47e3-a175-580299b60117 None None] Running cmd (subprocess): grep -F node.session.scan /sbin/iscsiadm {{(pid=100959) execute /opt/stack/data/venv/lib/python3.12/site-packages/oslo_concurrency/processutils.py:440}}
Apr 17 02:53:30.267633 np0000166944 devstack@n-api.service[100958]: DEBUG oslo_concurrency.processutils [None req-a524fc6a-1891-4c99-bd29-7506a907e2dc None None] CMD "grep -F node.session.scan /sbin/iscsiadm" returned: 0 in 0.022s {{(pid=100958) execute /opt/stack/data/venv/lib/python3.12/site-packages/oslo_concurrency/processutils.py:468}}
Apr 17 02:53:30.268936 np0000166944 devstack@n-api.service[100957]: DEBUG oslo_concurrency.processutils [None req-07ff7c92-83e3-4d64-8913-433be80ff0c4 None None] CMD "grep -F node.session.scan /sbin/iscsiadm" returned: 0 in 0.027s {{(pid=100957) execute /opt/stack/data/venv/lib/python3.12/site-packages/oslo_concurrency/processutils.py:468}}
Apr 17 02:53:30.272412 np0000166944 devstack@n-api.service[100959]: DEBUG oslo_concurrency.processutils [None req-4f250459-1a87-47e3-a175-580299b60117 None None] CMD "grep -F node.session.scan /sbin/iscsiadm" returned: 0 in 0.025s {{(pid=100959) execute /opt/stack/data/venv/lib/python3.12/site-packages/oslo_concurrency/processutils.py:468}}
Apr 17 02:53:30.645321 np0000166944 devstack@n-api.service[100958]: WARNING keystonemiddleware.auth_token [None req-a524fc6a-1891-4c99-bd29-7506a907e2dc None None] AuthToken middleware is set with keystone_authtoken.service_token_roles_required set to False. This is backwards compatible but deprecated behaviour. Please set this to True.
Apr 17 02:53:30.646546 np0000166944 devstack@n-api.service[100956]: WARNING keystonemiddleware.auth_token [None req-17e425d1-e427-4bcf-ac3c-e4c43b76fcab None None] AuthToken middleware is set with keystone_authtoken.service_token_roles_required set to False. This is backwards compatible but deprecated behaviour. Please set this to True.
Apr 17 02:53:30.648580 np0000166944 devstack@n-api.service[100959]: WARNING keystonemiddleware.auth_token [None req-4f250459-1a87-47e3-a175-580299b60117 None None] AuthToken middleware is set with keystone_authtoken.service_token_roles_required set to False. This is backwards compatible but deprecated behaviour. Please set this to True.
Apr 17 02:53:30.649405 np0000166944 devstack@n-api.service[100957]: WARNING keystonemiddleware.auth_token [None req-07ff7c92-83e3-4d64-8913-433be80ff0c4 None None] AuthToken middleware is set with keystone_authtoken.service_token_roles_required set to False. This is backwards compatible but deprecated behaviour. Please set this to True.
Apr 17 02:53:30.862179 np0000166944 devstack@n-api.service[100956]: WARNING keystonemiddleware.auth_token [None req-17e425d1-e427-4bcf-ac3c-e4c43b76fcab None None] AuthToken middleware is set with keystone_authtoken.service_token_roles_required set to False. This is backwards compatible but deprecated behaviour. Please set this to True.
Apr 17 02:53:30.867458 np0000166944 devstack@n-api.service[100956]: DEBUG nova.api.openstack.wsgi_app [None req-17e425d1-e427-4bcf-ac3c-e4c43b76fcab None None] ******************************************************************************** {{(pid=100956) log_opt_values /opt/stack/data/venv/lib/python3.12/site-packages/oslo_config/cfg.py:2979}}
Apr 17 02:53:30.867682 np0000166944 devstack@n-api.service[100956]: DEBUG nova.api.openstack.wsgi_app [None req-17e425d1-e427-4bcf-ac3c-e4c43b76fcab None None] Configuration options gathered from: {{(pid=100956) log_opt_values /opt/stack/data/venv/lib/python3.12/site-packages/oslo_config/cfg.py:2980}}
Apr 17 02:53:30.867982 np0000166944 devstack@n-api.service[100956]: DEBUG nova.api.openstack.wsgi_app [None req-17e425d1-e427-4bcf-ac3c-e4c43b76fcab None None] command line args: [] {{(pid=100956) log_opt_values /opt/stack/data/venv/lib/python3.12/site-packages/oslo_config/cfg.py:2981}}
Apr 17 02:53:30.868120 np0000166944 devstack@n-api.service[100956]: DEBUG nova.api.openstack.wsgi_app [None req-17e425d1-e427-4bcf-ac3c-e4c43b76fcab None None] config files: ['/etc/nova/api-paste.ini', '/etc/nova/nova.conf'] {{(pid=100956) log_opt_values /opt/stack/data/venv/lib/python3.12/site-packages/oslo_config/cfg.py:2982}}
Apr 17 02:53:30.868229 np0000166944 devstack@n-api.service[100956]: DEBUG nova.api.openstack.wsgi_app [None req-17e425d1-e427-4bcf-ac3c-e4c43b76fcab None None] ================================================================================ {{(pid=100956) log_opt_values /opt/stack/data/venv/lib/python3.12/site-packages/oslo_config/cfg.py:2987}}
Apr 17 02:53:30.868419 np0000166944 devstack@n-api.service[100956]: DEBUG nova.api.openstack.wsgi_app [None req-17e425d1-e427-4bcf-ac3c-e4c43b76fcab None None] allow_resize_to_same_host = True {{(pid=100956) log_opt_values /opt/stack/data/venv/lib/python3.12/site-packages/oslo_config/cfg.py:2995}}
Apr 17 02:53:30.868544 np0000166944 devstack@n-api.service[100956]: DEBUG nova.api.openstack.wsgi_app [None req-17e425d1-e427-4bcf-ac3c-e4c43b76fcab None None] arq_binding_timeout = 300 {{(pid=100956) log_opt_values /opt/stack/data/venv/lib/python3.12/site-packages/oslo_config/cfg.py:2995}}
Apr 17 02:53:30.868687 np0000166944 devstack@n-api.service[100956]: DEBUG nova.api.openstack.wsgi_app [None req-17e425d1-e427-4bcf-ac3c-e4c43b76fcab None None] block_device_allocate_retries = 60 {{(pid=100956) log_opt_values /opt/stack/data/venv/lib/python3.12/site-packages/oslo_config/cfg.py:2995}}
Apr 17 02:53:30.868819 np0000166944 devstack@n-api.service[100956]: DEBUG nova.api.openstack.wsgi_app [None req-17e425d1-e427-4bcf-ac3c-e4c43b76fcab None None] block_device_allocate_retries_interval = 3 {{(pid=100956) log_opt_values /opt/stack/data/venv/lib/python3.12/site-packages/oslo_config/cfg.py:2995}}
Apr 17 02:53:30.869007 np0000166944 devstack@n-api.service[100956]: DEBUG nova.api.openstack.wsgi_app [None req-17e425d1-e427-4bcf-ac3c-e4c43b76fcab None None] cell_worker_thread_pool_size = 5 {{(pid=100956) log_opt_values /opt/stack/data/venv/lib/python3.12/site-packages/oslo_config/cfg.py:2995}}
Apr 17 02:53:30.869105 np0000166944 devstack@n-api.service[100956]: DEBUG nova.api.openstack.wsgi_app [None req-17e425d1-e427-4bcf-ac3c-e4c43b76fcab None None] cert = self.pem {{(pid=100956) log_opt_values /opt/stack/data/venv/lib/python3.12/site-packages/oslo_config/cfg.py:2995}}
Apr 17 02:53:30.869216 np0000166944 devstack@n-api.service[100956]: DEBUG nova.api.openstack.wsgi_app [None req-17e425d1-e427-4bcf-ac3c-e4c43b76fcab None None] compute_driver = libvirt.LibvirtDriver {{(pid=100956) log_opt_values /opt/stack/data/venv/lib/python3.12/site-packages/oslo_config/cfg.py:2995}}
Apr 17 02:53:30.869360 np0000166944 devstack@n-api.service[100956]: DEBUG nova.api.openstack.wsgi_app [None req-17e425d1-e427-4bcf-ac3c-e4c43b76fcab None None] compute_monitors = [] {{(pid=100956) log_opt_values /opt/stack/data/venv/lib/python3.12/site-packages/oslo_config/cfg.py:2995}}
Apr 17 02:53:30.869493 np0000166944 devstack@n-api.service[100956]: DEBUG nova.api.openstack.wsgi_app [None req-17e425d1-e427-4bcf-ac3c-e4c43b76fcab None None] config_dir = [] {{(pid=100956) log_opt_values /opt/stack/data/venv/lib/python3.12/site-packages/oslo_config/cfg.py:2995}}
Apr 17 02:53:30.869662 np0000166944 devstack@n-api.service[100956]: DEBUG nova.api.openstack.wsgi_app [None req-17e425d1-e427-4bcf-ac3c-e4c43b76fcab None None] config_drive_format = iso9660 {{(pid=100956) log_opt_values /opt/stack/data/venv/lib/python3.12/site-packages/oslo_config/cfg.py:2995}}
Apr 17 02:53:30.869774 np0000166944 devstack@n-api.service[100956]: DEBUG nova.api.openstack.wsgi_app [None req-17e425d1-e427-4bcf-ac3c-e4c43b76fcab None None] config_file = ['/etc/nova/api-paste.ini', '/etc/nova/nova.conf'] {{(pid=100956) log_opt_values /opt/stack/data/venv/lib/python3.12/site-packages/oslo_config/cfg.py:2995}}
Apr 17 02:53:30.869908 np0000166944 devstack@n-api.service[100956]: DEBUG nova.api.openstack.wsgi_app [None req-17e425d1-e427-4bcf-ac3c-e4c43b76fcab None None] config_source = [] {{(pid=100956) log_opt_values /opt/stack/data/venv/lib/python3.12/site-packages/oslo_config/cfg.py:2995}}
Apr 17 02:53:30.870067 np0000166944 devstack@n-api.service[100956]: DEBUG nova.api.openstack.wsgi_app [None req-17e425d1-e427-4bcf-ac3c-e4c43b76fcab None None] console_host = np0000166944 {{(pid=100956) log_opt_values /opt/stack/data/venv/lib/python3.12/site-packages/oslo_config/cfg.py:2995}}
Apr 17 02:53:30.870193 np0000166944 devstack@n-api.service[100956]: DEBUG nova.api.openstack.wsgi_app [None req-17e425d1-e427-4bcf-ac3c-e4c43b76fcab None None] control_exchange = nova {{(pid=100956) log_opt_values /opt/stack/data/venv/lib/python3.12/site-packages/oslo_config/cfg.py:2995}}
Apr 17 02:53:30.870330 np0000166944 devstack@n-api.service[100956]: DEBUG nova.api.openstack.wsgi_app [None req-17e425d1-e427-4bcf-ac3c-e4c43b76fcab None None] cpu_allocation_ratio = None {{(pid=100956) log_opt_values /opt/stack/data/venv/lib/python3.12/site-packages/oslo_config/cfg.py:2995}}
Apr 17 02:53:30.870461 np0000166944 devstack@n-api.service[100956]: DEBUG nova.api.openstack.wsgi_app [None req-17e425d1-e427-4bcf-ac3c-e4c43b76fcab None None] daemon = False {{(pid=100956) log_opt_values /opt/stack/data/venv/lib/python3.12/site-packages/oslo_config/cfg.py:2995}}
Apr 17 02:53:30.870589 np0000166944 devstack@n-api.service[100956]: DEBUG nova.api.openstack.wsgi_app [None req-17e425d1-e427-4bcf-ac3c-e4c43b76fcab None None] debug = True {{(pid=100956) log_opt_values /opt/stack/data/venv/lib/python3.12/site-packages/oslo_config/cfg.py:2995}}
Apr 17 02:53:30.870714 np0000166944 devstack@n-api.service[100956]: DEBUG nova.api.openstack.wsgi_app [None req-17e425d1-e427-4bcf-ac3c-e4c43b76fcab None None] default_access_ip_network_name = None {{(pid=100956) log_opt_values /opt/stack/data/venv/lib/python3.12/site-packages/oslo_config/cfg.py:2995}}
Apr 17 02:53:30.870846 np0000166944 devstack@n-api.service[100956]: DEBUG nova.api.openstack.wsgi_app [None req-17e425d1-e427-4bcf-ac3c-e4c43b76fcab None None] default_availability_zone = nova {{(pid=100956) log_opt_values /opt/stack/data/venv/lib/python3.12/site-packages/oslo_config/cfg.py:2995}}
Apr 17 02:53:30.870976 np0000166944 devstack@n-api.service[100956]: DEBUG nova.api.openstack.wsgi_app [None req-17e425d1-e427-4bcf-ac3c-e4c43b76fcab None None] default_ephemeral_format = ext4 {{(pid=100956) log_opt_values /opt/stack/data/venv/lib/python3.12/site-packages/oslo_config/cfg.py:2995}}
Apr 17 02:53:30.871109 np0000166944 devstack@n-api.service[100956]: DEBUG nova.api.openstack.wsgi_app [None req-17e425d1-e427-4bcf-ac3c-e4c43b76fcab None None] default_green_pool_size = 1000 {{(pid=100956) log_opt_values /opt/stack/data/venv/lib/python3.12/site-packages/oslo_config/cfg.py:2995}}
Apr 17 02:53:30.871340 np0000166944 devstack@n-api.service[100956]: DEBUG nova.api.openstack.wsgi_app [None req-17e425d1-e427-4bcf-ac3c-e4c43b76fcab None None] default_log_levels = ['amqp=WARN', 'boto=WARN', 'sqlalchemy=WARN', 'suds=INFO', 'oslo.messaging=INFO', 'oslo_messaging=INFO', 'iso8601=WARN', 'requests.packages.urllib3.connectionpool=WARN', 'urllib3.connectionpool=WARN', 'websocket=WARN', 'requests.packages.urllib3.util.retry=WARN', 'urllib3.util.retry=WARN', 'keystonemiddleware=WARN', 'routes.middleware=WARN', 'stevedore=WARN', 'taskflow=WARN', 'keystoneauth=WARN', 'oslo.cache=INFO', 'oslo_policy=INFO', 'dogpile.core.dogpile=INFO', 'glanceclient=WARN', 'oslo.privsep.daemon=INFO'] {{(pid=100956) log_opt_values /opt/stack/data/venv/lib/python3.12/site-packages/oslo_config/cfg.py:2995}}
Apr 17 02:53:30.871523 np0000166944 devstack@n-api.service[100956]: DEBUG nova.api.openstack.wsgi_app [None req-17e425d1-e427-4bcf-ac3c-e4c43b76fcab None None] default_schedule_zone = None {{(pid=100956) log_opt_values /opt/stack/data/venv/lib/python3.12/site-packages/oslo_config/cfg.py:2995}}
Apr 17 02:53:30.871596 np0000166944 devstack@n-api.service[100956]: DEBUG nova.api.openstack.wsgi_app [None req-17e425d1-e427-4bcf-ac3c-e4c43b76fcab None None] default_thread_pool_size = 10 {{(pid=100956) log_opt_values /opt/stack/data/venv/lib/python3.12/site-packages/oslo_config/cfg.py:2995}}
Apr 17 02:53:30.871713 np0000166944 devstack@n-api.service[100956]: DEBUG nova.api.openstack.wsgi_app [None req-17e425d1-e427-4bcf-ac3c-e4c43b76fcab None None] disk_allocation_ratio = None {{(pid=100956) log_opt_values /opt/stack/data/venv/lib/python3.12/site-packages/oslo_config/cfg.py:2995}}
Apr 17 02:53:30.871838 np0000166944 devstack@n-api.service[100956]: DEBUG nova.api.openstack.wsgi_app [None req-17e425d1-e427-4bcf-ac3c-e4c43b76fcab None None] enable_new_services = True {{(pid=100956) log_opt_values /opt/stack/data/venv/lib/python3.12/site-packages/oslo_config/cfg.py:2995}}
Apr 17 02:53:30.871965 np0000166944 devstack@n-api.service[100956]: DEBUG nova.api.openstack.wsgi_app [None req-17e425d1-e427-4bcf-ac3c-e4c43b76fcab None None] flat_injected = False {{(pid=100956) log_opt_values /opt/stack/data/venv/lib/python3.12/site-packages/oslo_config/cfg.py:2995}}
Apr 17 02:53:30.872097 np0000166944 devstack@n-api.service[100956]: DEBUG nova.api.openstack.wsgi_app [None req-17e425d1-e427-4bcf-ac3c-e4c43b76fcab None None] force_config_drive = False {{(pid=100956) log_opt_values /opt/stack/data/venv/lib/python3.12/site-packages/oslo_config/cfg.py:2995}}
Apr 17 02:53:30.872238 np0000166944 devstack@n-api.service[100956]: DEBUG nova.api.openstack.wsgi_app [None req-17e425d1-e427-4bcf-ac3c-e4c43b76fcab None None] force_raw_images = True {{(pid=100956) log_opt_values /opt/stack/data/venv/lib/python3.12/site-packages/oslo_config/cfg.py:2995}}
Apr 17 02:53:30.872377 np0000166944 devstack@n-api.service[100956]: DEBUG nova.api.openstack.wsgi_app [None req-17e425d1-e427-4bcf-ac3c-e4c43b76fcab None None] graceful_shutdown_timeout = 5 {{(pid=100956) log_opt_values /opt/stack/data/venv/lib/python3.12/site-packages/oslo_config/cfg.py:2995}}
