Apr 17 02:53:56.570676 np0000166944 devstack@neutron-api.service[104169]: DEBUG neutron_lib.callbacks.manager [None req-f003dfe5-f864-41ec-ba54-86b16faea1e5 None None] Subscribe: > router precommit_update 55550100, False {{(pid=104169) subscribe /opt/stack/data/venv/lib/python3.12/site-packages/neutron_lib/callbacks/manager.py:52}}
Apr 17 02:53:56.570791 np0000166944 devstack@neutron-api.service[104168]: DEBUG neutron.api.extensions [None req-46e4b97a-aa1e-48f1-9dba-de75522017ab None None] Loading extension file: availability_zone_filter.py {{(pid=104168) _load_all_extensions_from_path /opt/stack/neutron/neutron/api/extensions.py:449}}
Apr 17 02:53:56.570963 np0000166944 devstack@neutron-api.service[104168]: DEBUG neutron.api.extensions [None req-46e4b97a-aa1e-48f1-9dba-de75522017ab None None] Ext name="Availability Zone Filter Extension" alias="availability_zone_filter" description="Add filter parameters to AvailabilityZone resource" updated="2018-06-22T10:00:00-00:00" {{(pid=104168) _check_extension /opt/stack/neutron/neutron/api/extensions.py:415}}
Apr 17 02:53:56.571154 np0000166944 devstack@neutron-api.service[104168]: INFO neutron.api.extensions [None req-46e4b97a-aa1e-48f1-9dba-de75522017ab None None] Extension availability_zone_filter not supported by any of loaded plugins
Apr 17 02:53:56.571246 np0000166944 devstack@neutron-api.service[104168]: DEBUG neutron.api.extensions [None req-46e4b97a-aa1e-48f1-9dba-de75522017ab None None] Loading extension file: data_plane_status.py {{(pid=104168) _load_all_extensions_from_path /opt/stack/neutron/neutron/api/extensions.py:449}}
Apr 17 02:53:56.571413 np0000166944 devstack@neutron-api.service[104167]: INFO neutron.quota [None req-eed4de34-2a13-4c68-9cd5-5a2b59c3db1f None None] Loaded quota_driver: .
Apr 17 02:53:56.571474 np0000166944 devstack@neutron-api.service[104168]: DEBUG neutron.api.extensions [None req-46e4b97a-aa1e-48f1-9dba-de75522017ab None None] Ext name="Port data plane status extension" alias="data-plane-status" description="Expose status of underlying data plane" updated="2017-01-24T10:00:00-00:00" {{(pid=104168) _check_extension /opt/stack/neutron/neutron/api/extensions.py:415}}
Apr 17 02:53:56.571530 np0000166944 devstack@neutron-api.service[104167]: INFO neutron.plugins.ml2.plugin [None req-eed4de34-2a13-4c68-9cd5-5a2b59c3db1f None None] Modular L2 Plugin initialization complete
Apr 17 02:53:56.571646 np0000166944 devstack@neutron-api.service[104168]: INFO neutron.api.extensions [None req-46e4b97a-aa1e-48f1-9dba-de75522017ab None None] Extension data-plane-status not supported by any of loaded plugins
Apr 17 02:53:56.571681 np0000166944 devstack@neutron-api.service[104167]: DEBUG neutron.manager [None req-eed4de34-2a13-4c68-9cd5-5a2b59c3db1f None None] Loading services supported by the core plugin {{(pid=104167) _load_services_from_core_plugin /opt/stack/neutron/neutron/manager.py:170}}
Apr 17 02:53:56.571737 np0000166944 devstack@neutron-api.service[104168]: DEBUG neutron.api.extensions [None req-46e4b97a-aa1e-48f1-9dba-de75522017ab None None] Loading extension file: default_subnetpools.py {{(pid=104168) _load_all_extensions_from_path /opt/stack/neutron/neutron/api/extensions.py:449}}
Apr 17 02:53:56.571792 np0000166944 devstack@neutron-api.service[104167]: INFO neutron.plugins.ml2.managers [None req-eed4de34-2a13-4c68-9cd5-5a2b59c3db1f None None] Got port-security extension from driver 'port_security'
Apr 17 02:53:56.571968 np0000166944 devstack@neutron-api.service[104168]: DEBUG neutron.api.extensions [None req-46e4b97a-aa1e-48f1-9dba-de75522017ab None None] Ext name="Default Subnetpools" alias="default-subnetpools" description="Provides ability to mark and use a subnetpool as the default." updated="2016-02-18T18:00:00-00:00" {{(pid=104168) _check_extension /opt/stack/neutron/neutron/api/extensions.py:415}}
Apr 17 02:53:56.572128 np0000166944 devstack@neutron-api.service[104167]: DEBUG neutron.manager [None req-eed4de34-2a13-4c68-9cd5-5a2b59c3db1f None None] Loading service plugins: ['ovn-router', 'auto_allocate', 'tag', 'timestamp', 'network_ip_availability', 'flavors', 'revisions'] {{(pid=104167) _load_service_plugins /opt/stack/neutron/neutron/manager.py:195}}
Apr 17 02:53:56.572182 np0000166944 devstack@neutron-api.service[104168]: INFO neutron.api.extensions [None req-46e4b97a-aa1e-48f1-9dba-de75522017ab None None] Loaded extension: default-subnetpools
Apr 17 02:53:56.572246 np0000166944 devstack@neutron-api.service[104168]: DEBUG neutron.api.extensions [None req-46e4b97a-aa1e-48f1-9dba-de75522017ab None None] Loading extension file: dhcpagentscheduler.py {{(pid=104168) _load_all_extensions_from_path /opt/stack/neutron/neutron/api/extensions.py:449}}
Apr 17 02:53:56.572284 np0000166944 devstack@neutron-api.service[104167]: INFO neutron.manager [None req-eed4de34-2a13-4c68-9cd5-5a2b59c3db1f None None] Loading Plugin: ovn-router
Apr 17 02:53:56.572621 np0000166944 devstack@neutron-api.service[104168]: DEBUG neutron.api.extensions [None req-46e4b97a-aa1e-48f1-9dba-de75522017ab None None] Ext name="DHCP Agent Scheduler" alias="dhcp_agent_scheduler" description="Schedule networks among dhcp agents" updated="2013-02-07T10:00:00-00:00" {{(pid=104168) _check_extension /opt/stack/neutron/neutron/api/extensions.py:415}}
Apr 17 02:53:56.572797 np0000166944 devstack@neutron-api.service[104168]: INFO neutron.api.extensions [None req-46e4b97a-aa1e-48f1-9dba-de75522017ab None None] Loaded extension: dhcp_agent_scheduler
Apr 17 02:53:56.572890 np0000166944 devstack@neutron-api.service[104168]: DEBUG neutron.api.extensions [None req-46e4b97a-aa1e-48f1-9dba-de75522017ab None None] Loading extension file: dns.py {{(pid=104168) _load_all_extensions_from_path /opt/stack/neutron/neutron/api/extensions.py:449}}
Apr 17 02:53:56.573183 np0000166944 devstack@neutron-api.service[104168]: DEBUG neutron.api.extensions [None req-46e4b97a-aa1e-48f1-9dba-de75522017ab None None] Ext name="DNS Integration" alias="dns-integration" description="Provides integration with DNS." updated="2015-08-15T18:00:00-00:00" {{(pid=104168) _check_extension /opt/stack/neutron/neutron/api/extensions.py:415}}
Apr 17 02:53:56.573359 np0000166944 devstack@neutron-api.service[104168]: INFO neutron.api.extensions [None req-46e4b97a-aa1e-48f1-9dba-de75522017ab None None] Loaded extension: dns-integration
Apr 17 02:53:56.573452 np0000166944 devstack@neutron-api.service[104168]: DEBUG neutron.api.extensions [None req-46e4b97a-aa1e-48f1-9dba-de75522017ab None None] Loading extension file: dns_domain_ports.py {{(pid=104168) _load_all_extensions_from_path /opt/stack/neutron/neutron/api/extensions.py:449}}
Apr 17 02:53:56.573685 np0000166944 devstack@neutron-api.service[104168]: DEBUG neutron.api.extensions [None req-46e4b97a-aa1e-48f1-9dba-de75522017ab None None] Ext name="dns_domain for ports" alias="dns-domain-ports" description="Allows the DNS domain to be specified for a network port." updated="2017-04-24T10:00:00-00:00" {{(pid=104168) _check_extension /opt/stack/neutron/neutron/api/extensions.py:415}}
Apr 17 02:53:56.573858 np0000166944 devstack@neutron-api.service[104168]: INFO neutron.api.extensions [None req-46e4b97a-aa1e-48f1-9dba-de75522017ab None None] Loaded extension: dns-domain-ports
Apr 17 02:53:56.573944 np0000166944 devstack@neutron-api.service[104168]: DEBUG neutron.api.extensions [None req-46e4b97a-aa1e-48f1-9dba-de75522017ab None None] Loading extension file: dns_integration_domain_keywords.py {{(pid=104168) _load_all_extensions_from_path /opt/stack/neutron/neutron/api/extensions.py:449}}
Apr 17 02:53:56.574018 np0000166944 devstack@neutron-api.service[104169]: DEBUG neutron.services.provider_configuration [None req-f003dfe5-f864-41ec-ba54-86b16faea1e5 None None] Service providers = [] {{(pid=104169) parse_service_provider_opt /opt/stack/neutron/neutron/services/provider_configuration.py:170}}
Apr 17 02:53:56.574142 np0000166944 devstack@neutron-api.service[104169]: DEBUG neutron.db.servicetype_db [None req-f003dfe5-f864-41ec-ba54-86b16faea1e5 None None] Adding provider configuration for service L3_ROUTER_NAT {{(pid=104169) add_provider_configuration /opt/stack/neutron/neutron/db/servicetype_db.py:42}}
Apr 17 02:53:56.574184 np0000166944 devstack@neutron-api.service[104168]: DEBUG neutron.api.extensions [None req-46e4b97a-aa1e-48f1-9dba-de75522017ab None None] Ext name="DNS domain names with keywords allowed" alias="dns-integration-domain-keywords" description="Allows to use keywords like , , and as DNS domain name" updated="2020-06-15T18:00:00-00:00" {{(pid=104168) _check_extension /opt/stack/neutron/neutron/api/extensions.py:415}}
Apr 17 02:53:56.574356 np0000166944 devstack@neutron-api.service[104168]: INFO neutron.api.extensions [None req-46e4b97a-aa1e-48f1-9dba-de75522017ab None None] Loaded extension: dns-integration-domain-keywords
Apr 17 02:53:56.574446 np0000166944 devstack@neutron-api.service[104168]: DEBUG neutron.api.extensions [None req-46e4b97a-aa1e-48f1-9dba-de75522017ab None None] Loading extension file: dvr.py {{(pid=104168) _load_all_extensions_from_path /opt/stack/neutron/neutron/api/extensions.py:449}}
Apr 17 02:53:56.574714 np0000166944 devstack@neutron-api.service[104168]: DEBUG neutron.api.extensions [None req-46e4b97a-aa1e-48f1-9dba-de75522017ab None None] Ext name="Distributed Virtual Router" alias="dvr" description="Enables configuration of Distributed Virtual Routers." updated="2014-06-1T10:00:00-00:00" {{(pid=104168) _check_extension /opt/stack/neutron/neutron/api/extensions.py:415}}
Apr 17 02:53:56.574888 np0000166944 devstack@neutron-api.service[104168]: INFO neutron.api.extensions [None req-46e4b97a-aa1e-48f1-9dba-de75522017ab None None] Extension dvr not supported by any of loaded plugins
Apr 17 02:53:56.574978 np0000166944 devstack@neutron-api.service[104168]: DEBUG neutron.api.extensions [None req-46e4b97a-aa1e-48f1-9dba-de75522017ab None None] Loading extension file: ecmp_routes.py {{(pid=104168) _load_all_extensions_from_path /opt/stack/neutron/neutron/api/extensions.py:449}}
Apr 17 02:53:56.575232 np0000166944 devstack@neutron-api.service[104168]: DEBUG neutron.api.extensions [None req-46e4b97a-aa1e-48f1-9dba-de75522017ab None None] Ext name="Equal Cost Multipath Routing" alias="ecmp_routes" description="Allows traffic to reach thesame destination via multiple different links " updated="2020-11-26T18:00:00-00:00" {{(pid=104168) _check_extension /opt/stack/neutron/neutron/api/extensions.py:415}}
Apr 17 02:53:56.575380 np0000166944 devstack@neutron-api.service[104169]: DEBUG neutron_lib.callbacks.manager [None req-f003dfe5-f864-41ec-ba54-86b16faea1e5 None None] Subscribe: > router precommit_create 55549900, False {{(pid=104169) subscribe /opt/stack/data/venv/lib/python3.12/site-packages/neutron_lib/callbacks/manager.py:52}}
Apr 17 02:53:56.575415 np0000166944 devstack@neutron-api.service[104168]: INFO neutron.api.extensions [None req-46e4b97a-aa1e-48f1-9dba-de75522017ab None None] Extension ecmp_routes not supported by any of loaded plugins
Apr 17 02:53:56.575484 np0000166944 devstack@neutron-api.service[104168]: DEBUG neutron.api.extensions [None req-46e4b97a-aa1e-48f1-9dba-de75522017ab None None] Loading extension file: empty_string_filtering.py {{(pid=104168) _load_all_extensions_from_path /opt/stack/neutron/neutron/api/extensions.py:449}}
Apr 17 02:53:56.575514 np0000166944 devstack@neutron-api.service[104169]: DEBUG neutron_lib.callbacks.manager [None req-f003dfe5-f864-41ec-ba54-86b16faea1e5 None None] Subscribe: > router_interface after_create 55550000, False {{(pid=104169) subscribe /opt/stack/data/venv/lib/python3.12/site-packages/neutron_lib/callbacks/manager.py:52}}
Apr 17 02:53:56.575598 np0000166944 devstack@neutron-api.service[104169]: DEBUG neutron_lib.callbacks.manager [None req-f003dfe5-f864-41ec-ba54-86b16faea1e5 None None] Subscribe: > floatingip after_create 55550000, False {{(pid=104169) subscribe /opt/stack/data/venv/lib/python3.12/site-packages/neutron_lib/callbacks/manager.py:52}}
Apr 17 02:53:56.575703 np0000166944 devstack@neutron-api.service[104169]: DEBUG neutron_lib.callbacks.manager [None req-f003dfe5-f864-41ec-ba54-86b16faea1e5 None None] Subscribe: > floatingip precommit_create 55550000, False {{(pid=104169) subscribe /opt/stack/data/venv/lib/python3.12/site-packages/neutron_lib/callbacks/manager.py:52}}
Apr 17 02:53:56.575744 np0000166944 devstack@neutron-api.service[104168]: DEBUG neutron.api.extensions [None req-46e4b97a-aa1e-48f1-9dba-de75522017ab None None] Ext name="Empty String Filtering Extension" alias="empty-string-filtering" description="Allow filtering by attributes with empty string value" updated="2018-05-01T10:00:00-00:00" {{(pid=104168) _check_extension /opt/stack/neutron/neutron/api/extensions.py:415}}
Apr 17 02:53:56.575808 np0000166944 devstack@neutron-api.service[104169]: DEBUG neutron_lib.callbacks.manager [None req-f003dfe5-f864-41ec-ba54-86b16faea1e5 None None] Subscribe: > floatingip precommit_update 55550000, False {{(pid=104169) subscribe /opt/stack/data/venv/lib/python3.12/site-packages/neutron_lib/callbacks/manager.py:52}}
Apr 17 02:53:56.575877 np0000166944 devstack@neutron-api.service[104168]: INFO neutron.api.extensions [None req-46e4b97a-aa1e-48f1-9dba-de75522017ab None None] Loaded extension: empty-string-filtering
Apr 17 02:53:56.575904 np0000166944 devstack@neutron-api.service[104169]: DEBUG neutron_lib.callbacks.manager [None req-f003dfe5-f864-41ec-ba54-86b16faea1e5 None None] Subscribe: > floatingip after_delete 55550000, False {{(pid=104169) subscribe /opt/stack/data/venv/lib/python3.12/site-packages/neutron_lib/callbacks/manager.py:52}}
Apr 17 02:53:56.575969 np0000166944 devstack@neutron-api.service[104168]: DEBUG neutron.api.extensions [None req-46e4b97a-aa1e-48f1-9dba-de75522017ab None None] Loading extension file: expose_l3_conntrack_helper.py {{(pid=104168) _load_all_extensions_from_path /opt/stack/neutron/neutron/api/extensions.py:449}}
Apr 17 02:53:56.575999 np0000166944 devstack@neutron-api.service[104169]: DEBUG neutron_lib.callbacks.manager [None req-f003dfe5-f864-41ec-ba54-86b16faea1e5 None None] Subscribe: > floatingip after_status_update 55550000, False {{(pid=104169) subscribe /opt/stack/data/venv/lib/python3.12/site-packages/neutron_lib/callbacks/manager.py:52}}
Apr 17 02:53:56.576110 np0000166944 devstack@neutron-api.service[104169]: DEBUG neutron_lib.callbacks.manager [None req-f003dfe5-f864-41ec-ba54-86b16faea1e5 None None] Subscribe: > floatingip after_update 55550000, False {{(pid=104169) subscribe /opt/stack/data/venv/lib/python3.12/site-packages/neutron_lib/callbacks/manager.py:52}}
Apr 17 02:53:56.576213 np0000166944 devstack@neutron-api.service[104168]: DEBUG neutron.api.extensions [None req-46e4b97a-aa1e-48f1-9dba-de75522017ab None None] Ext name="Expose CT target rules for conntrack helper" alias="expose-l3-conntrack-helper" description="Expose allow adding CT target rules for conntrack helper" updated="2019-04-04T10:00:00-00:00" {{(pid=104168) _check_extension /opt/stack/neutron/neutron/api/extensions.py:415}}
Apr 17 02:53:56.576247 np0000166944 devstack@neutron-api.service[104169]: DEBUG neutron_lib.callbacks.manager [None req-f003dfe5-f864-41ec-ba54-86b16faea1e5 None None] Subscribe: > port_forwarding after_create 55550000, False {{(pid=104169) subscribe /opt/stack/data/venv/lib/python3.12/site-packages/neutron_lib/callbacks/manager.py:52}}
Apr 17 02:53:56.576344 np0000166944 devstack@neutron-api.service[104169]: DEBUG neutron_lib.callbacks.manager [None req-f003dfe5-f864-41ec-ba54-86b16faea1e5 None None] Subscribe: > router_interface after_delete 55550000, False {{(pid=104169) subscribe /opt/stack/data/venv/lib/python3.12/site-packages/neutron_lib/callbacks/manager.py:52}}
Apr 17 02:53:56.576375 np0000166944 devstack@neutron-api.service[104168]: INFO neutron.api.extensions [None req-46e4b97a-aa1e-48f1-9dba-de75522017ab None None] Extension expose-l3-conntrack-helper not supported by any of loaded plugins
Apr 17 02:53:56.576449 np0000166944 devstack@neutron-api.service[104169]: DEBUG neutron_lib.callbacks.manager [None req-f003dfe5-f864-41ec-ba54-86b16faea1e5 None None] Subscribe: > router after_create 55550000, False {{(pid=104169) subscribe /opt/stack/data/venv/lib/python3.12/site-packages/neutron_lib/callbacks/manager.py:52}}
Apr 17 02:53:56.576484 np0000166944 devstack@neutron-api.service[104168]: DEBUG neutron.api.extensions [None req-46e4b97a-aa1e-48f1-9dba-de75522017ab None None] Loading extension file: expose_port_forwarding_in_fip.py {{(pid=104168) _load_all_extensions_from_path /opt/stack/neutron/neutron/api/extensions.py:449}}
Apr 17 02:53:56.576552 np0000166944 devstack@neutron-api.service[104169]: DEBUG neutron_lib.callbacks.manager [None req-f003dfe5-f864-41ec-ba54-86b16faea1e5 None None] Subscribe: > router precommit_create 55550000, False {{(pid=104169) subscribe /opt/stack/data/venv/lib/python3.12/site-packages/neutron_lib/callbacks/manager.py:52}}
Apr 17 02:53:56.576654 np0000166944 devstack@neutron-api.service[104169]: DEBUG neutron_lib.callbacks.manager [None req-f003dfe5-f864-41ec-ba54-86b16faea1e5 None None] Subscribe: > router after_delete 55550000, False {{(pid=104169) subscribe /opt/stack/data/venv/lib/python3.12/site-packages/neutron_lib/callbacks/manager.py:52}}
Apr 17 02:53:56.576684 np0000166944 devstack@neutron-api.service[104168]: DEBUG neutron.api.extensions [None req-46e4b97a-aa1e-48f1-9dba-de75522017ab None None] Ext name="Expose Floating IP port forwardings" alias="expose-port-forwarding-in-fip" description="Expose port forwarding fields in floating IP response" updated="2018-06-28T16:00:00-00:00" {{(pid=104168) _check_extension /opt/stack/neutron/neutron/api/extensions.py:415}}
Apr 17 02:53:56.576758 np0000166944 devstack@neutron-api.service[104169]: DEBUG neutron_lib.callbacks.manager [None req-f003dfe5-f864-41ec-ba54-86b16faea1e5 None None] Subscribe: > router after_update 55550000, False {{(pid=104169) subscribe /opt/stack/data/venv/lib/python3.12/site-packages/neutron_lib/callbacks/manager.py:52}}
Apr 17 02:53:56.576855 np0000166944 devstack@neutron-api.service[104168]: INFO neutron.api.extensions [None req-46e4b97a-aa1e-48f1-9dba-de75522017ab None None] Extension expose-port-forwarding-in-fip not supported by any of loaded plugins
Apr 17 02:53:56.576883 np0000166944 devstack@neutron-api.service[104169]: DEBUG neutron.services.service_base [None req-f003dfe5-f864-41ec-ba54-86b16faea1e5 None None] Loaded 'neutron.services.ovn_l3.service_providers.ovn.OvnDriver' provider for service L3_ROUTER_NAT {{(pid=104169) load_drivers /opt/stack/neutron/neutron/services/service_base.py:49}}
Apr 17 02:53:56.576948 np0000166944 devstack@neutron-api.service[104168]: DEBUG neutron.api.extensions [None req-46e4b97a-aa1e-48f1-9dba-de75522017ab None None] Loading extension file: external_net.py {{(pid=104168) _load_all_extensions_from_path /opt/stack/neutron/neutron/api/extensions.py:449}}
Apr 17 02:53:56.576983 np0000166944 devstack@neutron-api.service[104169]: DEBUG neutron_lib.callbacks.manager [None req-f003dfe5-f864-41ec-ba54-86b16faea1e5 None None] Subscribe: > process after_init 55550001, True {{(pid=104169) subscribe /opt/stack/data/venv/lib/python3.12/site-packages/neutron_lib/callbacks/manager.py:52}}
Apr 17 02:53:56.577153 np0000166944 devstack@neutron-api.service[104169]: DEBUG neutron.manager [None req-f003dfe5-f864-41ec-ba54-86b16faea1e5 None None] Successfully loaded L3_ROUTER_NAT plugin. Description: L3 Router Service Plugin for basic L3 forwarding using OVN {{(pid=104169) _create_and_add_service_plugin /opt/stack/neutron/neutron/manager.py:239}}
Apr 17 02:53:56.577207 np0000166944 devstack@neutron-api.service[104168]: DEBUG neutron.api.extensions [None req-46e4b97a-aa1e-48f1-9dba-de75522017ab None None] Ext name="Neutron external network" alias="external-net" description="Adds external network attribute to network resource." updated="2013-01-14T10:00:00-00:00" {{(pid=104168) _check_extension /opt/stack/neutron/neutron/api/extensions.py:415}}
Apr 17 02:53:56.577238 np0000166944 devstack@neutron-api.service[104169]: INFO neutron.manager [None req-f003dfe5-f864-41ec-ba54-86b16faea1e5 None None] Loading Plugin: auto_allocate
Apr 17 02:53:56.577376 np0000166944 devstack@neutron-api.service[104168]: INFO neutron.api.extensions [None req-46e4b97a-aa1e-48f1-9dba-de75522017ab None None] Loaded extension: external-net
Apr 17 02:53:56.577468 np0000166944 devstack@neutron-api.service[104168]: DEBUG neutron.api.extensions [None req-46e4b97a-aa1e-48f1-9dba-de75522017ab None None] Loading extension file: extra_dhcp_opt.py {{(pid=104168) _load_all_extensions_from_path /opt/stack/neutron/neutron/api/extensions.py:449}}
Apr 17 02:53:56.577703 np0000166944 devstack@neutron-api.service[104168]: DEBUG neutron.api.extensions [None req-46e4b97a-aa1e-48f1-9dba-de75522017ab None None] Ext name="Neutron Extra DHCP options" alias="extra_dhcp_opt" description="Extra options configuration for DHCP. For example PXE boot options to DHCP clients can be specified (e.g. tftp-server, server-ip-address, bootfile-name)" updated="2013-03-17T12:00:00-00:00" {{(pid=104168) _check_extension /opt/stack/neutron/neutron/api/extensions.py:415}}
Apr 17 02:53:56.577866 np0000166944 devstack@neutron-api.service[104168]: INFO neutron.api.extensions [None req-46e4b97a-aa1e-48f1-9dba-de75522017ab None None] Loaded extension: extra_dhcp_opt
Apr 17 02:53:56.577959 np0000166944 devstack@neutron-api.service[104168]: DEBUG neutron.api.extensions [None req-46e4b97a-aa1e-48f1-9dba-de75522017ab None None] Loading extension file: extraroute.py {{(pid=104168) _load_all_extensions_from_path /opt/stack/neutron/neutron/api/extensions.py:449}}
Apr 17 02:53:56.578104 np0000166944 devstack@neutron-api.service[104169]: DEBUG neutron_lib.callbacks.manager [None req-f003dfe5-f864-41ec-ba54-86b16faea1e5 None None] Subscribe: network precommit_update 55550000, False {{(pid=104169) subscribe /opt/stack/data/venv/lib/python3.12/site-packages/neutron_lib/callbacks/manager.py:52}}
Apr 17 02:53:56.578207 np0000166944 devstack@neutron-api.service[104168]: DEBUG neutron.api.extensions [None req-46e4b97a-aa1e-48f1-9dba-de75522017ab None None] Ext name="Neutron Extra Route" alias="extraroute" description="Extra routes configuration for L3 router" updated="2013-02-01T10:00:00-00:00" {{(pid=104168) _check_extension /opt/stack/neutron/neutron/api/extensions.py:415}}
Apr 17 02:53:56.578243 np0000166944 devstack@neutron-api.service[104169]: DEBUG neutron_lib.callbacks.manager [None req-f003dfe5-f864-41ec-ba54-86b16faea1e5 None None] Subscribe: network precommit_create 55550000, False {{(pid=104169) subscribe /opt/stack/data/venv/lib/python3.12/site-packages/neutron_lib/callbacks/manager.py:52}}
Apr 17 02:53:56.578377 np0000166944 devstack@neutron-api.service[104168]: INFO neutron.api.extensions [None req-46e4b97a-aa1e-48f1-9dba-de75522017ab None None] Loaded extension: extraroute
Apr 17 02:53:56.578440 np0000166944 devstack@neutron-api.service[104169]: DEBUG neutron.manager [None req-f003dfe5-f864-41ec-ba54-86b16faea1e5 None None] Successfully loaded auto-allocated-topology plugin. Description: Auto Allocated Topology - aka get me a network. {{(pid=104169) _create_and_add_service_plugin /opt/stack/neutron/neutron/manager.py:239}}
Apr 17 02:53:56.578471 np0000166944 devstack@neutron-api.service[104168]: DEBUG neutron.api.extensions [None req-46e4b97a-aa1e-48f1-9dba-de75522017ab None None] Loading extension file: extraroute_atomic.py {{(pid=104168) _load_all_extensions_from_path /opt/stack/neutron/neutron/api/extensions.py:449}}
Apr 17 02:53:56.578532 np0000166944 devstack@neutron-api.service[104169]: INFO neutron.manager [None req-f003dfe5-f864-41ec-ba54-86b16faea1e5 None None] Loading Plugin: tag
Apr 17 02:53:56.578704 np0000166944 devstack@neutron-api.service[104168]: DEBUG neutron.api.extensions [None req-46e4b97a-aa1e-48f1-9dba-de75522017ab None None] Ext name="Atomically add/remove extra routes" alias="extraroute-atomic" description="Edit extra routes of a router on server side by atomically adding/removing extra routes" updated="2019-07-10T00:00:00+00:00" {{(pid=104168) _check_extension /opt/stack/neutron/neutron/api/extensions.py:415}}
Apr 17 02:53:56.578873 np0000166944 devstack@neutron-api.service[104168]: INFO neutron.api.extensions [None req-46e4b97a-aa1e-48f1-9dba-de75522017ab None None] Loaded extension: extraroute-atomic
Apr 17 02:53:56.578963 np0000166944 devstack@neutron-api.service[104168]: DEBUG neutron.api.extensions [None req-46e4b97a-aa1e-48f1-9dba-de75522017ab None None] Loading extension file: filter_validation.py {{(pid=104168) _load_all_extensions_from_path /opt/stack/neutron/neutron/api/extensions.py:449}}
Apr 17 02:53:56.579221 np0000166944 devstack@neutron-api.service[104168]: DEBUG neutron.api.extensions [None req-46e4b97a-aa1e-48f1-9dba-de75522017ab None None] Ext name="Filter parameters validation" alias="filter-validation" description="Provides validation on filter parameters." updated="2018-07-04T10:00:00-00:00" {{(pid=104168) _check_extension /opt/stack/neutron/neutron/api/extensions.py:415}}
Apr 17 02:53:56.579394 np0000166944 devstack@neutron-api.service[104168]: INFO neutron.api.extensions [None req-46e4b97a-aa1e-48f1-9dba-de75522017ab None None] Loaded extension: filter-validation
Apr 17 02:53:56.579484 np0000166944 devstack@neutron-api.service[104168]: DEBUG neutron.api.extensions [None req-46e4b97a-aa1e-48f1-9dba-de75522017ab None None] Loading extension file: fip_pf_description.py {{(pid=104168) _load_all_extensions_from_path /opt/stack/neutron/neutron/api/extensions.py:449}}
Apr 17 02:53:56.579712 np0000166944 devstack@neutron-api.service[104168]: DEBUG neutron.api.extensions [None req-46e4b97a-aa1e-48f1-9dba-de75522017ab None None] Ext name="Floating IP Port Forwarding new attribute description" alias="floating-ip-port-forwarding-description" description="Add a description field to Port Forwarding rules" updated="2019-11-01T10:00:00-00:00" {{(pid=104168) _check_extension /opt/stack/neutron/neutron/api/extensions.py:415}}
Apr 17 02:53:56.579880 np0000166944 devstack@neutron-api.service[104168]: INFO neutron.api.extensions [None req-46e4b97a-aa1e-48f1-9dba-de75522017ab None None] Extension floating-ip-port-forwarding-description not supported by any of loaded plugins
Apr 17 02:53:56.579971 np0000166944 devstack@neutron-api.service[104168]: DEBUG neutron.api.extensions [None req-46e4b97a-aa1e-48f1-9dba-de75522017ab None None] Loading extension file: fip_pf_detail.py {{(pid=104168) _load_all_extensions_from_path /opt/stack/neutron/neutron/api/extensions.py:449}}
Apr 17 02:53:56.580211 np0000166944 devstack@neutron-api.service[104168]: DEBUG neutron.api.extensions [None req-46e4b97a-aa1e-48f1-9dba-de75522017ab None None] Ext name="Floating IP port forwarding detail" alias="floating-ip-port-forwarding-detail" description="Allow list floating ip return more port forwarding data, include'id' and 'internal_port_id'" updated="2022-05-06T10:00:00-00:00" {{(pid=104168) _check_extension /opt/stack/neutron/neutron/api/extensions.py:415}}
Apr 17 02:53:56.580381 np0000166944 devstack@neutron-api.service[104168]: INFO neutron.api.extensions [None req-46e4b97a-aa1e-48f1-9dba-de75522017ab None None] Loaded extension: floating-ip-port-forwarding-detail
Apr 17 02:53:56.580471 np0000166944 devstack@neutron-api.service[104168]: DEBUG neutron.api.extensions [None req-46e4b97a-aa1e-48f1-9dba-de75522017ab None None] Loading extension file: fip_pf_port_range.py {{(pid=104168) _load_all_extensions_from_path /opt/stack/neutron/neutron/api/extensions.py:449}}
Apr 17 02:53:56.580698 np0000166944 devstack@neutron-api.service[104168]: DEBUG neutron.api.extensions [None req-46e4b97a-aa1e-48f1-9dba-de75522017ab None None] Ext name="Floating IP Port Forwarding support port ranges" alias="floating-ip-port-forwarding-port-ranges" description="Add support to port ranges" updated="2020-07-01T10:00:00-00:00" {{(pid=104168) _check_extension /opt/stack/neutron/neutron/api/extensions.py:415}}
Apr 17 02:53:56.580865 np0000166944 devstack@neutron-api.service[104168]: INFO neutron.api.extensions [None req-46e4b97a-aa1e-48f1-9dba-de75522017ab None None] Extension floating-ip-port-forwarding-port-ranges not supported by any of loaded plugins
Apr 17 02:53:56.580956 np0000166944 devstack@neutron-api.service[104168]: DEBUG neutron.api.extensions [None req-46e4b97a-aa1e-48f1-9dba-de75522017ab None None] Loading extension file: fip_port_details.py {{(pid=104168) _load_all_extensions_from_path /opt/stack/neutron/neutron/api/extensions.py:449}}
Apr 17 02:53:56.581167 np0000166944 devstack@neutron-api.service[104169]: DEBUG neutron.manager [None req-f003dfe5-f864-41ec-ba54-86b16faea1e5 None None] Successfully loaded TAG plugin. Description: Tag support {{(pid=104169) _create_and_add_service_plugin /opt/stack/neutron/neutron/manager.py:239}}
Apr 17 02:53:56.581229 np0000166944 devstack@neutron-api.service[104168]: DEBUG neutron.api.extensions [None req-46e4b97a-aa1e-48f1-9dba-de75522017ab None None] Ext name="Floating IP Port Details Extension" alias="fip-port-details" description="Add port_details attribute to Floating IP resource" updated="2018-04-09T10:00:00-00:00" {{(pid=104168) _check_extension /opt/stack/neutron/neutron/api/extensions.py:415}}
Apr 17 02:53:56.581268 np0000166944 devstack@neutron-api.service[104169]: INFO neutron.manager [None req-f003dfe5-f864-41ec-ba54-86b16faea1e5 None None] Loading Plugin: timestamp
Apr 17 02:53:56.581493 np0000166944 devstack@neutron-api.service[104168]: INFO neutron.api.extensions [None req-46e4b97a-aa1e-48f1-9dba-de75522017ab None None] Loaded extension: fip-port-details
Apr 17 02:53:56.581593 np0000166944 devstack@neutron-api.service[104168]: DEBUG neutron.api.extensions [None req-46e4b97a-aa1e-48f1-9dba-de75522017ab None None] Loading extension file: flavors.py {{(pid=104168) _load_all_extensions_from_path /opt/stack/neutron/neutron/api/extensions.py:449}}
Apr 17 02:53:56.581628 np0000166944 devstack@neutron-api.service[104167]: DEBUG neutron_lib.callbacks.manager [None req-eed4de34-2a13-4c68-9cd5-5a2b59c3db1f None None] Subscribe: > router before_delete 55550000, False {{(pid=104167) subscribe /opt/stack/data/venv/lib/python3.12/site-packages/neutron_lib/callbacks/manager.py:52}}
Apr 17 02:53:56.581835 np0000166944 devstack@neutron-api.service[104167]: DEBUG neutron_lib.callbacks.manager [None req-eed4de34-2a13-4c68-9cd5-5a2b59c3db1f None None] Subscribe: port after_update 55550000, False {{(pid=104167) subscribe /opt/stack/data/venv/lib/python3.12/site-packages/neutron_lib/callbacks/manager.py:52}}
Apr 17 02:53:56.581871 np0000166944 devstack@neutron-api.service[104168]: DEBUG neutron.api.extensions [None req-46e4b97a-aa1e-48f1-9dba-de75522017ab None None] Ext name="Neutron Service Flavors" alias="flavors" description="Flavor specification for Neutron advanced services." updated="2015-09-17T10:00:00-00:00" {{(pid=104168) _check_extension /opt/stack/neutron/neutron/api/extensions.py:415}}
Apr 17 02:53:56.581946 np0000166944 devstack@neutron-api.service[104167]: DEBUG neutron_lib.callbacks.manager [None req-eed4de34-2a13-4c68-9cd5-5a2b59c3db1f None None] Subscribe: port after_delete 55550000, False {{(pid=104167) subscribe /opt/stack/data/venv/lib/python3.12/site-packages/neutron_lib/callbacks/manager.py:52}}
Apr 17 02:53:56.582018 np0000166944 devstack@neutron-api.service[104168]: INFO neutron.api.extensions [None req-46e4b97a-aa1e-48f1-9dba-de75522017ab None None] Loaded extension: flavors
Apr 17 02:53:56.582050 np0000166944 devstack@neutron-api.service[104167]: DEBUG neutron_lib.callbacks.manager [None req-eed4de34-2a13-4c68-9cd5-5a2b59c3db1f None None] Subscribe: subnet after_update 55550000, False {{(pid=104167) subscribe /opt/stack/data/venv/lib/python3.12/site-packages/neutron_lib/callbacks/manager.py:52}}
Apr 17 02:53:56.582113 np0000166944 devstack@neutron-api.service[104168]: DEBUG neutron.api.extensions [None req-46e4b97a-aa1e-48f1-9dba-de75522017ab None None] Loading extension file: floating_ip_port_forwarding.py {{(pid=104168) _load_all_extensions_from_path /opt/stack/neutron/neutron/api/extensions.py:449}}
Apr 17 02:53:56.582173 np0000166944 devstack@neutron-api.service[104167]: DEBUG neutron_lib.callbacks.manager [None req-eed4de34-2a13-4c68-9cd5-5a2b59c3db1f None None] Subscribe: subnetpool_address_scope after_update 55550000, False {{(pid=104167) subscribe /opt/stack/data/venv/lib/python3.12/site-packages/neutron_lib/callbacks/manager.py:52}}
Apr 17 02:53:56.582271 np0000166944 devstack@neutron-api.service[104167]: DEBUG neutron_lib.callbacks.manager [None req-eed4de34-2a13-4c68-9cd5-5a2b59c3db1f None None] Subscribe: port before_update 55550000, False {{(pid=104167) subscribe /opt/stack/data/venv/lib/python3.12/site-packages/neutron_lib/callbacks/manager.py:52}}
Apr 17 02:53:56.582372 np0000166944 devstack@neutron-api.service[104167]: DEBUG neutron_lib.callbacks.manager [None req-eed4de34-2a13-4c68-9cd5-5a2b59c3db1f None None] Subscribe: port after_update 55550000, False {{(pid=104167) subscribe /opt/stack/data/venv/lib/python3.12/site-packages/neutron_lib/callbacks/manager.py:52}}
Apr 17 02:53:56.582446 np0000166944 devstack@neutron-api.service[104168]: DEBUG neutron.api.extensions [None req-46e4b97a-aa1e-48f1-9dba-de75522017ab None None] Ext name="Floating IP Port Forwarding" alias="floating-ip-port-forwarding" description="Allow port forwarding from floating IP port to an internal port" updated="2018-01-19T10:00:00-00:00" {{(pid=104168) _check_extension /opt/stack/neutron/neutron/api/extensions.py:415}}
Apr 17 02:53:56.582487 np0000166944 devstack@neutron-api.service[104169]: DEBUG neutron.manager [None req-f003dfe5-f864-41ec-ba54-86b16faea1e5 None None] Successfully loaded timestamp plugin. Description: Adds timestamps to Neutron resources with standard attributes {{(pid=104169) _create_and_add_service_plugin /opt/stack/neutron/neutron/manager.py:239}}
Apr 17 02:53:56.582520 np0000166944 devstack@neutron-api.service[104167]: DEBUG neutron_lib.callbacks.manager [None req-eed4de34-2a13-4c68-9cd5-5a2b59c3db1f None None] Subscribe: > port precommit_delete 55550000, False {{(pid=104167) subscribe /opt/stack/data/venv/lib/python3.12/site-packages/neutron_lib/callbacks/manager.py:52}}
Apr 17 02:53:56.582551 np0000166944 devstack@neutron-api.service[104169]: INFO neutron.manager [None req-f003dfe5-f864-41ec-ba54-86b16faea1e5 None None] Loading Plugin: network_ip_availability
Apr 17 02:53:56.582581 np0000166944 devstack@neutron-api.service[104167]: DEBUG neutron_lib.callbacks.manager [None req-eed4de34-2a13-4c68-9cd5-5a2b59c3db1f None None] Subscribe: port before_update 55550000, False {{(pid=104167) subscribe /opt/stack/data/venv/lib/python3.12/site-packages/neutron_lib/callbacks/manager.py:52}}
Apr 17 02:53:56.582618 np0000166944 devstack@neutron-api.service[104168]: INFO neutron.api.extensions [None req-46e4b97a-aa1e-48f1-9dba-de75522017ab None None] Extension floating-ip-port-forwarding not supported by any of loaded plugins
Apr 17 02:53:56.582677 np0000166944 devstack@neutron-api.service[104167]: DEBUG neutron_lib.callbacks.manager [None req-eed4de34-2a13-4c68-9cd5-5a2b59c3db1f None None] Subscribe: port before_delete 55550000, False {{(pid=104167) subscribe /opt/stack/data/venv/lib/python3.12/site-packages/neutron_lib/callbacks/manager.py:52}}
Apr 17 02:53:56.582711 np0000166944 devstack@neutron-api.service[104168]: DEBUG neutron.api.extensions [None req-46e4b97a-aa1e-48f1-9dba-de75522017ab None None] Loading extension file: floatingip_pools.py {{(pid=104168) _load_all_extensions_from_path /opt/stack/neutron/neutron/api/extensions.py:449}}
Apr 17 02:53:56.582783 np0000166944 devstack@neutron-api.service[104167]: DEBUG neutron_lib.callbacks.manager [None req-eed4de34-2a13-4c68-9cd5-5a2b59c3db1f None None] Subscribe: > router precommit_create 55550000, False {{(pid=104167) subscribe /opt/stack/data/venv/lib/python3.12/site-packages/neutron_lib/callbacks/manager.py:52}}
Apr 17 02:53:56.582945 np0000166944 devstack@neutron-api.service[104167]: DEBUG neutron_lib.callbacks.manager [None req-eed4de34-2a13-4c68-9cd5-5a2b59c3db1f None None] Subscribe: > router precommit_create 55550000, False {{(pid=104167) subscribe /opt/stack/data/venv/lib/python3.12/site-packages/neutron_lib/callbacks/manager.py:52}}
Apr 17 02:53:56.582985 np0000166944 devstack@neutron-api.service[104168]: DEBUG neutron.api.extensions [None req-46e4b97a-aa1e-48f1-9dba-de75522017ab None None] Ext name="Floating IP Pools Extension" alias="floatingip-pools" description="Provides a floating IP pools API." updated="2018-03-21T10:00:00-00:00" {{(pid=104168) _check_extension /opt/stack/neutron/neutron/api/extensions.py:415}}
Apr 17 02:53:56.583053 np0000166944 devstack@neutron-api.service[104167]: DEBUG neutron_lib.callbacks.manager [None req-eed4de34-2a13-4c68-9cd5-5a2b59c3db1f None None] Subscribe: > router precommit_update 55550000, False {{(pid=104167) subscribe /opt/stack/data/venv/lib/python3.12/site-packages/neutron_lib/callbacks/manager.py:52}}
Apr 17 02:53:56.583147 np0000166944 devstack@neutron-api.service[104168]: INFO neutron.api.extensions [None req-46e4b97a-aa1e-48f1-9dba-de75522017ab None None] Loaded extension: floatingip-pools
Apr 17 02:53:56.583184 np0000166944 devstack@neutron-api.service[104167]: DEBUG neutron_lib.callbacks.manager [None req-eed4de34-2a13-4c68-9cd5-5a2b59c3db1f None None] Subscribe: subnet after_update 55550000, False {{(pid=104167) subscribe /opt/stack/data/venv/lib/python3.12/site-packages/neutron_lib/callbacks/manager.py:52}}
Apr 17 02:53:56.583245 np0000166944 devstack@neutron-api.service[104168]: DEBUG neutron.api.extensions [None req-46e4b97a-aa1e-48f1-9dba-de75522017ab None None] Loading extension file: ip_allocation.py {{(pid=104168) _load_all_extensions_from_path /opt/stack/neutron/neutron/api/extensions.py:449}}
Apr 17 02:53:56.583473 np0000166944 devstack@neutron-api.service[104168]: DEBUG neutron.api.extensions [None req-46e4b97a-aa1e-48f1-9dba-de75522017ab None None] Ext name="IP Allocation" alias="ip_allocation" description="IP allocation extension." updated="2016-06-10T23:00:00-00:00" {{(pid=104168) _check_extension /opt/stack/neutron/neutron/api/extensions.py:415}}
Apr 17 02:53:56.583642 np0000166944 devstack@neutron-api.service[104168]: INFO neutron.api.extensions [None req-46e4b97a-aa1e-48f1-9dba-de75522017ab None None] Extension ip_allocation not supported by any of loaded plugins
Apr 17 02:53:56.583734 np0000166944 devstack@neutron-api.service[104168]: DEBUG neutron.api.extensions [None req-46e4b97a-aa1e-48f1-9dba-de75522017ab None None] Loading extension file: ip_substring_port_filtering.py {{(pid=104168) _load_all_extensions_from_path /opt/stack/neutron/neutron/api/extensions.py:449}}
Apr 17 02:53:56.583883 np0000166944 devstack@neutron-api.service[104167]: DEBUG neutron.quota.resource_registry [None req-eed4de34-2a13-4c68-9cd5-5a2b59c3db1f None None] Tracking information for resource: router configured {{(pid=104167) set_tracked_resource /opt/stack/neutron/neutron/quota/resource_registry.py:203}}
Apr 17 02:53:56.583962 np0000166944 devstack@neutron-api.service[104168]: DEBUG neutron.api.extensions [None req-46e4b97a-aa1e-48f1-9dba-de75522017ab None None] Ext name="IP address substring filtering" alias="ip-substring-filtering" description="Provides IP address substring filtering when listing ports" updated="2017-11-28T09:00:00-00:00" {{(pid=104168) _check_extension /opt/stack/neutron/neutron/api/extensions.py:415}}
Apr 17 02:53:56.583999 np0000166944 devstack@neutron-api.service[104167]: DEBUG neutron.quota.resource_registry [None req-eed4de34-2a13-4c68-9cd5-5a2b59c3db1f None None] Tracking information for resource: floatingip configured {{(pid=104167) set_tracked_resource /opt/stack/neutron/neutron/quota/resource_registry.py:203}}
Apr 17 02:53:56.584029 np0000166944 devstack@neutron-api.service[104169]: DEBUG neutron.manager [None req-f003dfe5-f864-41ec-ba54-86b16faea1e5 None None] Successfully loaded network-ip-availability plugin. Description: Provides IP availability data for each network and subnet. {{(pid=104169) _create_and_add_service_plugin /opt/stack/neutron/neutron/manager.py:239}}
Apr 17 02:53:56.584075 np0000166944 devstack@neutron-api.service[104167]: INFO neutron.services.ovn_l3.plugin [None req-eed4de34-2a13-4c68-9cd5-5a2b59c3db1f None None] Starting OVNL3RouterPlugin
Apr 17 02:53:56.584115 np0000166944 devstack@neutron-api.service[104169]: INFO neutron.manager [None req-f003dfe5-f864-41ec-ba54-86b16faea1e5 None None] Loading Plugin: flavors
Apr 17 02:53:56.584174 np0000166944 devstack@neutron-api.service[104168]: INFO neutron.api.extensions [None req-46e4b97a-aa1e-48f1-9dba-de75522017ab None None] Extension ip-substring-filtering not supported by any of loaded plugins
Apr 17 02:53:56.584237 np0000166944 devstack@neutron-api.service[104168]: DEBUG neutron.api.extensions [None req-46e4b97a-aa1e-48f1-9dba-de75522017ab None None] Loading extension file: l2_adjacency.py {{(pid=104168) _load_all_extensions_from_path /opt/stack/neutron/neutron/api/extensions.py:449}}
Apr 17 02:53:56.584317 np0000166944 devstack@neutron-api.service[104167]: DEBUG neutron_lib.callbacks.manager [None req-eed4de34-2a13-4c68-9cd5-5a2b59c3db1f None None] Subscribe: > port_forwarding_plugin after_init 55550000, False {{(pid=104167) subscribe /opt/stack/data/venv/lib/python3.12/site-packages/neutron_lib/callbacks/manager.py:52}}
Apr 17 02:53:56.584465 np0000166944 devstack@neutron-api.service[104168]: DEBUG neutron.api.extensions [None req-46e4b97a-aa1e-48f1-9dba-de75522017ab None None] Ext name="L2 Adjacency" alias="l2_adjacency" description="Display L2 Adjacency for Neutron Networks." updated="2016-04-12T16:00:00-00:00" {{(pid=104168) _check_extension /opt/stack/neutron/neutron/api/extensions.py:415}}
Apr 17 02:53:56.584507 np0000166944 devstack@neutron-api.service[104167]: DEBUG neutron_lib.callbacks.manager [None req-eed4de34-2a13-4c68-9cd5-5a2b59c3db1f None None] Subscribe: > router before_create 55550100, False {{(pid=104167) subscribe /opt/stack/data/venv/lib/python3.12/site-packages/neutron_lib/callbacks/manager.py:52}}
Apr 17 02:53:56.584627 np0000166944 devstack@neutron-api.service[104167]: DEBUG neutron_lib.callbacks.manager [None req-eed4de34-2a13-4c68-9cd5-5a2b59c3db1f None None] Subscribe: > router precommit_delete 55550100, False {{(pid=104167) subscribe /opt/stack/data/venv/lib/python3.12/site-packages/neutron_lib/callbacks/manager.py:52}}
Apr 17 02:53:56.584667 np0000166944 devstack@neutron-api.service[104168]: INFO neutron.api.extensions [None req-46e4b97a-aa1e-48f1-9dba-de75522017ab None None] Extension l2_adjacency not supported by any of loaded plugins
Apr 17 02:53:56.584716 np0000166944 devstack@neutron-api.service[104168]: DEBUG neutron.api.extensions [None req-46e4b97a-aa1e-48f1-9dba-de75522017ab None None] Loading extension file: l3.py {{(pid=104168) _load_all_extensions_from_path /opt/stack/neutron/neutron/api/extensions.py:449}}
Apr 17 02:53:56.584749 np0000166944 devstack@neutron-api.service[104167]: DEBUG neutron_lib.callbacks.manager [None req-eed4de34-2a13-4c68-9cd5-5a2b59c3db1f None None] Subscribe: > router precommit_create 55550100, False {{(pid=104167) subscribe /opt/stack/data/venv/lib/python3.12/site-packages/neutron_lib/callbacks/manager.py:52}}
Apr 17 02:53:56.584841 np0000166944 devstack@neutron-api.service[104167]: DEBUG neutron_lib.callbacks.manager [None req-eed4de34-2a13-4c68-9cd5-5a2b59c3db1f None None] Subscribe: > router precommit_update 55550100, False {{(pid=104167) subscribe /opt/stack/data/venv/lib/python3.12/site-packages/neutron_lib/callbacks/manager.py:52}}
Apr 17 02:53:56.584983 np0000166944 devstack@neutron-api.service[104169]: DEBUG neutron.manager [None req-f003dfe5-f864-41ec-ba54-86b16faea1e5 None None] Successfully loaded FLAVORS plugin. Description: Neutron Flavors and Service Profiles manager plugin {{(pid=104169) _create_and_add_service_plugin /opt/stack/neutron/neutron/manager.py:239}}
Apr 17 02:53:56.585097 np0000166944 devstack@neutron-api.service[104169]: INFO neutron.manager [None req-f003dfe5-f864-41ec-ba54-86b16faea1e5 None None] Loading Plugin: revisions
Apr 17 02:53:56.585175 np0000166944 devstack@neutron-api.service[104168]: DEBUG neutron.api.extensions [None req-46e4b97a-aa1e-48f1-9dba-de75522017ab None None] Ext name="Neutron L3 Router" alias="router" description="Router abstraction for basic L3 forwarding between L2 Neutron networks and access to external networks via a NAT gateway." updated="2012-07-20T10:00:00-00:00" {{(pid=104168) _check_extension /opt/stack/neutron/neutron/api/extensions.py:415}}
Apr 17 02:53:56.585357 np0000166944 devstack@neutron-api.service[104168]: INFO neutron.api.extensions [None req-46e4b97a-aa1e-48f1-9dba-de75522017ab None None] Loaded extension: router
Apr 17 02:53:56.585453 np0000166944 devstack@neutron-api.service[104168]: DEBUG neutron.api.extensions [None req-46e4b97a-aa1e-48f1-9dba-de75522017ab None None] Loading extension file: l3_conntrack_helper.py {{(pid=104168) _load_all_extensions_from_path /opt/stack/neutron/neutron/api/extensions.py:449}}
Apr 17 02:53:56.586056 np0000166944 devstack@neutron-api.service[104168]: DEBUG neutron.api.extensions [None req-46e4b97a-aa1e-48f1-9dba-de75522017ab None None] Ext name="L3 Conntrack helper" alias="l3-conntrack-helper" description="Allow adding CT target rules for conntrack helper" updated="2019-04-04T10:00:00-00:00" {{(pid=104168) _check_extension /opt/stack/neutron/neutron/api/extensions.py:415}}
Apr 17 02:53:56.586096 np0000166944 devstack@neutron-api.service[104169]: DEBUG neutron.manager [None req-f003dfe5-f864-41ec-ba54-86b16faea1e5 None None] Successfully loaded revision_plugin plugin. Description: Adds revision numbers to resources. {{(pid=104169) _create_and_add_service_plugin /opt/stack/neutron/neutron/manager.py:239}}
Apr 17 02:53:56.586228 np0000166944 devstack@neutron-api.service[104169]: DEBUG oslo_concurrency.lockutils [None req-f003dfe5-f864-41ec-ba54-86b16faea1e5 None None] Lock "manager" "released" by "neutron.manager.NeutronManager._create_instance" :: held 4.557s {{(pid=104169) inner /opt/stack/data/venv/lib/python3.12/site-packages/oslo_concurrency/lockutils.py:538}}
Apr 17 02:53:56.586269 np0000166944 devstack@neutron-api.service[104168]: INFO neutron.api.extensions [None req-46e4b97a-aa1e-48f1-9dba-de75522017ab None None] Extension l3-conntrack-helper not supported by any of loaded plugins
Apr 17 02:53:56.586336 np0000166944 devstack@neutron-api.service[104168]: DEBUG neutron.api.extensions [None req-46e4b97a-aa1e-48f1-9dba-de75522017ab None None] Loading extension file: l3_enable_default_route_bfd.py {{(pid=104168) _load_all_extensions_from_path /opt/stack/neutron/neutron/api/extensions.py:449}}
Apr 17 02:53:56.586427 np0000166944 devstack@neutron-api.service[104169]: DEBUG neutron.api.extensions [None req-f003dfe5-f864-41ec-ba54-86b16faea1e5 None None] get_extension_paths = OrderedDict({'/opt/stack/neutron/neutron/extensions': 1}) {{(pid=104169) get_extensions_path /opt/stack/neutron/neutron/api/extensions.py:640}}
Apr 17 02:53:56.586531 np0000166944 devstack@neutron-api.service[104169]: INFO neutron.api.extensions [None req-f003dfe5-f864-41ec-ba54-86b16faea1e5 None None] Initializing extension manager.
Apr 17 02:53:56.586574 np0000166944 devstack@neutron-api.service[104168]: DEBUG neutron.api.extensions [None req-46e4b97a-aa1e-48f1-9dba-de75522017ab None None] Ext name="Enable Default Route BFD" alias="enable-default-route-bfd" description="Enables configurable BFD behavior for default routes" updated="2023-02-27T00:00:00-00:00" {{(pid=104168) _check_extension /opt/stack/neutron/neutron/api/extensions.py:415}}
Apr 17 02:53:56.586754 np0000166944 devstack@neutron-api.service[104168]: INFO neutron.api.extensions [None req-46e4b97a-aa1e-48f1-9dba-de75522017ab None None] Loaded extension: enable-default-route-bfd
Apr 17 02:53:56.586795 np0000166944 devstack@neutron-api.service[104169]: DEBUG neutron.api.extensions [None req-f003dfe5-f864-41ec-ba54-86b16faea1e5 None None] Loading extension file: __init__.py {{(pid=104169) _load_all_extensions_from_path /opt/stack/neutron/neutron/api/extensions.py:449}}
Apr 17 02:53:56.586827 np0000166944 devstack@neutron-api.service[104168]: DEBUG neutron.api.extensions [None req-46e4b97a-aa1e-48f1-9dba-de75522017ab None None] Loading extension file: l3_enable_default_route_ecmp.py {{(pid=104168) _load_all_extensions_from_path /opt/stack/neutron/neutron/api/extensions.py:449}}
Apr 17 02:53:56.586858 np0000166944 devstack@neutron-api.service[104169]: DEBUG neutron.api.extensions [None req-f003dfe5-f864-41ec-ba54-86b16faea1e5 None None] Loading extension file: __pycache__ {{(pid=104169) _load_all_extensions_from_path /opt/stack/neutron/neutron/api/extensions.py:449}}
Apr 17 02:53:56.586968 np0000166944 devstack@neutron-api.service[104169]: DEBUG neutron.api.extensions [None req-f003dfe5-f864-41ec-ba54-86b16faea1e5 None None] Loading extension file: address_group.py {{(pid=104169) _load_all_extensions_from_path /opt/stack/neutron/neutron/api/extensions.py:449}}
Apr 17 02:53:56.587072 np0000166944 devstack@neutron-api.service[104168]: DEBUG neutron.api.extensions [None req-46e4b97a-aa1e-48f1-9dba-de75522017ab None None] Ext name="Enable Default Route ECMP" alias="enable-default-route-ecmp" description="Enables configurable ECMP behavior for default routes" updated="2023-02-27T00:00:00-00:00" {{(pid=104168) _check_extension /opt/stack/neutron/neutron/api/extensions.py:415}}
Apr 17 02:53:56.587259 np0000166944 devstack@neutron-api.service[104168]: INFO neutron.api.extensions [None req-46e4b97a-aa1e-48f1-9dba-de75522017ab None None] Loaded extension: enable-default-route-ecmp
