+ COMMAND=start + start + for KEYSTONE_WSGI_SCRIPT in keystone-wsgi-public ++ type -p keystone-wsgi-public + cp -a /var/lib/openstack/bin/keystone-wsgi-public /var/www/cgi-bin/keystone/ + '[' -f /etc/apache2/envvars ']' + source /etc/apache2/envvars ++ unset HOME ++ '[' '' '!=' '' ']' ++ SUFFIX= ++ export APACHE_RUN_USER=www-data ++ APACHE_RUN_USER=www-data ++ export APACHE_RUN_GROUP=www-data ++ APACHE_RUN_GROUP=www-data ++ export APACHE_PID_FILE=/var/run/apache2/apache2.pid ++ APACHE_PID_FILE=/var/run/apache2/apache2.pid ++ export APACHE_RUN_DIR=/var/run/apache2 ++ APACHE_RUN_DIR=/var/run/apache2 ++ export APACHE_LOCK_DIR=/var/lock/apache2 ++ APACHE_LOCK_DIR=/var/lock/apache2 ++ export APACHE_LOG_DIR=/var/log/apache2 ++ APACHE_LOG_DIR=/var/log/apache2 ++ export LANG=C ++ LANG=C ++ export LANG + '[' -f /var/run/apache2/apache2.pid ']' + exec apache2 -DFOREGROUND AH00558: apache2: Could not reliably determine the server's fully qualified domain name, using 10.0.0.242. Set the 'ServerName' directive globally to suppress this message AH00558: apache2: Could not reliably determine the server's fully qualified domain name, using 10.0.0.242. Set the 'ServerName' directive globally to suppress this message
[Wed May 20 03:24:52.940583 2026] [mpm_event:notice] [pid 1:tid 140090919278464] AH00489: Apache/2.4.58 (Ubuntu) mod_wsgi/5.0.0 Python/3.12 configured -- resuming normal operations
[Wed May 20 03:24:52.940721 2026] [core:notice] [pid 1:tid 140090919278464] AH00094: Command line: 'apache2 -D FOREGROUND'
[Wed May 20 03:25:47.584931 2026] [wsgi:error] [pid 10:tid 140090282505920] /var/lib/openstack/lib/python3.12/site-packages/oslo_utils/importutils.py:77: EventletDeprecationWarning:
[Wed May 20 03:25:47.584981 2026] [wsgi:error] [pid 10:tid 140090282505920] Eventlet is deprecated. It is currently being maintained in bugfix mode, and
[Wed May 20 03:25:47.584983 2026] [wsgi:error] [pid 10:tid 140090282505920] we strongly recommend against using it for new projects.
[Wed May 20 03:25:47.584984 2026] [wsgi:error] [pid 10:tid 140090282505920]
[Wed May 20 03:25:47.584985 2026] [wsgi:error] [pid 10:tid 140090282505920] If you are already using Eventlet, we recommend migrating to a different
[Wed May 20 03:25:47.584986 2026] [wsgi:error] [pid 10:tid 140090282505920] framework. For more detail see
[Wed May 20 03:25:47.584988 2026] [wsgi:error] [pid 10:tid 140090282505920] https://eventlet.readthedocs.io/en/latest/asyncio/migration.html
[Wed May 20 03:25:47.584989 2026] [wsgi:error] [pid 10:tid 140090282505920]
[Wed May 20 03:25:47.584990 2026] [wsgi:error] [pid 10:tid 140090282505920] __import__(import_str)
[Wed May 20 03:25:47.594666 2026] [wsgi:error] [pid 12:tid 140090282505920] /var/lib/openstack/lib/python3.12/site-packages/oslo_utils/importutils.py:77: EventletDeprecationWarning:
[Wed May 20 03:25:47.594700 2026] [wsgi:error] [pid 12:tid 140090282505920] Eventlet is deprecated. It is currently being maintained in bugfix mode, and
[Wed May 20 03:25:47.594702 2026] [wsgi:error] [pid 12:tid 140090282505920] we strongly recommend against using it for new projects.
[Wed May 20 03:25:47.594703 2026] [wsgi:error] [pid 12:tid 140090282505920]
[Wed May 20 03:25:47.594704 2026] [wsgi:error] [pid 12:tid 140090282505920] If you are already using Eventlet, we recommend migrating to a different
[Wed May 20 03:25:47.594705 2026] [wsgi:error] [pid 12:tid 140090282505920] framework. For more detail see
[Wed May 20 03:25:47.594706 2026] [wsgi:error] [pid 12:tid 140090282505920] https://eventlet.readthedocs.io/en/latest/asyncio/migration.html
[Wed May 20 03:25:47.594707 2026] [wsgi:error] [pid 12:tid 140090282505920]
[Wed May 20 03:25:47.594708 2026] [wsgi:error] [pid 12:tid 140090282505920] __import__(import_str) 10.0.0.28 - - [20/May/2026:03:25:46 +0000] "GET /v3/ HTTP/1.1" 200 250 10.0.0.28 - - [20/May/2026:03:25:46 +0000] "GET /v3/ HTTP/1.1" 200 250
[Wed May 20 03:26:01.733366 2026] [wsgi:error] [pid 9:tid 140090282505920] /var/lib/openstack/lib/python3.12/site-packages/oslo_utils/importutils.py:77: EventletDeprecationWarning:
[Wed May 20 03:26:01.733432 2026] [wsgi:error] [pid 9:tid 140090282505920] Eventlet is deprecated. It is currently being maintained in bugfix mode, and
[Wed May 20 03:26:01.733434 2026] [wsgi:error] [pid 9:tid 140090282505920] we strongly recommend against using it for new projects.
[Wed May 20 03:26:01.733435 2026] [wsgi:error] [pid 9:tid 140090282505920]
[Wed May 20 03:26:01.733436 2026] [wsgi:error] [pid 9:tid 140090282505920] If you are already using Eventlet, we recommend migrating to a different
[Wed May 20 03:26:01.733437 2026] [wsgi:error] [pid 9:tid 140090282505920] framework. For more detail see
[Wed May 20 03:26:01.733438 2026] [wsgi:error] [pid 9:tid 140090282505920] https://eventlet.readthedocs.io/en/latest/asyncio/migration.html
[Wed May 20 03:26:01.733440 2026] [wsgi:error] [pid 9:tid 140090282505920]
[Wed May 20 03:26:01.733441 2026] [wsgi:error] [pid 9:tid 140090282505920] __import__(import_str) 10.0.0.136 - - [20/May/2026:03:26:00 +0000] "GET / HTTP/1.1" 300 295
[Wed May 20 03:26:07.538023 2026] [wsgi:error] [pid 11:tid 140090282505920] /var/lib/openstack/lib/python3.12/site-packages/oslo_utils/importutils.py:77: EventletDeprecationWarning:
[Wed May 20 03:26:07.538065 2026] [wsgi:error] [pid 11:tid 140090282505920] Eventlet is deprecated. It is currently being maintained in bugfix mode, and
[Wed May 20 03:26:07.538067 2026] [wsgi:error] [pid 11:tid 140090282505920] we strongly recommend against using it for new projects.
[Wed May 20 03:26:07.538068 2026] [wsgi:error] [pid 11:tid 140090282505920]
[Wed May 20 03:26:07.538069 2026] [wsgi:error] [pid 11:tid 140090282505920] If you are already using Eventlet, we recommend migrating to a different
[Wed May 20 03:26:07.538070 2026] [wsgi:error] [pid 11:tid 140090282505920] framework. For more detail see
[Wed May 20 03:26:07.538071 2026] [wsgi:error] [pid 11:tid 140090282505920] https://eventlet.readthedocs.io/en/latest/asyncio/migration.html
[Wed May 20 03:26:07.538072 2026] [wsgi:error] [pid 11:tid 140090282505920]
[Wed May 20 03:26:07.538073 2026] [wsgi:error] [pid 11:tid 140090282505920] __import__(import_str)
[Wed May 20 03:26:12.650208 2026] [wsgi:error] [pid 11:tid 140090282505920] [remote 10.0.0.136:44930] 2026-05-20 03:26:12.646 11 WARNING keystone.identity.core [None req-79780343-96a2-4a1a-8af1-baf941dfc444 - - - - - -] Invalid domain name (atmosphere) found in config file name: keystone.exception.DomainNotFound: Could not find domain: atmosphere.
[Wed May 20 03:26:12.708508 2026] [wsgi:error] [pid 11:tid 140090282505920] [remote 10.0.0.136:44930] 2026-05-20 03:26:12.707 11 WARNING keystone.common.password_hashing [None req-79780343-96a2-4a1a-8af1-baf941dfc444 - - - - - -] Truncating password to algorithm specific maximum length 72 characters.
[Wed May 20 03:26:13.024663 2026] [wsgi:error] [pid 11:tid 140090282505920] [remote 10.0.0.136:44930] 2026-05-20 03:26:13.024 11 WARNING keystone.common.fernet_utils [None req-79780343-96a2-4a1a-8af1-baf941dfc444 - - - - - -] key_repository is world readable: /etc/keystone/fernet-keys/ 10.0.0.136 - - [20/May/2026:03:26:06 +0000] "POST /v3/auth/tokens HTTP/1.1" 201 1359
[Wed May 20 03:26:13.437552 2026] [wsgi:error] [pid 10:tid 140090282505920] [remote 10.0.0.136:44930] 2026-05-20 03:26:13.430 10 WARNING keystone.identity.core [None req-56d17433-f6e2-4698-a0f3-7c2a53921a98 - - - - - -] Invalid domain name (atmosphere) found in config file name: keystone.exception.DomainNotFound: Could not find domain: atmosphere. 10.0.0.136 - - [20/May/2026:03:26:13 +0000] "POST /v3/domains HTTP/1.1" 201 261 10.0.0.235 - - [20/May/2026:03:26:26 +0000] "GET / HTTP/1.1" 300 295
[Wed May 20 03:26:26.589235 2026] [wsgi:error] [pid 9:tid 140090282505920] [remote 10.0.0.235:39408] 2026-05-20 03:26:26.588 9 WARNING keystone.common.password_hashing [None req-858f8abe-501e-491a-96a0-b353a47c1dc6 - - - - - -] Truncating password to algorithm specific maximum length 72 characters.
[Wed May 20 03:26:26.864595 2026] [wsgi:error] [pid 9:tid 140090282505920] [remote 10.0.0.235:39408] 2026-05-20 03:26:26.864 9 WARNING keystone.common.fernet_utils [None req-858f8abe-501e-491a-96a0-b353a47c1dc6 - - - - - -] key_repository is world readable: /etc/keystone/fernet-keys/ 10.0.0.235 - - [20/May/2026:03:26:26 +0000] "POST /v3/auth/tokens HTTP/1.1" 201 1359 10.0.0.235 - - [20/May/2026:03:26:27 +0000] "GET /v3/roles/admin HTTP/1.1" 404 83
[Wed May 20 03:26:27.103820 2026] [wsgi:error] [pid 10:tid 140090282505920] [remote 10.0.0.235:39408] 2026-05-20 03:26:27.103 10 WARNING keystone.common.rbac_enforcer.enforcer [None req-857e0883-3c79-4768-bb37-a6658d7dfb38 f48a5c1b6ff64206841d114726fa9592 1f0222ae36ee4286a4df9ca5c7f19232 - - default default] Deprecated policy rules found. Use oslopolicy-policy-generator and oslopolicy-policy-upgrade to detect and resolve deprecated policies in your configuration. 10.0.0.235 - - [20/May/2026:03:26:27 +0000] "GET /v3/roles?name=admin HTTP/1.1" 200 389
[Wed May 20 03:26:27.515088 2026] [wsgi:error] [pid 12:tid 140090282505920] [remote 10.0.0.235:39408] 2026-05-20 03:26:27.514 12 WARNING keystone.common.rbac_enforcer.enforcer [None req-2f4fd8b4-1907-490e-bfac-d57dac4d316b f48a5c1b6ff64206841d114726fa9592 1f0222ae36ee4286a4df9ca5c7f19232 - - default default] Deprecated policy rules found. Use oslopolicy-policy-generator and oslopolicy-policy-upgrade to detect and resolve deprecated policies in your configuration. 10.0.0.235 - - [20/May/2026:03:26:27 +0000] "GET /v3/users/admin-RegionOne HTTP/1.1" 404 93
[Wed May 20 03:26:27.749914 2026] [wsgi:error] [pid 9:tid 140090282505920] [remote 10.0.0.235:39408] 2026-05-20 03:26:27.749 9 WARNING keystone.common.rbac_enforcer.enforcer [None req-1634b530-842e-4c9d-8f0a-8c08daf7ae8f f48a5c1b6ff64206841d114726fa9592 1f0222ae36ee4286a4df9ca5c7f19232 - - default default] Deprecated policy rules found. Use oslopolicy-policy-generator and oslopolicy-policy-upgrade to detect and resolve deprecated policies in your configuration. 10.0.0.235 - - [20/May/2026:03:26:27 +0000] "GET /v3/users?name=admin-RegionOne HTTP/1.1" 200 422
[Wed May 20 03:26:28.002653 2026] [wsgi:error] [pid 11:tid 140090282505920] [remote 10.0.0.235:39408] 2026-05-20 03:26:28.002 11 WARNING keystone.common.rbac_enforcer.enforcer [None req-9272c55a-0e5b-4d00-b3dd-490f179c9d23 f48a5c1b6ff64206841d114726fa9592 1f0222ae36ee4286a4df9ca5c7f19232 - - default default] Deprecated policy rules found. Use oslopolicy-policy-generator and oslopolicy-policy-upgrade to detect and resolve deprecated policies in your configuration. 10.0.0.235 - - [20/May/2026:03:26:27 +0000] "GET /v3/domains/default HTTP/1.1" 200 224 10.0.0.235 - - [20/May/2026:03:26:28 +0000] "PUT /v3/domains/default/users/f48a5c1b6ff64206841d114726fa9592/roles/c8e5112ec5e54204b8ddaad5895d95d1 HTTP/1.1" 204 - 10.0.0.28 - - [20/May/2026:03:26:38 +0000] "GET / HTTP/1.1" 300 280 10.0.0.28 - - [20/May/2026:03:26:39 +0000] "GET /v3 HTTP/1.1" 200 265
[Wed May 20 03:26:39.676899 2026] [wsgi:error] [pid 11:tid 140090282505920] [remote 10.0.0.28:36926] 2026-05-20 03:26:39.676 11 WARNING keystone.common.password_hashing [None req-df9f9949-9e00-46c4-a55a-2d69e9f53bb7 - - - - - -] Truncating password to algorithm specific maximum length 72 characters.
[Wed May 20 03:26:39.973852 2026] [wsgi:error] [pid 11:tid 140090282505920] [remote 10.0.0.28:36926] 2026-05-20 03:26:39.973 11 WARNING keystone.common.fernet_utils [None req-df9f9949-9e00-46c4-a55a-2d69e9f53bb7 - - - - - -] key_repository is world readable: /etc/keystone/fernet-keys/ 10.0.0.28 - - [20/May/2026:03:26:39 +0000] "POST /v3/auth/tokens HTTP/1.1" 201 1359 10.0.0.28 - - [20/May/2026:03:26:40 +0000] "GET / HTTP/1.1" 300 280 10.0.0.28 - - [20/May/2026:03:26:40 +0000] "GET /v3/domains/atmosphere HTTP/1.1" 404 90 10.0.0.28 - - [20/May/2026:03:26:40 +0000] "GET /v3/domains?name=atmosphere HTTP/1.1" 200 368 10.0.0.28 - - [20/May/2026:03:26:40 +0000] "GET /v3/domains/412434c6e9cb4818b9ff132e22363fc3 HTTP/1.1" 200 246 10.0.0.28 - - [20/May/2026:03:26:41 +0000] "GET /v3 HTTP/1.1" 200 265
[Wed May 20 03:26:41.271509 2026] [wsgi:error] [pid 12:tid 140090282505920] [remote 10.0.0.28:36926] 2026-05-20 03:26:41.270 12 WARNING keystone.common.password_hashing [None req-d22794ab-b978-4712-ad50-ebd055215f2a - - - - - -] Truncating password to algorithm specific maximum length 72 characters.
[Wed May 20 03:26:41.562534 2026] [wsgi:error] [pid 12:tid 140090282505920] [remote 10.0.0.28:36926] 2026-05-20 03:26:41.562 12 WARNING keystone.common.fernet_utils [None req-d22794ab-b978-4712-ad50-ebd055215f2a - - - - - -] key_repository is world readable: /etc/keystone/fernet-keys/ 10.0.0.28 - - [20/May/2026:03:26:41 +0000] "POST /v3/auth/tokens HTTP/1.1" 201 1359 10.0.0.28 - - [20/May/2026:03:26:41 +0000] "GET / HTTP/1.1" 300 280 10.0.0.28 - - [20/May/2026:03:26:41 +0000] "GET /v3/OS-FEDERATION/identity_providers/atmosphere HTTP/1.1" 404 101 10.0.0.28 - - [20/May/2026:03:26:41 +0000] "GET /v3/OS-FEDERATION/identity_providers HTTP/1.1" 200 155 10.0.0.28 - - [20/May/2026:03:26:41 +0000] "PUT /v3/OS-FEDERATION/identity_providers/atmosphere HTTP/1.1" 201 340 10.0.0.28 - - [20/May/2026:03:26:42 +0000] "GET /v3 HTTP/1.1" 200 265
[Wed May 20 03:26:42.557862 2026] [wsgi:error] [pid 11:tid 140090282505920] [remote 10.0.0.28:36926] 2026-05-20 03:26:42.557 11 WARNING keystone.common.password_hashing [None req-641db74a-55d9-45b3-be7c-737b2d0ab883 - - - - - -] Truncating password to algorithm specific maximum length 72 characters.
[Wed May 20 03:26:42.840755 2026] [wsgi:error] [pid 11:tid 140090282505920] [remote 10.0.0.28:36926] 2026-05-20 03:26:42.840 11 WARNING keystone.common.fernet_utils [None req-641db74a-55d9-45b3-be7c-737b2d0ab883 - - - - - -] key_repository is world readable: /etc/keystone/fernet-keys/ 10.0.0.28 - - [20/May/2026:03:26:42 +0000] "POST /v3/auth/tokens HTTP/1.1" 201 1359 10.0.0.28 - - [20/May/2026:03:26:42 +0000] "GET / HTTP/1.1" 300 280 10.0.0.28 - - [20/May/2026:03:26:42 +0000] "GET /v3/OS-FEDERATION/mappings/atmosphere-openid HTTP/1.1" 404 98 10.0.0.28 - - [20/May/2026:03:26:42 +0000] "GET /v3/OS-FEDERATION/mappings HTTP/1.1" 200 135 10.0.0.28 - - [20/May/2026:03:26:42 +0000] "PUT /v3/OS-FEDERATION/mappings/atmosphere-openid HTTP/1.1" 201 356 10.0.0.28 - - [20/May/2026:03:26:43 +0000] "GET /v3 HTTP/1.1" 200 265
[Wed May 20 03:26:43.704812 2026] [wsgi:error] [pid 12:tid 140090282505920] [remote 10.0.0.28:36926] 2026-05-20 03:26:43.704 12 WARNING keystone.common.password_hashing [None req-96838746-c134-4abe-948d-b1cb73abf4ee - - - - - -] Truncating password to algorithm specific maximum length 72 characters.
[Wed May 20 03:26:43.994974 2026] [wsgi:error] [pid 12:tid 140090282505920] [remote 10.0.0.28:36926] 2026-05-20 03:26:43.994 12 WARNING keystone.common.fernet_utils [None req-96838746-c134-4abe-948d-b1cb73abf4ee - - - - - -] key_repository is world readable: /etc/keystone/fernet-keys/ 10.0.0.28 - - [20/May/2026:03:26:43 +0000] "POST /v3/auth/tokens HTTP/1.1" 201 1359 10.0.0.28 - - [20/May/2026:03:26:44 +0000] "GET / HTTP/1.1" 300 280 10.0.0.28 - - [20/May/2026:03:26:44 +0000] "GET /v3/OS-FEDERATION/identity_providers/atmosphere/protocols/openid?idp_id=atmosphere HTTP/1.1" 404 131 10.0.0.28 - - [20/May/2026:03:26:44 +0000] "GET /v3/OS-FEDERATION/identity_providers/atmosphere/protocols HTTP/1.1" 200 167 10.0.0.28 - - [20/May/2026:03:26:44 +0000] "PUT /v3/OS-FEDERATION/identity_providers/atmosphere/protocols/openid HTTP/1.1" 201 222 10.0.0.28 - - [20/May/2026:03:26:46 +0000] "GET /v3/ HTTP/1.1" 200 250 10.0.0.28 - - [20/May/2026:03:26:46 +0000] "GET /v3/ HTTP/1.1" 200 250 10.0.0.28 - - [20/May/2026:03:27:46 +0000] "GET /v3/ HTTP/1.1" 200 250 10.0.0.28 - - [20/May/2026:03:27:46 +0000] "GET /v3/ HTTP/1.1" 200 250 10.0.0.193 - - [20/May/2026:03:28:10 +0000] "GET / HTTP/1.1" 300 295
[Wed May 20 03:28:11.004835 2026] [wsgi:error] [pid 11:tid 140090282505920] [remote 10.0.0.193:41162] 2026-05-20 03:28:11.004 11 WARNING keystone.common.password_hashing [None req-de4745e7-c2b9-4cbd-bf9e-d73d8d1e7ba9 - - - - - -] Truncating password to algorithm specific maximum length 72 characters.
[Wed May 20 03:28:11.279631 2026] [wsgi:error] [pid 11:tid 140090282505920] [remote 10.0.0.193:41162] 2026-05-20 03:28:11.279 11 WARNING keystone.common.fernet_utils [None req-de4745e7-c2b9-4cbd-bf9e-d73d8d1e7ba9 - - - - - -] key_repository is world readable: /etc/keystone/fernet-keys/ 10.0.0.193 - - [20/May/2026:03:28:10 +0000] "POST /v3/auth/tokens HTTP/1.1" 201 1359 10.0.0.193 - - [20/May/2026:03:28:11 +0000] "GET /v3/services HTTP/1.1" 200 355 10.0.0.193 - - [20/May/2026:03:28:15 +0000] "GET / HTTP/1.1" 300 295
[Wed May 20 03:28:15.119718 2026] [wsgi:error] [pid 9:tid 140090282505920] [remote 10.0.0.193:41166] 2026-05-20 03:28:15.119 9 WARNING keystone.common.password_hashing [None req-bb7437fc-0832-4389-8ec4-74cf5e2c6ff3 - - - - - -] Truncating password to algorithm specific maximum length 72 characters.
[Wed May 20 03:28:15.396555 2026] [wsgi:error] [pid 9:tid 140090282505920] [remote 10.0.0.193:41166] 2026-05-20 03:28:15.396 9 WARNING keystone.common.fernet_utils [None req-bb7437fc-0832-4389-8ec4-74cf5e2c6ff3 - - - - - -] key_repository is world readable: /etc/keystone/fernet-keys/ 10.0.0.193 - - [20/May/2026:03:28:15 +0000] "POST /v3/auth/tokens HTTP/1.1" 201 1359 10.0.0.193 - - [20/May/2026:03:28:15 +0000] "GET /v3/services HTTP/1.1" 200 355 10.0.0.193 - - [20/May/2026:03:28:19 +0000] "GET / HTTP/1.1" 300 295
[Wed May 20 03:28:19.117650 2026] [wsgi:error] [pid 10:tid 140090282505920] [remote 10.0.0.193:55910] 2026-05-20 03:28:19.117 10 WARNING keystone.common.password_hashing [None req-2fd76cae-dc9b-4c51-ad8c-9f0a755fa450 - - - - - -] Truncating password to algorithm specific maximum length 72 characters.
[Wed May 20 03:28:19.409604 2026] [wsgi:error] [pid 10:tid 140090282505920] [remote 10.0.0.193:55910] 2026-05-20 03:28:19.409 10 WARNING keystone.common.fernet_utils [None req-2fd76cae-dc9b-4c51-ad8c-9f0a755fa450 - - - - - -] key_repository is world readable: /etc/keystone/fernet-keys/ 10.0.0.193 - - [20/May/2026:03:28:19 +0000] "POST /v3/auth/tokens HTTP/1.1" 201 1359 10.0.0.193 - - [20/May/2026:03:28:19 +0000] "GET /v3/services HTTP/1.1" 200 355 10.0.0.193 - - [20/May/2026:03:28:23 +0000] "GET / HTTP/1.1" 300 295
[Wed May 20 03:28:23.148105 2026] [wsgi:error] [pid 12:tid 140090282505920] [remote 10.0.0.193:55924] 2026-05-20 03:28:23.147 12 WARNING keystone.common.password_hashing [None req-3696e293-8b3c-4613-bb5d-bd7fb844cb38 - - - - - -] Truncating password to algorithm specific maximum length 72 characters.
[Wed May 20 03:28:23.425248 2026] [wsgi:error] [pid 12:tid 140090282505920] [remote 10.0.0.193:55924] 2026-05-20 03:28:23.425 12 WARNING keystone.common.fernet_utils [None req-3696e293-8b3c-4613-bb5d-bd7fb844cb38 - - - - - -] key_repository is world readable: /etc/keystone/fernet-keys/ 10.0.0.193 - - [20/May/2026:03:28:23 +0000] "POST /v3/auth/tokens HTTP/1.1" 201 1359 10.0.0.193 - - [20/May/2026:03:28:23 +0000] "POST /v3/services HTTP/1.1" 201 296 10.0.0.199 - - [20/May/2026:03:28:35 +0000] "GET / HTTP/1.1" 300 295
[Wed May 20 03:28:35.280773 2026] [wsgi:error] [pid 11:tid 140090282505920] [remote 10.0.0.199:36294] 2026-05-20 03:28:35.280 11 WARNING keystone.common.password_hashing [None req-5da1fc9e-5138-4797-8283-2753fb456856 - - - - - -] Truncating password to algorithm specific maximum length 72 characters. 10.0.0.199 - - [20/May/2026:03:28:35 +0000] "GET / HTTP/1.1" 300 295 10.0.0.199 - - [20/May/2026:03:28:35 +0000] "GET / HTTP/1.1" 300 295
[Wed May 20 03:28:35.400461 2026] [wsgi:error] [pid 10:tid 140090282505920] [remote 10.0.0.199:36310] 2026-05-20 03:28:35.400 10 WARNING keystone.common.password_hashing [None req-de1759f0-102b-4ffc-be68-115811806a58 - - - - - -] Truncating password to algorithm specific maximum length 72 characters.
[Wed May 20 03:28:35.408336 2026] [wsgi:error] [pid 9:tid 140090282505920] [remote 10.0.0.199:36322] 2026-05-20 03:28:35.408 9 WARNING keystone.common.password_hashing [None req-53a20a39-43a1-479d-935d-f40fe2c1aa02 - - - - - -] Truncating password to algorithm specific maximum length 72 characters.
[Wed May 20 03:28:35.565531 2026] [wsgi:error] [pid 11:tid 140090282505920] [remote 10.0.0.199:36294] 2026-05-20 03:28:35.565 11 WARNING keystone.common.fernet_utils [None req-5da1fc9e-5138-4797-8283-2753fb456856 - - - - - -] key_repository is world readable: /etc/keystone/fernet-keys/ 10.0.0.199 - - [20/May/2026:03:28:35 +0000] "POST /v3/auth/tokens HTTP/1.1" 201 1463
[Wed May 20 03:28:35.692108 2026] [wsgi:error] [pid 9:tid 140090282505920] [remote 10.0.0.199:36322] 2026-05-20 03:28:35.691 9 WARNING keystone.common.fernet_utils [None req-53a20a39-43a1-479d-935d-f40fe2c1aa02 - - - - - -] key_repository is world readable: /etc/keystone/fernet-keys/
[Wed May 20 03:28:35.696066 2026] [wsgi:error] [pid 10:tid 140090282505920] [remote 10.0.0.199:36310] 2026-05-20 03:28:35.695 10 WARNING keystone.common.fernet_utils [None req-de1759f0-102b-4ffc-be68-115811806a58 - - - - - -] key_repository is world readable: /etc/keystone/fernet-keys/ 10.0.0.199 - - [20/May/2026:03:28:35 +0000] "POST /v3/auth/tokens HTTP/1.1" 201 1463 10.0.0.199 - - [20/May/2026:03:28:35 +0000] "POST /v3/auth/tokens HTTP/1.1" 201 1463 10.0.0.199 - - [20/May/2026:03:28:35 +0000] "GET /v3/services HTTP/1.1" 200 639 10.0.0.199 - - [20/May/2026:03:28:35 +0000] "GET /v3/services HTTP/1.1" 200 639 10.0.0.199 - - [20/May/2026:03:28:35 +0000] "GET /v3/services HTTP/1.1" 200 639 10.0.0.199 - - [20/May/2026:03:28:37 +0000] "GET / HTTP/1.1" 300 295
[Wed May 20 03:28:37.330558 2026] [wsgi:error] [pid 12:tid 140090282505920] [remote 10.0.0.199:36324] 2026-05-20 03:28:37.330 12 WARNING keystone.common.password_hashing [None req-20dd219a-9c6c-474f-93a8-380600bd3c56 - - - - - -] Truncating password to algorithm specific maximum length 72 characters. 10.0.0.199 - - [20/May/2026:03:28:37 +0000] "GET / HTTP/1.1" 300 295
[Wed May 20 03:28:37.394973 2026] [wsgi:error] [pid 9:tid 140090282505920] [remote 10.0.0.199:36330] 2026-05-20 03:28:37.394 9 WARNING keystone.common.password_hashing [None req-a3d6c566-62d1-4d04-bd5e-5f2ccdfafeb8 - - - - - -] Truncating password to algorithm specific maximum length 72 characters. 10.0.0.199 - - [20/May/2026:03:28:37 +0000] "GET / HTTP/1.1" 300 295
[Wed May 20 03:28:37.474773 2026] [wsgi:error] [pid 11:tid 140090282505920] [remote 10.0.0.199:36340] 2026-05-20 03:28:37.474 11 WARNING keystone.common.password_hashing [None req-821af5a5-b0b1-4075-82a9-373016c3e3c6 - - - - - -] Truncating password to algorithm specific maximum length 72 characters.
[Wed May 20 03:28:37.626835 2026] [wsgi:error] [pid 12:tid 140090282505920] [remote 10.0.0.199:36324] 2026-05-20 03:28:37.626 12 WARNING keystone.common.fernet_utils [None req-20dd219a-9c6c-474f-93a8-380600bd3c56 - - - - - -] key_repository is world readable: /etc/keystone/fernet-keys/ 10.0.0.199 - - [20/May/2026:03:28:37 +0000] "POST /v3/auth/tokens HTTP/1.1" 201 1463
[Wed May 20 03:28:37.674245 2026] [wsgi:error] [pid 9:tid 140090282505920] [remote 10.0.0.199:36330] 2026-05-20 03:28:37.674 9 WARNING keystone.common.fernet_utils [None req-a3d6c566-62d1-4d04-bd5e-5f2ccdfafeb8 - - - - - -] key_repository is world readable: /etc/keystone/fernet-keys/ 10.0.0.199 - - [20/May/2026:03:28:37 +0000] "POST /v3/auth/tokens HTTP/1.1" 201 1463
[Wed May 20 03:28:37.758788 2026] [wsgi:error] [pid 11:tid 140090282505920] [remote 10.0.0.199:36340] 2026-05-20 03:28:37.758 11 WARNING keystone.common.fernet_utils [None req-821af5a5-b0b1-4075-82a9-373016c3e3c6 - - - - - -] key_repository is world readable: /etc/keystone/fernet-keys/ 10.0.0.199 - - [20/May/2026:03:28:37 +0000] "POST /v3/auth/tokens HTTP/1.1" 201 1463 10.0.0.199 - - [20/May/2026:03:28:37 +0000] "GET /v3/endpoints HTTP/1.1" 200 1226 10.0.0.199 - - [20/May/2026:03:28:37 +0000] "GET /v3/services/dec176b7458f46d88b762e8f70d3ef43 HTTP/1.1" 200 233 10.0.0.199 - - [20/May/2026:03:28:37 +0000] "GET /v3/endpoints HTTP/1.1" 200 1226 10.0.0.199 - - [20/May/2026:03:28:37 +0000] "GET /v3/services/dec176b7458f46d88b762e8f70d3ef43 HTTP/1.1" 200 233 10.0.0.199 - - [20/May/2026:03:28:37 +0000] "GET /v3/services/dec176b7458f46d88b762e8f70d3ef43 HTTP/1.1" 200 233 10.0.0.199 - - [20/May/2026:03:28:37 +0000] "GET /v3/services/dec176b7458f46d88b762e8f70d3ef43 HTTP/1.1" 200 233 10.0.0.199 - - [20/May/2026:03:28:37 +0000] "GET /v3/services/dec176b7458f46d88b762e8f70d3ef43 HTTP/1.1" 200 233 10.0.0.199 - - [20/May/2026:03:28:37 +0000] "GET /v3/services/dec176b7458f46d88b762e8f70d3ef43 HTTP/1.1" 200 233 10.0.0.199 - - [20/May/2026:03:28:37 +0000] "GET /v3/endpoints HTTP/1.1" 200 1226 10.0.0.199 - - [20/May/2026:03:28:37 +0000] "GET /v3/services/dec176b7458f46d88b762e8f70d3ef43 HTTP/1.1" 200 233 10.0.0.199 - - [20/May/2026:03:28:37 +0000] "GET /v3/services/dec176b7458f46d88b762e8f70d3ef43 HTTP/1.1" 200 233 10.0.0.199 - - [20/May/2026:03:28:37 +0000] "GET /v3/services/dec176b7458f46d88b762e8f70d3ef43 HTTP/1.1" 200 233 10.0.0.199 - - [20/May/2026:03:28:39 +0000] "GET / HTTP/1.1" 300 295
[Wed May 20 03:28:39.353095 2026] [wsgi:error] [pid 12:tid 140090282505920] [remote 10.0.0.199:33798] 2026-05-20 03:28:39.352 12 WARNING keystone.common.password_hashing [None req-6288ff28-f888-49e9-b3e0-34d7d36cd5d9 - - - - - -] Truncating password to algorithm specific maximum length 72 characters. 10.0.0.199 - - [20/May/2026:03:28:39 +0000] "GET / HTTP/1.1" 300 295
[Wed May 20 03:28:39.428884 2026] [wsgi:error] [pid 10:tid 140090282505920] [remote 10.0.0.199:33812] 2026-05-20 03:28:39.428 10 WARNING keystone.common.password_hashing [None req-8c03f133-14e9-49a5-b249-6cdde288bb17 - - - - - -] Truncating password to algorithm specific maximum length 72 characters. 10.0.0.199 - - [20/May/2026:03:28:39 +0000] "GET / HTTP/1.1" 300 295
[Wed May 20 03:28:39.473644 2026] [wsgi:error] [pid 9:tid 140090282505920] [remote 10.0.0.199:33824] 2026-05-20 03:28:39.473 9 WARNING keystone.common.password_hashing [None req-d392276a-852c-4544-9592-4ee0b81bbaec - - - - - -] Truncating password to algorithm specific maximum length 72 characters.
[Wed May 20 03:28:39.637934 2026] [wsgi:error] [pid 12:tid 140090282505920] [remote 10.0.0.199:33798] 2026-05-20 03:28:39.637 12 WARNING keystone.common.fernet_utils [None req-6288ff28-f888-49e9-b3e0-34d7d36cd5d9 - - - - - -] key_repository is world readable: /etc/keystone/fernet-keys/ 10.0.0.199 - - [20/May/2026:03:28:39 +0000] "POST /v3/auth/tokens HTTP/1.1" 201 1463
[Wed May 20 03:28:39.711999 2026] [wsgi:error] [pid 10:tid 140090282505920] [remote 10.0.0.199:33812] 2026-05-20 03:28:39.711 10 WARNING keystone.common.fernet_utils [None req-8c03f133-14e9-49a5-b249-6cdde288bb17 - - - - - -] key_repository is world readable: /etc/keystone/fernet-keys/ 10.0.0.199 - - [20/May/2026:03:28:39 +0000] "POST /v3/auth/tokens HTTP/1.1" 201 1463
[Wed May 20 03:28:39.760934 2026] [wsgi:error] [pid 9:tid 140090282505920] [remote 10.0.0.199:33824] 2026-05-20 03:28:39.760 9 WARNING keystone.common.fernet_utils [None req-d392276a-852c-4544-9592-4ee0b81bbaec - - - - - -] key_repository is world readable: /etc/keystone/fernet-keys/ 10.0.0.199 - - [20/May/2026:03:28:39 +0000] "POST /v3/auth/tokens HTTP/1.1" 201 1463 10.0.0.199 - - [20/May/2026:03:28:39 +0000] "GET /v3/services/8335f4bd0a5c4aec9a4ef1e2991c8ff9 HTTP/1.1" 200 296 10.0.0.199 - - [20/May/2026:03:28:39 +0000] "GET /v3/regions/RegionOne HTTP/1.1" 200 173 10.0.0.199 - - [20/May/2026:03:28:39 +0000] "GET /v3/services/8335f4bd0a5c4aec9a4ef1e2991c8ff9 HTTP/1.1" 200 296 10.0.0.199 - - [20/May/2026:03:28:39 +0000] "POST /v3/endpoints HTTP/1.1" 201 369 10.0.0.199 - - [20/May/2026:03:28:39 +0000] "GET /v3/regions/RegionOne HTTP/1.1" 200 173 10.0.0.199 - - [20/May/2026:03:28:39 +0000] "GET /v3/services/8335f4bd0a5c4aec9a4ef1e2991c8ff9 HTTP/1.1" 200 296 10.0.0.199 - - [20/May/2026:03:28:39 +0000] "GET /v3/regions/RegionOne HTTP/1.1" 200 173 10.0.0.199 - - [20/May/2026:03:28:39 +0000] "POST /v3/endpoints HTTP/1.1" 201 380 10.0.0.199 - - [20/May/2026:03:28:39 +0000] "POST /v3/endpoints HTTP/1.1" 201 383 10.0.0.199 - - [20/May/2026:03:28:41 +0000] "GET / HTTP/1.1" 300 295
[Wed May 20 03:28:41.395023 2026] [wsgi:error] [pid 10:tid 140090282505920] [remote 10.0.0.199:33834] 2026-05-20 03:28:41.394 10 WARNING keystone.common.password_hashing [None req-a0c3b948-f3c7-41ab-8d2f-d7d0f2e77fd8 - - - - - -] Truncating password to algorithm specific maximum length 72 characters. 10.0.0.199 - - [20/May/2026:03:28:41 +0000] "GET / HTTP/1.1" 300 295
[Wed May 20 03:28:41.560640 2026] [wsgi:error] [pid 11:tid 140090282505920] [remote 10.0.0.199:33842] 2026-05-20 03:28:41.560 11 WARNING keystone.common.password_hashing [None req-8f6c7300-4921-43a1-8c57-fd3c1070d969 - - - - - -] Truncating password to algorithm specific maximum length 72 characters. 10.0.0.199 - - [20/May/2026:03:28:41 +0000] "GET / HTTP/1.1" 300 295
[Wed May 20 03:28:41.636968 2026] [wsgi:error] [pid 12:tid 140090282505920] [remote 10.0.0.199:33854] 2026-05-20 03:28:41.636 12 WARNING keystone.common.password_hashing [None req-0413ea63-93f0-40c9-9541-73e66b6737e7 - - - - - -] Truncating password to algorithm specific maximum length 72 characters.
[Wed May 20 03:28:41.675252 2026] [wsgi:error] [pid 10:tid 140090282505920] [remote 10.0.0.199:33834] 2026-05-20 03:28:41.675 10 WARNING keystone.common.fernet_utils [None req-a0c3b948-f3c7-41ab-8d2f-d7d0f2e77fd8 - - - - - -] key_repository is world readable: /etc/keystone/fernet-keys/ 10.0.0.199 - - [20/May/2026:03:28:41 +0000] "POST /v3/auth/tokens HTTP/1.1" 201 1990 10.0.0.199 - - [20/May/2026:03:28:41 +0000] "GET /v3/endpoints/36bffd93bd2f429fb48f525507d9fae6 HTTP/1.1" 200 369
[Wed May 20 03:28:41.834194 2026] [wsgi:error] [pid 11:tid 140090282505920] [remote 10.0.0.199:33842] 2026-05-20 03:28:41.834 11 WARNING keystone.common.fernet_utils [None req-8f6c7300-4921-43a1-8c57-fd3c1070d969 - - - - - -] key_repository is world readable: /etc/keystone/fernet-keys/ 10.0.0.199 - - [20/May/2026:03:28:41 +0000] "POST /v3/auth/tokens HTTP/1.1" 201 1990 10.0.0.199 - - [20/May/2026:03:28:41 +0000] "GET /v3/services/8335f4bd0a5c4aec9a4ef1e2991c8ff9 HTTP/1.1" 200 296
[Wed May 20 03:28:41.926829 2026] [wsgi:error] [pid 12:tid 140090282505920] [remote 10.0.0.199:33854] 2026-05-20 03:28:41.926 12 WARNING keystone.common.fernet_utils [None req-0413ea63-93f0-40c9-9541-73e66b6737e7 - - - - - -] key_repository is world readable: /etc/keystone/fernet-keys/ 10.0.0.199 - - [20/May/2026:03:28:41 +0000] "POST /v3/auth/tokens HTTP/1.1" 201 1990 10.0.0.199 - - [20/May/2026:03:28:41 +0000] "GET /v3/endpoints/dc1c64a06dad47909283e05d32f6ed14 HTTP/1.1" 200 380 10.0.0.199 - - [20/May/2026:03:28:41 +0000] "GET /v3/services/8335f4bd0a5c4aec9a4ef1e2991c8ff9 HTTP/1.1" 200 296 10.0.0.199 - - [20/May/2026:03:28:42 +0000] "GET /v3/endpoints/59955052ac9d493090d10e0bcd387e13 HTTP/1.1" 200 383 10.0.0.199 - - [20/May/2026:03:28:42 +0000] "GET /v3/services/8335f4bd0a5c4aec9a4ef1e2991c8ff9 HTTP/1.1" 200 296 10.0.0.28 - - [20/May/2026:03:28:46 +0000] "GET /v3/ HTTP/1.1" 200 250 10.0.0.28 - - [20/May/2026:03:28:46 +0000] "GET /v3/ HTTP/1.1" 200 250 10.0.0.30 - - [20/May/2026:03:28:54 +0000] "GET / HTTP/1.1" 300 295
[Wed May 20 03:28:54.261768 2026] [wsgi:error] [pid 12:tid 140090282505920] [remote 10.0.0.30:54218] 2026-05-20 03:28:54.261 12 WARNING keystone.common.password_hashing [None req-10ed9657-7703-431d-bca3-50541962e30c - - - - - -] Truncating password to algorithm specific maximum length 72 characters.
[Wed May 20 03:28:54.557502 2026] [wsgi:error] [pid 12:tid 140090282505920] [remote 10.0.0.30:54218] 2026-05-20 03:28:54.557 12 WARNING keystone.common.fernet_utils [None req-10ed9657-7703-431d-bca3-50541962e30c - - - - - -] key_repository is world readable: /etc/keystone/fernet-keys/ 10.0.0.30 - - [20/May/2026:03:28:54 +0000] "POST /v3/auth/tokens HTTP/1.1" 201 1990 10.0.0.30 - - [20/May/2026:03:28:54 +0000] "POST /v3/domains HTTP/1.1" 201 284 10.0.0.30 - - [20/May/2026:03:28:56 +0000] "GET / HTTP/1.1" 300 295
[Wed May 20 03:28:56.589415 2026] [wsgi:error] [pid 10:tid 140090282505920] [remote 10.0.0.30:54220] 2026-05-20 03:28:56.589 10 WARNING keystone.common.password_hashing [None req-9aaca664-c4ce-4eb2-ab50-aab90a206986 - - - - - -] Truncating password to algorithm specific maximum length 72 characters.
[Wed May 20 03:28:56.873238 2026] [wsgi:error] [pid 10:tid 140090282505920] [remote 10.0.0.30:54220] 2026-05-20 03:28:56.873 10 WARNING keystone.common.fernet_utils [None req-9aaca664-c4ce-4eb2-ab50-aab90a206986 - - - - - -] key_repository is world readable: /etc/keystone/fernet-keys/ 10.0.0.30 - - [20/May/2026:03:28:56 +0000] "POST /v3/auth/tokens HTTP/1.1" 201 1990
[Wed May 20 03:28:57.068503 2026] [wsgi:error] [pid 12:tid 140090282505920] [remote 10.0.0.30:54220] 2026-05-20 03:28:57.050 12 ERROR keystone.server.flask.application [None req-16635dd3-d521-4e25-bc1d-9aea2f2bab01 f48a5c1b6ff64206841d114726fa9592 1f0222ae36ee4286a4df9ca5c7f19232 - - default default] Conflict occurred attempting to store project - it is not permitted to have two projects acting as domains with the same name: service.: keystone.exception.Conflict: Conflict occurred attempting to store project - it is not permitted to have two projects acting as domains with the same name: service.
[Wed May 20 03:28:57.068541 2026] [wsgi:error] [pid 12:tid 140090282505920] [remote 10.0.0.30:54220] 2026-05-20 03:28:57.050 12 ERROR keystone.server.flask.application
Traceback (most recent call last):
[Wed May 20 03:28:57.068544 2026] [wsgi:error] [pid 12:tid 140090282505920] [remote 10.0.0.30:54220] 2026-05-20 03:28:57.050 12 ERROR keystone.server.flask.application
File "/var/lib/openstack/lib/python3.12/site-packages/sqlalchemy/engine/base.py", line 1967, in _exec_single_context
[Wed May 20 03:28:57.068545 2026] [wsgi:error] [pid 12:tid 140090282505920] [remote 10.0.0.30:54220] 2026-05-20 03:28:57.050 12 ERROR keystone.server.flask.application self.dialect.do_execute(
[Wed May 20 03:28:57.068547 2026] [wsgi:error] [pid 12:tid 140090282505920] [remote 10.0.0.30:54220] 2026-05-20 03:28:57.050 12 ERROR keystone.server.flask.application
File "/var/lib/openstack/lib/python3.12/site-packages/sqlalchemy/engine/default.py", line 952, in do_execute
[Wed May 20 03:28:57.068549 2026] [wsgi:error] [pid 12:tid 140090282505920] [remote 10.0.0.30:54220] 2026-05-20 03:28:57.050 12 ERROR keystone.server.flask.application cursor.execute(statement, parameters)
[Wed May 20 03:28:57.068551 2026] [wsgi:error] [pid 12:tid 140090282505920] [remote 10.0.0.30:54220] 2026-05-20 03:28:57.050 12 ERROR keystone.server.flask.application
File "/var/lib/openstack/lib/python3.12/site-packages/pymysql/cursors.py", line 157, in execute
[Wed May 20 03:28:57.068552 2026] [wsgi:error] [pid 12:tid 140090282505920] [remote 10.0.0.30:54220] 2026-05-20 03:28:57.050 12 ERROR keystone.server.flask.application result = self._query(query)
[Wed May 20 03:28:57.068554 2026] [wsgi:error] [pid 12:tid 140090282505920] [remote 10.0.0.30:54220] 2026-05-20 03:28:57.050 12 ERROR keystone.server.flask.application ^^^^^^^^^^^^^^^^^^
[Wed May 20 03:28:57.068555 2026] [wsgi:error] [pid 12:tid 140090282505920] [remote 10.0.0.30:54220] 2026-05-20 03:28:57.050 12 ERROR keystone.server.flask.application
File "/var/lib/openstack/lib/python3.12/site-packages/pymysql/cursors.py", line 328, in _query
[Wed May 20 03:28:57.068557 2026] [wsgi:error] [pid 12:tid 140090282505920] [remote 10.0.0.30:54220] 2026-05-20 03:28:57.050 12 ERROR keystone.server.flask.application conn.query(q)
[Wed May 20 03:28:57.068558 2026] [wsgi:error] [pid 12:tid 140090282505920] [remote 10.0.0.30:54220] 2026-05-20 03:28:57.050 12 ERROR keystone.server.flask.application
File "/var/lib/openstack/lib/python3.12/site-packages/pymysql/connections.py", line 575, in query
[Wed May 20 03:28:57.068561 2026] [wsgi:error] [pid 12:tid 140090282505920] [remote 10.0.0.30:54220] 2026-05-20 03:28:57.050 12 ERROR keystone.server.flask.application self._affected_rows = self._read_query_result(unbuffered=unbuffered)
[Wed May 20 03:28:57.068562 2026] [wsgi:error] [pid 12:tid 140090282505920] [remote 10.0.0.30:54220] 2026-05-20 03:28:57.050 12 ERROR keystone.server.flask.application ^^^^^^^^^^^^^^^^^^^^^^^^^^^^^^^^^^^^^^^^^^^^^^
[Wed May 20 03:28:57.068564 2026] [wsgi:error] [pid 12:tid 140090282505920] [remote 10.0.0.30:54220] 2026-05-20 03:28:57.050 12 ERROR keystone.server.flask.application
File "/var/lib/openstack/lib/python3.12/site-packages/pymysql/connections.py", line 826, in _read_query_result
[Wed May 20 03:28:57.068565 2026] [wsgi:error] [pid 12:tid 140090282505920] [remote 10.0.0.30:54220] 2026-05-20 03:28:57.050 12 ERROR keystone.server.flask.application result.read()
[Wed May 20 03:28:57.068569 2026] [wsgi:error] [pid 12:tid 140090282505920] [remote 10.0.0.30:54220] 2026-05-20 03:28:57.050 12 ERROR keystone.server.flask.application
File "/var/lib/openstack/lib/python3.12/site-packages/pymysql/connections.py", line 1203, in read
[Wed May 20 03:28:57.068570 2026] [wsgi:error] [pid 12:tid 140090282505920] [remote 10.0.0.30:54220] 2026-05-20 03:28:57.050 12 ERROR keystone.server.flask.application first_packet = self.connection._read_packet()
[Wed May 20 03:28:57.068572 2026] [wsgi:error] [pid 12:tid 140090282505920] [remote 10.0.0.30:54220] 2026-05-20 03:28:57.050 12 ERROR keystone.server.flask.application ^^^^^^^^^^^^^^^^^^^^^^^^^^^^^^
[Wed May 20 03:28:57.068573 2026] [wsgi:error] [pid 12:tid 140090282505920] [remote 10.0.0.30:54220] 2026-05-20 03:28:57.050 12 ERROR keystone.server.flask.application
File "/var/lib/openstack/lib/python3.12/site-packages/pymysql/connections.py", line 782, in _read_packet
[Wed May 20 03:28:57.068574 2026] [wsgi:error] [pid 12:tid 140090282505920] [remote 10.0.0.30:54220] 2026-05-20 03:28:57.050 12 ERROR keystone.server.flask.application packet.raise_for_error()
[Wed May 20 03:28:57.068576 2026] [wsgi:error] [pid 12:tid 140090282505920] [remote 10.0.0.30:54220] 2026-05-20 03:28:57.050 12 ERROR keystone.server.flask.application
File "/var/lib/openstack/lib/python3.12/site-packages/pymysql/protocol.py", line 219, in raise_for_error
[Wed May 20 03:28:57.068577 2026] [wsgi:error] [pid 12:tid 140090282505920] [remote 10.0.0.30:54220] 2026-05-20 03:28:57.050 12 ERROR keystone.server.flask.application err.raise_mysql_exception(self._data)
[Wed May 20 03:28:57.068578 2026] [wsgi:error] [pid 12:tid 140090282505920] [remote 10.0.0.30:54220] 2026-05-20 03:28:57.050 12 ERROR keystone.server.flask.application
File "/var/lib/openstack/lib/python3.12/site-packages/pymysql/err.py", line 150, in raise_mysql_exception
[Wed May 20 03:28:57.068580 2026] [wsgi:error] [pid 12:tid 140090282505920] [remote 10.0.0.30:54220] 2026-05-20 03:28:57.050 12 ERROR keystone.server.flask.application raise errorclass(errno, errval)
[Wed May 20 03:28:57.068581 2026] [wsgi:error] [pid 12:tid 140090282505920] [remote 10.0.0.30:54220] 2026-05-20 03:28:57.050 12 ERROR keystone.server.flask.application pymysql.err.IntegrityError: (1062, "Duplicate entry '<>-service' for key 'project.ixu_project_name_domain_id'")
[Wed May 20 03:28:57.068583 2026] [wsgi:error] [pid 12:tid 140090282505920] [remote 10.0.0.30:54220] 2026-05-20 03:28:57.050 12 ERROR keystone.server.flask.application
[Wed May 20 03:28:57.068585 2026] [wsgi:error] [pid 12:tid 140090282505920] [remote 10.0.0.30:54220] 2026-05-20 03:28:57.050 12 ERROR keystone.server.flask.application The above exception was the direct cause of the following exception:
[Wed May 20 03:28:57.068586 2026] [wsgi:error] [pid 12:tid 140090282505920] [remote 10.0.0.30:54220] 2026-05-20 03:28:57.050 12 ERROR keystone.server.flask.application
[Wed May 20 03:28:57.068587 2026] [wsgi:error] [pid 12:tid 140090282505920] [remote 10.0.0.30:54220] 2026-05-20 03:28:57.050 12 ERROR keystone.server.flask.application
Traceback (most recent call last):
[Wed May 20 03:28:57.068588 2026] [wsgi:error] [pid 12:tid 140090282505920] [remote 10.0.0.30:54220] 2026-05-20 03:28:57.050 12 ERROR keystone.server.flask.application
File "/var/lib/openstack/lib/python3.12/site-packages/keystone/common/sql/core.py", line 575, in wrapper
[Wed May 20 03:28:57.068590 2026] [wsgi:error] [pid 12:tid 140090282505920] [remote 10.0.0.30:54220] 2026-05-20 03:28:57.050 12 ERROR keystone.server.flask.application return method(*args, **kwargs)
[Wed May 20 03:28:57.068591 2026] [wsgi:error] [pid 12:tid 140090282505920] [remote 10.0.0.30:54220] 2026-05-20 03:28:57.050 12 ERROR keystone.server.flask.application ^^^^^^^^^^^^^^^^^^^^^^^
[Wed May 20 03:28:57.068603 2026] [wsgi:error] [pid 12:tid 140090282505920] [remote 10.0.0.30:54220] 2026-05-20 03:28:57.050 12 ERROR keystone.server.flask.application
File "/var/lib/openstack/lib/python3.12/site-packages/keystone/resource/backends/sql.py", line 278, in create_project
[Wed May 20 03:28:57.068605 2026] [wsgi:error] [pid 12:tid 140090282505920] [remote 10.0.0.30:54220] 2026-05-20 03:28:57.050 12 ERROR keystone.server.flask.application with sql.session_for_write() as session:
[Wed May 20 03:28:57.068606 2026] [wsgi:error] [pid 12:tid 140090282505920] [remote 10.0.0.30:54220] 2026-05-20 03:28:57.050 12 ERROR keystone.server.flask.application
File "/usr/lib/python3.12/contextlib.py", line 144, in __exit__
[Wed May 20 03:28:57.068608 2026] [wsgi:error] [pid 12:tid 140090282505920] [remote 10.0.0.30:54220] 2026-05-20 03:28:57.050 12 ERROR keystone.server.flask.application next(self.gen)
[Wed May 20 03:28:57.068609 2026] [wsgi:error] [pid 12:tid 140090282505920] [remote 10.0.0.30:54220] 2026-05-20 03:28:57.050 12 ERROR keystone.server.flask.application
File "/var/lib/openstack/lib/python3.12/site-packages/oslo_db/sqlalchemy/enginefacade.py", line 1175, in _transaction_scope
[Wed May 20 03:28:57.068611 2026] [wsgi:error] [pid 12:tid 140090282505920] [remote 10.0.0.30:54220] 2026-05-20 03:28:57.050 12 ERROR keystone.server.flask.application with current._produce_block(
[Wed May 20 03:28:57.068613 2026] [wsgi:error] [pid 12:tid 140090282505920] [remote 10.0.0.30:54220] 2026-05-20 03:28:57.050 12 ERROR keystone.server.flask.application
File "/usr/lib/python3.12/contextlib.py", line 144, in __exit__
[Wed May 20 03:28:57.068614 2026] [wsgi:error] [pid 12:tid 140090282505920] [remote 10.0.0.30:54220] 2026-05-20 03:28:57.050 12 ERROR keystone.server.flask.application next(self.gen)
[Wed May 20 03:28:57.068616 2026] [wsgi:error] [pid 12:tid 140090282505920] [remote 10.0.0.30:54220] 2026-05-20 03:28:57.050 12 ERROR keystone.server.flask.application
File "/var/lib/openstack/lib/python3.12/site-packages/oslo_db/sqlalchemy/enginefacade.py", line 837, in _session
[Wed May 20 03:28:57.068618 2026] [wsgi:error] [pid 12:tid 140090282505920] [remote 10.0.0.30:54220] 2026-05-20 03:28:57.050 12 ERROR keystone.server.flask.application with excutils.save_and_reraise_exception():
[Wed May 20 03:28:57.068619 2026] [wsgi:error] [pid 12:tid 140090282505920] [remote 10.0.0.30:54220] 2026-05-20 03:28:57.050 12 ERROR keystone.server.flask.application
File "/var/lib/openstack/lib/python3.12/site-packages/oslo_utils/excutils.py", line 271, in __exit__
[Wed May 20 03:28:57.068621 2026] [wsgi:error] [pid 12:tid 140090282505920] [remote 10.0.0.30:54220] 2026-05-20 03:28:57.050 12 ERROR keystone.server.flask.application self.force_reraise()
[Wed May 20 03:28:57.068622 2026] [wsgi:error] [pid 12:tid 140090282505920] [remote 10.0.0.30:54220] 2026-05-20 03:28:57.050 12 ERROR keystone.server.flask.application
File "/var/lib/openstack/lib/python3.12/site-packages/oslo_utils/excutils.py", line 233, in force_reraise
[Wed May 20 03:28:57.068624 2026] [wsgi:error] [pid 12:tid 140090282505920] [remote 10.0.0.30:54220] 2026-05-20 03:28:57.050 12 ERROR keystone.server.flask.application raise self.value
[Wed May 20 03:28:57.068626 2026] [wsgi:error] [pid 12:tid 140090282505920] [remote 10.0.0.30:54220] 2026-05-20 03:28:57.050 12 ERROR keystone.server.flask.application
File "/var/lib/openstack/lib/python3.12/site-packages/oslo_db/sqlalchemy/enginefacade.py", line 835, in _session
[Wed May 20 03:28:57.068628 2026] [wsgi:error] [pid 12:tid 140090282505920] [remote 10.0.0.30:54220] 2026-05-20 03:28:57.050 12 ERROR keystone.server.flask.application self._end_session_transaction(self.session)
[Wed May 20 03:28:57.068629 2026] [wsgi:error] [pid 12:tid 140090282505920] [remote 10.0.0.30:54220] 2026-05-20 03:28:57.050 12 ERROR keystone.server.flask.application
File "/var/lib/openstack/lib/python3.12/site-packages/oslo_db/sqlalchemy/enginefacade.py", line 748, in _end_session_transaction
[Wed May 20 03:28:57.068632 2026] [wsgi:error] [pid 12:tid 140090282505920] [remote 10.0.0.30:54220] 2026-05-20 03:28:57.050 12 ERROR keystone.server.flask.application session.commit()
[Wed May 20 03:28:57.068636 2026] [wsgi:error] [pid 12:tid 140090282505920] [remote 10.0.0.30:54220] 2026-05-20 03:28:57.050 12 ERROR keystone.server.flask.application
File "/var/lib/openstack/lib/python3.12/site-packages/sqlalchemy/orm/session.py", line 2030, in commit
[Wed May 20 03:28:57.068638 2026] [wsgi:error] [pid 12:tid 140090282505920] [remote 10.0.0.30:54220] 2026-05-20 03:28:57.050 12 ERROR keystone.server.flask.application trans.commit(_to_root=True)
[Wed May 20 03:28:57.068640 2026] [wsgi:error] [pid 12:tid 140090282505920] [remote 10.0.0.30:54220] 2026-05-20 03:28:57.050 12 ERROR keystone.server.flask.application File "", line 2, in commit
[Wed May 20 03:28:57.068643 2026] [wsgi:error] [pid 12:tid 140090282505920] [remote 10.0.0.30:54220] 2026-05-20 03:28:57.050 12 ERROR keystone.server.flask.application
File "/var/lib/openstack/lib/python3.12/site-packages/sqlalchemy/orm/state_changes.py", line 137, in _go
[Wed May 20 03:28:57.068645 2026] [wsgi:error] [pid 12:tid 140090282505920] [remote 10.0.0.30:54220] 2026-05-20 03:28:57.050 12 ERROR keystone.server.flask.application ret_value = fn(self, *arg, **kw)
[Wed May 20 03:28:57.068648 2026] [wsgi:error] [pid 12:tid 140090282505920] [remote 10.0.0.30:54220] 2026-05-20 03:28:57.050 12 ERROR keystone.server.flask.application ^^^^^^^^^^^^^^^^^^^^
[Wed May 20 03:28:57.068650 2026] [wsgi:error] [pid 12:tid 140090282505920] [remote 10.0.0.30:54220] 2026-05-20 03:28:57.050 12 ERROR keystone.server.flask.application
File "/var/lib/openstack/lib/python3.12/site-packages/sqlalchemy/orm/session.py", line 1311, in commit
[Wed May 20 03:28:57.068652 2026] [wsgi:error] [pid 12:tid 140090282505920] [remote 10.0.0.30:54220] 2026-05-20 03:28:57.050 12 ERROR keystone.server.flask.application self._prepare_impl()
[Wed May 20 03:28:57.068653 2026] [wsgi:error] [pid 12:tid 140090282505920] [remote 10.0.0.30:54220] 2026-05-20 03:28:57.050 12 ERROR keystone.server.flask.application File "", line 2, in _prepare_impl
[Wed May 20 03:28:57.068656 2026] [wsgi:error] [pid 12:tid 140090282505920] [remote 10.0.0.30:54220] 2026-05-20 03:28:57.050 12 ERROR keystone.server.flask.application
File "/var/lib/openstack/lib/python3.12/site-packages/sqlalchemy/orm/state_changes.py", line 137, in _go
[Wed May 20 03:28:57.068658 2026] [wsgi:error] [pid 12:tid 140090282505920] [remote 10.0.0.30:54220] 2026-05-20 03:28:57.050 12 ERROR keystone.server.flask.application ret_value = fn(self, *arg, **kw)
[Wed May 20 03:28:57.068660 2026] [wsgi:error] [pid 12:tid 140090282505920] [remote 10.0.0.30:54220] 2026-05-20 03:28:57.050 12 ERROR keystone.server.flask.application ^^^^^^^^^^^^^^^^^^^^
[Wed May 20 03:28:57.068661 2026] [wsgi:error] [pid 12:tid 140090282505920] [remote 10.0.0.30:54220] 2026-05-20 03:28:57.050 12 ERROR keystone.server.flask.application
File "/var/lib/openstack/lib/python3.12/site-packages/sqlalchemy/orm/session.py", line 1286, in _prepare_impl
[Wed May 20 03:28:57.068663 2026] [wsgi:error] [pid 12:tid 140090282505920] [remote 10.0.0.30:54220] 2026-05-20 03:28:57.050 12 ERROR keystone.server.flask.application self.session.flush()
[Wed May 20 03:28:57.068665 2026] [wsgi:error] [pid 12:tid 140090282505920] [remote 10.0.0.30:54220] 2026-05-20 03:28:57.050 12 ERROR keystone.server.flask.application
File "/var/lib/openstack/lib/python3.12/site-packages/sqlalchemy/orm/session.py", line 4331, in flush
[Wed May 20 03:28:57.068666 2026] [wsgi:error] [pid 12:tid 140090282505920] [remote 10.0.0.30:54220] 2026-05-20 03:28:57.050 12 ERROR keystone.server.flask.application self._flush(objects)
[Wed May 20 03:28:57.068668 2026] [wsgi:error] [pid 12:tid 140090282505920] [remote 10.0.0.30:54220] 2026-05-20 03:28:57.050 12 ERROR keystone.server.flask.application
File "/var/lib/openstack/lib/python3.12/site-packages/sqlalchemy/orm/session.py", line 4466, in _flush
[Wed May 20 03:28:57.068671 2026] [wsgi:error] [pid 12:tid 140090282505920] [remote 10.0.0.30:54220] 2026-05-20 03:28:57.050 12 ERROR keystone.server.flask.application with util.safe_reraise():
[Wed May 20 03:28:57.068674 2026] [wsgi:error] [pid 12:tid 140090282505920] [remote 10.0.0.30:54220] 2026-05-20 03:28:57.050 12 ERROR keystone.server.flask.application
File "/var/lib/openstack/lib/python3.12/site-packages/sqlalchemy/util/langhelpers.py", line 121, in __exit__
[Wed May 20 03:28:57.068676 2026] [wsgi:error] [pid 12:tid 140090282505920] [remote 10.0.0.30:54220] 2026-05-20 03:28:57.050 12 ERROR keystone.server.flask.application raise exc_value.with_traceback(exc_tb)
[Wed May 20 03:28:57.068679 2026] [wsgi:error] [pid 12:tid 140090282505920] [remote 10.0.0.30:54220] 2026-05-20 03:28:57.050 12 ERROR keystone.server.flask.application
File "/var/lib/openstack/lib/python3.12/site-packages/sqlalchemy/orm/session.py", line 4427, in _flush
[Wed May 20 03:28:57.068682 2026] [wsgi:error] [pid 12:tid 140090282505920] [remote 10.0.0.30:54220] 2026-05-20 03:28:57.050 12 ERROR keystone.server.flask.application flush_context.execute()
[Wed May 20 03:28:57.068684 2026] [wsgi:error] [pid 12:tid 140090282505920] [remote 10.0.0.30:54220] 2026-05-20 03:28:57.050 12 ERROR keystone.server.flask.application
