2026-05-09 06:27:28.073 7 WARNING neutron.db.securitygroups_db [None req-5ad3692f-ef48-480e-8220-e07b04e51f47 f1f7dab6404648b1a36d24b36ff2379a 9ef0de2b74f446acaa40fefc88a35ef1 - - default default] project_id key not found in filters, using tenant_id instead. This support has been deprecated and will be removed in a future release.
2026-05-09 06:27:28.212 7 INFO neutron.db.ovn_revision_numbers_db [None req-5ad3692f-ef48-480e-8220-e07b04e51f47 f1f7dab6404648b1a36d24b36ff2379a 9ef0de2b74f446acaa40fefc88a35ef1 - - default default] Successfully bumped revision number for resource bdc228d4-b731-4a9f-9bc1-78bfef4c020f (type: security_groups) to 1
2026-05-09 06:27:28.229 7 INFO neutron.db.ovn_revision_numbers_db [None req-5ad3692f-ef48-480e-8220-e07b04e51f47 f1f7dab6404648b1a36d24b36ff2379a 9ef0de2b74f446acaa40fefc88a35ef1 - - default default] Successfully bumped revision number for resource 0ffe87eb-0135-4106-acfe-9c6ca4aa34da (type: security_group_rules) to 0
2026-05-09 06:27:28.244 7 INFO neutron.db.ovn_revision_numbers_db [None req-5ad3692f-ef48-480e-8220-e07b04e51f47 f1f7dab6404648b1a36d24b36ff2379a 9ef0de2b74f446acaa40fefc88a35ef1 - - default default] Successfully bumped revision number for resource 8cd181cd-938f-40ec-bfb5-d12728430d6e (type: security_group_rules) to 0
2026-05-09 06:27:28.256 7 INFO neutron.db.ovn_revision_numbers_db [None req-5ad3692f-ef48-480e-8220-e07b04e51f47 f1f7dab6404648b1a36d24b36ff2379a 9ef0de2b74f446acaa40fefc88a35ef1 - - default default] Successfully bumped revision number for resource a488d9f0-69c5-4ee6-88af-76a1f97b6d83 (type: security_group_rules) to 0
2026-05-09 06:27:28.269 7 INFO neutron.db.ovn_revision_numbers_db [None req-5ad3692f-ef48-480e-8220-e07b04e51f47 f1f7dab6404648b1a36d24b36ff2379a 9ef0de2b74f446acaa40fefc88a35ef1 - - default default] Successfully bumped revision number for resource de7f12cb-4b05-40e4-b75b-7b1f61e94de4 (type: security_group_rules) to 0 [pid: 7|app: 0|req: 1428/2874] 10.0.0.187 () {32 vars in 774 bytes} [Sat May 9 06:27:28 2026] GET /v2.0/security-groups?tenant_id=4e6fff252e4a4f07afac860a879984a3&name=default => generated 2929 bytes in 239 msecs (HTTP/1.1 200) 4 headers in 158 bytes (1 switches on core 0)
2026-05-09 06:27:28.433 6 INFO neutron.db.ovn_revision_numbers_db [None req-074b024d-6dad-425d-a44d-06eaf0f0d74d 3e24208c059b4adba2011334b5a9d51d 0b1b9de8e39c4f4ea33a18681e1517bc - - default default] Successfully bumped revision number for resource 1c8b1ee1-0f56-45f0-b9d7-ffe49646a74c (type: ports) to 2
2026-05-09 06:27:28.482 6 INFO neutron.db.ovn_revision_numbers_db [None req-074b024d-6dad-425d-a44d-06eaf0f0d74d 3e24208c059b4adba2011334b5a9d51d 0b1b9de8e39c4f4ea33a18681e1517bc - - default default] Successfully bumped revision number for resource 5ce6d591-0fa3-4b23-9ca6-af2218a70ae7 (type: subnets) to 0 [pid: 6|app: 0|req: 1447/2875] 10.0.0.187 () {34 vars in 669 bytes} [Sat May 9 06:27:27 2026] POST /v2.0/subnets => generated 629 bytes in 787 msecs (HTTP/1.1 201) 4 headers in 162 bytes (1 switches on core 0) [pid: 7|app: 0|req: 1429/2876] 10.0.0.187 () {32 vars in 740 bytes} [Sat May 9 06:27:28 2026] DELETE /v2.0/security-groups/bdc228d4-b731-4a9f-9bc1-78bfef4c020f => generated 0 bytes in 198 msecs (HTTP/1.1 204) 2 headers in 112 bytes (1 switches on core 0)
2026-05-09 06:27:28.612 6 INFO neutron.db.segments_db [None req-662c7cd9-e526-4fd5-805c-60b62e9d8b80 3e24208c059b4adba2011334b5a9d51d 0b1b9de8e39c4f4ea33a18681e1517bc - - default default] Added segment fd45fbf6-8543-405b-8205-ecf8b4a75df8 of type geneve for network 13b43ef1-57e5-466d-80c5-62b1673ca104
2026-05-09 06:27:28.751 6 INFO neutron.db.ovn_revision_numbers_db [None req-662c7cd9-e526-4fd5-805c-60b62e9d8b80 3e24208c059b4adba2011334b5a9d51d 0b1b9de8e39c4f4ea33a18681e1517bc - - default default] Successfully bumped revision number for resource 13b43ef1-57e5-466d-80c5-62b1673ca104 (type: networks) to 1
2026-05-09 06:27:28.943 6 WARNING neutron.scheduler.dhcp_agent_scheduler [None req-662c7cd9-e526-4fd5-805c-60b62e9d8b80 3e24208c059b4adba2011334b5a9d51d 0b1b9de8e39c4f4ea33a18681e1517bc - - default default] No more DHCP agents
2026-05-09 06:27:28.945 6 WARNING neutron.api.rpc.agentnotifiers.dhcp_rpc_agent_api [None req-662c7cd9-e526-4fd5-805c-60b62e9d8b80 3e24208c059b4adba2011334b5a9d51d 0b1b9de8e39c4f4ea33a18681e1517bc - - default default] Unable to schedule network 13b43ef1-57e5-466d-80c5-62b1673ca104: no agents available; will retry on subsequent port and subnet creation events.
2026-05-09 06:27:29.015 6 INFO neutron.plugins.ml2.drivers.ovn.mech_driver.mech_driver [None req-017ec7ff-c3cd-444b-80a2-052d20d9ea69 - - - - - -] OVN reports status down for port: e7d3d8e3-f4a9-4e08-8a80-26af2508ed13
2026-05-09 06:27:29.073 6 INFO neutron.db.ovn_revision_numbers_db [None req-662c7cd9-e526-4fd5-805c-60b62e9d8b80 3e24208c059b4adba2011334b5a9d51d 0b1b9de8e39c4f4ea33a18681e1517bc - - default default] Successfully bumped revision number for resource e7d3d8e3-f4a9-4e08-8a80-26af2508ed13 (type: ports) to 1 [pid: 6|app: 0|req: 1448/2877] 10.0.0.187 () {34 vars in 670 bytes} [Sat May 9 06:27:28 2026] POST /v2.0/networks => generated 668 bytes in 600 msecs (HTTP/1.1 201) 4 headers in 162 bytes (1 switches on core 0)
2026-05-09 06:27:29.310 7 WARNING neutron.scheduler.dhcp_agent_scheduler [None req-92bb21c3-2c1e-401d-baa0-2c8ded478066 3e24208c059b4adba2011334b5a9d51d 0b1b9de8e39c4f4ea33a18681e1517bc - - default default] No more DHCP agents
2026-05-09 06:27:29.313 7 WARNING neutron.api.rpc.agentnotifiers.dhcp_rpc_agent_api [None req-92bb21c3-2c1e-401d-baa0-2c8ded478066 3e24208c059b4adba2011334b5a9d51d 0b1b9de8e39c4f4ea33a18681e1517bc - - default default] Unable to schedule network 13b43ef1-57e5-466d-80c5-62b1673ca104: no agents available; will retry on subsequent port and subnet creation events.
2026-05-09 06:27:29.877 7 INFO neutron.db.ovn_revision_numbers_db [None req-92bb21c3-2c1e-401d-baa0-2c8ded478066 3e24208c059b4adba2011334b5a9d51d 0b1b9de8e39c4f4ea33a18681e1517bc - - default default] Successfully bumped revision number for resource e7d3d8e3-f4a9-4e08-8a80-26af2508ed13 (type: ports) to 2
2026-05-09 06:27:29.913 7 INFO neutron.db.ovn_revision_numbers_db [None req-92bb21c3-2c1e-401d-baa0-2c8ded478066 3e24208c059b4adba2011334b5a9d51d 0b1b9de8e39c4f4ea33a18681e1517bc - - default default] Successfully bumped revision number for resource 8c19c190-45bb-4cb6-8692-a14ed4c78419 (type: subnets) to 0 [pid: 7|app: 0|req: 1430/2878] 10.0.0.187 () {34 vars in 669 bytes} [Sat May 9 06:27:29 2026] POST /v2.0/subnets => generated 629 bytes in 814 msecs (HTTP/1.1 201) 4 headers in 162 bytes (1 switches on core 0)
2026-05-09 06:27:30.025 6 INFO neutron.db.segments_db [None req-0d2750a2-1916-4ed3-aee3-6fc56a8d71c7 3e24208c059b4adba2011334b5a9d51d 0b1b9de8e39c4f4ea33a18681e1517bc - - default default] Added segment 1a07a0ea-d665-47b8-82fa-701a6e1a2e36 of type geneve for network 4aa2fb9a-1636-4f05-a1da-45fb7124ffe4
2026-05-09 06:27:30.150 6 INFO neutron.db.ovn_revision_numbers_db [None req-0d2750a2-1916-4ed3-aee3-6fc56a8d71c7 3e24208c059b4adba2011334b5a9d51d 0b1b9de8e39c4f4ea33a18681e1517bc - - default default] Successfully bumped revision number for resource 4aa2fb9a-1636-4f05-a1da-45fb7124ffe4 (type: networks) to 1
2026-05-09 06:27:30.345 6 WARNING neutron.scheduler.dhcp_agent_scheduler [None req-0d2750a2-1916-4ed3-aee3-6fc56a8d71c7 3e24208c059b4adba2011334b5a9d51d 0b1b9de8e39c4f4ea33a18681e1517bc - - default default] No more DHCP agents
2026-05-09 06:27:30.347 6 WARNING neutron.api.rpc.agentnotifiers.dhcp_rpc_agent_api [None req-0d2750a2-1916-4ed3-aee3-6fc56a8d71c7 3e24208c059b4adba2011334b5a9d51d 0b1b9de8e39c4f4ea33a18681e1517bc - - default default] Unable to schedule network 4aa2fb9a-1636-4f05-a1da-45fb7124ffe4: no agents available; will retry on subsequent port and subnet creation events.
2026-05-09 06:27:30.411 7 INFO neutron.plugins.ml2.drivers.ovn.mech_driver.mech_driver [None req-11406a3f-de94-4b6b-890c-e36903d228d1 - - - - - -] OVN reports status down for port: fc187b8c-37cb-45e6-89ab-a9514d51d499
2026-05-09 06:27:30.455 6 INFO neutron.db.ovn_revision_numbers_db [None req-0d2750a2-1916-4ed3-aee3-6fc56a8d71c7 3e24208c059b4adba2011334b5a9d51d 0b1b9de8e39c4f4ea33a18681e1517bc - - default default] Successfully bumped revision number for resource fc187b8c-37cb-45e6-89ab-a9514d51d499 (type: ports) to 1 [pid: 6|app: 0|req: 1449/2879] 10.0.0.187 () {34 vars in 670 bytes} [Sat May 9 06:27:29 2026] POST /v2.0/networks => generated 670 bytes in 552 msecs (HTTP/1.1 201) 4 headers in 162 bytes (1 switches on core 0)
2026-05-09 06:27:30.726 7 WARNING neutron.scheduler.dhcp_agent_scheduler [None req-a9fd1d4e-e768-465e-9f97-5bd746936e07 3e24208c059b4adba2011334b5a9d51d 0b1b9de8e39c4f4ea33a18681e1517bc - - default default] No more DHCP agents
2026-05-09 06:27:30.728 7 WARNING neutron.api.rpc.agentnotifiers.dhcp_rpc_agent_api [None req-a9fd1d4e-e768-465e-9f97-5bd746936e07 3e24208c059b4adba2011334b5a9d51d 0b1b9de8e39c4f4ea33a18681e1517bc - - default default] Unable to schedule network 4aa2fb9a-1636-4f05-a1da-45fb7124ffe4: no agents available; will retry on subsequent port and subnet creation events.
2026-05-09 06:27:31.189 7 INFO neutron.db.ovn_revision_numbers_db [None req-a9fd1d4e-e768-465e-9f97-5bd746936e07 3e24208c059b4adba2011334b5a9d51d 0b1b9de8e39c4f4ea33a18681e1517bc - - default default] Successfully bumped revision number for resource fc187b8c-37cb-45e6-89ab-a9514d51d499 (type: ports) to 2
2026-05-09 06:27:31.226 7 INFO neutron.db.ovn_revision_numbers_db [None req-a9fd1d4e-e768-465e-9f97-5bd746936e07 3e24208c059b4adba2011334b5a9d51d 0b1b9de8e39c4f4ea33a18681e1517bc - - default default] Successfully bumped revision number for resource 0955ad94-d0df-4abc-a848-9b12e12c23fa (type: subnets) to 0 [pid: 7|app: 0|req: 1431/2880] 10.0.0.187 () {34 vars in 669 bytes} [Sat May 9 06:27:30 2026] POST /v2.0/subnets => generated 629 bytes in 758 msecs (HTTP/1.1 201) 4 headers in 162 bytes (1 switches on core 0)
2026-05-09 06:27:31.364 6 INFO neutron.db.segments_db [None req-b9d9628f-2332-4dcc-a583-8f2aa3cd691c 3e24208c059b4adba2011334b5a9d51d 0b1b9de8e39c4f4ea33a18681e1517bc - - default default] Added segment 6e2f94ee-7265-40de-8688-ba27c57bf10d of type geneve for network 7d114491-e2ed-49d0-ab8f-bebc5fed5992
2026-05-09 06:27:31.466 6 INFO neutron.db.ovn_revision_numbers_db [None req-b9d9628f-2332-4dcc-a583-8f2aa3cd691c 3e24208c059b4adba2011334b5a9d51d 0b1b9de8e39c4f4ea33a18681e1517bc - - default default] Successfully bumped revision number for resource 7d114491-e2ed-49d0-ab8f-bebc5fed5992 (type: networks) to 1
2026-05-09 06:27:31.650 6 WARNING neutron.scheduler.dhcp_agent_scheduler [None req-b9d9628f-2332-4dcc-a583-8f2aa3cd691c 3e24208c059b4adba2011334b5a9d51d 0b1b9de8e39c4f4ea33a18681e1517bc - - default default] No more DHCP agents
2026-05-09 06:27:31.652 6 WARNING neutron.api.rpc.agentnotifiers.dhcp_rpc_agent_api [None req-b9d9628f-2332-4dcc-a583-8f2aa3cd691c 3e24208c059b4adba2011334b5a9d51d 0b1b9de8e39c4f4ea33a18681e1517bc - - default default] Unable to schedule network 7d114491-e2ed-49d0-ab8f-bebc5fed5992: no agents available; will retry on subsequent port and subnet creation events.
2026-05-09 06:27:31.714 7 INFO neutron.plugins.ml2.drivers.ovn.mech_driver.mech_driver [None req-11406a3f-de94-4b6b-890c-e36903d228d1 - - - - - -] OVN reports status down for port: a64264f3-f3f5-4d9b-a67e-13a2ed4fa1b6
2026-05-09 06:27:31.743 6 INFO neutron.db.ovn_revision_numbers_db [None req-b9d9628f-2332-4dcc-a583-8f2aa3cd691c 3e24208c059b4adba2011334b5a9d51d 0b1b9de8e39c4f4ea33a18681e1517bc - - default default] Successfully bumped revision number for resource a64264f3-f3f5-4d9b-a67e-13a2ed4fa1b6 (type: ports) to 1 [pid: 6|app: 0|req: 1450/2881] 10.0.0.187 () {34 vars in 670 bytes} [Sat May 9 06:27:31 2026] POST /v2.0/networks => generated 670 bytes in 510 msecs (HTTP/1.1 201) 4 headers in 162 bytes (1 switches on core 0)
2026-05-09 06:27:31.964 6 WARNING neutron.scheduler.dhcp_agent_scheduler [None req-dcee04a5-dfef-451a-82a8-d905a2520a8d 3e24208c059b4adba2011334b5a9d51d 0b1b9de8e39c4f4ea33a18681e1517bc - - default default] No more DHCP agents
2026-05-09 06:27:31.965 6 WARNING neutron.api.rpc.agentnotifiers.dhcp_rpc_agent_api [None req-dcee04a5-dfef-451a-82a8-d905a2520a8d 3e24208c059b4adba2011334b5a9d51d 0b1b9de8e39c4f4ea33a18681e1517bc - - default default] Unable to schedule network 7d114491-e2ed-49d0-ab8f-bebc5fed5992: no agents available; will retry on subsequent port and subnet creation events.
2026-05-09 06:27:32.026 7 INFO neutron.db.ovn_revision_numbers_db [None req-5845fdf5-fe6d-4472-a034-140529634f21 f9553272665e457f9c5001635d1bf71f cc781ca0e14547ad830141677bbe88c1 - - default default] Successfully bumped revision number for resource 71636afc-d47c-4954-a6ff-8b87378b9a05 (type: security_groups) to 1
2026-05-09 06:27:32.039 7 INFO neutron.db.ovn_revision_numbers_db [None req-5845fdf5-fe6d-4472-a034-140529634f21 f9553272665e457f9c5001635d1bf71f cc781ca0e14547ad830141677bbe88c1 - - default default] Successfully bumped revision number for resource 3e4b1d66-4d53-4c42-92de-5ac652d6d9bb (type: security_group_rules) to 0
2026-05-09 06:27:32.049 7 INFO neutron.db.ovn_revision_numbers_db [None req-5845fdf5-fe6d-4472-a034-140529634f21 f9553272665e457f9c5001635d1bf71f cc781ca0e14547ad830141677bbe88c1 - - default default] Successfully bumped revision number for resource c70e9c9c-3b51-48f3-9184-ca0fe5ed32a1 (type: security_group_rules) to 0
2026-05-09 06:27:32.058 7 INFO neutron.db.ovn_revision_numbers_db [None req-5845fdf5-fe6d-4472-a034-140529634f21 f9553272665e457f9c5001635d1bf71f cc781ca0e14547ad830141677bbe88c1 - - default default] Successfully bumped revision number for resource d4574b1d-e397-43a1-a4ad-582f6213bd6f (type: security_group_rules) to 0
2026-05-09 06:27:32.071 7 INFO neutron.db.ovn_revision_numbers_db [None req-5845fdf5-fe6d-4472-a034-140529634f21 f9553272665e457f9c5001635d1bf71f cc781ca0e14547ad830141677bbe88c1 - - default default] Successfully bumped revision number for resource e8d5effb-1fed-4ff5-b7ca-b49e3a4fefd5 (type: security_group_rules) to 0
2026-05-09 06:27:32.151 7 INFO neutron.db.segments_db [None req-5845fdf5-fe6d-4472-a034-140529634f21 f9553272665e457f9c5001635d1bf71f cc781ca0e14547ad830141677bbe88c1 - - default default] Added segment cb183829-ca86-48f3-ad77-7fea31df217a of type geneve for network ab359016-d2b5-4559-8ce3-3f1493d5202a
2026-05-09 06:27:32.246 7 INFO neutron.db.ovn_revision_numbers_db [None req-5845fdf5-fe6d-4472-a034-140529634f21 f9553272665e457f9c5001635d1bf71f cc781ca0e14547ad830141677bbe88c1 - - default default] Successfully bumped revision number for resource ab359016-d2b5-4559-8ce3-3f1493d5202a (type: networks) to 1
2026-05-09 06:27:32.426 7 WARNING neutron.scheduler.dhcp_agent_scheduler [None req-5845fdf5-fe6d-4472-a034-140529634f21 f9553272665e457f9c5001635d1bf71f cc781ca0e14547ad830141677bbe88c1 - - default default] No more DHCP agents
2026-05-09 06:27:32.427 7 WARNING neutron.api.rpc.agentnotifiers.dhcp_rpc_agent_api [None req-5845fdf5-fe6d-4472-a034-140529634f21 f9553272665e457f9c5001635d1bf71f cc781ca0e14547ad830141677bbe88c1 - - default default] Unable to schedule network ab359016-d2b5-4559-8ce3-3f1493d5202a: no agents available; will retry on subsequent port and subnet creation events.
2026-05-09 06:27:32.482 6 INFO neutron.plugins.ml2.drivers.ovn.mech_driver.mech_driver [None req-017ec7ff-c3cd-444b-80a2-052d20d9ea69 - - - - - -] OVN reports status down for port: e0f0fb9d-518a-4fba-abba-7bc931d2e822
2026-05-09 06:27:32.527 7 INFO neutron.db.ovn_revision_numbers_db [None req-5845fdf5-fe6d-4472-a034-140529634f21 f9553272665e457f9c5001635d1bf71f cc781ca0e14547ad830141677bbe88c1 - - default default] Successfully bumped revision number for resource e0f0fb9d-518a-4fba-abba-7bc931d2e822 (type: ports) to 1
2026-05-09 06:27:32.551 6 INFO neutron.db.ovn_revision_numbers_db [None req-dcee04a5-dfef-451a-82a8-d905a2520a8d 3e24208c059b4adba2011334b5a9d51d 0b1b9de8e39c4f4ea33a18681e1517bc - - default default] Successfully bumped revision number for resource a64264f3-f3f5-4d9b-a67e-13a2ed4fa1b6 (type: ports) to 2 [pid: 7|app: 0|req: 1432/2882] 10.0.0.187 () {34 vars in 670 bytes} [Sat May 9 06:27:31 2026] POST /v2.0/networks => generated 665 bytes in 807 msecs (HTTP/1.1 201) 4 headers in 162 bytes (1 switches on core 0)
2026-05-09 06:27:32.621 6 INFO neutron.db.ovn_revision_numbers_db [None req-dcee04a5-dfef-451a-82a8-d905a2520a8d 3e24208c059b4adba2011334b5a9d51d 0b1b9de8e39c4f4ea33a18681e1517bc - - default default] Successfully bumped revision number for resource 7a6580f9-26d4-4d22-a2da-1c3f203b224b (type: subnets) to 0 [pid: 6|app: 0|req: 1451/2883] 10.0.0.187 () {34 vars in 669 bytes} [Sat May 9 06:27:31 2026] POST /v2.0/subnets => generated 629 bytes in 865 msecs (HTTP/1.1 201) 4 headers in 162 bytes (1 switches on core 0) [pid: 6|app: 0|req: 1452/2884] 10.0.0.187 () {34 vars in 751 bytes} [Sat May 9 06:27:32 2026] PUT /v2.0/subnets/d70caace-f051-4af3-a9a3-b2cf6463cada/tags => generated 17 bytes in 47 msecs (HTTP/1.1 200) 4 headers in 156 bytes (1 switches on core 0)
2026-05-09 06:27:32.730 7 WARNING neutron.scheduler.dhcp_agent_scheduler [None req-7c62d26b-52c0-4856-bd60-794560676e65 f9553272665e457f9c5001635d1bf71f cc781ca0e14547ad830141677bbe88c1 - - default default] No more DHCP agents
2026-05-09 06:27:32.731 7 WARNING neutron.api.rpc.agentnotifiers.dhcp_rpc_agent_api [None req-7c62d26b-52c0-4856-bd60-794560676e65 f9553272665e457f9c5001635d1bf71f cc781ca0e14547ad830141677bbe88c1 - - default default] Unable to schedule network ab359016-d2b5-4559-8ce3-3f1493d5202a: no agents available; will retry on subsequent port and subnet creation events. [pid: 6|app: 0|req: 1453/2885] 10.0.0.187 () {34 vars in 751 bytes} [Sat May 9 06:27:32 2026] PUT /v2.0/subnets/5ce6d591-0fa3-4b23-9ca6-af2218a70ae7/tags => generated 25 bytes in 65 msecs (HTTP/1.1 200) 4 headers in 156 bytes (1 switches on core 0) [pid: 6|app: 0|req: 1454/2886] 10.0.0.187 () {34 vars in 751 bytes} [Sat May 9 06:27:32 2026] PUT /v2.0/subnets/8c19c190-45bb-4cb6-8692-a14ed4c78419/tags => generated 34 bytes in 49 msecs (HTTP/1.1 200) 4 headers in 156 bytes (1 switches on core 0) [pid: 6|app: 0|req: 1455/2887] 10.0.0.187 () {34 vars in 751 bytes} [Sat May 9 06:27:32 2026] PUT /v2.0/subnets/0955ad94-d0df-4abc-a848-9b12e12c23fa/tags => generated 19 bytes in 55 msecs (HTTP/1.1 200) 4 headers in 156 bytes (1 switches on core 0) [pid: 6|app: 0|req: 1456/2888] 10.0.0.187 () {32 vars in 664 bytes} [Sat May 9 06:27:32 2026] GET /v2.0/subnets?tags=red => generated 1904 bytes in 44 msecs (HTTP/1.1 200) 4 headers in 158 bytes (1 switches on core 0) [pid: 6|app: 0|req: 1457/2889] 10.0.0.187 () {32 vars in 678 bytes} [Sat May 9 06:27:32 2026] GET /v2.0/subnets?tags=red%2Cblue => generated 1283 bytes in 36 msecs (HTTP/1.1 200) 4 headers in 158 bytes (1 switches on core 0) [pid: 6|app: 0|req: 1458/2890] 10.0.0.187 () {32 vars in 674 bytes} [Sat May 9 06:27:32 2026] GET /v2.0/subnets?tags-any=blue => generated 1283 bytes in 40 msecs (HTTP/1.1 200) 4 headers in 158 bytes (1 switches on core 0) [pid: 6|app: 0|req: 1459/2891] 10.0.0.187 () {32 vars in 686 bytes} [Sat May 9 06:27:33 2026] GET /v2.0/subnets?tags-any=red%2Cblue => generated 1904 bytes in 43 msecs (HTTP/1.1 200) 4 headers in 158 bytes (1 switches on core 0) [pid: 6|app: 0|req: 1460/2892] 10.0.0.187 () {32 vars in 672 bytes} [Sat May 9 06:27:33 2026] GET /v2.0/subnets?not-tags=red => generated 1894 bytes in 40 msecs (HTTP/1.1 200) 4 headers in 158 bytes (1 switches on core 0) [pid: 6|app: 0|req: 1461/2893] 10.0.0.187 () {32 vars in 686 bytes} [Sat May 9 06:27:33 2026] GET /v2.0/subnets?not-tags=red%2Cblue => generated 2515 bytes in 64 msecs (HTTP/1.1 200) 4 headers in 158 bytes (1 switches on core 0)
2026-05-09 06:27:33.218 7 INFO neutron.db.ovn_revision_numbers_db [None req-7c62d26b-52c0-4856-bd60-794560676e65 f9553272665e457f9c5001635d1bf71f cc781ca0e14547ad830141677bbe88c1 - - default default] Successfully bumped revision number for resource e0f0fb9d-518a-4fba-abba-7bc931d2e822 (type: ports) to 2 [pid: 6|app: 0|req: 1462/2894] 10.0.0.187 () {32 vars in 682 bytes} [Sat May 9 06:27:33 2026] GET /v2.0/subnets?not-tags-any=blue => generated 2515 bytes in 56 msecs (HTTP/1.1 200) 4 headers in 158 bytes (1 switches on core 0)
2026-05-09 06:27:33.249 7 INFO neutron.db.ovn_revision_numbers_db [None req-7c62d26b-52c0-4856-bd60-794560676e65 f9553272665e457f9c5001635d1bf71f cc781ca0e14547ad830141677bbe88c1 - - default default] Successfully bumped revision number for resource 1cf8a191-a599-4bb7-b7da-7e11bbcb739b (type: subnets) to 0 [pid: 7|app: 0|req: 1433/2895] 10.0.0.187 () {34 vars in 669 bytes} [Sat May 9 06:27:32 2026] POST /v2.0/subnets => generated 626 bytes in 701 msecs (HTTP/1.1 201) 4 headers in 162 bytes (1 switches on core 0) [pid: 6|app: 0|req: 1463/2896] 10.0.0.187 () {32 vars in 694 bytes} [Sat May 9 06:27:33 2026] GET /v2.0/subnets?not-tags-any=red%2Cblue => generated 1894 bytes in 39 msecs (HTTP/1.1 200) 4 headers in 158 bytes (1 switches on core 0) [pid: 6|app: 0|req: 1464/2897] 10.0.0.187 () {32 vars in 724 bytes} [Sat May 9 06:27:33 2026] DELETE /v2.0/subnets/d70caace-f051-4af3-a9a3-b2cf6463cada => generated 0 bytes in 172 msecs (HTTP/1.1 204) 3 headers in 131 bytes (1 switches on core 0) [pid: 6|app: 0|req: 1465/2898] 10.0.0.187 () {32 vars in 724 bytes} [Sat May 9 06:27:33 2026] DELETE /v2.0/subnets/5ce6d591-0fa3-4b23-9ca6-af2218a70ae7 => generated 0 bytes in 156 msecs (HTTP/1.1 204) 3 headers in 131 bytes (1 switches on core 0)
2026-05-09 06:27:33.672 7 WARNING neutron.scheduler.dhcp_agent_scheduler [None req-06e99c26-83a0-4526-b2e1-a5af7b31b1ae f9553272665e457f9c5001635d1bf71f cc781ca0e14547ad830141677bbe88c1 - - default default] No more DHCP agents
2026-05-09 06:27:33.673 7 WARNING neutron.api.rpc.agentnotifiers.dhcp_rpc_agent_api [None req-06e99c26-83a0-4526-b2e1-a5af7b31b1ae f9553272665e457f9c5001635d1bf71f cc781ca0e14547ad830141677bbe88c1 - - default default] Unable to schedule network 68fe1d77-8b16-403c-8e9e-2adce47f9ca2: no agents available; will retry on subsequent port and subnet creation events.
2026-05-09 06:27:33.807 6 INFO neutron.plugins.ml2.drivers.ovn.mech_driver.mech_driver [None req-017ec7ff-c3cd-444b-80a2-052d20d9ea69 - - - - - -] OVN reports status down for port: d2102686-6972-48ba-90a4-1f2a9b45015b
2026-05-09 06:27:33.815 7 INFO neutron.db.ovn_revision_numbers_db [None req-06e99c26-83a0-4526-b2e1-a5af7b31b1ae f9553272665e457f9c5001635d1bf71f cc781ca0e14547ad830141677bbe88c1 - - default default] Successfully bumped revision number for resource d2102686-6972-48ba-90a4-1f2a9b45015b (type: ports) to 1 [pid: 6|app: 0|req: 1466/2899] 10.0.0.187 () {32 vars in 724 bytes} [Sat May 9 06:27:33 2026] DELETE /v2.0/subnets/8c19c190-45bb-4cb6-8692-a14ed4c78419 => generated 0 bytes in 232 msecs (HTTP/1.1 204) 3 headers in 131 bytes (1 switches on core 0)
2026-05-09 06:27:34.457 7 INFO neutron.db.ovn_revision_numbers_db [None req-06e99c26-83a0-4526-b2e1-a5af7b31b1ae f9553272665e457f9c5001635d1bf71f cc781ca0e14547ad830141677bbe88c1 - - default default] Successfully bumped revision number for resource d2102686-6972-48ba-90a4-1f2a9b45015b (type: router_ports) to 1
2026-05-09 06:27:34.518 7 INFO neutron.db.ovn_revision_numbers_db [None req-06e99c26-83a0-4526-b2e1-a5af7b31b1ae f9553272665e457f9c5001635d1bf71f cc781ca0e14547ad830141677bbe88c1 - - default default] Successfully bumped revision number for resource 454c38cd-89fd-48e8-af70-0eb400fbd617 (type: routers) to 2 [pid: 7|app: 0|req: 1434/2900] 10.0.0.187 () {34 vars in 669 bytes} [Sat May 9 06:27:33 2026] POST /v2.0/routers => generated 956 bytes in 1262 msecs (HTTP/1.1 201) 4 headers in 162 bytes (1 switches on core 0)
2026-05-09 06:27:34.707 6 INFO neutron.plugins.ml2.drivers.ovn.mech_driver.mech_driver [None req-017ec7ff-c3cd-444b-80a2-052d20d9ea69 - - - - - -] OVN reports status up for port: d2102686-6972-48ba-90a4-1f2a9b45015b
2026-05-09 06:27:34.731 6 INFO neutron.plugins.ml2.plugin [None req-017ec7ff-c3cd-444b-80a2-052d20d9ea69 - - - - - -] Attempt 1 to provision port d2102686-6972-48ba-90a4-1f2a9b45015b [pid: 6|app: 0|req: 1467/2901] 10.0.0.187 () {32 vars in 724 bytes} [Sat May 9 06:27:33 2026] DELETE /v2.0/subnets/0955ad94-d0df-4abc-a848-9b12e12c23fa => generated 0 bytes in 898 msecs (HTTP/1.1 204) 3 headers in 131 bytes (1 switches on core 0) [pid: 6|app: 0|req: 1468/2902] 10.0.0.187 () {32 vars in 724 bytes} [Sat May 9 06:27:34 2026] DELETE /v2.0/subnets/7a6580f9-26d4-4d22-a2da-1c3f203b224b => generated 0 bytes in 218 msecs (HTTP/1.1 204) 3 headers in 131 bytes (1 switches on core 0) [pid: 6|app: 0|req: 1469/2903] 199.204.45.223 () {30 vars in 703 bytes} [Sat May 9 06:27:35 2026] GET /v2.0/extensions/security-group => generated 170 bytes in 13 msecs (HTTP/1.1 200) 4 headers in 157 bytes (1 switches on core 0)
2026-05-09 06:27:35.064 7 WARNING neutron.scheduler.dhcp_agent_scheduler [None req-436029e9-a91d-4fda-aefa-555168b563b1 f9553272665e457f9c5001635d1bf71f cc781ca0e14547ad830141677bbe88c1 - - default default] No more DHCP agents
2026-05-09 06:27:35.065 7 WARNING neutron.api.rpc.agentnotifiers.dhcp_rpc_agent_api [None req-436029e9-a91d-4fda-aefa-555168b563b1 f9553272665e457f9c5001635d1bf71f cc781ca0e14547ad830141677bbe88c1 - - default default] Unable to schedule network ab359016-d2b5-4559-8ce3-3f1493d5202a: no agents available; will retry on subsequent port and subnet creation events.
2026-05-09 06:27:35.132 6 INFO neutron_taas.services.taas.taas_plugin [None req-450fd8ab-58e5-40da-92f6-ae45c31bf467 3e24208c059b4adba2011334b5a9d51d 0b1b9de8e39c4f4ea33a18681e1517bc - - default default] TaaS: Handle Delete Port: f28e7cb6-5a94-44b6-906b-13adfb8ce095
2026-05-09 06:27:35.137 6 INFO neutron_taas.services.taas.tap_mirror_plugin [None req-450fd8ab-58e5-40da-92f6-ae45c31bf467 3e24208c059b4adba2011334b5a9d51d 0b1b9de8e39c4f4ea33a18681e1517bc - - default default] Tap Mirror: Handle Delete Port: f28e7cb6-5a94-44b6-906b-13adfb8ce095
2026-05-09 06:27:35.189 7 INFO neutron.plugins.ml2.drivers.ovn.mech_driver.mech_driver [None req-11406a3f-de94-4b6b-890c-e36903d228d1 - - - - - -] OVN reports status down for port: 278fba2b-d9e9-4080-b2e6-fb9891741b9b
2026-05-09 06:27:35.259 7 INFO neutron.db.ovn_revision_numbers_db [None req-436029e9-a91d-4fda-aefa-555168b563b1 f9553272665e457f9c5001635d1bf71f cc781ca0e14547ad830141677bbe88c1 - - default default] Successfully bumped revision number for resource 278fba2b-d9e9-4080-b2e6-fb9891741b9b (type: ports) to 1
2026-05-09 06:27:35.400 6 INFO neutron.services.segments.plugin [-] Segment 5640cf95-44de-4f15-85ce-4eddb33970a5 resource provider aggregate not found
2026-05-09 06:27:35.402 6 INFO neutron.services.segments.plugin [-] Segment 5640cf95-44de-4f15-85ce-4eddb33970a5 resource provider aggregate not found
2026-05-09 06:27:35.429 6 INFO neutron.services.segments.plugin [-] Segment 5640cf95-44de-4f15-85ce-4eddb33970a5 resource provider not found; error: Placement Client Error (4xx): {"errors": [{"status": 404, "title": "Not Found", "detail": "The resource could not be found.\n\n No resource provider with uuid 5640cf95-44de-4f15-85ce-4eddb33970a5 found for delete ", "request_id": "req-0f98d3dc-aeae-4c52-a732-3a8641b8e3a5"}]}
2026-05-09 06:27:35.430 6 INFO neutron.services.segments.plugin [-] Segment 5640cf95-44de-4f15-85ce-4eddb33970a5 resource provider not found; error: Placement Client Error (4xx): {"errors": [{"status": 404, "title": "Not Found", "detail": "The resource could not be found.\n\n No resource provider with uuid 5640cf95-44de-4f15-85ce-4eddb33970a5 found for delete ", "request_id": "req-1850da83-0e4a-4682-93a9-2c23b4be3066"}]} [pid: 6|app: 0|req: 1470/2904] 10.0.0.187 () {32 vars in 726 bytes} [Sat May 9 06:27:35 2026] DELETE /v2.0/networks/615e1739-dda4-4b4b-83e5-8d9703cf5af4 => generated 0 bytes in 438 msecs (HTTP/1.1 204) 3 headers in 131 bytes (1 switches on core 0) [pid: 6|app: 0|req: 1471/2905] 199.204.45.223 () {30 vars in 705 bytes} [Sat May 9 06:27:35 2026] GET /v2.0/extensions/dns-integration => generated 172 bytes in 4 msecs (HTTP/1.1 200) 4 headers in 157 bytes (1 switches on core 0)
2026-05-09 06:27:35.566 6 INFO neutron_taas.services.taas.taas_plugin [None req-8600f516-9d51-4284-8503-5bc695656f6c 3e24208c059b4adba2011334b5a9d51d 0b1b9de8e39c4f4ea33a18681e1517bc - - default default] TaaS: Handle Delete Port: 1c8b1ee1-0f56-45f0-b9d7-ffe49646a74c
2026-05-09 06:27:35.568 6 INFO neutron_taas.services.taas.tap_mirror_plugin [None req-8600f516-9d51-4284-8503-5bc695656f6c 3e24208c059b4adba2011334b5a9d51d 0b1b9de8e39c4f4ea33a18681e1517bc - - default default] Tap Mirror: Handle Delete Port: 1c8b1ee1-0f56-45f0-b9d7-ffe49646a74c [pid: 6|app: 0|req: 1474/2908] 10.0.0.187 () {32 vars in 726 bytes} [Sat May 9 06:27:35 2026] DELETE /v2.0/networks/17ef94ca-497c-4756-bad2-f7bda53410cc => generated 0 bytes in 333 msecs (HTTP/1.1 204) 3 headers in 131 bytes (1 switches on core 0) [pid: 6|app: 0|req: 1475/2909] 199.204.45.223 () {30 vars in 681 bytes} [Sat May 9 06:27:35 2026] GET /v2.0/extensions/qos => generated 166 bytes in 5 msecs (HTTP/1.1 200) 4 headers in 157 bytes (1 switches on core 0)
2026-05-09 06:27:35.925 6 INFO neutron_taas.services.taas.taas_plugin [None req-4e9ee73f-a202-479b-9cf8-c29948368564 3e24208c059b4adba2011334b5a9d51d 0b1b9de8e39c4f4ea33a18681e1517bc - - default default] TaaS: Handle Delete Port: e7d3d8e3-f4a9-4e08-8a80-26af2508ed13
2026-05-09 06:27:35.928 6 INFO neutron_taas.services.taas.tap_mirror_plugin [None req-4e9ee73f-a202-479b-9cf8-c29948368564 3e24208c059b4adba2011334b5a9d51d 0b1b9de8e39c4f4ea33a18681e1517bc - - default default] Tap Mirror: Handle Delete Port: e7d3d8e3-f4a9-4e08-8a80-26af2508ed13
2026-05-09 06:27:36.017 7 INFO neutron.plugins.ml2.drivers.ovn.mech_driver.mech_driver [None req-11406a3f-de94-4b6b-890c-e36903d228d1 - - - - - -] OVN reports status up for port: 278fba2b-d9e9-4080-b2e6-fb9891741b9b
2026-05-09 06:27:36.053 7 INFO neutron.plugins.ml2.plugin [None req-11406a3f-de94-4b6b-890c-e36903d228d1 - - - - - -] Attempt 1 to provision port 278fba2b-d9e9-4080-b2e6-fb9891741b9b [pid: 6|app: 0|req: 1476/2910] 10.0.0.187 () {32 vars in 726 bytes} [Sat May 9 06:27:35 2026] DELETE /v2.0/networks/13b43ef1-57e5-466d-80c5-62b1673ca104 => generated 0 bytes in 378 msecs (HTTP/1.1 204) 3 headers in 131 bytes (1 switches on core 0)
2026-05-09 06:27:36.180 7 WARNING neutron.scheduler.dhcp_agent_scheduler [None req-436029e9-a91d-4fda-aefa-555168b563b1 f9553272665e457f9c5001635d1bf71f cc781ca0e14547ad830141677bbe88c1 - - default default] No more DHCP agents [pid: 6|app: 0|req: 1477/2911] 199.204.45.223 () {30 vars in 717 bytes} [Sat May 9 06:27:36 2026] GET /v2.0/extensions/allowed-address-pairs => generated 184 bytes in 4 msecs (HTTP/1.1 200) 4 headers in 157 bytes (1 switches on core 0)
2026-05-09 06:27:36.184 7 WARNING neutron.api.rpc.agentnotifiers.dhcp_rpc_agent_api [None req-436029e9-a91d-4fda-aefa-555168b563b1 f9553272665e457f9c5001635d1bf71f cc781ca0e14547ad830141677bbe88c1 - - default default] Unable to schedule network ab359016-d2b5-4559-8ce3-3f1493d5202a: no agents available; will retry on subsequent port and subnet creation events.
2026-05-09 06:27:36.306 6 INFO neutron_taas.services.taas.taas_plugin [None req-516384ba-dee3-4d82-8200-9a75375d1957 3e24208c059b4adba2011334b5a9d51d 0b1b9de8e39c4f4ea33a18681e1517bc - - default default] TaaS: Handle Delete Port: fc187b8c-37cb-45e6-89ab-a9514d51d499
2026-05-09 06:27:36.308 6 INFO neutron_taas.services.taas.tap_mirror_plugin [None req-516384ba-dee3-4d82-8200-9a75375d1957 3e24208c059b4adba2011334b5a9d51d 0b1b9de8e39c4f4ea33a18681e1517bc - - default default] Tap Mirror: Handle Delete Port: fc187b8c-37cb-45e6-89ab-a9514d51d499 [pid: 6|app: 0|req: 1478/2912] 10.0.0.187 () {32 vars in 726 bytes} [Sat May 9 06:27:36 2026] DELETE /v2.0/networks/4aa2fb9a-1636-4f05-a1da-45fb7124ffe4 => generated 0 bytes in 338 msecs (HTTP/1.1 204) 3 headers in 131 bytes (1 switches on core 0) [pid: 6|app: 0|req: 1479/2913] 199.204.45.223 () {30 vars in 741 bytes} [Sat May 9 06:27:36 2026] GET /v2.0/subnets/6f927f90-3f75-4de1-a2b3-a545f75ed737 => generated 675 bytes in 28 msecs (HTTP/1.1 200) 4 headers in 157 bytes (1 switches on core 0)
2026-05-09 06:27:36.682 6 INFO neutron_taas.services.taas.taas_plugin [None req-dd72d6d9-97d5-4220-984a-417b8fbeabb1 3e24208c059b4adba2011334b5a9d51d 0b1b9de8e39c4f4ea33a18681e1517bc - - default default] TaaS: Handle Delete Port: a64264f3-f3f5-4d9b-a67e-13a2ed4fa1b6
2026-05-09 06:27:36.688 6 INFO neutron_taas.services.taas.tap_mirror_plugin [None req-dd72d6d9-97d5-4220-984a-417b8fbeabb1 3e24208c059b4adba2011334b5a9d51d 0b1b9de8e39c4f4ea33a18681e1517bc - - default default] Tap Mirror: Handle Delete Port: a64264f3-f3f5-4d9b-a67e-13a2ed4fa1b6
2026-05-09 06:27:36.798 7 INFO neutron.db.ovn_revision_numbers_db [None req-11406a3f-de94-4b6b-890c-e36903d228d1 - - - - - -] Successfully bumped revision number for resource 278fba2b-d9e9-4080-b2e6-fb9891741b9b (type: ports) to 2 [pid: 6|app: 0|req: 1480/2914] 10.0.0.187 () {32 vars in 726 bytes} [Sat May 9 06:27:36 2026] DELETE /v2.0/networks/7d114491-e2ed-49d0-ab8f-bebc5fed5992 => generated 0 bytes in 387 msecs (HTTP/1.1 204) 3 headers in 131 bytes (1 switches on core 0) [pid: 6|app: 0|req: 1481/2915] 199.204.45.223 () {30 vars in 769 bytes} [Sat May 9 06:27:36 2026] GET /v2.0/ports?device_id=203d0865-3824-442c-b682-7185463d62bd => generated 1236 bytes in 34 msecs (HTTP/1.1 200) 4 headers in 158 bytes (1 switches on core 0)
2026-05-09 06:27:36.985 7 INFO neutron.db.ovn_revision_numbers_db [None req-436029e9-a91d-4fda-aefa-555168b563b1 f9553272665e457f9c5001635d1bf71f cc781ca0e14547ad830141677bbe88c1 - - default default] Successfully bumped revision number for resource 278fba2b-d9e9-4080-b2e6-fb9891741b9b (type: router_ports) to 1 [pid: 7|app: 0|req: 1435/2916] 10.0.0.187 () {34 vars in 783 bytes} [Sat May 9 06:27:34 2026] PUT /v2.0/routers/454c38cd-89fd-48e8-af70-0eb400fbd617/add_router_interface => generated 310 bytes in 2451 msecs (HTTP/1.1 200) 4 headers in 157 bytes (1 switches on core 0)
2026-05-09 06:27:37.273 6 WARNING neutron.scheduler.dhcp_agent_scheduler [None req-0da929ef-24ba-4107-81ac-1f74e5eecd90 f1f7dab6404648b1a36d24b36ff2379a 9ef0de2b74f446acaa40fefc88a35ef1 - - default default] No more DHCP agents
2026-05-09 06:27:37.274 6 WARNING neutron.api.rpc.agentnotifiers.dhcp_rpc_agent_api [None req-0da929ef-24ba-4107-81ac-1f74e5eecd90 f1f7dab6404648b1a36d24b36ff2379a 9ef0de2b74f446acaa40fefc88a35ef1 - - default default] Unable to schedule network 705065fe-39ff-45c4-934d-11257665bdcb: no agents available; will retry on subsequent port and subnet creation events.
2026-05-09 06:27:37.451 6 INFO neutron.db.ovn_revision_numbers_db [None req-0da929ef-24ba-4107-81ac-1f74e5eecd90 f1f7dab6404648b1a36d24b36ff2379a 9ef0de2b74f446acaa40fefc88a35ef1 - - default default] Successfully bumped revision number for resource f4c00d73-0d56-460a-982e-788dd68b3a77 (type: ports) to 1 [pid: 6|app: 0|req: 1482/2917] 199.204.45.223 () {34 vars in 717 bytes} [Sat May 9 06:27:36 2026] POST /v2.0/ports => generated 1059 bytes in 497 msecs (HTTP/1.1 201) 4 headers in 163 bytes (1 switches on core 0)
2026-05-09 06:27:37.677 6 INFO neutron.services.segments.plugin [-] Segment 82fb2620-df98-48e3-95cb-7977b4dd3eb7 resource provider aggregate not found
2026-05-09 06:27:37.685 6 INFO neutron.services.segments.plugin [-] Segment 82fb2620-df98-48e3-95cb-7977b4dd3eb7 resource provider aggregate not found
2026-05-09 06:27:37.697 6 INFO neutron.services.segments.plugin [-] Segment 82fb2620-df98-48e3-95cb-7977b4dd3eb7 resource provider not found; error: Placement Client Error (4xx): {"errors": [{"status": 404, "title": "Not Found", "detail": "The resource could not be found.\n\n No resource provider with uuid 82fb2620-df98-48e3-95cb-7977b4dd3eb7 found for delete ", "request_id": "req-0eac39d7-2df6-4af5-bd80-c4595c75a4f9"}]}
2026-05-09 06:27:37.704 6 INFO neutron.services.segments.plugin [-] Segment 82fb2620-df98-48e3-95cb-7977b4dd3eb7 resource provider not found; error: Placement Client Error (4xx): {"errors": [{"status": 404, "title": "Not Found", "detail": "The resource could not be found.\n\n No resource provider with uuid 82fb2620-df98-48e3-95cb-7977b4dd3eb7 found for delete ", "request_id": "req-e44b127d-e337-4d69-a614-ec73e0da9cae"}]}
2026-05-09 06:27:37.715 6 INFO neutron.services.segments.plugin [-] Segment fd45fbf6-8543-405b-8205-ecf8b4a75df8 resource provider aggregate not found
2026-05-09 06:27:37.718 6 INFO neutron.services.segments.plugin [-] Segment fd45fbf6-8543-405b-8205-ecf8b4a75df8 resource provider aggregate not found
2026-05-09 06:27:37.732 6 INFO neutron.services.segments.plugin [-] Segment fd45fbf6-8543-405b-8205-ecf8b4a75df8 resource provider not found; error: Placement Client Error (4xx): {"errors": [{"status": 404, "title": "Not Found", "detail": "The resource could not be found.\n\n No resource provider with uuid fd45fbf6-8543-405b-8205-ecf8b4a75df8 found for delete ", "request_id": "req-cd0ea14e-b798-4818-bc83-89e457a95127"}]}
2026-05-09 06:27:37.739 6 INFO neutron.services.segments.plugin [-] Segment fd45fbf6-8543-405b-8205-ecf8b4a75df8 resource provider not found; error: Placement Client Error (4xx): {"errors": [{"status": 404, "title": "Not Found", "detail": "The resource could not be found.\n\n No resource provider with uuid fd45fbf6-8543-405b-8205-ecf8b4a75df8 found for delete ", "request_id": "req-6ad00e8f-852d-4c10-b883-c68c411b9dbd"}]}
2026-05-09 06:27:37.754 6 INFO neutron.services.segments.plugin [-] Segment 1a07a0ea-d665-47b8-82fa-701a6e1a2e36 resource provider aggregate not found
2026-05-09 06:27:37.759 6 INFO neutron.services.segments.plugin [-] Segment 1a07a0ea-d665-47b8-82fa-701a6e1a2e36 resource provider aggregate not found
2026-05-09 06:27:37.772 7 WARNING neutron.scheduler.dhcp_agent_scheduler [None req-5e22ea7e-85a3-49f6-838c-3aab78a8e8b1 - - - - - -] No more DHCP agents
2026-05-09 06:27:37.774 7 WARNING neutron.api.rpc.agentnotifiers.dhcp_rpc_agent_api [None req-5e22ea7e-85a3-49f6-838c-3aab78a8e8b1 - - - - - -] Unable to schedule network 68fe1d77-8b16-403c-8e9e-2adce47f9ca2: no agents available; will retry on subsequent port and subnet creation events.
2026-05-09 06:27:37.777 6 INFO neutron.services.segments.plugin [-] Segment 1a07a0ea-d665-47b8-82fa-701a6e1a2e36 resource provider not found; error: Placement Client Error (4xx): {"errors": [{"status": 404, "title": "Not Found", "detail": "The resource could not be found.\n\n No resource provider with uuid 1a07a0ea-d665-47b8-82fa-701a6e1a2e36 found for delete ", "request_id": "req-41480316-7f32-423c-a915-3abf4d60deac"}]}
2026-05-09 06:27:37.782 6 INFO neutron.services.segments.plugin [-] Segment 1a07a0ea-d665-47b8-82fa-701a6e1a2e36 resource provider not found; error: Placement Client Error (4xx): {"errors": [{"status": 404, "title": "Not Found", "detail": "The resource could not be found.\n\n No resource provider with uuid 1a07a0ea-d665-47b8-82fa-701a6e1a2e36 found for delete ", "request_id": "req-8472683a-6416-445b-bf5f-0bbb044b051e"}]}
2026-05-09 06:27:37.795 6 INFO neutron.services.segments.plugin [-] Segment 6e2f94ee-7265-40de-8688-ba27c57bf10d resource provider aggregate not found
2026-05-09 06:27:37.807 6 INFO neutron.services.segments.plugin [-] Segment 6e2f94ee-7265-40de-8688-ba27c57bf10d resource provider aggregate not found [pid: 6|app: 0|req: 1483/2918] 10.0.0.26 () {34 vars in 970 bytes} [Sat May 9 06:27:37 2026] GET /v2.0/ports/f4c00d73-0d56-460a-982e-788dd68b3a77 => generated 1059 bytes in 267 msecs (HTTP/1.1 200) 4 headers in 158 bytes (1 switches on core 0)
2026-05-09 06:27:37.827 6 INFO neutron.services.segments.plugin [-] Segment 6e2f94ee-7265-40de-8688-ba27c57bf10d resource provider not found; error: Placement Client Error (4xx): {"errors": [{"status": 404, "title": "Not Found", "detail": "The resource could not be found.\n\n No resource provider with uuid 6e2f94ee-7265-40de-8688-ba27c57bf10d found for delete ", "request_id": "req-ad6b9931-95b6-4c11-a6b1-5a83367725ea"}]}
2026-05-09 06:27:37.829 6 INFO neutron.services.segments.plugin [-] Segment 6e2f94ee-7265-40de-8688-ba27c57bf10d resource provider not found; error: Placement Client Error (4xx): {"errors": [{"status": 404, "title": "Not Found", "detail": "The resource could not be found.\n\n No resource provider with uuid 6e2f94ee-7265-40de-8688-ba27c57bf10d found for delete ", "request_id": "req-6f7b77c9-9bae-41b3-9f2f-9b3a15c8ee5c"}]}
2026-05-09 06:27:37.856 6 WARNING neutron.db.securitygroups_db [None req-517a25aa-a596-4dc7-b3dc-c7ab7d8b5724 f1f7dab6404648b1a36d24b36ff2379a 9ef0de2b74f446acaa40fefc88a35ef1 - - default default] project_id key not found in filters, using tenant_id instead. This support has been deprecated and will be removed in a future release.
2026-05-09 06:27:37.922 7 INFO neutron.db.ovn_revision_numbers_db [None req-5e22ea7e-85a3-49f6-838c-3aab78a8e8b1 - - - - - -] Successfully bumped revision number for resource 64315ebd-5148-48e1-aa76-b8c9ed4eb521 (type: ports) to 1
2026-05-09 06:27:38.056 6 INFO neutron.db.ovn_revision_numbers_db [None req-517a25aa-a596-4dc7-b3dc-c7ab7d8b5724 f1f7dab6404648b1a36d24b36ff2379a 9ef0de2b74f446acaa40fefc88a35ef1 - - default default] Successfully bumped revision number for resource b3067ffa-4d1a-4266-b005-8ddef68bbeab (type: security_groups) to 1
2026-05-09 06:27:38.072 6 INFO neutron.db.ovn_revision_numbers_db [None req-517a25aa-a596-4dc7-b3dc-c7ab7d8b5724 f1f7dab6404648b1a36d24b36ff2379a 9ef0de2b74f446acaa40fefc88a35ef1 - - default default] Successfully bumped revision number for resource 486b83f0-0315-4c9d-85b6-2c6e2f8b4fd0 (type: security_group_rules) to 0
2026-05-09 06:27:38.085 6 INFO neutron.db.ovn_revision_numbers_db [None req-517a25aa-a596-4dc7-b3dc-c7ab7d8b5724 f1f7dab6404648b1a36d24b36ff2379a 9ef0de2b74f446acaa40fefc88a35ef1 - - default default] Successfully bumped revision number for resource 519fb025-4b1d-459f-b110-8c8f563efa8f (type: security_group_rules) to 0
2026-05-09 06:27:38.096 6 INFO neutron.db.ovn_revision_numbers_db [None req-517a25aa-a596-4dc7-b3dc-c7ab7d8b5724 f1f7dab6404648b1a36d24b36ff2379a 9ef0de2b74f446acaa40fefc88a35ef1 - - default default] Successfully bumped revision number for resource 64549310-5e2a-4463-9e74-c42d6bcfb3d0 (type: security_group_rules) to 0
2026-05-09 06:27:38.114 6 INFO neutron.db.ovn_revision_numbers_db [None req-517a25aa-a596-4dc7-b3dc-c7ab7d8b5724 f1f7dab6404648b1a36d24b36ff2379a 9ef0de2b74f446acaa40fefc88a35ef1 - - default default] Successfully bumped revision number for resource fe36fbcb-0981-4c09-a878-3a8a9e244bc3 (type: security_group_rules) to 0 [pid: 6|app: 0|req: 1484/2919] 10.0.0.187 () {32 vars in 774 bytes} [Sat May 9 06:27:37 2026] GET /v2.0/security-groups?tenant_id=b9c1b5ada6b748239be876c3d72b48f3&name=default => generated 2929 bytes in 329 msecs (HTTP/1.1 200) 4 headers in 158 bytes (1 switches on core 0) [pid: 6|app: 0|req: 1485/2920] 10.0.0.26 () {34 vars in 906 bytes} [Sat May 9 06:27:38 2026] GET /v2.0/extensions => generated 21706 bytes in 6 msecs (HTTP/1.1 200) 4 headers in 159 bytes (1 switches on core 0)
2026-05-09 06:27:38.222 7 INFO neutron.db.ovn_revision_numbers_db [None req-5e22ea7e-85a3-49f6-838c-3aab78a8e8b1 - - - - - -] Successfully bumped revision number for resource 64315ebd-5148-48e1-aa76-b8c9ed4eb521 (type: ports) to 3
2026-05-09 06:27:38.301 7 INFO neutron.db.segments_db [None req-5e22ea7e-85a3-49f6-838c-3aab78a8e8b1 - - - - - -] Added segment 72ab95b3-87d8-4d18-a8d1-0027ce33461a of type geneve for network 359d3e2f-1de7-48aa-99e4-6b47aa66f833 [pid: 6|app: 0|req: 1486/2921] 10.0.0.187 () {32 vars in 740 bytes} [Sat May 9 06:27:38 2026] DELETE /v2.0/security-groups/b3067ffa-4d1a-4266-b005-8ddef68bbeab => generated 0 bytes in 214 msecs (HTTP/1.1 204) 2 headers in 112 bytes (1 switches on core 0)
2026-05-09 06:27:38.446 7 INFO neutron.db.ovn_revision_numbers_db [None req-ad8bf496-948a-4ec0-9169-6001e6209e2d - - - - - -] Successfully bumped revision number for resource 359d3e2f-1de7-48aa-99e4-6b47aa66f833 (type: networks) to 1
2026-05-09 06:27:38.474 6 WARNING neutron.db.securitygroups_db [None req-0c347235-db94-4a96-8551-90c8f896f11c f1f7dab6404648b1a36d24b36ff2379a 9ef0de2b74f446acaa40fefc88a35ef1 - - default default] project_id key not found in filters, using tenant_id instead. This support has been deprecated and will be removed in a future release.
2026-05-09 06:27:38.620 7 WARNING neutron.scheduler.dhcp_agent_scheduler [None req-ad8bf496-948a-4ec0-9169-6001e6209e2d - - - - - -] No more DHCP agents
2026-05-09 06:27:38.624 7 WARNING neutron.api.rpc.agentnotifiers.dhcp_rpc_agent_api [None req-ad8bf496-948a-4ec0-9169-6001e6209e2d - - - - - -] Unable to schedule network 359d3e2f-1de7-48aa-99e4-6b47aa66f833: no agents available; will retry on subsequent port and subnet creation events.
2026-05-09 06:27:38.642 6 INFO neutron.db.ovn_revision_numbers_db [None req-0c347235-db94-4a96-8551-90c8f896f11c f1f7dab6404648b1a36d24b36ff2379a 9ef0de2b74f446acaa40fefc88a35ef1 - - default default] Successfully bumped revision number for resource 6c3d368a-5d68-43fb-a055-316b9fc28a20 (type: security_groups) to 1
2026-05-09 06:27:38.657 6 INFO neutron.db.ovn_revision_numbers_db [None req-0c347235-db94-4a96-8551-90c8f896f11c f1f7dab6404648b1a36d24b36ff2379a 9ef0de2b74f446acaa40fefc88a35ef1 - - default default] Successfully bumped revision number for resource 0336eb97-5864-425a-ba62-962dc3c110a3 (type: security_group_rules) to 0
2026-05-09 06:27:38.696 6 INFO neutron.db.ovn_revision_numbers_db [None req-0c347235-db94-4a96-8551-90c8f896f11c f1f7dab6404648b1a36d24b36ff2379a 9ef0de2b74f446acaa40fefc88a35ef1 - - default default] Successfully bumped revision number for resource 0534e9e1-b481-48d2-8438-940e7288cfaf (type: security_group_rules) to 0
2026-05-09 06:27:38.698 7 INFO neutron.db.ovn_revision_numbers_db [None req-ad8bf496-948a-4ec0-9169-6001e6209e2d - - - - - -] Successfully bumped revision number for resource dec5d13b-0d8f-4f63-9bca-799c10f6d684 (type: ports) to 1
2026-05-09 06:27:38.717 6 INFO neutron.db.ovn_revision_numbers_db [None req-0c347235-db94-4a96-8551-90c8f896f11c f1f7dab6404648b1a36d24b36ff2379a 9ef0de2b74f446acaa40fefc88a35ef1 - - default default] Successfully bumped revision number for resource 75a4ac2d-18bb-4ae5-93ad-bb152370d572 (type: security_group_rules) to 0
2026-05-09 06:27:38.733 6 INFO neutron.db.ovn_revision_numbers_db [None req-0c347235-db94-4a96-8551-90c8f896f11c f1f7dab6404648b1a36d24b36ff2379a 9ef0de2b74f446acaa40fefc88a35ef1 - - default default] Successfully bumped revision number for resource a3cc2a55-ccf3-47ec-803d-fbbc0d53874f (type: security_group_rules) to 0 [pid: 6|app: 0|req: 1487/2922] 10.0.0.187 () {32 vars in 774 bytes} [Sat May 9 06:27:38 2026] GET /v2.0/security-groups?tenant_id=9934872eddfd4da19576a31a45c8bca5&name=default => generated 2929 bytes in 309 msecs (HTTP/1.1 200) 4 headers in 158 bytes (1 switches on core 0)
2026-05-09 06:27:38.826 7 WARNING neutron.scheduler.dhcp_agent_scheduler [None req-ad8bf496-948a-4ec0-9169-6001e6209e2d - - - - - -] No more DHCP agents
2026-05-09 06:27:38.828 7 WARNING neutron.api.rpc.agentnotifiers.dhcp_rpc_agent_api [None req-ad8bf496-948a-4ec0-9169-6001e6209e2d - - - - - -] Unable to schedule network 359d3e2f-1de7-48aa-99e4-6b47aa66f833: no agents available; will retry on subsequent port and subnet creation events.
2026-05-09 06:27:38.850 7 INFO neutron.db.ovn_revision_numbers_db [None req-ad8bf496-948a-4ec0-9169-6001e6209e2d - - - - - -] Successfully bumped revision number for resource cac79248-a59e-47b0-97bb-442952e45f11 (type: subnets) to 0 [pid: 6|app: 0|req: 1488/2923] 10.0.0.187 () {32 vars in 740 bytes} [Sat May 9 06:27:38 2026] DELETE /v2.0/security-groups/6c3d368a-5d68-43fb-a055-316b9fc28a20 => generated 0 bytes in 189 msecs (HTTP/1.1 204) 2 headers in 112 bytes (1 switches on core 0)
2026-05-09 06:27:39.124 6 WARNING neutron.db.securitygroups_db [None req-1fcab1b1-3a6e-42d0-8718-3012b3dd959f f1f7dab6404648b1a36d24b36ff2379a 9ef0de2b74f446acaa40fefc88a35ef1 - - default default] project_id key not found in filters, using tenant_id instead. This support has been deprecated and will be removed in a future release. [pid: 6|app: 0|req: 1489/2924] 10.0.0.187 () {32 vars in 774 bytes} [Sat May 9 06:27:39 2026] GET /v2.0/security-groups?tenant_id=0b1b9de8e39c4f4ea33a18681e1517bc&name=default => generated 2929 bytes in 32 msecs (HTTP/1.1 200) 4 headers in 158 bytes (1 switches on core 0)
2026-05-09 06:27:39.272 7 WARNING neutron.scheduler.dhcp_agent_scheduler [None req-ad8bf496-948a-4ec0-9169-6001e6209e2d - - - - - -] No more DHCP agents
2026-05-09 06:27:39.278 7 WARNING neutron.api.rpc.agentnotifiers.dhcp_rpc_agent_api [None req-ad8bf496-948a-4ec0-9169-6001e6209e2d - - - - - -] Unable to schedule network 359d3e2f-1de7-48aa-99e4-6b47aa66f833: no agents available; will retry on subsequent port and subnet creation events.
2026-05-09 06:27:39.310 6 WARNING neutron.plugins.ml2.drivers.ovn.mech_driver.ovsdb.ovn_client [None req-017ec7ff-c3cd-444b-80a2-052d20d9ea69 - - - - - -] No hosting information found for port d2102686-6972-48ba-90a4-1f2a9b45015b: RuntimeError: No hosting information found for port d2102686-6972-48ba-90a4-1f2a9b45015b
2026-05-09 06:27:39.352 6 INFO neutron.common.ovn.utils [None req-017ec7ff-c3cd-444b-80a2-052d20d9ea69 - - - - - -] HA Chassis Group neutron-ab359016-d2b5-4559-8ce3-3f1493d5202a synchronized; highest priority chassis 99d2b7a4-a930-4759-aa92-41c44bd8ce31
2026-05-09 06:27:39.363 6 INFO neutron.plugins.ml2.drivers.ovn.mech_driver.mech_driver [None req-017ec7ff-c3cd-444b-80a2-052d20d9ea69 - - - - - -] OVN reports status down for port: f4c00d73-0d56-460a-982e-788dd68b3a77
