2026-05-09 06:24:45.742 7 WARNING neutron.api.rpc.agentnotifiers.dhcp_rpc_agent_api [None req-4d12833d-fa38-4381-b418-9d3d50125500 f1f7dab6404648b1a36d24b36ff2379a 9ef0de2b74f446acaa40fefc88a35ef1 - - default default] Unable to schedule network e5363529-fd56-4e61-8f26-43abaaabd714: no agents available; will retry on subsequent port and subnet creation events. [pid: 6|app: 0|req: 868/1767] 10.0.0.187 () {32 vars in 729 bytes} [Sat May 9 06:24:45 2026] GET /v2.0/trunks/47e0074e-6a78-4c63-9d9f-0aeb4875c65d/tags => generated 34 bytes in 26 msecs (HTTP/1.1 200) 4 headers in 156 bytes (1 switches on core 0)
2026-05-09 06:24:45.785 6 WARNING tagging [None req-72033190-8bda-43f0-8cf9-5ba6ca955669 39427ddababe494a86a5ba2e01fdd59d cdc0a4353d964ed5af39558210fca5fe - - default default] project_id key not found in request, using tenant_id instead. This support has been deprecated and will be removed in a future release. [pid: 6|app: 0|req: 869/1768] 10.0.0.187 () {34 vars in 778 bytes} [Sat May 9 06:24:45 2026] PUT /v2.0/trunks/47e0074e-6a78-4c63-9d9f-0aeb4875c65d/tags/black.or.white => generated 4 bytes in 66 msecs (HTTP/1.1 201) 4 headers in 160 bytes (1 switches on core 0)
2026-05-09 06:24:45.836 7 INFO neutron.db.ovn_revision_numbers_db [None req-4d12833d-fa38-4381-b418-9d3d50125500 f1f7dab6404648b1a36d24b36ff2379a 9ef0de2b74f446acaa40fefc88a35ef1 - - default default] Successfully bumped revision number for resource 697328e0-4fa8-4dec-80b8-a8fecbf4883e (type: ports) to 1
2026-05-09 06:24:45.845 6 WARNING tagging [None req-53b35670-81b3-44b2-b5e3-b2ff48223f55 39427ddababe494a86a5ba2e01fdd59d cdc0a4353d964ed5af39558210fca5fe - - default default] project_id key not found in request, using tenant_id instead. This support has been deprecated and will be removed in a future release. [pid: 6|app: 0|req: 870/1769] 10.0.0.187 () {32 vars in 729 bytes} [Sat May 9 06:24:45 2026] GET /v2.0/trunks/47e0074e-6a78-4c63-9d9f-0aeb4875c65d/tags => generated 52 bytes in 20 msecs (HTTP/1.1 200) 4 headers in 156 bytes (1 switches on core 0) [pid: 7|app: 0|req: 900/1770] 10.0.0.187 () {34 vars in 671 bytes} [Sat May 9 06:24:45 2026] POST /v2.0/networks => generated 782 bytes in 788 msecs (HTTP/1.1 201) 4 headers in 162 bytes (1 switches on core 0)
2026-05-09 06:24:45.872 6 WARNING tagging [None req-fd8ff6b4-397a-42eb-96c8-c5355f8a935e 39427ddababe494a86a5ba2e01fdd59d cdc0a4353d964ed5af39558210fca5fe - - default default] project_id key not found in request, using tenant_id instead. This support has been deprecated and will be removed in a future release. [pid: 6|app: 0|req: 871/1771] 10.0.0.187 () {34 vars in 749 bytes} [Sat May 9 06:24:45 2026] PUT /v2.0/trunks/47e0074e-6a78-4c63-9d9f-0aeb4875c65d/tags => generated 37 bytes in 38 msecs (HTTP/1.1 200) 4 headers in 156 bytes (1 switches on core 0)
2026-05-09 06:24:46.016 7 WARNING neutron.scheduler.dhcp_agent_scheduler [None req-8f3d0982-972c-4484-ba18-dffc5484b450 f1f7dab6404648b1a36d24b36ff2379a 9ef0de2b74f446acaa40fefc88a35ef1 - - default default] No more DHCP agents
2026-05-09 06:24:46.018 7 WARNING neutron.api.rpc.agentnotifiers.dhcp_rpc_agent_api [None req-8f3d0982-972c-4484-ba18-dffc5484b450 f1f7dab6404648b1a36d24b36ff2379a 9ef0de2b74f446acaa40fefc88a35ef1 - - default default] Unable to schedule network e5363529-fd56-4e61-8f26-43abaaabd714: no agents available; will retry on subsequent port and subnet creation events.
2026-05-09 06:24:46.187 6 INFO neutron.db.ovn_revision_numbers_db [None req-a7b32a8d-b795-4748-882b-a7629c42cead a6e53ee2a9c74666a8e61b21a37b8d90 0e4ad7a2c87d4e81b0714101401312f1 - - default default] Successfully bumped revision number for resource 5ad55288-61b3-447c-a032-1b2997b9c236 (type: security_groups) to 1
2026-05-09 06:24:46.211 6 INFO neutron.db.ovn_revision_numbers_db [None req-a7b32a8d-b795-4748-882b-a7629c42cead a6e53ee2a9c74666a8e61b21a37b8d90 0e4ad7a2c87d4e81b0714101401312f1 - - default default] Successfully bumped revision number for resource 331beeaf-31d2-4140-bc84-d960da967dd8 (type: security_group_rules) to 0
2026-05-09 06:24:46.224 6 INFO neutron.db.ovn_revision_numbers_db [None req-a7b32a8d-b795-4748-882b-a7629c42cead a6e53ee2a9c74666a8e61b21a37b8d90 0e4ad7a2c87d4e81b0714101401312f1 - - default default] Successfully bumped revision number for resource 3762da1c-01b4-4b7f-9872-42d15b521094 (type: security_group_rules) to 0
2026-05-09 06:24:46.245 6 INFO neutron.db.ovn_revision_numbers_db [None req-a7b32a8d-b795-4748-882b-a7629c42cead a6e53ee2a9c74666a8e61b21a37b8d90 0e4ad7a2c87d4e81b0714101401312f1 - - default default] Successfully bumped revision number for resource a2a53aa4-21ea-4568-bc28-668257648d4e (type: security_group_rules) to 0
2026-05-09 06:24:46.265 6 INFO neutron.db.ovn_revision_numbers_db [None req-a7b32a8d-b795-4748-882b-a7629c42cead a6e53ee2a9c74666a8e61b21a37b8d90 0e4ad7a2c87d4e81b0714101401312f1 - - default default] Successfully bumped revision number for resource a4a0dbf0-b4f4-4685-a7a5-3c2ca6c31089 (type: security_group_rules) to 0
2026-05-09 06:24:46.387 6 INFO neutron.db.ovn_revision_numbers_db [None req-a7b32a8d-b795-4748-882b-a7629c42cead a6e53ee2a9c74666a8e61b21a37b8d90 0e4ad7a2c87d4e81b0714101401312f1 - - default default] Successfully bumped revision number for resource 5cadc9fa-390a-4a9b-b601-5de807534f07 (type: security_groups) to 1
2026-05-09 06:24:46.398 6 INFO neutron.db.ovn_revision_numbers_db [None req-a7b32a8d-b795-4748-882b-a7629c42cead a6e53ee2a9c74666a8e61b21a37b8d90 0e4ad7a2c87d4e81b0714101401312f1 - - default default] Successfully bumped revision number for resource 17e635a3-401e-4a9a-be90-3eac62ac809b (type: security_group_rules) to 0
2026-05-09 06:24:46.415 6 INFO neutron.db.ovn_revision_numbers_db [None req-a7b32a8d-b795-4748-882b-a7629c42cead a6e53ee2a9c74666a8e61b21a37b8d90 0e4ad7a2c87d4e81b0714101401312f1 - - default default] Successfully bumped revision number for resource 7b5e88af-593f-4e64-bb12-15358fda603e (type: security_group_rules) to 0 [pid: 6|app: 0|req: 872/1772] 10.0.0.187 () {34 vars in 684 bytes} [Sat May 9 06:24:45 2026] POST /v2.0/security-groups => generated 1624 bytes in 560 msecs (HTTP/1.1 201) 4 headers in 163 bytes (1 switches on core 0)
2026-05-09 06:24:46.467 6 WARNING tagging [None req-9210f820-006e-40c2-bf59-aae000046009 39427ddababe494a86a5ba2e01fdd59d cdc0a4353d964ed5af39558210fca5fe - - default default] project_id key not found in request, using tenant_id instead. This support has been deprecated and will be removed in a future release. [pid: 6|app: 0|req: 873/1773] 10.0.0.187 () {32 vars in 729 bytes} [Sat May 9 06:24:46 2026] GET /v2.0/trunks/47e0074e-6a78-4c63-9d9f-0aeb4875c65d/tags => generated 37 bytes in 26 msecs (HTTP/1.1 200) 4 headers in 156 bytes (1 switches on core 0) [pid: 6|app: 0|req: 874/1774] 10.0.0.26 () {34 vars in 989 bytes} [Sat May 9 06:24:46 2026] GET /v2.0/ports?device_id=8423b22d-651c-4972-b63b-97edb21da48f => generated 12 bytes in 28 msecs (HTTP/1.1 200) 4 headers in 156 bytes (1 switches on core 0)
2026-05-09 06:24:46.522 7 INFO neutron.db.ovn_revision_numbers_db [None req-8f3d0982-972c-4484-ba18-dffc5484b450 f1f7dab6404648b1a36d24b36ff2379a 9ef0de2b74f446acaa40fefc88a35ef1 - - default default] Successfully bumped revision number for resource 697328e0-4fa8-4dec-80b8-a8fecbf4883e (type: ports) to 2 [pid: 6|app: 0|req: 875/1775] 10.0.0.187 () {32 vars in 663 bytes} [Sat May 9 06:24:46 2026] GET /v2.0/security-groups => generated 4529 bytes in 37 msecs (HTTP/1.1 200) 4 headers in 158 bytes (1 switches on core 0)
2026-05-09 06:24:46.549 7 INFO neutron.db.ovn_revision_numbers_db [None req-8f3d0982-972c-4484-ba18-dffc5484b450 f1f7dab6404648b1a36d24b36ff2379a 9ef0de2b74f446acaa40fefc88a35ef1 - - default default] Successfully bumped revision number for resource 9e8b9593-c7ab-4419-a7af-b1546ef0dc56 (type: subnets) to 0
2026-05-09 06:24:46.557 6 WARNING tagging [None req-087116eb-36c3-4988-a958-53168e2659cc 39427ddababe494a86a5ba2e01fdd59d cdc0a4353d964ed5af39558210fca5fe - - default default] project_id key not found in request, using tenant_id instead. This support has been deprecated and will be removed in a future release. [pid: 6|app: 0|req: 876/1776] 10.0.0.187 () {32 vars in 737 bytes} [Sat May 9 06:24:46 2026] GET /v2.0/trunks/47e0074e-6a78-4c63-9d9f-0aeb4875c65d/tags/red => generated 0 bytes in 15 msecs (HTTP/1.1 204) 2 headers in 112 bytes (1 switches on core 0) [pid: 7|app: 0|req: 901/1777] 10.0.0.187 () {34 vars in 669 bytes} [Sat May 9 06:24:45 2026] POST /v2.0/subnets => generated 688 bytes in 707 msecs (HTTP/1.1 201) 4 headers in 162 bytes (1 switches on core 0)
2026-05-09 06:24:46.587 7 WARNING tagging [None req-eb594277-5c5e-4030-a262-8a0d55d14f49 39427ddababe494a86a5ba2e01fdd59d cdc0a4353d964ed5af39558210fca5fe - - default default] project_id key not found in request, using tenant_id instead. This support has been deprecated and will be removed in a future release.
2026-05-09 06:24:46.598 7 INFO neutron.api.v2.resource [None req-eb594277-5c5e-4030-a262-8a0d55d14f49 39427ddababe494a86a5ba2e01fdd59d cdc0a4353d964ed5af39558210fca5fe - - default default] show failed (client error): The resource could not be found. [pid: 7|app: 0|req: 902/1778] 10.0.0.187 () {32 vars in 741 bytes} [Sat May 9 06:24:46 2026] GET /v2.0/trunks/47e0074e-6a78-4c63-9d9f-0aeb4875c65d/tags/green => generated 99 bytes in 29 msecs (HTTP/1.1 404) 4 headers in 163 bytes (1 switches on core 0)
2026-05-09 06:24:46.635 6 INFO neutron.db.ovn_revision_numbers_db [None req-4a0d9dd7-3561-43af-b183-ada834959866 a6e53ee2a9c74666a8e61b21a37b8d90 0e4ad7a2c87d4e81b0714101401312f1 - - default default] Successfully bumped revision number for resource 5cadc9fa-390a-4a9b-b601-5de807534f07 (type: security_groups) to 2 [pid: 6|app: 0|req: 877/1779] 10.0.0.187 () {34 vars in 758 bytes} [Sat May 9 06:24:46 2026] PUT /v2.0/security-groups/5cadc9fa-390a-4a9b-b601-5de807534f07 => generated 1664 bytes in 94 msecs (HTTP/1.1 200) 4 headers in 158 bytes (1 switches on core 0)
2026-05-09 06:24:46.667 6 WARNING tagging [None req-ddb6934d-35ae-4181-becc-92753991fe2a 39427ddababe494a86a5ba2e01fdd59d cdc0a4353d964ed5af39558210fca5fe - - default default] project_id key not found in request, using tenant_id instead. This support has been deprecated and will be removed in a future release. [pid: 6|app: 0|req: 878/1780] 10.0.0.187 () {32 vars in 740 bytes} [Sat May 9 06:24:46 2026] DELETE /v2.0/trunks/47e0074e-6a78-4c63-9d9f-0aeb4875c65d/tags/red => generated 0 bytes in 29 msecs (HTTP/1.1 204) 2 headers in 112 bytes (1 switches on core 0) [pid: 6|app: 0|req: 879/1781] 10.0.0.187 () {32 vars in 737 bytes} [Sat May 9 06:24:46 2026] GET /v2.0/security-groups/5cadc9fa-390a-4a9b-b601-5de807534f07 => generated 1664 bytes in 21 msecs (HTTP/1.1 200) 4 headers in 158 bytes (1 switches on core 0)
2026-05-09 06:24:46.718 6 WARNING tagging [None req-6e4ef095-c414-410f-a820-ff270a075adc 39427ddababe494a86a5ba2e01fdd59d cdc0a4353d964ed5af39558210fca5fe - - default default] project_id key not found in request, using tenant_id instead. This support has been deprecated and will be removed in a future release. [pid: 6|app: 0|req: 880/1782] 10.0.0.187 () {32 vars in 729 bytes} [Sat May 9 06:24:46 2026] GET /v2.0/trunks/47e0074e-6a78-4c63-9d9f-0aeb4875c65d/tags => generated 30 bytes in 15 msecs (HTTP/1.1 200) 4 headers in 156 bytes (1 switches on core 0) [pid: 6|app: 0|req: 881/1783] 10.0.0.187 () {32 vars in 740 bytes} [Sat May 9 06:24:46 2026] DELETE /v2.0/security-groups/5cadc9fa-390a-4a9b-b601-5de807534f07 => generated 0 bytes in 133 msecs (HTTP/1.1 204) 2 headers in 112 bytes (1 switches on core 0)
2026-05-09 06:24:46.869 6 WARNING tagging [None req-a3dbb7c1-3f11-434f-860d-874d598636e6 39427ddababe494a86a5ba2e01fdd59d cdc0a4353d964ed5af39558210fca5fe - - default default] project_id key not found in request, using tenant_id instead. This support has been deprecated and will be removed in a future release.
2026-05-09 06:24:46.880 6 INFO neutron.api.v2.resource [None req-a3dbb7c1-3f11-434f-860d-874d598636e6 39427ddababe494a86a5ba2e01fdd59d cdc0a4353d964ed5af39558210fca5fe - - default default] delete failed (client error): The resource could not be found. [pid: 6|app: 0|req: 882/1784] 10.0.0.187 () {32 vars in 744 bytes} [Sat May 9 06:24:46 2026] DELETE /v2.0/trunks/47e0074e-6a78-4c63-9d9f-0aeb4875c65d/tags/green => generated 99 bytes in 23 msecs (HTTP/1.1 404) 4 headers in 163 bytes (1 switches on core 0) [pid: 6|app: 0|req: 883/1785] 10.0.0.187 () {32 vars in 663 bytes} [Sat May 9 06:24:46 2026] GET /v2.0/security-groups => generated 2925 bytes in 23 msecs (HTTP/1.1 200) 4 headers in 158 bytes (1 switches on core 0)
2026-05-09 06:24:46.916 6 WARNING tagging [None req-6e65efe0-32ab-4201-a617-eab255c18377 39427ddababe494a86a5ba2e01fdd59d cdc0a4353d964ed5af39558210fca5fe - - default default] project_id key not found in request, using tenant_id instead. This support has been deprecated and will be removed in a future release. [pid: 6|app: 0|req: 884/1786] 10.0.0.187 () {32 vars in 732 bytes} [Sat May 9 06:24:46 2026] DELETE /v2.0/trunks/47e0074e-6a78-4c63-9d9f-0aeb4875c65d/tags => generated 0 bytes in 31 msecs (HTTP/1.1 204) 2 headers in 112 bytes (1 switches on core 0)
2026-05-09 06:24:46.948 6 INFO neutron.api.v2.resource [None req-660ae5cf-5efb-4ee3-a815-1747ca7100b5 a6e53ee2a9c74666a8e61b21a37b8d90 0e4ad7a2c87d4e81b0714101401312f1 - - default default] delete failed (client error): The resource could not be found. [pid: 6|app: 0|req: 885/1787] 10.0.0.187 () {32 vars in 740 bytes} [Sat May 9 06:24:46 2026] DELETE /v2.0/security-groups/5cadc9fa-390a-4a9b-b601-5de807534f07 => generated 146 bytes in 12 msecs (HTTP/1.1 404) 4 headers in 164 bytes (1 switches on core 0)
2026-05-09 06:24:46.965 6 WARNING tagging [None req-186165a9-4bc9-4526-a5fd-6544cdadccf4 39427ddababe494a86a5ba2e01fdd59d cdc0a4353d964ed5af39558210fca5fe - - default default] project_id key not found in request, using tenant_id instead. This support has been deprecated and will be removed in a future release. [pid: 6|app: 0|req: 886/1788] 10.0.0.187 () {32 vars in 729 bytes} [Sat May 9 06:24:46 2026] GET /v2.0/trunks/47e0074e-6a78-4c63-9d9f-0aeb4875c65d/tags => generated 12 bytes in 25 msecs (HTTP/1.1 200) 4 headers in 156 bytes (1 switches on core 0)
2026-05-09 06:24:47.028 7 WARNING neutron.scheduler.dhcp_agent_scheduler [None req-a2fa09f8-c5c6-49bc-9220-1c92cdc5a8da f1f7dab6404648b1a36d24b36ff2379a 9ef0de2b74f446acaa40fefc88a35ef1 - - default default] No more DHCP agents
2026-05-09 06:24:47.030 7 WARNING neutron.api.rpc.agentnotifiers.dhcp_rpc_agent_api [None req-a2fa09f8-c5c6-49bc-9220-1c92cdc5a8da f1f7dab6404648b1a36d24b36ff2379a 9ef0de2b74f446acaa40fefc88a35ef1 - - default default] Unable to schedule network 68fe1d77-8b16-403c-8e9e-2adce47f9ca2: no agents available; will retry on subsequent port and subnet creation events.
2026-05-09 06:24:47.096 6 INFO neutron.db.ovn_revision_numbers_db [None req-fca4d370-6f2e-46c6-a00c-348ec35ea9d9 a6e53ee2a9c74666a8e61b21a37b8d90 0e4ad7a2c87d4e81b0714101401312f1 - - default default] Successfully bumped revision number for resource b1260b65-56ef-450f-aa6e-20f27c6c3fc9 (type: security_groups) to 1
2026-05-09 06:24:47.107 6 INFO neutron.db.ovn_revision_numbers_db [None req-fca4d370-6f2e-46c6-a00c-348ec35ea9d9 a6e53ee2a9c74666a8e61b21a37b8d90 0e4ad7a2c87d4e81b0714101401312f1 - - default default] Successfully bumped revision number for resource 09fc625f-0098-40ab-bc68-105ca82e02b1 (type: security_group_rules) to 0
2026-05-09 06:24:47.118 6 INFO neutron.db.ovn_revision_numbers_db [None req-fca4d370-6f2e-46c6-a00c-348ec35ea9d9 a6e53ee2a9c74666a8e61b21a37b8d90 0e4ad7a2c87d4e81b0714101401312f1 - - default default] Successfully bumped revision number for resource 3cb08ea0-b0d1-4822-bd7d-3119001b78b5 (type: security_group_rules) to 0
2026-05-09 06:24:47.171 6 INFO neutron.plugins.ml2.drivers.ovn.mech_driver.mech_driver [None req-46c33dfa-5223-4a6d-8377-9a168bf56cf8 - - - - - -] OVN reports status down for port: 78087892-5d83-4357-8726-694906410922
2026-05-09 06:24:47.176 7 INFO neutron.db.ovn_revision_numbers_db [None req-a2fa09f8-c5c6-49bc-9220-1c92cdc5a8da f1f7dab6404648b1a36d24b36ff2379a 9ef0de2b74f446acaa40fefc88a35ef1 - - default default] Successfully bumped revision number for resource 78087892-5d83-4357-8726-694906410922 (type: ports) to 1 [pid: 6|app: 0|req: 887/1789] 10.0.0.187 () {34 vars in 684 bytes} [Sat May 9 06:24:46 2026] POST /v2.0/security-groups => generated 1625 bytes in 203 msecs (HTTP/1.1 201) 4 headers in 163 bytes (1 switches on core 0) [pid: 6|app: 0|req: 888/1790] 10.0.0.187 () {32 vars in 719 bytes} [Sat May 9 06:24:47 2026] GET /v2.0/trunks/47e0074e-6a78-4c63-9d9f-0aeb4875c65d => generated 409 bytes in 35 msecs (HTTP/1.1 200) 4 headers in 157 bytes (1 switches on core 0)
2026-05-09 06:24:47.362 6 INFO neutron.db.ovn_revision_numbers_db [None req-422c4b22-6a7c-438c-92b5-7fb6712b031b a6e53ee2a9c74666a8e61b21a37b8d90 0e4ad7a2c87d4e81b0714101401312f1 - - default default] Successfully bumped revision number for resource 2189aee4-cf83-41bc-be4e-a6f12fd3f86a (type: security_group_rules) to 0 [pid: 6|app: 0|req: 889/1791] 10.0.0.187 () {34 vars in 695 bytes} [Sat May 9 06:24:47 2026] POST /v2.0/security-group-rules => generated 601 bytes in 177 msecs (HTTP/1.1 201) 4 headers in 162 bytes (1 switches on core 0) [pid: 6|app: 0|req: 890/1792] 10.0.0.187 () {32 vars in 717 bytes} [Sat May 9 06:24:47 2026] GET /v2.0/ports/dd772aeb-653b-40bd-9bc0-e1bcf190c26e => generated 826 bytes in 67 msecs (HTTP/1.1 200) 4 headers in 157 bytes (1 switches on core 0) [pid: 6|app: 0|req: 891/1793] 10.0.0.187 () {32 vars in 747 bytes} [Sat May 9 06:24:47 2026] GET /v2.0/security-group-rules/2189aee4-cf83-41bc-be4e-a6f12fd3f86a => generated 601 bytes in 13 msecs (HTTP/1.1 200) 4 headers in 157 bytes (1 switches on core 0) [pid: 6|app: 0|req: 892/1794] 10.0.0.187 () {32 vars in 722 bytes} [Sat May 9 06:24:47 2026] DELETE /v2.0/trunks/47e0074e-6a78-4c63-9d9f-0aeb4875c65d => generated 0 bytes in 60 msecs (HTTP/1.1 204) 2 headers in 112 bytes (1 switches on core 0) [pid: 6|app: 0|req: 893/1795] 10.0.0.187 () {32 vars in 673 bytes} [Sat May 9 06:24:47 2026] GET /v2.0/security-group-rules => generated 4138 bytes in 66 msecs (HTTP/1.1 200) 4 headers in 158 bytes (1 switches on core 0)
2026-05-09 06:24:47.721 6 INFO neutron_taas.services.taas.taas_plugin [None req-5fa905fe-fb49-4ea8-b19b-88143d7112b1 39427ddababe494a86a5ba2e01fdd59d cdc0a4353d964ed5af39558210fca5fe - - default default] TaaS: Handle Delete Port: dd772aeb-653b-40bd-9bc0-e1bcf190c26e
2026-05-09 06:24:47.725 6 INFO neutron_taas.services.taas.tap_mirror_plugin [None req-5fa905fe-fb49-4ea8-b19b-88143d7112b1 39427ddababe494a86a5ba2e01fdd59d cdc0a4353d964ed5af39558210fca5fe - - default default] Tap Mirror: Handle Delete Port: dd772aeb-653b-40bd-9bc0-e1bcf190c26e [pid: 6|app: 0|req: 894/1796] 10.0.0.187 () {32 vars in 720 bytes} [Sat May 9 06:24:47 2026] DELETE /v2.0/ports/dd772aeb-653b-40bd-9bc0-e1bcf190c26e => generated 0 bytes in 246 msecs (HTTP/1.1 204) 3 headers in 131 bytes (1 switches on core 0) [pid: 6|app: 0|req: 895/1797] 10.0.0.26 () {34 vars in 989 bytes} [Sat May 9 06:24:47 2026] GET /v2.0/ports?device_id=8423b22d-651c-4972-b63b-97edb21da48f => generated 12 bytes in 21 msecs (HTTP/1.1 200) 4 headers in 156 bytes (1 switches on core 0) [pid: 6|app: 0|req: 896/1798] 10.0.0.187 () {32 vars in 750 bytes} [Sat May 9 06:24:47 2026] DELETE /v2.0/security-group-rules/2189aee4-cf83-41bc-be4e-a6f12fd3f86a => generated 0 bytes in 117 msecs (HTTP/1.1 204) 2 headers in 112 bytes (1 switches on core 0)
2026-05-09 06:24:48.115 6 INFO neutron_taas.services.taas.taas_plugin [None req-afb069e0-71b1-4dec-bf83-9ecf0e41e3f1 39427ddababe494a86a5ba2e01fdd59d cdc0a4353d964ed5af39558210fca5fe - - default default] TaaS: Handle Delete Port: 7d13564c-dab4-4c97-a594-7c8e6e34f654
2026-05-09 06:24:48.117 6 INFO neutron_taas.services.taas.tap_mirror_plugin [None req-afb069e0-71b1-4dec-bf83-9ecf0e41e3f1 39427ddababe494a86a5ba2e01fdd59d cdc0a4353d964ed5af39558210fca5fe - - default default] Tap Mirror: Handle Delete Port: 7d13564c-dab4-4c97-a594-7c8e6e34f654
2026-05-09 06:24:48.344 6 INFO neutron.services.segments.plugin [-] Segment 16f2ed0b-513f-4dfa-904b-c4c086a320c0 resource provider aggregate not found
2026-05-09 06:24:48.350 6 INFO neutron.services.segments.plugin [-] Segment 16f2ed0b-513f-4dfa-904b-c4c086a320c0 resource provider aggregate not found
2026-05-09 06:24:48.369 6 INFO neutron.services.segments.plugin [-] Segment 16f2ed0b-513f-4dfa-904b-c4c086a320c0 resource provider not found; error: Placement Client Error (4xx): {"errors": [{"status": 404, "title": "Not Found", "detail": "The resource could not be found.\n\n No resource provider with uuid 16f2ed0b-513f-4dfa-904b-c4c086a320c0 found for delete ", "request_id": "req-d5e88cae-05e7-4a87-82d1-f922fc99c7d9"}]}
2026-05-09 06:24:48.380 6 INFO neutron.services.segments.plugin [-] Segment 16f2ed0b-513f-4dfa-904b-c4c086a320c0 resource provider not found; error: Placement Client Error (4xx): {"errors": [{"status": 404, "title": "Not Found", "detail": "The resource could not be found.\n\n No resource provider with uuid 16f2ed0b-513f-4dfa-904b-c4c086a320c0 found for delete ", "request_id": "req-448e7727-b2e5-4eb3-8222-a1a1b927f2ba"}]} [pid: 6|app: 0|req: 897/1799] 10.0.0.187 () {32 vars in 726 bytes} [Sat May 9 06:24:47 2026] DELETE /v2.0/networks/0803e7c6-375e-44b0-a989-199ce3914c46 => generated 0 bytes in 402 msecs (HTTP/1.1 204) 3 headers in 131 bytes (1 switches on core 0) [pid: 6|app: 0|req: 898/1800] 10.0.0.187 () {32 vars in 673 bytes} [Sat May 9 06:24:48 2026] GET /v2.0/security-group-rules => generated 3560 bytes in 61 msecs (HTTP/1.1 200) 4 headers in 158 bytes (1 switches on core 0)
2026-05-09 06:24:48.595 6 INFO neutron.db.ovn_revision_numbers_db [None req-1c8849e4-fbc9-4f56-9551-412da0af662d a6e53ee2a9c74666a8e61b21a37b8d90 0e4ad7a2c87d4e81b0714101401312f1 - - default default] Successfully bumped revision number for resource c442b3e8-b3f7-49f2-9c9b-5b1f0ad383bb (type: security_group_rules) to 0 [pid: 6|app: 0|req: 899/1801] 10.0.0.187 () {34 vars in 695 bytes} [Sat May 9 06:24:48 2026] POST /v2.0/security-group-rules => generated 601 bytes in 170 msecs (HTTP/1.1 201) 4 headers in 162 bytes (1 switches on core 0) [pid: 6|app: 0|req: 900/1802] 10.0.0.187 () {32 vars in 747 bytes} [Sat May 9 06:24:48 2026] GET /v2.0/security-group-rules/c442b3e8-b3f7-49f2-9c9b-5b1f0ad383bb => generated 601 bytes in 20 msecs (HTTP/1.1 200) 4 headers in 157 bytes (1 switches on core 0) [pid: 6|app: 0|req: 901/1803] 10.0.0.187 () {32 vars in 673 bytes} [Sat May 9 06:24:48 2026] GET /v2.0/security-group-rules => generated 4138 bytes in 84 msecs (HTTP/1.1 200) 4 headers in 158 bytes (1 switches on core 0)
2026-05-09 06:24:48.766 7 WARNING neutron.plugins.ml2.drivers.ovn.mech_driver.ovsdb.ovn_client [None req-9c97ea38-10bf-47e1-9062-5bb164bb76d8 - - - - - -] No hosting information found for port 7b015a08-da8a-4e2e-9c78-9ccebf098303: RuntimeError: No hosting information found for port 7b015a08-da8a-4e2e-9c78-9ccebf098303
2026-05-09 06:24:48.790 6 INFO neutron.plugins.ml2.drivers.ovn.mech_driver.mech_driver [None req-46c33dfa-5223-4a6d-8377-9a168bf56cf8 - - - - - -] OVN reports status up for port: 78087892-5d83-4357-8726-694906410922
2026-05-09 06:24:48.798 7 INFO neutron.plugins.ml2.drivers.ovn.mech_driver.ovsdb.ovsdb_monitor [None req-05e824cf-0426-4956-a12c-cb4f070c0012 - - - - - -] Router 121734fa-dc13-4474-a5ea-83db471b7a79 is bound to host instance
2026-05-09 06:24:48.815 6 INFO neutron.plugins.ml2.plugin [None req-46c33dfa-5223-4a6d-8377-9a168bf56cf8 - - - - - -] Attempt 1 to provision port 78087892-5d83-4357-8726-694906410922
2026-05-09 06:24:48.955 7 INFO neutron.db.ovn_revision_numbers_db [None req-a2fa09f8-c5c6-49bc-9220-1c92cdc5a8da f1f7dab6404648b1a36d24b36ff2379a 9ef0de2b74f446acaa40fefc88a35ef1 - - default default] Successfully bumped revision number for resource 78087892-5d83-4357-8726-694906410922 (type: router_ports) to 1
2026-05-09 06:24:48.965 7 INFO neutron.common.ovn.utils [None req-9c97ea38-10bf-47e1-9062-5bb164bb76d8 - - - - - -] HA Chassis Group neutron-921d9dfc-833d-48ad-9a79-6c8ba8abc84f synchronized; highest priority chassis 99d2b7a4-a930-4759-aa92-41c44bd8ce31 [pid: 6|app: 0|req: 902/1804] 10.0.0.187 () {32 vars in 750 bytes} [Sat May 9 06:24:48 2026] DELETE /v2.0/security-group-rules/c442b3e8-b3f7-49f2-9c9b-5b1f0ad383bb => generated 0 bytes in 237 msecs (HTTP/1.1 204) 2 headers in 112 bytes (1 switches on core 0) [pid: 6|app: 0|req: 903/1805] 10.0.0.187 () {32 vars in 673 bytes} [Sat May 9 06:24:48 2026] GET /v2.0/security-group-rules => generated 3560 bytes in 55 msecs (HTTP/1.1 200) 4 headers in 158 bytes (1 switches on core 0)
2026-05-09 06:24:49.191 7 INFO neutron.db.ovn_revision_numbers_db [None req-a2fa09f8-c5c6-49bc-9220-1c92cdc5a8da f1f7dab6404648b1a36d24b36ff2379a 9ef0de2b74f446acaa40fefc88a35ef1 - - default default] Successfully bumped revision number for resource 121734fa-dc13-4474-a5ea-83db471b7a79 (type: routers) to 2 [pid: 6|app: 0|req: 904/1806] 10.0.0.187 () {32 vars in 740 bytes} [Sat May 9 06:24:49 2026] DELETE /v2.0/security-groups/9fc32e3a-8fce-4af2-8f42-bbfe05df95f3 => generated 0 bytes in 151 msecs (HTTP/1.1 204) 2 headers in 112 bytes (1 switches on core 0) [pid: 7|app: 0|req: 903/1807] 10.0.0.187 () {34 vars in 669 bytes} [Sat May 9 06:24:46 2026] POST /v2.0/routers => generated 987 bytes in 2646 msecs (HTTP/1.1 201) 4 headers in 162 bytes (1 switches on core 0)
2026-05-09 06:24:49.250 6 INFO neutron.db.securitygroups_db [None req-2147cad7-6c95-40aa-9bcc-8b5d081475ea a6e53ee2a9c74666a8e61b21a37b8d90 0e4ad7a2c87d4e81b0714101401312f1 - - default default] Project 0e4ad7a2c87d4e81b0714101401312f1 added a security group rule with legacy IPv6 ICMP protocol name icmp, ipv6-icmp should be used instead. It was automatically converted.
2026-05-09 06:24:49.352 6 INFO neutron.db.ovn_revision_numbers_db [None req-2147cad7-6c95-40aa-9bcc-8b5d081475ea a6e53ee2a9c74666a8e61b21a37b8d90 0e4ad7a2c87d4e81b0714101401312f1 - - default default] Successfully bumped revision number for resource 248c573d-40e9-4893-b3fe-597a37d03bd7 (type: security_group_rules) to 0
2026-05-09 06:24:49.380 7 INFO neutron.db.ovn_revision_numbers_db [None req-9c97ea38-10bf-47e1-9062-5bb164bb76d8 - - - - - -] Successfully bumped revision number for resource 7b015a08-da8a-4e2e-9c78-9ccebf098303 (type: router_ports) to 2
2026-05-09 06:24:49.384 7 WARNING neutron.db.securitygroups_db [None req-34af7a64-4f29-4fd3-8f09-6be264c749f7 f1f7dab6404648b1a36d24b36ff2379a 9ef0de2b74f446acaa40fefc88a35ef1 - - default default] project_id key not found in filters, using tenant_id instead. This support has been deprecated and will be removed in a future release.
2026-05-09 06:24:49.387 7 INFO neutron.plugins.ml2.drivers.ovn.mech_driver.mech_driver [None req-9c97ea38-10bf-47e1-9062-5bb164bb76d8 - - - - - -] OVN reports status down for port: 697328e0-4fa8-4dec-80b8-a8fecbf4883e [pid: 6|app: 0|req: 905/1808] 10.0.0.187 () {34 vars in 695 bytes} [Sat May 9 06:24:49 2026] POST /v2.0/security-group-rules => generated 607 bytes in 193 msecs (HTTP/1.1 201) 4 headers in 162 bytes (1 switches on core 0)
2026-05-09 06:24:49.400 6 INFO neutron.api.v2.resource [None req-3c59eeb5-d2e6-4072-9448-a8fd3d63e59f 775f20e861a34772897600b506d45737 d61f6b7c165b4a9b9900c7e9d11d4605 - - default default] show failed (client error): The resource could not be found. [pid: 6|app: 0|req: 906/1809] 10.0.0.187 () {32 vars in 737 bytes} [Sat May 9 06:24:49 2026] GET /v2.0/security-groups/9fc32e3a-8fce-4af2-8f42-bbfe05df95f3 => generated 146 bytes in 10 msecs (HTTP/1.1 404) 4 headers in 164 bytes (1 switches on core 0)
2026-05-09 06:24:49.738 7 INFO neutron.db.ovn_revision_numbers_db [None req-34af7a64-4f29-4fd3-8f09-6be264c749f7 f1f7dab6404648b1a36d24b36ff2379a 9ef0de2b74f446acaa40fefc88a35ef1 - - default default] Successfully bumped revision number for resource 73d28b35-9b30-48a1-b17c-702e7c3536bf (type: security_groups) to 1
2026-05-09 06:24:49.781 7 INFO neutron.db.ovn_revision_numbers_db [None req-34af7a64-4f29-4fd3-8f09-6be264c749f7 f1f7dab6404648b1a36d24b36ff2379a 9ef0de2b74f446acaa40fefc88a35ef1 - - default default] Successfully bumped revision number for resource 06bbda89-814b-4030-b134-4b9a3403c26d (type: security_group_rules) to 0
2026-05-09 06:24:49.809 7 INFO neutron.db.ovn_revision_numbers_db [None req-34af7a64-4f29-4fd3-8f09-6be264c749f7 f1f7dab6404648b1a36d24b36ff2379a 9ef0de2b74f446acaa40fefc88a35ef1 - - default default] Successfully bumped revision number for resource 39dd95db-06a1-47c4-bf87-8740bbd3c9a9 (type: security_group_rules) to 0
2026-05-09 06:24:49.842 7 INFO neutron.db.ovn_revision_numbers_db [None req-34af7a64-4f29-4fd3-8f09-6be264c749f7 f1f7dab6404648b1a36d24b36ff2379a 9ef0de2b74f446acaa40fefc88a35ef1 - - default default] Successfully bumped revision number for resource 90832e3d-d8e3-4cdc-994a-b5173c9fbb0d (type: security_group_rules) to 0
2026-05-09 06:24:49.865 7 INFO neutron.db.ovn_revision_numbers_db [None req-34af7a64-4f29-4fd3-8f09-6be264c749f7 f1f7dab6404648b1a36d24b36ff2379a 9ef0de2b74f446acaa40fefc88a35ef1 - - default default] Successfully bumped revision number for resource b90a28cf-c287-4d17-bcf7-a9d777aa7404 (type: security_group_rules) to 0 [pid: 7|app: 0|req: 904/1810] 10.0.0.187 () {32 vars in 774 bytes} [Sat May 9 06:24:49 2026] GET /v2.0/security-groups?tenant_id=a087048e131d4c0f9c60246aa86d018c&name=default => generated 2925 bytes in 694 msecs (HTTP/1.1 200) 4 headers in 158 bytes (1 switches on core 0)
2026-05-09 06:24:49.958 6 WARNING neutron.scheduler.dhcp_agent_scheduler [None req-bea996fb-ac76-4993-b35f-23e3920cad1c f1f7dab6404648b1a36d24b36ff2379a 9ef0de2b74f446acaa40fefc88a35ef1 - - default default] No more DHCP agents
2026-05-09 06:24:49.959 6 WARNING neutron.api.rpc.agentnotifiers.dhcp_rpc_agent_api [None req-bea996fb-ac76-4993-b35f-23e3920cad1c f1f7dab6404648b1a36d24b36ff2379a 9ef0de2b74f446acaa40fefc88a35ef1 - - default default] Unable to schedule network e5363529-fd56-4e61-8f26-43abaaabd714: no agents available; will retry on subsequent port and subnet creation events. [pid: 7|app: 0|req: 905/1811] 10.0.0.187 () {32 vars in 747 bytes} [Sat May 9 06:24:49 2026] GET /v2.0/security-group-rules/248c573d-40e9-4893-b3fe-597a37d03bd7 => generated 607 bytes in 65 msecs (HTTP/1.1 200) 4 headers in 157 bytes (1 switches on core 0)
2026-05-09 06:24:50.137 7 INFO neutron.plugins.ml2.drivers.ovn.mech_driver.mech_driver [None req-9c97ea38-10bf-47e1-9062-5bb164bb76d8 - - - - - -] OVN reports status down for port: 417c55f9-85e8-4542-b912-d2191ce8e80d
2026-05-09 06:24:50.149 6 INFO neutron.db.ovn_revision_numbers_db [None req-bea996fb-ac76-4993-b35f-23e3920cad1c f1f7dab6404648b1a36d24b36ff2379a 9ef0de2b74f446acaa40fefc88a35ef1 - - default default] Successfully bumped revision number for resource 417c55f9-85e8-4542-b912-d2191ce8e80d (type: ports) to 1
2026-05-09 06:24:50.370 7 INFO neutron_taas.services.taas.taas_plugin [None req-6c737d25-3e51-46c4-b66c-d206ba42cee0 775f20e861a34772897600b506d45737 d61f6b7c165b4a9b9900c7e9d11d4605 - - default default] TaaS: Handle Delete Port: 623a6991-9101-4bfc-817f-673bd6304d6f
2026-05-09 06:24:50.387 7 INFO neutron_taas.services.taas.tap_mirror_plugin [None req-6c737d25-3e51-46c4-b66c-d206ba42cee0 775f20e861a34772897600b506d45737 d61f6b7c165b4a9b9900c7e9d11d4605 - - default default] Tap Mirror: Handle Delete Port: 623a6991-9101-4bfc-817f-673bd6304d6f [pid: 7|app: 0|req: 906/1812] 10.0.0.187 () {32 vars in 732 bytes} [Sat May 9 06:24:50 2026] DELETE /v2.0/floatingips/5e2185c5-2999-43e6-906b-9838eda08e08 => generated 0 bytes in 679 msecs (HTTP/1.1 204) 2 headers in 112 bytes (1 switches on core 0)
2026-05-09 06:24:50.788 7 INFO neutron.plugins.ml2.drivers.ovn.mech_driver.mech_driver [None req-9c97ea38-10bf-47e1-9062-5bb164bb76d8 - - - - - -] OVN reports status up for port: 417c55f9-85e8-4542-b912-d2191ce8e80d
2026-05-09 06:24:50.843 6 WARNING neutron.scheduler.dhcp_agent_scheduler [None req-bea996fb-ac76-4993-b35f-23e3920cad1c f1f7dab6404648b1a36d24b36ff2379a 9ef0de2b74f446acaa40fefc88a35ef1 - - default default] No more DHCP agents
2026-05-09 06:24:50.844 7 INFO neutron.plugins.ml2.plugin [None req-9c97ea38-10bf-47e1-9062-5bb164bb76d8 - - - - - -] Attempt 1 to provision port 417c55f9-85e8-4542-b912-d2191ce8e80d
2026-05-09 06:24:50.844 6 WARNING neutron.api.rpc.agentnotifiers.dhcp_rpc_agent_api [None req-bea996fb-ac76-4993-b35f-23e3920cad1c f1f7dab6404648b1a36d24b36ff2379a 9ef0de2b74f446acaa40fefc88a35ef1 - - default default] Unable to schedule network e5363529-fd56-4e61-8f26-43abaaabd714: no agents available; will retry on subsequent port and subnet creation events.
2026-05-09 06:24:50.916 7 INFO neutron.db.ovn_revision_numbers_db [None req-2bec50f4-391f-49ad-b6d6-985189075f1d - - - - - -] Successfully bumped revision number for resource 78087892-5d83-4357-8726-694906410922 (type: ports) to 4 [pid: 7|app: 0|req: 907/1813] 10.0.0.187 () {32 vars in 740 bytes} [Sat May 9 06:24:50 2026] DELETE /v2.0/security-groups/73d28b35-9b30-48a1-b17c-702e7c3536bf => generated 0 bytes in 645 msecs (HTTP/1.1 204) 2 headers in 112 bytes (1 switches on core 0)
2026-05-09 06:24:51.374 6 INFO neutron.db.ovn_revision_numbers_db [None req-bea996fb-ac76-4993-b35f-23e3920cad1c f1f7dab6404648b1a36d24b36ff2379a 9ef0de2b74f446acaa40fefc88a35ef1 - - default default] Successfully bumped revision number for resource 417c55f9-85e8-4542-b912-d2191ce8e80d (type: router_ports) to 1 [pid: 6|app: 0|req: 907/1814] 10.0.0.187 () {34 vars in 783 bytes} [Sat May 9 06:24:49 2026] PUT /v2.0/routers/121734fa-dc13-4474-a5ea-83db471b7a79/add_router_interface => generated 310 bytes in 1981 msecs (HTTP/1.1 200) 4 headers in 157 bytes (1 switches on core 0)
2026-05-09 06:24:51.383 6 INFO neutron.common.ovn.utils [None req-46c33dfa-5223-4a6d-8377-9a168bf56cf8 - - - - - -] HA Chassis Group neutron-e5363529-fd56-4e61-8f26-43abaaabd714 synchronized; highest priority chassis 99d2b7a4-a930-4759-aa92-41c44bd8ce31 [pid: 7|app: 0|req: 908/1817] 10.0.0.187 () {32 vars in 673 bytes} [Sat May 9 06:24:51 2026] GET /v2.0/security-group-rules => generated 4144 bytes in 234 msecs (HTTP/1.1 200) 4 headers in 158 bytes (1 switches on core 0)
2026-05-09 06:24:51.582 7 WARNING neutron.db.securitygroups_db [None req-5d7c3606-c9ab-4065-b94a-ccdd92eb04ab f1f7dab6404648b1a36d24b36ff2379a 9ef0de2b74f446acaa40fefc88a35ef1 - - default default] project_id key not found in filters, using tenant_id instead. This support has been deprecated and will be removed in a future release.
2026-05-09 06:24:51.654 6 INFO neutron_taas.services.taas.taas_plugin [None req-e5621a37-4378-482e-a960-6c8918784f85 f1f7dab6404648b1a36d24b36ff2379a 9ef0de2b74f446acaa40fefc88a35ef1 - - default default] TaaS: Handle Delete Port: be0f6802-504b-4b90-9d5e-1546c45dae93
2026-05-09 06:24:51.657 6 INFO neutron_taas.services.taas.tap_mirror_plugin [None req-e5621a37-4378-482e-a960-6c8918784f85 f1f7dab6404648b1a36d24b36ff2379a 9ef0de2b74f446acaa40fefc88a35ef1 - - default default] Tap Mirror: Handle Delete Port: be0f6802-504b-4b90-9d5e-1546c45dae93 [pid: 7|app: 0|req: 909/1818] 10.0.0.187 () {32 vars in 774 bytes} [Sat May 9 06:24:51 2026] GET /v2.0/security-groups?tenant_id=cdc0a4353d964ed5af39558210fca5fe&name=default => generated 2925 bytes in 107 msecs (HTTP/1.1 200) 4 headers in 158 bytes (1 switches on core 0)
2026-05-09 06:24:52.115 7 INFO neutron.db.ovn_revision_numbers_db [None req-2bec50f4-391f-49ad-b6d6-985189075f1d - - - - - -] Successfully bumped revision number for resource 78087892-5d83-4357-8726-694906410922 (type: ports) to 5 [pid: 7|app: 0|req: 910/1819] 10.0.0.187 () {32 vars in 750 bytes} [Sat May 9 06:24:51 2026] DELETE /v2.0/security-group-rules/248c573d-40e9-4893-b3fe-597a37d03bd7 => generated 0 bytes in 489 msecs (HTTP/1.1 204) 2 headers in 112 bytes (1 switches on core 0) [pid: 6|app: 0|req: 910/1820] 10.0.0.187 () {34 vars in 789 bytes} [Sat May 9 06:24:51 2026] PUT /v2.0/routers/45b8a6cf-fe40-4e10-98d2-116919880645/remove_router_interface => generated 310 bytes in 943 msecs (HTTP/1.1 200) 4 headers in 157 bytes (1 switches on core 0) /var/lib/openstack/lib/python3.12/site-packages/pycadf/identifier.py:70: UserWarning: Invalid uuid: neutron. To ensure interoperability, identifiers should be a valid uuid. warnings.warn(('Invalid uuid: %s. To ensure interoperability, '
2026-05-09 06:24:52.342 7 INFO neutron.db.ovn_revision_numbers_db [None req-9c97ea38-10bf-47e1-9062-5bb164bb76d8 - - - - - -] Successfully bumped revision number for resource 417c55f9-85e8-4542-b912-d2191ce8e80d (type: ports) to 2
2026-05-09 06:24:52.464 6 INFO neutron.db.ovn_revision_numbers_db [None req-f17ddd3d-2ad8-4e9d-a956-176c8fab348e de09858ee94c4521b91ca66923a18fa2 542257fc9b024009a4c08902b785d524 - - default default] Successfully bumped revision number for resource 989a6eef-3bea-4371-b449-494d632820dc (type: security_groups) to 1
2026-05-09 06:24:52.478 6 INFO neutron.db.ovn_revision_numbers_db [None req-f17ddd3d-2ad8-4e9d-a956-176c8fab348e de09858ee94c4521b91ca66923a18fa2 542257fc9b024009a4c08902b785d524 - - default default] Successfully bumped revision number for resource 077c58ae-527b-4684-bc9e-222b3cbc071b (type: security_group_rules) to 0
2026-05-09 06:24:52.493 6 INFO neutron.db.ovn_revision_numbers_db [None req-f17ddd3d-2ad8-4e9d-a956-176c8fab348e de09858ee94c4521b91ca66923a18fa2 542257fc9b024009a4c08902b785d524 - - default default] Successfully bumped revision number for resource 62c6ec1d-779b-4aec-ab6e-7b8f7601bf99 (type: security_group_rules) to 0 [pid: 6|app: 0|req: 911/1821] 10.0.0.187 () {34 vars in 685 bytes} [Sat May 9 06:24:52 2026] POST /v2.0/security-groups => generated 1675 bytes in 196 msecs (HTTP/1.1 201) 4 headers in 163 bytes (1 switches on core 0) [pid: 6|app: 0|req: 912/1822] 10.0.0.187 () {32 vars in 673 bytes} [Sat May 9 06:24:52 2026] GET /v2.0/security-group-rules => generated 3560 bytes in 67 msecs (HTTP/1.1 200) 4 headers in 158 bytes (1 switches on core 0) [pid: 7|app: 0|req: 911/1823] 10.0.0.187 () {32 vars in 740 bytes} [Sat May 9 06:24:52 2026] DELETE /v2.0/security-groups/c3667321-0712-4d2f-ae29-8e612992af89 => generated 0 bytes in 506 msecs (HTTP/1.1 204) 2 headers in 112 bytes (1 switches on core 0)
2026-05-09 06:24:52.791 7 INFO neutron.db.ovn_revision_numbers_db [None req-cbbe52c0-b8ae-4610-913c-6dd6d00190d7 de09858ee94c4521b91ca66923a18fa2 542257fc9b024009a4c08902b785d524 - - default default] Successfully bumped revision number for resource f31b9988-2c8a-4b67-be3a-ca76de371034 (type: security_group_rules) to 0 [pid: 7|app: 0|req: 912/1824] 10.0.0.187 () {34 vars in 695 bytes} [Sat May 9 06:24:52 2026] POST /v2.0/security-group-rules => generated 597 bytes in 161 msecs (HTTP/1.1 201) 4 headers in 162 bytes (1 switches on core 0) [pid: 7|app: 0|req: 913/1825] 10.0.0.187 () {32 vars in 740 bytes} [Sat May 9 06:24:52 2026] DELETE /v2.0/security-groups/b1260b65-56ef-450f-aa6e-20f27c6c3fc9 => generated 0 bytes in 155 msecs (HTTP/1.1 204) 2 headers in 112 bytes (1 switches on core 0)
2026-05-09 06:24:53.003 6 INFO neutron_taas.services.taas.taas_plugin [None req-2f5b223e-87b6-43ec-8db7-1b99624bd471 f1f7dab6404648b1a36d24b36ff2379a 9ef0de2b74f446acaa40fefc88a35ef1 - - default default] TaaS: Handle Delete Port: f891ff63-a006-4ab1-ae25-49870ab55962
2026-05-09 06:24:53.007 6 INFO neutron_taas.services.taas.tap_mirror_plugin [None req-2f5b223e-87b6-43ec-8db7-1b99624bd471 f1f7dab6404648b1a36d24b36ff2379a 9ef0de2b74f446acaa40fefc88a35ef1 - - default default] Tap Mirror: Handle Delete Port: f891ff63-a006-4ab1-ae25-49870ab55962
2026-05-09 06:24:53.110 7 INFO neutron.db.ovn_revision_numbers_db [None req-11be57a7-2de8-49e9-ae24-20f00d47451a de09858ee94c4521b91ca66923a18fa2 542257fc9b024009a4c08902b785d524 - - default default] Successfully bumped revision number for resource 739d6fdb-c645-4e29-b593-1ebe48a38fdb (type: security_group_rules) to 0 [pid: 7|app: 0|req: 914/1826] 10.0.0.187 () {34 vars in 695 bytes} [Sat May 9 06:24:52 2026] POST /v2.0/security-group-rules => generated 596 bytes in 189 msecs (HTTP/1.1 201) 4 headers in 162 bytes (1 switches on core 0) [pid: 7|app: 0|req: 915/1827] 10.0.0.187 () {32 vars in 663 bytes} [Sat May 9 06:24:53 2026] GET /v2.0/security-groups => generated 2925 bytes in 45 msecs (HTTP/1.1 200) 4 headers in 158 bytes (1 switches on core 0)
2026-05-09 06:24:53.317 7 INFO neutron.db.ovn_revision_numbers_db [None req-7e0a7c74-f3b1-4008-8b64-f6dd807e8d80 de09858ee94c4521b91ca66923a18fa2 542257fc9b024009a4c08902b785d524 - - default default] Successfully bumped revision number for resource 828274cf-a711-444a-9260-bde3feefe816 (type: security_group_rules) to 0 [pid: 7|app: 0|req: 916/1828] 10.0.0.187 () {34 vars in 695 bytes} [Sat May 9 06:24:53 2026] POST /v2.0/security-group-rules => generated 602 bytes in 130 msecs (HTTP/1.1 201) 4 headers in 162 bytes (1 switches on core 0) [pid: 7|app: 0|req: 917/1829] 10.0.0.187 () {32 vars in 663 bytes} [Sat May 9 06:24:53 2026] GET /v2.0/security-groups => generated 2925 bytes in 29 msecs (HTTP/1.1 200) 4 headers in 158 bytes (1 switches on core 0) [pid: 6|app: 0|req: 913/1830] 10.0.0.187 () {32 vars in 724 bytes} [Sat May 9 06:24:52 2026] DELETE /v2.0/routers/45b8a6cf-fe40-4e10-98d2-116919880645 => generated 0 bytes in 819 msecs (HTTP/1.1 204) 2 headers in 112 bytes (1 switches on core 0)
2026-05-09 06:24:53.520 7 INFO neutron.db.ovn_revision_numbers_db [None req-82a30736-bc9e-47ea-8530-f3365dbd8b96 de09858ee94c4521b91ca66923a18fa2 542257fc9b024009a4c08902b785d524 - - default default] Successfully bumped revision number for resource c831c93d-04fe-4cc9-86d5-90ea71492098 (type: security_group_rules) to 0 [pid: 7|app: 0|req: 918/1831] 10.0.0.187 () {34 vars in 695 bytes} [Sat May 9 06:24:53 2026] POST /v2.0/security-group-rules => generated 601 bytes in 193 msecs (HTTP/1.1 201) 4 headers in 162 bytes (1 switches on core 0) [pid: 6|app: 0|req: 914/1832] 10.0.0.187 () {32 vars in 724 bytes} [Sat May 9 06:24:53 2026] DELETE /v2.0/subnets/3826dbb0-b53d-4dbd-9e2c-4abdae6ccba5 => generated 0 bytes in 161 msecs (HTTP/1.1 204) 3 headers in 131 bytes (1 switches on core 0)
2026-05-09 06:24:53.614 7 INFO neutron.db.securitygroups_db [None req-40b16e69-e58c-4e64-a9f2-bbd913a7cbcf de09858ee94c4521b91ca66923a18fa2 542257fc9b024009a4c08902b785d524 - - default default] Project 542257fc9b024009a4c08902b785d524 added a security group rule with legacy IPv6 ICMP protocol name icmp, ipv6-icmp should be used instead. It was automatically converted.
2026-05-09 06:24:53.705 7 INFO neutron.db.ovn_revision_numbers_db [None req-40b16e69-e58c-4e64-a9f2-bbd913a7cbcf de09858ee94c4521b91ca66923a18fa2 542257fc9b024009a4c08902b785d524 - - default default] Successfully bumped revision number for resource 73831f1d-9fad-4590-b675-e7c4b879b70f (type: security_group_rules) to 0
2026-05-09 06:24:53.714 6 INFO neutron_taas.services.taas.taas_plugin [None req-20c3681e-f0d6-406c-a185-7635c7c5072a f1f7dab6404648b1a36d24b36ff2379a 9ef0de2b74f446acaa40fefc88a35ef1 - - default default] TaaS: Handle Delete Port: f7e7b4ce-20dd-4c1c-8a3d-6d57c98b2182
2026-05-09 06:24:53.717 6 INFO neutron_taas.services.taas.tap_mirror_plugin [None req-20c3681e-f0d6-406c-a185-7635c7c5072a f1f7dab6404648b1a36d24b36ff2379a 9ef0de2b74f446acaa40fefc88a35ef1 - - default default] Tap Mirror: Handle Delete Port: f7e7b4ce-20dd-4c1c-8a3d-6d57c98b2182 [pid: 7|app: 0|req: 919/1833] 10.0.0.187 () {34 vars in 695 bytes} [Sat May 9 06:24:53 2026] POST /v2.0/security-group-rules => generated 607 bytes in 169 msecs (HTTP/1.1 201) 4 headers in 162 bytes (1 switches on core 0)
2026-05-09 06:24:53.791 7 INFO neutron.db.securitygroups_db [None req-ac6e0f4a-c403-4fc7-acac-1070fd7f5c89 de09858ee94c4521b91ca66923a18fa2 542257fc9b024009a4c08902b785d524 - - default default] Project 542257fc9b024009a4c08902b785d524 added a security group rule with legacy IPv6 ICMP protocol name icmp, ipv6-icmp should be used instead. It was automatically converted.
2026-05-09 06:24:53.893 7 INFO neutron.db.ovn_revision_numbers_db [None req-ac6e0f4a-c403-4fc7-acac-1070fd7f5c89 de09858ee94c4521b91ca66923a18fa2 542257fc9b024009a4c08902b785d524 - - default default] Successfully bumped revision number for resource d7e5941b-6fdd-4407-9782-c778dde49528 (type: security_group_rules) to 0
2026-05-09 06:24:53.925 6 INFO neutron.services.segments.plugin [-] Segment c076f970-9301-41d0-adf9-403cd3d5e538 resource provider aggregate not found [pid: 7|app: 0|req: 920/1834] 10.0.0.187 () {34 vars in 695 bytes} [Sat May 9 06:24:53 2026] POST /v2.0/security-group-rules => generated 606 bytes in 173 msecs (HTTP/1.1 201) 4 headers in 162 bytes (1 switches on core 0)
2026-05-09 06:24:53.931 6 INFO neutron.services.segments.plugin [-] Segment c076f970-9301-41d0-adf9-403cd3d5e538 resource provider aggregate not found
2026-05-09 06:24:53.951 6 INFO neutron.services.segments.plugin [-] Segment c076f970-9301-41d0-adf9-403cd3d5e538 resource provider not found; error: Placement Client Error (4xx): {"errors": [{"status": 404, "title": "Not Found", "detail": "The resource could not be found.\n\n No resource provider with uuid c076f970-9301-41d0-adf9-403cd3d5e538 found for delete ", "request_id": "req-f50bb57e-7be7-4ba0-a337-01c00866686e"}]}
2026-05-09 06:24:53.953 6 INFO neutron.services.segments.plugin [-] Segment c076f970-9301-41d0-adf9-403cd3d5e538 resource provider not found; error: Placement Client Error (4xx): {"errors": [{"status": 404, "title": "Not Found", "detail": "The resource could not be found.\n\n No resource provider with uuid c076f970-9301-41d0-adf9-403cd3d5e538 found for delete ", "request_id": "req-e7662c70-5c9f-4610-aa37-e272a6b9c6b8"}]} [pid: 6|app: 0|req: 915/1835] 10.0.0.187 () {32 vars in 726 bytes} [Sat May 9 06:24:53 2026] DELETE /v2.0/networks/f118bb3c-9046-4405-9b71-9f18222f20f7 => generated 0 bytes in 426 msecs (HTTP/1.1 204) 3 headers in 131 bytes (1 switches on core 0)
2026-05-09 06:24:54.116 7 WARNING neutron.db.securitygroups_db [None req-a12f47c6-a477-4242-a5bc-0caad22169d8 f1f7dab6404648b1a36d24b36ff2379a 9ef0de2b74f446acaa40fefc88a35ef1 - - default default] project_id key not found in filters, using tenant_id instead. This support has been deprecated and will be removed in a future release. [pid: 7|app: 0|req: 921/1836] 10.0.0.187 () {32 vars in 774 bytes} [Sat May 9 06:24:53 2026] GET /v2.0/security-groups?tenant_id=0e4ad7a2c87d4e81b0714101401312f1&name=default => generated 2925 bytes in 207 msecs (HTTP/1.1 200) 4 headers in 158 bytes (1 switches on core 0)
2026-05-09 06:24:54.151 7 WARNING neutron.db.securitygroups_db [None req-e5b9b7a9-42d5-4893-a1ec-4681c9929319 f1f7dab6404648b1a36d24b36ff2379a 9ef0de2b74f446acaa40fefc88a35ef1 - - default default] project_id key not found in filters, using tenant_id instead. This support has been deprecated and will be removed in a future release. [pid: 7|app: 0|req: 922/1837] 10.0.0.187 () {32 vars in 774 bytes} [Sat May 9 06:24:54 2026] GET /v2.0/security-groups?tenant_id=d61f6b7c165b4a9b9900c7e9d11d4605&name=default => generated 2925 bytes in 31 msecs (HTTP/1.1 200) 4 headers in 158 bytes (1 switches on core 0) [pid: 7|app: 0|req: 923/1838] 10.0.0.187 () {32 vars in 740 bytes} [Sat May 9 06:24:54 2026] DELETE /v2.0/security-groups/a3f593cb-7a6c-4a34-ab0f-4d454ff62b5d => generated 0 bytes in 162 msecs (HTTP/1.1 204) 2 headers in 112 bytes (1 switches on core 0) [pid: 6|app: 0|req: 916/1839] 10.0.0.187 () {32 vars in 740 bytes} [Sat May 9 06:24:54 2026] DELETE /v2.0/security-groups/5ad55288-61b3-447c-a032-1b2997b9c236 => generated 0 bytes in 272 msecs (HTTP/1.1 204) 2 headers in 112 bytes (1 switches on core 0)
2026-05-09 06:24:54.499 7 INFO neutron.db.ovn_revision_numbers_db [None req-72950fff-9e44-441e-a8c4-33966d7a5ccc de09858ee94c4521b91ca66923a18fa2 542257fc9b024009a4c08902b785d524 - - default default] Successfully bumped revision number for resource 725603cc-4696-4aec-a247-9721f29e1547 (type: security_groups) to 1
2026-05-09 06:24:54.513 7 INFO neutron.db.ovn_revision_numbers_db [None req-72950fff-9e44-441e-a8c4-33966d7a5ccc de09858ee94c4521b91ca66923a18fa2 542257fc9b024009a4c08902b785d524 - - default default] Successfully bumped revision number for resource 546900ff-553f-406d-868d-ecee35c4c170 (type: security_group_rules) to 0
2026-05-09 06:24:54.527 7 INFO neutron.db.ovn_revision_numbers_db [None req-72950fff-9e44-441e-a8c4-33966d7a5ccc de09858ee94c4521b91ca66923a18fa2 542257fc9b024009a4c08902b785d524 - - default default] Successfully bumped revision number for resource 92bdcba0-1354-4a17-b011-9aae1c9b6a65 (type: security_group_rules) to 0 [pid: 7|app: 0|req: 924/1840] 10.0.0.187 () {34 vars in 685 bytes} [Sat May 9 06:24:54 2026] POST /v2.0/security-groups => generated 1659 bytes in 183 msecs (HTTP/1.1 201) 4 headers in 163 bytes (1 switches on core 0)
2026-05-09 06:24:54.700 6 INFO neutron.db.ovn_revision_numbers_db [None req-9ee309a5-bd47-46a9-94aa-58daf99fcf08 de09858ee94c4521b91ca66923a18fa2 542257fc9b024009a4c08902b785d524 - - default default] Successfully bumped revision number for resource 9b2766b6-8a3a-4f3f-8395-2defd3d9685b (type: security_group_rules) to 0 [pid: 6|app: 0|req: 917/1841] 10.0.0.187 () {34 vars in 695 bytes} [Sat May 9 06:24:54 2026] POST /v2.0/security-group-rules => generated 597 bytes in 167 msecs (HTTP/1.1 201) 4 headers in 162 bytes (1 switches on core 0)
