2026-05-09 06:22:53.058 8 INFO placement.requestlog [None req-3b520956-e976-4e83-adb1-21f1b9c427f9 07b7318b7dcc49aaab499e54aead5138 31824a0c444c4c3c88d709842846f873 - - 811389963b2245ea9f4bfd6dde6f88c6 811389963b2245ea9f4bfd6dde6f88c6] 10.0.0.237 "GET /resource_providers/5d421bf0-cd38-4ab5-abc2-cb15ac1bc5ae/aggregates" status: 404 len: 235 microversion: 1.1 [pid: 7|app: 0|req: 338/681] 10.0.0.237 () {32 vars in 816 bytes} [Sat May 9 06:22:53 2026] GET /resource_providers/5d421bf0-cd38-4ab5-abc2-cb15ac1bc5ae/aggregates => generated 235 bytes in 13 msecs (HTTP/1.1 404) 5 headers in 202 bytes (1 switches on core 0) [pid: 8|app: 0|req: 344/682] 10.0.0.237 () {32 vars in 816 bytes} [Sat May 9 06:22:53 2026] GET /resource_providers/5d421bf0-cd38-4ab5-abc2-cb15ac1bc5ae/aggregates => generated 235 bytes in 10 msecs (HTTP/1.1 404) 5 headers in 202 bytes (1 switches on core 0)
2026-05-09 06:22:53.083 7 INFO placement.requestlog [None req-cc22924d-0dec-4a86-a515-08f9beb754c0 07b7318b7dcc49aaab499e54aead5138 31824a0c444c4c3c88d709842846f873 - - 811389963b2245ea9f4bfd6dde6f88c6 811389963b2245ea9f4bfd6dde6f88c6] 10.0.0.237 "DELETE /resource_providers/5d421bf0-cd38-4ab5-abc2-cb15ac1bc5ae" status: 404 len: 246 microversion: 1.1 [pid: 7|app: 0|req: 339/683] 10.0.0.237 () {34 vars in 816 bytes} [Sat May 9 06:22:53 2026] DELETE /resource_providers/5d421bf0-cd38-4ab5-abc2-cb15ac1bc5ae => generated 246 bytes in 11 msecs (HTTP/1.1 404) 6 headers in 231 bytes (1 switches on core 0)
2026-05-09 06:22:53.093 8 INFO placement.requestlog [None req-58d073e2-4490-44e3-aac2-5b4b8fa417f3 07b7318b7dcc49aaab499e54aead5138 31824a0c444c4c3c88d709842846f873 - - 811389963b2245ea9f4bfd6dde6f88c6 811389963b2245ea9f4bfd6dde6f88c6] 10.0.0.237 "DELETE /resource_providers/5d421bf0-cd38-4ab5-abc2-cb15ac1bc5ae" status: 404 len: 246 microversion: 1.1 [pid: 8|app: 0|req: 345/684] 10.0.0.237 () {34 vars in 816 bytes} [Sat May 9 06:22:53 2026] DELETE /resource_providers/5d421bf0-cd38-4ab5-abc2-cb15ac1bc5ae => generated 246 bytes in 11 msecs (HTTP/1.1 404) 6 headers in 231 bytes (1 switches on core 0)
2026-05-09 06:22:53.746 7 INFO placement.requestlog [None req-4b46182e-b7f4-42d7-9922-886388d61363 07b7318b7dcc49aaab499e54aead5138 31824a0c444c4c3c88d709842846f873 - - 811389963b2245ea9f4bfd6dde6f88c6 811389963b2245ea9f4bfd6dde6f88c6] 10.0.0.237 "GET /resource_providers/883b2173-228b-49d1-9aba-b4d21dde39f3/aggregates" status: 404 len: 235 microversion: 1.1 [pid: 7|app: 0|req: 340/685] 10.0.0.237 () {32 vars in 816 bytes} [Sat May 9 06:22:53 2026] GET /resource_providers/883b2173-228b-49d1-9aba-b4d21dde39f3/aggregates => generated 235 bytes in 10 msecs (HTTP/1.1 404) 5 headers in 202 bytes (1 switches on core 0)
2026-05-09 06:22:53.748 8 INFO placement.requestlog [None req-f089cbff-e304-49dd-9b9e-c6d256a695c7 07b7318b7dcc49aaab499e54aead5138 31824a0c444c4c3c88d709842846f873 - - 811389963b2245ea9f4bfd6dde6f88c6 811389963b2245ea9f4bfd6dde6f88c6] 10.0.0.237 "GET /resource_providers/883b2173-228b-49d1-9aba-b4d21dde39f3/aggregates" status: 404 len: 235 microversion: 1.1 [pid: 8|app: 0|req: 346/686] 10.0.0.237 () {32 vars in 816 bytes} [Sat May 9 06:22:53 2026] GET /resource_providers/883b2173-228b-49d1-9aba-b4d21dde39f3/aggregates => generated 235 bytes in 12 msecs (HTTP/1.1 404) 5 headers in 202 bytes (1 switches on core 0)
2026-05-09 06:22:53.777 7 INFO placement.requestlog [None req-3ad228e9-90ce-4f63-9aed-4b94d2d5e3a8 07b7318b7dcc49aaab499e54aead5138 31824a0c444c4c3c88d709842846f873 - - 811389963b2245ea9f4bfd6dde6f88c6 811389963b2245ea9f4bfd6dde6f88c6] 10.0.0.237 "DELETE /resource_providers/883b2173-228b-49d1-9aba-b4d21dde39f3" status: 404 len: 246 microversion: 1.1
2026-05-09 06:22:53.777 8 INFO placement.requestlog [None req-c3d26247-a274-43c9-b436-b98a739bfbb8 07b7318b7dcc49aaab499e54aead5138 31824a0c444c4c3c88d709842846f873 - - 811389963b2245ea9f4bfd6dde6f88c6 811389963b2245ea9f4bfd6dde6f88c6] 10.0.0.237 "DELETE /resource_providers/883b2173-228b-49d1-9aba-b4d21dde39f3" status: 404 len: 246 microversion: 1.1 [pid: 7|app: 0|req: 341/687] 10.0.0.237 () {34 vars in 816 bytes} [Sat May 9 06:22:53 2026] DELETE /resource_providers/883b2173-228b-49d1-9aba-b4d21dde39f3 => generated 246 bytes in 9 msecs (HTTP/1.1 404) 6 headers in 231 bytes (1 switches on core 0) [pid: 8|app: 0|req: 347/688] 10.0.0.237 () {34 vars in 816 bytes} [Sat May 9 06:22:53 2026] DELETE /resource_providers/883b2173-228b-49d1-9aba-b4d21dde39f3 => generated 246 bytes in 9 msecs (HTTP/1.1 404) 6 headers in 231 bytes (1 switches on core 0)
2026-05-09 06:22:54.608 8 INFO placement.requestlog [None req-bdc72bc8-4e1a-413e-8fc0-d42602047310 - - - - - -] 10.0.0.121 "GET /" status: 200 len: 136 microversion: 1.0
2026-05-09 06:22:54.608 7 INFO placement.requestlog [None req-a4d57f95-4d30-492b-865e-9df4865fbfb0 - - - - - -] 10.0.0.121 "GET /" status: 200 len: 136 microversion: 1.0
2026-05-09 06:22:56.362 7 INFO placement.requestlog [None req-5d9a7e52-5b7d-43bb-a44f-300855e4508d 07b7318b7dcc49aaab499e54aead5138 31824a0c444c4c3c88d709842846f873 - - 811389963b2245ea9f4bfd6dde6f88c6 811389963b2245ea9f4bfd6dde6f88c6] 10.0.0.237 "GET /resource_providers/7c2db4ee-ba78-4c8b-8b31-94f5bd27902b/aggregates" status: 404 len: 235 microversion: 1.1 [pid: 7|app: 0|req: 343/691] 10.0.0.237 () {32 vars in 816 bytes} [Sat May 9 06:22:56 2026] GET /resource_providers/7c2db4ee-ba78-4c8b-8b31-94f5bd27902b/aggregates => generated 235 bytes in 10 msecs (HTTP/1.1 404) 5 headers in 202 bytes (1 switches on core 0)
2026-05-09 06:22:56.371 8 INFO placement.requestlog [None req-8b0e51e6-8c92-4943-9665-a225cc658449 07b7318b7dcc49aaab499e54aead5138 31824a0c444c4c3c88d709842846f873 - - 811389963b2245ea9f4bfd6dde6f88c6 811389963b2245ea9f4bfd6dde6f88c6] 10.0.0.237 "GET /resource_providers/7c2db4ee-ba78-4c8b-8b31-94f5bd27902b/aggregates" status: 404 len: 235 microversion: 1.1 [pid: 8|app: 0|req: 349/692] 10.0.0.237 () {32 vars in 816 bytes} [Sat May 9 06:22:56 2026] GET /resource_providers/7c2db4ee-ba78-4c8b-8b31-94f5bd27902b/aggregates => generated 235 bytes in 11 msecs (HTTP/1.1 404) 5 headers in 202 bytes (1 switches on core 0)
2026-05-09 06:22:56.380 7 INFO placement.requestlog [None req-85056bdb-e7ae-4ddb-bc51-c77fa48a66f7 07b7318b7dcc49aaab499e54aead5138 31824a0c444c4c3c88d709842846f873 - - 811389963b2245ea9f4bfd6dde6f88c6 811389963b2245ea9f4bfd6dde6f88c6] 10.0.0.237 "DELETE /resource_providers/7c2db4ee-ba78-4c8b-8b31-94f5bd27902b" status: 404 len: 246 microversion: 1.1 [pid: 7|app: 0|req: 344/693] 10.0.0.237 () {34 vars in 816 bytes} [Sat May 9 06:22:56 2026] DELETE /resource_providers/7c2db4ee-ba78-4c8b-8b31-94f5bd27902b => generated 246 bytes in 9 msecs (HTTP/1.1 404) 6 headers in 231 bytes (1 switches on core 0)
2026-05-09 06:22:56.392 8 INFO placement.requestlog [None req-78831b62-e4f0-4b98-b4da-3eba52d68d47 07b7318b7dcc49aaab499e54aead5138 31824a0c444c4c3c88d709842846f873 - - 811389963b2245ea9f4bfd6dde6f88c6 811389963b2245ea9f4bfd6dde6f88c6] 10.0.0.237 "DELETE /resource_providers/7c2db4ee-ba78-4c8b-8b31-94f5bd27902b" status: 404 len: 246 microversion: 1.1 [pid: 8|app: 0|req: 350/694] 10.0.0.237 () {34 vars in 816 bytes} [Sat May 9 06:22:56 2026] DELETE /resource_providers/7c2db4ee-ba78-4c8b-8b31-94f5bd27902b => generated 246 bytes in 8 msecs (HTTP/1.1 404) 6 headers in 231 bytes (1 switches on core 0)
2026-05-09 06:23:03.286 7 INFO placement.requestlog [req-4c3350e9-57bd-43b2-8cde-225c79edaf4a req-a54bb897-2246-42b4-92c0-c94df68cfe1a 879cbf14550547d0a60478c5154a4f32 31824a0c444c4c3c88d709842846f873 - - 811389963b2245ea9f4bfd6dde6f88c6 811389963b2245ea9f4bfd6dde6f88c6] 199.204.45.223 "GET /resource_providers/b8974418-3c7a-45a9-a42f-e47de5e1fa97/allocations" status: 200 len: 252 microversion: 1.0 [pid: 7|app: 0|req: 345/695] 199.204.45.223 () {32 vars in 857 bytes} [Sat May 9 06:23:03 2026] GET /resource_providers/b8974418-3c7a-45a9-a42f-e47de5e1fa97/allocations => generated 252 bytes in 20 msecs (HTTP/1.1 200) 6 headers in 224 bytes (1 switches on core 0)
2026-05-09 06:23:03.334 8 INFO placement.requestlog [req-4c3350e9-57bd-43b2-8cde-225c79edaf4a req-71647484-d68c-4fe8-8e54-6eb9369d9999 879cbf14550547d0a60478c5154a4f32 31824a0c444c4c3c88d709842846f873 - - 811389963b2245ea9f4bfd6dde6f88c6 811389963b2245ea9f4bfd6dde6f88c6] 199.204.45.223 "GET /allocations/13977bc5-71eb-4489-88eb-1ca5f615b420" status: 200 len: 257 microversion: 1.28 [pid: 8|app: 0|req: 351/696] 199.204.45.223 () {34 vars in 863 bytes} [Sat May 9 06:23:03 2026] GET /allocations/13977bc5-71eb-4489-88eb-1ca5f615b420 => generated 257 bytes in 38 msecs (HTTP/1.1 200) 8 headers in 296 bytes (1 switches on core 0)
2026-05-09 06:23:03.370 7 INFO placement.requestlog [req-4c3350e9-57bd-43b2-8cde-225c79edaf4a req-80cbd52d-717f-4aea-9058-22976ef2396d 879cbf14550547d0a60478c5154a4f32 31824a0c444c4c3c88d709842846f873 - - 811389963b2245ea9f4bfd6dde6f88c6 811389963b2245ea9f4bfd6dde6f88c6] 199.204.45.223 "GET /allocations/70da607d-a341-458b-9eb5-f6ec72c5ab77" status: 200 len: 257 microversion: 1.28 [pid: 7|app: 0|req: 346/697] 199.204.45.223 () {34 vars in 863 bytes} [Sat May 9 06:23:03 2026] GET /allocations/70da607d-a341-458b-9eb5-f6ec72c5ab77 => generated 257 bytes in 27 msecs (HTTP/1.1 200) 8 headers in 296 bytes (1 switches on core 0)
2026-05-09 06:23:04.114 8 INFO placement.requestlog [req-38306aba-df42-4dc5-8313-f209da09271b req-a06a1fb9-671e-48c3-8472-17ad8aea8b31 879cbf14550547d0a60478c5154a4f32 31824a0c444c4c3c88d709842846f873 - - 811389963b2245ea9f4bfd6dde6f88c6 811389963b2245ea9f4bfd6dde6f88c6] 10.0.0.197 "GET /allocation_candidates?limit=1000&resources=DISK_GB%3A1%2CMEMORY_MB%3A512%2CVCPU%3A1&root_required=%21COMPUTE_STATUS_DISABLED" status: 200 len: 2784 microversion: 1.36 [pid: 8|app: 0|req: 352/698] 10.0.0.197 () {34 vars in 1012 bytes} [Sat May 9 06:23:04 2026] GET /allocation_candidates?limit=1000&resources=DISK_GB%3A1%2CMEMORY_MB%3A512%2CVCPU%3A1&root_required=%21COMPUTE_STATUS_DISABLED => generated 2784 bytes in 56 msecs (HTTP/1.1 200) 8 headers in 297 bytes (1 switches on core 0)
2026-05-09 06:23:04.151 7 INFO placement.requestlog [req-38306aba-df42-4dc5-8313-f209da09271b req-f70a923a-7adc-4624-8f7a-9f0cb08a1e85 879cbf14550547d0a60478c5154a4f32 31824a0c444c4c3c88d709842846f873 - - 811389963b2245ea9f4bfd6dde6f88c6 811389963b2245ea9f4bfd6dde6f88c6] 10.0.0.197 "GET /allocations/4d7d07c1-48f2-4fb2-b78b-72b05cfdce93" status: 200 len: 19 microversion: 1.28 [pid: 7|app: 0|req: 347/699] 10.0.0.197 () {34 vars in 861 bytes} [Sat May 9 06:23:04 2026] GET /allocations/4d7d07c1-48f2-4fb2-b78b-72b05cfdce93 => generated 19 bytes in 12 msecs (HTTP/1.1 200) 8 headers in 295 bytes (1 switches on core 0)
2026-05-09 06:23:04.227 8 INFO placement.requestlog [req-38306aba-df42-4dc5-8313-f209da09271b req-1cf03b09-5329-4aa8-9a57-bc3d076d5349 879cbf14550547d0a60478c5154a4f32 31824a0c444c4c3c88d709842846f873 - - 811389963b2245ea9f4bfd6dde6f88c6 811389963b2245ea9f4bfd6dde6f88c6] 10.0.0.197 "PUT /allocations/4d7d07c1-48f2-4fb2-b78b-72b05cfdce93" status: 204 len: 0 microversion: 1.36 [pid: 8|app: 0|req: 353/700] 10.0.0.197 () {38 vars in 914 bytes} [Sat May 9 06:23:04 2026] PUT /allocations/4d7d07c1-48f2-4fb2-b78b-72b05cfdce93 => generated 0 bytes in 70 msecs (HTTP/1.1 204) 5 headers in 199 bytes (1 switches on core 0)
2026-05-09 06:23:04.234 7 INFO placement.requestlog [None req-f8693013-64fc-4d2b-ab1b-952808aba1ce 07b7318b7dcc49aaab499e54aead5138 31824a0c444c4c3c88d709842846f873 - - 811389963b2245ea9f4bfd6dde6f88c6 811389963b2245ea9f4bfd6dde6f88c6] 10.0.0.237 "GET /resource_providers/ebbc31df-6e6f-4c68-9ca9-1b4ff173fb59/aggregates" status: 404 len: 235 microversion: 1.1 [pid: 7|app: 0|req: 348/701] 10.0.0.237 () {32 vars in 816 bytes} [Sat May 9 06:23:04 2026] GET /resource_providers/ebbc31df-6e6f-4c68-9ca9-1b4ff173fb59/aggregates => generated 235 bytes in 12 msecs (HTTP/1.1 404) 5 headers in 202 bytes (1 switches on core 0)
2026-05-09 06:23:04.240 8 INFO placement.requestlog [None req-7ae36287-d99e-4d35-936b-fb61b2de2223 07b7318b7dcc49aaab499e54aead5138 31824a0c444c4c3c88d709842846f873 - - 811389963b2245ea9f4bfd6dde6f88c6 811389963b2245ea9f4bfd6dde6f88c6] 10.0.0.237 "GET /resource_providers/ebbc31df-6e6f-4c68-9ca9-1b4ff173fb59/aggregates" status: 404 len: 235 microversion: 1.1 [pid: 8|app: 0|req: 354/702] 10.0.0.237 () {32 vars in 816 bytes} [Sat May 9 06:23:04 2026] GET /resource_providers/ebbc31df-6e6f-4c68-9ca9-1b4ff173fb59/aggregates => generated 235 bytes in 9 msecs (HTTP/1.1 404) 5 headers in 202 bytes (1 switches on core 0)
2026-05-09 06:23:04.265 7 INFO placement.requestlog [None req-d08721df-6601-4aa7-8d66-1d0758c50fca 07b7318b7dcc49aaab499e54aead5138 31824a0c444c4c3c88d709842846f873 - - 811389963b2245ea9f4bfd6dde6f88c6 811389963b2245ea9f4bfd6dde6f88c6] 10.0.0.237 "DELETE /resource_providers/ebbc31df-6e6f-4c68-9ca9-1b4ff173fb59" status: 404 len: 246 microversion: 1.1 [pid: 7|app: 0|req: 349/703] 10.0.0.237 () {34 vars in 816 bytes} [Sat May 9 06:23:04 2026] DELETE /resource_providers/ebbc31df-6e6f-4c68-9ca9-1b4ff173fb59 => generated 246 bytes in 18 msecs (HTTP/1.1 404) 6 headers in 231 bytes (1 switches on core 0)
2026-05-09 06:23:04.271 8 INFO placement.requestlog [None req-b3320b0e-3ec4-48c5-bc0e-70b7dafebd82 07b7318b7dcc49aaab499e54aead5138 31824a0c444c4c3c88d709842846f873 - - 811389963b2245ea9f4bfd6dde6f88c6 811389963b2245ea9f4bfd6dde6f88c6] 10.0.0.237 "DELETE /resource_providers/ebbc31df-6e6f-4c68-9ca9-1b4ff173fb59" status: 404 len: 246 microversion: 1.1 [pid: 8|app: 0|req: 355/704] 10.0.0.237 () {34 vars in 816 bytes} [Sat May 9 06:23:04 2026] DELETE /resource_providers/ebbc31df-6e6f-4c68-9ca9-1b4ff173fb59 => generated 246 bytes in 14 msecs (HTTP/1.1 404) 6 headers in 231 bytes (1 switches on core 0)
2026-05-09 06:23:04.419 7 INFO placement.requestlog [req-4c3350e9-57bd-43b2-8cde-225c79edaf4a req-57fd4920-2312-470b-8693-46ee2c760627 879cbf14550547d0a60478c5154a4f32 31824a0c444c4c3c88d709842846f873 - - 811389963b2245ea9f4bfd6dde6f88c6 811389963b2245ea9f4bfd6dde6f88c6] 199.204.45.223 "DELETE /allocations/70da607d-a341-458b-9eb5-f6ec72c5ab77" status: 204 len: 0 microversion: 1.0 [pid: 7|app: 0|req: 350/705] 199.204.45.223 () {34 vars in 841 bytes} [Sat May 9 06:23:04 2026] DELETE /allocations/70da607d-a341-458b-9eb5-f6ec72c5ab77 => generated 0 bytes in 24 msecs (HTTP/1.1 204) 5 headers in 198 bytes (1 switches on core 0)
2026-05-09 06:23:04.607 8 INFO placement.requestlog [None req-c47e26f9-ed3f-473c-a771-f2b52a341ec8 - - - - - -] 10.0.0.121 "GET /" status: 200 len: 136 microversion: 1.0
2026-05-09 06:23:04.607 7 INFO placement.requestlog [None req-b77828a7-8546-457c-b918-834ca0eaac38 - - - - - -] 10.0.0.121 "GET /" status: 200 len: 136 microversion: 1.0
2026-05-09 06:23:05.730 8 INFO placement.requestlog [req-38306aba-df42-4dc5-8313-f209da09271b req-3f57bc10-3210-48d3-a5dc-c6483b71234a 879cbf14550547d0a60478c5154a4f32 31824a0c444c4c3c88d709842846f873 - - 811389963b2245ea9f4bfd6dde6f88c6 811389963b2245ea9f4bfd6dde6f88c6] 199.204.45.223 "GET /allocations/4d7d07c1-48f2-4fb2-b78b-72b05cfdce93" status: 200 len: 257 microversion: 1.28 [pid: 8|app: 0|req: 357/708] 199.204.45.223 () {34 vars in 863 bytes} [Sat May 9 06:23:05 2026] GET /allocations/4d7d07c1-48f2-4fb2-b78b-72b05cfdce93 => generated 257 bytes in 16 msecs (HTTP/1.1 200) 8 headers in 296 bytes (1 switches on core 0)
2026-05-09 06:23:06.772 7 INFO placement.requestlog [req-38306aba-df42-4dc5-8313-f209da09271b req-5806e021-cd1d-4f16-aebf-36849f3f1f5e 879cbf14550547d0a60478c5154a4f32 31824a0c444c4c3c88d709842846f873 - - 811389963b2245ea9f4bfd6dde6f88c6 811389963b2245ea9f4bfd6dde6f88c6] 199.204.45.223 "GET /resource_providers/b8974418-3c7a-45a9-a42f-e47de5e1fa97/allocations" status: 200 len: 252 microversion: 1.0 [pid: 7|app: 0|req: 352/709] 199.204.45.223 () {32 vars in 857 bytes} [Sat May 9 06:23:06 2026] GET /resource_providers/b8974418-3c7a-45a9-a42f-e47de5e1fa97/allocations => generated 252 bytes in 18 msecs (HTTP/1.1 200) 6 headers in 224 bytes (1 switches on core 0)
2026-05-09 06:23:06.793 8 INFO placement.requestlog [req-38306aba-df42-4dc5-8313-f209da09271b req-4dde0eb6-3018-434c-9ed6-aa0935ff6438 879cbf14550547d0a60478c5154a4f32 31824a0c444c4c3c88d709842846f873 - - 811389963b2245ea9f4bfd6dde6f88c6 811389963b2245ea9f4bfd6dde6f88c6] 199.204.45.223 "GET /allocations/13977bc5-71eb-4489-88eb-1ca5f615b420" status: 200 len: 257 microversion: 1.28 [pid: 8|app: 0|req: 358/710] 199.204.45.223 () {34 vars in 863 bytes} [Sat May 9 06:23:06 2026] GET /allocations/13977bc5-71eb-4489-88eb-1ca5f615b420 => generated 257 bytes in 12 msecs (HTTP/1.1 200) 8 headers in 296 bytes (1 switches on core 0)
2026-05-09 06:23:06.813 7 INFO placement.requestlog [req-38306aba-df42-4dc5-8313-f209da09271b req-46d71f58-968f-4aef-9d80-0f9b32734acb 879cbf14550547d0a60478c5154a4f32 31824a0c444c4c3c88d709842846f873 - - 811389963b2245ea9f4bfd6dde6f88c6 811389963b2245ea9f4bfd6dde6f88c6] 199.204.45.223 "GET /allocations/4d7d07c1-48f2-4fb2-b78b-72b05cfdce93" status: 200 len: 257 microversion: 1.28 [pid: 7|app: 0|req: 353/711] 199.204.45.223 () {34 vars in 863 bytes} [Sat May 9 06:23:06 2026] GET /allocations/4d7d07c1-48f2-4fb2-b78b-72b05cfdce93 => generated 257 bytes in 13 msecs (HTTP/1.1 200) 8 headers in 296 bytes (1 switches on core 0)
2026-05-09 06:23:07.009 8 INFO placement.requestlog [None req-5b9aa923-b450-443b-88da-0bb0510a32a3 07b7318b7dcc49aaab499e54aead5138 31824a0c444c4c3c88d709842846f873 - - 811389963b2245ea9f4bfd6dde6f88c6 811389963b2245ea9f4bfd6dde6f88c6] 10.0.0.237 "GET /resource_providers/74173afb-7bce-49e0-b3d4-4d21617547b6/aggregates" status: 404 len: 235 microversion: 1.1 [pid: 8|app: 0|req: 359/712] 10.0.0.237 () {32 vars in 816 bytes} [Sat May 9 06:23:07 2026] GET /resource_providers/74173afb-7bce-49e0-b3d4-4d21617547b6/aggregates => generated 235 bytes in 8 msecs (HTTP/1.1 404) 5 headers in 202 bytes (1 switches on core 0)
2026-05-09 06:23:07.011 7 INFO placement.requestlog [None req-0e7ac8a4-7eed-4eb6-adfe-c7f09a34b8e5 07b7318b7dcc49aaab499e54aead5138 31824a0c444c4c3c88d709842846f873 - - 811389963b2245ea9f4bfd6dde6f88c6 811389963b2245ea9f4bfd6dde6f88c6] 10.0.0.237 "GET /resource_providers/74173afb-7bce-49e0-b3d4-4d21617547b6/aggregates" status: 404 len: 235 microversion: 1.1 [pid: 7|app: 0|req: 354/713] 10.0.0.237 () {32 vars in 816 bytes} [Sat May 9 06:23:07 2026] GET /resource_providers/74173afb-7bce-49e0-b3d4-4d21617547b6/aggregates => generated 235 bytes in 10 msecs (HTTP/1.1 404) 5 headers in 202 bytes (1 switches on core 0)
2026-05-09 06:23:07.037 8 INFO placement.requestlog [None req-9d7c226f-90bc-4ef1-a9b5-3de703a44374 07b7318b7dcc49aaab499e54aead5138 31824a0c444c4c3c88d709842846f873 - - 811389963b2245ea9f4bfd6dde6f88c6 811389963b2245ea9f4bfd6dde6f88c6] 10.0.0.237 "DELETE /resource_providers/74173afb-7bce-49e0-b3d4-4d21617547b6" status: 404 len: 246 microversion: 1.1 [pid: 8|app: 0|req: 360/714] 10.0.0.237 () {34 vars in 816 bytes} [Sat May 9 06:23:07 2026] DELETE /resource_providers/74173afb-7bce-49e0-b3d4-4d21617547b6 => generated 246 bytes in 8 msecs (HTTP/1.1 404) 6 headers in 231 bytes (1 switches on core 0)
2026-05-09 06:23:07.040 7 INFO placement.requestlog [None req-2859f63f-31a0-44d4-9339-c23d86ca89f1 07b7318b7dcc49aaab499e54aead5138 31824a0c444c4c3c88d709842846f873 - - 811389963b2245ea9f4bfd6dde6f88c6 811389963b2245ea9f4bfd6dde6f88c6] 10.0.0.237 "DELETE /resource_providers/74173afb-7bce-49e0-b3d4-4d21617547b6" status: 404 len: 246 microversion: 1.1 [pid: 7|app: 0|req: 355/715] 10.0.0.237 () {34 vars in 816 bytes} [Sat May 9 06:23:07 2026] DELETE /resource_providers/74173afb-7bce-49e0-b3d4-4d21617547b6 => generated 246 bytes in 11 msecs (HTTP/1.1 404) 6 headers in 231 bytes (1 switches on core 0)
2026-05-09 06:23:08.852 8 INFO placement.requestlog [None req-0c0c4664-f195-47a8-8fe1-c985c0dfc8a4 07b7318b7dcc49aaab499e54aead5138 31824a0c444c4c3c88d709842846f873 - - 811389963b2245ea9f4bfd6dde6f88c6 811389963b2245ea9f4bfd6dde6f88c6] 10.0.0.237 "GET /resource_providers/ebe9213e-3c7d-47c6-a092-4e75d706f978/aggregates" status: 404 len: 235 microversion: 1.1 [pid: 8|app: 0|req: 361/716] 10.0.0.237 () {32 vars in 816 bytes} [Sat May 9 06:23:08 2026] GET /resource_providers/ebe9213e-3c7d-47c6-a092-4e75d706f978/aggregates => generated 235 bytes in 9 msecs (HTTP/1.1 404) 5 headers in 202 bytes (1 switches on core 0)
2026-05-09 06:23:08.857 7 INFO placement.requestlog [None req-6c7c311c-eceb-413b-b9ea-7b05f6e06648 07b7318b7dcc49aaab499e54aead5138 31824a0c444c4c3c88d709842846f873 - - 811389963b2245ea9f4bfd6dde6f88c6 811389963b2245ea9f4bfd6dde6f88c6] 10.0.0.237 "GET /resource_providers/ebe9213e-3c7d-47c6-a092-4e75d706f978/aggregates" status: 404 len: 235 microversion: 1.1 [pid: 7|app: 0|req: 356/717] 10.0.0.237 () {32 vars in 816 bytes} [Sat May 9 06:23:08 2026] GET /resource_providers/ebe9213e-3c7d-47c6-a092-4e75d706f978/aggregates => generated 235 bytes in 13 msecs (HTTP/1.1 404) 5 headers in 202 bytes (1 switches on core 0)
2026-05-09 06:23:08.874 8 INFO placement.requestlog [None req-a4f0d730-f959-4826-9ea2-e2ca01f52c80 07b7318b7dcc49aaab499e54aead5138 31824a0c444c4c3c88d709842846f873 - - 811389963b2245ea9f4bfd6dde6f88c6 811389963b2245ea9f4bfd6dde6f88c6] 10.0.0.237 "DELETE /resource_providers/ebe9213e-3c7d-47c6-a092-4e75d706f978" status: 404 len: 246 microversion: 1.1 [pid: 8|app: 0|req: 362/718] 10.0.0.237 () {34 vars in 816 bytes} [Sat May 9 06:23:08 2026] DELETE /resource_providers/ebe9213e-3c7d-47c6-a092-4e75d706f978 => generated 246 bytes in 7 msecs (HTTP/1.1 404) 6 headers in 231 bytes (1 switches on core 0)
2026-05-09 06:23:08.879 7 INFO placement.requestlog [None req-b82d917e-742b-4430-8ff8-cde8f3703586 07b7318b7dcc49aaab499e54aead5138 31824a0c444c4c3c88d709842846f873 - - 811389963b2245ea9f4bfd6dde6f88c6 811389963b2245ea9f4bfd6dde6f88c6] 10.0.0.237 "DELETE /resource_providers/ebe9213e-3c7d-47c6-a092-4e75d706f978" status: 404 len: 246 microversion: 1.1 [pid: 7|app: 0|req: 357/719] 10.0.0.237 () {34 vars in 816 bytes} [Sat May 9 06:23:08 2026] DELETE /resource_providers/ebe9213e-3c7d-47c6-a092-4e75d706f978 => generated 246 bytes in 12 msecs (HTTP/1.1 404) 6 headers in 231 bytes (1 switches on core 0)
2026-05-09 06:23:09.706 8 INFO placement.requestlog [None req-ddf72ed6-0448-4c98-aabc-c1a72db89080 07b7318b7dcc49aaab499e54aead5138 31824a0c444c4c3c88d709842846f873 - - 811389963b2245ea9f4bfd6dde6f88c6 811389963b2245ea9f4bfd6dde6f88c6] 10.0.0.237 "GET /resource_providers/6ed06a42-3a4e-48ed-9be5-af4b3ab2afee/aggregates" status: 404 len: 235 microversion: 1.1 [pid: 8|app: 0|req: 363/720] 10.0.0.237 () {32 vars in 816 bytes} [Sat May 9 06:23:09 2026] GET /resource_providers/6ed06a42-3a4e-48ed-9be5-af4b3ab2afee/aggregates => generated 235 bytes in 8 msecs (HTTP/1.1 404) 5 headers in 202 bytes (1 switches on core 0)
2026-05-09 06:23:09.713 7 INFO placement.requestlog [None req-1c5c016b-aa61-49fc-9c55-03354702847a 07b7318b7dcc49aaab499e54aead5138 31824a0c444c4c3c88d709842846f873 - - 811389963b2245ea9f4bfd6dde6f88c6 811389963b2245ea9f4bfd6dde6f88c6] 10.0.0.237 "GET /resource_providers/6ed06a42-3a4e-48ed-9be5-af4b3ab2afee/aggregates" status: 404 len: 235 microversion: 1.1 [pid: 7|app: 0|req: 358/721] 10.0.0.237 () {32 vars in 816 bytes} [Sat May 9 06:23:09 2026] GET /resource_providers/6ed06a42-3a4e-48ed-9be5-af4b3ab2afee/aggregates => generated 235 bytes in 14 msecs (HTTP/1.1 404) 5 headers in 202 bytes (1 switches on core 0)
2026-05-09 06:23:09.721 8 INFO placement.requestlog [None req-74ecd42c-abb1-438f-9d26-f757599fdb21 07b7318b7dcc49aaab499e54aead5138 31824a0c444c4c3c88d709842846f873 - - 811389963b2245ea9f4bfd6dde6f88c6 811389963b2245ea9f4bfd6dde6f88c6] 10.0.0.237 "DELETE /resource_providers/6ed06a42-3a4e-48ed-9be5-af4b3ab2afee" status: 404 len: 246 microversion: 1.1 [pid: 8|app: 0|req: 364/722] 10.0.0.237 () {34 vars in 816 bytes} [Sat May 9 06:23:09 2026] DELETE /resource_providers/6ed06a42-3a4e-48ed-9be5-af4b3ab2afee => generated 246 bytes in 7 msecs (HTTP/1.1 404) 6 headers in 231 bytes (1 switches on core 0)
2026-05-09 06:23:09.730 7 INFO placement.requestlog [None req-b070f9f5-996f-4af9-a955-d8a70fc88ce2 07b7318b7dcc49aaab499e54aead5138 31824a0c444c4c3c88d709842846f873 - - 811389963b2245ea9f4bfd6dde6f88c6 811389963b2245ea9f4bfd6dde6f88c6] 10.0.0.237 "DELETE /resource_providers/6ed06a42-3a4e-48ed-9be5-af4b3ab2afee" status: 404 len: 246 microversion: 1.1 [pid: 7|app: 0|req: 359/723] 10.0.0.237 () {34 vars in 816 bytes} [Sat May 9 06:23:09 2026] DELETE /resource_providers/6ed06a42-3a4e-48ed-9be5-af4b3ab2afee => generated 246 bytes in 9 msecs (HTTP/1.1 404) 6 headers in 231 bytes (1 switches on core 0)
2026-05-09 06:23:10.368 8 INFO placement.requestlog [req-241d2a7f-cbbd-4955-bf40-cdc353bf3e2f req-00ef108e-d377-4274-ab0b-36233d4304c8 879cbf14550547d0a60478c5154a4f32 31824a0c444c4c3c88d709842846f873 - - 811389963b2245ea9f4bfd6dde6f88c6 811389963b2245ea9f4bfd6dde6f88c6] 199.204.45.223 "GET /resource_providers/b8974418-3c7a-45a9-a42f-e47de5e1fa97/allocations" status: 200 len: 252 microversion: 1.0 [pid: 8|app: 0|req: 365/724] 199.204.45.223 () {32 vars in 857 bytes} [Sat May 9 06:23:10 2026] GET /resource_providers/b8974418-3c7a-45a9-a42f-e47de5e1fa97/allocations => generated 252 bytes in 16 msecs (HTTP/1.1 200) 6 headers in 224 bytes (1 switches on core 0)
2026-05-09 06:23:10.405 7 INFO placement.requestlog [req-241d2a7f-cbbd-4955-bf40-cdc353bf3e2f req-907a2700-4040-4be3-a0d4-4545cc6e14d1 879cbf14550547d0a60478c5154a4f32 31824a0c444c4c3c88d709842846f873 - - 811389963b2245ea9f4bfd6dde6f88c6 811389963b2245ea9f4bfd6dde6f88c6] 199.204.45.223 "GET /allocations/13977bc5-71eb-4489-88eb-1ca5f615b420" status: 200 len: 257 microversion: 1.28 [pid: 7|app: 0|req: 360/725] 199.204.45.223 () {34 vars in 863 bytes} [Sat May 9 06:23:10 2026] GET /allocations/13977bc5-71eb-4489-88eb-1ca5f615b420 => generated 257 bytes in 26 msecs (HTTP/1.1 200) 8 headers in 296 bytes (1 switches on core 0)
2026-05-09 06:23:10.424 8 INFO placement.requestlog [req-241d2a7f-cbbd-4955-bf40-cdc353bf3e2f req-a7a2e05e-7b61-49cd-ae19-badb49522922 879cbf14550547d0a60478c5154a4f32 31824a0c444c4c3c88d709842846f873 - - 811389963b2245ea9f4bfd6dde6f88c6 811389963b2245ea9f4bfd6dde6f88c6] 199.204.45.223 "GET /allocations/4d7d07c1-48f2-4fb2-b78b-72b05cfdce93" status: 200 len: 257 microversion: 1.28 [pid: 8|app: 0|req: 366/726] 199.204.45.223 () {34 vars in 863 bytes} [Sat May 9 06:23:10 2026] GET /allocations/4d7d07c1-48f2-4fb2-b78b-72b05cfdce93 => generated 257 bytes in 10 msecs (HTTP/1.1 200) 8 headers in 296 bytes (1 switches on core 0)
2026-05-09 06:23:11.487 7 INFO placement.requestlog [req-241d2a7f-cbbd-4955-bf40-cdc353bf3e2f req-67888dc1-2f55-4ce3-95f9-f0c57e3d7d11 879cbf14550547d0a60478c5154a4f32 31824a0c444c4c3c88d709842846f873 - - 811389963b2245ea9f4bfd6dde6f88c6 811389963b2245ea9f4bfd6dde6f88c6] 199.204.45.223 "DELETE /allocations/13977bc5-71eb-4489-88eb-1ca5f615b420" status: 204 len: 0 microversion: 1.0 [pid: 7|app: 0|req: 361/727] 199.204.45.223 () {34 vars in 841 bytes} [Sat May 9 06:23:11 2026] DELETE /allocations/13977bc5-71eb-4489-88eb-1ca5f615b420 => generated 0 bytes in 42 msecs (HTTP/1.1 204) 5 headers in 198 bytes (1 switches on core 0)
2026-05-09 06:23:14.607 7 INFO placement.requestlog [None req-914f1b75-36ab-4434-a486-daf95440797f - - - - - -] 10.0.0.121 "GET /" status: 200 len: 136 microversion: 1.0
2026-05-09 06:23:14.608 8 INFO placement.requestlog [None req-a4d3d189-f682-48dd-932b-5cc019e14937 - - - - - -] 10.0.0.121 "GET /" status: 200 len: 136 microversion: 1.0
2026-05-09 06:23:19.011 7 INFO placement.requestlog [None req-6592ff00-de5c-418d-ad51-aabd04d3beb3 07b7318b7dcc49aaab499e54aead5138 31824a0c444c4c3c88d709842846f873 - - 811389963b2245ea9f4bfd6dde6f88c6 811389963b2245ea9f4bfd6dde6f88c6] 10.0.0.237 "GET /resource_providers/b99f6897-f9a2-470e-96ff-3656575eef0a/aggregates" status: 404 len: 235 microversion: 1.1 [pid: 7|app: 0|req: 363/730] 10.0.0.237 () {32 vars in 816 bytes} [Sat May 9 06:23:18 2026] GET /resource_providers/b99f6897-f9a2-470e-96ff-3656575eef0a/aggregates => generated 235 bytes in 19 msecs (HTTP/1.1 404) 5 headers in 202 bytes (1 switches on core 0)
2026-05-09 06:23:19.012 8 INFO placement.requestlog [None req-098102fa-161a-454e-8d94-f673b483ca07 07b7318b7dcc49aaab499e54aead5138 31824a0c444c4c3c88d709842846f873 - - 811389963b2245ea9f4bfd6dde6f88c6 811389963b2245ea9f4bfd6dde6f88c6] 10.0.0.237 "GET /resource_providers/b99f6897-f9a2-470e-96ff-3656575eef0a/aggregates" status: 404 len: 235 microversion: 1.1 [pid: 8|app: 0|req: 368/731] 10.0.0.237 () {32 vars in 816 bytes} [Sat May 9 06:23:18 2026] GET /resource_providers/b99f6897-f9a2-470e-96ff-3656575eef0a/aggregates => generated 235 bytes in 19 msecs (HTTP/1.1 404) 5 headers in 202 bytes (1 switches on core 0)
2026-05-09 06:23:19.046 7 INFO placement.requestlog [None req-db9a7721-170d-4155-bc9b-6638ced70447 07b7318b7dcc49aaab499e54aead5138 31824a0c444c4c3c88d709842846f873 - - 811389963b2245ea9f4bfd6dde6f88c6 811389963b2245ea9f4bfd6dde6f88c6] 10.0.0.237 "DELETE /resource_providers/b99f6897-f9a2-470e-96ff-3656575eef0a" status: 404 len: 246 microversion: 1.1 [pid: 7|app: 0|req: 364/732] 10.0.0.237 () {34 vars in 816 bytes} [Sat May 9 06:23:19 2026] DELETE /resource_providers/b99f6897-f9a2-470e-96ff-3656575eef0a => generated 246 bytes in 8 msecs (HTTP/1.1 404) 6 headers in 231 bytes (1 switches on core 0)
2026-05-09 06:23:19.047 8 INFO placement.requestlog [None req-94d99307-09b4-4386-a5a7-087ecb2630f5 07b7318b7dcc49aaab499e54aead5138 31824a0c444c4c3c88d709842846f873 - - 811389963b2245ea9f4bfd6dde6f88c6 811389963b2245ea9f4bfd6dde6f88c6] 10.0.0.237 "DELETE /resource_providers/b99f6897-f9a2-470e-96ff-3656575eef0a" status: 404 len: 246 microversion: 1.1 [pid: 8|app: 0|req: 369/733] 10.0.0.237 () {34 vars in 816 bytes} [Sat May 9 06:23:19 2026] DELETE /resource_providers/b99f6897-f9a2-470e-96ff-3656575eef0a => generated 246 bytes in 9 msecs (HTTP/1.1 404) 6 headers in 231 bytes (1 switches on core 0)
2026-05-09 06:23:21.695 7 INFO placement.requestlog [req-30613886-cc7b-4390-a648-57f59bb62e10 req-f9d407ad-0409-4f6f-8279-e634baf4bd07 879cbf14550547d0a60478c5154a4f32 31824a0c444c4c3c88d709842846f873 - - 811389963b2245ea9f4bfd6dde6f88c6 811389963b2245ea9f4bfd6dde6f88c6] 10.0.0.197 "GET /allocation_candidates?limit=1000&resources=DISK_GB%3A1%2CMEMORY_MB%3A512%2CVCPU%3A1&root_required=%21COMPUTE_STATUS_DISABLED" status: 200 len: 2783 microversion: 1.36 [pid: 7|app: 0|req: 365/734] 10.0.0.197 () {34 vars in 1012 bytes} [Sat May 9 06:23:21 2026] GET /allocation_candidates?limit=1000&resources=DISK_GB%3A1%2CMEMORY_MB%3A512%2CVCPU%3A1&root_required=%21COMPUTE_STATUS_DISABLED => generated 2783 bytes in 68 msecs (HTTP/1.1 200) 8 headers in 297 bytes (1 switches on core 0)
2026-05-09 06:23:21.735 8 INFO placement.requestlog [req-30613886-cc7b-4390-a648-57f59bb62e10 req-86abe4ab-7f3d-4074-9e30-689e119c75bd 879cbf14550547d0a60478c5154a4f32 31824a0c444c4c3c88d709842846f873 - - 811389963b2245ea9f4bfd6dde6f88c6 811389963b2245ea9f4bfd6dde6f88c6] 10.0.0.197 "GET /allocations/bd564846-903c-411e-a9d3-d08600385096" status: 200 len: 19 microversion: 1.28 [pid: 8|app: 0|req: 370/735] 10.0.0.197 () {34 vars in 861 bytes} [Sat May 9 06:23:21 2026] GET /allocations/bd564846-903c-411e-a9d3-d08600385096 => generated 19 bytes in 12 msecs (HTTP/1.1 200) 8 headers in 295 bytes (1 switches on core 0)
2026-05-09 06:23:21.807 7 INFO placement.requestlog [req-30613886-cc7b-4390-a648-57f59bb62e10 req-1b3e9b3d-b5a0-4534-9e03-dd996e9bda82 879cbf14550547d0a60478c5154a4f32 31824a0c444c4c3c88d709842846f873 - - 811389963b2245ea9f4bfd6dde6f88c6 811389963b2245ea9f4bfd6dde6f88c6] 10.0.0.197 "PUT /allocations/bd564846-903c-411e-a9d3-d08600385096" status: 204 len: 0 microversion: 1.36 [pid: 7|app: 0|req: 366/736] 10.0.0.197 () {38 vars in 914 bytes} [Sat May 9 06:23:21 2026] PUT /allocations/bd564846-903c-411e-a9d3-d08600385096 => generated 0 bytes in 65 msecs (HTTP/1.1 204) 5 headers in 199 bytes (1 switches on core 0)
2026-05-09 06:23:23.321 8 INFO placement.requestlog [req-30613886-cc7b-4390-a648-57f59bb62e10 req-1fe80372-6269-4f1f-ad1c-d8e753e37dc2 879cbf14550547d0a60478c5154a4f32 31824a0c444c4c3c88d709842846f873 - - 811389963b2245ea9f4bfd6dde6f88c6 811389963b2245ea9f4bfd6dde6f88c6] 199.204.45.223 "GET /allocations/bd564846-903c-411e-a9d3-d08600385096" status: 200 len: 257 microversion: 1.28 [pid: 8|app: 0|req: 371/737] 199.204.45.223 () {34 vars in 863 bytes} [Sat May 9 06:23:23 2026] GET /allocations/bd564846-903c-411e-a9d3-d08600385096 => generated 257 bytes in 25 msecs (HTTP/1.1 200) 8 headers in 296 bytes (1 switches on core 0)
2026-05-09 06:23:23.970 7 INFO placement.requestlog [None req-c50e0424-bafb-431e-8a0d-b14a0edfa7cb 07b7318b7dcc49aaab499e54aead5138 31824a0c444c4c3c88d709842846f873 - - 811389963b2245ea9f4bfd6dde6f88c6 811389963b2245ea9f4bfd6dde6f88c6] 10.0.0.237 "GET /resource_providers/9766713c-4285-4a33-9564-bed0cf87d48d/aggregates" status: 404 len: 235 microversion: 1.1 [pid: 7|app: 0|req: 367/738] 10.0.0.237 () {32 vars in 816 bytes} [Sat May 9 06:23:23 2026] GET /resource_providers/9766713c-4285-4a33-9564-bed0cf87d48d/aggregates => generated 235 bytes in 14 msecs (HTTP/1.1 404) 5 headers in 202 bytes (1 switches on core 0)
2026-05-09 06:23:23.975 8 INFO placement.requestlog [None req-b10a0c8a-4731-460f-8cea-805d9381e582 07b7318b7dcc49aaab499e54aead5138 31824a0c444c4c3c88d709842846f873 - - 811389963b2245ea9f4bfd6dde6f88c6 811389963b2245ea9f4bfd6dde6f88c6] 10.0.0.237 "GET /resource_providers/9766713c-4285-4a33-9564-bed0cf87d48d/aggregates" status: 404 len: 235 microversion: 1.1 [pid: 8|app: 0|req: 372/739] 10.0.0.237 () {32 vars in 816 bytes} [Sat May 9 06:23:23 2026] GET /resource_providers/9766713c-4285-4a33-9564-bed0cf87d48d/aggregates => generated 235 bytes in 15 msecs (HTTP/1.1 404) 5 headers in 202 bytes (1 switches on core 0)
2026-05-09 06:23:23.998 7 INFO placement.requestlog [None req-cb35b882-bbd6-426d-9168-90d14eee7b06 07b7318b7dcc49aaab499e54aead5138 31824a0c444c4c3c88d709842846f873 - - 811389963b2245ea9f4bfd6dde6f88c6 811389963b2245ea9f4bfd6dde6f88c6] 10.0.0.237 "DELETE /resource_providers/9766713c-4285-4a33-9564-bed0cf87d48d" status: 404 len: 246 microversion: 1.1 [pid: 7|app: 0|req: 368/740] 10.0.0.237 () {34 vars in 816 bytes} [Sat May 9 06:23:23 2026] DELETE /resource_providers/9766713c-4285-4a33-9564-bed0cf87d48d => generated 246 bytes in 11 msecs (HTTP/1.1 404) 6 headers in 231 bytes (1 switches on core 0)
2026-05-09 06:23:24.004 8 INFO placement.requestlog [None req-780f37b3-fb10-43de-b5a2-c89cb9fc4b84 07b7318b7dcc49aaab499e54aead5138 31824a0c444c4c3c88d709842846f873 - - 811389963b2245ea9f4bfd6dde6f88c6 811389963b2245ea9f4bfd6dde6f88c6] 10.0.0.237 "DELETE /resource_providers/9766713c-4285-4a33-9564-bed0cf87d48d" status: 404 len: 246 microversion: 1.1 [pid: 8|app: 0|req: 373/741] 10.0.0.237 () {34 vars in 816 bytes} [Sat May 9 06:23:23 2026] DELETE /resource_providers/9766713c-4285-4a33-9564-bed0cf87d48d => generated 246 bytes in 16 msecs (HTTP/1.1 404) 6 headers in 231 bytes (1 switches on core 0)
2026-05-09 06:23:24.364 7 INFO placement.requestlog [req-30613886-cc7b-4390-a648-57f59bb62e10 req-8c966142-7bfb-4e19-b6b1-00e8725ef762 879cbf14550547d0a60478c5154a4f32 31824a0c444c4c3c88d709842846f873 - - 811389963b2245ea9f4bfd6dde6f88c6 811389963b2245ea9f4bfd6dde6f88c6] 199.204.45.223 "GET /resource_providers/b8974418-3c7a-45a9-a42f-e47de5e1fa97/allocations" status: 200 len: 252 microversion: 1.0 [pid: 7|app: 0|req: 369/742] 199.204.45.223 () {32 vars in 857 bytes} [Sat May 9 06:23:24 2026] GET /resource_providers/b8974418-3c7a-45a9-a42f-e47de5e1fa97/allocations => generated 252 bytes in 20 msecs (HTTP/1.1 200) 6 headers in 224 bytes (1 switches on core 0)
2026-05-09 06:23:24.387 8 INFO placement.requestlog [req-30613886-cc7b-4390-a648-57f59bb62e10 req-ee461732-6809-4b6c-bea0-00f1e37bb6cd 879cbf14550547d0a60478c5154a4f32 31824a0c444c4c3c88d709842846f873 - - 811389963b2245ea9f4bfd6dde6f88c6 811389963b2245ea9f4bfd6dde6f88c6] 199.204.45.223 "GET /allocations/bd564846-903c-411e-a9d3-d08600385096" status: 200 len: 257 microversion: 1.28 [pid: 8|app: 0|req: 374/743] 199.204.45.223 () {34 vars in 863 bytes} [Sat May 9 06:23:24 2026] GET /allocations/bd564846-903c-411e-a9d3-d08600385096 => generated 257 bytes in 14 msecs (HTTP/1.1 200) 8 headers in 296 bytes (1 switches on core 0)
2026-05-09 06:23:24.410 7 INFO placement.requestlog [req-30613886-cc7b-4390-a648-57f59bb62e10 req-c675cd02-cc7c-47f6-b6d6-408d958ebc41 879cbf14550547d0a60478c5154a4f32 31824a0c444c4c3c88d709842846f873 - - 811389963b2245ea9f4bfd6dde6f88c6 811389963b2245ea9f4bfd6dde6f88c6] 199.204.45.223 "GET /allocations/4d7d07c1-48f2-4fb2-b78b-72b05cfdce93" status: 200 len: 257 microversion: 1.28 [pid: 7|app: 0|req: 370/744] 199.204.45.223 () {34 vars in 863 bytes} [Sat May 9 06:23:24 2026] GET /allocations/4d7d07c1-48f2-4fb2-b78b-72b05cfdce93 => generated 257 bytes in 16 msecs (HTTP/1.1 200) 8 headers in 296 bytes (1 switches on core 0)
2026-05-09 06:23:24.607 8 INFO placement.requestlog [None req-0bfb4a16-22c7-4a35-8fa9-7fba998db96b - - - - - -] 10.0.0.121 "GET /" status: 200 len: 136 microversion: 1.0
2026-05-09 06:23:24.607 7 INFO placement.requestlog [None req-73270d4f-7014-4973-8f0b-5a01e740d88f - - - - - -] 10.0.0.121 "GET /" status: 200 len: 136 microversion: 1.0
2026-05-09 06:23:25.964 8 INFO placement.requestlog [req-0dce81ab-ef72-4239-bba4-6befb678b437 req-7e5c3ae0-984e-4a86-83c8-43aa05da8fe1 879cbf14550547d0a60478c5154a4f32 31824a0c444c4c3c88d709842846f873 - - 811389963b2245ea9f4bfd6dde6f88c6 811389963b2245ea9f4bfd6dde6f88c6] 199.204.45.223 "GET /resource_providers/b8974418-3c7a-45a9-a42f-e47de5e1fa97/allocations" status: 200 len: 252 microversion: 1.0 [pid: 8|app: 0|req: 376/747] 199.204.45.223 () {32 vars in 857 bytes} [Sat May 9 06:23:25 2026] GET /resource_providers/b8974418-3c7a-45a9-a42f-e47de5e1fa97/allocations => generated 252 bytes in 12 msecs (HTTP/1.1 200) 6 headers in 224 bytes (1 switches on core 0)
2026-05-09 06:23:25.991 7 INFO placement.requestlog [req-0dce81ab-ef72-4239-bba4-6befb678b437 req-1a651942-9206-4a84-bf9b-4343d6f236b9 879cbf14550547d0a60478c5154a4f32 31824a0c444c4c3c88d709842846f873 - - 811389963b2245ea9f4bfd6dde6f88c6 811389963b2245ea9f4bfd6dde6f88c6] 199.204.45.223 "GET /allocations/bd564846-903c-411e-a9d3-d08600385096" status: 200 len: 257 microversion: 1.28 [pid: 7|app: 0|req: 372/748] 199.204.45.223 () {34 vars in 863 bytes} [Sat May 9 06:23:25 2026] GET /allocations/bd564846-903c-411e-a9d3-d08600385096 => generated 257 bytes in 18 msecs (HTTP/1.1 200) 8 headers in 296 bytes (1 switches on core 0)
2026-05-09 06:23:26.015 8 INFO placement.requestlog [req-0dce81ab-ef72-4239-bba4-6befb678b437 req-b5f2c1f2-ee53-4245-95e3-03234063f8bf 879cbf14550547d0a60478c5154a4f32 31824a0c444c4c3c88d709842846f873 - - 811389963b2245ea9f4bfd6dde6f88c6 811389963b2245ea9f4bfd6dde6f88c6] 199.204.45.223 "GET /allocations/4d7d07c1-48f2-4fb2-b78b-72b05cfdce93" status: 200 len: 257 microversion: 1.28 [pid: 8|app: 0|req: 377/749] 199.204.45.223 () {34 vars in 863 bytes} [Sat May 9 06:23:26 2026] GET /allocations/4d7d07c1-48f2-4fb2-b78b-72b05cfdce93 => generated 257 bytes in 14 msecs (HTTP/1.1 200) 8 headers in 296 bytes (1 switches on core 0)
2026-05-09 06:23:26.028 7 INFO placement.requestlog [None req-08412a9f-7708-4b83-b82e-ea833a12d066 07b7318b7dcc49aaab499e54aead5138 31824a0c444c4c3c88d709842846f873 - - 811389963b2245ea9f4bfd6dde6f88c6 811389963b2245ea9f4bfd6dde6f88c6] 10.0.0.237 "GET /resource_providers/20786bb6-f82d-48f6-af4d-c412e1e322e1/aggregates" status: 404 len: 235 microversion: 1.1 [pid: 7|app: 0|req: 373/750] 10.0.0.237 () {32 vars in 816 bytes} [Sat May 9 06:23:26 2026] GET /resource_providers/20786bb6-f82d-48f6-af4d-c412e1e322e1/aggregates => generated 235 bytes in 9 msecs (HTTP/1.1 404) 5 headers in 202 bytes (1 switches on core 0)
2026-05-09 06:23:26.032 8 INFO placement.requestlog [None req-1a859707-3def-4bf1-9b2f-28ee0575e2f2 07b7318b7dcc49aaab499e54aead5138 31824a0c444c4c3c88d709842846f873 - - 811389963b2245ea9f4bfd6dde6f88c6 811389963b2245ea9f4bfd6dde6f88c6] 10.0.0.237 "GET /resource_providers/20786bb6-f82d-48f6-af4d-c412e1e322e1/aggregates" status: 404 len: 235 microversion: 1.1 [pid: 8|app: 0|req: 378/751] 10.0.0.237 () {32 vars in 816 bytes} [Sat May 9 06:23:26 2026] GET /resource_providers/20786bb6-f82d-48f6-af4d-c412e1e322e1/aggregates => generated 235 bytes in 13 msecs (HTTP/1.1 404) 5 headers in 202 bytes (1 switches on core 0)
2026-05-09 06:23:26.053 8 INFO placement.requestlog [None req-2cf3f4e3-0801-4046-b6a4-d71d88310780 07b7318b7dcc49aaab499e54aead5138 31824a0c444c4c3c88d709842846f873 - - 811389963b2245ea9f4bfd6dde6f88c6 811389963b2245ea9f4bfd6dde6f88c6] 10.0.0.237 "DELETE /resource_providers/20786bb6-f82d-48f6-af4d-c412e1e322e1" status: 404 len: 246 microversion: 1.1 [pid: 8|app: 0|req: 379/752] 10.0.0.237 () {34 vars in 816 bytes} [Sat May 9 06:23:26 2026] DELETE /resource_providers/20786bb6-f82d-48f6-af4d-c412e1e322e1 => generated 246 bytes in 8 msecs (HTTP/1.1 404) 6 headers in 231 bytes (1 switches on core 0)
2026-05-09 06:23:26.056 7 INFO placement.requestlog [None req-7fffdf1f-e683-4e34-b408-7313116760a5 07b7318b7dcc49aaab499e54aead5138 31824a0c444c4c3c88d709842846f873 - - 811389963b2245ea9f4bfd6dde6f88c6 811389963b2245ea9f4bfd6dde6f88c6] 10.0.0.237 "DELETE /resource_providers/20786bb6-f82d-48f6-af4d-c412e1e322e1" status: 404 len: 246 microversion: 1.1 [pid: 7|app: 0|req: 374/753] 10.0.0.237 () {34 vars in 816 bytes} [Sat May 9 06:23:26 2026] DELETE /resource_providers/20786bb6-f82d-48f6-af4d-c412e1e322e1 => generated 246 bytes in 14 msecs (HTTP/1.1 404) 6 headers in 231 bytes (1 switches on core 0)
2026-05-09 06:23:27.064 8 INFO placement.requestlog [req-0dce81ab-ef72-4239-bba4-6befb678b437 req-a8907bb5-9dac-4562-9236-cb40d18494dd 879cbf14550547d0a60478c5154a4f32 31824a0c444c4c3c88d709842846f873 - - 811389963b2245ea9f4bfd6dde6f88c6 811389963b2245ea9f4bfd6dde6f88c6] 199.204.45.223 "DELETE /allocations/4d7d07c1-48f2-4fb2-b78b-72b05cfdce93" status: 204 len: 0 microversion: 1.0 [pid: 8|app: 0|req: 380/754] 199.204.45.223 () {34 vars in 841 bytes} [Sat May 9 06:23:27 2026] DELETE /allocations/4d7d07c1-48f2-4fb2-b78b-72b05cfdce93 => generated 0 bytes in 27 msecs (HTTP/1.1 204) 5 headers in 198 bytes (1 switches on core 0)
2026-05-09 06:23:30.052 7 INFO placement.requestlog [None req-c8789c42-a652-4f93-b7d8-972e4ae642b1 07b7318b7dcc49aaab499e54aead5138 31824a0c444c4c3c88d709842846f873 - - 811389963b2245ea9f4bfd6dde6f88c6 811389963b2245ea9f4bfd6dde6f88c6] 10.0.0.237 "GET /resource_providers/6a831015-91ec-4906-a1e3-c4c7c2f906b6/aggregates" status: 404 len: 235 microversion: 1.1 [pid: 7|app: 0|req: 375/755] 10.0.0.237 () {32 vars in 816 bytes} [Sat May 9 06:23:30 2026] GET /resource_providers/6a831015-91ec-4906-a1e3-c4c7c2f906b6/aggregates => generated 235 bytes in 12 msecs (HTTP/1.1 404) 5 headers in 202 bytes (1 switches on core 0)
2026-05-09 06:23:30.055 8 INFO placement.requestlog [None req-fd79c11b-4384-464a-a753-f9f2c1803579 07b7318b7dcc49aaab499e54aead5138 31824a0c444c4c3c88d709842846f873 - - 811389963b2245ea9f4bfd6dde6f88c6 811389963b2245ea9f4bfd6dde6f88c6] 10.0.0.237 "GET /resource_providers/6a831015-91ec-4906-a1e3-c4c7c2f906b6/aggregates" status: 404 len: 235 microversion: 1.1 [pid: 8|app: 0|req: 381/756] 10.0.0.237 () {32 vars in 816 bytes} [Sat May 9 06:23:30 2026] GET /resource_providers/6a831015-91ec-4906-a1e3-c4c7c2f906b6/aggregates => generated 235 bytes in 10 msecs (HTTP/1.1 404) 5 headers in 202 bytes (1 switches on core 0)
2026-05-09 06:23:30.081 7 INFO placement.requestlog [None req-a4dd6cd9-6eae-4442-a44a-36f7f6366e5f 07b7318b7dcc49aaab499e54aead5138 31824a0c444c4c3c88d709842846f873 - - 811389963b2245ea9f4bfd6dde6f88c6 811389963b2245ea9f4bfd6dde6f88c6] 10.0.0.237 "DELETE /resource_providers/6a831015-91ec-4906-a1e3-c4c7c2f906b6" status: 404 len: 246 microversion: 1.1 [pid: 7|app: 0|req: 376/757] 10.0.0.237 () {34 vars in 816 bytes} [Sat May 9 06:23:30 2026] DELETE /resource_providers/6a831015-91ec-4906-a1e3-c4c7c2f906b6 => generated 246 bytes in 12 msecs (HTTP/1.1 404) 6 headers in 231 bytes (1 switches on core 0)
2026-05-09 06:23:30.085 8 INFO placement.requestlog [None req-ecceab5e-3112-4d44-98a2-3a81b54d2f85 07b7318b7dcc49aaab499e54aead5138 31824a0c444c4c3c88d709842846f873 - - 811389963b2245ea9f4bfd6dde6f88c6 811389963b2245ea9f4bfd6dde6f88c6] 10.0.0.237 "DELETE /resource_providers/6a831015-91ec-4906-a1e3-c4c7c2f906b6" status: 404 len: 246 microversion: 1.1 [pid: 8|app: 0|req: 382/758] 10.0.0.237 () {34 vars in 816 bytes} [Sat May 9 06:23:30 2026] DELETE /resource_providers/6a831015-91ec-4906-a1e3-c4c7c2f906b6 => generated 246 bytes in 14 msecs (HTTP/1.1 404) 6 headers in 231 bytes (1 switches on core 0)
2026-05-09 06:23:32.981 7 INFO placement.requestlog [None req-01aff8a0-ae5a-48cf-9752-6b1bae5cf4ba 07b7318b7dcc49aaab499e54aead5138 31824a0c444c4c3c88d709842846f873 - - 811389963b2245ea9f4bfd6dde6f88c6 811389963b2245ea9f4bfd6dde6f88c6] 10.0.0.237 "GET /resource_providers/cf347001-4df3-4d19-bec6-714e6a0969b6/aggregates" status: 404 len: 235 microversion: 1.1 [pid: 7|app: 0|req: 377/759] 10.0.0.237 () {32 vars in 816 bytes} [Sat May 9 06:23:32 2026] GET /resource_providers/cf347001-4df3-4d19-bec6-714e6a0969b6/aggregates => generated 235 bytes in 13 msecs (HTTP/1.1 404) 5 headers in 202 bytes (1 switches on core 0)
2026-05-09 06:23:32.986 8 INFO placement.requestlog [None req-2785d339-e359-478a-8a5d-53179c9dc887 07b7318b7dcc49aaab499e54aead5138 31824a0c444c4c3c88d709842846f873 - - 811389963b2245ea9f4bfd6dde6f88c6 811389963b2245ea9f4bfd6dde6f88c6] 10.0.0.237 "GET /resource_providers/cf347001-4df3-4d19-bec6-714e6a0969b6/aggregates" status: 404 len: 235 microversion: 1.1 [pid: 8|app: 0|req: 383/760] 10.0.0.237 () {32 vars in 816 bytes} [Sat May 9 06:23:32 2026] GET /resource_providers/cf347001-4df3-4d19-bec6-714e6a0969b6/aggregates => generated 235 bytes in 11 msecs (HTTP/1.1 404) 5 headers in 202 bytes (1 switches on core 0)
2026-05-09 06:23:33.013 7 INFO placement.requestlog [None req-67cc7cf2-6742-4e1b-b676-430b90174298 07b7318b7dcc49aaab499e54aead5138 31824a0c444c4c3c88d709842846f873 - - 811389963b2245ea9f4bfd6dde6f88c6 811389963b2245ea9f4bfd6dde6f88c6] 10.0.0.237 "DELETE /resource_providers/cf347001-4df3-4d19-bec6-714e6a0969b6" status: 404 len: 246 microversion: 1.1 [pid: 7|app: 0|req: 378/761] 10.0.0.237 () {34 vars in 816 bytes} [Sat May 9 06:23:33 2026] DELETE /resource_providers/cf347001-4df3-4d19-bec6-714e6a0969b6 => generated 246 bytes in 8 msecs (HTTP/1.1 404) 6 headers in 231 bytes (1 switches on core 0)
2026-05-09 06:23:33.019 8 INFO placement.requestlog [None req-422b0c32-cf03-4fa6-97bb-fbf66771840c 07b7318b7dcc49aaab499e54aead5138 31824a0c444c4c3c88d709842846f873 - - 811389963b2245ea9f4bfd6dde6f88c6 811389963b2245ea9f4bfd6dde6f88c6] 10.0.0.237 "DELETE /resource_providers/cf347001-4df3-4d19-bec6-714e6a0969b6" status: 404 len: 246 microversion: 1.1 [pid: 8|app: 0|req: 384/762] 10.0.0.237 () {34 vars in 816 bytes} [Sat May 9 06:23:33 2026] DELETE /resource_providers/cf347001-4df3-4d19-bec6-714e6a0969b6 => generated 246 bytes in 11 msecs (HTTP/1.1 404) 6 headers in 231 bytes (1 switches on core 0)
2026-05-09 06:23:34.300 7 INFO placement.requestlog [None req-b24888b9-ac9b-41a1-a988-62ad9bf968a3 07b7318b7dcc49aaab499e54aead5138 31824a0c444c4c3c88d709842846f873 - - 811389963b2245ea9f4bfd6dde6f88c6 811389963b2245ea9f4bfd6dde6f88c6] 10.0.0.237 "GET /resource_providers/05e4a08d-ba0a-434f-a7d4-ac452b462962/aggregates" status: 404 len: 235 microversion: 1.1 [pid: 7|app: 0|req: 379/763] 10.0.0.237 () {32 vars in 816 bytes} [Sat May 9 06:23:34 2026] GET /resource_providers/05e4a08d-ba0a-434f-a7d4-ac452b462962/aggregates => generated 235 bytes in 9 msecs (HTTP/1.1 404) 5 headers in 202 bytes (1 switches on core 0)
2026-05-09 06:23:34.309 8 INFO placement.requestlog [None req-851ff36d-9eea-4816-b0e5-125fb3dd8c54 07b7318b7dcc49aaab499e54aead5138 31824a0c444c4c3c88d709842846f873 - - 811389963b2245ea9f4bfd6dde6f88c6 811389963b2245ea9f4bfd6dde6f88c6] 10.0.0.237 "GET /resource_providers/05e4a08d-ba0a-434f-a7d4-ac452b462962/aggregates" status: 404 len: 235 microversion: 1.1 [pid: 8|app: 0|req: 385/764] 10.0.0.237 () {32 vars in 816 bytes} [Sat May 9 06:23:34 2026] GET /resource_providers/05e4a08d-ba0a-434f-a7d4-ac452b462962/aggregates => generated 235 bytes in 14 msecs (HTTP/1.1 404) 5 headers in 202 bytes (1 switches on core 0)
2026-05-09 06:23:34.322 7 INFO placement.requestlog [None req-05349eea-235b-43f6-9978-fc2cb908d73c 07b7318b7dcc49aaab499e54aead5138 31824a0c444c4c3c88d709842846f873 - - 811389963b2245ea9f4bfd6dde6f88c6 811389963b2245ea9f4bfd6dde6f88c6] 10.0.0.237 "DELETE /resource_providers/05e4a08d-ba0a-434f-a7d4-ac452b462962" status: 404 len: 246 microversion: 1.1 [pid: 7|app: 0|req: 380/765] 10.0.0.237 () {34 vars in 816 bytes} [Sat May 9 06:23:34 2026] DELETE /resource_providers/05e4a08d-ba0a-434f-a7d4-ac452b462962 => generated 246 bytes in 8 msecs (HTTP/1.1 404) 6 headers in 231 bytes (1 switches on core 0)
2026-05-09 06:23:34.330 8 INFO placement.requestlog [None req-253e2579-946d-40e7-b750-b7e0d4a0ddfa 07b7318b7dcc49aaab499e54aead5138 31824a0c444c4c3c88d709842846f873 - - 811389963b2245ea9f4bfd6dde6f88c6 811389963b2245ea9f4bfd6dde6f88c6] 10.0.0.237 "DELETE /resource_providers/05e4a08d-ba0a-434f-a7d4-ac452b462962" status: 404 len: 246 microversion: 1.1 [pid: 8|app: 0|req: 386/766] 10.0.0.237 () {34 vars in 816 bytes} [Sat May 9 06:23:34 2026] DELETE /resource_providers/05e4a08d-ba0a-434f-a7d4-ac452b462962 => generated 246 bytes in 8 msecs (HTTP/1.1 404) 6 headers in 231 bytes (1 switches on core 0)
2026-05-09 06:23:34.606 8 INFO placement.requestlog [None req-345fb426-dccd-4f1b-a4f0-403e840225d3 - - - - - -] 10.0.0.121 "GET /" status: 200 len: 136 microversion: 1.0
2026-05-09 06:23:34.606 7 INFO placement.requestlog [None req-a2a823ee-0016-40ab-a78d-ab4a548849a6 - - - - - -] 10.0.0.121 "GET /" status: 200 len: 136 microversion: 1.0
