Apr 13 02:26:22.923235 np0000165405 neutron-periodic-workers[106115]: DEBUG cotyledon.oslo_config_glue [-] ml2.path_mtu = 0 {{(pid=106115) log_opt_values /opt/stack/data/venv/lib/python3.12/site-packages/oslo_config/cfg.py:3006}}
Apr 13 02:26:22.923235 np0000165405 neutron-periodic-workers[106115]: DEBUG cotyledon.oslo_config_glue [-] ml2.physical_network_mtus = {} {{(pid=106115) log_opt_values /opt/stack/data/venv/lib/python3.12/site-packages/oslo_config/cfg.py:3006}}
Apr 13 02:26:22.923434 np0000165405 neutron-periodic-workers[106115]: DEBUG cotyledon.oslo_config_glue [-] ml2.project_network_types = ['geneve'] {{(pid=106115) log_opt_values /opt/stack/data/venv/lib/python3.12/site-packages/oslo_config/cfg.py:3006}}
Apr 13 02:26:22.923434 np0000165405 neutron-periodic-workers[106115]: DEBUG cotyledon.oslo_config_glue [-] ml2.tunnelled_network_rp_name = rp_tunnelled {{(pid=106115) log_opt_values /opt/stack/data/venv/lib/python3.12/site-packages/oslo_config/cfg.py:3006}}
Apr 13 02:26:22.923434 np0000165405 neutron-periodic-workers[106115]: DEBUG cotyledon.oslo_config_glue [-] ml2.type_drivers = ['local', 'flat', 'vlan', 'geneve'] {{(pid=106115) log_opt_values /opt/stack/data/venv/lib/python3.12/site-packages/oslo_config/cfg.py:3006}}
Apr 13 02:26:22.923434 np0000165405 neutron-periodic-workers[106115]: DEBUG cotyledon.oslo_config_glue [-] ml2_type_flat.flat_networks = ['public'] {{(pid=106115) log_opt_values /opt/stack/data/venv/lib/python3.12/site-packages/oslo_config/cfg.py:3006}}
Apr 13 02:26:22.923658 np0000165405 neutron-periodic-workers[106115]: DEBUG cotyledon.oslo_config_glue [-] ml2_type_geneve.max_header_size = 38 {{(pid=106115) log_opt_values /opt/stack/data/venv/lib/python3.12/site-packages/oslo_config/cfg.py:3006}}
Apr 13 02:26:22.923658 np0000165405 neutron-periodic-workers[106115]: DEBUG cotyledon.oslo_config_glue [-] ml2_type_geneve.vni_ranges = ['1:65536'] {{(pid=106115) log_opt_values /opt/stack/data/venv/lib/python3.12/site-packages/oslo_config/cfg.py:3006}}
Apr 13 02:26:22.923658 np0000165405 neutron-periodic-workers[106115]: DEBUG cotyledon.oslo_config_glue [-] ml2_type_vlan.network_vlan_ranges = ['public'] {{(pid=106115) log_opt_values /opt/stack/data/venv/lib/python3.12/site-packages/oslo_config/cfg.py:3006}}
Apr 13 02:26:22.923658 np0000165405 neutron-periodic-workers[106115]: DEBUG cotyledon.oslo_config_glue [-] network_log.burst_limit = 25 {{(pid=106115) log_opt_values /opt/stack/data/venv/lib/python3.12/site-packages/oslo_config/cfg.py:3006}}
Apr 13 02:26:22.923903 np0000165405 neutron-periodic-workers[106115]: DEBUG cotyledon.oslo_config_glue [-] network_log.local_output_log_base = None {{(pid=106115) log_opt_values /opt/stack/data/venv/lib/python3.12/site-packages/oslo_config/cfg.py:3006}}
Apr 13 02:26:22.923903 np0000165405 neutron-periodic-workers[106115]: DEBUG cotyledon.oslo_config_glue [-] network_log.rate_limit = 100 {{(pid=106115) log_opt_values /opt/stack/data/venv/lib/python3.12/site-packages/oslo_config/cfg.py:3006}}
Apr 13 02:26:22.924045 np0000165405 neutron-periodic-workers[106115]: DEBUG cotyledon.oslo_config_glue [-] database.asyncio_connection = **** {{(pid=106115) log_opt_values /opt/stack/data/venv/lib/python3.12/site-packages/oslo_config/cfg.py:3006}}
Apr 13 02:26:22.924045 np0000165405 neutron-periodic-workers[106115]: DEBUG cotyledon.oslo_config_glue [-] database.asyncio_slave_connection = **** {{(pid=106115) log_opt_values /opt/stack/data/venv/lib/python3.12/site-packages/oslo_config/cfg.py:3006}}
Apr 13 02:26:22.924045 np0000165405 neutron-periodic-workers[106115]: DEBUG cotyledon.oslo_config_glue [-] database.backend = sqlalchemy {{(pid=106115) log_opt_values /opt/stack/data/venv/lib/python3.12/site-packages/oslo_config/cfg.py:3006}}
Apr 13 02:26:22.924266 np0000165405 neutron-periodic-workers[106115]: DEBUG cotyledon.oslo_config_glue [-] database.connection = **** {{(pid=106115) log_opt_values /opt/stack/data/venv/lib/python3.12/site-packages/oslo_config/cfg.py:3006}}
Apr 13 02:26:22.924266 np0000165405 neutron-periodic-workers[106115]: DEBUG cotyledon.oslo_config_glue [-] database.connection_debug = 0 {{(pid=106115) log_opt_values /opt/stack/data/venv/lib/python3.12/site-packages/oslo_config/cfg.py:3006}}
Apr 13 02:26:22.924266 np0000165405 neutron-periodic-workers[106115]: DEBUG cotyledon.oslo_config_glue [-] database.connection_parameters = {{(pid=106115) log_opt_values /opt/stack/data/venv/lib/python3.12/site-packages/oslo_config/cfg.py:3006}}
Apr 13 02:26:22.924266 np0000165405 neutron-periodic-workers[106115]: DEBUG cotyledon.oslo_config_glue [-] database.connection_recycle_time = 3600 {{(pid=106115) log_opt_values /opt/stack/data/venv/lib/python3.12/site-packages/oslo_config/cfg.py:3006}}
Apr 13 02:26:22.924466 np0000165405 neutron-periodic-workers[106115]: DEBUG cotyledon.oslo_config_glue [-] database.connection_trace = False {{(pid=106115) log_opt_values /opt/stack/data/venv/lib/python3.12/site-packages/oslo_config/cfg.py:3006}}
Apr 13 02:26:22.924466 np0000165405 neutron-periodic-workers[106115]: DEBUG cotyledon.oslo_config_glue [-] database.db_inc_retry_interval = True {{(pid=106115) log_opt_values /opt/stack/data/venv/lib/python3.12/site-packages/oslo_config/cfg.py:3006}}
Apr 13 02:26:22.924466 np0000165405 neutron-periodic-workers[106115]: DEBUG cotyledon.oslo_config_glue [-] database.db_max_retries = 20 {{(pid=106115) log_opt_values /opt/stack/data/venv/lib/python3.12/site-packages/oslo_config/cfg.py:3006}}
Apr 13 02:26:22.924466 np0000165405 neutron-periodic-workers[106115]: DEBUG cotyledon.oslo_config_glue [-] database.db_max_retry_interval = 10 {{(pid=106115) log_opt_values /opt/stack/data/venv/lib/python3.12/site-packages/oslo_config/cfg.py:3006}}
Apr 13 02:26:22.924466 np0000165405 neutron-periodic-workers[106115]: DEBUG cotyledon.oslo_config_glue [-] database.db_retry_interval = 1 {{(pid=106115) log_opt_values /opt/stack/data/venv/lib/python3.12/site-packages/oslo_config/cfg.py:3006}}
Apr 13 02:26:22.924776 np0000165405 neutron-periodic-workers[106115]: DEBUG cotyledon.oslo_config_glue [-] database.max_overflow = 50 {{(pid=106115) log_opt_values /opt/stack/data/venv/lib/python3.12/site-packages/oslo_config/cfg.py:3006}}
Apr 13 02:26:22.924776 np0000165405 neutron-periodic-workers[106115]: DEBUG cotyledon.oslo_config_glue [-] database.max_pool_size = 5 {{(pid=106115) log_opt_values /opt/stack/data/venv/lib/python3.12/site-packages/oslo_config/cfg.py:3006}}
Apr 13 02:26:22.924776 np0000165405 neutron-periodic-workers[106115]: DEBUG cotyledon.oslo_config_glue [-] database.max_retries = 10 {{(pid=106115) log_opt_values /opt/stack/data/venv/lib/python3.12/site-packages/oslo_config/cfg.py:3006}}
Apr 13 02:26:22.924776 np0000165405 neutron-periodic-workers[106115]: DEBUG cotyledon.oslo_config_glue [-] database.mysql_sql_mode = TRADITIONAL {{(pid=106115) log_opt_values /opt/stack/data/venv/lib/python3.12/site-packages/oslo_config/cfg.py:3006}}
Apr 13 02:26:22.924776 np0000165405 neutron-periodic-workers[106115]: DEBUG cotyledon.oslo_config_glue [-] database.mysql_wsrep_sync_wait = None {{(pid=106115) log_opt_values /opt/stack/data/venv/lib/python3.12/site-packages/oslo_config/cfg.py:3006}}
Apr 13 02:26:22.925024 np0000165405 neutron-periodic-workers[106115]: DEBUG cotyledon.oslo_config_glue [-] database.pool_timeout = None {{(pid=106115) log_opt_values /opt/stack/data/venv/lib/python3.12/site-packages/oslo_config/cfg.py:3006}}
Apr 13 02:26:22.925024 np0000165405 neutron-periodic-workers[106115]: DEBUG cotyledon.oslo_config_glue [-] database.retry_interval = 10 {{(pid=106115) log_opt_values /opt/stack/data/venv/lib/python3.12/site-packages/oslo_config/cfg.py:3006}}
Apr 13 02:26:22.925024 np0000165405 neutron-periodic-workers[106115]: DEBUG cotyledon.oslo_config_glue [-] database.slave_connection = **** {{(pid=106115) log_opt_values /opt/stack/data/venv/lib/python3.12/site-packages/oslo_config/cfg.py:3006}}
Apr 13 02:26:22.925192 np0000165405 neutron-periodic-workers[106115]: DEBUG cotyledon.oslo_config_glue [-] database.sqlite_synchronous = True {{(pid=106115) log_opt_values /opt/stack/data/venv/lib/python3.12/site-packages/oslo_config/cfg.py:3006}}
Apr 13 02:26:22.925192 np0000165405 neutron-periodic-workers[106115]: DEBUG cotyledon.oslo_config_glue [-] database.synchronous_reader = True {{(pid=106115) log_opt_values /opt/stack/data/venv/lib/python3.12/site-packages/oslo_config/cfg.py:3006}}
Apr 13 02:26:22.925192 np0000165405 neutron-periodic-workers[106115]: DEBUG cotyledon.oslo_config_glue [-] database.use_db_reconnect = False {{(pid=106115) log_opt_values /opt/stack/data/venv/lib/python3.12/site-packages/oslo_config/cfg.py:3006}}
Apr 13 02:26:22.925714 np0000165405 neutron-periodic-workers[106115]: DEBUG cotyledon.oslo_config_glue [-] ovn.bfd_min_rx = 1000 {{(pid=106115) log_opt_values /opt/stack/data/venv/lib/python3.12/site-packages/oslo_config/cfg.py:3006}}
Apr 13 02:26:22.925714 np0000165405 neutron-periodic-workers[106115]: DEBUG cotyledon.oslo_config_glue [-] ovn.bfd_min_tx = 100 {{(pid=106115) log_opt_values /opt/stack/data/venv/lib/python3.12/site-packages/oslo_config/cfg.py:3006}}
Apr 13 02:26:22.925714 np0000165405 neutron-periodic-workers[106115]: DEBUG cotyledon.oslo_config_glue [-] ovn.bfd_mult = 3 {{(pid=106115) log_opt_values /opt/stack/data/venv/lib/python3.12/site-packages/oslo_config/cfg.py:3006}}
Apr 13 02:26:22.925714 np0000165405 neutron-periodic-workers[106115]: DEBUG cotyledon.oslo_config_glue [-] ovn.broadcast_arps_to_all_routers = True {{(pid=106115) log_opt_values /opt/stack/data/venv/lib/python3.12/site-packages/oslo_config/cfg.py:3006}}
Apr 13 02:26:22.925714 np0000165405 neutron-periodic-workers[106115]: DEBUG cotyledon.oslo_config_glue [-] ovn.dhcp_default_lease_time = 43200 {{(pid=106115) log_opt_values /opt/stack/data/venv/lib/python3.12/site-packages/oslo_config/cfg.py:3006}}
Apr 13 02:26:22.925714 np0000165405 neutron-periodic-workers[106115]: DEBUG cotyledon.oslo_config_glue [-] ovn.disable_ovn_dhcp_for_baremetal_ports = False {{(pid=106115) log_opt_values /opt/stack/data/venv/lib/python3.12/site-packages/oslo_config/cfg.py:3006}}
Apr 13 02:26:22.925714 np0000165405 neutron-periodic-workers[106115]: DEBUG cotyledon.oslo_config_glue [-] ovn.dns_records_ovn_owned = False {{(pid=106115) log_opt_values /opt/stack/data/venv/lib/python3.12/site-packages/oslo_config/cfg.py:3006}}
Apr 13 02:26:22.926545 np0000165405 neutron-periodic-workers[106115]: DEBUG cotyledon.oslo_config_glue [-] ovn.dns_servers = [] {{(pid=106115) log_opt_values /opt/stack/data/venv/lib/python3.12/site-packages/oslo_config/cfg.py:3006}}
Apr 13 02:26:22.926545 np0000165405 neutron-periodic-workers[106115]: DEBUG cotyledon.oslo_config_glue [-] ovn.enable_distributed_floating_ip = False {{(pid=106115) log_opt_values /opt/stack/data/venv/lib/python3.12/site-packages/oslo_config/cfg.py:3006}}
Apr 13 02:26:22.926545 np0000165405 neutron-periodic-workers[106115]: DEBUG cotyledon.oslo_config_glue [-] ovn.fdb_age_threshold = 300 {{(pid=106115) log_opt_values /opt/stack/data/venv/lib/python3.12/site-packages/oslo_config/cfg.py:3006}}
Apr 13 02:26:22.926545 np0000165405 neutron-periodic-workers[106115]: DEBUG cotyledon.oslo_config_glue [-] ovn.ha_failover_strategy = normal {{(pid=106115) log_opt_values /opt/stack/data/venv/lib/python3.12/site-packages/oslo_config/cfg.py:3006}}
Apr 13 02:26:22.926545 np0000165405 neutron-periodic-workers[106115]: DEBUG cotyledon.oslo_config_glue [-] ovn.live_migration_activation_strategy = rarp {{(pid=106115) log_opt_values /opt/stack/data/venv/lib/python3.12/site-packages/oslo_config/cfg.py:3006}}
Apr 13 02:26:22.926545 np0000165405 neutron-periodic-workers[106115]: DEBUG cotyledon.oslo_config_glue [-] ovn.localnet_learn_fdb = False {{(pid=106115) log_opt_values /opt/stack/data/venv/lib/python3.12/site-packages/oslo_config/cfg.py:3006}}
Apr 13 02:26:22.926545 np0000165405 neutron-periodic-workers[106115]: DEBUG cotyledon.oslo_config_glue [-] ovn.mac_binding_age_threshold = 300 {{(pid=106115) log_opt_values /opt/stack/data/venv/lib/python3.12/site-packages/oslo_config/cfg.py:3006}}
Apr 13 02:26:22.926545 np0000165405 neutron-periodic-workers[106115]: DEBUG cotyledon.oslo_config_glue [-] ovn.neutron_sync_mode = log {{(pid=106115) log_opt_values /opt/stack/data/venv/lib/python3.12/site-packages/oslo_config/cfg.py:3006}}
Apr 13 02:26:22.926545 np0000165405 neutron-periodic-workers[106115]: DEBUG cotyledon.oslo_config_glue [-] ovn.ovn_dhcp4_global_options = {} {{(pid=106115) log_opt_values /opt/stack/data/venv/lib/python3.12/site-packages/oslo_config/cfg.py:3006}}
Apr 13 02:26:22.927051 np0000165405 neutron-periodic-workers[106115]: DEBUG cotyledon.oslo_config_glue [-] ovn.ovn_dhcp6_global_options = {} {{(pid=106115) log_opt_values /opt/stack/data/venv/lib/python3.12/site-packages/oslo_config/cfg.py:3006}}
Apr 13 02:26:22.927051 np0000165405 neutron-periodic-workers[106115]: DEBUG cotyledon.oslo_config_glue [-] ovn.ovn_l3_scheduler = leastloaded {{(pid=106115) log_opt_values /opt/stack/data/venv/lib/python3.12/site-packages/oslo_config/cfg.py:3006}}
Apr 13 02:26:22.927051 np0000165405 neutron-periodic-workers[106115]: DEBUG cotyledon.oslo_config_glue [-] ovn.ovn_metadata_enabled = True {{(pid=106115) log_opt_values /opt/stack/data/venv/lib/python3.12/site-packages/oslo_config/cfg.py:3006}}
Apr 13 02:26:22.927051 np0000165405 neutron-periodic-workers[106115]: DEBUG cotyledon.oslo_config_glue [-] ovn.ovn_nb_ca_cert = /opt/stack/data/CA/int-ca/ca-chain.pem {{(pid=106115) log_opt_values /opt/stack/data/venv/lib/python3.12/site-packages/oslo_config/cfg.py:3006}}
Apr 13 02:26:22.927051 np0000165405 neutron-periodic-workers[106115]: DEBUG cotyledon.oslo_config_glue [-] ovn.ovn_nb_certificate = /opt/stack/data/CA/int-ca/devstack-cert.crt {{(pid=106115) log_opt_values /opt/stack/data/venv/lib/python3.12/site-packages/oslo_config/cfg.py:3006}}
Apr 13 02:26:22.927051 np0000165405 neutron-periodic-workers[106115]: DEBUG cotyledon.oslo_config_glue [-] ovn.ovn_nb_connection = ['ssl:162.253.55.204:6641'] {{(pid=106115) log_opt_values /opt/stack/data/venv/lib/python3.12/site-packages/oslo_config/cfg.py:3006}}
Apr 13 02:26:22.927051 np0000165405 neutron-periodic-workers[106115]: DEBUG cotyledon.oslo_config_glue [-] ovn.ovn_nb_private_key = /opt/stack/data/CA/int-ca/private/devstack-cert.key {{(pid=106115) log_opt_values /opt/stack/data/venv/lib/python3.12/site-packages/oslo_config/cfg.py:3006}}
Apr 13 02:26:22.927051 np0000165405 neutron-periodic-workers[106115]: DEBUG cotyledon.oslo_config_glue [-] ovn.ovn_router_indirect_snat = False {{(pid=106115) log_opt_values /opt/stack/data/venv/lib/python3.12/site-packages/oslo_config/cfg.py:3006}}
Apr 13 02:26:22.927511 np0000165405 neutron-periodic-workers[106115]: DEBUG cotyledon.oslo_config_glue [-] ovn.ovn_sb_ca_cert = /opt/stack/data/CA/int-ca/ca-chain.pem {{(pid=106115) log_opt_values /opt/stack/data/venv/lib/python3.12/site-packages/oslo_config/cfg.py:3006}}
Apr 13 02:26:22.927511 np0000165405 neutron-periodic-workers[106115]: DEBUG cotyledon.oslo_config_glue [-] ovn.ovn_sb_certificate = /opt/stack/data/CA/int-ca/devstack-cert.crt {{(pid=106115) log_opt_values /opt/stack/data/venv/lib/python3.12/site-packages/oslo_config/cfg.py:3006}}
Apr 13 02:26:22.927511 np0000165405 neutron-periodic-workers[106115]: DEBUG cotyledon.oslo_config_glue [-] ovn.ovn_sb_connection = ['ssl:162.253.55.204:6642'] {{(pid=106115) log_opt_values /opt/stack/data/venv/lib/python3.12/site-packages/oslo_config/cfg.py:3006}}
Apr 13 02:26:22.927511 np0000165405 neutron-periodic-workers[106115]: DEBUG cotyledon.oslo_config_glue [-] ovn.ovn_sb_private_key = /opt/stack/data/CA/int-ca/private/devstack-cert.key {{(pid=106115) log_opt_values /opt/stack/data/venv/lib/python3.12/site-packages/oslo_config/cfg.py:3006}}
Apr 13 02:26:22.927511 np0000165405 neutron-periodic-workers[106115]: DEBUG cotyledon.oslo_config_glue [-] ovn.ovs_create_tap = False {{(pid=106115) log_opt_values /opt/stack/data/venv/lib/python3.12/site-packages/oslo_config/cfg.py:3006}}
Apr 13 02:26:22.927511 np0000165405 neutron-periodic-workers[106115]: DEBUG cotyledon.oslo_config_glue [-] ovn.ovsdb_connection_timeout = 180 {{(pid=106115) log_opt_values /opt/stack/data/venv/lib/python3.12/site-packages/oslo_config/cfg.py:3006}}
Apr 13 02:26:22.927511 np0000165405 neutron-periodic-workers[106115]: DEBUG cotyledon.oslo_config_glue [-] ovn.ovsdb_log_level = INFO {{(pid=106115) log_opt_values /opt/stack/data/venv/lib/python3.12/site-packages/oslo_config/cfg.py:3006}}
Apr 13 02:26:22.927511 np0000165405 neutron-periodic-workers[106115]: DEBUG cotyledon.oslo_config_glue [-] ovn.ovsdb_probe_interval = 60000 {{(pid=106115) log_opt_values /opt/stack/data/venv/lib/python3.12/site-packages/oslo_config/cfg.py:3006}}
Apr 13 02:26:22.927913 np0000165405 neutron-periodic-workers[106115]: DEBUG cotyledon.oslo_config_glue [-] ovn.ovsdb_retry_max_interval = 180 {{(pid=106115) log_opt_values /opt/stack/data/venv/lib/python3.12/site-packages/oslo_config/cfg.py:3006}}
Apr 13 02:26:22.927913 np0000165405 neutron-periodic-workers[106115]: DEBUG cotyledon.oslo_config_glue [-] ovn.stateless_nat_enabled = False {{(pid=106115) log_opt_values /opt/stack/data/venv/lib/python3.12/site-packages/oslo_config/cfg.py:3006}}
Apr 13 02:26:22.927913 np0000165405 neutron-periodic-workers[106115]: DEBUG cotyledon.oslo_config_glue [-] ovn.vhost_sock_dir = /var/run/openvswitch {{(pid=106115) log_opt_values /opt/stack/data/venv/lib/python3.12/site-packages/oslo_config/cfg.py:3006}}
Apr 13 02:26:22.927913 np0000165405 neutron-periodic-workers[106115]: DEBUG cotyledon.oslo_config_glue [-] OVS.bridge_mac_table_size = 50000 {{(pid=106115) log_opt_values /opt/stack/data/venv/lib/python3.12/site-packages/oslo_config/cfg.py:3006}}
Apr 13 02:26:22.927913 np0000165405 neutron-periodic-workers[106115]: DEBUG cotyledon.oslo_config_glue [-] OVS.igmp_flood = False {{(pid=106115) log_opt_values /opt/stack/data/venv/lib/python3.12/site-packages/oslo_config/cfg.py:3006}}
Apr 13 02:26:22.927913 np0000165405 neutron-periodic-workers[106115]: DEBUG cotyledon.oslo_config_glue [-] OVS.igmp_flood_reports = True {{(pid=106115) log_opt_values /opt/stack/data/venv/lib/python3.12/site-packages/oslo_config/cfg.py:3006}}
Apr 13 02:26:22.927913 np0000165405 neutron-periodic-workers[106115]: DEBUG cotyledon.oslo_config_glue [-] OVS.igmp_flood_unregistered = False {{(pid=106115) log_opt_values /opt/stack/data/venv/lib/python3.12/site-packages/oslo_config/cfg.py:3006}}
Apr 13 02:26:22.927913 np0000165405 neutron-periodic-workers[106115]: DEBUG cotyledon.oslo_config_glue [-] OVS.igmp_snooping_enable = False {{(pid=106115) log_opt_values /opt/stack/data/venv/lib/python3.12/site-packages/oslo_config/cfg.py:3006}}
Apr 13 02:26:22.927913 np0000165405 neutron-periodic-workers[106115]: DEBUG cotyledon.oslo_config_glue [-] OVS.ovsdb_timeout = 10 {{(pid=106115) log_opt_values /opt/stack/data/venv/lib/python3.12/site-packages/oslo_config/cfg.py:3006}}
Apr 13 02:26:22.928378 np0000165405 neutron-periodic-workers[106115]: DEBUG cotyledon.oslo_config_glue [-] ovn_nb_global.fdb_removal_limit = 0 {{(pid=106115) log_opt_values /opt/stack/data/venv/lib/python3.12/site-packages/oslo_config/cfg.py:3006}}
Apr 13 02:26:22.928378 np0000165405 neutron-periodic-workers[106115]: DEBUG cotyledon.oslo_config_glue [-] ovn_nb_global.ignore_lsp_down = False {{(pid=106115) log_opt_values /opt/stack/data/venv/lib/python3.12/site-packages/oslo_config/cfg.py:3006}}
Apr 13 02:26:22.928378 np0000165405 neutron-periodic-workers[106115]: DEBUG cotyledon.oslo_config_glue [-] ovn_nb_global.mac_binding_removal_limit = 0 {{(pid=106115) log_opt_values /opt/stack/data/venv/lib/python3.12/site-packages/oslo_config/cfg.py:3006}}
Apr 13 02:26:22.928378 np0000165405 neutron-periodic-workers[106115]: DEBUG cotyledon.oslo_config_glue [-] ******************************************************************************** {{(pid=106115) log_opt_values /opt/stack/data/venv/lib/python3.12/site-packages/oslo_config/cfg.py:3013}}
Apr 13 02:26:22.928378 np0000165405 neutron-periodic-workers[106115]: DEBUG cotyledon._service_worker [-] Run service ServiceWrapper(0) [106115] {{(pid=106115) wait_forever /opt/stack/data/venv/lib/python3.12/site-packages/cotyledon/_service_worker.py:218}}
Apr 13 02:26:32.560272 np0000165405 neutron-periodic-workers[105347]: DEBUG dbcounter [-] [105347] Writing DB stats neutron:SELECT=4 {{(pid=105347) stat_writer /opt/stack/data/venv/lib/python3.12/site-packages/dbcounter.py:115}}
Apr 13 02:27:11.909602 np0000165405 neutron-periodic-workers[106105]: DEBUG oslo_db.sqlalchemy.engines [None req-050addf9-6381-40a6-804c-c0b493491387 None None] Parent process 105347 forked (106105) with an open database connection, which is being discarded and recreated. {{(pid=106105) checkout /opt/stack/data/venv/lib/python3.12/site-packages/oslo_db/sqlalchemy/engines.py:402}}
Apr 13 02:27:11.918865 np0000165405 neutron-periodic-workers[106105]: DEBUG dbcounter [-] [106105] Writer thread running {{(pid=106105) stat_writer /opt/stack/data/venv/lib/python3.12/site-packages/dbcounter.py:102}}
Apr 13 02:27:11.921156 np0000165405 neutron-periodic-workers[106105]: DEBUG neutron.db.agents_db [None req-050addf9-6381-40a6-804c-c0b493491387 None None] Agent healthcheck: found 0 active agents {{(pid=106105) agent_health_check /opt/stack/neutron/neutron/db/agents_db.py:317}}
Apr 13 02:27:11.921491 np0000165405 neutron-periodic-workers[106105]: DEBUG oslo.service.backend._threading.loopingcall [None req-050addf9-6381-40a6-804c-c0b493491387 None None] Fixed interval looping call 'neutron.plugins.ml2.plugin.AgentDbMixin.agent_health_check' sleeping for 36.98 seconds {{(pid=106105) _run_loop /opt/stack/data/venv/lib/python3.12/site-packages/oslo_service/backend/_threading/loopingcall.py:125}}
Apr 13 02:27:19.881264 np0000165405 neutron-periodic-workers[106093]: DEBUG dbcounter [-] [106093] Writer thread running {{(pid=106093) stat_writer /opt/stack/data/venv/lib/python3.12/site-packages/dbcounter.py:102}}
Apr 13 02:27:19.894767 np0000165405 neutron-periodic-workers[106093]: DEBUG oslo.service.backend._threading.loopingcall [None req-1753abb4-7f98-453b-8205-4cf352897fef None None] Fixed interval looping call 'neutron.plugins.ml2.plugin.DhcpAgentSchedulerDbMixin.remove_networks_from_down_agents' sleeping for 36.97 seconds {{(pid=106093) _run_loop /opt/stack/data/venv/lib/python3.12/site-packages/oslo_service/backend/_threading/loopingcall.py:125}}
Apr 13 02:27:21.918472 np0000165405 neutron-periodic-workers[106105]: DEBUG dbcounter [-] [106105] Writing DB stats neutron:SELECT=1 {{(pid=106105) stat_writer /opt/stack/data/venv/lib/python3.12/site-packages/dbcounter.py:115}}
Apr 13 02:27:29.893135 np0000165405 neutron-periodic-workers[106093]: DEBUG dbcounter [-] [106093] Writing DB stats neutron:SELECT=3 {{(pid=106093) stat_writer /opt/stack/data/venv/lib/python3.12/site-packages/dbcounter.py:115}}
Apr 13 02:27:37.882592 np0000165405 neutron-periodic-workers[106082]: DEBUG dbcounter [-] [106082] Writer thread running {{(pid=106082) stat_writer /opt/stack/data/venv/lib/python3.12/site-packages/dbcounter.py:102}}
Apr 13 02:27:37.892285 np0000165405 neutron-periodic-workers[106082]: DEBUG oslo.service.backend._threading.loopingcall [None req-d30e8e15-6282-4b00-b23e-622146e4f38f None None] Fixed interval looping call 'neutron.services.ovn_l3.plugin.L3_NAT_dbonly_mixin._clean_garbage' sleeping for 299.96 seconds {{(pid=106082) _run_loop /opt/stack/data/venv/lib/python3.12/site-packages/oslo_service/backend/_threading/loopingcall.py:125}}
Apr 13 02:27:47.883328 np0000165405 neutron-periodic-workers[106082]: DEBUG dbcounter [-] [106082] Writing DB stats neutron:SELECT=1 {{(pid=106082) stat_writer /opt/stack/data/venv/lib/python3.12/site-packages/dbcounter.py:115}}
Apr 13 02:27:48.906933 np0000165405 neutron-periodic-workers[106105]: DEBUG neutron.db.agents_db [None req-050addf9-6381-40a6-804c-c0b493491387 None None] Agent healthcheck: found 0 active agents {{(pid=106105) agent_health_check /opt/stack/neutron/neutron/db/agents_db.py:317}}
Apr 13 02:27:48.907411 np0000165405 neutron-periodic-workers[106105]: DEBUG oslo.service.backend._threading.loopingcall [None req-050addf9-6381-40a6-804c-c0b493491387 None None] Fixed interval looping call 'neutron.plugins.ml2.plugin.AgentDbMixin.agent_health_check' sleeping for 36.99 seconds {{(pid=106105) _run_loop /opt/stack/data/venv/lib/python3.12/site-packages/oslo_service/backend/_threading/loopingcall.py:125}}
Apr 13 02:27:56.874408 np0000165405 neutron-periodic-workers[106093]: DEBUG oslo.service.backend._threading.loopingcall [None req-1753abb4-7f98-453b-8205-4cf352897fef None None] Fixed interval looping call 'neutron.plugins.ml2.plugin.DhcpAgentSchedulerDbMixin.remove_networks_from_down_agents' sleeping for 36.99 seconds {{(pid=106093) _run_loop /opt/stack/data/venv/lib/python3.12/site-packages/oslo_service/backend/_threading/loopingcall.py:125}}
Apr 13 02:27:58.905229 np0000165405 neutron-periodic-workers[106105]: DEBUG dbcounter [-] [106105] Writing DB stats neutron:SELECT=1 {{(pid=106105) stat_writer /opt/stack/data/venv/lib/python3.12/site-packages/dbcounter.py:115}}
Apr 13 02:28:06.873039 np0000165405 neutron-periodic-workers[106093]: DEBUG dbcounter [-] [106093] Writing DB stats neutron:SELECT=3 {{(pid=106093) stat_writer /opt/stack/data/venv/lib/python3.12/site-packages/dbcounter.py:115}}
Apr 13 02:28:22.945416 np0000165405 neutron-periodic-workers[106115]: DEBUG dbcounter [-] [106115] Writer thread running {{(pid=106115) stat_writer /opt/stack/data/venv/lib/python3.12/site-packages/dbcounter.py:102}}
Apr 13 02:28:22.949213 np0000165405 neutron-periodic-workers[106115]: DEBUG oslo.service.backend._threading.loopingcall [None req-9143eb9c-7279-4550-ba79-5bd7feb7cc63 None None] Fixed interval looping call 'neutron.db.quota.driver_nolock.DbQuotaNoLockDriver._remove_expired_reservations' sleeping for 119.98 seconds {{(pid=106115) _run_loop /opt/stack/data/venv/lib/python3.12/site-packages/oslo_service/backend/_threading/loopingcall.py:125}}
Apr 13 02:28:25.907102 np0000165405 neutron-periodic-workers[106105]: DEBUG neutron.db.agents_db [None req-050addf9-6381-40a6-804c-c0b493491387 None None] Agent healthcheck: found 0 active agents {{(pid=106105) agent_health_check /opt/stack/neutron/neutron/db/agents_db.py:317}}
Apr 13 02:28:25.907102 np0000165405 neutron-periodic-workers[106105]: DEBUG oslo.service.backend._threading.loopingcall [None req-050addf9-6381-40a6-804c-c0b493491387 None None] Fixed interval looping call 'neutron.plugins.ml2.plugin.AgentDbMixin.agent_health_check' sleeping for 36.99 seconds {{(pid=106105) _run_loop /opt/stack/data/venv/lib/python3.12/site-packages/oslo_service/backend/_threading/loopingcall.py:125}}
Apr 13 02:28:33.872853 np0000165405 neutron-periodic-workers[106093]: DEBUG oslo.service.backend._threading.loopingcall [None req-1753abb4-7f98-453b-8205-4cf352897fef None None] Fixed interval looping call 'neutron.plugins.ml2.plugin.DhcpAgentSchedulerDbMixin.remove_networks_from_down_agents' sleeping for 36.99 seconds {{(pid=106093) _run_loop /opt/stack/data/venv/lib/python3.12/site-packages/oslo_service/backend/_threading/loopingcall.py:125}}
Apr 13 02:28:35.902702 np0000165405 neutron-periodic-workers[106105]: DEBUG dbcounter [-] [106105] Writing DB stats neutron:SELECT=1 {{(pid=106105) stat_writer /opt/stack/data/venv/lib/python3.12/site-packages/dbcounter.py:115}}
Apr 13 02:28:42.946512 np0000165405 neutron-periodic-workers[106115]: DEBUG dbcounter [-] [106115] Writing DB stats neutron:DELETE=1 {{(pid=106115) stat_writer /opt/stack/data/venv/lib/python3.12/site-packages/dbcounter.py:115}}
Apr 13 02:28:43.871876 np0000165405 neutron-periodic-workers[106093]: DEBUG dbcounter [-] [106093] Writing DB stats neutron:SELECT=3 {{(pid=106093) stat_writer /opt/stack/data/venv/lib/python3.12/site-packages/dbcounter.py:115}}
Apr 13 02:29:02.902457 np0000165405 neutron-periodic-workers[106105]: DEBUG neutron.db.agents_db [None req-050addf9-6381-40a6-804c-c0b493491387 None None] Agent healthcheck: found 0 active agents {{(pid=106105) agent_health_check /opt/stack/neutron/neutron/db/agents_db.py:317}}
Apr 13 02:29:02.902940 np0000165405 neutron-periodic-workers[106105]: DEBUG oslo.service.backend._threading.loopingcall [None req-050addf9-6381-40a6-804c-c0b493491387 None None] Fixed interval looping call 'neutron.plugins.ml2.plugin.AgentDbMixin.agent_health_check' sleeping for 36.99 seconds {{(pid=106105) _run_loop /opt/stack/data/venv/lib/python3.12/site-packages/oslo_service/backend/_threading/loopingcall.py:125}}
Apr 13 02:29:10.878574 np0000165405 neutron-periodic-workers[106093]: DEBUG oslo.service.backend._threading.loopingcall [None req-1753abb4-7f98-453b-8205-4cf352897fef None None] Fixed interval looping call 'neutron.plugins.ml2.plugin.DhcpAgentSchedulerDbMixin.remove_networks_from_down_agents' sleeping for 36.98 seconds {{(pid=106093) _run_loop /opt/stack/data/venv/lib/python3.12/site-packages/oslo_service/backend/_threading/loopingcall.py:125}}
Apr 13 02:29:12.900528 np0000165405 neutron-periodic-workers[106105]: DEBUG dbcounter [-] [106105] Writing DB stats neutron:SELECT=1 {{(pid=106105) stat_writer /opt/stack/data/venv/lib/python3.12/site-packages/dbcounter.py:115}}
Apr 13 02:29:20.876907 np0000165405 neutron-periodic-workers[106093]: DEBUG dbcounter [-] [106093] Writing DB stats neutron:SELECT=3 {{(pid=106093) stat_writer /opt/stack/data/venv/lib/python3.12/site-packages/dbcounter.py:115}}
Apr 13 02:29:39.898047 np0000165405 neutron-periodic-workers[106105]: DEBUG neutron.db.agents_db [None req-050addf9-6381-40a6-804c-c0b493491387 None None] Agent healthcheck: found 0 active agents {{(pid=106105) agent_health_check /opt/stack/neutron/neutron/db/agents_db.py:317}}
Apr 13 02:29:39.898589 np0000165405 neutron-periodic-workers[106105]: DEBUG oslo.service.backend._threading.loopingcall [None req-050addf9-6381-40a6-804c-c0b493491387 None None] Fixed interval looping call 'neutron.plugins.ml2.plugin.AgentDbMixin.agent_health_check' sleeping for 36.99 seconds {{(pid=106105) _run_loop /opt/stack/data/venv/lib/python3.12/site-packages/oslo_service/backend/_threading/loopingcall.py:125}}
Apr 13 02:29:47.869208 np0000165405 neutron-periodic-workers[106093]: DEBUG oslo.service.backend._threading.loopingcall [None req-1753abb4-7f98-453b-8205-4cf352897fef None None] Fixed interval looping call 'neutron.plugins.ml2.plugin.DhcpAgentSchedulerDbMixin.remove_networks_from_down_agents' sleeping for 36.99 seconds {{(pid=106093) _run_loop /opt/stack/data/venv/lib/python3.12/site-packages/oslo_service/backend/_threading/loopingcall.py:125}}
Apr 13 02:29:49.896629 np0000165405 neutron-periodic-workers[106105]: DEBUG dbcounter [-] [106105] Writing DB stats neutron:SELECT=1 {{(pid=106105) stat_writer /opt/stack/data/venv/lib/python3.12/site-packages/dbcounter.py:115}}
Apr 13 02:29:57.867953 np0000165405 neutron-periodic-workers[106093]: DEBUG dbcounter [-] [106093] Writing DB stats neutron:SELECT=3 {{(pid=106093) stat_writer /opt/stack/data/venv/lib/python3.12/site-packages/dbcounter.py:115}}
Apr 13 02:30:16.893966 np0000165405 neutron-periodic-workers[106105]: DEBUG neutron.db.agents_db [None req-050addf9-6381-40a6-804c-c0b493491387 None None] Agent healthcheck: found 0 active agents {{(pid=106105) agent_health_check /opt/stack/neutron/neutron/db/agents_db.py:317}}
Apr 13 02:30:16.894453 np0000165405 neutron-periodic-workers[106105]: DEBUG oslo.service.backend._threading.loopingcall [None req-050addf9-6381-40a6-804c-c0b493491387 None None] Fixed interval looping call 'neutron.plugins.ml2.plugin.AgentDbMixin.agent_health_check' sleeping for 36.99 seconds {{(pid=106105) _run_loop /opt/stack/data/venv/lib/python3.12/site-packages/oslo_service/backend/_threading/loopingcall.py:125}}
Apr 13 02:30:22.935324 np0000165405 neutron-periodic-workers[106115]: DEBUG oslo.service.backend._threading.loopingcall [None req-9143eb9c-7279-4550-ba79-5bd7feb7cc63 None None] Fixed interval looping call 'neutron.db.quota.driver_nolock.DbQuotaNoLockDriver._remove_expired_reservations' sleeping for 119.99 seconds {{(pid=106115) _run_loop /opt/stack/data/venv/lib/python3.12/site-packages/oslo_service/backend/_threading/loopingcall.py:125}}
Apr 13 02:30:24.866417 np0000165405 neutron-periodic-workers[106093]: DEBUG oslo.service.backend._threading.loopingcall [None req-1753abb4-7f98-453b-8205-4cf352897fef None None] Fixed interval looping call 'neutron.plugins.ml2.plugin.DhcpAgentSchedulerDbMixin.remove_networks_from_down_agents' sleeping for 36.99 seconds {{(pid=106093) _run_loop /opt/stack/data/venv/lib/python3.12/site-packages/oslo_service/backend/_threading/loopingcall.py:125}}
Apr 13 02:30:26.891998 np0000165405 neutron-periodic-workers[106105]: DEBUG dbcounter [-] [106105] Writing DB stats neutron:SELECT=1 {{(pid=106105) stat_writer /opt/stack/data/venv/lib/python3.12/site-packages/dbcounter.py:115}}
Apr 13 02:30:32.933781 np0000165405 neutron-periodic-workers[106115]: DEBUG dbcounter [-] [106115] Writing DB stats neutron:DELETE=1 {{(pid=106115) stat_writer /opt/stack/data/venv/lib/python3.12/site-packages/dbcounter.py:115}}
Apr 13 02:30:34.865509 np0000165405 neutron-periodic-workers[106093]: DEBUG dbcounter [-] [106093] Writing DB stats neutron:SELECT=3 {{(pid=106093) stat_writer /opt/stack/data/venv/lib/python3.12/site-packages/dbcounter.py:115}}
Apr 13 02:30:53.889185 np0000165405 neutron-periodic-workers[106105]: DEBUG neutron.db.agents_db [None req-050addf9-6381-40a6-804c-c0b493491387 None None] Agent healthcheck: found 0 active agents {{(pid=106105) agent_health_check /opt/stack/neutron/neutron/db/agents_db.py:317}}
Apr 13 02:30:53.889885 np0000165405 neutron-periodic-workers[106105]: DEBUG oslo.service.backend._threading.loopingcall [None req-050addf9-6381-40a6-804c-c0b493491387 None None] Fixed interval looping call 'neutron.plugins.ml2.plugin.AgentDbMixin.agent_health_check' sleeping for 37.00 seconds {{(pid=106105) _run_loop /opt/stack/data/venv/lib/python3.12/site-packages/oslo_service/backend/_threading/loopingcall.py:125}}
Apr 13 02:31:01.867109 np0000165405 neutron-periodic-workers[106093]: DEBUG oslo.service.backend._threading.loopingcall [None req-1753abb4-7f98-453b-8205-4cf352897fef None None] Fixed interval looping call 'neutron.plugins.ml2.plugin.DhcpAgentSchedulerDbMixin.remove_networks_from_down_agents' sleeping for 36.99 seconds {{(pid=106093) _run_loop /opt/stack/data/venv/lib/python3.12/site-packages/oslo_service/backend/_threading/loopingcall.py:125}}
Apr 13 02:31:03.887500 np0000165405 neutron-periodic-workers[106105]: DEBUG dbcounter [-] [106105] Writing DB stats neutron:SELECT=1 {{(pid=106105) stat_writer /opt/stack/data/venv/lib/python3.12/site-packages/dbcounter.py:115}}
Apr 13 02:31:11.865528 np0000165405 neutron-periodic-workers[106093]: DEBUG dbcounter [-] [106093] Writing DB stats neutron:SELECT=3 {{(pid=106093) stat_writer /opt/stack/data/venv/lib/python3.12/site-packages/dbcounter.py:115}}
Apr 13 02:31:30.893594 np0000165405 neutron-periodic-workers[106105]: DEBUG neutron.db.agents_db [None req-050addf9-6381-40a6-804c-c0b493491387 None None] Agent healthcheck: found 0 active agents {{(pid=106105) agent_health_check /opt/stack/neutron/neutron/db/agents_db.py:317}}
Apr 13 02:31:30.894361 np0000165405 neutron-periodic-workers[106105]: DEBUG oslo.service.backend._threading.loopingcall [None req-050addf9-6381-40a6-804c-c0b493491387 None None] Fixed interval looping call 'neutron.plugins.ml2.plugin.AgentDbMixin.agent_health_check' sleeping for 37.00 seconds {{(pid=106105) _run_loop /opt/stack/data/venv/lib/python3.12/site-packages/oslo_service/backend/_threading/loopingcall.py:125}}
Apr 13 02:31:38.865421 np0000165405 neutron-periodic-workers[106093]: DEBUG oslo.service.backend._threading.loopingcall [None req-1753abb4-7f98-453b-8205-4cf352897fef None None] Fixed interval looping call 'neutron.plugins.ml2.plugin.DhcpAgentSchedulerDbMixin.remove_networks_from_down_agents' sleeping for 36.99 seconds {{(pid=106093) _run_loop /opt/stack/data/venv/lib/python3.12/site-packages/oslo_service/backend/_threading/loopingcall.py:125}}
Apr 13 02:31:40.892873 np0000165405 neutron-periodic-workers[106105]: DEBUG dbcounter [-] [106105] Writing DB stats neutron:SELECT=1 {{(pid=106105) stat_writer /opt/stack/data/venv/lib/python3.12/site-packages/dbcounter.py:115}}
Apr 13 02:31:48.864882 np0000165405 neutron-periodic-workers[106093]: DEBUG dbcounter [-] [106093] Writing DB stats neutron:SELECT=3 {{(pid=106093) stat_writer /opt/stack/data/venv/lib/python3.12/site-packages/dbcounter.py:115}}
Apr 13 02:32:07.900237 np0000165405 neutron-periodic-workers[106105]: DEBUG neutron.db.agents_db [None req-050addf9-6381-40a6-804c-c0b493491387 None None] Agent healthcheck: found 0 active agents {{(pid=106105) agent_health_check /opt/stack/neutron/neutron/db/agents_db.py:317}}
Apr 13 02:32:07.900955 np0000165405 neutron-periodic-workers[106105]: DEBUG oslo.service.backend._threading.loopingcall [None req-050addf9-6381-40a6-804c-c0b493491387 None None] Fixed interval looping call 'neutron.plugins.ml2.plugin.AgentDbMixin.agent_health_check' sleeping for 36.99 seconds {{(pid=106105) _run_loop /opt/stack/data/venv/lib/python3.12/site-packages/oslo_service/backend/_threading/loopingcall.py:125}}
Apr 13 02:32:15.866638 np0000165405 neutron-periodic-workers[106093]: DEBUG oslo.service.backend._threading.loopingcall [None req-1753abb4-7f98-453b-8205-4cf352897fef None None] Fixed interval looping call 'neutron.plugins.ml2.plugin.DhcpAgentSchedulerDbMixin.remove_networks_from_down_agents' sleeping for 36.99 seconds {{(pid=106093) _run_loop /opt/stack/data/venv/lib/python3.12/site-packages/oslo_service/backend/_threading/loopingcall.py:125}}
Apr 13 02:32:17.898205 np0000165405 neutron-periodic-workers[106105]: DEBUG dbcounter [-] [106105] Writing DB stats neutron:SELECT=1 {{(pid=106105) stat_writer /opt/stack/data/venv/lib/python3.12/site-packages/dbcounter.py:115}}
Apr 13 02:32:22.930487 np0000165405 neutron-periodic-workers[106115]: DEBUG oslo.service.backend._threading.loopingcall [None req-9143eb9c-7279-4550-ba79-5bd7feb7cc63 None None] Fixed interval looping call 'neutron.db.quota.driver_nolock.DbQuotaNoLockDriver._remove_expired_reservations' sleeping for 120.00 seconds {{(pid=106115) _run_loop /opt/stack/data/venv/lib/python3.12/site-packages/oslo_service/backend/_threading/loopingcall.py:125}}
Apr 13 02:32:25.865855 np0000165405 neutron-periodic-workers[106093]: DEBUG dbcounter [-] [106093] Writing DB stats neutron:SELECT=3 {{(pid=106093) stat_writer /opt/stack/data/venv/lib/python3.12/site-packages/dbcounter.py:115}}
Apr 13 02:32:32.929033 np0000165405 neutron-periodic-workers[106115]: DEBUG dbcounter [-] [106115] Writing DB stats neutron:DELETE=1 {{(pid=106115) stat_writer /opt/stack/data/venv/lib/python3.12/site-packages/dbcounter.py:115}}
Apr 13 02:32:37.863020 np0000165405 neutron-periodic-workers[106082]: DEBUG oslo.service.backend._threading.loopingcall [None req-d30e8e15-6282-4b00-b23e-622146e4f38f None None] Fixed interval looping call 'neutron.services.ovn_l3.plugin.L3_NAT_dbonly_mixin._clean_garbage' sleeping for 299.99 seconds {{(pid=106082) _run_loop /opt/stack/data/venv/lib/python3.12/site-packages/oslo_service/backend/_threading/loopingcall.py:125}}
Apr 13 02:32:44.895701 np0000165405 neutron-periodic-workers[106105]: DEBUG neutron.db.agents_db [None req-050addf9-6381-40a6-804c-c0b493491387 None None] Agent healthcheck: found 0 active agents {{(pid=106105) agent_health_check /opt/stack/neutron/neutron/db/agents_db.py:317}}
Apr 13 02:32:44.896565 np0000165405 neutron-periodic-workers[106105]: DEBUG oslo.service.backend._threading.loopingcall [None req-050addf9-6381-40a6-804c-c0b493491387 None None] Fixed interval looping call 'neutron.plugins.ml2.plugin.AgentDbMixin.agent_health_check' sleeping for 37.00 seconds {{(pid=106105) _run_loop /opt/stack/data/venv/lib/python3.12/site-packages/oslo_service/backend/_threading/loopingcall.py:125}}
Apr 13 02:32:47.857013 np0000165405 neutron-periodic-workers[106082]: DEBUG dbcounter [-] [106082] Writing DB stats neutron:SELECT=1 {{(pid=106082) stat_writer /opt/stack/data/venv/lib/python3.12/site-packages/dbcounter.py:115}}
Apr 13 02:32:52.863458 np0000165405 neutron-periodic-workers[106093]: DEBUG oslo.service.backend._threading.loopingcall [None req-1753abb4-7f98-453b-8205-4cf352897fef None None] Fixed interval looping call 'neutron.plugins.ml2.plugin.DhcpAgentSchedulerDbMixin.remove_networks_from_down_agents' sleeping for 36.99 seconds {{(pid=106093) _run_loop /opt/stack/data/venv/lib/python3.12/site-packages/oslo_service/backend/_threading/loopingcall.py:125}}
Apr 13 02:32:54.894068 np0000165405 neutron-periodic-workers[106105]: DEBUG dbcounter [-] [106105] Writing DB stats neutron:SELECT=1 {{(pid=106105) stat_writer /opt/stack/data/venv/lib/python3.12/site-packages/dbcounter.py:115}}
Apr 13 02:33:02.862627 np0000165405 neutron-periodic-workers[106093]: DEBUG dbcounter [-] [106093] Writing DB stats neutron:SELECT=3 {{(pid=106093) stat_writer /opt/stack/data/venv/lib/python3.12/site-packages/dbcounter.py:115}}
Apr 13 02:33:21.901445 np0000165405 neutron-periodic-workers[106105]: DEBUG neutron.db.agents_db [None req-050addf9-6381-40a6-804c-c0b493491387 None None] Agent healthcheck: found 0 active agents {{(pid=106105) agent_health_check /opt/stack/neutron/neutron/db/agents_db.py:317}}
Apr 13 02:33:21.902193 np0000165405 neutron-periodic-workers[106105]: DEBUG oslo.service.backend._threading.loopingcall [None req-050addf9-6381-40a6-804c-c0b493491387 None None] Fixed interval looping call 'neutron.plugins.ml2.plugin.AgentDbMixin.agent_health_check' sleeping for 36.99 seconds {{(pid=106105) _run_loop /opt/stack/data/venv/lib/python3.12/site-packages/oslo_service/backend/_threading/loopingcall.py:125}}
Apr 13 02:33:29.862509 np0000165405 neutron-periodic-workers[106093]: DEBUG oslo.service.backend._threading.loopingcall [None req-1753abb4-7f98-453b-8205-4cf352897fef None None] Fixed interval looping call 'neutron.plugins.ml2.plugin.DhcpAgentSchedulerDbMixin.remove_networks_from_down_agents' sleeping for 36.99 seconds {{(pid=106093) _run_loop /opt/stack/data/venv/lib/python3.12/site-packages/oslo_service/backend/_threading/loopingcall.py:125}}
Apr 13 02:33:31.899597 np0000165405 neutron-periodic-workers[106105]: DEBUG dbcounter [-] [106105] Writing DB stats neutron:SELECT=1 {{(pid=106105) stat_writer /opt/stack/data/venv/lib/python3.12/site-packages/dbcounter.py:115}}
Apr 13 02:33:39.861777 np0000165405 neutron-periodic-workers[106093]: DEBUG dbcounter [-] [106093] Writing DB stats neutron:SELECT=3 {{(pid=106093) stat_writer /opt/stack/data/venv/lib/python3.12/site-packages/dbcounter.py:115}}
Apr 13 02:33:58.896812 np0000165405 neutron-periodic-workers[106105]: DEBUG neutron.db.agents_db [None req-050addf9-6381-40a6-804c-c0b493491387 None None] Agent healthcheck: found 0 active agents {{(pid=106105) agent_health_check /opt/stack/neutron/neutron/db/agents_db.py:317}}
Apr 13 02:33:58.897419 np0000165405 neutron-periodic-workers[106105]: DEBUG oslo.service.backend._threading.loopingcall [None req-050addf9-6381-40a6-804c-c0b493491387 None None] Fixed interval looping call 'neutron.plugins.ml2.plugin.AgentDbMixin.agent_health_check' sleeping for 37.00 seconds {{(pid=106105) _run_loop /opt/stack/data/venv/lib/python3.12/site-packages/oslo_service/backend/_threading/loopingcall.py:125}}
Apr 13 02:34:06.864157 np0000165405 neutron-periodic-workers[106093]: DEBUG oslo.service.backend._threading.loopingcall [None req-1753abb4-7f98-453b-8205-4cf352897fef None None] Fixed interval looping call 'neutron.plugins.ml2.plugin.DhcpAgentSchedulerDbMixin.remove_networks_from_down_agents' sleeping for 36.99 seconds {{(pid=106093) _run_loop /opt/stack/data/venv/lib/python3.12/site-packages/oslo_service/backend/_threading/loopingcall.py:125}}
Apr 13 02:34:08.894798 np0000165405 neutron-periodic-workers[106105]: DEBUG dbcounter [-] [106105] Writing DB stats neutron:SELECT=1 {{(pid=106105) stat_writer /opt/stack/data/venv/lib/python3.12/site-packages/dbcounter.py:115}}
Apr 13 02:34:16.862624 np0000165405 neutron-periodic-workers[106093]: DEBUG dbcounter [-] [106093] Writing DB stats neutron:SELECT=3 {{(pid=106093) stat_writer /opt/stack/data/venv/lib/python3.12/site-packages/dbcounter.py:115}}
Apr 13 02:34:22.935547 np0000165405 neutron-periodic-workers[106115]: DEBUG oslo.service.backend._threading.loopingcall [None req-9143eb9c-7279-4550-ba79-5bd7feb7cc63 None None] Fixed interval looping call 'neutron.db.quota.driver_nolock.DbQuotaNoLockDriver._remove_expired_reservations' sleeping for 120.00 seconds {{(pid=106115) _run_loop /opt/stack/data/venv/lib/python3.12/site-packages/oslo_service/backend/_threading/loopingcall.py:125}}
Apr 13 02:34:32.934091 np0000165405 neutron-periodic-workers[106115]: DEBUG dbcounter [-] [106115] Writing DB stats neutron:DELETE=1 {{(pid=106115) stat_writer /opt/stack/data/venv/lib/python3.12/site-packages/dbcounter.py:115}}
Apr 13 02:34:35.903078 np0000165405 neutron-periodic-workers[106105]: DEBUG neutron.db.agents_db [None req-050addf9-6381-40a6-804c-c0b493491387 None None] Agent healthcheck: found 0 active agents {{(pid=106105) agent_health_check /opt/stack/neutron/neutron/db/agents_db.py:317}}
Apr 13 02:34:35.903482 np0000165405 neutron-periodic-workers[106105]: DEBUG oslo.service.backend._threading.loopingcall [None req-050addf9-6381-40a6-804c-c0b493491387 None None] Fixed interval looping call 'neutron.plugins.ml2.plugin.AgentDbMixin.agent_health_check' sleeping for 36.99 seconds {{(pid=106105) _run_loop /opt/stack/data/venv/lib/python3.12/site-packages/oslo_service/backend/_threading/loopingcall.py:125}}
Apr 13 02:34:43.861470 np0000165405 neutron-periodic-workers[106093]: DEBUG oslo.service.backend._threading.loopingcall [None req-1753abb4-7f98-453b-8205-4cf352897fef None None] Fixed interval looping call 'neutron.plugins.ml2.plugin.DhcpAgentSchedulerDbMixin.remove_networks_from_down_agents' sleeping for 36.99 seconds {{(pid=106093) _run_loop /opt/stack/data/venv/lib/python3.12/site-packages/oslo_service/backend/_threading/loopingcall.py:125}}
Apr 13 02:34:45.901260 np0000165405 neutron-periodic-workers[106105]: DEBUG dbcounter [-] [106105] Writing DB stats neutron:SELECT=1 {{(pid=106105) stat_writer /opt/stack/data/venv/lib/python3.12/site-packages/dbcounter.py:115}}
Apr 13 02:34:53.860540 np0000165405 neutron-periodic-workers[106093]: DEBUG dbcounter [-] [106093] Writing DB stats neutron:SELECT=3 {{(pid=106093) stat_writer /opt/stack/data/venv/lib/python3.12/site-packages/dbcounter.py:115}}
Apr 13 02:35:12.896289 np0000165405 neutron-periodic-workers[106105]: DEBUG neutron.db.agents_db [None req-050addf9-6381-40a6-804c-c0b493491387 None None] Agent healthcheck: found 0 active agents {{(pid=106105) agent_health_check /opt/stack/neutron/neutron/db/agents_db.py:317}}
Apr 13 02:35:12.896690 np0000165405 neutron-periodic-workers[106105]: DEBUG oslo.service.backend._threading.loopingcall [None req-050addf9-6381-40a6-804c-c0b493491387 None None] Fixed interval looping call 'neutron.plugins.ml2.plugin.AgentDbMixin.agent_health_check' sleeping for 37.00 seconds {{(pid=106105) _run_loop /opt/stack/data/venv/lib/python3.12/site-packages/oslo_service/backend/_threading/loopingcall.py:125}}
Apr 13 02:35:20.860709 np0000165405 neutron-periodic-workers[106093]: DEBUG oslo.service.backend._threading.loopingcall [None req-1753abb4-7f98-453b-8205-4cf352897fef None None] Fixed interval looping call 'neutron.plugins.ml2.plugin.DhcpAgentSchedulerDbMixin.remove_networks_from_down_agents' sleeping for 36.99 seconds {{(pid=106093) _run_loop /opt/stack/data/venv/lib/python3.12/site-packages/oslo_service/backend/_threading/loopingcall.py:125}}
Apr 13 02:35:22.895730 np0000165405 neutron-periodic-workers[106105]: DEBUG dbcounter [-] [106105] Writing DB stats neutron:SELECT=1 {{(pid=106105) stat_writer /opt/stack/data/venv/lib/python3.12/site-packages/dbcounter.py:115}}
Apr 13 02:35:30.859429 np0000165405 neutron-periodic-workers[106093]: DEBUG dbcounter [-] [106093] Writing DB stats neutron:SELECT=3 {{(pid=106093) stat_writer /opt/stack/data/venv/lib/python3.12/site-packages/dbcounter.py:115}}
Apr 13 02:35:49.903719 np0000165405 neutron-periodic-workers[106105]: DEBUG neutron.db.agents_db [None req-050addf9-6381-40a6-804c-c0b493491387 None None] Agent healthcheck: found 0 active agents {{(pid=106105) agent_health_check /opt/stack/neutron/neutron/db/agents_db.py:317}}
Apr 13 02:35:49.904426 np0000165405 neutron-periodic-workers[106105]: DEBUG oslo.service.backend._threading.loopingcall [None req-050addf9-6381-40a6-804c-c0b493491387 None None] Fixed interval looping call 'neutron.plugins.ml2.plugin.AgentDbMixin.agent_health_check' sleeping for 36.99 seconds {{(pid=106105) _run_loop /opt/stack/data/venv/lib/python3.12/site-packages/oslo_service/backend/_threading/loopingcall.py:125}}
Apr 13 02:35:57.859530 np0000165405 neutron-periodic-workers[106093]: DEBUG oslo.service.backend._threading.loopingcall [None req-1753abb4-7f98-453b-8205-4cf352897fef None None] Fixed interval looping call 'neutron.plugins.ml2.plugin.DhcpAgentSchedulerDbMixin.remove_networks_from_down_agents' sleeping for 36.99 seconds {{(pid=106093) _run_loop /opt/stack/data/venv/lib/python3.12/site-packages/oslo_service/backend/_threading/loopingcall.py:125}}
Apr 13 02:35:59.900608 np0000165405 neutron-periodic-workers[106105]: DEBUG dbcounter [-] [106105] Writing DB stats neutron:SELECT=1 {{(pid=106105) stat_writer /opt/stack/data/venv/lib/python3.12/site-packages/dbcounter.py:115}}
Apr 13 02:36:07.858810 np0000165405 neutron-periodic-workers[106093]: DEBUG dbcounter [-] [106093] Writing DB stats neutron:SELECT=3 {{(pid=106093) stat_writer /opt/stack/data/venv/lib/python3.12/site-packages/dbcounter.py:115}}
