2026-03-05 08:32:07.443 7 INFO placement.requestlog [req-9e93d692-8489-436e-b325-a023234ae204 req-6eb38a9f-5339-4d6a-800d-dcadec443951 f2ea6f617e4d4ec080f8658585d70f4f e9e714ffb49a44f08a441718bd80f384 - - da5ab492eb674fb99ccb4403ae3bc0f4 da5ab492eb674fb99ccb4403ae3bc0f4] 199.204.45.49 "GET /resource_providers/24dd7ac8-1a4b-4748-a363-9728b5ebaf78/allocations" status: 200 len: 54 microversion: 1.0 [pid: 7|app: 0|req: 275/547] 199.204.45.49 () {32 vars in 856 bytes} [Thu Mar 5 08:32:07 2026] GET /resource_providers/24dd7ac8-1a4b-4748-a363-9728b5ebaf78/allocations => generated 54 bytes in 12 msecs (HTTP/1.1 200) 6 headers in 223 bytes (1 switches on core 0)
2026-03-05 08:32:16.008 8 INFO placement.requestlog [None req-05f277b9-c55e-445c-990a-48f5ae159c25 - - - - - -] 10.0.0.177 "GET /" status: 200 len: 136 microversion: 1.0
2026-03-05 08:32:16.008 7 INFO placement.requestlog [None req-5c20349f-6821-43ee-8860-1c4fd3b04551 - - - - - -] 10.0.0.177 "GET /" status: 200 len: 136 microversion: 1.0
2026-03-05 08:32:22.398 8 INFO placement.requestlog [None req-dfa48537-0d55-496d-bb23-1569444d8dee 9a13ac0c78be4df4a13e0069cc93b120 5fed8706f2334789bcfa3af6ed9920d2 - - default default] 10.0.0.108 "GET /resource_providers" status: 200 len: 405 microversion: 1.0 [pid: 8|app: 0|req: 274/550] 10.0.0.108 () {28 vars in 593 bytes} [Thu Mar 5 08:32:22 2026] GET /resource_providers => generated 405 bytes in 98 msecs (HTTP/1.1 200) 6 headers in 224 bytes (1 switches on core 0)
2026-03-05 08:32:22.431 7 INFO placement.requestlog [None req-3a18369b-bc46-4c76-8575-5b5dc99d6504 9a13ac0c78be4df4a13e0069cc93b120 5fed8706f2334789bcfa3af6ed9920d2 - - default default] 10.0.0.108 "GET /resource_providers/24dd7ac8-1a4b-4748-a363-9728b5ebaf78/inventories" status: 200 len: 400 microversion: 1.0 [pid: 7|app: 0|req: 277/551] 10.0.0.108 () {28 vars in 691 bytes} [Thu Mar 5 08:32:22 2026] GET /resource_providers/24dd7ac8-1a4b-4748-a363-9728b5ebaf78/inventories => generated 400 bytes in 28 msecs (HTTP/1.1 200) 6 headers in 224 bytes (1 switches on core 0)
2026-03-05 08:32:22.447 8 INFO placement.requestlog [None req-e318635f-cfce-4519-ac01-7b88352ddea9 9a13ac0c78be4df4a13e0069cc93b120 5fed8706f2334789bcfa3af6ed9920d2 - - default default] 10.0.0.108 "GET /resource_providers/24dd7ac8-1a4b-4748-a363-9728b5ebaf78/usages" status: 200 len: 88 microversion: 1.0 [pid: 8|app: 0|req: 275/552] 10.0.0.108 () {28 vars in 681 bytes} [Thu Mar 5 08:32:22 2026] GET /resource_providers/24dd7ac8-1a4b-4748-a363-9728b5ebaf78/usages => generated 88 bytes in 13 msecs (HTTP/1.1 200) 6 headers in 223 bytes (1 switches on core 0)
2026-03-05 08:32:26.009 7 INFO placement.requestlog [None req-9d9c3ce4-1282-45d7-9e7a-7fea518d4f84 - - - - - -] 10.0.0.177 "GET /" status: 200 len: 136 microversion: 1.0
2026-03-05 08:32:26.009 8 INFO placement.requestlog [None req-e8311be0-11ba-4a13-a2f7-e7e9f3d0730b - - - - - -] 10.0.0.177 "GET /" status: 200 len: 136 microversion: 1.0
2026-03-05 08:32:36.009 8 INFO placement.requestlog [None req-e9477bd4-f516-4e5a-809d-21c77cd5cfa2 - - - - - -] 10.0.0.177 "GET /" status: 200 len: 136 microversion: 1.0
2026-03-05 08:32:36.009 7 INFO placement.requestlog [None req-8c747308-add7-490a-9eeb-7c6759337bfe - - - - - -] 10.0.0.177 "GET /" status: 200 len: 136 microversion: 1.0
2026-03-05 08:32:46.011 8 INFO placement.requestlog [None req-c97135c2-dd24-4acc-8066-db61054230a5 - - - - - -] 10.0.0.177 "GET /" status: 200 len: 136 microversion: 1.0
2026-03-05 08:32:46.011 7 INFO placement.requestlog [None req-43be6a28-cce1-4225-a2d6-ed2fa15d9d82 - - - - - -] 10.0.0.177 "GET /" status: 200 len: 136 microversion: 1.0
2026-03-05 08:32:56.008 8 INFO placement.requestlog [None req-3f0f9ac8-2b98-4a0c-a9c6-0c4d4951d48e - - - - - -] 10.0.0.177 "GET /" status: 200 len: 136 microversion: 1.0
2026-03-05 08:32:56.008 7 INFO placement.requestlog [None req-46afea3e-924f-4a12-affe-597d87c7da3c - - - - - -] 10.0.0.177 "GET /" status: 200 len: 136 microversion: 1.0
2026-03-05 08:33:06.008 8 INFO placement.requestlog [None req-93192a23-ab5d-48c5-b046-d5e2cd4b025c - - - - - -] 10.0.0.177 "GET /" status: 200 len: 136 microversion: 1.0
2026-03-05 08:33:06.010 7 INFO placement.requestlog [None req-828fd937-c7d7-475b-9628-41a1b7561923 - - - - - -] 10.0.0.177 "GET /" status: 200 len: 136 microversion: 1.0
2026-03-05 08:33:08.534 8 INFO placement.requestlog [req-2c2e67b4-4a50-451f-aedf-dda521365bed req-7af00dad-2cc8-432f-8caf-6b00de93be88 f2ea6f617e4d4ec080f8658585d70f4f e9e714ffb49a44f08a441718bd80f384 - - da5ab492eb674fb99ccb4403ae3bc0f4 da5ab492eb674fb99ccb4403ae3bc0f4] 199.204.45.49 "GET /resource_providers/24dd7ac8-1a4b-4748-a363-9728b5ebaf78/allocations" status: 200 len: 54 microversion: 1.0 [pid: 8|app: 0|req: 281/563] 199.204.45.49 () {32 vars in 856 bytes} [Thu Mar 5 08:33:08 2026] GET /resource_providers/24dd7ac8-1a4b-4748-a363-9728b5ebaf78/allocations => generated 54 bytes in 13 msecs (HTTP/1.1 200) 6 headers in 223 bytes (1 switches on core 0)
2026-03-05 08:33:08.559 7 INFO placement.requestlog [req-2c2e67b4-4a50-451f-aedf-dda521365bed req-20fd907e-f159-404e-827b-28ea571d4f53 f2ea6f617e4d4ec080f8658585d70f4f e9e714ffb49a44f08a441718bd80f384 - - da5ab492eb674fb99ccb4403ae3bc0f4 da5ab492eb674fb99ccb4403ae3bc0f4] 199.204.45.49 "GET /resource_providers/24dd7ac8-1a4b-4748-a363-9728b5ebaf78/allocations" status: 200 len: 54 microversion: 1.0 [pid: 7|app: 0|req: 283/564] 199.204.45.49 () {32 vars in 856 bytes} [Thu Mar 5 08:33:08 2026] GET /resource_providers/24dd7ac8-1a4b-4748-a363-9728b5ebaf78/allocations => generated 54 bytes in 17 msecs (HTTP/1.1 200) 6 headers in 223 bytes (1 switches on core 0)
2026-03-05 08:33:16.009 8 INFO placement.requestlog [None req-21d08768-e673-4b3e-aa9c-151401ff8a3e - - - - - -] 10.0.0.177 "GET /" status: 200 len: 136 microversion: 1.0
2026-03-05 08:33:16.010 7 INFO placement.requestlog [None req-03a881ad-e8e6-4f6b-af52-d84c1cb9e2d9 - - - - - -] 10.0.0.177 "GET /" status: 200 len: 136 microversion: 1.0
2026-03-05 08:33:22.254 8 INFO placement.requestlog [None req-92bd985a-0858-4316-b5c1-96f11bc56a8c 9a13ac0c78be4df4a13e0069cc93b120 5fed8706f2334789bcfa3af6ed9920d2 - - default default] 10.0.0.108 "GET /resource_providers" status: 200 len: 405 microversion: 1.0 [pid: 8|app: 0|req: 283/567] 10.0.0.108 () {28 vars in 593 bytes} [Thu Mar 5 08:33:22 2026] GET /resource_providers => generated 405 bytes in 45 msecs (HTTP/1.1 200) 6 headers in 224 bytes (1 switches on core 0)
2026-03-05 08:33:22.280 7 INFO placement.requestlog [None req-1c074023-695b-48cc-a20f-ce2fabd58eeb 9a13ac0c78be4df4a13e0069cc93b120 5fed8706f2334789bcfa3af6ed9920d2 - - default default] 10.0.0.108 "GET /resource_providers/24dd7ac8-1a4b-4748-a363-9728b5ebaf78/inventories" status: 200 len: 400 microversion: 1.0 [pid: 7|app: 0|req: 285/568] 10.0.0.108 () {28 vars in 691 bytes} [Thu Mar 5 08:33:22 2026] GET /resource_providers/24dd7ac8-1a4b-4748-a363-9728b5ebaf78/inventories => generated 400 bytes in 21 msecs (HTTP/1.1 200) 6 headers in 224 bytes (1 switches on core 0)
2026-03-05 08:33:22.299 8 INFO placement.requestlog [None req-3d8377eb-fae2-44db-8ceb-6230024ba615 9a13ac0c78be4df4a13e0069cc93b120 5fed8706f2334789bcfa3af6ed9920d2 - - default default] 10.0.0.108 "GET /resource_providers/24dd7ac8-1a4b-4748-a363-9728b5ebaf78/usages" status: 200 len: 88 microversion: 1.0 [pid: 8|app: 0|req: 284/569] 10.0.0.108 () {28 vars in 681 bytes} [Thu Mar 5 08:33:22 2026] GET /resource_providers/24dd7ac8-1a4b-4748-a363-9728b5ebaf78/usages => generated 88 bytes in 14 msecs (HTTP/1.1 200) 6 headers in 223 bytes (1 switches on core 0)
2026-03-05 08:33:26.010 7 INFO placement.requestlog [None req-43c4ac5f-e260-4562-8f34-d87cb9190994 - - - - - -] 10.0.0.177 "GET /" status: 200 len: 136 microversion: 1.0
2026-03-05 08:33:26.010 8 INFO placement.requestlog [None req-91fa45eb-92f4-4a6f-a92d-7729298f28d7 - - - - - -] 10.0.0.177 "GET /" status: 200 len: 136 microversion: 1.0
2026-03-05 08:33:36.008 8 INFO placement.requestlog [None req-683ccabb-9ed3-44b4-ad08-c7d33f28fac2 - - - - - -] 10.0.0.177 "GET /" status: 200 len: 136 microversion: 1.0
2026-03-05 08:33:36.008 7 INFO placement.requestlog [None req-19d92f90-a648-47ae-9134-e9d165a4423d - - - - - -] 10.0.0.177 "GET /" status: 200 len: 136 microversion: 1.0
2026-03-05 08:33:46.008 8 INFO placement.requestlog [None req-052f6d92-77a2-431c-8228-329aa615a20e - - - - - -] 10.0.0.177 "GET /" status: 200 len: 136 microversion: 1.0
2026-03-05 08:33:46.008 7 INFO placement.requestlog [None req-083844e2-ebba-473c-92fe-da04505dc44c - - - - - -] 10.0.0.177 "GET /" status: 200 len: 136 microversion: 1.0
2026-03-05 08:33:56.009 8 INFO placement.requestlog [None req-8ff79010-9f33-44b9-862a-308c7ef8f1e0 - - - - - -] 10.0.0.177 "GET /" status: 200 len: 136 microversion: 1.0
2026-03-05 08:33:56.009 7 INFO placement.requestlog [None req-0cb6ce3e-440a-4933-af94-d87ef58fde5c - - - - - -] 10.0.0.177 "GET /" status: 200 len: 136 microversion: 1.0
2026-03-05 08:34:06.009 7 INFO placement.requestlog [None req-3b0c2c6b-e5df-4976-9b80-7601c6985fa3 - - - - - -] 10.0.0.177 "GET /" status: 200 len: 136 microversion: 1.0
2026-03-05 08:34:06.009 8 INFO placement.requestlog [None req-ff0293b7-cfdb-4030-9161-3b018f87cb78 - - - - - -] 10.0.0.177 "GET /" status: 200 len: 136 microversion: 1.0
2026-03-05 08:34:09.486 8 INFO placement.requestlog [req-3497030a-25d5-460f-be29-d007505f3816 req-af7c5129-38e7-4165-a842-45156137ef1c f2ea6f617e4d4ec080f8658585d70f4f e9e714ffb49a44f08a441718bd80f384 - - da5ab492eb674fb99ccb4403ae3bc0f4 da5ab492eb674fb99ccb4403ae3bc0f4] 199.204.45.49 "GET /resource_providers/24dd7ac8-1a4b-4748-a363-9728b5ebaf78/allocations" status: 200 len: 54 microversion: 1.0 [pid: 8|app: 0|req: 290/580] 199.204.45.49 () {32 vars in 856 bytes} [Thu Mar 5 08:34:09 2026] GET /resource_providers/24dd7ac8-1a4b-4748-a363-9728b5ebaf78/allocations => generated 54 bytes in 9 msecs (HTTP/1.1 200) 6 headers in 223 bytes (1 switches on core 0)
2026-03-05 08:34:09.506 7 INFO placement.requestlog [req-3497030a-25d5-460f-be29-d007505f3816 req-f82870a7-9e71-466e-aa1f-c0fdd847d297 f2ea6f617e4d4ec080f8658585d70f4f e9e714ffb49a44f08a441718bd80f384 - - da5ab492eb674fb99ccb4403ae3bc0f4 da5ab492eb674fb99ccb4403ae3bc0f4] 199.204.45.49 "GET /resource_providers/24dd7ac8-1a4b-4748-a363-9728b5ebaf78/allocations" status: 200 len: 54 microversion: 1.0 [pid: 7|app: 0|req: 291/581] 199.204.45.49 () {32 vars in 856 bytes} [Thu Mar 5 08:34:09 2026] GET /resource_providers/24dd7ac8-1a4b-4748-a363-9728b5ebaf78/allocations => generated 54 bytes in 12 msecs (HTTP/1.1 200) 6 headers in 223 bytes (1 switches on core 0)
2026-03-05 08:34:16.008 8 INFO placement.requestlog [None req-554a1c3b-8436-4c5c-b1df-110e3661de10 - - - - - -] 10.0.0.177 "GET /" status: 200 len: 136 microversion: 1.0
2026-03-05 08:34:16.009 7 INFO placement.requestlog [None req-5339ccd7-235c-4959-a0cf-b08735071b5b - - - - - -] 10.0.0.177 "GET /" status: 200 len: 136 microversion: 1.0
2026-03-05 08:34:22.211 8 INFO placement.requestlog [None req-50597d72-415c-4db0-86f6-9e01a377037f 9a13ac0c78be4df4a13e0069cc93b120 5fed8706f2334789bcfa3af6ed9920d2 - - default default] 10.0.0.108 "GET /resource_providers" status: 200 len: 405 microversion: 1.0 [pid: 8|app: 0|req: 292/584] 10.0.0.108 () {28 vars in 593 bytes} [Thu Mar 5 08:34:22 2026] GET /resource_providers => generated 405 bytes in 45 msecs (HTTP/1.1 200) 6 headers in 224 bytes (1 switches on core 0)
2026-03-05 08:34:22.237 7 INFO placement.requestlog [None req-89d97db2-f50d-4712-ae74-51f9688fde99 9a13ac0c78be4df4a13e0069cc93b120 5fed8706f2334789bcfa3af6ed9920d2 - - default default] 10.0.0.108 "GET /resource_providers/24dd7ac8-1a4b-4748-a363-9728b5ebaf78/inventories" status: 200 len: 400 microversion: 1.0 [pid: 7|app: 0|req: 293/585] 10.0.0.108 () {28 vars in 691 bytes} [Thu Mar 5 08:34:22 2026] GET /resource_providers/24dd7ac8-1a4b-4748-a363-9728b5ebaf78/inventories => generated 400 bytes in 23 msecs (HTTP/1.1 200) 6 headers in 224 bytes (1 switches on core 0)
2026-03-05 08:34:22.263 8 INFO placement.requestlog [None req-0f40aa6a-c5a3-4bd7-8268-056da93cdfce 9a13ac0c78be4df4a13e0069cc93b120 5fed8706f2334789bcfa3af6ed9920d2 - - default default] 10.0.0.108 "GET /resource_providers/24dd7ac8-1a4b-4748-a363-9728b5ebaf78/usages" status: 200 len: 88 microversion: 1.0 [pid: 8|app: 0|req: 293/586] 10.0.0.108 () {28 vars in 681 bytes} [Thu Mar 5 08:34:22 2026] GET /resource_providers/24dd7ac8-1a4b-4748-a363-9728b5ebaf78/usages => generated 88 bytes in 21 msecs (HTTP/1.1 200) 6 headers in 223 bytes (1 switches on core 0)
2026-03-05 08:34:26.008 7 INFO placement.requestlog [None req-91897444-d913-4c3b-a14e-102e4328b96a - - - - - -] 10.0.0.177 "GET /" status: 200 len: 136 microversion: 1.0
2026-03-05 08:34:26.009 8 INFO placement.requestlog [None req-8328a3ec-9fa8-4798-99e5-b55c26d83a48 - - - - - -] 10.0.0.177 "GET /" status: 200 len: 136 microversion: 1.0
2026-03-05 08:34:36.009 8 INFO placement.requestlog [None req-a201f8fd-b15d-41ae-90bd-a0a1c71ec61c - - - - - -] 10.0.0.177 "GET /" status: 200 len: 136 microversion: 1.0
2026-03-05 08:34:36.009 7 INFO placement.requestlog [None req-d305138f-beee-4f68-8219-58542618099a - - - - - -] 10.0.0.177 "GET /" status: 200 len: 136 microversion: 1.0
2026-03-05 08:34:46.009 8 INFO placement.requestlog [None req-b9bbd33e-2ebd-4d39-b3dd-b157767ed45f - - - - - -] 10.0.0.177 "GET /" status: 200 len: 136 microversion: 1.0
2026-03-05 08:34:46.009 7 INFO placement.requestlog [None req-8a28ff1f-f27c-4944-8bdd-c6f4ff64a1e2 - - - - - -] 10.0.0.177 "GET /" status: 200 len: 136 microversion: 1.0
2026-03-05 08:34:56.008 8 INFO placement.requestlog [None req-82690e65-5c40-465d-bad8-7d21b758b047 - - - - - -] 10.0.0.177 "GET /" status: 200 len: 136 microversion: 1.0
2026-03-05 08:34:56.008 7 INFO placement.requestlog [None req-c6461927-6e19-464b-aea7-70d7a13eebd3 - - - - - -] 10.0.0.177 "GET /" status: 200 len: 136 microversion: 1.0
2026-03-05 08:35:06.008 7 INFO placement.requestlog [None req-dbc71e7c-2b1f-4dce-8d15-82016dad27c8 - - - - - -] 10.0.0.177 "GET /" status: 200 len: 136 microversion: 1.0
2026-03-05 08:35:06.008 8 INFO placement.requestlog [None req-57ae83a5-1239-4084-9abb-a1b317856ebc - - - - - -] 10.0.0.177 "GET /" status: 200 len: 136 microversion: 1.0
2026-03-05 08:35:11.415 7 INFO placement.requestlog [req-4e8d5138-b97e-49e4-8da9-9c9ee90edb94 req-c51bea67-addf-4ec3-8eba-713ed030f52a f2ea6f617e4d4ec080f8658585d70f4f e9e714ffb49a44f08a441718bd80f384 - - da5ab492eb674fb99ccb4403ae3bc0f4 da5ab492eb674fb99ccb4403ae3bc0f4] 199.204.45.49 "GET /resource_providers/24dd7ac8-1a4b-4748-a363-9728b5ebaf78/allocations" status: 200 len: 54 microversion: 1.0 [pid: 7|app: 0|req: 299/597] 199.204.45.49 () {32 vars in 856 bytes} [Thu Mar 5 08:35:11 2026] GET /resource_providers/24dd7ac8-1a4b-4748-a363-9728b5ebaf78/allocations => generated 54 bytes in 12 msecs (HTTP/1.1 200) 6 headers in 223 bytes (1 switches on core 0)
2026-03-05 08:35:11.435 8 INFO placement.requestlog [req-4e8d5138-b97e-49e4-8da9-9c9ee90edb94 req-f6d539a4-707b-45bd-be53-c32e5c22491c f2ea6f617e4d4ec080f8658585d70f4f e9e714ffb49a44f08a441718bd80f384 - - da5ab492eb674fb99ccb4403ae3bc0f4 da5ab492eb674fb99ccb4403ae3bc0f4] 199.204.45.49 "GET /resource_providers/24dd7ac8-1a4b-4748-a363-9728b5ebaf78/allocations" status: 200 len: 54 microversion: 1.0 [pid: 8|app: 0|req: 299/598] 199.204.45.49 () {32 vars in 856 bytes} [Thu Mar 5 08:35:11 2026] GET /resource_providers/24dd7ac8-1a4b-4748-a363-9728b5ebaf78/allocations => generated 54 bytes in 13 msecs (HTTP/1.1 200) 6 headers in 223 bytes (1 switches on core 0)
2026-03-05 08:35:16.008 7 INFO placement.requestlog [None req-c0d6803e-4f90-45af-85ca-b64dbf9bb145 - - - - - -] 10.0.0.177 "GET /" status: 200 len: 136 microversion: 1.0
2026-03-05 08:35:16.009 8 INFO placement.requestlog [None req-2d2c190b-14a9-4385-9533-fa03fe86fa0c - - - - - -] 10.0.0.177 "GET /" status: 200 len: 136 microversion: 1.0
2026-03-05 08:35:22.250 7 INFO placement.requestlog [None req-425d4100-ea7b-4cc2-840c-a37ecb37e310 9a13ac0c78be4df4a13e0069cc93b120 5fed8706f2334789bcfa3af6ed9920d2 - - default default] 10.0.0.108 "GET /resource_providers" status: 200 len: 405 microversion: 1.0 [pid: 7|app: 0|req: 301/601] 10.0.0.108 () {28 vars in 593 bytes} [Thu Mar 5 08:35:22 2026] GET /resource_providers => generated 405 bytes in 101 msecs (HTTP/1.1 200) 6 headers in 224 bytes (1 switches on core 0)
2026-03-05 08:35:22.276 8 INFO placement.requestlog [None req-f67a4298-20af-412f-8e9e-59a9933ddef3 9a13ac0c78be4df4a13e0069cc93b120 5fed8706f2334789bcfa3af6ed9920d2 - - default default] 10.0.0.108 "GET /resource_providers/24dd7ac8-1a4b-4748-a363-9728b5ebaf78/inventories" status: 200 len: 400 microversion: 1.0 [pid: 8|app: 0|req: 301/602] 10.0.0.108 () {28 vars in 691 bytes} [Thu Mar 5 08:35:22 2026] GET /resource_providers/24dd7ac8-1a4b-4748-a363-9728b5ebaf78/inventories => generated 400 bytes in 22 msecs (HTTP/1.1 200) 6 headers in 224 bytes (1 switches on core 0)
2026-03-05 08:35:22.291 7 INFO placement.requestlog [None req-ba4327a9-bda1-4249-98cd-f0aa334bd49c 9a13ac0c78be4df4a13e0069cc93b120 5fed8706f2334789bcfa3af6ed9920d2 - - default default] 10.0.0.108 "GET /resource_providers/24dd7ac8-1a4b-4748-a363-9728b5ebaf78/usages" status: 200 len: 88 microversion: 1.0 [pid: 7|app: 0|req: 302/603] 10.0.0.108 () {28 vars in 681 bytes} [Thu Mar 5 08:35:22 2026] GET /resource_providers/24dd7ac8-1a4b-4748-a363-9728b5ebaf78/usages => generated 88 bytes in 10 msecs (HTTP/1.1 200) 6 headers in 223 bytes (1 switches on core 0)
2026-03-05 08:35:26.008 8 INFO placement.requestlog [None req-5f3a1d08-d862-4ebc-b902-4851ad823ef8 - - - - - -] 10.0.0.177 "GET /" status: 200 len: 136 microversion: 1.0
2026-03-05 08:35:26.011 7 INFO placement.requestlog [None req-2cda7aea-c170-4f9b-bd24-31dfd17674ad - - - - - -] 10.0.0.177 "GET /" status: 200 len: 136 microversion: 1.0
2026-03-05 08:35:36.009 7 INFO placement.requestlog [None req-ac79db4e-5a54-4882-94ae-5ea743a85263 - - - - - -] 10.0.0.177 "GET /" status: 200 len: 136 microversion: 1.0
2026-03-05 08:35:36.009 8 INFO placement.requestlog [None req-c12d75e8-288c-4426-9468-025eb3358fc2 - - - - - -] 10.0.0.177 "GET /" status: 200 len: 136 microversion: 1.0
2026-03-05 08:35:46.009 7 INFO placement.requestlog [None req-f4db0610-cd07-4f97-9903-adab26f31d2c - - - - - -] 10.0.0.177 "GET /" status: 200 len: 136 microversion: 1.0
2026-03-05 08:35:46.009 8 INFO placement.requestlog [None req-5619e30e-c2c4-45a9-9ac1-13eb17b83079 - - - - - -] 10.0.0.177 "GET /" status: 200 len: 136 microversion: 1.0
2026-03-05 08:35:56.008 7 INFO placement.requestlog [None req-019806b0-e16c-4a1c-b515-4fc72089e5af - - - - - -] 10.0.0.177 "GET /" status: 200 len: 136 microversion: 1.0
2026-03-05 08:35:56.008 8 INFO placement.requestlog [None req-673dab5d-0fe6-47cd-8ecb-1bd8159fcff5 - - - - - -] 10.0.0.177 "GET /" status: 200 len: 136 microversion: 1.0
2026-03-05 08:36:06.008 7 INFO placement.requestlog [None req-61c99212-9793-493c-8811-0658e7494758 - - - - - -] 10.0.0.177 "GET /" status: 200 len: 136 microversion: 1.0
2026-03-05 08:36:06.008 8 INFO placement.requestlog [None req-fa447c95-d50e-4a05-8d5f-09dfed66e300 - - - - - -] 10.0.0.177 "GET /" status: 200 len: 136 microversion: 1.0
2026-03-05 08:36:13.515 7 INFO placement.requestlog [req-6ff688c8-5656-4174-abe3-044239be0124 req-51f35a5c-2354-4ff5-b52c-9de15bf68857 f2ea6f617e4d4ec080f8658585d70f4f e9e714ffb49a44f08a441718bd80f384 - - da5ab492eb674fb99ccb4403ae3bc0f4 da5ab492eb674fb99ccb4403ae3bc0f4] 199.204.45.49 "GET /resource_providers/24dd7ac8-1a4b-4748-a363-9728b5ebaf78/allocations" status: 200 len: 54 microversion: 1.0 [pid: 7|app: 0|req: 308/614] 199.204.45.49 () {32 vars in 856 bytes} [Thu Mar 5 08:36:13 2026] GET /resource_providers/24dd7ac8-1a4b-4748-a363-9728b5ebaf78/allocations => generated 54 bytes in 65 msecs (HTTP/1.1 200) 6 headers in 223 bytes (1 switches on core 0)
2026-03-05 08:36:13.543 8 INFO placement.requestlog [req-6ff688c8-5656-4174-abe3-044239be0124 req-6ac6023f-bbe6-4ccb-a9e3-1fcd79a7fa27 f2ea6f617e4d4ec080f8658585d70f4f e9e714ffb49a44f08a441718bd80f384 - - da5ab492eb674fb99ccb4403ae3bc0f4 da5ab492eb674fb99ccb4403ae3bc0f4] 199.204.45.49 "GET /resource_providers?in_tree=24dd7ac8-1a4b-4748-a363-9728b5ebaf78" status: 200 len: 797 microversion: 1.14 [pid: 8|app: 0|req: 307/615] 199.204.45.49 () {34 vars in 891 bytes} [Thu Mar 5 08:36:13 2026] GET /resource_providers?in_tree=24dd7ac8-1a4b-4748-a363-9728b5ebaf78 => generated 797 bytes in 21 msecs (HTTP/1.1 200) 6 headers in 225 bytes (1 switches on core 0)
2026-03-05 08:36:13.562 7 INFO placement.requestlog [req-6ff688c8-5656-4174-abe3-044239be0124 req-1cd2510d-0252-4bf7-b8c6-95c1dac88888 f2ea6f617e4d4ec080f8658585d70f4f e9e714ffb49a44f08a441718bd80f384 - - da5ab492eb674fb99ccb4403ae3bc0f4 da5ab492eb674fb99ccb4403ae3bc0f4] 199.204.45.49 "GET /resource_providers/24dd7ac8-1a4b-4748-a363-9728b5ebaf78/inventories" status: 200 len: 400 microversion: 1.0 [pid: 7|app: 0|req: 309/616] 199.204.45.49 () {32 vars in 856 bytes} [Thu Mar 5 08:36:13 2026] GET /resource_providers/24dd7ac8-1a4b-4748-a363-9728b5ebaf78/inventories => generated 400 bytes in 13 msecs (HTTP/1.1 200) 6 headers in 224 bytes (1 switches on core 0)
2026-03-05 08:36:13.579 8 INFO placement.requestlog [req-6ff688c8-5656-4174-abe3-044239be0124 req-e8f84dd9-bad1-43dd-96af-9d96bc38a8de f2ea6f617e4d4ec080f8658585d70f4f e9e714ffb49a44f08a441718bd80f384 - - da5ab492eb674fb99ccb4403ae3bc0f4 da5ab492eb674fb99ccb4403ae3bc0f4] 199.204.45.49 "GET /resource_providers/24dd7ac8-1a4b-4748-a363-9728b5ebaf78/aggregates" status: 200 len: 53 microversion: 1.19 [pid: 8|app: 0|req: 308/617] 199.204.45.49 () {34 vars in 898 bytes} [Thu Mar 5 08:36:13 2026] GET /resource_providers/24dd7ac8-1a4b-4748-a363-9728b5ebaf78/aggregates => generated 53 bytes in 11 msecs (HTTP/1.1 200) 8 headers in 295 bytes (1 switches on core 0)
2026-03-05 08:36:13.601 7 INFO placement.requestlog [req-6ff688c8-5656-4174-abe3-044239be0124 req-4fd2dab2-bca9-409b-9fbd-741ccbf446ec f2ea6f617e4d4ec080f8658585d70f4f e9e714ffb49a44f08a441718bd80f384 - - da5ab492eb674fb99ccb4403ae3bc0f4 da5ab492eb674fb99ccb4403ae3bc0f4] 199.204.45.49 "GET /resource_providers/24dd7ac8-1a4b-4748-a363-9728b5ebaf78/traits" status: 200 len: 2316 microversion: 1.6 [pid: 7|app: 0|req: 310/618] 199.204.45.49 () {34 vars in 889 bytes} [Thu Mar 5 08:36:13 2026] GET /resource_providers/24dd7ac8-1a4b-4748-a363-9728b5ebaf78/traits => generated 2316 bytes in 17 msecs (HTTP/1.1 200) 6 headers in 225 bytes (1 switches on core 0)
2026-03-05 08:36:13.620 8 INFO placement.requestlog [req-6ff688c8-5656-4174-abe3-044239be0124 req-9932ddb0-57c3-4557-927b-6be85691477a f2ea6f617e4d4ec080f8658585d70f4f e9e714ffb49a44f08a441718bd80f384 - - da5ab492eb674fb99ccb4403ae3bc0f4 da5ab492eb674fb99ccb4403ae3bc0f4] 199.204.45.49 "GET /resource_providers/24dd7ac8-1a4b-4748-a363-9728b5ebaf78/allocations" status: 200 len: 54 microversion: 1.0 [pid: 8|app: 0|req: 309/619] 199.204.45.49 () {32 vars in 856 bytes} [Thu Mar 5 08:36:13 2026] GET /resource_providers/24dd7ac8-1a4b-4748-a363-9728b5ebaf78/allocations => generated 54 bytes in 12 msecs (HTTP/1.1 200) 6 headers in 223 bytes (1 switches on core 0)
2026-03-05 08:36:16.009 7 INFO placement.requestlog [None req-7fa4dcc4-8952-43ae-8c72-70f5d8445997 - - - - - -] 10.0.0.177 "GET /" status: 200 len: 136 microversion: 1.0
2026-03-05 08:36:16.009 8 INFO placement.requestlog [None req-9f43a54b-5083-4b79-9025-5ff87077f52b - - - - - -] 10.0.0.177 "GET /" status: 200 len: 136 microversion: 1.0
2026-03-05 08:36:22.436 8 INFO placement.requestlog [None req-a1f304f4-9631-4030-b3d7-b2f45d0e68d2 9a13ac0c78be4df4a13e0069cc93b120 5fed8706f2334789bcfa3af6ed9920d2 - - default default] 10.0.0.108 "GET /resource_providers" status: 200 len: 405 microversion: 1.0 [pid: 8|app: 0|req: 311/622] 10.0.0.108 () {28 vars in 593 bytes} [Thu Mar 5 08:36:22 2026] GET /resource_providers => generated 405 bytes in 216 msecs (HTTP/1.1 200) 6 headers in 224 bytes (1 switches on core 0)
2026-03-05 08:36:22.458 7 INFO placement.requestlog [None req-c1deff0b-9a69-4382-80dc-0261fbe3a958 9a13ac0c78be4df4a13e0069cc93b120 5fed8706f2334789bcfa3af6ed9920d2 - - default default] 10.0.0.108 "GET /resource_providers/24dd7ac8-1a4b-4748-a363-9728b5ebaf78/inventories" status: 200 len: 400 microversion: 1.0 [pid: 7|app: 0|req: 312/623] 10.0.0.108 () {28 vars in 691 bytes} [Thu Mar 5 08:36:22 2026] GET /resource_providers/24dd7ac8-1a4b-4748-a363-9728b5ebaf78/inventories => generated 400 bytes in 19 msecs (HTTP/1.1 200) 6 headers in 224 bytes (1 switches on core 0)
2026-03-05 08:36:22.480 8 INFO placement.requestlog [None req-f3a78c59-2118-4d23-8657-0b2a5240c0f0 9a13ac0c78be4df4a13e0069cc93b120 5fed8706f2334789bcfa3af6ed9920d2 - - default default] 10.0.0.108 "GET /resource_providers/24dd7ac8-1a4b-4748-a363-9728b5ebaf78/usages" status: 200 len: 88 microversion: 1.0 [pid: 8|app: 0|req: 312/624] 10.0.0.108 () {28 vars in 681 bytes} [Thu Mar 5 08:36:22 2026] GET /resource_providers/24dd7ac8-1a4b-4748-a363-9728b5ebaf78/usages => generated 88 bytes in 16 msecs (HTTP/1.1 200) 6 headers in 223 bytes (1 switches on core 0)
2026-03-05 08:36:26.008 8 INFO placement.requestlog [None req-e4cf72c6-709f-4558-8a1a-2c66de85e2fa - - - - - -] 10.0.0.177 "GET /" status: 200 len: 136 microversion: 1.0
2026-03-05 08:36:26.008 7 INFO placement.requestlog [None req-ab943235-1198-4a7b-a93f-cf9f40213613 - - - - - -] 10.0.0.177 "GET /" status: 200 len: 136 microversion: 1.0
2026-03-05 08:36:36.009 8 INFO placement.requestlog [None req-3d07c5e5-2e33-4dea-8f0e-0412db7660b5 - - - - - -] 10.0.0.177 "GET /" status: 200 len: 136 microversion: 1.0
2026-03-05 08:36:36.009 7 INFO placement.requestlog [None req-302b97d4-a825-4e83-a442-1daa92deb24b - - - - - -] 10.0.0.177 "GET /" status: 200 len: 136 microversion: 1.0
2026-03-05 08:36:46.009 8 INFO placement.requestlog [None req-24bde6be-4249-46f8-bcbc-e5faff76bcfd - - - - - -] 10.0.0.177 "GET /" status: 200 len: 136 microversion: 1.0
2026-03-05 08:36:46.009 7 INFO placement.requestlog [None req-478354bd-4ee7-4891-99b6-40e44873ef47 - - - - - -] 10.0.0.177 "GET /" status: 200 len: 136 microversion: 1.0
2026-03-05 08:36:56.008 8 INFO placement.requestlog [None req-b9a25913-ed0c-48ef-9101-e0939e8fd62c - - - - - -] 10.0.0.177 "GET /" status: 200 len: 136 microversion: 1.0
2026-03-05 08:36:56.009 7 INFO placement.requestlog [None req-2e3073fd-b847-49e7-8116-d3faaaf6f9af - - - - - -] 10.0.0.177 "GET /" status: 200 len: 136 microversion: 1.0
2026-03-05 08:37:00.434 8 INFO placement.requestlog [req-c48f179a-b47b-4fc1-8983-2425334f4837 req-3cb081ec-9f81-4ecf-bf39-a7f041d7f06e f2ea6f617e4d4ec080f8658585d70f4f e9e714ffb49a44f08a441718bd80f384 - - da5ab492eb674fb99ccb4403ae3bc0f4 da5ab492eb674fb99ccb4403ae3bc0f4] 10.0.0.243 "GET /allocation_candidates?limit=1000&resources=DISK_GB%3A1%2CMEMORY_MB%3A512%2CVCPU%3A1&root_required=%21COMPUTE_STATUS_DISABLED" status: 200 len: 2781 microversion: 1.36 [pid: 8|app: 0|req: 317/633] 10.0.0.243 () {34 vars in 1012 bytes} [Thu Mar 5 08:37:00 2026] GET /allocation_candidates?limit=1000&resources=DISK_GB%3A1%2CMEMORY_MB%3A512%2CVCPU%3A1&root_required=%21COMPUTE_STATUS_DISABLED => generated 2781 bytes in 213 msecs (HTTP/1.1 200) 8 headers in 297 bytes (1 switches on core 0)
2026-03-05 08:37:00.490 7 INFO placement.requestlog [req-c48f179a-b47b-4fc1-8983-2425334f4837 req-5a363e7a-ccb8-4c23-9f64-cb3d675df14d f2ea6f617e4d4ec080f8658585d70f4f e9e714ffb49a44f08a441718bd80f384 - - da5ab492eb674fb99ccb4403ae3bc0f4 da5ab492eb674fb99ccb4403ae3bc0f4] 10.0.0.243 "GET /allocations/3d53311c-76f5-40e0-a6fb-de06f46c7236" status: 200 len: 19 microversion: 1.28 [pid: 7|app: 0|req: 317/634] 10.0.0.243 () {34 vars in 861 bytes} [Thu Mar 5 08:37:00 2026] GET /allocations/3d53311c-76f5-40e0-a6fb-de06f46c7236 => generated 19 bytes in 15 msecs (HTTP/1.1 200) 8 headers in 295 bytes (1 switches on core 0)
2026-03-05 08:37:00.585 8 INFO placement.requestlog [req-c48f179a-b47b-4fc1-8983-2425334f4837 req-da2d85e2-3650-4eae-9a3a-400edada5d94 f2ea6f617e4d4ec080f8658585d70f4f e9e714ffb49a44f08a441718bd80f384 - - da5ab492eb674fb99ccb4403ae3bc0f4 da5ab492eb674fb99ccb4403ae3bc0f4] 10.0.0.243 "PUT /allocations/3d53311c-76f5-40e0-a6fb-de06f46c7236" status: 204 len: 0 microversion: 1.36 [pid: 8|app: 0|req: 318/635] 10.0.0.243 () {38 vars in 914 bytes} [Thu Mar 5 08:37:00 2026] PUT /allocations/3d53311c-76f5-40e0-a6fb-de06f46c7236 => generated 0 bytes in 87 msecs (HTTP/1.1 204) 5 headers in 199 bytes (1 switches on core 0)
2026-03-05 08:37:01.022 7 INFO placement.requestlog [req-c8a923a3-70d8-4ff3-8060-5b78bb52594f req-e7ad0987-d18e-4d26-b41f-d090d714ea8b f2ea6f617e4d4ec080f8658585d70f4f e9e714ffb49a44f08a441718bd80f384 - - da5ab492eb674fb99ccb4403ae3bc0f4 da5ab492eb674fb99ccb4403ae3bc0f4] 10.0.0.243 "GET /allocation_candidates?limit=1000&resources=DISK_GB%3A1%2CMEMORY_MB%3A512%2CVCPU%3A1&root_required=%21COMPUTE_STATUS_DISABLED" status: 200 len: 2783 microversion: 1.36 [pid: 7|app: 0|req: 318/636] 10.0.0.243 () {34 vars in 1012 bytes} [Thu Mar 5 08:37:00 2026] GET /allocation_candidates?limit=1000&resources=DISK_GB%3A1%2CMEMORY_MB%3A512%2CVCPU%3A1&root_required=%21COMPUTE_STATUS_DISABLED => generated 2783 bytes in 56 msecs (HTTP/1.1 200) 8 headers in 297 bytes (1 switches on core 0)
2026-03-05 08:37:01.068 8 INFO placement.requestlog [req-c8a923a3-70d8-4ff3-8060-5b78bb52594f req-98fde60e-8fbd-4f14-b95d-741a23e1a8e9 f2ea6f617e4d4ec080f8658585d70f4f e9e714ffb49a44f08a441718bd80f384 - - da5ab492eb674fb99ccb4403ae3bc0f4 da5ab492eb674fb99ccb4403ae3bc0f4] 10.0.0.243 "GET /allocations/4a0df66d-519d-4f49-921b-16a64339a022" status: 200 len: 19 microversion: 1.28 [pid: 8|app: 0|req: 319/637] 10.0.0.243 () {34 vars in 861 bytes} [Thu Mar 5 08:37:01 2026] GET /allocations/4a0df66d-519d-4f49-921b-16a64339a022 => generated 19 bytes in 18 msecs (HTTP/1.1 200) 8 headers in 295 bytes (1 switches on core 0)
2026-03-05 08:37:01.134 7 INFO placement.requestlog [req-c8a923a3-70d8-4ff3-8060-5b78bb52594f req-8eda23ab-1b49-40a3-98ee-dd9c50e9e4d9 f2ea6f617e4d4ec080f8658585d70f4f e9e714ffb49a44f08a441718bd80f384 - - da5ab492eb674fb99ccb4403ae3bc0f4 da5ab492eb674fb99ccb4403ae3bc0f4] 10.0.0.243 "PUT /allocations/4a0df66d-519d-4f49-921b-16a64339a022" status: 204 len: 0 microversion: 1.36 [pid: 7|app: 0|req: 319/638] 10.0.0.243 () {38 vars in 914 bytes} [Thu Mar 5 08:37:01 2026] PUT /allocations/4a0df66d-519d-4f49-921b-16a64339a022 => generated 0 bytes in 60 msecs (HTTP/1.1 204) 5 headers in 199 bytes (1 switches on core 0)
2026-03-05 08:37:02.105 8 INFO placement.requestlog [req-c48f179a-b47b-4fc1-8983-2425334f4837 req-653d6fd0-71f4-4891-9dc9-ded3b61955f7 f2ea6f617e4d4ec080f8658585d70f4f e9e714ffb49a44f08a441718bd80f384 - - da5ab492eb674fb99ccb4403ae3bc0f4 da5ab492eb674fb99ccb4403ae3bc0f4] 199.204.45.49 "GET /allocations/3d53311c-76f5-40e0-a6fb-de06f46c7236" status: 200 len: 257 microversion: 1.28 [pid: 8|app: 0|req: 320/639] 199.204.45.49 () {34 vars in 862 bytes} [Thu Mar 5 08:37:02 2026] GET /allocations/3d53311c-76f5-40e0-a6fb-de06f46c7236 => generated 257 bytes in 14 msecs (HTTP/1.1 200) 8 headers in 296 bytes (1 switches on core 0)
2026-03-05 08:37:02.527 8 INFO placement.requestlog [None req-3dafd188-aff5-4851-ba34-aa7f11c8eaab f08221e8fb0144129400e02ca9075953 e9e714ffb49a44f08a441718bd80f384 - - da5ab492eb674fb99ccb4403ae3bc0f4 da5ab492eb674fb99ccb4403ae3bc0f4] 10.0.0.203 "GET /resource_providers/f7d81795-b28f-4e2c-9d18-d1df990a873b/aggregates" status: 404 len: 235 microversion: 1.1 [pid: 8|app: 0|req: 321/640] 10.0.0.203 () {32 vars in 816 bytes} [Thu Mar 5 08:37:02 2026] GET /resource_providers/f7d81795-b28f-4e2c-9d18-d1df990a873b/aggregates => generated 235 bytes in 47 msecs (HTTP/1.1 404) 5 headers in 202 bytes (1 switches on core 0)
2026-03-05 08:37:02.537 7 INFO placement.requestlog [None req-b094a19d-f3bc-47ce-b9cf-ccb54bd488e5 f08221e8fb0144129400e02ca9075953 e9e714ffb49a44f08a441718bd80f384 - - da5ab492eb674fb99ccb4403ae3bc0f4 da5ab492eb674fb99ccb4403ae3bc0f4] 10.0.0.203 "GET /resource_providers/f7d81795-b28f-4e2c-9d18-d1df990a873b/aggregates" status: 404 len: 235 microversion: 1.1 [pid: 7|app: 0|req: 320/641] 10.0.0.203 () {32 vars in 816 bytes} [Thu Mar 5 08:37:02 2026] GET /resource_providers/f7d81795-b28f-4e2c-9d18-d1df990a873b/aggregates => generated 235 bytes in 68 msecs (HTTP/1.1 404) 5 headers in 202 bytes (1 switches on core 0)
2026-03-05 08:37:02.551 8 INFO placement.requestlog [None req-4084aa3a-1dec-4027-91ba-7fea25cb3aca f08221e8fb0144129400e02ca9075953 e9e714ffb49a44f08a441718bd80f384 - - da5ab492eb674fb99ccb4403ae3bc0f4 da5ab492eb674fb99ccb4403ae3bc0f4] 10.0.0.203 "DELETE /resource_providers/f7d81795-b28f-4e2c-9d18-d1df990a873b" status: 404 len: 246 microversion: 1.1 [pid: 8|app: 0|req: 322/642] 10.0.0.203 () {34 vars in 816 bytes} [Thu Mar 5 08:37:02 2026] DELETE /resource_providers/f7d81795-b28f-4e2c-9d18-d1df990a873b => generated 246 bytes in 9 msecs (HTTP/1.1 404) 6 headers in 231 bytes (1 switches on core 0)
2026-03-05 08:37:02.553 7 INFO placement.requestlog [None req-a936b176-5adb-428b-80f0-600db269a003 f08221e8fb0144129400e02ca9075953 e9e714ffb49a44f08a441718bd80f384 - - da5ab492eb674fb99ccb4403ae3bc0f4 da5ab492eb674fb99ccb4403ae3bc0f4] 10.0.0.203 "DELETE /resource_providers/f7d81795-b28f-4e2c-9d18-d1df990a873b" status: 404 len: 246 microversion: 1.1 [pid: 7|app: 0|req: 321/643] 10.0.0.203 () {34 vars in 816 bytes} [Thu Mar 5 08:37:02 2026] DELETE /resource_providers/f7d81795-b28f-4e2c-9d18-d1df990a873b => generated 246 bytes in 10 msecs (HTTP/1.1 404) 6 headers in 231 bytes (1 switches on core 0)
2026-03-05 08:37:02.751 8 INFO placement.requestlog [req-c8a923a3-70d8-4ff3-8060-5b78bb52594f req-6c280abe-b2a2-4cf9-b04c-722c49644a7e f2ea6f617e4d4ec080f8658585d70f4f e9e714ffb49a44f08a441718bd80f384 - - da5ab492eb674fb99ccb4403ae3bc0f4 da5ab492eb674fb99ccb4403ae3bc0f4] 199.204.45.49 "GET /allocations/4a0df66d-519d-4f49-921b-16a64339a022" status: 200 len: 257 microversion: 1.28 [pid: 8|app: 0|req: 323/644] 199.204.45.49 () {34 vars in 862 bytes} [Thu Mar 5 08:37:02 2026] GET /allocations/4a0df66d-519d-4f49-921b-16a64339a022 => generated 257 bytes in 12 msecs (HTTP/1.1 200) 8 headers in 296 bytes (1 switches on core 0)
2026-03-05 08:37:03.154 7 INFO placement.requestlog [req-c48f179a-b47b-4fc1-8983-2425334f4837 req-a00a1dd2-ab02-4444-b97e-9f4a1efd70aa f2ea6f617e4d4ec080f8658585d70f4f e9e714ffb49a44f08a441718bd80f384 - - da5ab492eb674fb99ccb4403ae3bc0f4 da5ab492eb674fb99ccb4403ae3bc0f4] 199.204.45.49 "GET /resource_providers/24dd7ac8-1a4b-4748-a363-9728b5ebaf78/allocations" status: 200 len: 252 microversion: 1.0 [pid: 7|app: 0|req: 322/645] 199.204.45.49 () {32 vars in 856 bytes} [Thu Mar 5 08:37:03 2026] GET /resource_providers/24dd7ac8-1a4b-4748-a363-9728b5ebaf78/allocations => generated 252 bytes in 26 msecs (HTTP/1.1 200) 6 headers in 224 bytes (1 switches on core 0)
2026-03-05 08:37:03.176 8 INFO placement.requestlog [req-c48f179a-b47b-4fc1-8983-2425334f4837 req-1aef056a-3519-4d76-b543-1a8ccad71864 f2ea6f617e4d4ec080f8658585d70f4f e9e714ffb49a44f08a441718bd80f384 - - da5ab492eb674fb99ccb4403ae3bc0f4 da5ab492eb674fb99ccb4403ae3bc0f4] 199.204.45.49 "GET /allocations/3d53311c-76f5-40e0-a6fb-de06f46c7236" status: 200 len: 257 microversion: 1.28 [pid: 8|app: 0|req: 324/646] 199.204.45.49 () {34 vars in 862 bytes} [Thu Mar 5 08:37:03 2026] GET /allocations/3d53311c-76f5-40e0-a6fb-de06f46c7236 => generated 257 bytes in 15 msecs (HTTP/1.1 200) 8 headers in 296 bytes (1 switches on core 0)
2026-03-05 08:37:03.202 7 INFO placement.requestlog [req-c48f179a-b47b-4fc1-8983-2425334f4837 req-b26b7c06-9eeb-4638-b663-62a5d47ec245 f2ea6f617e4d4ec080f8658585d70f4f e9e714ffb49a44f08a441718bd80f384 - - da5ab492eb674fb99ccb4403ae3bc0f4 da5ab492eb674fb99ccb4403ae3bc0f4] 199.204.45.49 "GET /allocations/4a0df66d-519d-4f49-921b-16a64339a022" status: 200 len: 257 microversion: 1.28 [pid: 7|app: 0|req: 323/647] 199.204.45.49 () {34 vars in 862 bytes} [Thu Mar 5 08:37:03 2026] GET /allocations/4a0df66d-519d-4f49-921b-16a64339a022 => generated 257 bytes in 20 msecs (HTTP/1.1 200) 8 headers in 296 bytes (1 switches on core 0)
2026-03-05 08:37:03.617 7 INFO placement.requestlog [None req-515b5ac9-b1bf-4fba-be40-f3b693f57d62 f08221e8fb0144129400e02ca9075953 e9e714ffb49a44f08a441718bd80f384 - - da5ab492eb674fb99ccb4403ae3bc0f4 da5ab492eb674fb99ccb4403ae3bc0f4] 10.0.0.203 "GET /resource_providers/a482cccb-9d52-48d4-a60b-63ee63f3aed5/aggregates" status: 404 len: 235 microversion: 1.1 [pid: 7|app: 0|req: 324/648] 10.0.0.203 () {32 vars in 816 bytes} [Thu Mar 5 08:37:03 2026] GET /resource_providers/a482cccb-9d52-48d4-a60b-63ee63f3aed5/aggregates => generated 235 bytes in 124 msecs (HTTP/1.1 404) 5 headers in 202 bytes (1 switches on core 0)
2026-03-05 08:37:03.646 7 INFO placement.requestlog [None req-a4df3bb0-2ec0-4eca-a58f-2a213c6a0d10 f08221e8fb0144129400e02ca9075953 e9e714ffb49a44f08a441718bd80f384 - - da5ab492eb674fb99ccb4403ae3bc0f4 da5ab492eb674fb99ccb4403ae3bc0f4] 10.0.0.203 "DELETE /resource_providers/a482cccb-9d52-48d4-a60b-63ee63f3aed5" status: 404 len: 246 microversion: 1.1 [pid: 7|app: 0|req: 325/649] 10.0.0.203 () {34 vars in 816 bytes} [Thu Mar 5 08:37:03 2026] DELETE /resource_providers/a482cccb-9d52-48d4-a60b-63ee63f3aed5 => generated 246 bytes in 18 msecs (HTTP/1.1 404) 6 headers in 231 bytes (1 switches on core 0)
2026-03-05 08:37:03.657 8 INFO placement.requestlog [None req-6a096044-76f7-485e-951b-961bf82f5ce7 f08221e8fb0144129400e02ca9075953 e9e714ffb49a44f08a441718bd80f384 - - da5ab492eb674fb99ccb4403ae3bc0f4 da5ab492eb674fb99ccb4403ae3bc0f4] 10.0.0.203 "GET /resource_providers/a482cccb-9d52-48d4-a60b-63ee63f3aed5/aggregates" status: 404 len: 235 microversion: 1.1 [pid: 8|app: 0|req: 325/650] 10.0.0.203 () {32 vars in 816 bytes} [Thu Mar 5 08:37:03 2026] GET /resource_providers/a482cccb-9d52-48d4-a60b-63ee63f3aed5/aggregates => generated 235 bytes in 197 msecs (HTTP/1.1 404) 5 headers in 202 bytes (1 switches on core 0)
2026-03-05 08:37:03.677 7 INFO placement.requestlog [None req-4ad248b1-9f77-4fcc-a626-b93e20a74beb f08221e8fb0144129400e02ca9075953 e9e714ffb49a44f08a441718bd80f384 - - da5ab492eb674fb99ccb4403ae3bc0f4 da5ab492eb674fb99ccb4403ae3bc0f4] 10.0.0.203 "DELETE /resource_providers/a482cccb-9d52-48d4-a60b-63ee63f3aed5" status: 404 len: 246 microversion: 1.1 [pid: 7|app: 0|req: 326/651] 10.0.0.203 () {34 vars in 816 bytes} [Thu Mar 5 08:37:03 2026] DELETE /resource_providers/a482cccb-9d52-48d4-a60b-63ee63f3aed5 => generated 246 bytes in 13 msecs (HTTP/1.1 404) 6 headers in 231 bytes (1 switches on core 0)
2026-03-05 08:37:04.576 8 INFO placement.requestlog [None req-d4c1a355-8fa1-4fc9-945e-d95c57521bdf f08221e8fb0144129400e02ca9075953 e9e714ffb49a44f08a441718bd80f384 - - da5ab492eb674fb99ccb4403ae3bc0f4 da5ab492eb674fb99ccb4403ae3bc0f4] 10.0.0.203 "GET /resource_providers/f5bfa925-a2ce-4928-8658-cdfc084514e5/aggregates" status: 404 len: 235 microversion: 1.1 [pid: 8|app: 0|req: 326/652] 10.0.0.203 () {32 vars in 816 bytes} [Thu Mar 5 08:37:04 2026] GET /resource_providers/f5bfa925-a2ce-4928-8658-cdfc084514e5/aggregates => generated 235 bytes in 12 msecs (HTTP/1.1 404) 5 headers in 202 bytes (1 switches on core 0)
2026-03-05 08:37:04.576 7 INFO placement.requestlog [None req-6b493f21-4027-4299-b353-1d1487c83de6 f08221e8fb0144129400e02ca9075953 e9e714ffb49a44f08a441718bd80f384 - - da5ab492eb674fb99ccb4403ae3bc0f4 da5ab492eb674fb99ccb4403ae3bc0f4] 10.0.0.203 "GET /resource_providers/f5bfa925-a2ce-4928-8658-cdfc084514e5/aggregates" status: 404 len: 235 microversion: 1.1 [pid: 7|app: 0|req: 327/653] 10.0.0.203 () {32 vars in 816 bytes} [Thu Mar 5 08:37:04 2026] GET /resource_providers/f5bfa925-a2ce-4928-8658-cdfc084514e5/aggregates => generated 235 bytes in 10 msecs (HTTP/1.1 404) 5 headers in 202 bytes (1 switches on core 0)
2026-03-05 08:37:04.598 8 INFO placement.requestlog [None req-0cf60b13-685f-441b-bee7-5705d920dc8b f08221e8fb0144129400e02ca9075953 e9e714ffb49a44f08a441718bd80f384 - - da5ab492eb674fb99ccb4403ae3bc0f4 da5ab492eb674fb99ccb4403ae3bc0f4] 10.0.0.203 "DELETE /resource_providers/f5bfa925-a2ce-4928-8658-cdfc084514e5" status: 404 len: 246 microversion: 1.1 [pid: 8|app: 0|req: 327/654] 10.0.0.203 () {34 vars in 816 bytes} [Thu Mar 5 08:37:04 2026] DELETE /resource_providers/f5bfa925-a2ce-4928-8658-cdfc084514e5 => generated 246 bytes in 8 msecs (HTTP/1.1 404) 6 headers in 231 bytes (1 switches on core 0)
2026-03-05 08:37:04.601 7 INFO placement.requestlog [None req-12d2c76d-d75e-44bf-8b37-98cbe4b3c90b f08221e8fb0144129400e02ca9075953 e9e714ffb49a44f08a441718bd80f384 - - da5ab492eb674fb99ccb4403ae3bc0f4 da5ab492eb674fb99ccb4403ae3bc0f4] 10.0.0.203 "DELETE /resource_providers/f5bfa925-a2ce-4928-8658-cdfc084514e5" status: 404 len: 246 microversion: 1.1 [pid: 7|app: 0|req: 328/655] 10.0.0.203 () {34 vars in 816 bytes} [Thu Mar 5 08:37:04 2026] DELETE /resource_providers/f5bfa925-a2ce-4928-8658-cdfc084514e5 => generated 246 bytes in 8 msecs (HTTP/1.1 404) 6 headers in 231 bytes (1 switches on core 0)
2026-03-05 08:37:05.274 8 INFO placement.requestlog [req-c8a923a3-70d8-4ff3-8060-5b78bb52594f req-8d744554-550d-4477-9ce8-679c2727d36d f2ea6f617e4d4ec080f8658585d70f4f e9e714ffb49a44f08a441718bd80f384 - - da5ab492eb674fb99ccb4403ae3bc0f4 da5ab492eb674fb99ccb4403ae3bc0f4] 199.204.45.49 "GET /resource_providers/24dd7ac8-1a4b-4748-a363-9728b5ebaf78/allocations" status: 200 len: 252 microversion: 1.0 [pid: 8|app: 0|req: 328/656] 199.204.45.49 () {32 vars in 856 bytes} [Thu Mar 5 08:37:05 2026] GET /resource_providers/24dd7ac8-1a4b-4748-a363-9728b5ebaf78/allocations => generated 252 bytes in 14 msecs (HTTP/1.1 200) 6 headers in 224 bytes (1 switches on core 0)
2026-03-05 08:37:05.293 7 INFO placement.requestlog [req-c8a923a3-70d8-4ff3-8060-5b78bb52594f req-3bd55be6-9c01-48de-bfa4-c8d0ba514643 f2ea6f617e4d4ec080f8658585d70f4f e9e714ffb49a44f08a441718bd80f384 - - da5ab492eb674fb99ccb4403ae3bc0f4 da5ab492eb674fb99ccb4403ae3bc0f4] 199.204.45.49 "GET /allocations/3d53311c-76f5-40e0-a6fb-de06f46c7236" status: 200 len: 257 microversion: 1.28 [pid: 7|app: 0|req: 329/657] 199.204.45.49 () {34 vars in 862 bytes} [Thu Mar 5 08:37:05 2026] GET /allocations/3d53311c-76f5-40e0-a6fb-de06f46c7236 => generated 257 bytes in 14 msecs (HTTP/1.1 200) 8 headers in 296 bytes (1 switches on core 0)
2026-03-05 08:37:05.319 8 INFO placement.requestlog [req-c8a923a3-70d8-4ff3-8060-5b78bb52594f req-b2d6458f-26d6-4875-93ca-a4f37b9b5ab8 f2ea6f617e4d4ec080f8658585d70f4f e9e714ffb49a44f08a441718bd80f384 - - da5ab492eb674fb99ccb4403ae3bc0f4 da5ab492eb674fb99ccb4403ae3bc0f4] 199.204.45.49 "GET /allocations/4a0df66d-519d-4f49-921b-16a64339a022" status: 200 len: 257 microversion: 1.28 [pid: 8|app: 0|req: 329/658] 199.204.45.49 () {34 vars in 862 bytes} [Thu Mar 5 08:37:05 2026] GET /allocations/4a0df66d-519d-4f49-921b-16a64339a022 => generated 257 bytes in 13 msecs (HTTP/1.1 200) 8 headers in 296 bytes (1 switches on core 0)
2026-03-05 08:37:05.668 7 INFO placement.requestlog [None req-b9e0b18b-59fc-45a1-81e3-e679e82d77d6 f08221e8fb0144129400e02ca9075953 e9e714ffb49a44f08a441718bd80f384 - - da5ab492eb674fb99ccb4403ae3bc0f4 da5ab492eb674fb99ccb4403ae3bc0f4] 10.0.0.203 "GET /resource_providers/3bff215d-df00-46a9-a248-0f421fbc0a41/aggregates" status: 404 len: 235 microversion: 1.1 [pid: 7|app: 0|req: 330/659] 10.0.0.203 () {32 vars in 816 bytes} [Thu Mar 5 08:37:05 2026] GET /resource_providers/3bff215d-df00-46a9-a248-0f421fbc0a41/aggregates => generated 235 bytes in 8 msecs (HTTP/1.1 404) 5 headers in 202 bytes (1 switches on core 0)
2026-03-05 08:37:05.691 8 INFO placement.requestlog [None req-12b11762-ea8e-4109-a5ca-c8e10654dc69 f08221e8fb0144129400e02ca9075953 e9e714ffb49a44f08a441718bd80f384 - - da5ab492eb674fb99ccb4403ae3bc0f4 da5ab492eb674fb99ccb4403ae3bc0f4] 10.0.0.203 "DELETE /resource_providers/3bff215d-df00-46a9-a248-0f421fbc0a41" status: 404 len: 246 microversion: 1.1 [pid: 8|app: 0|req: 330/660] 10.0.0.203 () {34 vars in 816 bytes} [Thu Mar 5 08:37:05 2026] DELETE /resource_providers/3bff215d-df00-46a9-a248-0f421fbc0a41 => generated 246 bytes in 15 msecs (HTTP/1.1 404) 6 headers in 231 bytes (1 switches on core 0)
2026-03-05 08:37:05.700 7 INFO placement.requestlog [None req-31cc1343-017e-4925-be98-461d634b52da f08221e8fb0144129400e02ca9075953 e9e714ffb49a44f08a441718bd80f384 - - da5ab492eb674fb99ccb4403ae3bc0f4 da5ab492eb674fb99ccb4403ae3bc0f4] 10.0.0.203 "GET /resource_providers/3bff215d-df00-46a9-a248-0f421fbc0a41/aggregates" status: 404 len: 235 microversion: 1.1 [pid: 7|app: 0|req: 331/661] 10.0.0.203 () {32 vars in 816 bytes} [Thu Mar 5 08:37:05 2026] GET /resource_providers/3bff215d-df00-46a9-a248-0f421fbc0a41/aggregates => generated 235 bytes in 14 msecs (HTTP/1.1 404) 5 headers in 202 bytes (1 switches on core 0)
2026-03-05 08:37:05.720 8 INFO placement.requestlog [None req-a3dc7114-d2c4-4cd4-abe6-3b2a73a428a3 f08221e8fb0144129400e02ca9075953 e9e714ffb49a44f08a441718bd80f384 - - da5ab492eb674fb99ccb4403ae3bc0f4 da5ab492eb674fb99ccb4403ae3bc0f4] 10.0.0.203 "DELETE /resource_providers/3bff215d-df00-46a9-a248-0f421fbc0a41" status: 404 len: 246 microversion: 1.1 [pid: 8|app: 0|req: 331/662] 10.0.0.203 () {34 vars in 816 bytes} [Thu Mar 5 08:37:05 2026] DELETE /resource_providers/3bff215d-df00-46a9-a248-0f421fbc0a41 => generated 246 bytes in 8 msecs (HTTP/1.1 404) 6 headers in 231 bytes (1 switches on core 0)
2026-03-05 08:37:06.008 7 INFO placement.requestlog [None req-e72cf873-0da5-4aaf-af7d-1a1b9841877a - - - - - -] 10.0.0.177 "GET /" status: 200 len: 136 microversion: 1.0
2026-03-05 08:37:06.009 8 INFO placement.requestlog [None req-20dba6d3-5b91-43d6-9047-ba22e3bd7d90 - - - - - -] 10.0.0.177 "GET /" status: 200 len: 136 microversion: 1.0
2026-03-05 08:37:12.646 7 INFO placement.requestlog [req-e8ca3075-3ec1-4826-8137-d302cf287eaf req-f702e331-1b8b-40dd-8554-de1d814eb199 f2ea6f617e4d4ec080f8658585d70f4f e9e714ffb49a44f08a441718bd80f384 - - da5ab492eb674fb99ccb4403ae3bc0f4 da5ab492eb674fb99ccb4403ae3bc0f4] 10.0.0.243 "GET /allocation_candidates?limit=1000&resources=DISK_GB%3A1%2CMEMORY_MB%3A512%2CVCPU%3A1&root_required=%21COMPUTE_STATUS_DISABLED" status: 200 len: 2784 microversion: 1.36 [pid: 7|app: 0|req: 333/665] 10.0.0.243 () {34 vars in 1012 bytes} [Thu Mar 5 08:37:12 2026] GET /allocation_candidates?limit=1000&resources=DISK_GB%3A1%2CMEMORY_MB%3A512%2CVCPU%3A1&root_required=%21COMPUTE_STATUS_DISABLED => generated 2784 bytes in 59 msecs (HTTP/1.1 200) 8 headers in 297 bytes (1 switches on core 0)
2026-03-05 08:37:12.697 8 INFO placement.requestlog [req-e8ca3075-3ec1-4826-8137-d302cf287eaf req-c944a6e7-cee9-48f1-b713-fb673fcc8cc2 f2ea6f617e4d4ec080f8658585d70f4f e9e714ffb49a44f08a441718bd80f384 - - da5ab492eb674fb99ccb4403ae3bc0f4 da5ab492eb674fb99ccb4403ae3bc0f4] 10.0.0.243 "GET /allocations/3137da45-f032-4803-bef9-1a436a557af1" status: 200 len: 19 microversion: 1.28 [pid: 8|app: 0|req: 333/666] 10.0.0.243 () {34 vars in 861 bytes} [Thu Mar 5 08:37:12 2026] GET /allocations/3137da45-f032-4803-bef9-1a436a557af1 => generated 19 bytes in 17 msecs (HTTP/1.1 200) 8 headers in 295 bytes (1 switches on core 0)
2026-03-05 08:37:12.794 7 INFO placement.requestlog [req-e8ca3075-3ec1-4826-8137-d302cf287eaf req-bd94feb4-8366-4d84-9f30-009dd389b79a f2ea6f617e4d4ec080f8658585d70f4f e9e714ffb49a44f08a441718bd80f384 - - da5ab492eb674fb99ccb4403ae3bc0f4 da5ab492eb674fb99ccb4403ae3bc0f4] 10.0.0.243 "PUT /allocations/3137da45-f032-4803-bef9-1a436a557af1" status: 204 len: 0 microversion: 1.36 [pid: 7|app: 0|req: 334/667] 10.0.0.243 () {38 vars in 914 bytes} [Thu Mar 5 08:37:12 2026] PUT /allocations/3137da45-f032-4803-bef9-1a436a557af1 => generated 0 bytes in 90 msecs (HTTP/1.1 204) 5 headers in 199 bytes (1 switches on core 0)
2026-03-05 08:37:14.277 8 INFO placement.requestlog [req-e8ca3075-3ec1-4826-8137-d302cf287eaf req-8040df88-22a0-438b-bc6d-81c2bc14e5b7 f2ea6f617e4d4ec080f8658585d70f4f e9e714ffb49a44f08a441718bd80f384 - - da5ab492eb674fb99ccb4403ae3bc0f4 da5ab492eb674fb99ccb4403ae3bc0f4] 199.204.45.49 "GET /allocations/3137da45-f032-4803-bef9-1a436a557af1" status: 200 len: 257 microversion: 1.28 [pid: 8|app: 0|req: 334/668] 199.204.45.49 () {34 vars in 862 bytes} [Thu Mar 5 08:37:14 2026] GET /allocations/3137da45-f032-4803-bef9-1a436a557af1 => generated 257 bytes in 10 msecs (HTTP/1.1 200) 8 headers in 296 bytes (1 switches on core 0)
2026-03-05 08:37:14.472 7 INFO placement.requestlog [req-9f2299ae-3cea-4763-b5a5-635953f0591e req-83ba6246-ef6a-4375-b608-6c99eb674dc4 f2ea6f617e4d4ec080f8658585d70f4f e9e714ffb49a44f08a441718bd80f384 - - da5ab492eb674fb99ccb4403ae3bc0f4 da5ab492eb674fb99ccb4403ae3bc0f4] 199.204.45.49 "GET /resource_providers/24dd7ac8-1a4b-4748-a363-9728b5ebaf78/allocations" status: 200 len: 352 microversion: 1.0 [pid: 7|app: 0|req: 335/669] 199.204.45.49 () {32 vars in 856 bytes} [Thu Mar 5 08:37:14 2026] GET /resource_providers/24dd7ac8-1a4b-4748-a363-9728b5ebaf78/allocations => generated 352 bytes in 16 msecs (HTTP/1.1 200) 6 headers in 224 bytes (1 switches on core 0)
2026-03-05 08:37:15.024 8 INFO placement.requestlog [req-9f2299ae-3cea-4763-b5a5-635953f0591e req-d2344f81-0736-4c37-a9d6-d1e8a1541dbe f2ea6f617e4d4ec080f8658585d70f4f e9e714ffb49a44f08a441718bd80f384 - - da5ab492eb674fb99ccb4403ae3bc0f4 da5ab492eb674fb99ccb4403ae3bc0f4] 199.204.45.49 "GET /resource_providers/24dd7ac8-1a4b-4748-a363-9728b5ebaf78/allocations" status: 200 len: 352 microversion: 1.0 [pid: 8|app: 0|req: 335/670] 199.204.45.49 () {32 vars in 856 bytes} [Thu Mar 5 08:37:15 2026] GET /resource_providers/24dd7ac8-1a4b-4748-a363-9728b5ebaf78/allocations => generated 352 bytes in 16 msecs (HTTP/1.1 200) 6 headers in 224 bytes (1 switches on core 0)
