2026-03-05 08:43:46.009 7 INFO placement.requestlog [None req-02038e45-2a2f-48a5-ab82-b1809e73d2cf - - - - - -] 10.0.0.177 "GET /" status: 200 len: 136 microversion: 1.0
2026-03-05 08:43:56.009 8 INFO placement.requestlog [None req-0e3dbfbf-8231-40b0-b700-029b119c5871 - - - - - -] 10.0.0.177 "GET /" status: 200 len: 136 microversion: 1.0
2026-03-05 08:43:56.010 7 INFO placement.requestlog [None req-b209ac26-c35d-4bb1-bed8-52b9926225d3 - - - - - -] 10.0.0.177 "GET /" status: 200 len: 136 microversion: 1.0
2026-03-05 08:44:06.008 8 INFO placement.requestlog [None req-6c75c642-3660-4639-8733-7107ff3dce23 - - - - - -] 10.0.0.177 "GET /" status: 200 len: 136 microversion: 1.0
2026-03-05 08:44:06.009 7 INFO placement.requestlog [None req-d0e03215-cfd9-46ec-adcd-20145d5ee484 - - - - - -] 10.0.0.177 "GET /" status: 200 len: 136 microversion: 1.0
2026-03-05 08:44:16.008 8 INFO placement.requestlog [None req-adddadce-7221-4a67-b543-dd62a51fe21c - - - - - -] 10.0.0.177 "GET /" status: 200 len: 136 microversion: 1.0
2026-03-05 08:44:16.008 7 INFO placement.requestlog [None req-f0635399-f796-4345-991f-22b6f6310b71 - - - - - -] 10.0.0.177 "GET /" status: 200 len: 136 microversion: 1.0
2026-03-05 08:44:22.399 8 INFO placement.requestlog [None req-944dfef4-7547-460b-90e8-a944662ad159 9a13ac0c78be4df4a13e0069cc93b120 5fed8706f2334789bcfa3af6ed9920d2 - - default default] 10.0.0.108 "GET /resource_providers" status: 200 len: 406 microversion: 1.0 [pid: 8|app: 0|req: 645/1298] 10.0.0.108 () {28 vars in 593 bytes} [Thu Mar 5 08:44:22 2026] GET /resource_providers => generated 406 bytes in 112 msecs (HTTP/1.1 200) 6 headers in 224 bytes (1 switches on core 0)
2026-03-05 08:44:22.417 7 INFO placement.requestlog [None req-a7d8eb1f-068c-4d5e-95ac-9878e41aa691 9a13ac0c78be4df4a13e0069cc93b120 5fed8706f2334789bcfa3af6ed9920d2 - - default default] 10.0.0.108 "GET /resource_providers/24dd7ac8-1a4b-4748-a363-9728b5ebaf78/inventories" status: 200 len: 401 microversion: 1.0 [pid: 7|app: 0|req: 654/1299] 10.0.0.108 () {28 vars in 691 bytes} [Thu Mar 5 08:44:22 2026] GET /resource_providers/24dd7ac8-1a4b-4748-a363-9728b5ebaf78/inventories => generated 401 bytes in 14 msecs (HTTP/1.1 200) 6 headers in 224 bytes (1 switches on core 0)
2026-03-05 08:44:22.441 8 INFO placement.requestlog [None req-5e20012b-d4f3-40e2-b124-d27c58a8daec 9a13ac0c78be4df4a13e0069cc93b120 5fed8706f2334789bcfa3af6ed9920d2 - - default default] 10.0.0.108 "GET /resource_providers/24dd7ac8-1a4b-4748-a363-9728b5ebaf78/usages" status: 200 len: 92 microversion: 1.0 [pid: 8|app: 0|req: 646/1300] 10.0.0.108 () {28 vars in 681 bytes} [Thu Mar 5 08:44:22 2026] GET /resource_providers/24dd7ac8-1a4b-4748-a363-9728b5ebaf78/usages => generated 92 bytes in 18 msecs (HTTP/1.1 200) 6 headers in 223 bytes (1 switches on core 0)
2026-03-05 08:44:25.932 7 INFO placement.requestlog [req-6f87c884-7ed3-44c3-9c3a-f7d2dee5079f req-dc14dba0-d001-489c-9b48-83b1c954c4bc f2ea6f617e4d4ec080f8658585d70f4f e9e714ffb49a44f08a441718bd80f384 - - da5ab492eb674fb99ccb4403ae3bc0f4 da5ab492eb674fb99ccb4403ae3bc0f4] 199.204.45.49 "GET /resource_providers/24dd7ac8-1a4b-4748-a363-9728b5ebaf78/allocations" status: 200 len: 340 microversion: 1.0 [pid: 7|app: 0|req: 655/1301] 199.204.45.49 () {32 vars in 856 bytes} [Thu Mar 5 08:44:25 2026] GET /resource_providers/24dd7ac8-1a4b-4748-a363-9728b5ebaf78/allocations => generated 340 bytes in 17 msecs (HTTP/1.1 200) 6 headers in 224 bytes (1 switches on core 0)
2026-03-05 08:44:25.957 8 INFO placement.requestlog [req-6f87c884-7ed3-44c3-9c3a-f7d2dee5079f req-8549f93a-1c24-41f1-be56-ce1c0dc21801 f2ea6f617e4d4ec080f8658585d70f4f e9e714ffb49a44f08a441718bd80f384 - - da5ab492eb674fb99ccb4403ae3bc0f4 da5ab492eb674fb99ccb4403ae3bc0f4] 199.204.45.49 "GET /resource_providers/24dd7ac8-1a4b-4748-a363-9728b5ebaf78/allocations" status: 200 len: 340 microversion: 1.0 [pid: 8|app: 0|req: 647/1302] 199.204.45.49 () {32 vars in 856 bytes} [Thu Mar 5 08:44:25 2026] GET /resource_providers/24dd7ac8-1a4b-4748-a363-9728b5ebaf78/allocations => generated 340 bytes in 18 msecs (HTTP/1.1 200) 6 headers in 224 bytes (1 switches on core 0)
2026-03-05 08:44:25.973 7 INFO placement.requestlog [req-6f87c884-7ed3-44c3-9c3a-f7d2dee5079f req-4d99952c-bf11-4094-913b-d1f746965615 f2ea6f617e4d4ec080f8658585d70f4f e9e714ffb49a44f08a441718bd80f384 - - da5ab492eb674fb99ccb4403ae3bc0f4 da5ab492eb674fb99ccb4403ae3bc0f4] 199.204.45.49 "GET /allocations/3cada2f0-c163-4bf9-b88f-7b5cae061350" status: 200 len: 258 microversion: 1.28 [pid: 7|app: 0|req: 656/1303] 199.204.45.49 () {34 vars in 862 bytes} [Thu Mar 5 08:44:25 2026] GET /allocations/3cada2f0-c163-4bf9-b88f-7b5cae061350 => generated 258 bytes in 11 msecs (HTTP/1.1 200) 8 headers in 296 bytes (1 switches on core 0)
2026-03-05 08:44:25.992 8 INFO placement.requestlog [req-6f87c884-7ed3-44c3-9c3a-f7d2dee5079f req-038223fc-b0f0-4f93-b6d6-b643b46512d0 f2ea6f617e4d4ec080f8658585d70f4f e9e714ffb49a44f08a441718bd80f384 - - da5ab492eb674fb99ccb4403ae3bc0f4 da5ab492eb674fb99ccb4403ae3bc0f4] 199.204.45.49 "GET /allocations/d06674c4-3bb1-4663-8351-03695540b383" status: 200 len: 258 microversion: 1.28 [pid: 8|app: 0|req: 648/1304] 199.204.45.49 () {34 vars in 862 bytes} [Thu Mar 5 08:44:25 2026] GET /allocations/d06674c4-3bb1-4663-8351-03695540b383 => generated 258 bytes in 13 msecs (HTTP/1.1 200) 8 headers in 296 bytes (1 switches on core 0)
2026-03-05 08:44:26.009 8 INFO placement.requestlog [None req-10be7a9b-6c94-4f2d-b3a7-269f8b500d1a - - - - - -] 10.0.0.177 "GET /" status: 200 len: 136 microversion: 1.0
2026-03-05 08:44:26.010 8 INFO placement.requestlog [None req-8ce2d152-2d6c-4cb4-946d-3658aac85611 - - - - - -] 10.0.0.177 "GET /" status: 200 len: 136 microversion: 1.0
2026-03-05 08:44:26.013 7 INFO placement.requestlog [req-6f87c884-7ed3-44c3-9c3a-f7d2dee5079f req-ce375d76-a909-407b-8512-5f9f93135b3b f2ea6f617e4d4ec080f8658585d70f4f e9e714ffb49a44f08a441718bd80f384 - - da5ab492eb674fb99ccb4403ae3bc0f4 da5ab492eb674fb99ccb4403ae3bc0f4] 199.204.45.49 "GET /allocations/870c5d86-3cd1-4fcd-ba88-966ccb677ab1" status: 200 len: 245 microversion: 1.28 [pid: 7|app: 0|req: 657/1307] 199.204.45.49 () {34 vars in 862 bytes} [Thu Mar 5 08:44:25 2026] GET /allocations/870c5d86-3cd1-4fcd-ba88-966ccb677ab1 => generated 245 bytes in 14 msecs (HTTP/1.1 200) 8 headers in 296 bytes (1 switches on core 0)
2026-03-05 08:44:34.888 8 INFO placement.requestlog [req-44a09e8f-4fbb-4497-91ee-78ea1eb036c6 req-5d1327d0-2aea-4959-8f3c-043af1ab2dec f2ea6f617e4d4ec080f8658585d70f4f e9e714ffb49a44f08a441718bd80f384 - - da5ab492eb674fb99ccb4403ae3bc0f4 da5ab492eb674fb99ccb4403ae3bc0f4] 199.204.45.49 "GET /resource_providers/24dd7ac8-1a4b-4748-a363-9728b5ebaf78/allocations" status: 200 len: 340 microversion: 1.0 [pid: 8|app: 0|req: 651/1308] 199.204.45.49 () {32 vars in 856 bytes} [Thu Mar 5 08:44:34 2026] GET /resource_providers/24dd7ac8-1a4b-4748-a363-9728b5ebaf78/allocations => generated 340 bytes in 16 msecs (HTTP/1.1 200) 6 headers in 224 bytes (1 switches on core 0)
2026-03-05 08:44:34.908 7 INFO placement.requestlog [req-44a09e8f-4fbb-4497-91ee-78ea1eb036c6 req-03e0d9f5-cdc0-429f-97fd-e7b58b37a1eb f2ea6f617e4d4ec080f8658585d70f4f e9e714ffb49a44f08a441718bd80f384 - - da5ab492eb674fb99ccb4403ae3bc0f4 da5ab492eb674fb99ccb4403ae3bc0f4] 199.204.45.49 "GET /allocations/3cada2f0-c163-4bf9-b88f-7b5cae061350" status: 200 len: 258 microversion: 1.28 [pid: 7|app: 0|req: 658/1309] 199.204.45.49 () {34 vars in 862 bytes} [Thu Mar 5 08:44:34 2026] GET /allocations/3cada2f0-c163-4bf9-b88f-7b5cae061350 => generated 258 bytes in 12 msecs (HTTP/1.1 200) 8 headers in 296 bytes (1 switches on core 0)
2026-03-05 08:44:34.925 8 INFO placement.requestlog [req-44a09e8f-4fbb-4497-91ee-78ea1eb036c6 req-189e3018-5808-4728-8dcd-7481db2fa4da f2ea6f617e4d4ec080f8658585d70f4f e9e714ffb49a44f08a441718bd80f384 - - da5ab492eb674fb99ccb4403ae3bc0f4 da5ab492eb674fb99ccb4403ae3bc0f4] 199.204.45.49 "GET /allocations/d06674c4-3bb1-4663-8351-03695540b383" status: 200 len: 258 microversion: 1.28 [pid: 8|app: 0|req: 652/1310] 199.204.45.49 () {34 vars in 862 bytes} [Thu Mar 5 08:44:34 2026] GET /allocations/d06674c4-3bb1-4663-8351-03695540b383 => generated 258 bytes in 13 msecs (HTTP/1.1 200) 8 headers in 296 bytes (1 switches on core 0)
2026-03-05 08:44:34.944 7 INFO placement.requestlog [req-44a09e8f-4fbb-4497-91ee-78ea1eb036c6 req-b3faf7e7-0909-4e1d-aba5-63b044fb1a34 f2ea6f617e4d4ec080f8658585d70f4f e9e714ffb49a44f08a441718bd80f384 - - da5ab492eb674fb99ccb4403ae3bc0f4 da5ab492eb674fb99ccb4403ae3bc0f4] 199.204.45.49 "GET /allocations/870c5d86-3cd1-4fcd-ba88-966ccb677ab1" status: 200 len: 245 microversion: 1.28 [pid: 7|app: 0|req: 659/1311] 199.204.45.49 () {34 vars in 862 bytes} [Thu Mar 5 08:44:34 2026] GET /allocations/870c5d86-3cd1-4fcd-ba88-966ccb677ab1 => generated 245 bytes in 13 msecs (HTTP/1.1 200) 8 headers in 296 bytes (1 switches on core 0)
2026-03-05 08:44:35.997 8 INFO placement.requestlog [req-44a09e8f-4fbb-4497-91ee-78ea1eb036c6 req-09f58b92-5f3b-402b-9045-88ea2c913c81 f2ea6f617e4d4ec080f8658585d70f4f e9e714ffb49a44f08a441718bd80f384 - - da5ab492eb674fb99ccb4403ae3bc0f4 da5ab492eb674fb99ccb4403ae3bc0f4] 199.204.45.49 "DELETE /allocations/870c5d86-3cd1-4fcd-ba88-966ccb677ab1" status: 204 len: 0 microversion: 1.0 [pid: 8|app: 0|req: 653/1312] 199.204.45.49 () {34 vars in 840 bytes} [Thu Mar 5 08:44:35 2026] DELETE /allocations/870c5d86-3cd1-4fcd-ba88-966ccb677ab1 => generated 0 bytes in 30 msecs (HTTP/1.1 204) 5 headers in 198 bytes (1 switches on core 0)
2026-03-05 08:44:36.008 8 INFO placement.requestlog [None req-aef90fe6-ef5a-4275-80c0-07cfbacdbc5e - - - - - -] 10.0.0.177 "GET /" status: 200 len: 136 microversion: 1.0
2026-03-05 08:44:36.008 7 INFO placement.requestlog [None req-704284ea-1d4d-4d47-95c4-a2e035d425cc - - - - - -] 10.0.0.177 "GET /" status: 200 len: 136 microversion: 1.0
2026-03-05 08:44:38.497 8 INFO placement.requestlog [req-eb15e544-98c1-45b8-8160-0c1d9edee561 req-1bafc84e-cd18-4617-9124-b78f7921edea f2ea6f617e4d4ec080f8658585d70f4f e9e714ffb49a44f08a441718bd80f384 - - da5ab492eb674fb99ccb4403ae3bc0f4 da5ab492eb674fb99ccb4403ae3bc0f4] 199.204.45.49 "GET /resource_providers/24dd7ac8-1a4b-4748-a363-9728b5ebaf78/allocations" status: 200 len: 253 microversion: 1.0 [pid: 8|app: 0|req: 655/1315] 199.204.45.49 () {32 vars in 856 bytes} [Thu Mar 5 08:44:38 2026] GET /resource_providers/24dd7ac8-1a4b-4748-a363-9728b5ebaf78/allocations => generated 253 bytes in 26 msecs (HTTP/1.1 200) 6 headers in 224 bytes (1 switches on core 0)
2026-03-05 08:44:38.517 7 INFO placement.requestlog [req-eb15e544-98c1-45b8-8160-0c1d9edee561 req-1e6bcb1a-21e9-472d-8799-4d2c5f9cc16a f2ea6f617e4d4ec080f8658585d70f4f e9e714ffb49a44f08a441718bd80f384 - - da5ab492eb674fb99ccb4403ae3bc0f4 da5ab492eb674fb99ccb4403ae3bc0f4] 199.204.45.49 "GET /allocations/3cada2f0-c163-4bf9-b88f-7b5cae061350" status: 200 len: 258 microversion: 1.28 [pid: 7|app: 0|req: 661/1316] 199.204.45.49 () {34 vars in 862 bytes} [Thu Mar 5 08:44:38 2026] GET /allocations/3cada2f0-c163-4bf9-b88f-7b5cae061350 => generated 258 bytes in 12 msecs (HTTP/1.1 200) 8 headers in 296 bytes (1 switches on core 0)
2026-03-05 08:44:38.539 8 INFO placement.requestlog [req-eb15e544-98c1-45b8-8160-0c1d9edee561 req-518d1587-3d85-4e96-9a88-ffd1a4dc74a1 f2ea6f617e4d4ec080f8658585d70f4f e9e714ffb49a44f08a441718bd80f384 - - da5ab492eb674fb99ccb4403ae3bc0f4 da5ab492eb674fb99ccb4403ae3bc0f4] 199.204.45.49 "GET /allocations/d06674c4-3bb1-4663-8351-03695540b383" status: 200 len: 258 microversion: 1.28 [pid: 8|app: 0|req: 656/1317] 199.204.45.49 () {34 vars in 862 bytes} [Thu Mar 5 08:44:38 2026] GET /allocations/d06674c4-3bb1-4663-8351-03695540b383 => generated 258 bytes in 15 msecs (HTTP/1.1 200) 8 headers in 296 bytes (1 switches on core 0)
2026-03-05 08:44:39.604 7 INFO placement.requestlog [req-eb15e544-98c1-45b8-8160-0c1d9edee561 req-298928a5-6a98-4bd5-89a3-8cbd683810d7 f2ea6f617e4d4ec080f8658585d70f4f e9e714ffb49a44f08a441718bd80f384 - - da5ab492eb674fb99ccb4403ae3bc0f4 da5ab492eb674fb99ccb4403ae3bc0f4] 199.204.45.49 "DELETE /allocations/d06674c4-3bb1-4663-8351-03695540b383" status: 204 len: 0 microversion: 1.0 [pid: 7|app: 0|req: 662/1318] 199.204.45.49 () {34 vars in 840 bytes} [Thu Mar 5 08:44:39 2026] DELETE /allocations/d06674c4-3bb1-4663-8351-03695540b383 => generated 0 bytes in 38 msecs (HTTP/1.1 204) 5 headers in 198 bytes (1 switches on core 0)
2026-03-05 08:44:46.008 8 INFO placement.requestlog [None req-4f93824d-d2e9-4640-abf6-a0569db19d40 - - - - - -] 10.0.0.177 "GET /" status: 200 len: 136 microversion: 1.0
2026-03-05 08:44:46.008 7 INFO placement.requestlog [None req-54194ec0-01d4-431b-a3f2-b0f4c9333e0f - - - - - -] 10.0.0.177 "GET /" status: 200 len: 136 microversion: 1.0
2026-03-05 08:44:49.504 8 INFO placement.requestlog [req-826aef9b-1822-40cf-b638-bf3a8651111b req-a2d02ebc-a55f-497a-b5fb-4448c7cf2d43 f2ea6f617e4d4ec080f8658585d70f4f e9e714ffb49a44f08a441718bd80f384 - - da5ab492eb674fb99ccb4403ae3bc0f4 da5ab492eb674fb99ccb4403ae3bc0f4] 199.204.45.49 "GET /resource_providers/24dd7ac8-1a4b-4748-a363-9728b5ebaf78/allocations" status: 200 len: 153 microversion: 1.0 [pid: 8|app: 0|req: 658/1321] 199.204.45.49 () {32 vars in 856 bytes} [Thu Mar 5 08:44:49 2026] GET /resource_providers/24dd7ac8-1a4b-4748-a363-9728b5ebaf78/allocations => generated 153 bytes in 15 msecs (HTTP/1.1 200) 6 headers in 224 bytes (1 switches on core 0)
2026-03-05 08:44:49.523 7 INFO placement.requestlog [req-826aef9b-1822-40cf-b638-bf3a8651111b req-630cf471-5fa9-462e-8b9c-1532f74c7edf f2ea6f617e4d4ec080f8658585d70f4f e9e714ffb49a44f08a441718bd80f384 - - da5ab492eb674fb99ccb4403ae3bc0f4 da5ab492eb674fb99ccb4403ae3bc0f4] 199.204.45.49 "GET /allocations/3cada2f0-c163-4bf9-b88f-7b5cae061350" status: 200 len: 258 microversion: 1.28 [pid: 7|app: 0|req: 664/1322] 199.204.45.49 () {34 vars in 862 bytes} [Thu Mar 5 08:44:49 2026] GET /allocations/3cada2f0-c163-4bf9-b88f-7b5cae061350 => generated 258 bytes in 13 msecs (HTTP/1.1 200) 8 headers in 296 bytes (1 switches on core 0)
2026-03-05 08:44:50.580 8 INFO placement.requestlog [req-826aef9b-1822-40cf-b638-bf3a8651111b req-52919145-3914-4f71-9300-1bd4e23379a7 f2ea6f617e4d4ec080f8658585d70f4f e9e714ffb49a44f08a441718bd80f384 - - da5ab492eb674fb99ccb4403ae3bc0f4 da5ab492eb674fb99ccb4403ae3bc0f4] 199.204.45.49 "DELETE /allocations/3cada2f0-c163-4bf9-b88f-7b5cae061350" status: 204 len: 0 microversion: 1.0 [pid: 8|app: 0|req: 659/1323] 199.204.45.49 () {34 vars in 840 bytes} [Thu Mar 5 08:44:50 2026] DELETE /allocations/3cada2f0-c163-4bf9-b88f-7b5cae061350 => generated 0 bytes in 32 msecs (HTTP/1.1 204) 5 headers in 198 bytes (1 switches on core 0)
2026-03-05 08:44:56.008 8 INFO placement.requestlog [None req-0a06ea79-252c-4efe-95e1-bc895e319ffa - - - - - -] 10.0.0.177 "GET /" status: 200 len: 136 microversion: 1.0
2026-03-05 08:44:56.008 7 INFO placement.requestlog [None req-23fa876d-8557-4b6a-b39e-dfe0c2fce4b3 - - - - - -] 10.0.0.177 "GET /" status: 200 len: 136 microversion: 1.0
2026-03-05 08:45:00.386 8 INFO placement.requestlog [None req-42cf868d-1af7-4a22-96e5-5e2a167615a7 f08221e8fb0144129400e02ca9075953 e9e714ffb49a44f08a441718bd80f384 - - da5ab492eb674fb99ccb4403ae3bc0f4 da5ab492eb674fb99ccb4403ae3bc0f4] 10.0.0.203 "GET /resource_providers/327e3c50-baa8-43be-8145-51c6f934e12a/aggregates" status: 404 len: 235 microversion: 1.1 [pid: 8|app: 0|req: 661/1326] 10.0.0.203 () {32 vars in 816 bytes} [Thu Mar 5 08:45:00 2026] GET /resource_providers/327e3c50-baa8-43be-8145-51c6f934e12a/aggregates => generated 235 bytes in 7 msecs (HTTP/1.1 404) 5 headers in 202 bytes (1 switches on core 0)
2026-03-05 08:45:00.388 7 INFO placement.requestlog [None req-69276969-01ad-49db-8bb3-d1fe0acc6eb0 f08221e8fb0144129400e02ca9075953 e9e714ffb49a44f08a441718bd80f384 - - da5ab492eb674fb99ccb4403ae3bc0f4 da5ab492eb674fb99ccb4403ae3bc0f4] 10.0.0.203 "GET /resource_providers/327e3c50-baa8-43be-8145-51c6f934e12a/aggregates" status: 404 len: 235 microversion: 1.1 [pid: 7|app: 0|req: 666/1327] 10.0.0.203 () {32 vars in 816 bytes} [Thu Mar 5 08:45:00 2026] GET /resource_providers/327e3c50-baa8-43be-8145-51c6f934e12a/aggregates => generated 235 bytes in 10 msecs (HTTP/1.1 404) 5 headers in 202 bytes (1 switches on core 0)
2026-03-05 08:45:00.406 8 INFO placement.requestlog [None req-4abdb51d-923b-4693-be21-d0f440783acf f08221e8fb0144129400e02ca9075953 e9e714ffb49a44f08a441718bd80f384 - - da5ab492eb674fb99ccb4403ae3bc0f4 da5ab492eb674fb99ccb4403ae3bc0f4] 10.0.0.203 "DELETE /resource_providers/327e3c50-baa8-43be-8145-51c6f934e12a" status: 404 len: 246 microversion: 1.1 [pid: 8|app: 0|req: 662/1328] 10.0.0.203 () {34 vars in 816 bytes} [Thu Mar 5 08:45:00 2026] DELETE /resource_providers/327e3c50-baa8-43be-8145-51c6f934e12a => generated 246 bytes in 8 msecs (HTTP/1.1 404) 6 headers in 231 bytes (1 switches on core 0)
2026-03-05 08:45:00.410 7 INFO placement.requestlog [None req-86538b65-9554-48f8-bd19-47df4f9b9767 f08221e8fb0144129400e02ca9075953 e9e714ffb49a44f08a441718bd80f384 - - da5ab492eb674fb99ccb4403ae3bc0f4 da5ab492eb674fb99ccb4403ae3bc0f4] 10.0.0.203 "DELETE /resource_providers/327e3c50-baa8-43be-8145-51c6f934e12a" status: 404 len: 246 microversion: 1.1 [pid: 7|app: 0|req: 667/1329] 10.0.0.203 () {34 vars in 816 bytes} [Thu Mar 5 08:45:00 2026] DELETE /resource_providers/327e3c50-baa8-43be-8145-51c6f934e12a => generated 246 bytes in 9 msecs (HTTP/1.1 404) 6 headers in 231 bytes (1 switches on core 0)
2026-03-05 08:45:02.428 8 INFO placement.requestlog [None req-ca52376a-faba-4cbf-95ea-46dfca2d6af5 f08221e8fb0144129400e02ca9075953 e9e714ffb49a44f08a441718bd80f384 - - da5ab492eb674fb99ccb4403ae3bc0f4 da5ab492eb674fb99ccb4403ae3bc0f4] 10.0.0.203 "GET /resource_providers/f3c740cb-835e-4fbd-a70a-12a87c34114d/aggregates" status: 404 len: 235 microversion: 1.1
2026-03-05 08:45:02.428 7 INFO placement.requestlog [None req-8ed3d49b-7ccc-46cf-9e31-e7b8331fed13 f08221e8fb0144129400e02ca9075953 e9e714ffb49a44f08a441718bd80f384 - - da5ab492eb674fb99ccb4403ae3bc0f4 da5ab492eb674fb99ccb4403ae3bc0f4] 10.0.0.203 "GET /resource_providers/f3c740cb-835e-4fbd-a70a-12a87c34114d/aggregates" status: 404 len: 235 microversion: 1.1 [pid: 8|app: 0|req: 663/1330] 10.0.0.203 () {32 vars in 816 bytes} [Thu Mar 5 08:45:02 2026] GET /resource_providers/f3c740cb-835e-4fbd-a70a-12a87c34114d/aggregates => generated 235 bytes in 9 msecs (HTTP/1.1 404) 5 headers in 202 bytes (1 switches on core 0) [pid: 7|app: 0|req: 668/1331] 10.0.0.203 () {32 vars in 816 bytes} [Thu Mar 5 08:45:02 2026] GET /resource_providers/f3c740cb-835e-4fbd-a70a-12a87c34114d/aggregates => generated 235 bytes in 9 msecs (HTTP/1.1 404) 5 headers in 202 bytes (1 switches on core 0)
2026-03-05 08:45:02.446 8 INFO placement.requestlog [None req-744222e2-f340-4dfd-8bc5-f77dbacc9139 f08221e8fb0144129400e02ca9075953 e9e714ffb49a44f08a441718bd80f384 - - da5ab492eb674fb99ccb4403ae3bc0f4 da5ab492eb674fb99ccb4403ae3bc0f4] 10.0.0.203 "DELETE /resource_providers/f3c740cb-835e-4fbd-a70a-12a87c34114d" status: 404 len: 246 microversion: 1.1 [pid: 8|app: 0|req: 664/1332] 10.0.0.203 () {34 vars in 816 bytes} [Thu Mar 5 08:45:02 2026] DELETE /resource_providers/f3c740cb-835e-4fbd-a70a-12a87c34114d => generated 246 bytes in 7 msecs (HTTP/1.1 404) 6 headers in 231 bytes (1 switches on core 0)
2026-03-05 08:45:02.452 7 INFO placement.requestlog [None req-6bc2309d-4624-42ae-bcd9-a0b575ccfa62 f08221e8fb0144129400e02ca9075953 e9e714ffb49a44f08a441718bd80f384 - - da5ab492eb674fb99ccb4403ae3bc0f4 da5ab492eb674fb99ccb4403ae3bc0f4] 10.0.0.203 "DELETE /resource_providers/f3c740cb-835e-4fbd-a70a-12a87c34114d" status: 404 len: 246 microversion: 1.1 [pid: 7|app: 0|req: 669/1333] 10.0.0.203 () {34 vars in 816 bytes} [Thu Mar 5 08:45:02 2026] DELETE /resource_providers/f3c740cb-835e-4fbd-a70a-12a87c34114d => generated 246 bytes in 11 msecs (HTTP/1.1 404) 6 headers in 231 bytes (1 switches on core 0)
2026-03-05 08:45:02.463 8 INFO placement.requestlog [None req-10e9e3fc-78b8-45f9-9a34-55bbd7a8da54 f08221e8fb0144129400e02ca9075953 e9e714ffb49a44f08a441718bd80f384 - - da5ab492eb674fb99ccb4403ae3bc0f4 da5ab492eb674fb99ccb4403ae3bc0f4] 10.0.0.203 "GET /resource_providers/8b2e0bbc-8b88-408e-9896-97278e77f590/aggregates" status: 404 len: 235 microversion: 1.1 [pid: 8|app: 0|req: 665/1334] 10.0.0.203 () {32 vars in 816 bytes} [Thu Mar 5 08:45:02 2026] GET /resource_providers/8b2e0bbc-8b88-408e-9896-97278e77f590/aggregates => generated 235 bytes in 7 msecs (HTTP/1.1 404) 5 headers in 202 bytes (1 switches on core 0)
2026-03-05 08:45:02.468 7 INFO placement.requestlog [None req-5ca4bbf9-add0-46e9-b49b-b00ffe931312 f08221e8fb0144129400e02ca9075953 e9e714ffb49a44f08a441718bd80f384 - - da5ab492eb674fb99ccb4403ae3bc0f4 da5ab492eb674fb99ccb4403ae3bc0f4] 10.0.0.203 "GET /resource_providers/8b2e0bbc-8b88-408e-9896-97278e77f590/aggregates" status: 404 len: 235 microversion: 1.1 [pid: 7|app: 0|req: 670/1335] 10.0.0.203 () {32 vars in 816 bytes} [Thu Mar 5 08:45:02 2026] GET /resource_providers/8b2e0bbc-8b88-408e-9896-97278e77f590/aggregates => generated 235 bytes in 6 msecs (HTTP/1.1 404) 5 headers in 202 bytes (1 switches on core 0)
2026-03-05 08:45:02.483 8 INFO placement.requestlog [None req-4c6e0933-898e-4071-b401-e5a8b5e0ef11 f08221e8fb0144129400e02ca9075953 e9e714ffb49a44f08a441718bd80f384 - - da5ab492eb674fb99ccb4403ae3bc0f4 da5ab492eb674fb99ccb4403ae3bc0f4] 10.0.0.203 "DELETE /resource_providers/8b2e0bbc-8b88-408e-9896-97278e77f590" status: 404 len: 246 microversion: 1.1 [pid: 8|app: 0|req: 666/1336] 10.0.0.203 () {34 vars in 816 bytes} [Thu Mar 5 08:45:02 2026] DELETE /resource_providers/8b2e0bbc-8b88-408e-9896-97278e77f590 => generated 246 bytes in 8 msecs (HTTP/1.1 404) 6 headers in 231 bytes (1 switches on core 0)
2026-03-05 08:45:02.483 7 INFO placement.requestlog [None req-3ff06fc5-c056-422b-a89c-1fe92685085f f08221e8fb0144129400e02ca9075953 e9e714ffb49a44f08a441718bd80f384 - - da5ab492eb674fb99ccb4403ae3bc0f4 da5ab492eb674fb99ccb4403ae3bc0f4] 10.0.0.203 "DELETE /resource_providers/8b2e0bbc-8b88-408e-9896-97278e77f590" status: 404 len: 246 microversion: 1.1 [pid: 7|app: 0|req: 671/1337] 10.0.0.203 () {34 vars in 816 bytes} [Thu Mar 5 08:45:02 2026] DELETE /resource_providers/8b2e0bbc-8b88-408e-9896-97278e77f590 => generated 246 bytes in 8 msecs (HTTP/1.1 404) 6 headers in 231 bytes (1 switches on core 0)
2026-03-05 08:45:04.500 8 INFO placement.requestlog [None req-c925be1e-5684-45b6-8cbf-4a75b36f1704 f08221e8fb0144129400e02ca9075953 e9e714ffb49a44f08a441718bd80f384 - - da5ab492eb674fb99ccb4403ae3bc0f4 da5ab492eb674fb99ccb4403ae3bc0f4] 10.0.0.203 "GET /resource_providers/4dca550d-777b-4d81-b4c4-4b0744f3cb8d/aggregates" status: 404 len: 235 microversion: 1.1 [pid: 8|app: 0|req: 667/1338] 10.0.0.203 () {32 vars in 816 bytes} [Thu Mar 5 08:45:04 2026] GET /resource_providers/4dca550d-777b-4d81-b4c4-4b0744f3cb8d/aggregates => generated 235 bytes in 7 msecs (HTTP/1.1 404) 5 headers in 202 bytes (1 switches on core 0)
2026-03-05 08:45:04.519 7 INFO placement.requestlog [None req-5db1e2ad-0a07-4b47-8ef2-ee96b5b89122 f08221e8fb0144129400e02ca9075953 e9e714ffb49a44f08a441718bd80f384 - - da5ab492eb674fb99ccb4403ae3bc0f4 da5ab492eb674fb99ccb4403ae3bc0f4] 10.0.0.203 "GET /resource_providers/4dca550d-777b-4d81-b4c4-4b0744f3cb8d/aggregates" status: 404 len: 235 microversion: 1.1 [pid: 7|app: 0|req: 672/1339] 10.0.0.203 () {32 vars in 816 bytes} [Thu Mar 5 08:45:04 2026] GET /resource_providers/4dca550d-777b-4d81-b4c4-4b0744f3cb8d/aggregates => generated 235 bytes in 12 msecs (HTTP/1.1 404) 5 headers in 202 bytes (1 switches on core 0)
2026-03-05 08:45:04.519 8 INFO placement.requestlog [None req-09fce82a-886f-4a91-9c13-cd4fc1ab4019 f08221e8fb0144129400e02ca9075953 e9e714ffb49a44f08a441718bd80f384 - - da5ab492eb674fb99ccb4403ae3bc0f4 da5ab492eb674fb99ccb4403ae3bc0f4] 10.0.0.203 "DELETE /resource_providers/4dca550d-777b-4d81-b4c4-4b0744f3cb8d" status: 404 len: 246 microversion: 1.1 [pid: 8|app: 0|req: 668/1340] 10.0.0.203 () {34 vars in 816 bytes} [Thu Mar 5 08:45:04 2026] DELETE /resource_providers/4dca550d-777b-4d81-b4c4-4b0744f3cb8d => generated 246 bytes in 9 msecs (HTTP/1.1 404) 6 headers in 231 bytes (1 switches on core 0)
2026-03-05 08:45:04.534 7 INFO placement.requestlog [None req-8eac2597-eab0-46f0-bee4-0e72718e4baa f08221e8fb0144129400e02ca9075953 e9e714ffb49a44f08a441718bd80f384 - - da5ab492eb674fb99ccb4403ae3bc0f4 da5ab492eb674fb99ccb4403ae3bc0f4] 10.0.0.203 "DELETE /resource_providers/4dca550d-777b-4d81-b4c4-4b0744f3cb8d" status: 404 len: 246 microversion: 1.1 [pid: 7|app: 0|req: 673/1341] 10.0.0.203 () {34 vars in 816 bytes} [Thu Mar 5 08:45:04 2026] DELETE /resource_providers/4dca550d-777b-4d81-b4c4-4b0744f3cb8d => generated 246 bytes in 9 msecs (HTTP/1.1 404) 6 headers in 231 bytes (1 switches on core 0)
2026-03-05 08:45:06.008 7 INFO placement.requestlog [None req-c7ac5785-daa6-49e9-9d83-71c8214df676 - - - - - -] 10.0.0.177 "GET /" status: 200 len: 136 microversion: 1.0
2026-03-05 08:45:06.008 8 INFO placement.requestlog [None req-e08e5cc3-dbac-4e49-8d0c-54033b41cf4d - - - - - -] 10.0.0.177 "GET /" status: 200 len: 136 microversion: 1.0
2026-03-05 08:45:16.009 7 INFO placement.requestlog [None req-94f4889f-2005-4d03-a268-27bd7b0655e6 - - - - - -] 10.0.0.177 "GET /" status: 200 len: 136 microversion: 1.0
2026-03-05 08:45:16.009 8 INFO placement.requestlog [None req-c984fc68-781a-482a-a870-d378ef200547 - - - - - -] 10.0.0.177 "GET /" status: 200 len: 136 microversion: 1.0
2026-03-05 08:45:22.271 7 INFO placement.requestlog [None req-d055f6d1-48e7-45ff-a2bc-ff19a7b5b736 9a13ac0c78be4df4a13e0069cc93b120 5fed8706f2334789bcfa3af6ed9920d2 - - default default] 10.0.0.108 "GET /resource_providers" status: 200 len: 406 microversion: 1.0 [pid: 7|app: 0|req: 676/1346] 10.0.0.108 () {28 vars in 593 bytes} [Thu Mar 5 08:45:22 2026] GET /resource_providers => generated 406 bytes in 119 msecs (HTTP/1.1 200) 6 headers in 224 bytes (1 switches on core 0)
2026-03-05 08:45:22.300 8 INFO placement.requestlog [None req-5cd2496b-e15e-45ff-ae42-a6e3a9fc6b2f 9a13ac0c78be4df4a13e0069cc93b120 5fed8706f2334789bcfa3af6ed9920d2 - - default default] 10.0.0.108 "GET /resource_providers/24dd7ac8-1a4b-4748-a363-9728b5ebaf78/inventories" status: 200 len: 401 microversion: 1.0 [pid: 8|app: 0|req: 671/1347] 10.0.0.108 () {28 vars in 691 bytes} [Thu Mar 5 08:45:22 2026] GET /resource_providers/24dd7ac8-1a4b-4748-a363-9728b5ebaf78/inventories => generated 401 bytes in 26 msecs (HTTP/1.1 200) 6 headers in 224 bytes (1 switches on core 0)
2026-03-05 08:45:22.325 7 INFO placement.requestlog [None req-52b44d03-c7e2-42ab-a4e9-c2692549ae64 9a13ac0c78be4df4a13e0069cc93b120 5fed8706f2334789bcfa3af6ed9920d2 - - default default] 10.0.0.108 "GET /resource_providers/24dd7ac8-1a4b-4748-a363-9728b5ebaf78/usages" status: 200 len: 89 microversion: 1.0 [pid: 7|app: 0|req: 677/1348] 10.0.0.108 () {28 vars in 681 bytes} [Thu Mar 5 08:45:22 2026] GET /resource_providers/24dd7ac8-1a4b-4748-a363-9728b5ebaf78/usages => generated 89 bytes in 19 msecs (HTTP/1.1 200) 6 headers in 223 bytes (1 switches on core 0)
2026-03-05 08:45:25.460 8 INFO placement.requestlog [req-55858abb-747f-4c93-93e4-edd4cda2ca51 req-13ebef7f-7dd3-4d4c-b8ec-74e9fff05188 f2ea6f617e4d4ec080f8658585d70f4f e9e714ffb49a44f08a441718bd80f384 - - da5ab492eb674fb99ccb4403ae3bc0f4 da5ab492eb674fb99ccb4403ae3bc0f4] 199.204.45.49 "GET /resource_providers/24dd7ac8-1a4b-4748-a363-9728b5ebaf78/allocations" status: 200 len: 55 microversion: 1.0 [pid: 8|app: 0|req: 672/1349] 199.204.45.49 () {32 vars in 856 bytes} [Thu Mar 5 08:45:25 2026] GET /resource_providers/24dd7ac8-1a4b-4748-a363-9728b5ebaf78/allocations => generated 55 bytes in 11 msecs (HTTP/1.1 200) 6 headers in 223 bytes (1 switches on core 0)
2026-03-05 08:45:25.482 7 INFO placement.requestlog [req-55858abb-747f-4c93-93e4-edd4cda2ca51 req-001c8e7c-6d56-4460-9789-73e2e88dce48 f2ea6f617e4d4ec080f8658585d70f4f e9e714ffb49a44f08a441718bd80f384 - - da5ab492eb674fb99ccb4403ae3bc0f4 da5ab492eb674fb99ccb4403ae3bc0f4] 199.204.45.49 "GET /resource_providers/24dd7ac8-1a4b-4748-a363-9728b5ebaf78/allocations" status: 200 len: 55 microversion: 1.0 [pid: 7|app: 0|req: 678/1350] 199.204.45.49 () {32 vars in 856 bytes} [Thu Mar 5 08:45:25 2026] GET /resource_providers/24dd7ac8-1a4b-4748-a363-9728b5ebaf78/allocations => generated 55 bytes in 12 msecs (HTTP/1.1 200) 6 headers in 223 bytes (1 switches on core 0)
2026-03-05 08:45:26.009 8 INFO placement.requestlog [None req-4c806df3-ff93-4416-8136-075989125345 - - - - - -] 10.0.0.177 "GET /" status: 200 len: 136 microversion: 1.0
2026-03-05 08:45:26.009 7 INFO placement.requestlog [None req-7983f444-988c-4479-8397-7be5924dbc3d - - - - - -] 10.0.0.177 "GET /" status: 200 len: 136 microversion: 1.0
2026-03-05 08:45:36.009 8 INFO placement.requestlog [None req-6019aebe-8696-46af-9b04-5a5bf89d5bec - - - - - -] 10.0.0.177 "GET /" status: 200 len: 136 microversion: 1.0
2026-03-05 08:45:36.009 7 INFO placement.requestlog [None req-8259693c-496b-425d-bf1e-e99a57a1b587 - - - - - -] 10.0.0.177 "GET /" status: 200 len: 136 microversion: 1.0
2026-03-05 08:45:46.008 7 INFO placement.requestlog [None req-fdb39ccb-bf21-4f31-880f-1522052325d1 - - - - - -] 10.0.0.177 "GET /" status: 200 len: 136 microversion: 1.0
2026-03-05 08:45:46.008 8 INFO placement.requestlog [None req-253aa304-87eb-4655-b644-0a6e062040d4 - - - - - -] 10.0.0.177 "GET /" status: 200 len: 136 microversion: 1.0
2026-03-05 08:45:56.008 8 INFO placement.requestlog [None req-579080fe-2cd7-4614-82f4-0dfe4b6c248c - - - - - -] 10.0.0.177 "GET /" status: 200 len: 136 microversion: 1.0
2026-03-05 08:45:56.009 7 INFO placement.requestlog [None req-48c577ae-2202-43ea-8794-d637bde4a94e - - - - - -] 10.0.0.177 "GET /" status: 200 len: 136 microversion: 1.0
2026-03-05 08:46:06.008 8 INFO placement.requestlog [None req-735788d7-345e-45c5-b9d9-4dc1630d74cb - - - - - -] 10.0.0.177 "GET /" status: 200 len: 136 microversion: 1.0
2026-03-05 08:46:06.008 7 INFO placement.requestlog [None req-68dd21c9-e9c1-43d9-a420-a5e4d2d8bf4e - - - - - -] 10.0.0.177 "GET /" status: 200 len: 136 microversion: 1.0
2026-03-05 08:46:16.008 8 INFO placement.requestlog [None req-14cac50d-1c57-471a-93a4-1f6b43865b25 - - - - - -] 10.0.0.177 "GET /" status: 200 len: 136 microversion: 1.0
2026-03-05 08:46:16.008 7 INFO placement.requestlog [None req-bed4b6aa-3116-4e1c-b0a4-e6fe37f1ef71 - - - - - -] 10.0.0.177 "GET /" status: 200 len: 136 microversion: 1.0
2026-03-05 08:46:22.328 8 INFO placement.requestlog [None req-6e93245e-c7db-4410-baed-6a6ca3d7f86a 9a13ac0c78be4df4a13e0069cc93b120 5fed8706f2334789bcfa3af6ed9920d2 - - default default] 10.0.0.108 "GET /resource_providers" status: 200 len: 406 microversion: 1.0 [pid: 8|app: 0|req: 679/1363] 10.0.0.108 () {28 vars in 593 bytes} [Thu Mar 5 08:46:22 2026] GET /resource_providers => generated 406 bytes in 77 msecs (HTTP/1.1 200) 6 headers in 224 bytes (1 switches on core 0)
2026-03-05 08:46:22.359 7 INFO placement.requestlog [None req-639c4e47-11e9-4504-9c95-3ecc4364c507 9a13ac0c78be4df4a13e0069cc93b120 5fed8706f2334789bcfa3af6ed9920d2 - - default default] 10.0.0.108 "GET /resource_providers/24dd7ac8-1a4b-4748-a363-9728b5ebaf78/inventories" status: 200 len: 401 microversion: 1.0 [pid: 7|app: 0|req: 685/1364] 10.0.0.108 () {28 vars in 691 bytes} [Thu Mar 5 08:46:22 2026] GET /resource_providers/24dd7ac8-1a4b-4748-a363-9728b5ebaf78/inventories => generated 401 bytes in 17 msecs (HTTP/1.1 200) 6 headers in 224 bytes (1 switches on core 0)
2026-03-05 08:46:22.381 8 INFO placement.requestlog [None req-ed5b2011-8046-44c4-b53a-c11601274c8b 9a13ac0c78be4df4a13e0069cc93b120 5fed8706f2334789bcfa3af6ed9920d2 - - default default] 10.0.0.108 "GET /resource_providers/24dd7ac8-1a4b-4748-a363-9728b5ebaf78/usages" status: 200 len: 89 microversion: 1.0 [pid: 8|app: 0|req: 680/1365] 10.0.0.108 () {28 vars in 681 bytes} [Thu Mar 5 08:46:22 2026] GET /resource_providers/24dd7ac8-1a4b-4748-a363-9728b5ebaf78/usages => generated 89 bytes in 19 msecs (HTTP/1.1 200) 6 headers in 223 bytes (1 switches on core 0)
2026-03-05 08:46:26.008 7 INFO placement.requestlog [None req-3357a1af-a360-486c-8590-71707087cfe1 - - - - - -] 10.0.0.177 "GET /" status: 200 len: 136 microversion: 1.0
2026-03-05 08:46:26.008 8 INFO placement.requestlog [None req-e3632dc4-1b34-4c3f-bad7-16dfb67f5f1c - - - - - -] 10.0.0.177 "GET /" status: 200 len: 136 microversion: 1.0
2026-03-05 08:46:26.773 7 INFO placement.requestlog [req-60bcb14f-c854-4271-841c-672739e3eea2 req-6178160f-c7c8-4235-a4ff-f2ad5d9a890f f2ea6f617e4d4ec080f8658585d70f4f e9e714ffb49a44f08a441718bd80f384 - - da5ab492eb674fb99ccb4403ae3bc0f4 da5ab492eb674fb99ccb4403ae3bc0f4] 199.204.45.49 "GET /resource_providers/24dd7ac8-1a4b-4748-a363-9728b5ebaf78/allocations" status: 200 len: 55 microversion: 1.0 [pid: 7|app: 0|req: 687/1368] 199.204.45.49 () {32 vars in 856 bytes} [Thu Mar 5 08:46:26 2026] GET /resource_providers/24dd7ac8-1a4b-4748-a363-9728b5ebaf78/allocations => generated 55 bytes in 52 msecs (HTTP/1.1 200) 6 headers in 223 bytes (1 switches on core 0)
2026-03-05 08:46:26.807 8 INFO placement.requestlog [req-60bcb14f-c854-4271-841c-672739e3eea2 req-bcdeda51-04a4-4bbe-8be6-759485f087ce f2ea6f617e4d4ec080f8658585d70f4f e9e714ffb49a44f08a441718bd80f384 - - da5ab492eb674fb99ccb4403ae3bc0f4 da5ab492eb674fb99ccb4403ae3bc0f4] 199.204.45.49 "GET /resource_providers?in_tree=24dd7ac8-1a4b-4748-a363-9728b5ebaf78" status: 200 len: 798 microversion: 1.14 [pid: 8|app: 0|req: 682/1369] 199.204.45.49 () {34 vars in 891 bytes} [Thu Mar 5 08:46:26 2026] GET /resource_providers?in_tree=24dd7ac8-1a4b-4748-a363-9728b5ebaf78 => generated 798 bytes in 27 msecs (HTTP/1.1 200) 6 headers in 225 bytes (1 switches on core 0)
2026-03-05 08:46:26.826 7 INFO placement.requestlog [req-60bcb14f-c854-4271-841c-672739e3eea2 req-f931cc31-bb1a-4bf2-b115-be71ec5fce31 f2ea6f617e4d4ec080f8658585d70f4f e9e714ffb49a44f08a441718bd80f384 - - da5ab492eb674fb99ccb4403ae3bc0f4 da5ab492eb674fb99ccb4403ae3bc0f4] 199.204.45.49 "GET /resource_providers/24dd7ac8-1a4b-4748-a363-9728b5ebaf78/inventories" status: 200 len: 401 microversion: 1.0 [pid: 7|app: 0|req: 688/1370] 199.204.45.49 () {32 vars in 856 bytes} [Thu Mar 5 08:46:26 2026] GET /resource_providers/24dd7ac8-1a4b-4748-a363-9728b5ebaf78/inventories => generated 401 bytes in 12 msecs (HTTP/1.1 200) 6 headers in 224 bytes (1 switches on core 0)
2026-03-05 08:46:26.848 8 INFO placement.requestlog [req-60bcb14f-c854-4271-841c-672739e3eea2 req-e43d2338-ba55-42ac-96ba-7e3e9b1c9f2f f2ea6f617e4d4ec080f8658585d70f4f e9e714ffb49a44f08a441718bd80f384 - - da5ab492eb674fb99ccb4403ae3bc0f4 da5ab492eb674fb99ccb4403ae3bc0f4] 199.204.45.49 "GET /resource_providers/24dd7ac8-1a4b-4748-a363-9728b5ebaf78/aggregates" status: 200 len: 54 microversion: 1.19 [pid: 8|app: 0|req: 683/1371] 199.204.45.49 () {34 vars in 898 bytes} [Thu Mar 5 08:46:26 2026] GET /resource_providers/24dd7ac8-1a4b-4748-a363-9728b5ebaf78/aggregates => generated 54 bytes in 18 msecs (HTTP/1.1 200) 8 headers in 295 bytes (1 switches on core 0)
2026-03-05 08:46:26.872 7 INFO placement.requestlog [req-60bcb14f-c854-4271-841c-672739e3eea2 req-1c0ca990-dfa1-4f09-9244-6e6e0ec657d5 f2ea6f617e4d4ec080f8658585d70f4f e9e714ffb49a44f08a441718bd80f384 - - da5ab492eb674fb99ccb4403ae3bc0f4 da5ab492eb674fb99ccb4403ae3bc0f4] 199.204.45.49 "GET /resource_providers/24dd7ac8-1a4b-4748-a363-9728b5ebaf78/traits" status: 200 len: 2317 microversion: 1.6 [pid: 7|app: 0|req: 689/1372] 199.204.45.49 () {34 vars in 889 bytes} [Thu Mar 5 08:46:26 2026] GET /resource_providers/24dd7ac8-1a4b-4748-a363-9728b5ebaf78/traits => generated 2317 bytes in 17 msecs (HTTP/1.1 200) 6 headers in 225 bytes (1 switches on core 0)
2026-03-05 08:46:26.893 8 INFO placement.requestlog [req-60bcb14f-c854-4271-841c-672739e3eea2 req-41752252-5466-47cd-ad99-bcd160e5cb70 f2ea6f617e4d4ec080f8658585d70f4f e9e714ffb49a44f08a441718bd80f384 - - da5ab492eb674fb99ccb4403ae3bc0f4 da5ab492eb674fb99ccb4403ae3bc0f4] 199.204.45.49 "GET /resource_providers/24dd7ac8-1a4b-4748-a363-9728b5ebaf78/allocations" status: 200 len: 55 microversion: 1.0 [pid: 8|app: 0|req: 684/1373] 199.204.45.49 () {32 vars in 856 bytes} [Thu Mar 5 08:46:26 2026] GET /resource_providers/24dd7ac8-1a4b-4748-a363-9728b5ebaf78/allocations => generated 55 bytes in 15 msecs (HTTP/1.1 200) 6 headers in 223 bytes (1 switches on core 0)
2026-03-05 08:46:36.008 7 INFO placement.requestlog [None req-bbe35965-8fac-4d37-901d-8a40bc18d7e3 - - - - - -] 10.0.0.177 "GET /" status: 200 len: 136 microversion: 1.0
2026-03-05 08:46:36.009 8 INFO placement.requestlog [None req-f09b5c92-6977-4b47-a41b-14467ca02c3e - - - - - -] 10.0.0.177 "GET /" status: 200 len: 136 microversion: 1.0
2026-03-05 08:46:46.008 7 INFO placement.requestlog [None req-24a338c2-6dd2-4850-8adc-dd16c535a00c - - - - - -] 10.0.0.177 "GET /" status: 200 len: 136 microversion: 1.0
2026-03-05 08:46:46.008 8 INFO placement.requestlog [None req-6d9d3d93-e0a4-49cd-b5e4-b03e08e393de - - - - - -] 10.0.0.177 "GET /" status: 200 len: 136 microversion: 1.0
2026-03-05 08:46:56.012 7 INFO placement.requestlog [None req-becb8093-e81f-457b-9301-57dd86ceb2d7 - - - - - -] 10.0.0.177 "GET /" status: 200 len: 136 microversion: 1.0
2026-03-05 08:46:56.013 8 INFO placement.requestlog [None req-276d4698-7eac-4100-beb7-6038bf179400 - - - - - -] 10.0.0.177 "GET /" status: 200 len: 136 microversion: 1.0
2026-03-05 08:47:06.008 7 INFO placement.requestlog [None req-b5d85fa8-a342-4042-be2e-fef95d314f1c - - - - - -] 10.0.0.177 "GET /" status: 200 len: 136 microversion: 1.0
2026-03-05 08:47:06.009 8 INFO placement.requestlog [None req-ce414f85-fdd4-42bf-a113-05078d38f201 - - - - - -] 10.0.0.177 "GET /" status: 200 len: 136 microversion: 1.0
2026-03-05 08:47:16.009 8 INFO placement.requestlog [None req-56b3a962-b2b7-4bf9-a3e6-c87fccc31fab - - - - - -] 10.0.0.177 "GET /" status: 200 len: 136 microversion: 1.0
2026-03-05 08:47:16.009 7 INFO placement.requestlog [None req-8d098c8d-cb15-4c3b-8417-4417a0227112 - - - - - -] 10.0.0.177 "GET /" status: 200 len: 136 microversion: 1.0
2026-03-05 08:47:22.440 8 INFO placement.requestlog [None req-040bf1f7-cffb-401b-b223-80621c983163 9a13ac0c78be4df4a13e0069cc93b120 5fed8706f2334789bcfa3af6ed9920d2 - - default default] 10.0.0.108 "GET /resource_providers" status: 200 len: 406 microversion: 1.0 [pid: 8|app: 0|req: 690/1384] 10.0.0.108 () {28 vars in 593 bytes} [Thu Mar 5 08:47:22 2026] GET /resource_providers => generated 406 bytes in 81 msecs (HTTP/1.1 200) 6 headers in 224 bytes (1 switches on core 0)
2026-03-05 08:47:22.476 7 INFO placement.requestlog [None req-2f7d82fc-fd0b-4ec2-a34f-515ae32fa6b7 9a13ac0c78be4df4a13e0069cc93b120 5fed8706f2334789bcfa3af6ed9920d2 - - default default] 10.0.0.108 "GET /resource_providers/24dd7ac8-1a4b-4748-a363-9728b5ebaf78/inventories" status: 200 len: 401 microversion: 1.0 [pid: 7|app: 0|req: 695/1385] 10.0.0.108 () {28 vars in 691 bytes} [Thu Mar 5 08:47:22 2026] GET /resource_providers/24dd7ac8-1a4b-4748-a363-9728b5ebaf78/inventories => generated 401 bytes in 28 msecs (HTTP/1.1 200) 6 headers in 224 bytes (1 switches on core 0)
2026-03-05 08:47:22.507 8 INFO placement.requestlog [None req-31d7fe0b-d721-4ada-9328-023daa23d44e 9a13ac0c78be4df4a13e0069cc93b120 5fed8706f2334789bcfa3af6ed9920d2 - - default default] 10.0.0.108 "GET /resource_providers/24dd7ac8-1a4b-4748-a363-9728b5ebaf78/usages" status: 200 len: 89 microversion: 1.0 [pid: 8|app: 0|req: 691/1386] 10.0.0.108 () {28 vars in 681 bytes} [Thu Mar 5 08:47:22 2026] GET /resource_providers/24dd7ac8-1a4b-4748-a363-9728b5ebaf78/usages => generated 89 bytes in 23 msecs (HTTP/1.1 200) 6 headers in 223 bytes (1 switches on core 0)
2026-03-05 08:47:26.008 7 INFO placement.requestlog [None req-4bf47a67-0a27-46c7-bc8f-777cd59c98d2 - - - - - -] 10.0.0.177 "GET /" status: 200 len: 136 microversion: 1.0
2026-03-05 08:47:26.008 8 INFO placement.requestlog [None req-07935350-3ab1-4b38-b5e8-1a3d14388415 - - - - - -] 10.0.0.177 "GET /" status: 200 len: 136 microversion: 1.0
2026-03-05 08:47:27.667 7 INFO placement.requestlog [req-4cf4f2d7-ae5c-4931-9ec1-94a7ff254a1f req-08473dd1-f3ff-4a1b-bcf4-34c87e08bc7e f2ea6f617e4d4ec080f8658585d70f4f e9e714ffb49a44f08a441718bd80f384 - - da5ab492eb674fb99ccb4403ae3bc0f4 da5ab492eb674fb99ccb4403ae3bc0f4] 199.204.45.49 "GET /resource_providers/24dd7ac8-1a4b-4748-a363-9728b5ebaf78/allocations" status: 200 len: 55 microversion: 1.0 [pid: 7|app: 0|req: 697/1389] 199.204.45.49 () {32 vars in 856 bytes} [Thu Mar 5 08:47:27 2026] GET /resource_providers/24dd7ac8-1a4b-4748-a363-9728b5ebaf78/allocations => generated 55 bytes in 17 msecs (HTTP/1.1 200) 6 headers in 223 bytes (1 switches on core 0)
2026-03-05 08:47:27.687 8 INFO placement.requestlog [req-4cf4f2d7-ae5c-4931-9ec1-94a7ff254a1f req-2598aa7d-53b6-4b9c-9196-9e09075ed6ed f2ea6f617e4d4ec080f8658585d70f4f e9e714ffb49a44f08a441718bd80f384 - - da5ab492eb674fb99ccb4403ae3bc0f4 da5ab492eb674fb99ccb4403ae3bc0f4] 199.204.45.49 "GET /resource_providers/24dd7ac8-1a4b-4748-a363-9728b5ebaf78/allocations" status: 200 len: 55 microversion: 1.0 [pid: 8|app: 0|req: 693/1390] 199.204.45.49 () {32 vars in 856 bytes} [Thu Mar 5 08:47:27 2026] GET /resource_providers/24dd7ac8-1a4b-4748-a363-9728b5ebaf78/allocations => generated 55 bytes in 12 msecs (HTTP/1.1 200) 6 headers in 223 bytes (1 switches on core 0)
2026-03-05 08:47:36.009 8 INFO placement.requestlog [None req-03df473d-1fbf-476c-b9fd-7cc0950cb6e7 - - - - - -] 10.0.0.177 "GET /" status: 200 len: 136 microversion: 1.0
2026-03-05 08:47:36.009 7 INFO placement.requestlog [None req-e042ee0f-8567-4063-9f30-81142f8cc7f0 - - - - - -] 10.0.0.177 "GET /" status: 200 len: 136 microversion: 1.0
2026-03-05 08:47:46.008 8 INFO placement.requestlog [None req-09412f3c-9155-4ccd-8356-f3b170354cc2 - - - - - -] 10.0.0.177 "GET /" status: 200 len: 136 microversion: 1.0
2026-03-05 08:47:46.008 7 INFO placement.requestlog [None req-03ef75c5-4d89-41ab-bd4d-a7e3d5aa2e23 - - - - - -] 10.0.0.177 "GET /" status: 200 len: 136 microversion: 1.0
2026-03-05 08:47:56.009 8 INFO placement.requestlog [None req-40981f0c-e7c6-4e07-a555-5d67755424d1 - - - - - -] 10.0.0.177 "GET /" status: 200 len: 136 microversion: 1.0
2026-03-05 08:47:56.009 7 INFO placement.requestlog [None req-fc838fe9-413f-418c-8f8d-6705b3e31078 - - - - - -] 10.0.0.177 "GET /" status: 200 len: 136 microversion: 1.0
2026-03-05 08:48:06.013 7 INFO placement.requestlog [None req-9b3dc4b5-08d5-46ca-ae80-c40c01ffd345 - - - - - -] 10.0.0.177 "GET /" status: 200 len: 136 microversion: 1.0
2026-03-05 08:48:06.016 8 INFO placement.requestlog [None req-248d9189-354f-4ae7-bbd8-4fe877067bfe - - - - - -] 10.0.0.177 "GET /" status: 200 len: 136 microversion: 1.0
2026-03-05 08:48:16.009 8 INFO placement.requestlog [None req-f3e8078d-e8e6-49e6-92b0-3e5889306a9f - - - - - -] 10.0.0.177 "GET /" status: 200 len: 136 microversion: 1.0
2026-03-05 08:48:16.009 7 INFO placement.requestlog [None req-2f1b935e-23b0-49db-8c89-28b28ff11dd7 - - - - - -] 10.0.0.177 "GET /" status: 200 len: 136 microversion: 1.0
2026-03-05 08:48:22.455 8 INFO placement.requestlog [None req-d09b2229-7e16-4d2f-976f-df7a4c7f3011 9a13ac0c78be4df4a13e0069cc93b120 5fed8706f2334789bcfa3af6ed9920d2 - - default default] 10.0.0.108 "GET /resource_providers" status: 200 len: 406 microversion: 1.0 [pid: 8|app: 0|req: 699/1401] 10.0.0.108 () {28 vars in 593 bytes} [Thu Mar 5 08:48:22 2026] GET /resource_providers => generated 406 bytes in 98 msecs (HTTP/1.1 200) 6 headers in 224 bytes (1 switches on core 0)
2026-03-05 08:48:22.475 7 INFO placement.requestlog [None req-8a614a9e-59f8-4077-bc88-41825f95c2e7 9a13ac0c78be4df4a13e0069cc93b120 5fed8706f2334789bcfa3af6ed9920d2 - - default default] 10.0.0.108 "GET /resource_providers/24dd7ac8-1a4b-4748-a363-9728b5ebaf78/inventories" status: 200 len: 401 microversion: 1.0 [pid: 7|app: 0|req: 703/1402] 10.0.0.108 () {28 vars in 691 bytes} [Thu Mar 5 08:48:22 2026] GET /resource_providers/24dd7ac8-1a4b-4748-a363-9728b5ebaf78/inventories => generated 401 bytes in 14 msecs (HTTP/1.1 200) 6 headers in 224 bytes (1 switches on core 0)
2026-03-05 08:48:22.507 8 INFO placement.requestlog [None req-7e5eb6ef-b2d0-4e50-812b-ba0f6091f92a 9a13ac0c78be4df4a13e0069cc93b120 5fed8706f2334789bcfa3af6ed9920d2 - - default default] 10.0.0.108 "GET /resource_providers/24dd7ac8-1a4b-4748-a363-9728b5ebaf78/usages" status: 200 len: 89 microversion: 1.0 [pid: 8|app: 0|req: 700/1403] 10.0.0.108 () {28 vars in 681 bytes} [Thu Mar 5 08:48:22 2026] GET /resource_providers/24dd7ac8-1a4b-4748-a363-9728b5ebaf78/usages => generated 89 bytes in 26 msecs (HTTP/1.1 200) 6 headers in 223 bytes (1 switches on core 0)
2026-03-05 08:48:26.008 8 INFO placement.requestlog [None req-3ccaf50b-ec2d-4b69-9dff-eee2c66b2741 - - - - - -] 10.0.0.177 "GET /" status: 200 len: 136 microversion: 1.0
2026-03-05 08:48:26.009 7 INFO placement.requestlog [None req-b2184c43-68e4-4266-b81e-138bc14c424c - - - - - -] 10.0.0.177 "GET /" status: 200 len: 136 microversion: 1.0
2026-03-05 08:48:29.753 8 INFO placement.requestlog [req-3a286a00-c3df-4b49-8586-c134b1160db3 req-553a34f5-229a-43ba-b1f8-1e44e04fe16d f2ea6f617e4d4ec080f8658585d70f4f e9e714ffb49a44f08a441718bd80f384 - - da5ab492eb674fb99ccb4403ae3bc0f4 da5ab492eb674fb99ccb4403ae3bc0f4] 199.204.45.49 "GET /resource_providers/24dd7ac8-1a4b-4748-a363-9728b5ebaf78/allocations" status: 200 len: 55 microversion: 1.0 [pid: 8|app: 0|req: 702/1406] 199.204.45.49 () {32 vars in 856 bytes} [Thu Mar 5 08:48:29 2026] GET /resource_providers/24dd7ac8-1a4b-4748-a363-9728b5ebaf78/allocations => generated 55 bytes in 13 msecs (HTTP/1.1 200) 6 headers in 223 bytes (1 switches on core 0)
2026-03-05 08:48:29.775 7 INFO placement.requestlog [req-3a286a00-c3df-4b49-8586-c134b1160db3 req-1ec4aee7-e81d-4f0e-8e64-512f15a60203 f2ea6f617e4d4ec080f8658585d70f4f e9e714ffb49a44f08a441718bd80f384 - - da5ab492eb674fb99ccb4403ae3bc0f4 da5ab492eb674fb99ccb4403ae3bc0f4] 199.204.45.49 "GET /resource_providers/24dd7ac8-1a4b-4748-a363-9728b5ebaf78/allocations" status: 200 len: 55 microversion: 1.0 [pid: 7|app: 0|req: 705/1407] 199.204.45.49 () {32 vars in 856 bytes} [Thu Mar 5 08:48:29 2026] GET /resource_providers/24dd7ac8-1a4b-4748-a363-9728b5ebaf78/allocations => generated 55 bytes in 14 msecs (HTTP/1.1 200) 6 headers in 223 bytes (1 switches on core 0)
2026-03-05 08:48:36.009 8 INFO placement.requestlog [None req-5da8419f-2048-43e8-9a4f-698320ab9ad8 - - - - - -] 10.0.0.177 "GET /" status: 200 len: 136 microversion: 1.0
2026-03-05 08:48:36.009 7 INFO placement.requestlog [None req-8dfdab4a-9041-45f5-b220-11877fe1db48 - - - - - -] 10.0.0.177 "GET /" status: 200 len: 136 microversion: 1.0
2026-03-05 08:48:46.009 8 INFO placement.requestlog [None req-42f35fa6-5d95-4cc5-ad0d-c82fe17a7c67 - - - - - -] 10.0.0.177 "GET /" status: 200 len: 136 microversion: 1.0
2026-03-05 08:48:46.009 7 INFO placement.requestlog [None req-275912ef-cdf2-4cd3-ab96-7fb498eb6b91 - - - - - -] 10.0.0.177 "GET /" status: 200 len: 136 microversion: 1.0
2026-03-05 08:48:56.008 8 INFO placement.requestlog [None req-9aa2c588-8c41-436d-82f9-bf380a4f45e7 - - - - - -] 10.0.0.177 "GET /" status: 200 len: 136 microversion: 1.0
2026-03-05 08:48:56.009 7 INFO placement.requestlog [None req-4a034e9b-e198-4aac-9c18-221f6b7ecb0c - - - - - -] 10.0.0.177 "GET /" status: 200 len: 136 microversion: 1.0
2026-03-05 08:49:06.008 8 INFO placement.requestlog [None req-1e4ac147-781a-4f96-9be7-51badbae6e97 - - - - - -] 10.0.0.177 "GET /" status: 200 len: 136 microversion: 1.0
2026-03-05 08:49:06.009 7 INFO placement.requestlog [None req-9690b684-e851-4be7-9459-12c10d85cf04 - - - - - -] 10.0.0.177 "GET /" status: 200 len: 136 microversion: 1.0
2026-03-05 08:49:16.008 8 INFO placement.requestlog [None req-eba9a78f-d422-43ba-828d-879989240bcf - - - - - -] 10.0.0.177 "GET /" status: 200 len: 136 microversion: 1.0
2026-03-05 08:49:16.009 7 INFO placement.requestlog [None req-df732128-fe2e-4145-b145-792d7d7dfa05 - - - - - -] 10.0.0.177 "GET /" status: 200 len: 136 microversion: 1.0
2026-03-05 08:49:22.318 8 INFO placement.requestlog [None req-bf91c52c-6da9-4183-b0b6-386b76d7a0a5 9a13ac0c78be4df4a13e0069cc93b120 5fed8706f2334789bcfa3af6ed9920d2 - - default default] 10.0.0.108 "GET /resource_providers" status: 200 len: 406 microversion: 1.0 [pid: 8|app: 0|req: 708/1418] 10.0.0.108 () {28 vars in 593 bytes} [Thu Mar 5 08:49:22 2026] GET /resource_providers => generated 406 bytes in 63 msecs (HTTP/1.1 200) 6 headers in 224 bytes (1 switches on core 0)
2026-03-05 08:49:22.340 7 INFO placement.requestlog [None req-67332922-6608-486a-91af-f1dfe7a2a528 9a13ac0c78be4df4a13e0069cc93b120 5fed8706f2334789bcfa3af6ed9920d2 - - default default] 10.0.0.108 "GET /resource_providers/24dd7ac8-1a4b-4748-a363-9728b5ebaf78/inventories" status: 200 len: 401 microversion: 1.0 [pid: 7|app: 0|req: 711/1419] 10.0.0.108 () {28 vars in 691 bytes} [Thu Mar 5 08:49:22 2026] GET /resource_providers/24dd7ac8-1a4b-4748-a363-9728b5ebaf78/inventories => generated 401 bytes in 17 msecs (HTTP/1.1 200) 6 headers in 224 bytes (1 switches on core 0)
2026-03-05 08:49:22.364 8 INFO placement.requestlog [None req-c0c24d75-9cfc-426b-8766-7cf8662a602f 9a13ac0c78be4df4a13e0069cc93b120 5fed8706f2334789bcfa3af6ed9920d2 - - default default] 10.0.0.108 "GET /resource_providers/24dd7ac8-1a4b-4748-a363-9728b5ebaf78/usages" status: 200 len: 89 microversion: 1.0 [pid: 8|app: 0|req: 709/1420] 10.0.0.108 () {28 vars in 681 bytes} [Thu Mar 5 08:49:22 2026] GET /resource_providers/24dd7ac8-1a4b-4748-a363-9728b5ebaf78/usages => generated 89 bytes in 17 msecs (HTTP/1.1 200) 6 headers in 223 bytes (1 switches on core 0)
2026-03-05 08:49:26.009 7 INFO placement.requestlog [None req-36a832d7-c094-48b5-8acd-7a65d4623ec2 - - - - - -] 10.0.0.177 "GET /" status: 200 len: 136 microversion: 1.0
2026-03-05 08:49:26.009 8 INFO placement.requestlog [None req-3fcd0a0d-bb57-4ccb-8eda-690c56e74288 - - - - - -] 10.0.0.177 "GET /" status: 200 len: 136 microversion: 1.0
