2026-05-25 15:13:05.001 8 INFO cinder.api.openstack.wsgi [None req-95ec3519-c6bc-4d85-948b-96cd70f1d187 bd83e85f9b664566af908d3f2868a642 109d5071d11a44f1a1485995ac15c820 - - default default] http://cinder-api.openstack.svc.cluster.local:8776/v3/109d5071d11a44f1a1485995ac15c820/os-quota-sets/85857f731e1b4d68bce8fb18565d2796?usage=true returned with HTTP 200 [pid: 8|app: 0|req: 452/904] 10.0.0.181 () {28 vars in 736 bytes} [Mon May 25 15:13:04 2026] GET /v3/109d5071d11a44f1a1485995ac15c820/os-quota-sets/85857f731e1b4d68bce8fb18565d2796?usage=true => generated 847 bytes in 55 msecs (HTTP/1.1 200) 7 headers in 285 bytes (1 switches on core 0)
2026-05-25 15:13:05.018 7 INFO cinder.api.openstack.wsgi [None req-ab684048-230a-42e0-8080-670d6b356529 bd83e85f9b664566af908d3f2868a642 109d5071d11a44f1a1485995ac15c820 - - default default] GET http://cinder-api.openstack.svc.cluster.local:8776/v3/109d5071d11a44f1a1485995ac15c820/os-quota-sets/896160fb81eb4d068b5dad6217b143ad?usage=true
2026-05-25 15:13:05.038 7 INFO cinder.api.openstack.wsgi [None req-ab684048-230a-42e0-8080-670d6b356529 bd83e85f9b664566af908d3f2868a642 109d5071d11a44f1a1485995ac15c820 - - default default] http://cinder-api.openstack.svc.cluster.local:8776/v3/109d5071d11a44f1a1485995ac15c820/os-quota-sets/896160fb81eb4d068b5dad6217b143ad?usage=true returned with HTTP 200 [pid: 7|app: 0|req: 453/905] 10.0.0.181 () {28 vars in 736 bytes} [Mon May 25 15:13:05 2026] GET /v3/109d5071d11a44f1a1485995ac15c820/os-quota-sets/896160fb81eb4d068b5dad6217b143ad?usage=true => generated 847 bytes in 27 msecs (HTTP/1.1 200) 7 headers in 285 bytes (1 switches on core 0)
2026-05-25 15:13:05.050 8 INFO cinder.api.openstack.wsgi [None req-1912e204-09c2-41f9-87ec-bfb9bd8a06c4 bd83e85f9b664566af908d3f2868a642 109d5071d11a44f1a1485995ac15c820 - - default default] GET http://cinder-api.openstack.svc.cluster.local:8776/v3/109d5071d11a44f1a1485995ac15c820/os-quota-sets/9fad42942b044804934909414f68f5a1?usage=true
2026-05-25 15:13:05.070 8 INFO cinder.api.openstack.wsgi [None req-1912e204-09c2-41f9-87ec-bfb9bd8a06c4 bd83e85f9b664566af908d3f2868a642 109d5071d11a44f1a1485995ac15c820 - - default default] http://cinder-api.openstack.svc.cluster.local:8776/v3/109d5071d11a44f1a1485995ac15c820/os-quota-sets/9fad42942b044804934909414f68f5a1?usage=true returned with HTTP 200 [pid: 8|app: 0|req: 453/906] 10.0.0.181 () {28 vars in 736 bytes} [Mon May 25 15:13:05 2026] GET /v3/109d5071d11a44f1a1485995ac15c820/os-quota-sets/9fad42942b044804934909414f68f5a1?usage=true => generated 847 bytes in 27 msecs (HTTP/1.1 200) 7 headers in 285 bytes (1 switches on core 0)
2026-05-25 15:13:05.081 7 INFO cinder.api.openstack.wsgi [None req-ad74de61-c285-40c0-818d-52eac9a88324 bd83e85f9b664566af908d3f2868a642 109d5071d11a44f1a1485995ac15c820 - - default default] GET http://cinder-api.openstack.svc.cluster.local:8776/v3/109d5071d11a44f1a1485995ac15c820/os-quota-sets/ad6537d07e2340b78daaf9d537a6d573?usage=true
2026-05-25 15:13:05.100 7 INFO cinder.api.openstack.wsgi [None req-ad74de61-c285-40c0-818d-52eac9a88324 bd83e85f9b664566af908d3f2868a642 109d5071d11a44f1a1485995ac15c820 - - default default] http://cinder-api.openstack.svc.cluster.local:8776/v3/109d5071d11a44f1a1485995ac15c820/os-quota-sets/ad6537d07e2340b78daaf9d537a6d573?usage=true returned with HTTP 200 [pid: 7|app: 0|req: 454/907] 10.0.0.181 () {28 vars in 736 bytes} [Mon May 25 15:13:05 2026] GET /v3/109d5071d11a44f1a1485995ac15c820/os-quota-sets/ad6537d07e2340b78daaf9d537a6d573?usage=true => generated 847 bytes in 26 msecs (HTTP/1.1 200) 7 headers in 285 bytes (1 switches on core 0)
2026-05-25 15:13:05.110 8 INFO cinder.api.openstack.wsgi [None req-631d0974-3797-4fcc-bd2c-92dfba32dc4f bd83e85f9b664566af908d3f2868a642 109d5071d11a44f1a1485995ac15c820 - - default default] GET http://cinder-api.openstack.svc.cluster.local:8776/v3/109d5071d11a44f1a1485995ac15c820/os-quota-sets/c706d547d75e4737bb46f753021bb8ce?usage=true
2026-05-25 15:13:05.133 8 INFO cinder.api.openstack.wsgi [None req-631d0974-3797-4fcc-bd2c-92dfba32dc4f bd83e85f9b664566af908d3f2868a642 109d5071d11a44f1a1485995ac15c820 - - default default] http://cinder-api.openstack.svc.cluster.local:8776/v3/109d5071d11a44f1a1485995ac15c820/os-quota-sets/c706d547d75e4737bb46f753021bb8ce?usage=true returned with HTTP 200 [pid: 8|app: 0|req: 454/908] 10.0.0.181 () {28 vars in 736 bytes} [Mon May 25 15:13:05 2026] GET /v3/109d5071d11a44f1a1485995ac15c820/os-quota-sets/c706d547d75e4737bb46f753021bb8ce?usage=true => generated 847 bytes in 30 msecs (HTTP/1.1 200) 7 headers in 285 bytes (1 switches on core 0)
2026-05-25 15:13:05.148 7 INFO cinder.api.openstack.wsgi [None req-9d0e5ba3-4bf8-463c-98f8-97417cb1bc36 bd83e85f9b664566af908d3f2868a642 109d5071d11a44f1a1485995ac15c820 - - default default] GET http://cinder-api.openstack.svc.cluster.local:8776/v3/109d5071d11a44f1a1485995ac15c820/os-quota-sets/c7ce345038b24dacba9a84e7678639d1?usage=true
2026-05-25 15:13:05.182 7 INFO cinder.api.openstack.wsgi [None req-9d0e5ba3-4bf8-463c-98f8-97417cb1bc36 bd83e85f9b664566af908d3f2868a642 109d5071d11a44f1a1485995ac15c820 - - default default] http://cinder-api.openstack.svc.cluster.local:8776/v3/109d5071d11a44f1a1485995ac15c820/os-quota-sets/c7ce345038b24dacba9a84e7678639d1?usage=true returned with HTTP 200 [pid: 7|app: 0|req: 455/909] 10.0.0.181 () {28 vars in 736 bytes} [Mon May 25 15:13:05 2026] GET /v3/109d5071d11a44f1a1485995ac15c820/os-quota-sets/c7ce345038b24dacba9a84e7678639d1?usage=true => generated 845 bytes in 42 msecs (HTTP/1.1 200) 7 headers in 285 bytes (1 switches on core 0)
2026-05-25 15:13:05.194 8 INFO cinder.api.openstack.wsgi [None req-398d746e-2397-4379-8a23-842c4bc02d37 bd83e85f9b664566af908d3f2868a642 109d5071d11a44f1a1485995ac15c820 - - default default] GET http://cinder-api.openstack.svc.cluster.local:8776/v3/109d5071d11a44f1a1485995ac15c820/os-quota-sets/dccb533441594a87b3f94c0014841be1?usage=true
2026-05-25 15:13:05.221 8 INFO cinder.api.openstack.wsgi [None req-398d746e-2397-4379-8a23-842c4bc02d37 bd83e85f9b664566af908d3f2868a642 109d5071d11a44f1a1485995ac15c820 - - default default] http://cinder-api.openstack.svc.cluster.local:8776/v3/109d5071d11a44f1a1485995ac15c820/os-quota-sets/dccb533441594a87b3f94c0014841be1?usage=true returned with HTTP 200 [pid: 8|app: 0|req: 455/910] 10.0.0.181 () {28 vars in 736 bytes} [Mon May 25 15:13:05 2026] GET /v3/109d5071d11a44f1a1485995ac15c820/os-quota-sets/dccb533441594a87b3f94c0014841be1?usage=true => generated 847 bytes in 33 msecs (HTTP/1.1 200) 7 headers in 285 bytes (1 switches on core 0)
2026-05-25 15:13:05.234 7 INFO cinder.api.openstack.wsgi [None req-b2904488-c6c5-4c4e-ab48-28a33ae3a44b bd83e85f9b664566af908d3f2868a642 109d5071d11a44f1a1485995ac15c820 - - default default] GET http://cinder-api.openstack.svc.cluster.local:8776/v3/109d5071d11a44f1a1485995ac15c820/os-quota-sets/e9da307070f7419094050a4c4b218ca6?usage=true
2026-05-25 15:13:05.252 7 INFO cinder.api.openstack.wsgi [None req-b2904488-c6c5-4c4e-ab48-28a33ae3a44b bd83e85f9b664566af908d3f2868a642 109d5071d11a44f1a1485995ac15c820 - - default default] http://cinder-api.openstack.svc.cluster.local:8776/v3/109d5071d11a44f1a1485995ac15c820/os-quota-sets/e9da307070f7419094050a4c4b218ca6?usage=true returned with HTTP 200 [pid: 7|app: 0|req: 456/911] 10.0.0.181 () {28 vars in 736 bytes} [Mon May 25 15:13:05 2026] GET /v3/109d5071d11a44f1a1485995ac15c820/os-quota-sets/e9da307070f7419094050a4c4b218ca6?usage=true => generated 847 bytes in 27 msecs (HTTP/1.1 200) 7 headers in 285 bytes (1 switches on core 0)
2026-05-25 15:13:05.261 8 INFO cinder.api.openstack.wsgi [None req-4c6e70bd-6e69-403f-b99c-014e42322b8d bd83e85f9b664566af908d3f2868a642 109d5071d11a44f1a1485995ac15c820 - - default default] GET http://cinder-api.openstack.svc.cluster.local:8776/v3/109d5071d11a44f1a1485995ac15c820/volumes/detail?all_tenants=true
2026-05-25 15:13:05.269 8 INFO cinder.volume.api [None req-4c6e70bd-6e69-403f-b99c-014e42322b8d bd83e85f9b664566af908d3f2868a642 109d5071d11a44f1a1485995ac15c820 - - default default] Get all volumes completed successfully.
2026-05-25 15:13:05.270 8 INFO cinder.api.openstack.wsgi [None req-4c6e70bd-6e69-403f-b99c-014e42322b8d bd83e85f9b664566af908d3f2868a642 109d5071d11a44f1a1485995ac15c820 - - default default] http://cinder-api.openstack.svc.cluster.local:8776/v3/109d5071d11a44f1a1485995ac15c820/volumes/detail?all_tenants=true returned with HTTP 200 [pid: 8|app: 0|req: 456/912] 10.0.0.181 () {28 vars in 684 bytes} [Mon May 25 15:13:05 2026] GET /v3/109d5071d11a44f1a1485995ac15c820/volumes/detail?all_tenants=true => generated 15 bytes in 14 msecs (HTTP/1.1 200) 7 headers in 284 bytes (1 switches on core 0)
2026-05-25 15:13:05.279 7 INFO cinder.api.openstack.wsgi [None req-b6268a6f-6efc-4bdc-b9f7-20577f846ae2 bd83e85f9b664566af908d3f2868a642 109d5071d11a44f1a1485995ac15c820 - - default default] GET http://cinder-api.openstack.svc.cluster.local:8776/v3/109d5071d11a44f1a1485995ac15c820/scheduler-stats/get_pools?detail=true
2026-05-25 15:13:05.783 7 INFO cinder.api.openstack.wsgi [None req-b6268a6f-6efc-4bdc-b9f7-20577f846ae2 bd83e85f9b664566af908d3f2868a642 109d5071d11a44f1a1485995ac15c820 - - default default] http://cinder-api.openstack.svc.cluster.local:8776/v3/109d5071d11a44f1a1485995ac15c820/scheduler-stats/get_pools?detail=true returned with HTTP 200 [pid: 7|app: 0|req: 457/913] 10.0.0.181 () {28 vars in 696 bytes} [Mon May 25 15:13:05 2026] GET /v3/109d5071d11a44f1a1485995ac15c820/scheduler-stats/get_pools?detail=true => generated 670 bytes in 511 msecs (HTTP/1.1 200) 7 headers in 285 bytes (1 switches on core 0)
2026-05-25 15:13:12.931 8 INFO cinder.api.openstack.wsgi [None req-4c6e70bd-6e69-403f-b99c-014e42322b8d bd83e85f9b664566af908d3f2868a642 109d5071d11a44f1a1485995ac15c820 - - default default] GET http://10.0.0.169:8776/
2026-05-25 15:13:12.931 7 INFO cinder.api.openstack.wsgi [None req-b6268a6f-6efc-4bdc-b9f7-20577f846ae2 bd83e85f9b664566af908d3f2868a642 109d5071d11a44f1a1485995ac15c820 - - default default] GET http://10.0.0.169:8776/
2026-05-25 15:13:12.932 8 INFO cinder.api.openstack.wsgi [None req-4c6e70bd-6e69-403f-b99c-014e42322b8d bd83e85f9b664566af908d3f2868a642 109d5071d11a44f1a1485995ac15c820 - - default default] http://10.0.0.169:8776/ returned with HTTP 300
2026-05-25 15:13:12.932 7 INFO cinder.api.openstack.wsgi [None req-b6268a6f-6efc-4bdc-b9f7-20577f846ae2 bd83e85f9b664566af908d3f2868a642 109d5071d11a44f1a1485995ac15c820 - - default default] http://10.0.0.169:8776/ returned with HTTP 300
2026-05-25 15:13:22.931 7 INFO cinder.api.openstack.wsgi [None req-b6268a6f-6efc-4bdc-b9f7-20577f846ae2 bd83e85f9b664566af908d3f2868a642 109d5071d11a44f1a1485995ac15c820 - - default default] GET http://10.0.0.169:8776/
2026-05-25 15:13:22.932 8 INFO cinder.api.openstack.wsgi [None req-4c6e70bd-6e69-403f-b99c-014e42322b8d bd83e85f9b664566af908d3f2868a642 109d5071d11a44f1a1485995ac15c820 - - default default] GET http://10.0.0.169:8776/
2026-05-25 15:13:22.933 7 INFO cinder.api.openstack.wsgi [None req-b6268a6f-6efc-4bdc-b9f7-20577f846ae2 bd83e85f9b664566af908d3f2868a642 109d5071d11a44f1a1485995ac15c820 - - default default] http://10.0.0.169:8776/ returned with HTTP 300
2026-05-25 15:13:22.933 8 INFO cinder.api.openstack.wsgi [None req-4c6e70bd-6e69-403f-b99c-014e42322b8d bd83e85f9b664566af908d3f2868a642 109d5071d11a44f1a1485995ac15c820 - - default default] http://10.0.0.169:8776/ returned with HTTP 300
2026-05-25 15:13:32.931 7 INFO cinder.api.openstack.wsgi [None req-b6268a6f-6efc-4bdc-b9f7-20577f846ae2 bd83e85f9b664566af908d3f2868a642 109d5071d11a44f1a1485995ac15c820 - - default default] GET http://10.0.0.169:8776/
2026-05-25 15:13:32.931 8 INFO cinder.api.openstack.wsgi [None req-4c6e70bd-6e69-403f-b99c-014e42322b8d bd83e85f9b664566af908d3f2868a642 109d5071d11a44f1a1485995ac15c820 - - default default] GET http://10.0.0.169:8776/
2026-05-25 15:13:32.933 8 INFO cinder.api.openstack.wsgi [None req-4c6e70bd-6e69-403f-b99c-014e42322b8d bd83e85f9b664566af908d3f2868a642 109d5071d11a44f1a1485995ac15c820 - - default default] http://10.0.0.169:8776/ returned with HTTP 300
2026-05-25 15:13:32.933 7 INFO cinder.api.openstack.wsgi [None req-b6268a6f-6efc-4bdc-b9f7-20577f846ae2 bd83e85f9b664566af908d3f2868a642 109d5071d11a44f1a1485995ac15c820 - - default default] http://10.0.0.169:8776/ returned with HTTP 300
2026-05-25 15:13:42.931 7 INFO cinder.api.openstack.wsgi [None req-b6268a6f-6efc-4bdc-b9f7-20577f846ae2 bd83e85f9b664566af908d3f2868a642 109d5071d11a44f1a1485995ac15c820 - - default default] GET http://10.0.0.169:8776/
2026-05-25 15:13:42.932 7 INFO cinder.api.openstack.wsgi [None req-b6268a6f-6efc-4bdc-b9f7-20577f846ae2 bd83e85f9b664566af908d3f2868a642 109d5071d11a44f1a1485995ac15c820 - - default default] http://10.0.0.169:8776/ returned with HTTP 300
2026-05-25 15:13:42.932 8 INFO cinder.api.openstack.wsgi [None req-4c6e70bd-6e69-403f-b99c-014e42322b8d bd83e85f9b664566af908d3f2868a642 109d5071d11a44f1a1485995ac15c820 - - default default] GET http://10.0.0.169:8776/
2026-05-25 15:13:42.934 8 INFO cinder.api.openstack.wsgi [None req-4c6e70bd-6e69-403f-b99c-014e42322b8d bd83e85f9b664566af908d3f2868a642 109d5071d11a44f1a1485995ac15c820 - - default default] http://10.0.0.169:8776/ returned with HTTP 300
2026-05-25 15:13:48.652 7 INFO cinder.api.openstack.wsgi [None req-ef1d2aa5-3de1-401c-aeef-2aa5770af7b4 bd83e85f9b664566af908d3f2868a642 109d5071d11a44f1a1485995ac15c820 - - default default] POST http://cinder-api.openstack.svc.cluster.local:8776/v3/109d5071d11a44f1a1485995ac15c820/volumes
2026-05-25 15:13:49.128 7 INFO cinder.api.v3.volumes [None req-ef1d2aa5-3de1-401c-aeef-2aa5770af7b4 bd83e85f9b664566af908d3f2868a642 109d5071d11a44f1a1485995ac15c820 - - default default] Create volume of 16 GB
2026-05-25 15:13:49.135 7 INFO cinder.volume.api [None req-ef1d2aa5-3de1-401c-aeef-2aa5770af7b4 bd83e85f9b664566af908d3f2868a642 109d5071d11a44f1a1485995ac15c820 - - default default] Availability Zones retrieved successfully.
2026-05-25 15:13:49.542 7 INFO cinder.volume.api [None req-ef1d2aa5-3de1-401c-aeef-2aa5770af7b4 bd83e85f9b664566af908d3f2868a642 109d5071d11a44f1a1485995ac15c820 - - default default] Create volume request issued successfully.
2026-05-25 15:13:49.543 7 INFO cinder.api.openstack.wsgi [None req-ef1d2aa5-3de1-401c-aeef-2aa5770af7b4 bd83e85f9b664566af908d3f2868a642 109d5071d11a44f1a1485995ac15c820 - - default default] http://cinder-api.openstack.svc.cluster.local:8776/v3/109d5071d11a44f1a1485995ac15c820/volumes returned with HTTP 202 [pid: 7|app: 0|req: 462/922] 199.204.45.89 () {34 vars in 733 bytes} [Mon May 25 15:13:48 2026] POST /v3/109d5071d11a44f1a1485995ac15c820/volumes => generated 846 bytes in 991 msecs (HTTP/1.1 202) 7 headers in 291 bytes (1 switches on core 0)
2026-05-25 15:13:49.562 8 INFO cinder.api.openstack.wsgi [req-ef1d2aa5-3de1-401c-aeef-2aa5770af7b4 req-b4d91344-d511-4316-87c5-55dd78a5724e bd83e85f9b664566af908d3f2868a642 109d5071d11a44f1a1485995ac15c820 - - default default] GET http://cinder-api.openstack.svc.cluster.local:8776/v3/109d5071d11a44f1a1485995ac15c820/volumes/69b7737d-0da8-4820-8a1b-cf81717560b0 /var/lib/openstack/lib/python3.12/site-packages/oslo_context/context.py:101: DeprecationWarning: Policy enforcement is depending on the value of is_admin. This key is deprecated. Please update your policy file to use the standard policy values. warnings.warn(
2026-05-25 15:13:49.606 8 INFO cinder.volume.api [req-ef1d2aa5-3de1-401c-aeef-2aa5770af7b4 req-b4d91344-d511-4316-87c5-55dd78a5724e bd83e85f9b664566af908d3f2868a642 109d5071d11a44f1a1485995ac15c820 - - default default] Volume info retrieved successfully.
2026-05-25 15:13:49.611 8 INFO cinder.api.openstack.wsgi [req-ef1d2aa5-3de1-401c-aeef-2aa5770af7b4 req-b4d91344-d511-4316-87c5-55dd78a5724e bd83e85f9b664566af908d3f2868a642 109d5071d11a44f1a1485995ac15c820 - - default default] http://cinder-api.openstack.svc.cluster.local:8776/v3/109d5071d11a44f1a1485995ac15c820/volumes/69b7737d-0da8-4820-8a1b-cf81717560b0 returned with HTTP 200 [pid: 8|app: 0|req: 461/923] 199.204.45.89 () {32 vars in 824 bytes} [Mon May 25 15:13:49 2026] GET /v3/109d5071d11a44f1a1485995ac15c820/volumes/69b7737d-0da8-4820-8a1b-cf81717560b0 => generated 1025 bytes in 56 msecs (HTTP/1.1 200) 7 headers in 286 bytes (1 switches on core 0)
2026-05-25 15:13:52.931 8 INFO cinder.api.openstack.wsgi [req-ef1d2aa5-3de1-401c-aeef-2aa5770af7b4 req-b4d91344-d511-4316-87c5-55dd78a5724e bd83e85f9b664566af908d3f2868a642 109d5071d11a44f1a1485995ac15c820 - - default default] GET http://10.0.0.169:8776/
2026-05-25 15:13:52.931 7 INFO cinder.api.openstack.wsgi [None req-ef1d2aa5-3de1-401c-aeef-2aa5770af7b4 bd83e85f9b664566af908d3f2868a642 109d5071d11a44f1a1485995ac15c820 - - default default] GET http://10.0.0.169:8776/
2026-05-25 15:13:52.932 8 INFO cinder.api.openstack.wsgi [req-ef1d2aa5-3de1-401c-aeef-2aa5770af7b4 req-b4d91344-d511-4316-87c5-55dd78a5724e bd83e85f9b664566af908d3f2868a642 109d5071d11a44f1a1485995ac15c820 - - default default] http://10.0.0.169:8776/ returned with HTTP 300
2026-05-25 15:13:52.933 7 INFO cinder.api.openstack.wsgi [None req-ef1d2aa5-3de1-401c-aeef-2aa5770af7b4 bd83e85f9b664566af908d3f2868a642 109d5071d11a44f1a1485995ac15c820 - - default default] http://10.0.0.169:8776/ returned with HTTP 300 /var/lib/openstack/lib/python3.12/site-packages/pycadf/identifier.py:70: UserWarning: Invalid uuid: cinderv3. To ensure interoperability, identifiers should be a valid uuid. warnings.warn(('Invalid uuid: %s. To ensure interoperability, '
2026-05-25 15:13:54.629 8 INFO cinder.api.openstack.wsgi [req-ef1d2aa5-3de1-401c-aeef-2aa5770af7b4 req-2c6cdf8a-f3ac-4e28-b2b6-f42c5c0e80fb bd83e85f9b664566af908d3f2868a642 109d5071d11a44f1a1485995ac15c820 - - default default] GET http://cinder-api.openstack.svc.cluster.local:8776/v3/109d5071d11a44f1a1485995ac15c820/volumes/69b7737d-0da8-4820-8a1b-cf81717560b0 /var/lib/openstack/lib/python3.12/site-packages/oslo_context/context.py:101: DeprecationWarning: Policy enforcement is depending on the value of is_admin. This key is deprecated. Please update your policy file to use the standard policy values. warnings.warn(
2026-05-25 15:13:54.648 8 INFO cinder.volume.api [req-ef1d2aa5-3de1-401c-aeef-2aa5770af7b4 req-2c6cdf8a-f3ac-4e28-b2b6-f42c5c0e80fb bd83e85f9b664566af908d3f2868a642 109d5071d11a44f1a1485995ac15c820 - - default default] Volume info retrieved successfully.
2026-05-25 15:13:54.653 8 INFO cinder.api.openstack.wsgi [req-ef1d2aa5-3de1-401c-aeef-2aa5770af7b4 req-2c6cdf8a-f3ac-4e28-b2b6-f42c5c0e80fb bd83e85f9b664566af908d3f2868a642 109d5071d11a44f1a1485995ac15c820 - - default default] http://cinder-api.openstack.svc.cluster.local:8776/v3/109d5071d11a44f1a1485995ac15c820/volumes/69b7737d-0da8-4820-8a1b-cf81717560b0 returned with HTTP 200 [pid: 8|app: 0|req: 463/926] 199.204.45.89 () {32 vars in 824 bytes} [Mon May 25 15:13:54 2026] GET /v3/109d5071d11a44f1a1485995ac15c820/volumes/69b7737d-0da8-4820-8a1b-cf81717560b0 => generated 1675 bytes in 33 msecs (HTTP/1.1 200) 7 headers in 286 bytes (1 switches on core 0) /var/lib/openstack/lib/python3.12/site-packages/pycadf/identifier.py:70: UserWarning: Invalid uuid: cinderv3. To ensure interoperability, identifiers should be a valid uuid. warnings.warn(('Invalid uuid: %s. To ensure interoperability, '
2026-05-25 15:13:55.267 7 INFO cinder.api.openstack.wsgi [req-ac6d0909-474c-4c9d-a2c5-febd6d9d0791 req-c71286aa-8e24-4946-a963-48e42b309742 bd83e85f9b664566af908d3f2868a642 109d5071d11a44f1a1485995ac15c820 - - default default] GET http://cinder-api.openstack.svc.cluster.local:8776/v3/109d5071d11a44f1a1485995ac15c820/volumes/69b7737d-0da8-4820-8a1b-cf81717560b0 /var/lib/openstack/lib/python3.12/site-packages/oslo_context/context.py:101: DeprecationWarning: Policy enforcement is depending on the value of is_admin. This key is deprecated. Please update your policy file to use the standard policy values. warnings.warn(
2026-05-25 15:13:55.283 7 INFO cinder.volume.api [req-ac6d0909-474c-4c9d-a2c5-febd6d9d0791 req-c71286aa-8e24-4946-a963-48e42b309742 bd83e85f9b664566af908d3f2868a642 109d5071d11a44f1a1485995ac15c820 - - default default] Volume info retrieved successfully.
2026-05-25 15:13:55.288 7 INFO cinder.api.openstack.wsgi [req-ac6d0909-474c-4c9d-a2c5-febd6d9d0791 req-c71286aa-8e24-4946-a963-48e42b309742 bd83e85f9b664566af908d3f2868a642 109d5071d11a44f1a1485995ac15c820 - - default default] http://cinder-api.openstack.svc.cluster.local:8776/v3/109d5071d11a44f1a1485995ac15c820/volumes/69b7737d-0da8-4820-8a1b-cf81717560b0 returned with HTTP 200 [pid: 7|app: 0|req: 464/927] 10.0.0.107 () {34 vars in 1028 bytes} [Mon May 25 15:13:55 2026] GET /v3/109d5071d11a44f1a1485995ac15c820/volumes/69b7737d-0da8-4820-8a1b-cf81717560b0 => generated 1675 bytes in 30 msecs (HTTP/1.1 200) 7 headers in 286 bytes (1 switches on core 0) /var/lib/openstack/lib/python3.12/site-packages/pycadf/identifier.py:70: UserWarning: Invalid uuid: cinderv3. To ensure interoperability, identifiers should be a valid uuid. warnings.warn(('Invalid uuid: %s. To ensure interoperability, '
2026-05-25 15:13:55.827 8 INFO cinder.api.openstack.wsgi [req-ac6d0909-474c-4c9d-a2c5-febd6d9d0791 req-311349df-fb0f-4fa9-b818-e793b4a0a770 bd83e85f9b664566af908d3f2868a642 109d5071d11a44f1a1485995ac15c820 - - default default] GET http://cinder-api.openstack.svc.cluster.local:8776/v3/109d5071d11a44f1a1485995ac15c820/volumes/69b7737d-0da8-4820-8a1b-cf81717560b0 /var/lib/openstack/lib/python3.12/site-packages/oslo_context/context.py:101: DeprecationWarning: Policy enforcement is depending on the value of is_admin. This key is deprecated. Please update your policy file to use the standard policy values. warnings.warn(
2026-05-25 15:13:55.843 8 INFO cinder.volume.api [req-ac6d0909-474c-4c9d-a2c5-febd6d9d0791 req-311349df-fb0f-4fa9-b818-e793b4a0a770 bd83e85f9b664566af908d3f2868a642 109d5071d11a44f1a1485995ac15c820 - - default default] Volume info retrieved successfully.
2026-05-25 15:13:55.849 8 INFO cinder.api.openstack.wsgi [req-ac6d0909-474c-4c9d-a2c5-febd6d9d0791 req-311349df-fb0f-4fa9-b818-e793b4a0a770 bd83e85f9b664566af908d3f2868a642 109d5071d11a44f1a1485995ac15c820 - - default default] http://cinder-api.openstack.svc.cluster.local:8776/v3/109d5071d11a44f1a1485995ac15c820/volumes/69b7737d-0da8-4820-8a1b-cf81717560b0 returned with HTTP 200 [pid: 8|app: 0|req: 464/928] 10.0.0.107 () {34 vars in 1028 bytes} [Mon May 25 15:13:55 2026] GET /v3/109d5071d11a44f1a1485995ac15c820/volumes/69b7737d-0da8-4820-8a1b-cf81717560b0 => generated 1675 bytes in 31 msecs (HTTP/1.1 200) 7 headers in 286 bytes (1 switches on core 0)
2026-05-25 15:13:55.859 7 INFO cinder.api.openstack.wsgi [req-ac6d0909-474c-4c9d-a2c5-febd6d9d0791 req-c71286aa-8e24-4946-a963-48e42b309742 bd83e85f9b664566af908d3f2868a642 109d5071d11a44f1a1485995ac15c820 - - default default] GET http://cinder-api.openstack.svc.cluster.local:8776/
2026-05-25 15:13:55.860 7 INFO cinder.api.openstack.wsgi [req-ac6d0909-474c-4c9d-a2c5-febd6d9d0791 req-c71286aa-8e24-4946-a963-48e42b309742 bd83e85f9b664566af908d3f2868a642 109d5071d11a44f1a1485995ac15c820 - - default default] http://cinder-api.openstack.svc.cluster.local:8776/ returned with HTTP 300 [pid: 7|app: 0|req: 465/929] 10.0.0.107 () {32 vars in 829 bytes} [Mon May 25 15:13:55 2026] GET / => generated 411 bytes in 2 msecs (HTTP/1.1 300) 5 headers in 169 bytes (1 switches on core 0) /var/lib/openstack/lib/python3.12/site-packages/pycadf/identifier.py:70: UserWarning: Invalid uuid: cinderv3. To ensure interoperability, identifiers should be a valid uuid. warnings.warn(('Invalid uuid: %s. To ensure interoperability, '
2026-05-25 15:13:55.873 8 INFO cinder.api.openstack.wsgi [req-ac6d0909-474c-4c9d-a2c5-febd6d9d0791 req-9059c767-029e-4346-a6eb-91e3e704583f bd83e85f9b664566af908d3f2868a642 109d5071d11a44f1a1485995ac15c820 - - default default] POST http://cinder-api.openstack.svc.cluster.local:8776/v3/109d5071d11a44f1a1485995ac15c820/attachments /var/lib/openstack/lib/python3.12/site-packages/oslo_context/context.py:101: DeprecationWarning: Policy enforcement is depending on the value of is_admin. This key is deprecated. Please update your policy file to use the standard policy values. warnings.warn(
2026-05-25 15:13:55.929 8 INFO cinder.api.openstack.wsgi [req-ac6d0909-474c-4c9d-a2c5-febd6d9d0791 req-9059c767-029e-4346-a6eb-91e3e704583f bd83e85f9b664566af908d3f2868a642 109d5071d11a44f1a1485995ac15c820 - - default default] http://cinder-api.openstack.svc.cluster.local:8776/v3/109d5071d11a44f1a1485995ac15c820/attachments returned with HTTP 200 [pid: 8|app: 0|req: 465/930] 10.0.0.107 () {40 vars in 1057 bytes} [Mon May 25 15:13:55 2026] POST /v3/109d5071d11a44f1a1485995ac15c820/attachments => generated 273 bytes in 65 msecs (HTTP/1.1 200) 7 headers in 286 bytes (1 switches on core 0) /var/lib/openstack/lib/python3.12/site-packages/pycadf/identifier.py:70: UserWarning: Invalid uuid: cinderv3. To ensure interoperability, identifiers should be a valid uuid. warnings.warn(('Invalid uuid: %s. To ensure interoperability, '
2026-05-25 15:13:59.548 7 INFO cinder.api.openstack.wsgi [req-ef1d2aa5-3de1-401c-aeef-2aa5770af7b4 req-08a358b9-54f2-43da-99b8-726ea9ad3252 bd83e85f9b664566af908d3f2868a642 109d5071d11a44f1a1485995ac15c820 - - default default] GET http://cinder-api.openstack.svc.cluster.local:8776/v3/109d5071d11a44f1a1485995ac15c820/volumes/69b7737d-0da8-4820-8a1b-cf81717560b0 /var/lib/openstack/lib/python3.12/site-packages/oslo_context/context.py:101: DeprecationWarning: Policy enforcement is depending on the value of is_admin. This key is deprecated. Please update your policy file to use the standard policy values. warnings.warn(
2026-05-25 15:13:59.567 7 INFO cinder.volume.api [req-ef1d2aa5-3de1-401c-aeef-2aa5770af7b4 req-08a358b9-54f2-43da-99b8-726ea9ad3252 bd83e85f9b664566af908d3f2868a642 109d5071d11a44f1a1485995ac15c820 - - default default] Volume info retrieved successfully.
2026-05-25 15:13:59.577 7 INFO cinder.api.openstack.wsgi [req-ef1d2aa5-3de1-401c-aeef-2aa5770af7b4 req-08a358b9-54f2-43da-99b8-726ea9ad3252 bd83e85f9b664566af908d3f2868a642 109d5071d11a44f1a1485995ac15c820 - - default default] http://cinder-api.openstack.svc.cluster.local:8776/v3/109d5071d11a44f1a1485995ac15c820/volumes/69b7737d-0da8-4820-8a1b-cf81717560b0 returned with HTTP 200 [pid: 7|app: 0|req: 466/931] 199.204.45.89 () {32 vars in 824 bytes} [Mon May 25 15:13:59 2026] GET /v3/109d5071d11a44f1a1485995ac15c820/volumes/69b7737d-0da8-4820-8a1b-cf81717560b0 => generated 1674 bytes in 37 msecs (HTTP/1.1 200) 7 headers in 286 bytes (1 switches on core 0)
2026-05-25 15:14:01.352 8 INFO cinder.api.openstack.wsgi [req-ac6d0909-474c-4c9d-a2c5-febd6d9d0791 req-9059c767-029e-4346-a6eb-91e3e704583f bd83e85f9b664566af908d3f2868a642 109d5071d11a44f1a1485995ac15c820 - - default default] GET http://cinder-api.openstack.svc.cluster.local:8776/
2026-05-25 15:14:01.353 8 INFO cinder.api.openstack.wsgi [req-ac6d0909-474c-4c9d-a2c5-febd6d9d0791 req-9059c767-029e-4346-a6eb-91e3e704583f bd83e85f9b664566af908d3f2868a642 109d5071d11a44f1a1485995ac15c820 - - default default] http://cinder-api.openstack.svc.cluster.local:8776/ returned with HTTP 300 [pid: 8|app: 0|req: 466/932] 199.204.45.89 () {32 vars in 839 bytes} [Mon May 25 15:14:01 2026] GET / => generated 411 bytes in 2 msecs (HTTP/1.1 300) 5 headers in 169 bytes (1 switches on core 0) /var/lib/openstack/lib/python3.12/site-packages/pycadf/identifier.py:70: UserWarning: Invalid uuid: cinderv3. To ensure interoperability, identifiers should be a valid uuid. warnings.warn(('Invalid uuid: %s. To ensure interoperability, '
2026-05-25 15:14:01.373 7 INFO cinder.api.openstack.wsgi [req-ac6d0909-474c-4c9d-a2c5-febd6d9d0791 req-8a3018d5-9302-4aa4-b2a8-7a990c485843 bd83e85f9b664566af908d3f2868a642 109d5071d11a44f1a1485995ac15c820 - - default default] GET http://cinder-api.openstack.svc.cluster.local:8776/v3/109d5071d11a44f1a1485995ac15c820/volumes/69b7737d-0da8-4820-8a1b-cf81717560b0 /var/lib/openstack/lib/python3.12/site-packages/oslo_context/context.py:101: DeprecationWarning: Policy enforcement is depending on the value of is_admin. This key is deprecated. Please update your policy file to use the standard policy values. warnings.warn(
2026-05-25 15:14:01.388 7 INFO cinder.volume.api [req-ac6d0909-474c-4c9d-a2c5-febd6d9d0791 req-8a3018d5-9302-4aa4-b2a8-7a990c485843 bd83e85f9b664566af908d3f2868a642 109d5071d11a44f1a1485995ac15c820 - - default default] Volume info retrieved successfully.
2026-05-25 15:14:01.392 7 INFO cinder.api.openstack.wsgi [req-ac6d0909-474c-4c9d-a2c5-febd6d9d0791 req-8a3018d5-9302-4aa4-b2a8-7a990c485843 bd83e85f9b664566af908d3f2868a642 109d5071d11a44f1a1485995ac15c820 - - default default] http://cinder-api.openstack.svc.cluster.local:8776/v3/109d5071d11a44f1a1485995ac15c820/volumes/69b7737d-0da8-4820-8a1b-cf81717560b0 returned with HTTP 200 [pid: 7|app: 0|req: 467/933] 199.204.45.89 () {36 vars in 1072 bytes} [Mon May 25 15:14:01 2026] GET /v3/109d5071d11a44f1a1485995ac15c820/volumes/69b7737d-0da8-4820-8a1b-cf81717560b0 => generated 1898 bytes in 29 msecs (HTTP/1.1 200) 7 headers in 287 bytes (1 switches on core 0) /var/lib/openstack/lib/python3.12/site-packages/pycadf/identifier.py:70: UserWarning: Invalid uuid: cinderv3. To ensure interoperability, identifiers should be a valid uuid. warnings.warn(('Invalid uuid: %s. To ensure interoperability, '
2026-05-25 15:14:01.479 8 INFO cinder.api.openstack.wsgi [req-ac6d0909-474c-4c9d-a2c5-febd6d9d0791 req-7e9d2f13-1761-4a90-a6d5-d9e0b037a202 bd83e85f9b664566af908d3f2868a642 109d5071d11a44f1a1485995ac15c820 - - default default] PUT http://cinder-api.openstack.svc.cluster.local:8776/v3/109d5071d11a44f1a1485995ac15c820/attachments/7d8f6bfa-e414-4a79-bd8c-21a2e6b9a91d /var/lib/openstack/lib/python3.12/site-packages/oslo_context/context.py:101: DeprecationWarning: Policy enforcement is depending on the value of is_admin. This key is deprecated. Please update your policy file to use the standard policy values. warnings.warn( /var/lib/openstack/lib/python3.12/site-packages/pycadf/identifier.py:70: UserWarning: Invalid uuid: cinderv3. To ensure interoperability, identifiers should be a valid uuid. warnings.warn(('Invalid uuid: %s. To ensure interoperability, '
2026-05-25 15:14:02.347 7 INFO cinder.api.openstack.wsgi [req-ef1d2aa5-3de1-401c-aeef-2aa5770af7b4 req-4a590042-9a14-4ff7-b4c1-732de31f5947 bd83e85f9b664566af908d3f2868a642 109d5071d11a44f1a1485995ac15c820 - - default default] GET http://cinder-api.openstack.svc.cluster.local:8776/v3/109d5071d11a44f1a1485995ac15c820/volumes/69b7737d-0da8-4820-8a1b-cf81717560b0 /var/lib/openstack/lib/python3.12/site-packages/oslo_context/context.py:101: DeprecationWarning: Policy enforcement is depending on the value of is_admin. This key is deprecated. Please update your policy file to use the standard policy values. warnings.warn(
2026-05-25 15:14:02.362 7 INFO cinder.volume.api [req-ef1d2aa5-3de1-401c-aeef-2aa5770af7b4 req-4a590042-9a14-4ff7-b4c1-732de31f5947 bd83e85f9b664566af908d3f2868a642 109d5071d11a44f1a1485995ac15c820 - - default default] Volume info retrieved successfully.
2026-05-25 15:14:02.367 7 INFO cinder.api.openstack.wsgi [req-ef1d2aa5-3de1-401c-aeef-2aa5770af7b4 req-4a590042-9a14-4ff7-b4c1-732de31f5947 bd83e85f9b664566af908d3f2868a642 109d5071d11a44f1a1485995ac15c820 - - default default] http://cinder-api.openstack.svc.cluster.local:8776/v3/109d5071d11a44f1a1485995ac15c820/volumes/69b7737d-0da8-4820-8a1b-cf81717560b0 returned with HTTP 200 [pid: 7|app: 0|req: 468/934] 199.204.45.89 () {32 vars in 824 bytes} [Mon May 25 15:14:02 2026] GET /v3/109d5071d11a44f1a1485995ac15c820/volumes/69b7737d-0da8-4820-8a1b-cf81717560b0 => generated 1675 bytes in 26 msecs (HTTP/1.1 200) 7 headers in 286 bytes (1 switches on core 0)
2026-05-25 15:14:02.518 8 INFO cinder.api.openstack.wsgi [req-ac6d0909-474c-4c9d-a2c5-febd6d9d0791 req-7e9d2f13-1761-4a90-a6d5-d9e0b037a202 bd83e85f9b664566af908d3f2868a642 109d5071d11a44f1a1485995ac15c820 - - default default] http://cinder-api.openstack.svc.cluster.local:8776/v3/109d5071d11a44f1a1485995ac15c820/attachments/7d8f6bfa-e414-4a79-bd8c-21a2e6b9a91d returned with HTTP 200 [pid: 8|app: 0|req: 467/935] 199.204.45.89 () {40 vars in 1134 bytes} [Mon May 25 15:14:01 2026] PUT /v3/109d5071d11a44f1a1485995ac15c820/attachments/7d8f6bfa-e414-4a79-bd8c-21a2e6b9a91d => generated 802 bytes in 1049 msecs (HTTP/1.1 200) 7 headers in 286 bytes (1 switches on core 0)
2026-05-25 15:14:02.931 7 INFO cinder.api.openstack.wsgi [req-ef1d2aa5-3de1-401c-aeef-2aa5770af7b4 req-4a590042-9a14-4ff7-b4c1-732de31f5947 bd83e85f9b664566af908d3f2868a642 109d5071d11a44f1a1485995ac15c820 - - default default] GET http://10.0.0.169:8776/
2026-05-25 15:14:02.931 8 INFO cinder.api.openstack.wsgi [req-ac6d0909-474c-4c9d-a2c5-febd6d9d0791 req-7e9d2f13-1761-4a90-a6d5-d9e0b037a202 bd83e85f9b664566af908d3f2868a642 109d5071d11a44f1a1485995ac15c820 - - default default] GET http://10.0.0.169:8776/
2026-05-25 15:14:02.932 7 INFO cinder.api.openstack.wsgi [req-ef1d2aa5-3de1-401c-aeef-2aa5770af7b4 req-4a590042-9a14-4ff7-b4c1-732de31f5947 bd83e85f9b664566af908d3f2868a642 109d5071d11a44f1a1485995ac15c820 - - default default] http://10.0.0.169:8776/ returned with HTTP 300
2026-05-25 15:14:02.933 8 INFO cinder.api.openstack.wsgi [req-ac6d0909-474c-4c9d-a2c5-febd6d9d0791 req-7e9d2f13-1761-4a90-a6d5-d9e0b037a202 bd83e85f9b664566af908d3f2868a642 109d5071d11a44f1a1485995ac15c820 - - default default] http://10.0.0.169:8776/ returned with HTTP 300 /var/lib/openstack/lib/python3.12/site-packages/pycadf/identifier.py:70: UserWarning: Invalid uuid: cinderv3. To ensure interoperability, identifiers should be a valid uuid. warnings.warn(('Invalid uuid: %s. To ensure interoperability, '
2026-05-25 15:14:03.039 7 INFO cinder.api.openstack.wsgi [req-ac6d0909-474c-4c9d-a2c5-febd6d9d0791 req-72e7ec7d-6a7b-448a-aea2-bf9f99c74f62 bd83e85f9b664566af908d3f2868a642 109d5071d11a44f1a1485995ac15c820 - - default default] POST http://cinder-api.openstack.svc.cluster.local:8776/v3/109d5071d11a44f1a1485995ac15c820/attachments/7d8f6bfa-e414-4a79-bd8c-21a2e6b9a91d/action /var/lib/openstack/lib/python3.12/site-packages/oslo_context/context.py:101: DeprecationWarning: Policy enforcement is depending on the value of is_admin. This key is deprecated. Please update your policy file to use the standard policy values. warnings.warn(
2026-05-25 15:14:03.071 7 INFO cinder.api.openstack.wsgi [req-ac6d0909-474c-4c9d-a2c5-febd6d9d0791 req-72e7ec7d-6a7b-448a-aea2-bf9f99c74f62 bd83e85f9b664566af908d3f2868a642 109d5071d11a44f1a1485995ac15c820 - - default default] http://cinder-api.openstack.svc.cluster.local:8776/v3/109d5071d11a44f1a1485995ac15c820/attachments/7d8f6bfa-e414-4a79-bd8c-21a2e6b9a91d/action returned with HTTP 204 [pid: 7|app: 0|req: 470/938] 199.204.45.89 () {40 vars in 1147 bytes} [Mon May 25 15:14:03 2026] POST /v3/109d5071d11a44f1a1485995ac15c820/attachments/7d8f6bfa-e414-4a79-bd8c-21a2e6b9a91d/action => generated 0 bytes in 40 msecs (HTTP/1.1 204) 7 headers in 292 bytes (1 switches on core 0) /var/lib/openstack/lib/python3.12/site-packages/pycadf/identifier.py:70: UserWarning: Invalid uuid: cinderv3. To ensure interoperability, identifiers should be a valid uuid. warnings.warn(('Invalid uuid: %s. To ensure interoperability, '
2026-05-25 15:14:04.512 8 INFO cinder.api.openstack.wsgi [None req-539aafeb-dcbb-459d-9854-26a52afa3e30 bd83e85f9b664566af908d3f2868a642 109d5071d11a44f1a1485995ac15c820 - - default default] GET http://cinder-api.openstack.svc.cluster.local:8776/v3/109d5071d11a44f1a1485995ac15c820/volumes/detail?all_tenants=true /var/lib/openstack/lib/python3.12/site-packages/oslo_context/context.py:101: DeprecationWarning: Policy enforcement is depending on the value of is_admin. This key is deprecated. Please update your policy file to use the standard policy values. warnings.warn(
2026-05-25 15:14:04.529 8 INFO cinder.volume.api [None req-539aafeb-dcbb-459d-9854-26a52afa3e30 bd83e85f9b664566af908d3f2868a642 109d5071d11a44f1a1485995ac15c820 - - default default] Get all volumes completed successfully. /var/lib/openstack/lib/python3.12/site-packages/oslo_context/context.py:101: DeprecationWarning: Policy enforcement is depending on the value of is_admin. This key is deprecated. Please update your policy file to use the standard policy values. warnings.warn(
2026-05-25 15:14:04.534 8 INFO cinder.api.openstack.wsgi [None req-539aafeb-dcbb-459d-9854-26a52afa3e30 bd83e85f9b664566af908d3f2868a642 109d5071d11a44f1a1485995ac15c820 - - default default] http://cinder-api.openstack.svc.cluster.local:8776/v3/109d5071d11a44f1a1485995ac15c820/volumes/detail?all_tenants=true returned with HTTP 200 [pid: 8|app: 0|req: 469/939] 10.0.0.181 () {28 vars in 684 bytes} [Mon May 25 15:14:04 2026] GET /v3/109d5071d11a44f1a1485995ac15c820/volumes/detail?all_tenants=true => generated 1976 bytes in 117 msecs (HTTP/1.1 200) 7 headers in 286 bytes (1 switches on core 0) /var/lib/openstack/lib/python3.12/site-packages/pycadf/identifier.py:70: UserWarning: Invalid uuid: cinderv3. To ensure interoperability, identifiers should be a valid uuid. warnings.warn(('Invalid uuid: %s. To ensure interoperability, '
2026-05-25 15:14:04.546 7 INFO cinder.api.openstack.wsgi [None req-826898af-4a6c-48da-8632-dc320e4cbc44 bd83e85f9b664566af908d3f2868a642 109d5071d11a44f1a1485995ac15c820 - - default default] GET http://cinder-api.openstack.svc.cluster.local:8776/v3/109d5071d11a44f1a1485995ac15c820/snapshots?all_tenants=true
2026-05-25 15:14:04.553 7 INFO cinder.volume.api [None req-826898af-4a6c-48da-8632-dc320e4cbc44 bd83e85f9b664566af908d3f2868a642 109d5071d11a44f1a1485995ac15c820 - - default default] Get all snapshots completed successfully.
2026-05-25 15:14:04.554 7 INFO cinder.api.openstack.wsgi [None req-826898af-4a6c-48da-8632-dc320e4cbc44 bd83e85f9b664566af908d3f2868a642 109d5071d11a44f1a1485995ac15c820 - - default default] http://cinder-api.openstack.svc.cluster.local:8776/v3/109d5071d11a44f1a1485995ac15c820/snapshots?all_tenants=true returned with HTTP 200 [pid: 7|app: 0|req: 471/940] 10.0.0.181 () {28 vars in 674 bytes} [Mon May 25 15:14:04 2026] GET /v3/109d5071d11a44f1a1485995ac15c820/snapshots?all_tenants=true => generated 17 bytes in 15 msecs (HTTP/1.1 200) 7 headers in 284 bytes (1 switches on core 0) /var/lib/openstack/lib/python3.12/site-packages/pycadf/identifier.py:70: UserWarning: Invalid uuid: cinderv3. To ensure interoperability, identifiers should be a valid uuid. warnings.warn(('Invalid uuid: %s. To ensure interoperability, '
2026-05-25 15:14:04.567 8 INFO cinder.api.openstack.wsgi [None req-f16cc4bf-9a20-4034-b055-33e352a2b982 bd83e85f9b664566af908d3f2868a642 109d5071d11a44f1a1485995ac15c820 - - default default] GET http://cinder-api.openstack.svc.cluster.local:8776/v3/109d5071d11a44f1a1485995ac15c820/volumes/detail?all_tenants=true
2026-05-25 15:14:04.581 8 INFO cinder.volume.api [None req-f16cc4bf-9a20-4034-b055-33e352a2b982 bd83e85f9b664566af908d3f2868a642 109d5071d11a44f1a1485995ac15c820 - - default default] Get all volumes completed successfully. /var/lib/openstack/lib/python3.12/site-packages/oslo_context/context.py:101: DeprecationWarning: Policy enforcement is depending on the value of is_admin. This key is deprecated. Please update your policy file to use the standard policy values. warnings.warn(
2026-05-25 15:14:04.587 8 INFO cinder.api.openstack.wsgi [None req-f16cc4bf-9a20-4034-b055-33e352a2b982 bd83e85f9b664566af908d3f2868a642 109d5071d11a44f1a1485995ac15c820 - - default default] http://cinder-api.openstack.svc.cluster.local:8776/v3/109d5071d11a44f1a1485995ac15c820/volumes/detail?all_tenants=true returned with HTTP 200 [pid: 8|app: 0|req: 470/941] 10.0.0.181 () {28 vars in 684 bytes} [Mon May 25 15:14:04 2026] GET /v3/109d5071d11a44f1a1485995ac15c820/volumes/detail?all_tenants=true => generated 1976 bytes in 29 msecs (HTTP/1.1 200) 7 headers in 286 bytes (1 switches on core 0)
2026-05-25 15:14:04.648 7 INFO cinder.api.openstack.wsgi [None req-4d2d6a63-f13f-4bd5-91ee-923c01840eca bd83e85f9b664566af908d3f2868a642 109d5071d11a44f1a1485995ac15c820 - - default default] GET http://cinder-api.openstack.svc.cluster.local:8776/v3/109d5071d11a44f1a1485995ac15c820/os-quota-sets/039ebef7f30045428a45a0c2d59c922f?usage=true
2026-05-25 15:14:04.669 7 INFO cinder.api.openstack.wsgi [None req-4d2d6a63-f13f-4bd5-91ee-923c01840eca bd83e85f9b664566af908d3f2868a642 109d5071d11a44f1a1485995ac15c820 - - default default] http://cinder-api.openstack.svc.cluster.local:8776/v3/109d5071d11a44f1a1485995ac15c820/os-quota-sets/039ebef7f30045428a45a0c2d59c922f?usage=true returned with HTTP 200 [pid: 7|app: 0|req: 472/942] 10.0.0.181 () {28 vars in 736 bytes} [Mon May 25 15:14:04 2026] GET /v3/109d5071d11a44f1a1485995ac15c820/os-quota-sets/039ebef7f30045428a45a0c2d59c922f?usage=true => generated 847 bytes in 29 msecs (HTTP/1.1 200) 7 headers in 285 bytes (1 switches on core 0) /var/lib/openstack/lib/python3.12/site-packages/pycadf/identifier.py:70: UserWarning: Invalid uuid: cinderv3. To ensure interoperability, identifiers should be a valid uuid. warnings.warn(('Invalid uuid: %s. To ensure interoperability, '
2026-05-25 15:14:04.682 8 INFO cinder.api.openstack.wsgi [None req-834736d0-706b-480c-b162-ca8de94a4976 bd83e85f9b664566af908d3f2868a642 109d5071d11a44f1a1485995ac15c820 - - default default] GET http://cinder-api.openstack.svc.cluster.local:8776/v3/109d5071d11a44f1a1485995ac15c820/os-quota-sets/0f31cdf2f0954457be0881db09517edc?usage=true
2026-05-25 15:14:04.704 8 INFO cinder.api.openstack.wsgi [None req-834736d0-706b-480c-b162-ca8de94a4976 bd83e85f9b664566af908d3f2868a642 109d5071d11a44f1a1485995ac15c820 - - default default] http://cinder-api.openstack.svc.cluster.local:8776/v3/109d5071d11a44f1a1485995ac15c820/os-quota-sets/0f31cdf2f0954457be0881db09517edc?usage=true returned with HTTP 200 [pid: 8|app: 0|req: 471/943] 10.0.0.181 () {28 vars in 736 bytes} [Mon May 25 15:14:04 2026] GET /v3/109d5071d11a44f1a1485995ac15c820/os-quota-sets/0f31cdf2f0954457be0881db09517edc?usage=true => generated 847 bytes in 31 msecs (HTTP/1.1 200) 7 headers in 285 bytes (1 switches on core 0)
2026-05-25 15:14:04.716 7 INFO cinder.api.openstack.wsgi [None req-d1120fc0-2a41-4d44-a6da-9d6724f04216 bd83e85f9b664566af908d3f2868a642 109d5071d11a44f1a1485995ac15c820 - - default default] GET http://cinder-api.openstack.svc.cluster.local:8776/v3/109d5071d11a44f1a1485995ac15c820/os-quota-sets/109d5071d11a44f1a1485995ac15c820?usage=true
2026-05-25 15:14:04.741 7 INFO cinder.api.openstack.wsgi [None req-d1120fc0-2a41-4d44-a6da-9d6724f04216 bd83e85f9b664566af908d3f2868a642 109d5071d11a44f1a1485995ac15c820 - - default default] http://cinder-api.openstack.svc.cluster.local:8776/v3/109d5071d11a44f1a1485995ac15c820/os-quota-sets/109d5071d11a44f1a1485995ac15c820?usage=true returned with HTTP 200 [pid: 7|app: 0|req: 473/944] 10.0.0.181 () {28 vars in 736 bytes} [Mon May 25 15:14:04 2026] GET /v3/109d5071d11a44f1a1485995ac15c820/os-quota-sets/109d5071d11a44f1a1485995ac15c820?usage=true => generated 847 bytes in 32 msecs (HTTP/1.1 200) 7 headers in 285 bytes (1 switches on core 0)
2026-05-25 15:14:04.754 8 INFO cinder.api.openstack.wsgi [None req-7a712508-a4b0-4d19-8fa1-94032df4e8cc bd83e85f9b664566af908d3f2868a642 109d5071d11a44f1a1485995ac15c820 - - default default] GET http://cinder-api.openstack.svc.cluster.local:8776/v3/109d5071d11a44f1a1485995ac15c820/os-quota-sets/19bde4decaab44bd88537b9ac9145eba?usage=true
2026-05-25 15:14:04.773 8 INFO cinder.api.openstack.wsgi [None req-7a712508-a4b0-4d19-8fa1-94032df4e8cc bd83e85f9b664566af908d3f2868a642 109d5071d11a44f1a1485995ac15c820 - - default default] http://cinder-api.openstack.svc.cluster.local:8776/v3/109d5071d11a44f1a1485995ac15c820/os-quota-sets/19bde4decaab44bd88537b9ac9145eba?usage=true returned with HTTP 200 [pid: 8|app: 0|req: 472/945] 10.0.0.181 () {28 vars in 736 bytes} [Mon May 25 15:14:04 2026] GET /v3/109d5071d11a44f1a1485995ac15c820/os-quota-sets/19bde4decaab44bd88537b9ac9145eba?usage=true => generated 847 bytes in 27 msecs (HTTP/1.1 200) 7 headers in 285 bytes (1 switches on core 0)
2026-05-25 15:14:04.784 7 INFO cinder.api.openstack.wsgi [None req-84e9d158-5846-4fbe-aa19-3627bd7cbca9 bd83e85f9b664566af908d3f2868a642 109d5071d11a44f1a1485995ac15c820 - - default default] GET http://cinder-api.openstack.svc.cluster.local:8776/v3/109d5071d11a44f1a1485995ac15c820/os-quota-sets/2746f37b36074aaa86be9a983d30a4b2?usage=true
2026-05-25 15:14:04.805 7 INFO cinder.api.openstack.wsgi [None req-84e9d158-5846-4fbe-aa19-3627bd7cbca9 bd83e85f9b664566af908d3f2868a642 109d5071d11a44f1a1485995ac15c820 - - default default] http://cinder-api.openstack.svc.cluster.local:8776/v3/109d5071d11a44f1a1485995ac15c820/os-quota-sets/2746f37b36074aaa86be9a983d30a4b2?usage=true returned with HTTP 200 [pid: 7|app: 0|req: 474/946] 10.0.0.181 () {28 vars in 736 bytes} [Mon May 25 15:14:04 2026] GET /v3/109d5071d11a44f1a1485995ac15c820/os-quota-sets/2746f37b36074aaa86be9a983d30a4b2?usage=true => generated 847 bytes in 28 msecs (HTTP/1.1 200) 7 headers in 285 bytes (1 switches on core 0)
2026-05-25 15:14:04.818 8 INFO cinder.api.openstack.wsgi [None req-bdd2172c-8a38-47a9-88c1-88994c55a6bf bd83e85f9b664566af908d3f2868a642 109d5071d11a44f1a1485995ac15c820 - - default default] GET http://cinder-api.openstack.svc.cluster.local:8776/v3/109d5071d11a44f1a1485995ac15c820/os-quota-sets/9fad42942b044804934909414f68f5a1?usage=true
2026-05-25 15:14:04.841 8 INFO cinder.api.openstack.wsgi [None req-bdd2172c-8a38-47a9-88c1-88994c55a6bf bd83e85f9b664566af908d3f2868a642 109d5071d11a44f1a1485995ac15c820 - - default default] http://cinder-api.openstack.svc.cluster.local:8776/v3/109d5071d11a44f1a1485995ac15c820/os-quota-sets/9fad42942b044804934909414f68f5a1?usage=true returned with HTTP 200 [pid: 8|app: 0|req: 473/947] 10.0.0.181 () {28 vars in 736 bytes} [Mon May 25 15:14:04 2026] GET /v3/109d5071d11a44f1a1485995ac15c820/os-quota-sets/9fad42942b044804934909414f68f5a1?usage=true => generated 847 bytes in 32 msecs (HTTP/1.1 200) 7 headers in 285 bytes (1 switches on core 0)
2026-05-25 15:14:04.853 7 INFO cinder.api.openstack.wsgi [None req-282911a4-989d-47fd-b8a6-ea1655704890 bd83e85f9b664566af908d3f2868a642 109d5071d11a44f1a1485995ac15c820 - - default default] GET http://cinder-api.openstack.svc.cluster.local:8776/v3/109d5071d11a44f1a1485995ac15c820/os-quota-sets/ad6537d07e2340b78daaf9d537a6d573?usage=true
2026-05-25 15:14:04.874 7 INFO cinder.api.openstack.wsgi [None req-282911a4-989d-47fd-b8a6-ea1655704890 bd83e85f9b664566af908d3f2868a642 109d5071d11a44f1a1485995ac15c820 - - default default] http://cinder-api.openstack.svc.cluster.local:8776/v3/109d5071d11a44f1a1485995ac15c820/os-quota-sets/ad6537d07e2340b78daaf9d537a6d573?usage=true returned with HTTP 200 [pid: 7|app: 0|req: 475/948] 10.0.0.181 () {28 vars in 736 bytes} [Mon May 25 15:14:04 2026] GET /v3/109d5071d11a44f1a1485995ac15c820/os-quota-sets/ad6537d07e2340b78daaf9d537a6d573?usage=true => generated 847 bytes in 28 msecs (HTTP/1.1 200) 7 headers in 285 bytes (1 switches on core 0)
2026-05-25 15:14:04.886 8 INFO cinder.api.openstack.wsgi [None req-d1d8485e-366e-48e3-a5ff-8485b3ce828a bd83e85f9b664566af908d3f2868a642 109d5071d11a44f1a1485995ac15c820 - - default default] GET http://cinder-api.openstack.svc.cluster.local:8776/v3/109d5071d11a44f1a1485995ac15c820/os-quota-sets/c706d547d75e4737bb46f753021bb8ce?usage=true
2026-05-25 15:14:04.913 8 INFO cinder.api.openstack.wsgi [None req-d1d8485e-366e-48e3-a5ff-8485b3ce828a bd83e85f9b664566af908d3f2868a642 109d5071d11a44f1a1485995ac15c820 - - default default] http://cinder-api.openstack.svc.cluster.local:8776/v3/109d5071d11a44f1a1485995ac15c820/os-quota-sets/c706d547d75e4737bb46f753021bb8ce?usage=true returned with HTTP 200 [pid: 8|app: 0|req: 474/949] 10.0.0.181 () {28 vars in 736 bytes} [Mon May 25 15:14:04 2026] GET /v3/109d5071d11a44f1a1485995ac15c820/os-quota-sets/c706d547d75e4737bb46f753021bb8ce?usage=true => generated 847 bytes in 37 msecs (HTTP/1.1 200) 7 headers in 285 bytes (1 switches on core 0)
2026-05-25 15:14:04.927 7 INFO cinder.api.openstack.wsgi [None req-063f4aac-bf00-46f6-ad72-47b55a9c1c42 bd83e85f9b664566af908d3f2868a642 109d5071d11a44f1a1485995ac15c820 - - default default] GET http://cinder-api.openstack.svc.cluster.local:8776/v3/109d5071d11a44f1a1485995ac15c820/os-quota-sets/c7ce345038b24dacba9a84e7678639d1?usage=true
2026-05-25 15:14:04.951 7 INFO cinder.api.openstack.wsgi [None req-063f4aac-bf00-46f6-ad72-47b55a9c1c42 bd83e85f9b664566af908d3f2868a642 109d5071d11a44f1a1485995ac15c820 - - default default] http://cinder-api.openstack.svc.cluster.local:8776/v3/109d5071d11a44f1a1485995ac15c820/os-quota-sets/c7ce345038b24dacba9a84e7678639d1?usage=true returned with HTTP 200 [pid: 7|app: 0|req: 476/950] 10.0.0.181 () {28 vars in 736 bytes} [Mon May 25 15:14:04 2026] GET /v3/109d5071d11a44f1a1485995ac15c820/os-quota-sets/c7ce345038b24dacba9a84e7678639d1?usage=true => generated 845 bytes in 32 msecs (HTTP/1.1 200) 7 headers in 285 bytes (1 switches on core 0)
2026-05-25 15:14:04.965 8 INFO cinder.api.openstack.wsgi [None req-ec30d719-2114-459b-a556-7f7845981863 bd83e85f9b664566af908d3f2868a642 109d5071d11a44f1a1485995ac15c820 - - default default] GET http://cinder-api.openstack.svc.cluster.local:8776/v3/109d5071d11a44f1a1485995ac15c820/os-quota-sets/dccb533441594a87b3f94c0014841be1?usage=true
