2026-05-25 15:09:03.332 7 INFO placement.requestlog [req-6396e629-ce5f-44de-8917-4c11a3f8883f req-d9e87b84-f591-4a4a-abce-877916b3e599 a4571935863242df884e21466fdd2bf2 c7ce345038b24dacba9a84e7678639d1 - - cffe8a6cf8ff4d28a8f253c17b78da4e cffe8a6cf8ff4d28a8f253c17b78da4e] 199.204.45.89 "GET /allocations/1737b7f9-ceaf-4470-bd90-f463bca7bc58" status: 200 len: 257 microversion: 1.28 [pid: 7|app: 0|req: 339/676] 199.204.45.89 () {34 vars in 862 bytes} [Mon May 25 15:09:03 2026] GET /allocations/1737b7f9-ceaf-4470-bd90-f463bca7bc58 => generated 257 bytes in 15 msecs (HTTP/1.1 200) 8 headers in 296 bytes (1 switches on core 0)
2026-05-25 15:09:03.356 8 INFO placement.requestlog [req-6396e629-ce5f-44de-8917-4c11a3f8883f req-be11e637-2a1d-45bb-9e3f-e823adba97df a4571935863242df884e21466fdd2bf2 c7ce345038b24dacba9a84e7678639d1 - - cffe8a6cf8ff4d28a8f253c17b78da4e cffe8a6cf8ff4d28a8f253c17b78da4e] 199.204.45.89 "GET /allocations/34c9691b-0fe9-4ca4-b202-b784026b0f31" status: 200 len: 243 microversion: 1.28 [pid: 8|app: 0|req: 338/677] 199.204.45.89 () {34 vars in 862 bytes} [Mon May 25 15:09:03 2026] GET /allocations/34c9691b-0fe9-4ca4-b202-b784026b0f31 => generated 243 bytes in 16 msecs (HTTP/1.1 200) 8 headers in 296 bytes (1 switches on core 0)
2026-05-25 15:09:04.433 7 INFO placement.requestlog [req-6396e629-ce5f-44de-8917-4c11a3f8883f req-762097d0-01ab-4b61-ac4a-702162f07c0b a4571935863242df884e21466fdd2bf2 c7ce345038b24dacba9a84e7678639d1 - - cffe8a6cf8ff4d28a8f253c17b78da4e cffe8a6cf8ff4d28a8f253c17b78da4e] 199.204.45.89 "DELETE /allocations/21e53b36-28e6-4db3-ab57-8c9772ddaf26" status: 204 len: 0 microversion: 1.0 [pid: 7|app: 0|req: 340/678] 199.204.45.89 () {34 vars in 840 bytes} [Mon May 25 15:09:04 2026] DELETE /allocations/21e53b36-28e6-4db3-ab57-8c9772ddaf26 => generated 0 bytes in 39 msecs (HTTP/1.1 204) 5 headers in 198 bytes (1 switches on core 0)
2026-05-25 15:09:05.025 8 INFO placement.requestlog [None req-06df2174-5203-4525-8936-417b7dbd9fb3 0e890cadef85440982ae4745f4fae970 c7ce345038b24dacba9a84e7678639d1 - - cffe8a6cf8ff4d28a8f253c17b78da4e cffe8a6cf8ff4d28a8f253c17b78da4e] 10.0.0.87 "GET /resource_providers/d0dc7d0b-bebe-480e-b336-51dcb8cab527/aggregates" status: 404 len: 235 microversion: 1.1 [pid: 8|app: 0|req: 339/679] 10.0.0.87 () {32 vars in 815 bytes} [Mon May 25 15:09:05 2026] GET /resource_providers/d0dc7d0b-bebe-480e-b336-51dcb8cab527/aggregates => generated 235 bytes in 12 msecs (HTTP/1.1 404) 5 headers in 202 bytes (1 switches on core 0)
2026-05-25 15:09:05.027 7 INFO placement.requestlog [None req-49b5403d-f88b-482b-8e51-059168e70290 0e890cadef85440982ae4745f4fae970 c7ce345038b24dacba9a84e7678639d1 - - cffe8a6cf8ff4d28a8f253c17b78da4e cffe8a6cf8ff4d28a8f253c17b78da4e] 10.0.0.87 "GET /resource_providers/d0dc7d0b-bebe-480e-b336-51dcb8cab527/aggregates" status: 404 len: 235 microversion: 1.1 [pid: 7|app: 0|req: 341/680] 10.0.0.87 () {32 vars in 815 bytes} [Mon May 25 15:09:05 2026] GET /resource_providers/d0dc7d0b-bebe-480e-b336-51dcb8cab527/aggregates => generated 235 bytes in 8 msecs (HTTP/1.1 404) 5 headers in 202 bytes (1 switches on core 0)
2026-05-25 15:09:05.056 8 INFO placement.requestlog [None req-a815a018-16ca-45ab-aada-8f3b55bd4436 0e890cadef85440982ae4745f4fae970 c7ce345038b24dacba9a84e7678639d1 - - cffe8a6cf8ff4d28a8f253c17b78da4e cffe8a6cf8ff4d28a8f253c17b78da4e] 10.0.0.87 "DELETE /resource_providers/d0dc7d0b-bebe-480e-b336-51dcb8cab527" status: 404 len: 246 microversion: 1.1
2026-05-25 15:09:05.056 7 INFO placement.requestlog [None req-e3bc8c7c-b314-44ce-9517-f9714e66bf89 0e890cadef85440982ae4745f4fae970 c7ce345038b24dacba9a84e7678639d1 - - cffe8a6cf8ff4d28a8f253c17b78da4e cffe8a6cf8ff4d28a8f253c17b78da4e] 10.0.0.87 "DELETE /resource_providers/d0dc7d0b-bebe-480e-b336-51dcb8cab527" status: 404 len: 246 microversion: 1.1 [pid: 7|app: 0|req: 342/681] 10.0.0.87 () {34 vars in 815 bytes} [Mon May 25 15:09:05 2026] DELETE /resource_providers/d0dc7d0b-bebe-480e-b336-51dcb8cab527 => generated 246 bytes in 10 msecs (HTTP/1.1 404) 6 headers in 231 bytes (1 switches on core 0) [pid: 8|app: 0|req: 340/682] 10.0.0.87 () {34 vars in 815 bytes} [Mon May 25 15:09:05 2026] DELETE /resource_providers/d0dc7d0b-bebe-480e-b336-51dcb8cab527 => generated 246 bytes in 15 msecs (HTTP/1.1 404) 6 headers in 231 bytes (1 switches on core 0)
2026-05-25 15:09:07.095 7 INFO placement.requestlog [None req-7ee7d214-fbc0-4c30-9ea6-6a58fe1ff46e 0e890cadef85440982ae4745f4fae970 c7ce345038b24dacba9a84e7678639d1 - - cffe8a6cf8ff4d28a8f253c17b78da4e cffe8a6cf8ff4d28a8f253c17b78da4e] 10.0.0.87 "GET /resource_providers/ff0c4fd3-e085-45c4-98c0-af4f1cc429c4/aggregates" status: 404 len: 235 microversion: 1.1 [pid: 7|app: 0|req: 343/683] 10.0.0.87 () {32 vars in 815 bytes} [Mon May 25 15:09:07 2026] GET /resource_providers/ff0c4fd3-e085-45c4-98c0-af4f1cc429c4/aggregates => generated 235 bytes in 13 msecs (HTTP/1.1 404) 5 headers in 202 bytes (1 switches on core 0)
2026-05-25 15:09:07.101 8 INFO placement.requestlog [None req-97261c3e-8c7e-487e-aebc-8d01f77ee70c 0e890cadef85440982ae4745f4fae970 c7ce345038b24dacba9a84e7678639d1 - - cffe8a6cf8ff4d28a8f253c17b78da4e cffe8a6cf8ff4d28a8f253c17b78da4e] 10.0.0.87 "GET /resource_providers/ff0c4fd3-e085-45c4-98c0-af4f1cc429c4/aggregates" status: 404 len: 235 microversion: 1.1 [pid: 8|app: 0|req: 341/684] 10.0.0.87 () {32 vars in 815 bytes} [Mon May 25 15:09:07 2026] GET /resource_providers/ff0c4fd3-e085-45c4-98c0-af4f1cc429c4/aggregates => generated 235 bytes in 12 msecs (HTTP/1.1 404) 5 headers in 202 bytes (1 switches on core 0)
2026-05-25 15:09:07.119 8 INFO placement.requestlog [None req-34ccd995-df5c-4488-b8ff-ff6a8d530a80 0e890cadef85440982ae4745f4fae970 c7ce345038b24dacba9a84e7678639d1 - - cffe8a6cf8ff4d28a8f253c17b78da4e cffe8a6cf8ff4d28a8f253c17b78da4e] 10.0.0.87 "DELETE /resource_providers/ff0c4fd3-e085-45c4-98c0-af4f1cc429c4" status: 404 len: 246 microversion: 1.1 [pid: 8|app: 0|req: 342/685] 10.0.0.87 () {34 vars in 815 bytes} [Mon May 25 15:09:07 2026] DELETE /resource_providers/ff0c4fd3-e085-45c4-98c0-af4f1cc429c4 => generated 246 bytes in 9 msecs (HTTP/1.1 404) 6 headers in 231 bytes (1 switches on core 0)
2026-05-25 15:09:07.123 7 INFO placement.requestlog [None req-bb131a1d-defa-442d-bc3b-8cc2af6c08bc 0e890cadef85440982ae4745f4fae970 c7ce345038b24dacba9a84e7678639d1 - - cffe8a6cf8ff4d28a8f253c17b78da4e cffe8a6cf8ff4d28a8f253c17b78da4e] 10.0.0.87 "DELETE /resource_providers/ff0c4fd3-e085-45c4-98c0-af4f1cc429c4" status: 404 len: 246 microversion: 1.1 [pid: 7|app: 0|req: 344/686] 10.0.0.87 () {34 vars in 815 bytes} [Mon May 25 15:09:07 2026] DELETE /resource_providers/ff0c4fd3-e085-45c4-98c0-af4f1cc429c4 => generated 246 bytes in 14 msecs (HTTP/1.1 404) 6 headers in 231 bytes (1 switches on core 0)
2026-05-25 15:09:09.142 8 INFO placement.requestlog [None req-7881332e-dd5d-4cf8-877c-ad46355a676f 0e890cadef85440982ae4745f4fae970 c7ce345038b24dacba9a84e7678639d1 - - cffe8a6cf8ff4d28a8f253c17b78da4e cffe8a6cf8ff4d28a8f253c17b78da4e] 10.0.0.87 "GET /resource_providers/f804dfcb-840d-41a8-8702-cdaf17e1ff10/aggregates" status: 404 len: 235 microversion: 1.1 [pid: 8|app: 0|req: 343/687] 10.0.0.87 () {32 vars in 815 bytes} [Mon May 25 15:09:09 2026] GET /resource_providers/f804dfcb-840d-41a8-8702-cdaf17e1ff10/aggregates => generated 235 bytes in 8 msecs (HTTP/1.1 404) 5 headers in 202 bytes (1 switches on core 0)
2026-05-25 15:09:09.159 7 INFO placement.requestlog [None req-4e6e3dc7-73c4-4a4b-bbb2-2adde8d8e0f6 0e890cadef85440982ae4745f4fae970 c7ce345038b24dacba9a84e7678639d1 - - cffe8a6cf8ff4d28a8f253c17b78da4e cffe8a6cf8ff4d28a8f253c17b78da4e] 10.0.0.87 "GET /resource_providers/f804dfcb-840d-41a8-8702-cdaf17e1ff10/aggregates" status: 404 len: 235 microversion: 1.1 [pid: 7|app: 0|req: 345/688] 10.0.0.87 () {32 vars in 815 bytes} [Mon May 25 15:09:09 2026] GET /resource_providers/f804dfcb-840d-41a8-8702-cdaf17e1ff10/aggregates => generated 235 bytes in 22 msecs (HTTP/1.1 404) 5 headers in 202 bytes (1 switches on core 0)
2026-05-25 15:09:09.161 8 INFO placement.requestlog [None req-d1e4f3bc-2b30-4794-a010-ff1935830f58 0e890cadef85440982ae4745f4fae970 c7ce345038b24dacba9a84e7678639d1 - - cffe8a6cf8ff4d28a8f253c17b78da4e cffe8a6cf8ff4d28a8f253c17b78da4e] 10.0.0.87 "DELETE /resource_providers/f804dfcb-840d-41a8-8702-cdaf17e1ff10" status: 404 len: 246 microversion: 1.1 [pid: 8|app: 0|req: 344/689] 10.0.0.87 () {34 vars in 815 bytes} [Mon May 25 15:09:09 2026] DELETE /resource_providers/f804dfcb-840d-41a8-8702-cdaf17e1ff10 => generated 246 bytes in 11 msecs (HTTP/1.1 404) 6 headers in 231 bytes (1 switches on core 0)
2026-05-25 15:09:09.180 7 INFO placement.requestlog [None req-9808462a-ba71-4805-8e90-2a3309fa211b 0e890cadef85440982ae4745f4fae970 c7ce345038b24dacba9a84e7678639d1 - - cffe8a6cf8ff4d28a8f253c17b78da4e cffe8a6cf8ff4d28a8f253c17b78da4e] 10.0.0.87 "DELETE /resource_providers/f804dfcb-840d-41a8-8702-cdaf17e1ff10" status: 404 len: 246 microversion: 1.1 [pid: 7|app: 0|req: 346/690] 10.0.0.87 () {34 vars in 815 bytes} [Mon May 25 15:09:09 2026] DELETE /resource_providers/f804dfcb-840d-41a8-8702-cdaf17e1ff10 => generated 246 bytes in 10 msecs (HTTP/1.1 404) 6 headers in 231 bytes (1 switches on core 0)
2026-05-25 15:09:09.182 8 INFO placement.requestlog [None req-dab2aefc-8a7f-4c03-b9b1-e4c4c8641d89 0e890cadef85440982ae4745f4fae970 c7ce345038b24dacba9a84e7678639d1 - - cffe8a6cf8ff4d28a8f253c17b78da4e cffe8a6cf8ff4d28a8f253c17b78da4e] 10.0.0.87 "GET /resource_providers/79d51ea1-8f4f-4f6a-9acc-5173c2a7bbe1/aggregates" status: 404 len: 235 microversion: 1.1 [pid: 8|app: 0|req: 345/691] 10.0.0.87 () {32 vars in 815 bytes} [Mon May 25 15:09:09 2026] GET /resource_providers/79d51ea1-8f4f-4f6a-9acc-5173c2a7bbe1/aggregates => generated 235 bytes in 9 msecs (HTTP/1.1 404) 5 headers in 202 bytes (1 switches on core 0)
2026-05-25 15:09:09.211 7 INFO placement.requestlog [None req-4d337bcc-e3a5-47b9-b39c-91a187d23aa4 0e890cadef85440982ae4745f4fae970 c7ce345038b24dacba9a84e7678639d1 - - cffe8a6cf8ff4d28a8f253c17b78da4e cffe8a6cf8ff4d28a8f253c17b78da4e] 10.0.0.87 "GET /resource_providers/79d51ea1-8f4f-4f6a-9acc-5173c2a7bbe1/aggregates" status: 404 len: 235 microversion: 1.1 [pid: 7|app: 0|req: 347/692] 10.0.0.87 () {32 vars in 815 bytes} [Mon May 25 15:09:09 2026] GET /resource_providers/79d51ea1-8f4f-4f6a-9acc-5173c2a7bbe1/aggregates => generated 235 bytes in 11 msecs (HTTP/1.1 404) 5 headers in 202 bytes (1 switches on core 0)
2026-05-25 15:09:09.211 8 INFO placement.requestlog [None req-6de94ea3-ffd0-4c70-a402-ec0de17018b4 0e890cadef85440982ae4745f4fae970 c7ce345038b24dacba9a84e7678639d1 - - cffe8a6cf8ff4d28a8f253c17b78da4e cffe8a6cf8ff4d28a8f253c17b78da4e] 10.0.0.87 "DELETE /resource_providers/79d51ea1-8f4f-4f6a-9acc-5173c2a7bbe1" status: 404 len: 246 microversion: 1.1 [pid: 8|app: 0|req: 346/693] 10.0.0.87 () {34 vars in 815 bytes} [Mon May 25 15:09:09 2026] DELETE /resource_providers/79d51ea1-8f4f-4f6a-9acc-5173c2a7bbe1 => generated 246 bytes in 11 msecs (HTTP/1.1 404) 6 headers in 231 bytes (1 switches on core 0)
2026-05-25 15:09:09.233 7 INFO placement.requestlog [None req-b43b2e92-5510-4744-8549-a927ac57d6b1 0e890cadef85440982ae4745f4fae970 c7ce345038b24dacba9a84e7678639d1 - - cffe8a6cf8ff4d28a8f253c17b78da4e cffe8a6cf8ff4d28a8f253c17b78da4e] 10.0.0.87 "DELETE /resource_providers/79d51ea1-8f4f-4f6a-9acc-5173c2a7bbe1" status: 404 len: 246 microversion: 1.1 [pid: 7|app: 0|req: 348/694] 10.0.0.87 () {34 vars in 815 bytes} [Mon May 25 15:09:09 2026] DELETE /resource_providers/79d51ea1-8f4f-4f6a-9acc-5173c2a7bbe1 => generated 246 bytes in 9 msecs (HTTP/1.1 404) 6 headers in 231 bytes (1 switches on core 0)
2026-05-25 15:09:09.995 8 INFO placement.requestlog [None req-412df2e7-f994-4d9e-a264-de37ad26c728 0e890cadef85440982ae4745f4fae970 c7ce345038b24dacba9a84e7678639d1 - - cffe8a6cf8ff4d28a8f253c17b78da4e cffe8a6cf8ff4d28a8f253c17b78da4e] 10.0.0.87 "GET /resource_providers/e23ecea8-b907-49f7-be46-94a5c838020f/aggregates" status: 404 len: 235 microversion: 1.1 [pid: 8|app: 0|req: 347/695] 10.0.0.87 () {32 vars in 815 bytes} [Mon May 25 15:09:09 2026] GET /resource_providers/e23ecea8-b907-49f7-be46-94a5c838020f/aggregates => generated 235 bytes in 13 msecs (HTTP/1.1 404) 5 headers in 202 bytes (1 switches on core 0)
2026-05-25 15:09:09.999 7 INFO placement.requestlog [None req-a4debad4-c30c-4a81-8030-b1ee4e120856 0e890cadef85440982ae4745f4fae970 c7ce345038b24dacba9a84e7678639d1 - - cffe8a6cf8ff4d28a8f253c17b78da4e cffe8a6cf8ff4d28a8f253c17b78da4e] 10.0.0.87 "GET /resource_providers/e23ecea8-b907-49f7-be46-94a5c838020f/aggregates" status: 404 len: 235 microversion: 1.1 [pid: 7|app: 0|req: 349/696] 10.0.0.87 () {32 vars in 815 bytes} [Mon May 25 15:09:09 2026] GET /resource_providers/e23ecea8-b907-49f7-be46-94a5c838020f/aggregates => generated 235 bytes in 13 msecs (HTTP/1.1 404) 5 headers in 202 bytes (1 switches on core 0)
2026-05-25 15:09:10.019 8 INFO placement.requestlog [None req-0473bcbf-2e22-4eed-a0f9-e4a631db6010 0e890cadef85440982ae4745f4fae970 c7ce345038b24dacba9a84e7678639d1 - - cffe8a6cf8ff4d28a8f253c17b78da4e cffe8a6cf8ff4d28a8f253c17b78da4e] 10.0.0.87 "DELETE /resource_providers/e23ecea8-b907-49f7-be46-94a5c838020f" status: 404 len: 246 microversion: 1.1 [pid: 8|app: 0|req: 348/697] 10.0.0.87 () {34 vars in 815 bytes} [Mon May 25 15:09:10 2026] DELETE /resource_providers/e23ecea8-b907-49f7-be46-94a5c838020f => generated 246 bytes in 8 msecs (HTTP/1.1 404) 6 headers in 231 bytes (1 switches on core 0)
2026-05-25 15:09:10.028 7 INFO placement.requestlog [None req-13e47128-2e4f-499c-91a0-92b53006396c 0e890cadef85440982ae4745f4fae970 c7ce345038b24dacba9a84e7678639d1 - - cffe8a6cf8ff4d28a8f253c17b78da4e cffe8a6cf8ff4d28a8f253c17b78da4e] 10.0.0.87 "DELETE /resource_providers/e23ecea8-b907-49f7-be46-94a5c838020f" status: 404 len: 246 microversion: 1.1 [pid: 7|app: 0|req: 350/698] 10.0.0.87 () {34 vars in 815 bytes} [Mon May 25 15:09:10 2026] DELETE /resource_providers/e23ecea8-b907-49f7-be46-94a5c838020f => generated 246 bytes in 15 msecs (HTTP/1.1 404) 6 headers in 231 bytes (1 switches on core 0)
2026-05-25 15:09:11.910 7 INFO placement.requestlog [None req-b13844a0-0546-4216-be77-90fad56649ea - - - - - -] 10.0.0.130 "GET /" status: 200 len: 136 microversion: 1.0
2026-05-25 15:09:11.910 8 INFO placement.requestlog [None req-06b224ef-14c7-4a04-987b-e54672c30eb1 - - - - - -] 10.0.0.130 "GET /" status: 200 len: 136 microversion: 1.0
2026-05-25 15:09:15.118 7 INFO placement.requestlog [req-53366982-cb41-431c-aae8-79bbc41d7f66 req-9454d716-35f1-4444-8c36-9e930a342482 a4571935863242df884e21466fdd2bf2 c7ce345038b24dacba9a84e7678639d1 - - cffe8a6cf8ff4d28a8f253c17b78da4e cffe8a6cf8ff4d28a8f253c17b78da4e] 199.204.45.89 "GET /resource_providers/4b3e3e36-a1b6-4e03-b6e6-a0d2fe1cf82f/allocations" status: 200 len: 238 microversion: 1.0 [pid: 7|app: 0|req: 352/701] 199.204.45.89 () {32 vars in 856 bytes} [Mon May 25 15:09:15 2026] GET /resource_providers/4b3e3e36-a1b6-4e03-b6e6-a0d2fe1cf82f/allocations => generated 238 bytes in 20 msecs (HTTP/1.1 200) 6 headers in 224 bytes (1 switches on core 0)
2026-05-25 15:09:15.138 8 INFO placement.requestlog [req-53366982-cb41-431c-aae8-79bbc41d7f66 req-b4547869-fac7-4f48-9dfc-3b547d74a331 a4571935863242df884e21466fdd2bf2 c7ce345038b24dacba9a84e7678639d1 - - cffe8a6cf8ff4d28a8f253c17b78da4e cffe8a6cf8ff4d28a8f253c17b78da4e] 199.204.45.89 "GET /allocations/1737b7f9-ceaf-4470-bd90-f463bca7bc58" status: 200 len: 257 microversion: 1.28 [pid: 8|app: 0|req: 350/702] 199.204.45.89 () {34 vars in 862 bytes} [Mon May 25 15:09:15 2026] GET /allocations/1737b7f9-ceaf-4470-bd90-f463bca7bc58 => generated 257 bytes in 13 msecs (HTTP/1.1 200) 8 headers in 296 bytes (1 switches on core 0)
2026-05-25 15:09:15.169 7 INFO placement.requestlog [req-53366982-cb41-431c-aae8-79bbc41d7f66 req-1a34a373-1360-4907-8bb8-cada2efede55 a4571935863242df884e21466fdd2bf2 c7ce345038b24dacba9a84e7678639d1 - - cffe8a6cf8ff4d28a8f253c17b78da4e cffe8a6cf8ff4d28a8f253c17b78da4e] 199.204.45.89 "GET /allocations/34c9691b-0fe9-4ca4-b202-b784026b0f31" status: 200 len: 243 microversion: 1.28 [pid: 7|app: 0|req: 353/703] 199.204.45.89 () {34 vars in 862 bytes} [Mon May 25 15:09:15 2026] GET /allocations/34c9691b-0fe9-4ca4-b202-b784026b0f31 => generated 243 bytes in 24 msecs (HTTP/1.1 200) 8 headers in 296 bytes (1 switches on core 0)
2026-05-25 15:09:16.233 8 INFO placement.requestlog [req-53366982-cb41-431c-aae8-79bbc41d7f66 req-0dc127ab-d9d2-4c6c-a75e-6d680f6c9324 a4571935863242df884e21466fdd2bf2 c7ce345038b24dacba9a84e7678639d1 - - cffe8a6cf8ff4d28a8f253c17b78da4e cffe8a6cf8ff4d28a8f253c17b78da4e] 199.204.45.89 "DELETE /allocations/34c9691b-0fe9-4ca4-b202-b784026b0f31" status: 204 len: 0 microversion: 1.0 [pid: 8|app: 0|req: 351/704] 199.204.45.89 () {34 vars in 840 bytes} [Mon May 25 15:09:16 2026] DELETE /allocations/34c9691b-0fe9-4ca4-b202-b784026b0f31 => generated 0 bytes in 34 msecs (HTTP/1.1 204) 5 headers in 198 bytes (1 switches on core 0)
2026-05-25 15:09:19.696 7 INFO placement.requestlog [None req-fa7cce0c-a316-469b-bfad-6313859748e6 0e890cadef85440982ae4745f4fae970 c7ce345038b24dacba9a84e7678639d1 - - cffe8a6cf8ff4d28a8f253c17b78da4e cffe8a6cf8ff4d28a8f253c17b78da4e] 10.0.0.87 "GET /resource_providers/83f0e832-7795-47a1-9c7d-be14838eff98/aggregates" status: 404 len: 235 microversion: 1.1 [pid: 7|app: 0|req: 354/705] 10.0.0.87 () {32 vars in 815 bytes} [Mon May 25 15:09:19 2026] GET /resource_providers/83f0e832-7795-47a1-9c7d-be14838eff98/aggregates => generated 235 bytes in 19 msecs (HTTP/1.1 404) 5 headers in 202 bytes (1 switches on core 0)
2026-05-25 15:09:19.699 8 INFO placement.requestlog [None req-9c0c44a2-ebd0-420a-bfac-3cf335b5bb20 0e890cadef85440982ae4745f4fae970 c7ce345038b24dacba9a84e7678639d1 - - cffe8a6cf8ff4d28a8f253c17b78da4e cffe8a6cf8ff4d28a8f253c17b78da4e] 10.0.0.87 "GET /resource_providers/83f0e832-7795-47a1-9c7d-be14838eff98/aggregates" status: 404 len: 235 microversion: 1.1 [pid: 8|app: 0|req: 352/706] 10.0.0.87 () {32 vars in 815 bytes} [Mon May 25 15:09:19 2026] GET /resource_providers/83f0e832-7795-47a1-9c7d-be14838eff98/aggregates => generated 235 bytes in 15 msecs (HTTP/1.1 404) 5 headers in 202 bytes (1 switches on core 0)
2026-05-25 15:09:19.720 7 INFO placement.requestlog [None req-d8bd787c-ff1b-4192-9930-53d387f66804 0e890cadef85440982ae4745f4fae970 c7ce345038b24dacba9a84e7678639d1 - - cffe8a6cf8ff4d28a8f253c17b78da4e cffe8a6cf8ff4d28a8f253c17b78da4e] 10.0.0.87 "DELETE /resource_providers/83f0e832-7795-47a1-9c7d-be14838eff98" status: 404 len: 246 microversion: 1.1 [pid: 7|app: 0|req: 355/707] 10.0.0.87 () {34 vars in 815 bytes} [Mon May 25 15:09:19 2026] DELETE /resource_providers/83f0e832-7795-47a1-9c7d-be14838eff98 => generated 246 bytes in 12 msecs (HTTP/1.1 404) 6 headers in 231 bytes (1 switches on core 0)
2026-05-25 15:09:19.720 8 INFO placement.requestlog [None req-a84e646b-3fe8-43ee-a54f-c434a5ebb1ed 0e890cadef85440982ae4745f4fae970 c7ce345038b24dacba9a84e7678639d1 - - cffe8a6cf8ff4d28a8f253c17b78da4e cffe8a6cf8ff4d28a8f253c17b78da4e] 10.0.0.87 "DELETE /resource_providers/83f0e832-7795-47a1-9c7d-be14838eff98" status: 404 len: 246 microversion: 1.1 [pid: 8|app: 0|req: 353/708] 10.0.0.87 () {34 vars in 815 bytes} [Mon May 25 15:09:19 2026] DELETE /resource_providers/83f0e832-7795-47a1-9c7d-be14838eff98 => generated 246 bytes in 9 msecs (HTTP/1.1 404) 6 headers in 231 bytes (1 switches on core 0)
2026-05-25 15:09:19.819 8 INFO placement.requestlog [None req-666c161c-22ce-4ebd-9da0-83a96cf35a21 0e890cadef85440982ae4745f4fae970 c7ce345038b24dacba9a84e7678639d1 - - cffe8a6cf8ff4d28a8f253c17b78da4e cffe8a6cf8ff4d28a8f253c17b78da4e] 10.0.0.87 "GET /resource_providers/20a1aca8-ffac-4068-817b-461127a74bfa/aggregates" status: 404 len: 235 microversion: 1.1 [pid: 8|app: 0|req: 354/709] 10.0.0.87 () {32 vars in 815 bytes} [Mon May 25 15:09:19 2026] GET /resource_providers/20a1aca8-ffac-4068-817b-461127a74bfa/aggregates => generated 235 bytes in 9 msecs (HTTP/1.1 404) 5 headers in 202 bytes (1 switches on core 0)
2026-05-25 15:09:19.821 7 INFO placement.requestlog [None req-f39e06e0-e9c4-496e-b3db-74dfa79a9f79 0e890cadef85440982ae4745f4fae970 c7ce345038b24dacba9a84e7678639d1 - - cffe8a6cf8ff4d28a8f253c17b78da4e cffe8a6cf8ff4d28a8f253c17b78da4e] 10.0.0.87 "GET /resource_providers/20a1aca8-ffac-4068-817b-461127a74bfa/aggregates" status: 404 len: 235 microversion: 1.1 [pid: 7|app: 0|req: 356/710] 10.0.0.87 () {32 vars in 815 bytes} [Mon May 25 15:09:19 2026] GET /resource_providers/20a1aca8-ffac-4068-817b-461127a74bfa/aggregates => generated 235 bytes in 14 msecs (HTTP/1.1 404) 5 headers in 202 bytes (1 switches on core 0)
2026-05-25 15:09:19.845 8 INFO placement.requestlog [None req-2aa4b81b-0077-416f-b07e-8cb779abcfa8 0e890cadef85440982ae4745f4fae970 c7ce345038b24dacba9a84e7678639d1 - - cffe8a6cf8ff4d28a8f253c17b78da4e cffe8a6cf8ff4d28a8f253c17b78da4e] 10.0.0.87 "DELETE /resource_providers/20a1aca8-ffac-4068-817b-461127a74bfa" status: 404 len: 246 microversion: 1.1 [pid: 8|app: 0|req: 355/711] 10.0.0.87 () {34 vars in 815 bytes} [Mon May 25 15:09:19 2026] DELETE /resource_providers/20a1aca8-ffac-4068-817b-461127a74bfa => generated 246 bytes in 10 msecs (HTTP/1.1 404) 6 headers in 231 bytes (1 switches on core 0)
2026-05-25 15:09:19.850 7 INFO placement.requestlog [None req-b972c814-a196-4ac8-9514-1f3d5d34333e 0e890cadef85440982ae4745f4fae970 c7ce345038b24dacba9a84e7678639d1 - - cffe8a6cf8ff4d28a8f253c17b78da4e cffe8a6cf8ff4d28a8f253c17b78da4e] 10.0.0.87 "DELETE /resource_providers/20a1aca8-ffac-4068-817b-461127a74bfa" status: 404 len: 246 microversion: 1.1 [pid: 7|app: 0|req: 357/712] 10.0.0.87 () {34 vars in 815 bytes} [Mon May 25 15:09:19 2026] DELETE /resource_providers/20a1aca8-ffac-4068-817b-461127a74bfa => generated 246 bytes in 12 msecs (HTTP/1.1 404) 6 headers in 231 bytes (1 switches on core 0)
2026-05-25 15:09:21.745 8 INFO placement.requestlog [None req-a8b5f3ae-9c1b-4434-877b-94c49fefb7e8 0e890cadef85440982ae4745f4fae970 c7ce345038b24dacba9a84e7678639d1 - - cffe8a6cf8ff4d28a8f253c17b78da4e cffe8a6cf8ff4d28a8f253c17b78da4e] 10.0.0.87 "GET /resource_providers/985e5334-ff76-4119-bdbe-23ad9ffa1bdf/aggregates" status: 404 len: 235 microversion: 1.1 [pid: 8|app: 0|req: 356/713] 10.0.0.87 () {32 vars in 815 bytes} [Mon May 25 15:09:21 2026] GET /resource_providers/985e5334-ff76-4119-bdbe-23ad9ffa1bdf/aggregates => generated 235 bytes in 10 msecs (HTTP/1.1 404) 5 headers in 202 bytes (1 switches on core 0)
2026-05-25 15:09:21.748 7 INFO placement.requestlog [None req-141a91a5-4f1b-4607-9fdb-1c61b1e10573 0e890cadef85440982ae4745f4fae970 c7ce345038b24dacba9a84e7678639d1 - - cffe8a6cf8ff4d28a8f253c17b78da4e cffe8a6cf8ff4d28a8f253c17b78da4e] 10.0.0.87 "GET /resource_providers/985e5334-ff76-4119-bdbe-23ad9ffa1bdf/aggregates" status: 404 len: 235 microversion: 1.1 [pid: 7|app: 0|req: 358/714] 10.0.0.87 () {32 vars in 815 bytes} [Mon May 25 15:09:21 2026] GET /resource_providers/985e5334-ff76-4119-bdbe-23ad9ffa1bdf/aggregates => generated 235 bytes in 11 msecs (HTTP/1.1 404) 5 headers in 202 bytes (1 switches on core 0)
2026-05-25 15:09:21.765 8 INFO placement.requestlog [None req-46cb0593-bded-40b4-8e6a-5f28513b4089 0e890cadef85440982ae4745f4fae970 c7ce345038b24dacba9a84e7678639d1 - - cffe8a6cf8ff4d28a8f253c17b78da4e cffe8a6cf8ff4d28a8f253c17b78da4e] 10.0.0.87 "DELETE /resource_providers/985e5334-ff76-4119-bdbe-23ad9ffa1bdf" status: 404 len: 246 microversion: 1.1 [pid: 8|app: 0|req: 357/715] 10.0.0.87 () {34 vars in 815 bytes} [Mon May 25 15:09:21 2026] DELETE /resource_providers/985e5334-ff76-4119-bdbe-23ad9ffa1bdf => generated 246 bytes in 9 msecs (HTTP/1.1 404) 6 headers in 231 bytes (1 switches on core 0)
2026-05-25 15:09:21.766 7 INFO placement.requestlog [None req-da701a80-ce3c-41c7-9673-7b075aeec3b1 0e890cadef85440982ae4745f4fae970 c7ce345038b24dacba9a84e7678639d1 - - cffe8a6cf8ff4d28a8f253c17b78da4e cffe8a6cf8ff4d28a8f253c17b78da4e] 10.0.0.87 "DELETE /resource_providers/985e5334-ff76-4119-bdbe-23ad9ffa1bdf" status: 404 len: 246 microversion: 1.1 [pid: 7|app: 0|req: 359/716] 10.0.0.87 () {34 vars in 815 bytes} [Mon May 25 15:09:21 2026] DELETE /resource_providers/985e5334-ff76-4119-bdbe-23ad9ffa1bdf => generated 246 bytes in 7 msecs (HTTP/1.1 404) 6 headers in 231 bytes (1 switches on core 0)
2026-05-25 15:09:21.872 8 INFO placement.requestlog [None req-ca175d1d-d325-4e4c-97bf-62a1e4c9182f 0e890cadef85440982ae4745f4fae970 c7ce345038b24dacba9a84e7678639d1 - - cffe8a6cf8ff4d28a8f253c17b78da4e cffe8a6cf8ff4d28a8f253c17b78da4e] 10.0.0.87 "GET /resource_providers/f6612ef2-e015-40c5-8524-e47a16b3e2f8/aggregates" status: 404 len: 235 microversion: 1.1 [pid: 8|app: 0|req: 358/717] 10.0.0.87 () {32 vars in 815 bytes} [Mon May 25 15:09:21 2026] GET /resource_providers/f6612ef2-e015-40c5-8524-e47a16b3e2f8/aggregates => generated 235 bytes in 12 msecs (HTTP/1.1 404) 5 headers in 202 bytes (1 switches on core 0)
2026-05-25 15:09:21.888 7 INFO placement.requestlog [None req-36331ee1-119d-468f-98ea-d60a4b9563d3 0e890cadef85440982ae4745f4fae970 c7ce345038b24dacba9a84e7678639d1 - - cffe8a6cf8ff4d28a8f253c17b78da4e cffe8a6cf8ff4d28a8f253c17b78da4e] 10.0.0.87 "GET /resource_providers/f6612ef2-e015-40c5-8524-e47a16b3e2f8/aggregates" status: 404 len: 235 microversion: 1.1 [pid: 7|app: 0|req: 360/718] 10.0.0.87 () {32 vars in 815 bytes} [Mon May 25 15:09:21 2026] GET /resource_providers/f6612ef2-e015-40c5-8524-e47a16b3e2f8/aggregates => generated 235 bytes in 27 msecs (HTTP/1.1 404) 5 headers in 202 bytes (1 switches on core 0)
2026-05-25 15:09:21.898 8 INFO placement.requestlog [None req-7322eae9-e556-44bf-b8da-f3d59330408b 0e890cadef85440982ae4745f4fae970 c7ce345038b24dacba9a84e7678639d1 - - cffe8a6cf8ff4d28a8f253c17b78da4e cffe8a6cf8ff4d28a8f253c17b78da4e] 10.0.0.87 "DELETE /resource_providers/f6612ef2-e015-40c5-8524-e47a16b3e2f8" status: 404 len: 246 microversion: 1.1 [pid: 8|app: 0|req: 359/719] 10.0.0.87 () {34 vars in 815 bytes} [Mon May 25 15:09:21 2026] DELETE /resource_providers/f6612ef2-e015-40c5-8524-e47a16b3e2f8 => generated 246 bytes in 10 msecs (HTTP/1.1 404) 6 headers in 231 bytes (1 switches on core 0)
2026-05-25 15:09:21.907 7 INFO placement.requestlog [None req-8366f4d9-0563-411c-b87f-17f53ef8cb8d 0e890cadef85440982ae4745f4fae970 c7ce345038b24dacba9a84e7678639d1 - - cffe8a6cf8ff4d28a8f253c17b78da4e cffe8a6cf8ff4d28a8f253c17b78da4e] 10.0.0.87 "DELETE /resource_providers/f6612ef2-e015-40c5-8524-e47a16b3e2f8" status: 404 len: 246 microversion: 1.1 [pid: 7|app: 0|req: 361/720] 10.0.0.87 () {34 vars in 815 bytes} [Mon May 25 15:09:21 2026] DELETE /resource_providers/f6612ef2-e015-40c5-8524-e47a16b3e2f8 => generated 246 bytes in 9 msecs (HTTP/1.1 404) 6 headers in 231 bytes (1 switches on core 0)
2026-05-25 15:09:21.910 7 INFO placement.requestlog [None req-42f80faa-fdb7-4d5e-b3f5-6828b7ab90da - - - - - -] 10.0.0.130 "GET /" status: 200 len: 136 microversion: 1.0
2026-05-25 15:09:21.911 7 INFO placement.requestlog [None req-f84f0f73-af9e-4cd0-aaab-39dae72b61e8 - - - - - -] 10.0.0.130 "GET /" status: 200 len: 136 microversion: 1.0
2026-05-25 15:09:21.915 8 INFO placement.requestlog [None req-619ca1bb-609e-480d-8728-1bd1b1e75150 0e890cadef85440982ae4745f4fae970 c7ce345038b24dacba9a84e7678639d1 - - cffe8a6cf8ff4d28a8f253c17b78da4e cffe8a6cf8ff4d28a8f253c17b78da4e] 10.0.0.87 "GET /resource_providers/b6eeb8cf-7c21-4505-b54b-4a66f00b10f5/aggregates" status: 404 len: 235 microversion: 1.1 [pid: 8|app: 0|req: 360/723] 10.0.0.87 () {32 vars in 815 bytes} [Mon May 25 15:09:21 2026] GET /resource_providers/b6eeb8cf-7c21-4505-b54b-4a66f00b10f5/aggregates => generated 235 bytes in 9 msecs (HTTP/1.1 404) 5 headers in 202 bytes (1 switches on core 0)
2026-05-25 15:09:21.922 7 INFO placement.requestlog [None req-6099c8c4-08ac-4ed3-850e-c7b0613b50eb 0e890cadef85440982ae4745f4fae970 c7ce345038b24dacba9a84e7678639d1 - - cffe8a6cf8ff4d28a8f253c17b78da4e cffe8a6cf8ff4d28a8f253c17b78da4e] 10.0.0.87 "GET /resource_providers/b6eeb8cf-7c21-4505-b54b-4a66f00b10f5/aggregates" status: 404 len: 235 microversion: 1.1 [pid: 7|app: 0|req: 364/724] 10.0.0.87 () {32 vars in 815 bytes} [Mon May 25 15:09:21 2026] GET /resource_providers/b6eeb8cf-7c21-4505-b54b-4a66f00b10f5/aggregates => generated 235 bytes in 10 msecs (HTTP/1.1 404) 5 headers in 202 bytes (1 switches on core 0)
2026-05-25 15:09:21.934 8 INFO placement.requestlog [None req-10991d99-959e-49bc-9621-62f50de7c19f 0e890cadef85440982ae4745f4fae970 c7ce345038b24dacba9a84e7678639d1 - - cffe8a6cf8ff4d28a8f253c17b78da4e cffe8a6cf8ff4d28a8f253c17b78da4e] 10.0.0.87 "DELETE /resource_providers/b6eeb8cf-7c21-4505-b54b-4a66f00b10f5" status: 404 len: 246 microversion: 1.1 [pid: 8|app: 0|req: 361/725] 10.0.0.87 () {34 vars in 815 bytes} [Mon May 25 15:09:21 2026] DELETE /resource_providers/b6eeb8cf-7c21-4505-b54b-4a66f00b10f5 => generated 246 bytes in 11 msecs (HTTP/1.1 404) 6 headers in 231 bytes (1 switches on core 0)
2026-05-25 15:09:21.939 7 INFO placement.requestlog [None req-db121f36-5988-4a70-bc59-abc0943e21e0 0e890cadef85440982ae4745f4fae970 c7ce345038b24dacba9a84e7678639d1 - - cffe8a6cf8ff4d28a8f253c17b78da4e cffe8a6cf8ff4d28a8f253c17b78da4e] 10.0.0.87 "DELETE /resource_providers/b6eeb8cf-7c21-4505-b54b-4a66f00b10f5" status: 404 len: 246 microversion: 1.1 [pid: 7|app: 0|req: 365/726] 10.0.0.87 () {34 vars in 815 bytes} [Mon May 25 15:09:21 2026] DELETE /resource_providers/b6eeb8cf-7c21-4505-b54b-4a66f00b10f5 => generated 246 bytes in 8 msecs (HTTP/1.1 404) 6 headers in 231 bytes (1 switches on core 0)
2026-05-25 15:09:26.403 7 INFO placement.requestlog [None req-56806bab-2ab6-4619-b2d8-9822f59acb01 0e890cadef85440982ae4745f4fae970 c7ce345038b24dacba9a84e7678639d1 - - cffe8a6cf8ff4d28a8f253c17b78da4e cffe8a6cf8ff4d28a8f253c17b78da4e] 10.0.0.87 "GET /resource_providers/90231762-5733-439f-8fe3-1b2e80bd5574/aggregates" status: 404 len: 235 microversion: 1.1 [pid: 7|app: 0|req: 366/727] 10.0.0.87 () {32 vars in 815 bytes} [Mon May 25 15:09:26 2026] GET /resource_providers/90231762-5733-439f-8fe3-1b2e80bd5574/aggregates => generated 235 bytes in 14 msecs (HTTP/1.1 404) 5 headers in 202 bytes (1 switches on core 0)
2026-05-25 15:09:26.405 8 INFO placement.requestlog [None req-d6e9623b-4a13-4194-9e41-cacf54ad655d 0e890cadef85440982ae4745f4fae970 c7ce345038b24dacba9a84e7678639d1 - - cffe8a6cf8ff4d28a8f253c17b78da4e cffe8a6cf8ff4d28a8f253c17b78da4e] 10.0.0.87 "GET /resource_providers/90231762-5733-439f-8fe3-1b2e80bd5574/aggregates" status: 404 len: 235 microversion: 1.1 [pid: 8|app: 0|req: 362/728] 10.0.0.87 () {32 vars in 815 bytes} [Mon May 25 15:09:26 2026] GET /resource_providers/90231762-5733-439f-8fe3-1b2e80bd5574/aggregates => generated 235 bytes in 17 msecs (HTTP/1.1 404) 5 headers in 202 bytes (1 switches on core 0)
2026-05-25 15:09:26.426 7 INFO placement.requestlog [None req-a3957a3c-dbd7-4e45-9d20-c370c6882b47 0e890cadef85440982ae4745f4fae970 c7ce345038b24dacba9a84e7678639d1 - - cffe8a6cf8ff4d28a8f253c17b78da4e cffe8a6cf8ff4d28a8f253c17b78da4e] 10.0.0.87 "DELETE /resource_providers/90231762-5733-439f-8fe3-1b2e80bd5574" status: 404 len: 246 microversion: 1.1 [pid: 7|app: 0|req: 367/729] 10.0.0.87 () {34 vars in 815 bytes} [Mon May 25 15:09:26 2026] DELETE /resource_providers/90231762-5733-439f-8fe3-1b2e80bd5574 => generated 246 bytes in 13 msecs (HTTP/1.1 404) 6 headers in 231 bytes (1 switches on core 0)
2026-05-25 15:09:26.438 8 INFO placement.requestlog [None req-6a84ac96-16e6-4e3e-8f8a-f6dee6b8e6d7 0e890cadef85440982ae4745f4fae970 c7ce345038b24dacba9a84e7678639d1 - - cffe8a6cf8ff4d28a8f253c17b78da4e cffe8a6cf8ff4d28a8f253c17b78da4e] 10.0.0.87 "DELETE /resource_providers/90231762-5733-439f-8fe3-1b2e80bd5574" status: 404 len: 246 microversion: 1.1 [pid: 8|app: 0|req: 363/730] 10.0.0.87 () {34 vars in 815 bytes} [Mon May 25 15:09:26 2026] DELETE /resource_providers/90231762-5733-439f-8fe3-1b2e80bd5574 => generated 246 bytes in 23 msecs (HTTP/1.1 404) 6 headers in 231 bytes (1 switches on core 0)
2026-05-25 15:09:26.756 7 INFO placement.requestlog [None req-dc0abfcc-f501-4a1a-ba09-e87b93c40969 0e890cadef85440982ae4745f4fae970 c7ce345038b24dacba9a84e7678639d1 - - cffe8a6cf8ff4d28a8f253c17b78da4e cffe8a6cf8ff4d28a8f253c17b78da4e] 10.0.0.87 "GET /resource_providers/03fa6aac-f9af-4767-b0a9-b38961aa3c74/aggregates" status: 404 len: 235 microversion: 1.1 [pid: 7|app: 0|req: 368/731] 10.0.0.87 () {32 vars in 815 bytes} [Mon May 25 15:09:26 2026] GET /resource_providers/03fa6aac-f9af-4767-b0a9-b38961aa3c74/aggregates => generated 235 bytes in 10 msecs (HTTP/1.1 404) 5 headers in 202 bytes (1 switches on core 0)
2026-05-25 15:09:26.761 8 INFO placement.requestlog [None req-3a7b2b44-2744-49c5-a734-a03acc1cd920 0e890cadef85440982ae4745f4fae970 c7ce345038b24dacba9a84e7678639d1 - - cffe8a6cf8ff4d28a8f253c17b78da4e cffe8a6cf8ff4d28a8f253c17b78da4e] 10.0.0.87 "GET /resource_providers/03fa6aac-f9af-4767-b0a9-b38961aa3c74/aggregates" status: 404 len: 235 microversion: 1.1 [pid: 8|app: 0|req: 364/732] 10.0.0.87 () {32 vars in 815 bytes} [Mon May 25 15:09:26 2026] GET /resource_providers/03fa6aac-f9af-4767-b0a9-b38961aa3c74/aggregates => generated 235 bytes in 15 msecs (HTTP/1.1 404) 5 headers in 202 bytes (1 switches on core 0)
2026-05-25 15:09:26.778 8 INFO placement.requestlog [None req-c5619996-3d9f-4083-82f5-d1e3e02a2743 0e890cadef85440982ae4745f4fae970 c7ce345038b24dacba9a84e7678639d1 - - cffe8a6cf8ff4d28a8f253c17b78da4e cffe8a6cf8ff4d28a8f253c17b78da4e] 10.0.0.87 "DELETE /resource_providers/03fa6aac-f9af-4767-b0a9-b38961aa3c74" status: 404 len: 246 microversion: 1.1 [pid: 8|app: 0|req: 365/733] 10.0.0.87 () {34 vars in 815 bytes} [Mon May 25 15:09:26 2026] DELETE /resource_providers/03fa6aac-f9af-4767-b0a9-b38961aa3c74 => generated 246 bytes in 8 msecs (HTTP/1.1 404) 6 headers in 231 bytes (1 switches on core 0)
2026-05-25 15:09:26.779 7 INFO placement.requestlog [None req-e2638638-b623-42c2-8b2e-04e2ef5d3e30 0e890cadef85440982ae4745f4fae970 c7ce345038b24dacba9a84e7678639d1 - - cffe8a6cf8ff4d28a8f253c17b78da4e cffe8a6cf8ff4d28a8f253c17b78da4e] 10.0.0.87 "DELETE /resource_providers/03fa6aac-f9af-4767-b0a9-b38961aa3c74" status: 404 len: 246 microversion: 1.1 [pid: 7|app: 0|req: 369/734] 10.0.0.87 () {34 vars in 815 bytes} [Mon May 25 15:09:26 2026] DELETE /resource_providers/03fa6aac-f9af-4767-b0a9-b38961aa3c74 => generated 246 bytes in 13 msecs (HTTP/1.1 404) 6 headers in 231 bytes (1 switches on core 0)
2026-05-25 15:09:29.194 8 INFO placement.requestlog [req-6d21950a-f6b3-4b19-b4b8-890bd3fb9eca req-0013719b-decf-478b-8d87-a01c46aef1dd a4571935863242df884e21466fdd2bf2 c7ce345038b24dacba9a84e7678639d1 - - cffe8a6cf8ff4d28a8f253c17b78da4e cffe8a6cf8ff4d28a8f253c17b78da4e] 10.0.0.69 "GET /allocation_candidates?limit=1000&resources=DISK_GB%3A1%2CMEMORY_MB%3A512%2CVCPU%3A1&root_required=%21COMPUTE_STATUS_DISABLED" status: 200 len: 2642 microversion: 1.36 [pid: 8|app: 0|req: 366/735] 10.0.0.69 () {34 vars in 1011 bytes} [Mon May 25 15:09:29 2026] GET /allocation_candidates?limit=1000&resources=DISK_GB%3A1%2CMEMORY_MB%3A512%2CVCPU%3A1&root_required=%21COMPUTE_STATUS_DISABLED => generated 2642 bytes in 62 msecs (HTTP/1.1 200) 8 headers in 297 bytes (1 switches on core 0)
2026-05-25 15:09:29.236 7 INFO placement.requestlog [req-6d21950a-f6b3-4b19-b4b8-890bd3fb9eca req-c5fdcbbb-90ab-4585-b61e-677bcea4ce1d a4571935863242df884e21466fdd2bf2 c7ce345038b24dacba9a84e7678639d1 - - cffe8a6cf8ff4d28a8f253c17b78da4e cffe8a6cf8ff4d28a8f253c17b78da4e] 10.0.0.69 "GET /allocations/b1847505-7e43-464f-ac0c-39763abf139e" status: 200 len: 19 microversion: 1.28 [pid: 7|app: 0|req: 370/736] 10.0.0.69 () {34 vars in 860 bytes} [Mon May 25 15:09:29 2026] GET /allocations/b1847505-7e43-464f-ac0c-39763abf139e => generated 19 bytes in 12 msecs (HTTP/1.1 200) 8 headers in 295 bytes (1 switches on core 0)
2026-05-25 15:09:29.322 8 INFO placement.requestlog [req-6d21950a-f6b3-4b19-b4b8-890bd3fb9eca req-9344ca00-96cb-40ac-af33-952743393328 a4571935863242df884e21466fdd2bf2 c7ce345038b24dacba9a84e7678639d1 - - cffe8a6cf8ff4d28a8f253c17b78da4e cffe8a6cf8ff4d28a8f253c17b78da4e] 10.0.0.69 "PUT /allocations/b1847505-7e43-464f-ac0c-39763abf139e" status: 204 len: 0 microversion: 1.36 [pid: 8|app: 0|req: 367/737] 10.0.0.69 () {38 vars in 913 bytes} [Mon May 25 15:09:29 2026] PUT /allocations/b1847505-7e43-464f-ac0c-39763abf139e => generated 0 bytes in 81 msecs (HTTP/1.1 204) 5 headers in 199 bytes (1 switches on core 0)
2026-05-25 15:09:30.799 7 INFO placement.requestlog [req-6d21950a-f6b3-4b19-b4b8-890bd3fb9eca req-0cb8a81a-f57b-43e5-970b-ee284c4379c0 a4571935863242df884e21466fdd2bf2 c7ce345038b24dacba9a84e7678639d1 - - cffe8a6cf8ff4d28a8f253c17b78da4e cffe8a6cf8ff4d28a8f253c17b78da4e] 199.204.45.89 "GET /allocations/b1847505-7e43-464f-ac0c-39763abf139e" status: 200 len: 257 microversion: 1.28 [pid: 7|app: 0|req: 371/738] 199.204.45.89 () {34 vars in 862 bytes} [Mon May 25 15:09:30 2026] GET /allocations/b1847505-7e43-464f-ac0c-39763abf139e => generated 257 bytes in 16 msecs (HTTP/1.1 200) 8 headers in 296 bytes (1 switches on core 0)
2026-05-25 15:09:31.538 7 INFO placement.requestlog [None req-d07d06f7-75f8-42a5-b364-41d5ea98ff3a 0e890cadef85440982ae4745f4fae970 c7ce345038b24dacba9a84e7678639d1 - - cffe8a6cf8ff4d28a8f253c17b78da4e cffe8a6cf8ff4d28a8f253c17b78da4e] 10.0.0.87 "GET /resource_providers/59f75468-8fb4-4880-a619-72955279dc94/aggregates" status: 404 len: 235 microversion: 1.1 [pid: 7|app: 0|req: 372/739] 10.0.0.87 () {32 vars in 815 bytes} [Mon May 25 15:09:31 2026] GET /resource_providers/59f75468-8fb4-4880-a619-72955279dc94/aggregates => generated 235 bytes in 7 msecs (HTTP/1.1 404) 5 headers in 202 bytes (1 switches on core 0)
2026-05-25 15:09:31.541 8 INFO placement.requestlog [None req-de19540d-a639-4b37-bdc8-2fc630b283e3 0e890cadef85440982ae4745f4fae970 c7ce345038b24dacba9a84e7678639d1 - - cffe8a6cf8ff4d28a8f253c17b78da4e cffe8a6cf8ff4d28a8f253c17b78da4e] 10.0.0.87 "GET /resource_providers/59f75468-8fb4-4880-a619-72955279dc94/aggregates" status: 404 len: 235 microversion: 1.1 [pid: 8|app: 0|req: 368/740] 10.0.0.87 () {32 vars in 815 bytes} [Mon May 25 15:09:31 2026] GET /resource_providers/59f75468-8fb4-4880-a619-72955279dc94/aggregates => generated 235 bytes in 11 msecs (HTTP/1.1 404) 5 headers in 202 bytes (1 switches on core 0)
2026-05-25 15:09:31.558 7 INFO placement.requestlog [None req-d0d101b9-627e-4920-a3fa-9f7606165b58 0e890cadef85440982ae4745f4fae970 c7ce345038b24dacba9a84e7678639d1 - - cffe8a6cf8ff4d28a8f253c17b78da4e cffe8a6cf8ff4d28a8f253c17b78da4e] 10.0.0.87 "DELETE /resource_providers/59f75468-8fb4-4880-a619-72955279dc94" status: 404 len: 246 microversion: 1.1 [pid: 7|app: 0|req: 373/741] 10.0.0.87 () {34 vars in 815 bytes} [Mon May 25 15:09:31 2026] DELETE /resource_providers/59f75468-8fb4-4880-a619-72955279dc94 => generated 246 bytes in 4 msecs (HTTP/1.1 404) 6 headers in 231 bytes (1 switches on core 0)
2026-05-25 15:09:31.567 8 INFO placement.requestlog [None req-f551a580-270a-4924-b213-184971dbfa41 0e890cadef85440982ae4745f4fae970 c7ce345038b24dacba9a84e7678639d1 - - cffe8a6cf8ff4d28a8f253c17b78da4e cffe8a6cf8ff4d28a8f253c17b78da4e] 10.0.0.87 "DELETE /resource_providers/59f75468-8fb4-4880-a619-72955279dc94" status: 404 len: 246 microversion: 1.1 [pid: 8|app: 0|req: 369/742] 10.0.0.87 () {34 vars in 815 bytes} [Mon May 25 15:09:31 2026] DELETE /resource_providers/59f75468-8fb4-4880-a619-72955279dc94 => generated 246 bytes in 11 msecs (HTTP/1.1 404) 6 headers in 231 bytes (1 switches on core 0)
2026-05-25 15:09:31.843 7 INFO placement.requestlog [req-6d21950a-f6b3-4b19-b4b8-890bd3fb9eca req-721a3d02-db36-4e64-aa38-c98a551b0bea a4571935863242df884e21466fdd2bf2 c7ce345038b24dacba9a84e7678639d1 - - cffe8a6cf8ff4d28a8f253c17b78da4e cffe8a6cf8ff4d28a8f253c17b78da4e] 199.204.45.89 "GET /resource_providers/4b3e3e36-a1b6-4e03-b6e6-a0d2fe1cf82f/allocations" status: 200 len: 252 microversion: 1.0 [pid: 7|app: 0|req: 374/743] 199.204.45.89 () {32 vars in 856 bytes} [Mon May 25 15:09:31 2026] GET /resource_providers/4b3e3e36-a1b6-4e03-b6e6-a0d2fe1cf82f/allocations => generated 252 bytes in 16 msecs (HTTP/1.1 200) 6 headers in 224 bytes (1 switches on core 0)
2026-05-25 15:09:31.874 8 INFO placement.requestlog [req-6d21950a-f6b3-4b19-b4b8-890bd3fb9eca req-39b9f4e4-4716-4595-9793-49df4ea1f527 a4571935863242df884e21466fdd2bf2 c7ce345038b24dacba9a84e7678639d1 - - cffe8a6cf8ff4d28a8f253c17b78da4e cffe8a6cf8ff4d28a8f253c17b78da4e] 199.204.45.89 "GET /allocations/b1847505-7e43-464f-ac0c-39763abf139e" status: 200 len: 257 microversion: 1.28 [pid: 8|app: 0|req: 370/744] 199.204.45.89 () {34 vars in 862 bytes} [Mon May 25 15:09:31 2026] GET /allocations/b1847505-7e43-464f-ac0c-39763abf139e => generated 257 bytes in 14 msecs (HTTP/1.1 200) 8 headers in 296 bytes (1 switches on core 0)
2026-05-25 15:09:31.895 7 INFO placement.requestlog [req-6d21950a-f6b3-4b19-b4b8-890bd3fb9eca req-1eaadce8-75b4-41c5-a549-a315ef8440e6 a4571935863242df884e21466fdd2bf2 c7ce345038b24dacba9a84e7678639d1 - - cffe8a6cf8ff4d28a8f253c17b78da4e cffe8a6cf8ff4d28a8f253c17b78da4e] 199.204.45.89 "GET /allocations/1737b7f9-ceaf-4470-bd90-f463bca7bc58" status: 200 len: 257 microversion: 1.28 [pid: 7|app: 0|req: 375/745] 199.204.45.89 () {34 vars in 862 bytes} [Mon May 25 15:09:31 2026] GET /allocations/1737b7f9-ceaf-4470-bd90-f463bca7bc58 => generated 257 bytes in 11 msecs (HTTP/1.1 200) 8 headers in 296 bytes (1 switches on core 0)
2026-05-25 15:09:31.909 7 INFO placement.requestlog [None req-600df691-0083-4439-9078-7c674e693e94 - - - - - -] 10.0.0.130 "GET /" status: 200 len: 136 microversion: 1.0
2026-05-25 15:09:31.910 8 INFO placement.requestlog [None req-998dff27-2a05-4c1f-9fd1-acdbc6313f29 - - - - - -] 10.0.0.130 "GET /" status: 200 len: 136 microversion: 1.0
2026-05-25 15:09:33.584 7 INFO placement.requestlog [None req-d850acf5-e373-4aa9-a80f-c319f4998395 0e890cadef85440982ae4745f4fae970 c7ce345038b24dacba9a84e7678639d1 - - cffe8a6cf8ff4d28a8f253c17b78da4e cffe8a6cf8ff4d28a8f253c17b78da4e] 10.0.0.87 "GET /resource_providers/6f99bfa6-c5f8-4ea0-95e2-cc873d8a5715/aggregates" status: 404 len: 235 microversion: 1.1 [pid: 7|app: 0|req: 377/748] 10.0.0.87 () {32 vars in 815 bytes} [Mon May 25 15:09:33 2026] GET /resource_providers/6f99bfa6-c5f8-4ea0-95e2-cc873d8a5715/aggregates => generated 235 bytes in 17 msecs (HTTP/1.1 404) 5 headers in 202 bytes (1 switches on core 0)
2026-05-25 15:09:33.590 8 INFO placement.requestlog [None req-7e2b96c3-3c35-484d-b2d1-81f3634603b2 0e890cadef85440982ae4745f4fae970 c7ce345038b24dacba9a84e7678639d1 - - cffe8a6cf8ff4d28a8f253c17b78da4e cffe8a6cf8ff4d28a8f253c17b78da4e] 10.0.0.87 "GET /resource_providers/6f99bfa6-c5f8-4ea0-95e2-cc873d8a5715/aggregates" status: 404 len: 235 microversion: 1.1 [pid: 8|app: 0|req: 372/749] 10.0.0.87 () {32 vars in 815 bytes} [Mon May 25 15:09:33 2026] GET /resource_providers/6f99bfa6-c5f8-4ea0-95e2-cc873d8a5715/aggregates => generated 235 bytes in 11 msecs (HTTP/1.1 404) 5 headers in 202 bytes (1 switches on core 0)
2026-05-25 15:09:33.613 7 INFO placement.requestlog [None req-128f75e9-35f3-4865-84fc-8f5845396b05 0e890cadef85440982ae4745f4fae970 c7ce345038b24dacba9a84e7678639d1 - - cffe8a6cf8ff4d28a8f253c17b78da4e cffe8a6cf8ff4d28a8f253c17b78da4e] 10.0.0.87 "DELETE /resource_providers/6f99bfa6-c5f8-4ea0-95e2-cc873d8a5715" status: 404 len: 246 microversion: 1.1 [pid: 7|app: 0|req: 378/750] 10.0.0.87 () {34 vars in 815 bytes} [Mon May 25 15:09:33 2026] DELETE /resource_providers/6f99bfa6-c5f8-4ea0-95e2-cc873d8a5715 => generated 246 bytes in 8 msecs (HTTP/1.1 404) 6 headers in 231 bytes (1 switches on core 0)
2026-05-25 15:09:33.616 8 INFO placement.requestlog [None req-e39ce6dc-30a4-4c6e-990e-23df1d611034 0e890cadef85440982ae4745f4fae970 c7ce345038b24dacba9a84e7678639d1 - - cffe8a6cf8ff4d28a8f253c17b78da4e cffe8a6cf8ff4d28a8f253c17b78da4e] 10.0.0.87 "DELETE /resource_providers/6f99bfa6-c5f8-4ea0-95e2-cc873d8a5715" status: 404 len: 246 microversion: 1.1 [pid: 8|app: 0|req: 373/751] 10.0.0.87 () {34 vars in 815 bytes} [Mon May 25 15:09:33 2026] DELETE /resource_providers/6f99bfa6-c5f8-4ea0-95e2-cc873d8a5715 => generated 246 bytes in 12 msecs (HTTP/1.1 404) 6 headers in 231 bytes (1 switches on core 0)
2026-05-25 15:09:33.643 7 INFO placement.requestlog [None req-290fe17e-94ab-4281-8dea-3a85b2aacfdc 0e890cadef85440982ae4745f4fae970 c7ce345038b24dacba9a84e7678639d1 - - cffe8a6cf8ff4d28a8f253c17b78da4e cffe8a6cf8ff4d28a8f253c17b78da4e] 10.0.0.87 "GET /resource_providers/6caae3d5-20c3-49ce-9ad3-9562fd96d914/aggregates" status: 404 len: 235 microversion: 1.1 [pid: 7|app: 0|req: 379/752] 10.0.0.87 () {32 vars in 815 bytes} [Mon May 25 15:09:33 2026] GET /resource_providers/6caae3d5-20c3-49ce-9ad3-9562fd96d914/aggregates => generated 235 bytes in 11 msecs (HTTP/1.1 404) 5 headers in 202 bytes (1 switches on core 0)
2026-05-25 15:09:33.645 8 INFO placement.requestlog [None req-6a69c756-6f15-498e-8d27-5c7dfd7f04ad 0e890cadef85440982ae4745f4fae970 c7ce345038b24dacba9a84e7678639d1 - - cffe8a6cf8ff4d28a8f253c17b78da4e cffe8a6cf8ff4d28a8f253c17b78da4e] 10.0.0.87 "GET /resource_providers/6caae3d5-20c3-49ce-9ad3-9562fd96d914/aggregates" status: 404 len: 235 microversion: 1.1 [pid: 8|app: 0|req: 374/753] 10.0.0.87 () {32 vars in 815 bytes} [Mon May 25 15:09:33 2026] GET /resource_providers/6caae3d5-20c3-49ce-9ad3-9562fd96d914/aggregates => generated 235 bytes in 12 msecs (HTTP/1.1 404) 5 headers in 202 bytes (1 switches on core 0)
2026-05-25 15:09:33.670 8 INFO placement.requestlog [None req-cb9411e2-2142-49ca-9ce6-f0ee59a50b9d 0e890cadef85440982ae4745f4fae970 c7ce345038b24dacba9a84e7678639d1 - - cffe8a6cf8ff4d28a8f253c17b78da4e cffe8a6cf8ff4d28a8f253c17b78da4e] 10.0.0.87 "DELETE /resource_providers/6caae3d5-20c3-49ce-9ad3-9562fd96d914" status: 404 len: 246 microversion: 1.1 [pid: 8|app: 0|req: 375/754] 10.0.0.87 () {34 vars in 815 bytes} [Mon May 25 15:09:33 2026] DELETE /resource_providers/6caae3d5-20c3-49ce-9ad3-9562fd96d914 => generated 246 bytes in 12 msecs (HTTP/1.1 404) 6 headers in 231 bytes (1 switches on core 0)
2026-05-25 15:09:33.670 7 INFO placement.requestlog [None req-92723336-6ad4-40c4-b095-d6e0a1cec5d4 0e890cadef85440982ae4745f4fae970 c7ce345038b24dacba9a84e7678639d1 - - cffe8a6cf8ff4d28a8f253c17b78da4e cffe8a6cf8ff4d28a8f253c17b78da4e] 10.0.0.87 "DELETE /resource_providers/6caae3d5-20c3-49ce-9ad3-9562fd96d914" status: 404 len: 246 microversion: 1.1 [pid: 7|app: 0|req: 380/755] 10.0.0.87 () {34 vars in 815 bytes} [Mon May 25 15:09:33 2026] DELETE /resource_providers/6caae3d5-20c3-49ce-9ad3-9562fd96d914 => generated 246 bytes in 14 msecs (HTTP/1.1 404) 6 headers in 231 bytes (1 switches on core 0)
2026-05-25 15:09:33.694 8 INFO placement.requestlog [None req-6301e517-4ab9-4185-9be5-d3a9f49a98e1 0e890cadef85440982ae4745f4fae970 c7ce345038b24dacba9a84e7678639d1 - - cffe8a6cf8ff4d28a8f253c17b78da4e cffe8a6cf8ff4d28a8f253c17b78da4e] 10.0.0.87 "GET /resource_providers/4239500b-c471-428e-a25e-e2600c77a08b/aggregates" status: 404 len: 235 microversion: 1.1 [pid: 8|app: 0|req: 376/756] 10.0.0.87 () {32 vars in 815 bytes} [Mon May 25 15:09:33 2026] GET /resource_providers/4239500b-c471-428e-a25e-e2600c77a08b/aggregates => generated 235 bytes in 12 msecs (HTTP/1.1 404) 5 headers in 202 bytes (1 switches on core 0)
2026-05-25 15:09:33.696 7 INFO placement.requestlog [None req-24354e72-48de-4a3f-b8df-05a629b6acbf 0e890cadef85440982ae4745f4fae970 c7ce345038b24dacba9a84e7678639d1 - - cffe8a6cf8ff4d28a8f253c17b78da4e cffe8a6cf8ff4d28a8f253c17b78da4e] 10.0.0.87 "GET /resource_providers/4239500b-c471-428e-a25e-e2600c77a08b/aggregates" status: 404 len: 235 microversion: 1.1 [pid: 7|app: 0|req: 381/757] 10.0.0.87 () {32 vars in 815 bytes} [Mon May 25 15:09:33 2026] GET /resource_providers/4239500b-c471-428e-a25e-e2600c77a08b/aggregates => generated 235 bytes in 10 msecs (HTTP/1.1 404) 5 headers in 202 bytes (1 switches on core 0)
2026-05-25 15:09:33.720 8 INFO placement.requestlog [None req-d66f29b1-73f5-4e7c-aa4f-0e296ca96c58 0e890cadef85440982ae4745f4fae970 c7ce345038b24dacba9a84e7678639d1 - - cffe8a6cf8ff4d28a8f253c17b78da4e cffe8a6cf8ff4d28a8f253c17b78da4e] 10.0.0.87 "DELETE /resource_providers/4239500b-c471-428e-a25e-e2600c77a08b" status: 404 len: 246 microversion: 1.1 [pid: 8|app: 0|req: 377/758] 10.0.0.87 () {34 vars in 815 bytes} [Mon May 25 15:09:33 2026] DELETE /resource_providers/4239500b-c471-428e-a25e-e2600c77a08b => generated 246 bytes in 11 msecs (HTTP/1.1 404) 6 headers in 231 bytes (1 switches on core 0)
2026-05-25 15:09:33.728 7 INFO placement.requestlog [None req-b95d987a-a533-4470-a2a5-e5b1b5ffa5d2 0e890cadef85440982ae4745f4fae970 c7ce345038b24dacba9a84e7678639d1 - - cffe8a6cf8ff4d28a8f253c17b78da4e cffe8a6cf8ff4d28a8f253c17b78da4e] 10.0.0.87 "DELETE /resource_providers/4239500b-c471-428e-a25e-e2600c77a08b" status: 404 len: 246 microversion: 1.1 [pid: 7|app: 0|req: 382/759] 10.0.0.87 () {34 vars in 815 bytes} [Mon May 25 15:09:33 2026] DELETE /resource_providers/4239500b-c471-428e-a25e-e2600c77a08b => generated 246 bytes in 12 msecs (HTTP/1.1 404) 6 headers in 231 bytes (1 switches on core 0)
2026-05-25 15:09:36.446 8 INFO placement.requestlog [None req-a3510546-cd65-41a0-adbe-a96c805d5e22 0e890cadef85440982ae4745f4fae970 c7ce345038b24dacba9a84e7678639d1 - - cffe8a6cf8ff4d28a8f253c17b78da4e cffe8a6cf8ff4d28a8f253c17b78da4e] 10.0.0.87 "GET /resource_providers/e662c0f4-090a-4f62-b111-e4a98e664b9c/aggregates" status: 404 len: 235 microversion: 1.1 [pid: 8|app: 0|req: 378/760] 10.0.0.87 () {32 vars in 815 bytes} [Mon May 25 15:09:36 2026] GET /resource_providers/e662c0f4-090a-4f62-b111-e4a98e664b9c/aggregates => generated 235 bytes in 12 msecs (HTTP/1.1 404) 5 headers in 202 bytes (1 switches on core 0)
