+ COMMAND=start + start + for KEYSTONE_WSGI_SCRIPT in keystone-wsgi-public ++ type -p keystone-wsgi-public + cp -a /var/lib/openstack/bin/keystone-wsgi-public /var/www/cgi-bin/keystone/ + '[' -f /etc/apache2/envvars ']' + source /etc/apache2/envvars ++ unset HOME ++ '[' '' '!=' '' ']' ++ SUFFIX= ++ export APACHE_RUN_USER=www-data ++ APACHE_RUN_USER=www-data ++ export APACHE_RUN_GROUP=www-data ++ APACHE_RUN_GROUP=www-data ++ export APACHE_PID_FILE=/var/run/apache2/apache2.pid ++ APACHE_PID_FILE=/var/run/apache2/apache2.pid ++ export APACHE_RUN_DIR=/var/run/apache2 ++ APACHE_RUN_DIR=/var/run/apache2 ++ export APACHE_LOCK_DIR=/var/lock/apache2 ++ APACHE_LOCK_DIR=/var/lock/apache2 ++ export APACHE_LOG_DIR=/var/log/apache2 ++ APACHE_LOG_DIR=/var/log/apache2 ++ export LANG=C ++ LANG=C ++ export LANG + '[' -f /var/run/apache2/apache2.pid ']' + exec apache2 -DFOREGROUND AH00558: apache2: Could not reliably determine the server's fully qualified domain name, using 10.0.0.241. Set the 'ServerName' directive globally to suppress this message AH00558: apache2: Could not reliably determine the server's fully qualified domain name, using 10.0.0.241. Set the 'ServerName' directive globally to suppress this message
[Wed Apr 08 00:45:00.096221 2026] [mpm_event:notice] [pid 1:tid 140401173952384] AH00489: Apache/2.4.58 (Ubuntu) mod_wsgi/5.0.0 Python/3.12 configured -- resuming normal operations
[Wed Apr 08 00:45:00.096426 2026] [core:notice] [pid 1:tid 140401173952384] AH00094: Command line: 'apache2 -D FOREGROUND'
[Wed Apr 08 00:45:48.210922 2026] [wsgi:error] [pid 9:tid 140400537179840] /var/lib/openstack/lib/python3.12/site-packages/oslo_utils/importutils.py:77: EventletDeprecationWarning:
[Wed Apr 08 00:45:48.210963 2026] [wsgi:error] [pid 9:tid 140400537179840] Eventlet is deprecated. It is currently being maintained in bugfix mode, and
[Wed Apr 08 00:45:48.210965 2026] [wsgi:error] [pid 9:tid 140400537179840] we strongly recommend against using it for new projects.
[Wed Apr 08 00:45:48.210966 2026] [wsgi:error] [pid 9:tid 140400537179840]
[Wed Apr 08 00:45:48.210967 2026] [wsgi:error] [pid 9:tid 140400537179840] If you are already using Eventlet, we recommend migrating to a different
[Wed Apr 08 00:45:48.210968 2026] [wsgi:error] [pid 9:tid 140400537179840] framework. For more detail see
[Wed Apr 08 00:45:48.210969 2026] [wsgi:error] [pid 9:tid 140400537179840] https://eventlet.readthedocs.io/en/latest/asyncio/migration.html
[Wed Apr 08 00:45:48.210970 2026] [wsgi:error] [pid 9:tid 140400537179840]
[Wed Apr 08 00:45:48.210972 2026] [wsgi:error] [pid 9:tid 140400537179840] __import__(import_str) 10.0.0.221 - - [08/Apr/2026:00:45:47 +0000] "GET /v3/ HTTP/1.1" 200 250
[Wed Apr 08 00:46:00.670020 2026] [wsgi:error] [pid 12:tid 140400537179840] /var/lib/openstack/lib/python3.12/site-packages/oslo_utils/importutils.py:77: EventletDeprecationWarning:
[Wed Apr 08 00:46:00.670059 2026] [wsgi:error] [pid 12:tid 140400537179840] Eventlet is deprecated. It is currently being maintained in bugfix mode, and
[Wed Apr 08 00:46:00.670061 2026] [wsgi:error] [pid 12:tid 140400537179840] we strongly recommend against using it for new projects.
[Wed Apr 08 00:46:00.670062 2026] [wsgi:error] [pid 12:tid 140400537179840]
[Wed Apr 08 00:46:00.670063 2026] [wsgi:error] [pid 12:tid 140400537179840] If you are already using Eventlet, we recommend migrating to a different
[Wed Apr 08 00:46:00.670065 2026] [wsgi:error] [pid 12:tid 140400537179840] framework. For more detail see
[Wed Apr 08 00:46:00.670066 2026] [wsgi:error] [pid 12:tid 140400537179840] https://eventlet.readthedocs.io/en/latest/asyncio/migration.html
[Wed Apr 08 00:46:00.670067 2026] [wsgi:error] [pid 12:tid 140400537179840]
[Wed Apr 08 00:46:00.670068 2026] [wsgi:error] [pid 12:tid 140400537179840] __import__(import_str) 10.0.0.48 - - [08/Apr/2026:00:45:59 +0000] "GET / HTTP/1.1" 300 295
[Wed Apr 08 00:46:05.940423 2026] [wsgi:error] [pid 11:tid 140400537179840] /var/lib/openstack/lib/python3.12/site-packages/oslo_utils/importutils.py:77: EventletDeprecationWarning:
[Wed Apr 08 00:46:05.940493 2026] [wsgi:error] [pid 11:tid 140400537179840] Eventlet is deprecated. It is currently being maintained in bugfix mode, and
[Wed Apr 08 00:46:05.940495 2026] [wsgi:error] [pid 11:tid 140400537179840] we strongly recommend against using it for new projects.
[Wed Apr 08 00:46:05.940496 2026] [wsgi:error] [pid 11:tid 140400537179840]
[Wed Apr 08 00:46:05.940497 2026] [wsgi:error] [pid 11:tid 140400537179840] If you are already using Eventlet, we recommend migrating to a different
[Wed Apr 08 00:46:05.940498 2026] [wsgi:error] [pid 11:tid 140400537179840] framework. For more detail see
[Wed Apr 08 00:46:05.940499 2026] [wsgi:error] [pid 11:tid 140400537179840] https://eventlet.readthedocs.io/en/latest/asyncio/migration.html
[Wed Apr 08 00:46:05.940500 2026] [wsgi:error] [pid 11:tid 140400537179840]
[Wed Apr 08 00:46:05.940501 2026] [wsgi:error] [pid 11:tid 140400537179840] __import__(import_str)
[Wed Apr 08 00:46:10.519816 2026] [wsgi:error] [pid 11:tid 140400537179840] [remote 10.0.0.48:53296] 2026-04-08 00:46:10.516 11 WARNING keystone.identity.core [None req-d40eb319-5bf0-4eea-9669-95eb3fcb590d - - - - - -] Invalid domain name (atmosphere) found in config file name: keystone.exception.DomainNotFound: Could not find domain: atmosphere.
[Wed Apr 08 00:46:10.574777 2026] [wsgi:error] [pid 11:tid 140400537179840] [remote 10.0.0.48:53296] 2026-04-08 00:46:10.574 11 WARNING keystone.common.password_hashing [None req-d40eb319-5bf0-4eea-9669-95eb3fcb590d - - - - - -] Truncating password to algorithm specific maximum length 72 characters.
[Wed Apr 08 00:46:10.858072 2026] [wsgi:error] [pid 11:tid 140400537179840] [remote 10.0.0.48:53296] 2026-04-08 00:46:10.857 11 WARNING keystone.common.fernet_utils [None req-d40eb319-5bf0-4eea-9669-95eb3fcb590d - - - - - -] key_repository is world readable: /etc/keystone/fernet-keys/ 10.0.0.48 - - [08/Apr/2026:00:46:05 +0000] "POST /v3/auth/tokens HTTP/1.1" 201 1359
[Wed Apr 08 00:46:11.874894 2026] [wsgi:error] [pid 10:tid 140400537179840] /var/lib/openstack/lib/python3.12/site-packages/oslo_utils/importutils.py:77: EventletDeprecationWarning:
[Wed Apr 08 00:46:11.874932 2026] [wsgi:error] [pid 10:tid 140400537179840] Eventlet is deprecated. It is currently being maintained in bugfix mode, and
[Wed Apr 08 00:46:11.874934 2026] [wsgi:error] [pid 10:tid 140400537179840] we strongly recommend against using it for new projects.
[Wed Apr 08 00:46:11.874935 2026] [wsgi:error] [pid 10:tid 140400537179840]
[Wed Apr 08 00:46:11.874936 2026] [wsgi:error] [pid 10:tid 140400537179840] If you are already using Eventlet, we recommend migrating to a different
[Wed Apr 08 00:46:11.874937 2026] [wsgi:error] [pid 10:tid 140400537179840] framework. For more detail see
[Wed Apr 08 00:46:11.874938 2026] [wsgi:error] [pid 10:tid 140400537179840] https://eventlet.readthedocs.io/en/latest/asyncio/migration.html
[Wed Apr 08 00:46:11.874940 2026] [wsgi:error] [pid 10:tid 140400537179840]
[Wed Apr 08 00:46:11.874941 2026] [wsgi:error] [pid 10:tid 140400537179840] __import__(import_str)
[Wed Apr 08 00:46:16.379605 2026] [wsgi:error] [pid 10:tid 140400537179840] [remote 10.0.0.48:53296] 2026-04-08 00:46:16.377 10 WARNING keystone.identity.core [None req-581fd83d-505b-4c5c-b029-087431ed412a - - - - - -] Invalid domain name (atmosphere) found in config file name: keystone.exception.DomainNotFound: Could not find domain: atmosphere. 10.0.0.48 - - [08/Apr/2026:00:46:11 +0000] "POST /v3/domains HTTP/1.1" 201 261 10.0.0.250 - - [08/Apr/2026:00:46:27 +0000] "GET / HTTP/1.1" 300 295
[Wed Apr 08 00:46:27.375201 2026] [wsgi:error] [pid 12:tid 140400537179840] [remote 10.0.0.250:51788] 2026-04-08 00:46:27.374 12 WARNING keystone.common.password_hashing [None req-7fd5c5b9-289b-477a-ab81-027e74d95deb - - - - - -] Truncating password to algorithm specific maximum length 72 characters.
[Wed Apr 08 00:46:27.653957 2026] [wsgi:error] [pid 12:tid 140400537179840] [remote 10.0.0.250:51788] 2026-04-08 00:46:27.653 12 WARNING keystone.common.fernet_utils [None req-7fd5c5b9-289b-477a-ab81-027e74d95deb - - - - - -] key_repository is world readable: /etc/keystone/fernet-keys/ 10.0.0.250 - - [08/Apr/2026:00:46:27 +0000] "POST /v3/auth/tokens HTTP/1.1" 201 1359 10.0.0.250 - - [08/Apr/2026:00:46:27 +0000] "GET /v3/roles/admin HTTP/1.1" 404 83
[Wed Apr 08 00:46:27.880078 2026] [wsgi:error] [pid 10:tid 140400537179840] [remote 10.0.0.250:51788] 2026-04-08 00:46:27.879 10 WARNING keystone.common.rbac_enforcer.enforcer [None req-be3dff98-b58a-49ce-bc85-a95a5515ad2f 0c85bd20554b4ebc9ea4511b0c1e6884 b00862a683f74570b32eb9c3136c16e2 - - default default] Deprecated policy rules found. Use oslopolicy-policy-generator and oslopolicy-policy-upgrade to detect and resolve deprecated policies in your configuration. 10.0.0.250 - - [08/Apr/2026:00:46:27 +0000] "GET /v3/roles?name=admin HTTP/1.1" 200 389
[Wed Apr 08 00:46:28.362246 2026] [wsgi:error] [pid 9:tid 140400537179840] [remote 10.0.0.250:51788] 2026-04-08 00:46:28.361 9 WARNING keystone.common.rbac_enforcer.enforcer [None req-e54d8f23-7592-4f36-bfbc-71201ee2a178 0c85bd20554b4ebc9ea4511b0c1e6884 b00862a683f74570b32eb9c3136c16e2 - - default default] Deprecated policy rules found. Use oslopolicy-policy-generator and oslopolicy-policy-upgrade to detect and resolve deprecated policies in your configuration. 10.0.0.250 - - [08/Apr/2026:00:46:28 +0000] "GET /v3/users/admin-RegionOne HTTP/1.1" 404 93
[Wed Apr 08 00:46:28.502200 2026] [wsgi:error] [pid 12:tid 140400537179840] [remote 10.0.0.250:51788] 2026-04-08 00:46:28.501 12 WARNING keystone.common.rbac_enforcer.enforcer [None req-5023e71d-d4a3-4626-94df-405b9db6e4d0 0c85bd20554b4ebc9ea4511b0c1e6884 b00862a683f74570b32eb9c3136c16e2 - - default default] Deprecated policy rules found. Use oslopolicy-policy-generator and oslopolicy-policy-upgrade to detect and resolve deprecated policies in your configuration. 10.0.0.250 - - [08/Apr/2026:00:46:28 +0000] "GET /v3/users?name=admin-RegionOne HTTP/1.1" 200 422
[Wed Apr 08 00:46:28.670235 2026] [wsgi:error] [pid 11:tid 140400537179840] [remote 10.0.0.250:51788] 2026-04-08 00:46:28.669 11 WARNING keystone.common.rbac_enforcer.enforcer [None req-7ed2e41b-1308-4157-88a6-5921721c24d6 0c85bd20554b4ebc9ea4511b0c1e6884 b00862a683f74570b32eb9c3136c16e2 - - default default] Deprecated policy rules found. Use oslopolicy-policy-generator and oslopolicy-policy-upgrade to detect and resolve deprecated policies in your configuration. 10.0.0.250 - - [08/Apr/2026:00:46:28 +0000] "GET /v3/domains/default HTTP/1.1" 200 224 10.0.0.250 - - [08/Apr/2026:00:46:28 +0000] "PUT /v3/domains/default/users/0c85bd20554b4ebc9ea4511b0c1e6884/roles/026aab3dde2c4aa19522b8a2ecc1c36b HTTP/1.1" 204 - 10.0.0.221 - - [08/Apr/2026:00:46:38 +0000] "GET / HTTP/1.1" 300 280 10.0.0.221 - - [08/Apr/2026:00:46:39 +0000] "GET /v3 HTTP/1.1" 200 265
[Wed Apr 08 00:46:39.872685 2026] [wsgi:error] [pid 11:tid 140400537179840] [remote 10.0.0.221:41316] 2026-04-08 00:46:39.872 11 WARNING keystone.common.password_hashing [None req-c695f4f1-2f3f-4d0e-af59-9409e4c51a0a - - - - - -] Truncating password to algorithm specific maximum length 72 characters.
[Wed Apr 08 00:46:40.161403 2026] [wsgi:error] [pid 11:tid 140400537179840] [remote 10.0.0.221:41316] 2026-04-08 00:46:40.161 11 WARNING keystone.common.fernet_utils [None req-c695f4f1-2f3f-4d0e-af59-9409e4c51a0a - - - - - -] key_repository is world readable: /etc/keystone/fernet-keys/ 10.0.0.221 - - [08/Apr/2026:00:46:39 +0000] "POST /v3/auth/tokens HTTP/1.1" 201 1359 10.0.0.221 - - [08/Apr/2026:00:46:40 +0000] "GET / HTTP/1.1" 300 280 10.0.0.221 - - [08/Apr/2026:00:46:40 +0000] "GET /v3/domains/atmosphere HTTP/1.1" 404 90 10.0.0.221 - - [08/Apr/2026:00:46:40 +0000] "GET /v3/domains?name=atmosphere HTTP/1.1" 200 368 10.0.0.221 - - [08/Apr/2026:00:46:40 +0000] "GET /v3/domains/783d994b6e974adaaf994290c25b5594 HTTP/1.1" 200 246 10.0.0.221 - - [08/Apr/2026:00:46:41 +0000] "GET /v3 HTTP/1.1" 200 265
[Wed Apr 08 00:46:41.239623 2026] [wsgi:error] [pid 9:tid 140400537179840] [remote 10.0.0.221:41308] 2026-04-08 00:46:41.239 9 WARNING keystone.common.password_hashing [None req-b9b8e2a9-0307-4db4-81da-0dd298fe869f - - - - - -] Truncating password to algorithm specific maximum length 72 characters.
[Wed Apr 08 00:46:41.518040 2026] [wsgi:error] [pid 9:tid 140400537179840] [remote 10.0.0.221:41308] 2026-04-08 00:46:41.517 9 WARNING keystone.common.fernet_utils [None req-b9b8e2a9-0307-4db4-81da-0dd298fe869f - - - - - -] key_repository is world readable: /etc/keystone/fernet-keys/ 10.0.0.221 - - [08/Apr/2026:00:46:41 +0000] "POST /v3/auth/tokens HTTP/1.1" 201 1359 10.0.0.221 - - [08/Apr/2026:00:46:41 +0000] "GET / HTTP/1.1" 300 280 10.0.0.221 - - [08/Apr/2026:00:46:41 +0000] "GET /v3/OS-FEDERATION/identity_providers/atmosphere HTTP/1.1" 404 101 10.0.0.221 - - [08/Apr/2026:00:46:41 +0000] "GET /v3/OS-FEDERATION/identity_providers HTTP/1.1" 200 155 10.0.0.221 - - [08/Apr/2026:00:46:41 +0000] "PUT /v3/OS-FEDERATION/identity_providers/atmosphere HTTP/1.1" 201 340 10.0.0.221 - - [08/Apr/2026:00:46:42 +0000] "GET /v3 HTTP/1.1" 200 265
[Wed Apr 08 00:46:42.345760 2026] [wsgi:error] [pid 11:tid 140400537179840] [remote 10.0.0.221:41316] 2026-04-08 00:46:42.345 11 WARNING keystone.common.password_hashing [None req-e80665d7-9fa7-4c9b-a05f-4507417cb4cf - - - - - -] Truncating password to algorithm specific maximum length 72 characters.
[Wed Apr 08 00:46:42.619885 2026] [wsgi:error] [pid 11:tid 140400537179840] [remote 10.0.0.221:41316] 2026-04-08 00:46:42.619 11 WARNING keystone.common.fernet_utils [None req-e80665d7-9fa7-4c9b-a05f-4507417cb4cf - - - - - -] key_repository is world readable: /etc/keystone/fernet-keys/ 10.0.0.221 - - [08/Apr/2026:00:46:42 +0000] "POST /v3/auth/tokens HTTP/1.1" 201 1359 10.0.0.221 - - [08/Apr/2026:00:46:42 +0000] "GET / HTTP/1.1" 300 280 10.0.0.221 - - [08/Apr/2026:00:46:42 +0000] "GET /v3/OS-FEDERATION/mappings/atmosphere-openid HTTP/1.1" 404 98 10.0.0.221 - - [08/Apr/2026:00:46:42 +0000] "GET /v3/OS-FEDERATION/mappings HTTP/1.1" 200 135 10.0.0.221 - - [08/Apr/2026:00:46:42 +0000] "PUT /v3/OS-FEDERATION/mappings/atmosphere-openid HTTP/1.1" 201 356 10.0.0.221 - - [08/Apr/2026:00:46:43 +0000] "GET /v3 HTTP/1.1" 200 265
[Wed Apr 08 00:46:43.456256 2026] [wsgi:error] [pid 9:tid 140400537179840] [remote 10.0.0.221:41308] 2026-04-08 00:46:43.456 9 WARNING keystone.common.password_hashing [None req-3c7868ac-6262-4a9a-a694-4329c05e068a - - - - - -] Truncating password to algorithm specific maximum length 72 characters.
[Wed Apr 08 00:46:43.737410 2026] [wsgi:error] [pid 9:tid 140400537179840] [remote 10.0.0.221:41308] 2026-04-08 00:46:43.737 9 WARNING keystone.common.fernet_utils [None req-3c7868ac-6262-4a9a-a694-4329c05e068a - - - - - -] key_repository is world readable: /etc/keystone/fernet-keys/ 10.0.0.221 - - [08/Apr/2026:00:46:43 +0000] "POST /v3/auth/tokens HTTP/1.1" 201 1359 10.0.0.221 - - [08/Apr/2026:00:46:43 +0000] "GET / HTTP/1.1" 300 280 10.0.0.221 - - [08/Apr/2026:00:46:43 +0000] "GET /v3/OS-FEDERATION/identity_providers/atmosphere/protocols/openid?idp_id=atmosphere HTTP/1.1" 404 131 10.0.0.221 - - [08/Apr/2026:00:46:43 +0000] "GET /v3/OS-FEDERATION/identity_providers/atmosphere/protocols HTTP/1.1" 200 167 10.0.0.221 - - [08/Apr/2026:00:46:43 +0000] "PUT /v3/OS-FEDERATION/identity_providers/atmosphere/protocols/openid HTTP/1.1" 201 222 10.0.0.221 - - [08/Apr/2026:00:46:47 +0000] "GET /v3/ HTTP/1.1" 200 250 10.0.0.221 - - [08/Apr/2026:00:46:47 +0000] "GET /v3/ HTTP/1.1" 200 250 10.0.0.221 - - [08/Apr/2026:00:47:47 +0000] "GET /v3/ HTTP/1.1" 200 250 10.0.0.221 - - [08/Apr/2026:00:47:47 +0000] "GET /v3/ HTTP/1.1" 200 250 10.0.0.27 - - [08/Apr/2026:00:48:05 +0000] "GET / HTTP/1.1" 300 295
[Wed Apr 08 00:48:05.977492 2026] [wsgi:error] [pid 11:tid 140400537179840] [remote 10.0.0.27:59512] 2026-04-08 00:48:05.977 11 WARNING keystone.common.password_hashing [None req-0ab624d0-8129-4e97-b949-16870f1ceefc - - - - - -] Truncating password to algorithm specific maximum length 72 characters.
[Wed Apr 08 00:48:06.252890 2026] [wsgi:error] [pid 11:tid 140400537179840] [remote 10.0.0.27:59512] 2026-04-08 00:48:06.252 11 WARNING keystone.common.fernet_utils [None req-0ab624d0-8129-4e97-b949-16870f1ceefc - - - - - -] key_repository is world readable: /etc/keystone/fernet-keys/ 10.0.0.27 - - [08/Apr/2026:00:48:05 +0000] "POST /v3/auth/tokens HTTP/1.1" 201 1359 10.0.0.27 - - [08/Apr/2026:00:48:06 +0000] "GET /v3/services HTTP/1.1" 200 355 10.0.0.27 - - [08/Apr/2026:00:48:09 +0000] "GET / HTTP/1.1" 300 295
[Wed Apr 08 00:48:09.691559 2026] [wsgi:error] [pid 12:tid 140400537179840] [remote 10.0.0.27:37226] 2026-04-08 00:48:09.691 12 WARNING keystone.common.password_hashing [None req-ccfe0505-61c8-4982-862b-7b8a486e4d67 - - - - - -] Truncating password to algorithm specific maximum length 72 characters.
[Wed Apr 08 00:48:09.965464 2026] [wsgi:error] [pid 12:tid 140400537179840] [remote 10.0.0.27:37226] 2026-04-08 00:48:09.965 12 WARNING keystone.common.fernet_utils [None req-ccfe0505-61c8-4982-862b-7b8a486e4d67 - - - - - -] key_repository is world readable: /etc/keystone/fernet-keys/ 10.0.0.27 - - [08/Apr/2026:00:48:09 +0000] "POST /v3/auth/tokens HTTP/1.1" 201 1359 10.0.0.27 - - [08/Apr/2026:00:48:10 +0000] "GET /v3/services HTTP/1.1" 200 355 10.0.0.27 - - [08/Apr/2026:00:48:13 +0000] "GET / HTTP/1.1" 300 295
[Wed Apr 08 00:48:13.439180 2026] [wsgi:error] [pid 9:tid 140400537179840] [remote 10.0.0.27:37234] 2026-04-08 00:48:13.439 9 WARNING keystone.common.password_hashing [None req-56641e96-c423-4f6a-9159-9c7b1ef4b0c2 - - - - - -] Truncating password to algorithm specific maximum length 72 characters.
[Wed Apr 08 00:48:13.707885 2026] [wsgi:error] [pid 9:tid 140400537179840] [remote 10.0.0.27:37234] 2026-04-08 00:48:13.707 9 WARNING keystone.common.fernet_utils [None req-56641e96-c423-4f6a-9159-9c7b1ef4b0c2 - - - - - -] key_repository is world readable: /etc/keystone/fernet-keys/ 10.0.0.27 - - [08/Apr/2026:00:48:13 +0000] "POST /v3/auth/tokens HTTP/1.1" 201 1359 10.0.0.27 - - [08/Apr/2026:00:48:13 +0000] "GET /v3/services HTTP/1.1" 200 355 10.0.0.27 - - [08/Apr/2026:00:48:17 +0000] "GET / HTTP/1.1" 300 295
[Wed Apr 08 00:48:17.175782 2026] [wsgi:error] [pid 10:tid 140400537179840] [remote 10.0.0.27:35956] 2026-04-08 00:48:17.175 10 WARNING keystone.common.password_hashing [None req-2bca223e-941c-4b5e-875c-f5bd5d19c7ce - - - - - -] Truncating password to algorithm specific maximum length 72 characters.
[Wed Apr 08 00:48:17.454037 2026] [wsgi:error] [pid 10:tid 140400537179840] [remote 10.0.0.27:35956] 2026-04-08 00:48:17.453 10 WARNING keystone.common.fernet_utils [None req-2bca223e-941c-4b5e-875c-f5bd5d19c7ce - - - - - -] key_repository is world readable: /etc/keystone/fernet-keys/ 10.0.0.27 - - [08/Apr/2026:00:48:17 +0000] "POST /v3/auth/tokens HTTP/1.1" 201 1359 10.0.0.27 - - [08/Apr/2026:00:48:17 +0000] "POST /v3/services HTTP/1.1" 201 296 10.0.0.55 - - [08/Apr/2026:00:48:28 +0000] "GET / HTTP/1.1" 300 295
[Wed Apr 08 00:48:28.452978 2026] [wsgi:error] [pid 11:tid 140400537179840] [remote 10.0.0.55:44690] 2026-04-08 00:48:28.452 11 WARNING keystone.common.password_hashing [None req-9e61d44b-f11d-48d7-a1c2-fae8ab6a7704 - - - - - -] Truncating password to algorithm specific maximum length 72 characters.
[Wed Apr 08 00:48:28.728839 2026] [wsgi:error] [pid 11:tid 140400537179840] [remote 10.0.0.55:44690] 2026-04-08 00:48:28.728 11 WARNING keystone.common.fernet_utils [None req-9e61d44b-f11d-48d7-a1c2-fae8ab6a7704 - - - - - -] key_repository is world readable: /etc/keystone/fernet-keys/ 10.0.0.55 - - [08/Apr/2026:00:48:28 +0000] "POST /v3/auth/tokens HTTP/1.1" 201 1463 10.0.0.55 - - [08/Apr/2026:00:48:28 +0000] "GET / HTTP/1.1" 300 295
[Wed Apr 08 00:48:28.787664 2026] [wsgi:error] [pid 9:tid 140400537179840] [remote 10.0.0.55:44696] 2026-04-08 00:48:28.787 9 WARNING keystone.common.password_hashing [None req-457abe35-f5fd-4862-a4f4-71fceab0a993 - - - - - -] Truncating password to algorithm specific maximum length 72 characters. 10.0.0.55 - - [08/Apr/2026:00:48:28 +0000] "GET /v3/services HTTP/1.1" 200 639 10.0.0.55 - - [08/Apr/2026:00:48:28 +0000] "GET / HTTP/1.1" 300 295
[Wed Apr 08 00:48:28.981085 2026] [wsgi:error] [pid 10:tid 140400537179840] [remote 10.0.0.55:44704] 2026-04-08 00:48:28.980 10 WARNING keystone.common.password_hashing [None req-7892a175-5257-480c-b876-208da845bdae - - - - - -] Truncating password to algorithm specific maximum length 72 characters.
[Wed Apr 08 00:48:29.063034 2026] [wsgi:error] [pid 9:tid 140400537179840] [remote 10.0.0.55:44696] 2026-04-08 00:48:29.062 9 WARNING keystone.common.fernet_utils [None req-457abe35-f5fd-4862-a4f4-71fceab0a993 - - - - - -] key_repository is world readable: /etc/keystone/fernet-keys/ 10.0.0.55 - - [08/Apr/2026:00:48:28 +0000] "POST /v3/auth/tokens HTTP/1.1" 201 1463 10.0.0.55 - - [08/Apr/2026:00:48:29 +0000] "GET /v3/services HTTP/1.1" 200 639
[Wed Apr 08 00:48:29.251366 2026] [wsgi:error] [pid 10:tid 140400537179840] [remote 10.0.0.55:44704] 2026-04-08 00:48:29.251 10 WARNING keystone.common.fernet_utils [None req-7892a175-5257-480c-b876-208da845bdae - - - - - -] key_repository is world readable: /etc/keystone/fernet-keys/ 10.0.0.55 - - [08/Apr/2026:00:48:28 +0000] "POST /v3/auth/tokens HTTP/1.1" 201 1463 10.0.0.55 - - [08/Apr/2026:00:48:29 +0000] "GET /v3/services HTTP/1.1" 200 639 10.0.0.55 - - [08/Apr/2026:00:48:30 +0000] "GET / HTTP/1.1" 300 295
[Wed Apr 08 00:48:30.229060 2026] [wsgi:error] [pid 12:tid 140400537179840] [remote 10.0.0.55:44712] 2026-04-08 00:48:30.228 12 WARNING keystone.common.password_hashing [None req-0365ddb6-5838-4a3c-bf2c-a7c9fd2d291b - - - - - -] Truncating password to algorithm specific maximum length 72 characters.
[Wed Apr 08 00:48:30.528183 2026] [wsgi:error] [pid 12:tid 140400537179840] [remote 10.0.0.55:44712] 2026-04-08 00:48:30.528 12 WARNING keystone.common.fernet_utils [None req-0365ddb6-5838-4a3c-bf2c-a7c9fd2d291b - - - - - -] key_repository is world readable: /etc/keystone/fernet-keys/ 10.0.0.55 - - [08/Apr/2026:00:48:30 +0000] "POST /v3/auth/tokens HTTP/1.1" 201 1463 10.0.0.55 - - [08/Apr/2026:00:48:30 +0000] "GET / HTTP/1.1" 300 295
[Wed Apr 08 00:48:30.612960 2026] [wsgi:error] [pid 11:tid 140400537179840] [remote 10.0.0.55:44718] 2026-04-08 00:48:30.612 11 WARNING keystone.common.password_hashing [None req-f86b75e4-0dda-4adb-b009-8aa6c74fe677 - - - - - -] Truncating password to algorithm specific maximum length 72 characters. 10.0.0.55 - - [08/Apr/2026:00:48:30 +0000] "GET /v3/endpoints HTTP/1.1" 200 1226 10.0.0.55 - - [08/Apr/2026:00:48:30 +0000] "GET /v3/services/21d33c2fa0404b279bdd7c0a28a874a5 HTTP/1.1" 200 233 10.0.0.55 - - [08/Apr/2026:00:48:30 +0000] "GET /v3/services/21d33c2fa0404b279bdd7c0a28a874a5 HTTP/1.1" 200 233 10.0.0.55 - - [08/Apr/2026:00:48:30 +0000] "GET /v3/services/21d33c2fa0404b279bdd7c0a28a874a5 HTTP/1.1" 200 233
[Wed Apr 08 00:48:30.899168 2026] [wsgi:error] [pid 11:tid 140400537179840] [remote 10.0.0.55:44718] 2026-04-08 00:48:30.899 11 WARNING keystone.common.fernet_utils [None req-f86b75e4-0dda-4adb-b009-8aa6c74fe677 - - - - - -] key_repository is world readable: /etc/keystone/fernet-keys/ 10.0.0.55 - - [08/Apr/2026:00:48:30 +0000] "POST /v3/auth/tokens HTTP/1.1" 201 1463 10.0.0.55 - - [08/Apr/2026:00:48:30 +0000] "GET / HTTP/1.1" 300 295
[Wed Apr 08 00:48:30.948607 2026] [wsgi:error] [pid 10:tid 140400537179840] [remote 10.0.0.55:44728] 2026-04-08 00:48:30.948 10 WARNING keystone.common.password_hashing [None req-329f5fff-bb08-42a5-ad2c-555dc5282804 - - - - - -] Truncating password to algorithm specific maximum length 72 characters. 10.0.0.55 - - [08/Apr/2026:00:48:31 +0000] "GET /v3/endpoints HTTP/1.1" 200 1226 10.0.0.55 - - [08/Apr/2026:00:48:31 +0000] "GET /v3/services/21d33c2fa0404b279bdd7c0a28a874a5 HTTP/1.1" 200 233 10.0.0.55 - - [08/Apr/2026:00:48:31 +0000] "GET /v3/services/21d33c2fa0404b279bdd7c0a28a874a5 HTTP/1.1" 200 233 10.0.0.55 - - [08/Apr/2026:00:48:31 +0000] "GET /v3/services/21d33c2fa0404b279bdd7c0a28a874a5 HTTP/1.1" 200 233
[Wed Apr 08 00:48:31.245761 2026] [wsgi:error] [pid 10:tid 140400537179840] [remote 10.0.0.55:44728] 2026-04-08 00:48:31.245 10 WARNING keystone.common.fernet_utils [None req-329f5fff-bb08-42a5-ad2c-555dc5282804 - - - - - -] key_repository is world readable: /etc/keystone/fernet-keys/ 10.0.0.55 - - [08/Apr/2026:00:48:30 +0000] "POST /v3/auth/tokens HTTP/1.1" 201 1463 10.0.0.55 - - [08/Apr/2026:00:48:31 +0000] "GET /v3/endpoints HTTP/1.1" 200 1226 10.0.0.55 - - [08/Apr/2026:00:48:31 +0000] "GET /v3/services/21d33c2fa0404b279bdd7c0a28a874a5 HTTP/1.1" 200 233 10.0.0.55 - - [08/Apr/2026:00:48:31 +0000] "GET /v3/services/21d33c2fa0404b279bdd7c0a28a874a5 HTTP/1.1" 200 233 10.0.0.55 - - [08/Apr/2026:00:48:31 +0000] "GET /v3/services/21d33c2fa0404b279bdd7c0a28a874a5 HTTP/1.1" 200 233 10.0.0.55 - - [08/Apr/2026:00:48:32 +0000] "GET / HTTP/1.1" 300 295
[Wed Apr 08 00:48:32.223581 2026] [wsgi:error] [pid 12:tid 140400537179840] [remote 10.0.0.55:44738] 2026-04-08 00:48:32.223 12 WARNING keystone.common.password_hashing [None req-d0beeeea-6282-4446-a320-cbd977a9f974 - - - - - -] Truncating password to algorithm specific maximum length 72 characters. 10.0.0.55 - - [08/Apr/2026:00:48:32 +0000] "GET / HTTP/1.1" 300 295
[Wed Apr 08 00:48:32.490497 2026] [wsgi:error] [pid 10:tid 140400537179840] [remote 10.0.0.55:44748] 2026-04-08 00:48:32.490 10 WARNING keystone.common.password_hashing [None req-e4ba82b5-35a9-4ff5-9e85-3f9f8fc9f9a0 - - - - - -] Truncating password to algorithm specific maximum length 72 characters.
[Wed Apr 08 00:48:32.502473 2026] [wsgi:error] [pid 12:tid 140400537179840] [remote 10.0.0.55:44738] 2026-04-08 00:48:32.502 12 WARNING keystone.common.fernet_utils [None req-d0beeeea-6282-4446-a320-cbd977a9f974 - - - - - -] key_repository is world readable: /etc/keystone/fernet-keys/ 10.0.0.55 - - [08/Apr/2026:00:48:32 +0000] "POST /v3/auth/tokens HTTP/1.1" 201 1463 10.0.0.55 - - [08/Apr/2026:00:48:32 +0000] "GET /v3/services/9e73440e2db14e238e685749d72e067e HTTP/1.1" 200 296 10.0.0.55 - - [08/Apr/2026:00:48:32 +0000] "GET /v3/regions/RegionOne HTTP/1.1" 200 173
[Wed Apr 08 00:48:32.769646 2026] [wsgi:error] [pid 10:tid 140400537179840] [remote 10.0.0.55:44748] 2026-04-08 00:48:32.769 10 WARNING keystone.common.fernet_utils [None req-e4ba82b5-35a9-4ff5-9e85-3f9f8fc9f9a0 - - - - - -] key_repository is world readable: /etc/keystone/fernet-keys/ 10.0.0.55 - - [08/Apr/2026:00:48:32 +0000] "POST /v3/auth/tokens HTTP/1.1" 201 1463 10.0.0.55 - - [08/Apr/2026:00:48:32 +0000] "POST /v3/endpoints HTTP/1.1" 201 380 10.0.0.55 - - [08/Apr/2026:00:48:32 +0000] "GET / HTTP/1.1" 300 295
[Wed Apr 08 00:48:32.885921 2026] [wsgi:error] [pid 10:tid 140400537179840] [remote 10.0.0.55:44756] 2026-04-08 00:48:32.885 10 WARNING keystone.common.password_hashing [None req-2a37025c-7e14-4b70-8441-37280bcb92ab - - - - - -] Truncating password to algorithm specific maximum length 72 characters. 10.0.0.55 - - [08/Apr/2026:00:48:32 +0000] "GET /v3/services/9e73440e2db14e238e685749d72e067e HTTP/1.1" 200 296 10.0.0.55 - - [08/Apr/2026:00:48:32 +0000] "GET /v3/regions/RegionOne HTTP/1.1" 200 173 10.0.0.55 - - [08/Apr/2026:00:48:32 +0000] "POST /v3/endpoints HTTP/1.1" 201 383
[Wed Apr 08 00:48:33.189675 2026] [wsgi:error] [pid 10:tid 140400537179840] [remote 10.0.0.55:44756] 2026-04-08 00:48:33.189 10 WARNING keystone.common.fernet_utils [None req-2a37025c-7e14-4b70-8441-37280bcb92ab - - - - - -] key_repository is world readable: /etc/keystone/fernet-keys/ 10.0.0.55 - - [08/Apr/2026:00:48:32 +0000] "POST /v3/auth/tokens HTTP/1.1" 201 1822 10.0.0.55 - - [08/Apr/2026:00:48:33 +0000] "GET /v3/services/9e73440e2db14e238e685749d72e067e HTTP/1.1" 200 296 10.0.0.55 - - [08/Apr/2026:00:48:33 +0000] "GET /v3/regions/RegionOne HTTP/1.1" 200 173 10.0.0.55 - - [08/Apr/2026:00:48:33 +0000] "POST /v3/endpoints HTTP/1.1" 201 369 10.0.0.55 - - [08/Apr/2026:00:48:34 +0000] "GET / HTTP/1.1" 300 295
[Wed Apr 08 00:48:34.155922 2026] [wsgi:error] [pid 9:tid 140400537179840] [remote 10.0.0.55:44762] 2026-04-08 00:48:34.155 9 WARNING keystone.common.password_hashing [None req-53001cac-ce87-45c2-9fce-ebdd089636e7 - - - - - -] Truncating password to algorithm specific maximum length 72 characters. 10.0.0.55 - - [08/Apr/2026:00:48:34 +0000] "GET / HTTP/1.1" 300 295
[Wed Apr 08 00:48:34.421669 2026] [wsgi:error] [pid 11:tid 140400537179840] [remote 10.0.0.55:44770] 2026-04-08 00:48:34.421 11 WARNING keystone.common.password_hashing [None req-fe7c7fc4-bb4d-44a3-8703-8f82c482cc1b - - - - - -] Truncating password to algorithm specific maximum length 72 characters.
[Wed Apr 08 00:48:34.437272 2026] [wsgi:error] [pid 9:tid 140400537179840] [remote 10.0.0.55:44762] 2026-04-08 00:48:34.437 9 WARNING keystone.common.fernet_utils [None req-53001cac-ce87-45c2-9fce-ebdd089636e7 - - - - - -] key_repository is world readable: /etc/keystone/fernet-keys/ 10.0.0.55 - - [08/Apr/2026:00:48:34 +0000] "POST /v3/auth/tokens HTTP/1.1" 201 1990 10.0.0.55 - - [08/Apr/2026:00:48:34 +0000] "GET /v3/endpoints/e0fe0a52c82d4ed49806328dba128290 HTTP/1.1" 200 380 10.0.0.55 - - [08/Apr/2026:00:48:34 +0000] "GET /v3/services/9e73440e2db14e238e685749d72e067e HTTP/1.1" 200 296
[Wed Apr 08 00:48:34.702059 2026] [wsgi:error] [pid 11:tid 140400537179840] [remote 10.0.0.55:44770] 2026-04-08 00:48:34.701 11 WARNING keystone.common.fernet_utils [None req-fe7c7fc4-bb4d-44a3-8703-8f82c482cc1b - - - - - -] key_repository is world readable: /etc/keystone/fernet-keys/ 10.0.0.55 - - [08/Apr/2026:00:48:34 +0000] "POST /v3/auth/tokens HTTP/1.1" 201 1990 10.0.0.55 - - [08/Apr/2026:00:48:34 +0000] "GET /v3/endpoints/6ecfbfae7b734c7a9f875afaef58e2b3 HTTP/1.1" 200 383 10.0.0.55 - - [08/Apr/2026:00:48:34 +0000] "GET /v3/services/9e73440e2db14e238e685749d72e067e HTTP/1.1" 200 296 10.0.0.55 - - [08/Apr/2026:00:48:34 +0000] "GET / HTTP/1.1" 300 295
[Wed Apr 08 00:48:34.886235 2026] [wsgi:error] [pid 11:tid 140400537179840] [remote 10.0.0.55:44780] 2026-04-08 00:48:34.885 11 WARNING keystone.common.password_hashing [None req-9ba70fde-ca42-4918-ae44-55dd773a95cd - - - - - -] Truncating password to algorithm specific maximum length 72 characters.
[Wed Apr 08 00:48:35.174185 2026] [wsgi:error] [pid 11:tid 140400537179840] [remote 10.0.0.55:44780] 2026-04-08 00:48:35.174 11 WARNING keystone.common.fernet_utils [None req-9ba70fde-ca42-4918-ae44-55dd773a95cd - - - - - -] key_repository is world readable: /etc/keystone/fernet-keys/ 10.0.0.55 - - [08/Apr/2026:00:48:34 +0000] "POST /v3/auth/tokens HTTP/1.1" 201 1990 10.0.0.55 - - [08/Apr/2026:00:48:35 +0000] "GET /v3/endpoints/3fda66a2654b48aaa1880c30a51ed311 HTTP/1.1" 200 369 10.0.0.55 - - [08/Apr/2026:00:48:35 +0000] "GET /v3/services/9e73440e2db14e238e685749d72e067e HTTP/1.1" 200 296 10.0.0.216 - - [08/Apr/2026:00:48:46 +0000] "GET / HTTP/1.1" 300 295
[Wed Apr 08 00:48:46.439632 2026] [wsgi:error] [pid 11:tid 140400537179840] [remote 10.0.0.216:50966] 2026-04-08 00:48:46.439 11 WARNING keystone.common.password_hashing [None req-3ba9c14b-2de9-4efa-8e64-c4c20d039c0d - - - - - -] Truncating password to algorithm specific maximum length 72 characters.
[Wed Apr 08 00:48:46.709885 2026] [wsgi:error] [pid 11:tid 140400537179840] [remote 10.0.0.216:50966] 2026-04-08 00:48:46.709 11 WARNING keystone.common.fernet_utils [None req-3ba9c14b-2de9-4efa-8e64-c4c20d039c0d - - - - - -] key_repository is world readable: /etc/keystone/fernet-keys/ 10.0.0.216 - - [08/Apr/2026:00:48:46 +0000] "POST /v3/auth/tokens HTTP/1.1" 201 1990 10.0.0.216 - - [08/Apr/2026:00:48:46 +0000] "POST /v3/domains HTTP/1.1" 201 284 10.0.0.221 - - [08/Apr/2026:00:48:47 +0000] "GET /v3/ HTTP/1.1" 200 250 10.0.0.221 - - [08/Apr/2026:00:48:47 +0000] "GET /v3/ HTTP/1.1" 200 250 10.0.0.216 - - [08/Apr/2026:00:48:48 +0000] "GET / HTTP/1.1" 300 295
[Wed Apr 08 00:48:48.262661 2026] [wsgi:error] [pid 9:tid 140400537179840] [remote 10.0.0.216:45846] 2026-04-08 00:48:48.262 9 WARNING keystone.common.password_hashing [None req-72aa6c4d-f6cf-43b8-b73c-9aa8c20ddeba - - - - - -] Truncating password to algorithm specific maximum length 72 characters.
[Wed Apr 08 00:48:48.537723 2026] [wsgi:error] [pid 9:tid 140400537179840] [remote 10.0.0.216:45846] 2026-04-08 00:48:48.537 9 WARNING keystone.common.fernet_utils [None req-72aa6c4d-f6cf-43b8-b73c-9aa8c20ddeba - - - - - -] key_repository is world readable: /etc/keystone/fernet-keys/ 10.0.0.216 - - [08/Apr/2026:00:48:48 +0000] "POST /v3/auth/tokens HTTP/1.1" 201 1990
[Wed Apr 08 00:48:48.738680 2026] [wsgi:error] [pid 10:tid 140400537179840] [remote 10.0.0.216:45846] 2026-04-08 00:48:48.726 10 ERROR keystone.server.flask.application [None req-a7d69098-212d-40d8-8a43-e72d6560a038 0c85bd20554b4ebc9ea4511b0c1e6884 b00862a683f74570b32eb9c3136c16e2 - - default default] Conflict occurred attempting to store project - it is not permitted to have two projects acting as domains with the same name: service.: keystone.exception.Conflict: Conflict occurred attempting to store project - it is not permitted to have two projects acting as domains with the same name: service.
[Wed Apr 08 00:48:48.738706 2026] [wsgi:error] [pid 10:tid 140400537179840] [remote 10.0.0.216:45846] 2026-04-08 00:48:48.726 10 ERROR keystone.server.flask.application
Traceback (most recent call last):
[Wed Apr 08 00:48:48.738708 2026] [wsgi:error] [pid 10:tid 140400537179840] [remote 10.0.0.216:45846] 2026-04-08 00:48:48.726 10 ERROR keystone.server.flask.application
File "/var/lib/openstack/lib/python3.12/site-packages/sqlalchemy/engine/base.py", line 1967, in _exec_single_context
[Wed Apr 08 00:48:48.738710 2026] [wsgi:error] [pid 10:tid 140400537179840] [remote 10.0.0.216:45846] 2026-04-08 00:48:48.726 10 ERROR keystone.server.flask.application self.dialect.do_execute(
[Wed Apr 08 00:48:48.738711 2026] [wsgi:error] [pid 10:tid 140400537179840] [remote 10.0.0.216:45846] 2026-04-08 00:48:48.726 10 ERROR keystone.server.flask.application
File "/var/lib/openstack/lib/python3.12/site-packages/sqlalchemy/engine/default.py", line 952, in do_execute
[Wed Apr 08 00:48:48.738713 2026] [wsgi:error] [pid 10:tid 140400537179840] [remote 10.0.0.216:45846] 2026-04-08 00:48:48.726 10 ERROR keystone.server.flask.application cursor.execute(statement, parameters)
[Wed Apr 08 00:48:48.738715 2026] [wsgi:error] [pid 10:tid 140400537179840] [remote 10.0.0.216:45846] 2026-04-08 00:48:48.726 10 ERROR keystone.server.flask.application
File "/var/lib/openstack/lib/python3.12/site-packages/pymysql/cursors.py", line 153, in execute
[Wed Apr 08 00:48:48.738716 2026] [wsgi:error] [pid 10:tid 140400537179840] [remote 10.0.0.216:45846] 2026-04-08 00:48:48.726 10 ERROR keystone.server.flask.application result = self._query(query)
[Wed Apr 08 00:48:48.738718 2026] [wsgi:error] [pid 10:tid 140400537179840] [remote 10.0.0.216:45846] 2026-04-08 00:48:48.726 10 ERROR keystone.server.flask.application ^^^^^^^^^^^^^^^^^^
[Wed Apr 08 00:48:48.738719 2026] [wsgi:error] [pid 10:tid 140400537179840] [remote 10.0.0.216:45846] 2026-04-08 00:48:48.726 10 ERROR keystone.server.flask.application
File "/var/lib/openstack/lib/python3.12/site-packages/pymysql/cursors.py", line 322, in _query
[Wed Apr 08 00:48:48.738720 2026] [wsgi:error] [pid 10:tid 140400537179840] [remote 10.0.0.216:45846] 2026-04-08 00:48:48.726 10 ERROR keystone.server.flask.application conn.query(q)
[Wed Apr 08 00:48:48.738722 2026] [wsgi:error] [pid 10:tid 140400537179840] [remote 10.0.0.216:45846] 2026-04-08 00:48:48.726 10 ERROR keystone.server.flask.application
File "/var/lib/openstack/lib/python3.12/site-packages/pymysql/connections.py", line 575, in query
[Wed Apr 08 00:48:48.738724 2026] [wsgi:error] [pid 10:tid 140400537179840] [remote 10.0.0.216:45846] 2026-04-08 00:48:48.726 10 ERROR keystone.server.flask.application self._affected_rows = self._read_query_result(unbuffered=unbuffered)
[Wed Apr 08 00:48:48.738725 2026] [wsgi:error] [pid 10:tid 140400537179840] [remote 10.0.0.216:45846] 2026-04-08 00:48:48.726 10 ERROR keystone.server.flask.application ^^^^^^^^^^^^^^^^^^^^^^^^^^^^^^^^^^^^^^^^^^^^^^
[Wed Apr 08 00:48:48.738726 2026] [wsgi:error] [pid 10:tid 140400537179840] [remote 10.0.0.216:45846] 2026-04-08 00:48:48.726 10 ERROR keystone.server.flask.application
File "/var/lib/openstack/lib/python3.12/site-packages/pymysql/connections.py", line 826, in _read_query_result
[Wed Apr 08 00:48:48.738728 2026] [wsgi:error] [pid 10:tid 140400537179840] [remote 10.0.0.216:45846] 2026-04-08 00:48:48.726 10 ERROR keystone.server.flask.application result.read()
[Wed Apr 08 00:48:48.738731 2026] [wsgi:error] [pid 10:tid 140400537179840] [remote 10.0.0.216:45846] 2026-04-08 00:48:48.726 10 ERROR keystone.server.flask.application
File "/var/lib/openstack/lib/python3.12/site-packages/pymysql/connections.py", line 1203, in read
[Wed Apr 08 00:48:48.738732 2026] [wsgi:error] [pid 10:tid 140400537179840] [remote 10.0.0.216:45846] 2026-04-08 00:48:48.726 10 ERROR keystone.server.flask.application first_packet = self.connection._read_packet()
[Wed Apr 08 00:48:48.738734 2026] [wsgi:error] [pid 10:tid 140400537179840] [remote 10.0.0.216:45846] 2026-04-08 00:48:48.726 10 ERROR keystone.server.flask.application ^^^^^^^^^^^^^^^^^^^^^^^^^^^^^^
[Wed Apr 08 00:48:48.738735 2026] [wsgi:error] [pid 10:tid 140400537179840] [remote 10.0.0.216:45846] 2026-04-08 00:48:48.726 10 ERROR keystone.server.flask.application
File "/var/lib/openstack/lib/python3.12/site-packages/pymysql/connections.py", line 782, in _read_packet
[Wed Apr 08 00:48:48.738737 2026] [wsgi:error] [pid 10:tid 140400537179840] [remote 10.0.0.216:45846] 2026-04-08 00:48:48.726 10 ERROR keystone.server.flask.application packet.raise_for_error()
[Wed Apr 08 00:48:48.738738 2026] [wsgi:error] [pid 10:tid 140400537179840] [remote 10.0.0.216:45846] 2026-04-08 00:48:48.726 10 ERROR keystone.server.flask.application
File "/var/lib/openstack/lib/python3.12/site-packages/pymysql/protocol.py", line 219, in raise_for_error
[Wed Apr 08 00:48:48.738740 2026] [wsgi:error] [pid 10:tid 140400537179840] [remote 10.0.0.216:45846] 2026-04-08 00:48:48.726 10 ERROR keystone.server.flask.application err.raise_mysql_exception(self._data)
[Wed Apr 08 00:48:48.738741 2026] [wsgi:error] [pid 10:tid 140400537179840] [remote 10.0.0.216:45846] 2026-04-08 00:48:48.726 10 ERROR keystone.server.flask.application
File "/var/lib/openstack/lib/python3.12/site-packages/pymysql/err.py", line 150, in raise_mysql_exception
[Wed Apr 08 00:48:48.738743 2026] [wsgi:error] [pid 10:tid 140400537179840] [remote 10.0.0.216:45846] 2026-04-08 00:48:48.726 10 ERROR keystone.server.flask.application raise errorclass(errno, errval)
[Wed Apr 08 00:48:48.738744 2026] [wsgi:error] [pid 10:tid 140400537179840] [remote 10.0.0.216:45846] 2026-04-08 00:48:48.726 10 ERROR keystone.server.flask.application pymysql.err.IntegrityError: (1062, "Duplicate entry '<>-service' for key 'project.ixu_project_name_domain_id'")
[Wed Apr 08 00:48:48.738746 2026] [wsgi:error] [pid 10:tid 140400537179840] [remote 10.0.0.216:45846] 2026-04-08 00:48:48.726 10 ERROR keystone.server.flask.application
[Wed Apr 08 00:48:48.738747 2026] [wsgi:error] [pid 10:tid 140400537179840] [remote 10.0.0.216:45846] 2026-04-08 00:48:48.726 10 ERROR keystone.server.flask.application The above exception was the direct cause of the following exception:
[Wed Apr 08 00:48:48.738749 2026] [wsgi:error] [pid 10:tid 140400537179840] [remote 10.0.0.216:45846] 2026-04-08 00:48:48.726 10 ERROR keystone.server.flask.application
[Wed Apr 08 00:48:48.738750 2026] [wsgi:error] [pid 10:tid 140400537179840] [remote 10.0.0.216:45846] 2026-04-08 00:48:48.726 10 ERROR keystone.server.flask.application
Traceback (most recent call last):
[Wed Apr 08 00:48:48.738751 2026] [wsgi:error] [pid 10:tid 140400537179840] [remote 10.0.0.216:45846] 2026-04-08 00:48:48.726 10 ERROR keystone.server.flask.application
File "/var/lib/openstack/lib/python3.12/site-packages/keystone/common/sql/core.py", line 575, in wrapper
[Wed Apr 08 00:48:48.738753 2026] [wsgi:error] [pid 10:tid 140400537179840] [remote 10.0.0.216:45846] 2026-04-08 00:48:48.726 10 ERROR keystone.server.flask.application return method(*args, **kwargs)
[Wed Apr 08 00:48:48.738754 2026] [wsgi:error] [pid 10:tid 140400537179840] [remote 10.0.0.216:45846] 2026-04-08 00:48:48.726 10 ERROR keystone.server.flask.application ^^^^^^^^^^^^^^^^^^^^^^^
[Wed Apr 08 00:48:48.738757 2026] [wsgi:error] [pid 10:tid 140400537179840] [remote 10.0.0.216:45846] 2026-04-08 00:48:48.726 10 ERROR keystone.server.flask.application
File "/var/lib/openstack/lib/python3.12/site-packages/keystone/resource/backends/sql.py", line 278, in create_project
[Wed Apr 08 00:48:48.738758 2026] [wsgi:error] [pid 10:tid 140400537179840] [remote 10.0.0.216:45846] 2026-04-08 00:48:48.726 10 ERROR keystone.server.flask.application with sql.session_for_write() as session:
[Wed Apr 08 00:48:48.738760 2026] [wsgi:error] [pid 10:tid 140400537179840] [remote 10.0.0.216:45846] 2026-04-08 00:48:48.726 10 ERROR keystone.server.flask.application
File "/usr/lib/python3.12/contextlib.py", line 144, in __exit__
[Wed Apr 08 00:48:48.738761 2026] [wsgi:error] [pid 10:tid 140400537179840] [remote 10.0.0.216:45846] 2026-04-08 00:48:48.726 10 ERROR keystone.server.flask.application next(self.gen)
[Wed Apr 08 00:48:48.738762 2026] [wsgi:error] [pid 10:tid 140400537179840] [remote 10.0.0.216:45846] 2026-04-08 00:48:48.726 10 ERROR keystone.server.flask.application
File "/var/lib/openstack/lib/python3.12/site-packages/oslo_db/sqlalchemy/enginefacade.py", line 1175, in _transaction_scope
[Wed Apr 08 00:48:48.738764 2026] [wsgi:error] [pid 10:tid 140400537179840] [remote 10.0.0.216:45846] 2026-04-08 00:48:48.726 10 ERROR keystone.server.flask.application with current._produce_block(
[Wed Apr 08 00:48:48.738765 2026] [wsgi:error] [pid 10:tid 140400537179840] [remote 10.0.0.216:45846] 2026-04-08 00:48:48.726 10 ERROR keystone.server.flask.application
File "/usr/lib/python3.12/contextlib.py", line 144, in __exit__
[Wed Apr 08 00:48:48.738766 2026] [wsgi:error] [pid 10:tid 140400537179840] [remote 10.0.0.216:45846] 2026-04-08 00:48:48.726 10 ERROR keystone.server.flask.application next(self.gen)
[Wed Apr 08 00:48:48.738768 2026] [wsgi:error] [pid 10:tid 140400537179840] [remote 10.0.0.216:45846] 2026-04-08 00:48:48.726 10 ERROR keystone.server.flask.application
File "/var/lib/openstack/lib/python3.12/site-packages/oslo_db/sqlalchemy/enginefacade.py", line 837, in _session
[Wed Apr 08 00:48:48.738769 2026] [wsgi:error] [pid 10:tid 140400537179840] [remote 10.0.0.216:45846] 2026-04-08 00:48:48.726 10 ERROR keystone.server.flask.application with excutils.save_and_reraise_exception():
[Wed Apr 08 00:48:48.738770 2026] [wsgi:error] [pid 10:tid 140400537179840] [remote 10.0.0.216:45846] 2026-04-08 00:48:48.726 10 ERROR keystone.server.flask.application
File "/var/lib/openstack/lib/python3.12/site-packages/oslo_utils/excutils.py", line 267, in __exit__
[Wed Apr 08 00:48:48.738772 2026] [wsgi:error] [pid 10:tid 140400537179840] [remote 10.0.0.216:45846] 2026-04-08 00:48:48.726 10 ERROR keystone.server.flask.application self.force_reraise()
[Wed Apr 08 00:48:48.738774 2026] [wsgi:error] [pid 10:tid 140400537179840] [remote 10.0.0.216:45846] 2026-04-08 00:48:48.726 10 ERROR keystone.server.flask.application
File "/var/lib/openstack/lib/python3.12/site-packages/oslo_utils/excutils.py", line 233, in force_reraise
[Wed Apr 08 00:48:48.738787 2026] [wsgi:error] [pid 10:tid 140400537179840] [remote 10.0.0.216:45846] 2026-04-08 00:48:48.726 10 ERROR keystone.server.flask.application raise self.value
[Wed Apr 08 00:48:48.738789 2026] [wsgi:error] [pid 10:tid 140400537179840] [remote 10.0.0.216:45846] 2026-04-08 00:48:48.726 10 ERROR keystone.server.flask.application
File "/var/lib/openstack/lib/python3.12/site-packages/oslo_db/sqlalchemy/enginefacade.py", line 835, in _session
[Wed Apr 08 00:48:48.738790 2026] [wsgi:error] [pid 10:tid 140400537179840] [remote 10.0.0.216:45846] 2026-04-08 00:48:48.726 10 ERROR keystone.server.flask.application self._end_session_transaction(self.session)
[Wed Apr 08 00:48:48.738792 2026] [wsgi:error] [pid 10:tid 140400537179840] [remote 10.0.0.216:45846] 2026-04-08 00:48:48.726 10 ERROR keystone.server.flask.application
File "/var/lib/openstack/lib/python3.12/site-packages/oslo_db/sqlalchemy/enginefacade.py", line 748, in _end_session_transaction
[Wed Apr 08 00:48:48.738794 2026] [wsgi:error] [pid 10:tid 140400537179840] [remote 10.0.0.216:45846] 2026-04-08 00:48:48.726 10 ERROR keystone.server.flask.application session.commit()
[Wed Apr 08 00:48:48.738795 2026] [wsgi:error] [pid 10:tid 140400537179840] [remote 10.0.0.216:45846] 2026-04-08 00:48:48.726 10 ERROR keystone.server.flask.application
File "/var/lib/openstack/lib/python3.12/site-packages/sqlalchemy/orm/session.py", line 2030, in commit
[Wed Apr 08 00:48:48.738797 2026] [wsgi:error] [pid 10:tid 140400537179840] [remote 10.0.0.216:45846] 2026-04-08 00:48:48.726 10 ERROR keystone.server.flask.application trans.commit(_to_root=True)
[Wed Apr 08 00:48:48.738799 2026] [wsgi:error] [pid 10:tid 140400537179840] [remote 10.0.0.216:45846] 2026-04-08 00:48:48.726 10 ERROR keystone.server.flask.application File "", line 2, in commit
[Wed Apr 08 00:48:48.738800 2026] [wsgi:error] [pid 10:tid 140400537179840] [remote 10.0.0.216:45846] 2026-04-08 00:48:48.726 10 ERROR keystone.server.flask.application
File "/var/lib/openstack/lib/python3.12/site-packages/sqlalchemy/orm/state_changes.py", line 137, in _go
[Wed Apr 08 00:48:48.738802 2026] [wsgi:error] [pid 10:tid 140400537179840] [remote 10.0.0.216:45846] 2026-04-08 00:48:48.726 10 ERROR keystone.server.flask.application ret_value = fn(self, *arg, **kw)
[Wed Apr 08 00:48:48.738804 2026] [wsgi:error] [pid 10:tid 140400537179840] [remote 10.0.0.216:45846] 2026-04-08 00:48:48.726 10 ERROR keystone.server.flask.application ^^^^^^^^^^^^^^^^^^^^
[Wed Apr 08 00:48:48.738805 2026] [wsgi:error] [pid 10:tid 140400537179840] [remote 10.0.0.216:45846] 2026-04-08 00:48:48.726 10 ERROR keystone.server.flask.application
File "/var/lib/openstack/lib/python3.12/site-packages/sqlalchemy/orm/session.py", line 1311, in commit
[Wed Apr 08 00:48:48.738807 2026] [wsgi:error] [pid 10:tid 140400537179840] [remote 10.0.0.216:45846] 2026-04-08 00:48:48.726 10 ERROR keystone.server.flask.application self._prepare_impl()
[Wed Apr 08 00:48:48.738809 2026] [wsgi:error] [pid 10:tid 140400537179840] [remote 10.0.0.216:45846] 2026-04-08 00:48:48.726 10 ERROR keystone.server.flask.application File "", line 2, in _prepare_impl
[Wed Apr 08 00:48:48.738810 2026] [wsgi:error] [pid 10:tid 140400537179840] [remote 10.0.0.216:45846] 2026-04-08 00:48:48.726 10 ERROR keystone.server.flask.application
File "/var/lib/openstack/lib/python3.12/site-packages/sqlalchemy/orm/state_changes.py", line 137, in _go
[Wed Apr 08 00:48:48.738812 2026] [wsgi:error] [pid 10:tid 140400537179840] [remote 10.0.0.216:45846] 2026-04-08 00:48:48.726 10 ERROR keystone.server.flask.application ret_value = fn(self, *arg, **kw)
[Wed Apr 08 00:48:48.738814 2026] [wsgi:error] [pid 10:tid 140400537179840] [remote 10.0.0.216:45846] 2026-04-08 00:48:48.726 10 ERROR keystone.server.flask.application ^^^^^^^^^^^^^^^^^^^^
[Wed Apr 08 00:48:48.738816 2026] [wsgi:error] [pid 10:tid 140400537179840] [remote 10.0.0.216:45846] 2026-04-08 00:48:48.726 10 ERROR keystone.server.flask.application
File "/var/lib/openstack/lib/python3.12/site-packages/sqlalchemy/orm/session.py", line 1286, in _prepare_impl
[Wed Apr 08 00:48:48.738818 2026] [wsgi:error] [pid 10:tid 140400537179840] [remote 10.0.0.216:45846] 2026-04-08 00:48:48.726 10 ERROR keystone.server.flask.application self.session.flush()
[Wed Apr 08 00:48:48.738820 2026] [wsgi:error] [pid 10:tid 140400537179840] [remote 10.0.0.216:45846] 2026-04-08 00:48:48.726 10 ERROR keystone.server.flask.application
File "/var/lib/openstack/lib/python3.12/site-packages/sqlalchemy/orm/session.py", line 4331, in flush
[Wed Apr 08 00:48:48.738825 2026] [wsgi:error] [pid 10:tid 140400537179840] [remote 10.0.0.216:45846] 2026-04-08 00:48:48.726 10 ERROR keystone.server.flask.application self._flush(objects)
[Wed Apr 08 00:48:48.738827 2026] [wsgi:error] [pid 10:tid 140400537179840] [remote 10.0.0.216:45846] 2026-04-08 00:48:48.726 10 ERROR keystone.server.flask.application
File "/var/lib/openstack/lib/python3.12/site-packages/sqlalchemy/orm/session.py", line 4466, in _flush
[Wed Apr 08 00:48:48.738829 2026] [wsgi:error] [pid 10:tid 140400537179840] [remote 10.0.0.216:45846] 2026-04-08 00:48:48.726 10 ERROR keystone.server.flask.application with util.safe_reraise():
[Wed Apr 08 00:48:48.738831 2026] [wsgi:error] [pid 10:tid 140400537179840] [remote 10.0.0.216:45846] 2026-04-08 00:48:48.726 10 ERROR keystone.server.flask.application
File "/var/lib/openstack/lib/python3.12/site-packages/sqlalchemy/util/langhelpers.py", line 121, in __exit__
[Wed Apr 08 00:48:48.738833 2026] [wsgi:error] [pid 10:tid 140400537179840] [remote 10.0.0.216:45846] 2026-04-08 00:48:48.726 10 ERROR keystone.server.flask.application raise exc_value.with_traceback(exc_tb)
[Wed Apr 08 00:48:48.738835 2026] [wsgi:error] [pid 10:tid 140400537179840] [remote 10.0.0.216:45846] 2026-04-08 00:48:48.726 10 ERROR keystone.server.flask.application
File "/var/lib/openstack/lib/python3.12/site-packages/sqlalchemy/orm/session.py", line 4427, in _flush
[Wed Apr 08 00:48:48.738837 2026] [wsgi:error] [pid 10:tid 140400537179840] [remote 10.0.0.216:45846] 2026-04-08 00:48:48.726 10 ERROR keystone.server.flask.application flush_context.execute()
[Wed Apr 08 00:48:48.738841 2026] [wsgi:error] [pid 10:tid 140400537179840] [remote 10.0.0.216:45846] 2026-04-08 00:48:48.726 10 ERROR keystone.server.flask.application
File "/var/lib/openstack/lib/python3.12/site-packages/sqlalchemy/orm/unitofwork.py", line 466, in execute
