+ exec neutron-metadata-agent --config-file /etc/neutron/neutron.conf --config-file /tmp/pod-shared/neutron-agent.ini --config-file /etc/neutron/metadata_agent.ini /var/lib/openstack/lib/python3.10/site-packages/neutron/common/utils.py:54: UserWarning: pkg_resources is deprecated as an API. See https://setuptools.pypa.io/en/latest/pkg_resources.html. The pkg_resources package is slated for removal as early as 2025-11-30. Refrain from using this package or pin to Setuptools<81. import pkg_resources
2026-03-04 01:54:21.455 38 INFO neutron.common.config [-] Logging enabled!
2026-03-04 01:54:21.456 38 INFO neutron.common.config [-] /var/lib/openstack/bin/neutron-metadata-agent version 21.2.2.dev24 /var/lib/openstack/lib/python3.10/site-packages/memcache.py:1303: SyntaxWarning: "is" with a literal. Did you mean "=="? if key is '': /var/lib/openstack/lib/python3.10/site-packages/memcache.py:1304: SyntaxWarning: "is" with a literal. Did you mean "=="? if key_extra_len is 0:
2026-03-04 01:54:21.473 38 INFO oslo_service.service [None req-97088169-5452-40bc-ad80-40b778a65aa2 - - - - - -] Starting 2 workers
2026-03-04 01:54:21.481 46 INFO eventlet.wsgi.server [-] (46) wsgi starting up on http:/var/lib/neutron/openstack-helm/metadata_proxy
2026-03-04 01:54:21.484 47 INFO eventlet.wsgi.server [-] (47) wsgi starting up on http:/var/lib/neutron/openstack-helm/metadata_proxy
2026-03-04 01:54:54.171 46 INFO eventlet.wsgi.server [-] 169.254.169.254, "GET / HTTP/1.1" status: 404 len: 176 time: 0.1376927
2026-03-04 01:58:04.143 46 INFO eventlet.wsgi.server [-] 169.254.169.254, "GET / HTTP/1.1" status: 404 len: 176 time: 0.0175517
2026-03-04 02:01:14.071 47 INFO eventlet.wsgi.server [-] 169.254.169.254, "GET / HTTP/1.1" status: 404 len: 176 time: 0.0075502
2026-03-04 02:01:44.108 47 INFO eventlet.wsgi.server [-] 169.254.169.254, "GET / HTTP/1.1" status: 404 len: 176 time: 0.0064411
2026-03-04 02:04:24.135 46 INFO eventlet.wsgi.server [-] 169.254.169.254, "GET / HTTP/1.1" status: 404 len: 176 time: 0.0072837
2026-03-04 02:07:34.233 47 INFO eventlet.wsgi.server [-] 169.254.169.254, "GET / HTTP/1.1" status: 404 len: 176 time: 0.1047049
2026-03-04 02:10:44.082 47 INFO eventlet.wsgi.server [-] 169.254.169.254, "GET / HTTP/1.1" status: 404 len: 176 time: 0.0038099
2026-03-04 02:11:44.163 47 INFO eventlet.wsgi.server [-] 169.254.169.254, "GET / HTTP/1.1" status: 404 len: 176 time: 0.0069444
2026-03-04 02:13:54.047 46 INFO eventlet.wsgi.server [-] 169.254.169.254, "GET / HTTP/1.1" status: 404 len: 176 time: 0.0052996
2026-03-04 02:17:04.051 46 INFO eventlet.wsgi.server [-] 169.254.169.254, "GET / HTTP/1.1" status: 404 len: 176 time: 0.0047884
2026-03-04 02:20:14.099 47 INFO eventlet.wsgi.server [-] 169.254.169.254, "GET / HTTP/1.1" status: 404 len: 176 time: 0.0540969
2026-03-04 02:21:44.069 46 INFO eventlet.wsgi.server [-] 169.254.169.254, "GET / HTTP/1.1" status: 404 len: 176 time: 0.0048709
2026-03-04 02:23:24.163 47 INFO eventlet.wsgi.server [-] 169.254.169.254, "GET / HTTP/1.1" status: 404 len: 176 time: 0.0083976
2026-03-04 02:26:34.073 47 INFO eventlet.wsgi.server [-] 169.254.169.254, "GET / HTTP/1.1" status: 404 len: 176 time: 0.0070808
2026-03-04 02:27:15.447 47 INFO eventlet.wsgi.server [-] 10.100.0.8, "GET /2009-04-04/meta-data/instance-id HTTP/1.1" status: 200 len: 146 time: 2.7543132
2026-03-04 02:27:15.494 47 INFO eventlet.wsgi.server [-] 10.100.0.8, "GET /2009-04-04/meta-data/public-keys HTTP/1.1" status: 200 len: 163 time: 0.0341799
2026-03-04 02:27:15.513 47 INFO eventlet.wsgi.server [-] 10.100.0.8, "GET /2009-04-04/meta-data/public-keys/0/openssh-key HTTP/1.1" status: 200 len: 341 time: 0.0131068
2026-03-04 02:27:15.532 47 INFO eventlet.wsgi.server [-] 10.100.0.8, "GET /2009-04-04/meta-data/instance-id HTTP/1.1" status: 200 len: 146 time: 0.0142610
2026-03-04 02:27:15.551 47 INFO eventlet.wsgi.server [-] 10.100.0.8, "GET /2009-04-04/meta-data/ami-launch-index HTTP/1.1" status: 200 len: 136 time: 0.0151043
2026-03-04 02:27:15.575 47 INFO eventlet.wsgi.server [-] 10.100.0.8, "GET /2009-04-04/meta-data/instance-type HTTP/1.1" status: 200 len: 142 time: 0.0151525
2026-03-04 02:27:15.597 47 INFO eventlet.wsgi.server [-] 10.100.0.8, "GET /2009-04-04/meta-data/local-ipv4 HTTP/1.1" status: 200 len: 146 time: 0.0178852
2026-03-04 02:27:15.616 47 INFO eventlet.wsgi.server [-] 10.100.0.8, "GET /2009-04-04/meta-data/public-ipv4 HTTP/1.1" status: 200 len: 149 time: 0.0141280
2026-03-04 02:27:15.634 47 INFO eventlet.wsgi.server [-] 10.100.0.8, "GET /2009-04-04/meta-data/hostname HTTP/1.1" status: 200 len: 193 time: 0.0142708
2026-03-04 02:27:15.655 47 INFO eventlet.wsgi.server [-] 10.100.0.8, "GET /2009-04-04/meta-data/local-hostname HTTP/1.1" status: 200 len: 193 time: 0.0166557
2026-03-04 02:27:15.717 46 INFO eventlet.wsgi.server [-] 10.100.0.8, "GET /2009-04-04/user-data HTTP/1.1" status: 200 len: 231 time: 0.0170560
2026-03-04 02:27:15.734 46 INFO eventlet.wsgi.server [-] 10.100.0.8, "GET /2009-04-04/meta-data/block-device-mapping HTTP/1.1" status: 200 len: 143 time: 0.0128520
2026-03-04 02:27:15.753 46 INFO eventlet.wsgi.server [-] 10.100.0.8, "GET /2009-04-04/meta-data/block-device-mapping/ami HTTP/1.1" status: 200 len: 138 time: 0.0146198
2026-03-04 02:27:15.787 46 INFO eventlet.wsgi.server [-] 10.100.0.8, "GET /2009-04-04/meta-data/block-device-mapping/root HTTP/1.1" status: 200 len: 143 time: 0.0301852
2026-03-04 02:27:15.808 47 INFO eventlet.wsgi.server [-] 10.100.0.8, "GET /2009-04-04/meta-data/public-hostname HTTP/1.1" status: 200 len: 193 time: 0.0121429
2026-03-04 02:27:15.830 47 INFO eventlet.wsgi.server [-] 10.100.0.8, "GET /2009-04-04/meta-data/placement/availability-zone HTTP/1.1" status: 200 len: 139 time: 0.0181184
2026-03-04 02:27:34.249 46 INFO eventlet.wsgi.server [-] 10.100.0.8, "GET /2009-04-04/meta-data/instance-id HTTP/1.1" status: 200 len: 146 time: 0.2586231
2026-03-04 02:27:34.281 46 INFO eventlet.wsgi.server [-] 10.100.0.8, "GET /2009-04-04/meta-data/public-keys HTTP/1.1" status: 200 len: 163 time: 0.0238307
2026-03-04 02:27:34.304 47 INFO eventlet.wsgi.server [-] 10.100.0.8, "GET /2009-04-04/meta-data/public-keys/0/openssh-key HTTP/1.1" status: 200 len: 341 time: 0.0151529
2026-03-04 02:27:34.325 47 INFO eventlet.wsgi.server [-] 10.100.0.8, "GET /2009-04-04/meta-data/instance-id HTTP/1.1" status: 200 len: 146 time: 0.0132954
2026-03-04 02:27:34.350 47 INFO eventlet.wsgi.server [-] 10.100.0.8, "GET /2009-04-04/meta-data/ami-launch-index HTTP/1.1" status: 200 len: 136 time: 0.0169249
2026-03-04 02:27:34.380 46 INFO eventlet.wsgi.server [-] 10.100.0.8, "GET /2009-04-04/meta-data/instance-type HTTP/1.1" status: 200 len: 142 time: 0.0204823
2026-03-04 02:27:34.411 47 INFO eventlet.wsgi.server [-] 10.100.0.8, "GET /2009-04-04/meta-data/local-ipv4 HTTP/1.1" status: 200 len: 146 time: 0.0251675
2026-03-04 02:27:34.438 46 INFO eventlet.wsgi.server [-] 10.100.0.8, "GET /2009-04-04/meta-data/public-ipv4 HTTP/1.1" status: 200 len: 149 time: 0.0184939
2026-03-04 02:27:34.458 46 INFO eventlet.wsgi.server [-] 10.100.0.8, "GET /2009-04-04/meta-data/hostname HTTP/1.1" status: 200 len: 193 time: 0.0131431
2026-03-04 02:27:34.474 46 INFO eventlet.wsgi.server [-] 10.100.0.8, "GET /2009-04-04/meta-data/local-hostname HTTP/1.1" status: 200 len: 193 time: 0.0105975
2026-03-04 02:27:34.491 46 INFO eventlet.wsgi.server [-] 10.100.0.8, "GET /2009-04-04/user-data HTTP/1.1" status: 200 len: 231 time: 0.0110328
2026-03-04 02:27:34.516 47 INFO eventlet.wsgi.server [-] 10.100.0.8, "GET /2009-04-04/meta-data/block-device-mapping HTTP/1.1" status: 200 len: 143 time: 0.0189705
2026-03-04 02:27:34.546 47 INFO eventlet.wsgi.server [-] 10.100.0.8, "GET /2009-04-04/meta-data/block-device-mapping/ami HTTP/1.1" status: 200 len: 138 time: 0.0246534
2026-03-04 02:27:34.563 47 INFO eventlet.wsgi.server [-] 10.100.0.8, "GET /2009-04-04/meta-data/block-device-mapping/root HTTP/1.1" status: 200 len: 143 time: 0.0131075
2026-03-04 02:27:34.583 47 INFO eventlet.wsgi.server [-] 10.100.0.8, "GET /2009-04-04/meta-data/public-hostname HTTP/1.1" status: 200 len: 193 time: 0.0155945
2026-03-04 02:27:34.607 47 INFO eventlet.wsgi.server [-] 10.100.0.8, "GET /2009-04-04/meta-data/placement/availability-zone HTTP/1.1" status: 200 len: 139 time: 0.0191467
2026-03-04 02:27:39.237 46 INFO eventlet.wsgi.server [-] 10.100.0.14, "GET /2009-04-04/meta-data/instance-id HTTP/1.1" status: 200 len: 146 time: 0.2340004
2026-03-04 02:27:39.259 47 INFO eventlet.wsgi.server [-] 10.100.0.14, "GET /2009-04-04/meta-data/public-keys HTTP/1.1" status: 200 len: 164 time: 0.0145919
2026-03-04 02:27:39.276 47 INFO eventlet.wsgi.server [-] 10.100.0.14, "GET /2009-04-04/meta-data/public-keys/0/openssh-key HTTP/1.1" status: 200 len: 341 time: 0.0129263
2026-03-04 02:27:39.299 47 INFO eventlet.wsgi.server [-] 10.100.0.14, "GET /2009-04-04/meta-data/instance-id HTTP/1.1" status: 200 len: 146 time: 0.0152171
2026-03-04 02:27:39.317 47 INFO eventlet.wsgi.server [-] 10.100.0.14, "GET /2009-04-04/meta-data/ami-launch-index HTTP/1.1" status: 200 len: 136 time: 0.0125668
2026-03-04 02:27:39.335 47 INFO eventlet.wsgi.server [-] 10.100.0.14, "GET /2009-04-04/meta-data/instance-type HTTP/1.1" status: 200 len: 142 time: 0.0122147
2026-03-04 02:27:39.351 47 INFO eventlet.wsgi.server [-] 10.100.0.14, "GET /2009-04-04/meta-data/local-ipv4 HTTP/1.1" status: 200 len: 147 time: 0.0109394
2026-03-04 02:27:39.366 47 INFO eventlet.wsgi.server [-] 10.100.0.14, "GET /2009-04-04/meta-data/public-ipv4 HTTP/1.1" status: 200 len: 149 time: 0.0093939
2026-03-04 02:27:39.383 47 INFO eventlet.wsgi.server [-] 10.100.0.14, "GET /2009-04-04/meta-data/hostname HTTP/1.1" status: 200 len: 201 time: 0.0117469
2026-03-04 02:27:39.408 46 INFO eventlet.wsgi.server [-] 10.100.0.14, "GET /2009-04-04/meta-data/local-hostname HTTP/1.1" status: 200 len: 201 time: 0.0150366
2026-03-04 02:27:39.459 47 INFO eventlet.wsgi.server [-] 10.100.0.14, "GET /2009-04-04/user-data HTTP/1.1" status: 200 len: 231 time: 0.0152586
2026-03-04 02:27:39.483 46 INFO eventlet.wsgi.server [-] 10.100.0.14, "GET /2009-04-04/meta-data/block-device-mapping HTTP/1.1" status: 200 len: 143 time: 0.0169680
2026-03-04 02:27:39.509 46 INFO eventlet.wsgi.server [-] 10.100.0.14, "GET /2009-04-04/meta-data/block-device-mapping/ami HTTP/1.1" status: 200 len: 138 time: 0.0169480
2026-03-04 02:27:39.526 46 INFO eventlet.wsgi.server [-] 10.100.0.14, "GET /2009-04-04/meta-data/block-device-mapping/root HTTP/1.1" status: 200 len: 143 time: 0.0108180
2026-03-04 02:27:39.547 47 INFO eventlet.wsgi.server [-] 10.100.0.14, "GET /2009-04-04/meta-data/public-hostname HTTP/1.1" status: 200 len: 201 time: 0.0130291
2026-03-04 02:27:39.576 47 INFO eventlet.wsgi.server [-] 10.100.0.14, "GET /2009-04-04/meta-data/placement/availability-zone HTTP/1.1" status: 200 len: 139 time: 0.0206578
2026-03-04 02:28:59.785 47 INFO eventlet.wsgi.server [-] 10.100.0.6, "GET /latest/meta-data/public-ipv4 HTTP/1.1" status: 200 len: 149 time: 1.8103735
2026-03-04 02:29:00.029 47 INFO eventlet.wsgi.server [-] 10.100.0.6, "POST /openstack/2013-10-17/password HTTP/1.1" status: 200 len: 134 time: 0.1693981
2026-03-04 02:29:28.911 47 INFO eventlet.wsgi.server [-] 10.100.0.7, "GET /2009-04-04/meta-data/instance-id HTTP/1.1" status: 200 len: 146 time: 0.8219175
2026-03-04 02:29:28.931 47 INFO eventlet.wsgi.server [-] 10.100.0.7, "GET /2009-04-04/meta-data/public-keys HTTP/1.1" status: 200 len: 176 time: 0.0117643
2026-03-04 02:29:28.962 47 INFO eventlet.wsgi.server [-] 10.100.0.7, "GET /2009-04-04/meta-data/public-keys/0/openssh-key HTTP/1.1" status: 200 len: 341 time: 0.0147653
2026-03-04 02:29:28.979 47 INFO eventlet.wsgi.server [-] 10.100.0.7, "GET /2009-04-04/meta-data/instance-id HTTP/1.1" status: 200 len: 146 time: 0.0097420
2026-03-04 02:29:29.005 47 INFO eventlet.wsgi.server [-] 10.100.0.7, "GET /2009-04-04/meta-data/ami-launch-index HTTP/1.1" status: 200 len: 136 time: 0.0191758
2026-03-04 02:29:29.022 47 INFO eventlet.wsgi.server [-] 10.100.0.7, "GET /2009-04-04/meta-data/instance-type HTTP/1.1" status: 200 len: 142 time: 0.0090449
2026-03-04 02:29:29.038 47 INFO eventlet.wsgi.server [-] 10.100.0.7, "GET /2009-04-04/meta-data/local-ipv4 HTTP/1.1" status: 200 len: 146 time: 0.0083761
2026-03-04 02:29:29.055 47 INFO eventlet.wsgi.server [-] 10.100.0.7, "GET /2009-04-04/meta-data/public-ipv4 HTTP/1.1" status: 200 len: 149 time: 0.0135064
2026-03-04 02:29:29.073 47 INFO eventlet.wsgi.server [-] 10.100.0.7, "GET /2009-04-04/meta-data/hostname HTTP/1.1" status: 200 len: 190 time: 0.0118146
2026-03-04 02:29:29.094 47 INFO eventlet.wsgi.server [-] 10.100.0.7, "GET /2009-04-04/meta-data/local-hostname HTTP/1.1" status: 200 len: 190 time: 0.0169945
2026-03-04 02:29:29.122 47 INFO neutron.agent.metadata.agent [-] The instance: da93148d-f59c-4c0c-873c-e723f5747764 is not present anymore, skipping cache...
2026-03-04 02:29:29.179 47 INFO eventlet.wsgi.server [-] 10.100.0.7, "GET /2009-04-04/user-data HTTP/1.1" status: 404 len: 297 time: 0.0750451
2026-03-04 02:29:29.205 47 INFO eventlet.wsgi.server [-] 10.100.0.7, "GET /2009-04-04/meta-data/block-device-mapping HTTP/1.1" status: 200 len: 143 time: 0.0160923
2026-03-04 02:29:29.229 47 INFO eventlet.wsgi.server [-] 10.100.0.7, "GET /2009-04-04/meta-data/block-device-mapping/ami HTTP/1.1" status: 200 len: 138 time: 0.0194337
2026-03-04 02:29:29.246 47 INFO eventlet.wsgi.server [-] 10.100.0.7, "GET /2009-04-04/meta-data/block-device-mapping/root HTTP/1.1" status: 200 len: 143 time: 0.0105300
2026-03-04 02:29:29.265 47 INFO eventlet.wsgi.server [-] 10.100.0.7, "GET /2009-04-04/meta-data/public-hostname HTTP/1.1" status: 200 len: 190 time: 0.0122206
2026-03-04 02:29:29.291 47 INFO eventlet.wsgi.server [-] 10.100.0.7, "GET /2009-04-04/meta-data/placement/availability-zone HTTP/1.1" status: 200 len: 139 time: 0.0207641
2026-03-04 02:29:44.050 47 INFO eventlet.wsgi.server [-] 169.254.169.254, "GET / HTTP/1.1" status: 404 len: 176 time: 0.0068512
2026-03-04 02:29:56.507 47 INFO eventlet.wsgi.server [-] 10.100.0.3, "GET /2009-04-04/meta-data/instance-id HTTP/1.1" status: 200 len: 146 time: 0.2299764
2026-03-04 02:29:56.531 46 INFO eventlet.wsgi.server [-] 10.100.0.3, "GET /2009-04-04/meta-data/public-keys HTTP/1.1" status: 200 len: 176 time: 0.0117936
2026-03-04 02:29:56.560 47 INFO eventlet.wsgi.server [-] 10.100.0.3, "GET /2009-04-04/meta-data/public-keys/0/openssh-key HTTP/1.1" status: 200 len: 341 time: 0.0255420
2026-03-04 02:29:56.580 46 INFO eventlet.wsgi.server [-] 10.100.0.3, "GET /2009-04-04/meta-data/instance-id HTTP/1.1" status: 200 len: 146 time: 0.0125446
2026-03-04 02:29:56.605 47 INFO eventlet.wsgi.server [-] 10.100.0.3, "GET /2009-04-04/meta-data/ami-launch-index HTTP/1.1" status: 200 len: 136 time: 0.0203750
2026-03-04 02:29:56.626 47 INFO eventlet.wsgi.server [-] 10.100.0.3, "GET /2009-04-04/meta-data/instance-type HTTP/1.1" status: 200 len: 142 time: 0.0124454
2026-03-04 02:29:56.645 47 INFO eventlet.wsgi.server [-] 10.100.0.3, "GET /2009-04-04/meta-data/local-ipv4 HTTP/1.1" status: 200 len: 146 time: 0.0130506
2026-03-04 02:29:56.658 47 INFO eventlet.wsgi.server [-] 10.2.1.3, "GET /2009-04-04/meta-data/instance-id HTTP/1.1" status: 200 len: 146 time: 0.2386036
2026-03-04 02:29:56.666 47 INFO eventlet.wsgi.server [-] 10.100.0.3, "GET /2009-04-04/meta-data/public-ipv4 HTTP/1.1" status: 200 len: 149 time: 0.0138531
2026-03-04 02:29:56.685 47 INFO eventlet.wsgi.server [-] 10.2.1.3, "GET /2009-04-04/meta-data/public-keys HTTP/1.1" status: 200 len: 173 time: 0.0180573
2026-03-04 02:29:56.697 47 INFO eventlet.wsgi.server [-] 10.100.0.3, "GET /2009-04-04/meta-data/hostname HTTP/1.1" status: 200 len: 191 time: 0.0238233
2026-03-04 02:29:56.703 47 INFO eventlet.wsgi.server [-] 10.2.1.3, "GET /2009-04-04/meta-data/public-keys/0/openssh-key HTTP/1.1" status: 200 len: 341 time: 0.0131888
2026-03-04 02:29:56.720 46 INFO eventlet.wsgi.server [-] 10.100.0.3, "GET /2009-04-04/meta-data/local-hostname HTTP/1.1" status: 200 len: 191 time: 0.0152512
2026-03-04 02:29:56.721 47 INFO eventlet.wsgi.server [-] 10.2.1.3, "GET /2009-04-04/meta-data/instance-id HTTP/1.1" status: 200 len: 146 time: 0.0130217
2026-03-04 02:29:56.739 46 INFO neutron.agent.metadata.agent [-] The instance: 10cb0484-7139-45d6-ab2a-4b9591dbb634 is not present anymore, skipping cache...
2026-03-04 02:29:56.745 47 INFO eventlet.wsgi.server [-] 10.2.1.3, "GET /2009-04-04/meta-data/ami-launch-index HTTP/1.1" status: 200 len: 136 time: 0.0153174
2026-03-04 02:29:56.768 47 INFO eventlet.wsgi.server [-] 10.2.1.3, "GET /2009-04-04/meta-data/instance-type HTTP/1.1" status: 200 len: 142 time: 0.0162647
2026-03-04 02:29:56.790 46 INFO eventlet.wsgi.server [-] 10.100.0.3, "GET /2009-04-04/user-data HTTP/1.1" status: 404 len: 297 time: 0.0639639
2026-03-04 02:29:56.791 47 INFO eventlet.wsgi.server [-] 10.2.1.3, "GET /2009-04-04/meta-data/local-ipv4 HTTP/1.1" status: 200 len: 143 time: 0.0176249
2026-03-04 02:29:56.808 47 INFO eventlet.wsgi.server [-] 10.2.1.3, "GET /2009-04-04/meta-data/public-ipv4 HTTP/1.1" status: 200 len: 149 time: 0.0121129
2026-03-04 02:29:56.819 46 INFO eventlet.wsgi.server [-] 10.100.0.3, "GET /2009-04-04/meta-data/block-device-mapping HTTP/1.1" status: 200 len: 143 time: 0.0151787
2026-03-04 02:29:56.826 46 INFO eventlet.wsgi.server [-] 10.2.1.3, "GET /2009-04-04/meta-data/hostname HTTP/1.1" status: 200 len: 183 time: 0.0121348
2026-03-04 02:29:56.836 46 INFO eventlet.wsgi.server [-] 10.100.0.3, "GET /2009-04-04/meta-data/block-device-mapping/ami HTTP/1.1" status: 200 len: 138 time: 0.0114923
2026-03-04 02:29:56.848 46 INFO eventlet.wsgi.server [-] 10.2.1.3, "GET /2009-04-04/meta-data/local-hostname HTTP/1.1" status: 200 len: 183 time: 0.0152762
2026-03-04 02:29:56.859 47 INFO eventlet.wsgi.server [-] 10.100.0.3, "GET /2009-04-04/meta-data/block-device-mapping/root HTTP/1.1" status: 200 len: 143 time: 0.0172322
2026-03-04 02:29:56.873 46 INFO neutron.agent.metadata.agent [-] The instance: ce6e13a7-9b97-4a33-af0b-ebcfdd4798c7 is not present anymore, skipping cache...
2026-03-04 02:29:56.877 47 INFO eventlet.wsgi.server [-] 10.100.0.3, "GET /2009-04-04/meta-data/public-hostname HTTP/1.1" status: 200 len: 191 time: 0.0112376
2026-03-04 02:29:56.896 47 INFO eventlet.wsgi.server [-] 10.100.0.3, "GET /2009-04-04/meta-data/placement/availability-zone HTTP/1.1" status: 200 len: 139 time: 0.0126133
2026-03-04 02:29:56.934 46 INFO eventlet.wsgi.server [-] 10.2.1.3, "GET /2009-04-04/user-data HTTP/1.1" status: 404 len: 297 time: 0.0709717
2026-03-04 02:29:56.960 46 INFO eventlet.wsgi.server [-] 10.2.1.3, "GET /2009-04-04/meta-data/block-device-mapping HTTP/1.1" status: 200 len: 143 time: 0.0140066
2026-03-04 02:29:56.979 46 INFO eventlet.wsgi.server [-] 10.2.1.3, "GET /2009-04-04/meta-data/block-device-mapping/ami HTTP/1.1" status: 200 len: 138 time: 0.0131545
2026-03-04 02:29:56.996 46 INFO eventlet.wsgi.server [-] 10.2.1.3, "GET /2009-04-04/meta-data/block-device-mapping/root HTTP/1.1" status: 200 len: 143 time: 0.0117135
2026-03-04 02:29:57.017 46 INFO eventlet.wsgi.server [-] 10.2.1.3, "GET /2009-04-04/meta-data/public-hostname HTTP/1.1" status: 200 len: 183 time: 0.0130229
2026-03-04 02:29:57.035 46 INFO eventlet.wsgi.server [-] 10.2.1.3, "GET /2009-04-04/meta-data/placement/availability-zone HTTP/1.1" status: 200 len: 139 time: 0.0113192
2026-03-04 02:30:10.304 47 INFO eventlet.wsgi.server [-] 10.2.2.98, "GET /2009-04-04/meta-data/instance-id HTTP/1.1" status: 200 len: 146 time: 0.2814603
2026-03-04 02:30:10.327 47 INFO eventlet.wsgi.server [-] 10.2.2.98, "GET /2009-04-04/meta-data/public-keys HTTP/1.1" status: 200 len: 173 time: 0.0135462
2026-03-04 02:30:10.346 47 INFO eventlet.wsgi.server [-] 10.2.2.98, "GET /2009-04-04/meta-data/public-keys/0/openssh-key HTTP/1.1" status: 200 len: 341 time: 0.0123506
2026-03-04 02:30:10.366 47 INFO eventlet.wsgi.server [-] 10.2.2.98, "GET /2009-04-04/meta-data/instance-id HTTP/1.1" status: 200 len: 146 time: 0.0137784
2026-03-04 02:30:10.384 46 INFO eventlet.wsgi.server [-] 10.2.2.98, "GET /2009-04-04/meta-data/ami-launch-index HTTP/1.1" status: 200 len: 136 time: 0.0111682
2026-03-04 02:30:10.404 47 INFO eventlet.wsgi.server [-] 10.2.2.98, "GET /2009-04-04/meta-data/instance-type HTTP/1.1" status: 200 len: 142 time: 0.0125556
2026-03-04 02:30:10.425 46 INFO eventlet.wsgi.server [-] 10.2.2.98, "GET /2009-04-04/meta-data/local-ipv4 HTTP/1.1" status: 200 len: 144 time: 0.0125725
2026-03-04 02:30:10.446 46 INFO eventlet.wsgi.server [-] 10.2.2.98, "GET /2009-04-04/meta-data/public-ipv4 HTTP/1.1" status: 200 len: 149 time: 0.0143409
2026-03-04 02:30:10.465 47 INFO eventlet.wsgi.server [-] 10.2.2.98, "GET /2009-04-04/meta-data/hostname HTTP/1.1" status: 200 len: 184 time: 0.0119462
2026-03-04 02:30:10.482 47 INFO eventlet.wsgi.server [-] 10.2.2.98, "GET /2009-04-04/meta-data/local-hostname HTTP/1.1" status: 200 len: 184 time: 0.0110576
2026-03-04 02:30:10.512 46 INFO neutron.agent.metadata.agent [-] The instance: 0a3dd7d2-d42c-4cce-a56f-ea95ed3e2fc2 is not present anymore, skipping cache...
2026-03-04 02:30:10.556 46 INFO eventlet.wsgi.server [-] 10.2.2.98, "GET /2009-04-04/user-data HTTP/1.1" status: 404 len: 297 time: 0.0599613
2026-03-04 02:30:10.583 47 INFO eventlet.wsgi.server [-] 10.2.2.98, "GET /2009-04-04/meta-data/block-device-mapping HTTP/1.1" status: 200 len: 143 time: 0.0166023
2026-03-04 02:30:10.600 47 INFO eventlet.wsgi.server [-] 10.2.2.98, "GET /2009-04-04/meta-data/block-device-mapping/ami HTTP/1.1" status: 200 len: 138 time: 0.0111878
2026-03-04 02:30:10.616 47 INFO eventlet.wsgi.server [-] 10.2.2.98, "GET /2009-04-04/meta-data/block-device-mapping/root HTTP/1.1" status: 200 len: 143 time: 0.0116637
2026-03-04 02:30:10.634 47 INFO eventlet.wsgi.server [-] 10.2.2.98, "GET /2009-04-04/meta-data/public-hostname HTTP/1.1" status: 200 len: 184 time: 0.0109398
2026-03-04 02:30:10.653 47 INFO eventlet.wsgi.server [-] 10.2.2.98, "GET /2009-04-04/meta-data/placement/availability-zone HTTP/1.1" status: 200 len: 139 time: 0.0120432
2026-03-04 02:31:44.119 47 INFO eventlet.wsgi.server [-] 169.254.169.254, "GET / HTTP/1.1" status: 404 len: 176 time: 0.0629787
2026-03-04 02:32:54.138 46 INFO eventlet.wsgi.server [-] 169.254.169.254, "GET / HTTP/1.1" status: 404 len: 176 time: 0.0058732
2026-03-04 02:36:04.139 47 INFO eventlet.wsgi.server [-] 169.254.169.254, "GET / HTTP/1.1" status: 404 len: 176 time: 0.0098844