2026-04-21 15:23:32.888 8 INFO neutron.quota.resource_registry [None req-2cbc1191-b463-4348-883f-63d1fe6f3a9f - - - - - -] Creating instance of TrackedResource for resource:security_group
2026-04-21 15:23:32.889 7 INFO neutron.api.extensions [None req-2d307bfe-38ba-4781-89f1-63386daa95c0 - - - - - -] Loaded extension: l3-ha
2026-04-21 15:23:32.889 8 INFO neutron.quota.resource_registry [None req-2cbc1191-b463-4348-883f-63d1fe6f3a9f - - - - - -] Creating instance of TrackedResource for resource:security_group_rule
2026-04-21 15:23:32.889 7 INFO neutron.api.extensions [None req-2d307bfe-38ba-4781-89f1-63386daa95c0 - - - - - -] Extension l3-ext-ndp-proxy not supported by any of loaded plugins
2026-04-21 15:23:32.889 8 INFO neutron.quota.resource_registry [None req-2cbc1191-b463-4348-883f-63d1fe6f3a9f - - - - - -] Creating instance of TrackedResource for resource:subnetpool
2026-04-21 15:23:32.890 7 INFO neutron.api.extensions [None req-2d307bfe-38ba-4781-89f1-63386daa95c0 - - - - - -] Extension external-gateway-multihoming not supported by any of loaded plugins
2026-04-21 15:23:32.890 8 WARNING neutron.quota.resource_registry [None req-2cbc1191-b463-4348-883f-63d1fe6f3a9f - - - - - -] subnetpool is already registered
2026-04-21 15:23:32.890 8 INFO neutron.quota.resource_registry [None req-2cbc1191-b463-4348-883f-63d1fe6f3a9f - - - - - -] Creating instance of TrackedResource for resource:subnetpool
2026-04-21 15:23:32.890 7 INFO neutron.api.extensions [None req-2d307bfe-38ba-4781-89f1-63386daa95c0 - - - - - -] Loaded extension: l3-flavors
2026-04-21 15:23:32.890 8 WARNING neutron.quota.resource_registry [None req-2cbc1191-b463-4348-883f-63d1fe6f3a9f - - - - - -] subnetpool is already registered
2026-04-21 15:23:32.890 8 INFO neutron.quota.resource_registry [None req-2cbc1191-b463-4348-883f-63d1fe6f3a9f - - - - - -] Creating instance of CountableResource for resource:trunk
2026-04-21 15:23:32.891 8 INFO neutron.quota.resource_registry [None req-2cbc1191-b463-4348-883f-63d1fe6f3a9f - - - - - -] Creating instance of CountableResource for resource:ikepolicy
2026-04-21 15:23:32.891 7 INFO neutron.api.extensions [None req-2d307bfe-38ba-4781-89f1-63386daa95c0 - - - - - -] Extension l3-ndp-proxy not supported by any of loaded plugins
2026-04-21 15:23:32.891 8 INFO neutron.quota.resource_registry [None req-2cbc1191-b463-4348-883f-63d1fe6f3a9f - - - - - -] Creating instance of CountableResource for resource:ipsecpolicy
2026-04-21 15:23:32.892 7 INFO neutron.api.extensions [None req-2d307bfe-38ba-4781-89f1-63386daa95c0 - - - - - -] Loaded extension: l3-port-ip-change-not-allowed
2026-04-21 15:23:32.892 8 INFO neutron.quota.resource_registry [None req-2cbc1191-b463-4348-883f-63d1fe6f3a9f - - - - - -] Creating instance of CountableResource for resource:endpoint_group
2026-04-21 15:23:32.892 8 INFO neutron.quota.resource_registry [None req-2cbc1191-b463-4348-883f-63d1fe6f3a9f - - - - - -] Creating instance of CountableResource for resource:vpnservice
2026-04-21 15:23:32.893 8 INFO neutron.quota.resource_registry [None req-2cbc1191-b463-4348-883f-63d1fe6f3a9f - - - - - -] Creating instance of CountableResource for resource:ipsec_site_connection
2026-04-21 15:23:32.893 8 INFO neutron.quota.resource_registry [None req-2cbc1191-b463-4348-883f-63d1fe6f3a9f - - - - - -] Creating instance of CountableResource for resource:ipsecpolicy
2026-04-21 15:23:32.893 8 WARNING neutron.quota.resource_registry [None req-2cbc1191-b463-4348-883f-63d1fe6f3a9f - - - - - -] ipsecpolicy is already registered
2026-04-21 15:23:32.894 8 INFO neutron.quota.resource_registry [None req-2cbc1191-b463-4348-883f-63d1fe6f3a9f - - - - - -] Creating instance of CountableResource for resource:ikepolicy
2026-04-21 15:23:32.894 8 WARNING neutron.quota.resource_registry [None req-2cbc1191-b463-4348-883f-63d1fe6f3a9f - - - - - -] ikepolicy is already registered
2026-04-21 15:23:32.894 7 INFO neutron.api.extensions [None req-2d307bfe-38ba-4781-89f1-63386daa95c0 - - - - - -] Loaded extension: l3_agent_scheduler
2026-04-21 15:23:32.895 7 INFO neutron.api.extensions [None req-2d307bfe-38ba-4781-89f1-63386daa95c0 - - - - - -] Extension local_ip not supported by any of loaded plugins
2026-04-21 15:23:32.896 7 INFO neutron.api.extensions [None req-2d307bfe-38ba-4781-89f1-63386daa95c0 - - - - - -] Extension logging not supported by any of loaded plugins
2026-04-21 15:23:32.897 7 INFO neutron.api.extensions [None req-2d307bfe-38ba-4781-89f1-63386daa95c0 - - - - - -] Extension metering not supported by any of loaded plugins
2026-04-21 15:23:32.898 7 INFO neutron.api.extensions [None req-2d307bfe-38ba-4781-89f1-63386daa95c0 - - - - - -] Extension metering_source_and_destination_fields not supported by any of loaded plugins
2026-04-21 15:23:32.898 7 INFO neutron.api.extensions [None req-2d307bfe-38ba-4781-89f1-63386daa95c0 - - - - - -] Loaded extension: multi-provider
2026-04-21 15:23:32.898 8 INFO neutron.quota.resource_registry [None req-2cbc1191-b463-4348-883f-63d1fe6f3a9f - - - - - -] Creating instance of TrackedResource for resource:router
2026-04-21 15:23:32.898 8 WARNING neutron.quota.resource_registry [None req-2cbc1191-b463-4348-883f-63d1fe6f3a9f - - - - - -] router is already registered
2026-04-21 15:23:32.899 7 INFO neutron.api.extensions [None req-2d307bfe-38ba-4781-89f1-63386daa95c0 - - - - - -] Loaded extension: net-mtu
2026-04-21 15:23:32.899 8 INFO neutron.quota.resource_registry [None req-2cbc1191-b463-4348-883f-63d1fe6f3a9f - - - - - -] Creating instance of TrackedResource for resource:floatingip
2026-04-21 15:23:32.899 8 WARNING neutron.quota.resource_registry [None req-2cbc1191-b463-4348-883f-63d1fe6f3a9f - - - - - -] floatingip is already registered
2026-04-21 15:23:32.899 7 INFO neutron.api.extensions [None req-2d307bfe-38ba-4781-89f1-63386daa95c0 - - - - - -] Loaded extension: net-mtu-writable
2026-04-21 15:23:32.900 7 INFO neutron.api.extensions [None req-2d307bfe-38ba-4781-89f1-63386daa95c0 - - - - - -] Loaded extension: network_availability_zone
2026-04-21 15:23:32.900 7 INFO neutron.api.extensions [None req-2d307bfe-38ba-4781-89f1-63386daa95c0 - - - - - -] Loaded extension: network_ha
2026-04-21 15:23:32.901 7 INFO neutron.api.extensions [None req-2d307bfe-38ba-4781-89f1-63386daa95c0 - - - - - -] Loaded extension: network-ip-availability
2026-04-21 15:23:32.902 7 INFO neutron.api.extensions [None req-2d307bfe-38ba-4781-89f1-63386daa95c0 - - - - - -] Extension network-segment-range not supported by any of loaded plugins
2026-04-21 15:23:32.902 7 INFO neutron.api.extensions [None req-2d307bfe-38ba-4781-89f1-63386daa95c0 - - - - - -] Loaded extension: pagination
2026-04-21 15:23:32.903 8 INFO neutron.quota.resource_registry [None req-2cbc1191-b463-4348-883f-63d1fe6f3a9f - - - - - -] Creating instance of CountableResource for resource:rbac_policy
2026-04-21 15:23:32.903 7 INFO neutron.api.extensions [None req-2d307bfe-38ba-4781-89f1-63386daa95c0 - - - - - -] Loaded extension: port-device-profile
2026-04-21 15:23:32.903 8 WARNING neutron.quota.resource_registry [None req-2cbc1191-b463-4348-883f-63d1fe6f3a9f - - - - - -] rbac_policy is already registered
2026-04-21 15:23:32.903 7 INFO neutron.api.extensions [None req-2d307bfe-38ba-4781-89f1-63386daa95c0 - - - - - -] Extension port-hardware-offload-type not supported by any of loaded plugins
2026-04-21 15:23:32.903 8 INFO neutron.quota.resource_registry [None req-2cbc1191-b463-4348-883f-63d1fe6f3a9f - - - - - -] Creating instance of TrackedResource for resource:security_group
2026-04-21 15:23:32.904 8 WARNING neutron.quota.resource_registry [None req-2cbc1191-b463-4348-883f-63d1fe6f3a9f - - - - - -] security_group is already registered
2026-04-21 15:23:32.904 7 INFO neutron.api.extensions [None req-2d307bfe-38ba-4781-89f1-63386daa95c0 - - - - - -] Extension port-hint-ovs-tx-steering not supported by any of loaded plugins
2026-04-21 15:23:32.904 8 INFO neutron.quota.resource_registry [None req-2cbc1191-b463-4348-883f-63d1fe6f3a9f - - - - - -] Creating instance of TrackedResource for resource:security_group_rule
2026-04-21 15:23:32.904 8 WARNING neutron.quota.resource_registry [None req-2cbc1191-b463-4348-883f-63d1fe6f3a9f - - - - - -] security_group_rule is already registered
2026-04-21 15:23:32.904 7 INFO neutron.api.extensions [None req-2d307bfe-38ba-4781-89f1-63386daa95c0 - - - - - -] Extension port-hints not supported by any of loaded plugins
2026-04-21 15:23:32.905 7 INFO neutron.api.extensions [None req-2d307bfe-38ba-4781-89f1-63386daa95c0 - - - - - -] Loaded extension: port-mac-override
2026-04-21 15:23:32.905 8 INFO neutron.quota.resource_registry [None req-2cbc1191-b463-4348-883f-63d1fe6f3a9f - - - - - -] Creating instance of TrackedResource for resource:subnetpool
2026-04-21 15:23:32.905 7 INFO neutron.api.extensions [None req-2d307bfe-38ba-4781-89f1-63386daa95c0 - - - - - -] Loaded extension: port-mac-address-regenerate
2026-04-21 15:23:32.905 8 WARNING neutron.quota.resource_registry [None req-2cbc1191-b463-4348-883f-63d1fe6f3a9f - - - - - -] subnetpool is already registered
2026-04-21 15:23:32.905 8 INFO neutron.quota.resource_registry [None req-2cbc1191-b463-4348-883f-63d1fe6f3a9f - - - - - -] Creating instance of TrackedResource for resource:subnetpool
2026-04-21 15:23:32.905 7 INFO neutron.api.extensions [None req-2d307bfe-38ba-4781-89f1-63386daa95c0 - - - - - -] Loaded extension: port-numa-affinity-policy
2026-04-21 15:23:32.906 8 WARNING neutron.quota.resource_registry [None req-2cbc1191-b463-4348-883f-63d1fe6f3a9f - - - - - -] subnetpool is already registered
2026-04-21 15:23:32.906 7 INFO neutron.api.extensions [None req-2d307bfe-38ba-4781-89f1-63386daa95c0 - - - - - -] Loaded extension: port-numa-affinity-policy-socket
2026-04-21 15:23:32.906 8 INFO neutron.quota.resource_registry [None req-2cbc1191-b463-4348-883f-63d1fe6f3a9f - - - - - -] Creating instance of CountableResource for resource:trunk
2026-04-21 15:23:32.906 8 WARNING neutron.quota.resource_registry [None req-2cbc1191-b463-4348-883f-63d1fe6f3a9f - - - - - -] trunk is already registered
2026-04-21 15:23:32.906 7 INFO neutron.api.extensions [None req-2d307bfe-38ba-4781-89f1-63386daa95c0 - - - - - -] Loaded extension: port-resource-request
2026-04-21 15:23:32.907 8 INFO neutron.quota.resource_registry [None req-2cbc1191-b463-4348-883f-63d1fe6f3a9f - - - - - -] Creating instance of CountableResource for resource:ikepolicy
2026-04-21 15:23:32.907 8 WARNING neutron.quota.resource_registry [None req-2cbc1191-b463-4348-883f-63d1fe6f3a9f - - - - - -] ikepolicy is already registered
2026-04-21 15:23:32.907 7 INFO neutron.api.extensions [None req-2d307bfe-38ba-4781-89f1-63386daa95c0 - - - - - -] Loaded extension: port-resource-request-groups
2026-04-21 15:23:32.907 8 INFO neutron.quota.resource_registry [None req-2cbc1191-b463-4348-883f-63d1fe6f3a9f - - - - - -] Creating instance of CountableResource for resource:ipsecpolicy
2026-04-21 15:23:32.907 8 WARNING neutron.quota.resource_registry [None req-2cbc1191-b463-4348-883f-63d1fe6f3a9f - - - - - -] ipsecpolicy is already registered
2026-04-21 15:23:32.907 7 INFO neutron.api.extensions [None req-2d307bfe-38ba-4781-89f1-63386daa95c0 - - - - - -] Extension port-trusted-vif not supported by any of loaded plugins
2026-04-21 15:23:32.907 8 INFO neutron.quota.resource_registry [None req-2cbc1191-b463-4348-883f-63d1fe6f3a9f - - - - - -] Creating instance of CountableResource for resource:endpoint_group
2026-04-21 15:23:32.908 8 WARNING neutron.quota.resource_registry [None req-2cbc1191-b463-4348-883f-63d1fe6f3a9f - - - - - -] endpoint_group is already registered
2026-04-21 15:23:32.908 7 INFO neutron.api.extensions [None req-2d307bfe-38ba-4781-89f1-63386daa95c0 - - - - - -] Loaded extension: binding
2026-04-21 15:23:32.908 8 INFO neutron.quota.resource_registry [None req-2cbc1191-b463-4348-883f-63d1fe6f3a9f - - - - - -] Creating instance of CountableResource for resource:vpnservice
2026-04-21 15:23:32.908 8 WARNING neutron.quota.resource_registry [None req-2cbc1191-b463-4348-883f-63d1fe6f3a9f - - - - - -] vpnservice is already registered
2026-04-21 15:23:32.908 8 INFO neutron.quota.resource_registry [None req-2cbc1191-b463-4348-883f-63d1fe6f3a9f - - - - - -] Creating instance of CountableResource for resource:ipsec_site_connection
2026-04-21 15:23:32.909 8 WARNING neutron.quota.resource_registry [None req-2cbc1191-b463-4348-883f-63d1fe6f3a9f - - - - - -] ipsec_site_connection is already registered
2026-04-21 15:23:32.909 7 INFO neutron.api.extensions [None req-2d307bfe-38ba-4781-89f1-63386daa95c0 - - - - - -] Loaded extension: binding-extended
2026-04-21 15:23:32.909 8 INFO neutron.quota.resource_registry [None req-2cbc1191-b463-4348-883f-63d1fe6f3a9f - - - - - -] Creating instance of CountableResource for resource:ipsecpolicy
2026-04-21 15:23:32.909 8 WARNING neutron.quota.resource_registry [None req-2cbc1191-b463-4348-883f-63d1fe6f3a9f - - - - - -] ipsecpolicy is already registered
2026-04-21 15:23:32.909 7 INFO neutron.api.extensions [None req-2d307bfe-38ba-4781-89f1-63386daa95c0 - - - - - -] Loaded extension: port-security
2026-04-21 15:23:32.909 8 INFO neutron.quota.resource_registry [None req-2cbc1191-b463-4348-883f-63d1fe6f3a9f - - - - - -] Creating instance of CountableResource for resource:ikepolicy
2026-04-21 15:23:32.910 8 WARNING neutron.quota.resource_registry [None req-2cbc1191-b463-4348-883f-63d1fe6f3a9f - - - - - -] ikepolicy is already registered
2026-04-21 15:23:32.910 7 INFO neutron.api.extensions [None req-2d307bfe-38ba-4781-89f1-63386daa95c0 - - - - - -] Loaded extension: project-id
2026-04-21 15:23:32.910 7 INFO neutron.api.extensions [None req-2d307bfe-38ba-4781-89f1-63386daa95c0 - - - - - -] Loaded extension: provider
2026-04-21 15:23:32.911 7 INFO neutron.api.extensions [None req-2d307bfe-38ba-4781-89f1-63386daa95c0 - - - - - -] Extension qinq not supported by any of loaded plugins
2026-04-21 15:23:32.913 7 INFO neutron.api.extensions [None req-2d307bfe-38ba-4781-89f1-63386daa95c0 - - - - - -] Loaded extension: qos
2026-04-21 15:23:32.914 7 INFO neutron.api.extensions [None req-2d307bfe-38ba-4781-89f1-63386daa95c0 - - - - - -] Loaded extension: qos-bw-limit-direction
2026-04-21 15:23:32.914 7 INFO neutron.api.extensions [None req-2d307bfe-38ba-4781-89f1-63386daa95c0 - - - - - -] Loaded extension: qos-bw-minimum-ingress
2026-04-21 15:23:32.915 7 INFO neutron.api.extensions [None req-2d307bfe-38ba-4781-89f1-63386daa95c0 - - - - - -] Loaded extension: qos-default
2026-04-21 15:23:32.915 7 INFO neutron.api.extensions [None req-2d307bfe-38ba-4781-89f1-63386daa95c0 - - - - - -] Loaded extension: qos-fip
2026-04-21 15:23:32.916 7 INFO neutron.api.extensions [None req-2d307bfe-38ba-4781-89f1-63386daa95c0 - - - - - -] Extension qos-fip-network-policy not supported by any of loaded plugins
2026-04-21 15:23:32.916 7 INFO neutron.api.extensions [None req-2d307bfe-38ba-4781-89f1-63386daa95c0 - - - - - -] Loaded extension: qos-gateway-ip
2026-04-21 15:23:32.917 7 INFO neutron.api.extensions [None req-2d307bfe-38ba-4781-89f1-63386daa95c0 - - - - - -] Loaded extension: qos-port-network-policy
2026-04-21 15:23:32.917 7 INFO neutron.api.extensions [None req-2d307bfe-38ba-4781-89f1-63386daa95c0 - - - - - -] Loaded extension: qos-pps-minimum
2026-04-21 15:23:32.918 7 INFO neutron.api.extensions [None req-2d307bfe-38ba-4781-89f1-63386daa95c0 - - - - - -] Loaded extension: qos-pps-minimum-rule-alias
2026-04-21 15:23:32.919 7 INFO neutron.api.extensions [None req-2d307bfe-38ba-4781-89f1-63386daa95c0 - - - - - -] Loaded extension: qos-pps
2026-04-21 15:23:32.919 7 INFO neutron.api.extensions [None req-2d307bfe-38ba-4781-89f1-63386daa95c0 - - - - - -] Loaded extension: qos-rule-type-details
2026-04-21 15:23:32.920 7 INFO neutron.api.extensions [None req-2d307bfe-38ba-4781-89f1-63386daa95c0 - - - - - -] Loaded extension: qos-rule-type-filter
2026-04-21 15:23:32.920 7 INFO neutron.api.extensions [None req-2d307bfe-38ba-4781-89f1-63386daa95c0 - - - - - -] Loaded extension: qos-rules-alias
2026-04-21 15:23:32.921 7 INFO neutron.api.extensions [None req-2d307bfe-38ba-4781-89f1-63386daa95c0 - - - - - -] Loaded extension: quota-check-limit
2026-04-21 15:23:32.921 7 INFO neutron.api.extensions [None req-2d307bfe-38ba-4781-89f1-63386daa95c0 - - - - - -] Loaded extension: quota-check-limit-default
2026-04-21 15:23:32.923 7 INFO neutron.api.extensions [None req-2d307bfe-38ba-4781-89f1-63386daa95c0 - - - - - -] Loaded extension: quotas
2026-04-21 15:23:32.924 7 INFO neutron.api.extensions [None req-2d307bfe-38ba-4781-89f1-63386daa95c0 - - - - - -] Loaded extension: quota_details
2026-04-21 15:23:32.926 7 INFO neutron.api.extensions [None req-2d307bfe-38ba-4781-89f1-63386daa95c0 - - - - - -] Loaded extension: rbac-policies
2026-04-21 15:23:32.926 7 INFO neutron.api.extensions [None req-2d307bfe-38ba-4781-89f1-63386daa95c0 - - - - - -] Loaded extension: rbac-address-group
2026-04-21 15:23:32.927 7 INFO neutron.api.extensions [None req-2d307bfe-38ba-4781-89f1-63386daa95c0 - - - - - -] Loaded extension: rbac-address-scope
2026-04-21 15:23:32.927 7 INFO neutron.api.extensions [None req-2d307bfe-38ba-4781-89f1-63386daa95c0 - - - - - -] Loaded extension: rbac-security-groups
2026-04-21 15:23:32.928 7 INFO neutron.api.extensions [None req-2d307bfe-38ba-4781-89f1-63386daa95c0 - - - - - -] Loaded extension: rbac-subnetpool
2026-04-21 15:23:32.928 7 INFO neutron.api.extensions [None req-2d307bfe-38ba-4781-89f1-63386daa95c0 - - - - - -] Loaded extension: revision-if-match
2026-04-21 15:23:32.929 7 INFO neutron.api.extensions [None req-2d307bfe-38ba-4781-89f1-63386daa95c0 - - - - - -] Loaded extension: standard-attr-revisions
2026-04-21 15:23:32.929 7 INFO neutron.api.extensions [None req-2d307bfe-38ba-4781-89f1-63386daa95c0 - - - - - -] Loaded extension: router_availability_zone
2026-04-21 15:23:32.930 7 INFO neutron.api.extensions [None req-2d307bfe-38ba-4781-89f1-63386daa95c0 - - - - - -] Extension router-service-type not supported by any of loaded plugins
2026-04-21 15:23:32.931 7 INFO neutron.api.extensions [None req-2d307bfe-38ba-4781-89f1-63386daa95c0 - - - - - -] Loaded extension: security-groups-default-rules
2026-04-21 15:23:32.932 7 INFO neutron.api.extensions [None req-2d307bfe-38ba-4781-89f1-63386daa95c0 - - - - - -] Loaded extension: security-groups-normalized-cidr
2026-04-21 15:23:32.932 7 INFO neutron.api.extensions [None req-2d307bfe-38ba-4781-89f1-63386daa95c0 - - - - - -] Loaded extension: port-security-groups-filtering
2026-04-21 15:23:32.933 7 INFO neutron.api.extensions [None req-2d307bfe-38ba-4781-89f1-63386daa95c0 - - - - - -] Loaded extension: security-groups-remote-address-group
2026-04-21 15:23:32.933 7 INFO neutron.api.extensions [None req-2d307bfe-38ba-4781-89f1-63386daa95c0 - - - - - -] Loaded extension: security-groups-rules-belongs-to-default-sg
2026-04-21 15:23:32.934 7 INFO neutron.api.extensions [None req-2d307bfe-38ba-4781-89f1-63386daa95c0 - - - - - -] Loaded extension: security-groups-shared-filtering
2026-04-21 15:23:32.938 7 INFO neutron.api.extensions [None req-2d307bfe-38ba-4781-89f1-63386daa95c0 - - - - - -] Loaded extension: security-group
2026-04-21 15:23:32.939 7 INFO neutron.api.extensions [None req-2d307bfe-38ba-4781-89f1-63386daa95c0 - - - - - -] Loaded extension: segment
2026-04-21 15:23:32.940 7 INFO neutron.api.extensions [None req-2d307bfe-38ba-4781-89f1-63386daa95c0 - - - - - -] Loaded extension: segments-peer-subnet-host-routes
2026-04-21 15:23:32.940 7 INFO neutron.api.extensions [None req-2d307bfe-38ba-4781-89f1-63386daa95c0 - - - - - -] Loaded extension: service-type
2026-04-21 15:23:32.941 7 INFO neutron.api.extensions [None req-2d307bfe-38ba-4781-89f1-63386daa95c0 - - - - - -] Loaded extension: sorting
2026-04-21 15:23:32.941 7 INFO neutron.api.extensions [None req-2d307bfe-38ba-4781-89f1-63386daa95c0 - - - - - -] Loaded extension: standard-attr-segment
2026-04-21 15:23:32.942 7 INFO neutron.api.extensions [None req-2d307bfe-38ba-4781-89f1-63386daa95c0 - - - - - -] Loaded extension: standard-attr-description
2026-04-21 15:23:32.942 7 INFO neutron.api.extensions [None req-2d307bfe-38ba-4781-89f1-63386daa95c0 - - - - - -] Loaded extension: stateful-security-group
2026-04-21 15:23:32.943 7 WARNING neutron.api.extensions [None req-2d307bfe-38ba-4781-89f1-63386daa95c0 - - - - - -] Did not find expected name "Stdattrs_common" in /var/lib/openstack/lib/python3.12/site-packages/neutron/extensions/stdattrs_common.py
2026-04-21 15:23:32.943 7 INFO neutron.api.extensions [None req-2d307bfe-38ba-4781-89f1-63386daa95c0 - - - - - -] Extension subnet-dns-publish-fixed-ip not supported by any of loaded plugins
2026-04-21 15:23:32.945 7 INFO neutron.api.extensions [None req-2d307bfe-38ba-4781-89f1-63386daa95c0 - - - - - -] Loaded extension: subnet-external-network
2026-04-21 15:23:32.945 7 INFO neutron.api.extensions [None req-2d307bfe-38ba-4781-89f1-63386daa95c0 - - - - - -] Loaded extension: subnet_onboard
2026-04-21 15:23:32.946 7 INFO neutron.api.extensions [None req-2d307bfe-38ba-4781-89f1-63386daa95c0 - - - - - -] Loaded extension: subnet-segmentid-writable
2026-04-21 15:23:32.946 7 INFO neutron.api.extensions [None req-2d307bfe-38ba-4781-89f1-63386daa95c0 - - - - - -] Loaded extension: subnet-service-types
2026-04-21 15:23:32.946 8 WARNING keystonemiddleware._common.config [None req-2cbc1191-b463-4348-883f-63d1fe6f3a9f - - - - - -] The option "audit_map_file" is not known to keystonemiddleware
2026-04-21 15:23:32.947 7 INFO neutron.api.extensions [None req-2d307bfe-38ba-4781-89f1-63386daa95c0 - - - - - -] Loaded extension: subnet_allocation
2026-04-21 15:23:32.949 7 INFO neutron.api.extensions [None req-2d307bfe-38ba-4781-89f1-63386daa95c0 - - - - - -] Loaded extension: subnetpool-prefix-ops
2026-04-21 15:23:32.951 7 INFO neutron.api.extensions [None req-2d307bfe-38ba-4781-89f1-63386daa95c0 - - - - - -] Loaded extension: tag-creation
2026-04-21 15:23:32.951 7 INFO neutron.api.extensions [None req-2d307bfe-38ba-4781-89f1-63386daa95c0 - - - - - -] Extension tag-ports-during-bulk-creation not supported by any of loaded plugins
2026-04-21 15:23:32.953 8 WARNING oslo_config.cfg [None req-2cbc1191-b463-4348-883f-63d1fe6f3a9f - - - - - -] Deprecated: Option "auth_uri" from group "keystone_authtoken" is deprecated. Use option "www_authenticate_uri" from group "keystone_authtoken".
2026-04-21 15:23:32.955 7 INFO neutron.api.extensions [None req-2d307bfe-38ba-4781-89f1-63386daa95c0 - - - - - -] Loaded extension: standard-attr-tag WSGI app 0 (mountpoint='') ready in 7 seconds on interpreter 0x7fd2ac991668 pid: 8 (default app)
2026-04-21 15:23:32.956 7 INFO neutron.api.extensions [None req-2d307bfe-38ba-4781-89f1-63386daa95c0 - - - - - -] Loaded extension: standard-attr-timestamp
2026-04-21 15:23:32.956 7 INFO neutron.api.extensions [None req-2d307bfe-38ba-4781-89f1-63386daa95c0 - - - - - -] Loaded extension: trunk
2026-04-21 15:23:32.957 7 INFO neutron.api.extensions [None req-2d307bfe-38ba-4781-89f1-63386daa95c0 - - - - - -] Loaded extension: trunk-details
2026-04-21 15:23:32.957 7 INFO neutron.api.extensions [None req-2d307bfe-38ba-4781-89f1-63386daa95c0 - - - - - -] Extension uplink-status-propagation not supported by any of loaded plugins
2026-04-21 15:23:32.958 7 INFO neutron.api.extensions [None req-2d307bfe-38ba-4781-89f1-63386daa95c0 - - - - - -] Extension uplink-status-propagation-updatable not supported by any of loaded plugins
2026-04-21 15:23:32.958 7 INFO neutron.api.extensions [None req-2d307bfe-38ba-4781-89f1-63386daa95c0 - - - - - -] Extension vlan-transparent not supported by any of loaded plugins
2026-04-21 15:23:32.959 7 INFO neutron.api.extensions [None req-2d307bfe-38ba-4781-89f1-63386daa95c0 - - - - - -] Loaded extension: vpn-aes-ctr
2026-04-21 15:23:32.961 7 INFO neutron.api.extensions [None req-2d307bfe-38ba-4781-89f1-63386daa95c0 - - - - - -] Extension vpn-agent-scheduler not supported by any of loaded plugins
2026-04-21 15:23:32.961 7 INFO neutron.api.extensions [None req-2d307bfe-38ba-4781-89f1-63386daa95c0 - - - - - -] Loaded extension: vpn-endpoint-groups
2026-04-21 15:23:32.962 7 INFO neutron.api.extensions [None req-2d307bfe-38ba-4781-89f1-63386daa95c0 - - - - - -] Loaded extension: vpn-flavors
2026-04-21 15:23:32.964 7 INFO neutron.api.extensions [None req-2d307bfe-38ba-4781-89f1-63386daa95c0 - - - - - -] Loaded extension: vpnaas
2026-04-21 15:23:32.965 7 INFO neutron.api.extensions [None req-2d307bfe-38ba-4781-89f1-63386daa95c0 - - - - - -] Loaded extension: taas
2026-04-21 15:23:32.966 7 INFO neutron.api.extensions [None req-2d307bfe-38ba-4781-89f1-63386daa95c0 - - - - - -] Loaded extension: tap-mirror
2026-04-21 15:23:32.966 7 INFO neutron.api.extensions [None req-2d307bfe-38ba-4781-89f1-63386daa95c0 - - - - - -] Loaded extension: taas-vlan-filter
2026-04-21 15:23:32.969 7 INFO neutron.quota.resource_registry [None req-2d307bfe-38ba-4781-89f1-63386daa95c0 - - - - - -] Creating instance of TrackedResource for resource:network
2026-04-21 15:23:32.969 7 INFO neutron.quota.resource_registry [None req-2d307bfe-38ba-4781-89f1-63386daa95c0 - - - - - -] Creating instance of TrackedResource for resource:subnet
2026-04-21 15:23:32.969 7 INFO neutron.quota.resource_registry [None req-2d307bfe-38ba-4781-89f1-63386daa95c0 - - - - - -] Creating instance of TrackedResource for resource:subnetpool
2026-04-21 15:23:32.969 7 INFO neutron.quota.resource_registry [None req-2d307bfe-38ba-4781-89f1-63386daa95c0 - - - - - -] Creating instance of TrackedResource for resource:port
2026-04-21 15:23:32.972 7 INFO neutron.quota.resource_registry [None req-2d307bfe-38ba-4781-89f1-63386daa95c0 - - - - - -] Creating instance of TrackedResource for resource:router
2026-04-21 15:23:32.973 7 INFO neutron.quota.resource_registry [None req-2d307bfe-38ba-4781-89f1-63386daa95c0 - - - - - -] Creating instance of TrackedResource for resource:floatingip
2026-04-21 15:23:32.977 7 INFO neutron.quota.resource_registry [None req-2d307bfe-38ba-4781-89f1-63386daa95c0 - - - - - -] Creating instance of CountableResource for resource:rbac_policy
2026-04-21 15:23:32.978 7 INFO neutron.quota.resource_registry [None req-2d307bfe-38ba-4781-89f1-63386daa95c0 - - - - - -] Creating instance of TrackedResource for resource:security_group
2026-04-21 15:23:32.978 7 INFO neutron.quota.resource_registry [None req-2d307bfe-38ba-4781-89f1-63386daa95c0 - - - - - -] Creating instance of TrackedResource for resource:security_group_rule
2026-04-21 15:23:32.979 7 INFO neutron.quota.resource_registry [None req-2d307bfe-38ba-4781-89f1-63386daa95c0 - - - - - -] Creating instance of TrackedResource for resource:subnetpool
2026-04-21 15:23:32.979 7 WARNING neutron.quota.resource_registry [None req-2d307bfe-38ba-4781-89f1-63386daa95c0 - - - - - -] subnetpool is already registered
2026-04-21 15:23:32.980 7 INFO neutron.quota.resource_registry [None req-2d307bfe-38ba-4781-89f1-63386daa95c0 - - - - - -] Creating instance of TrackedResource for resource:subnetpool
2026-04-21 15:23:32.980 7 WARNING neutron.quota.resource_registry [None req-2d307bfe-38ba-4781-89f1-63386daa95c0 - - - - - -] subnetpool is already registered
2026-04-21 15:23:32.980 7 INFO neutron.quota.resource_registry [None req-2d307bfe-38ba-4781-89f1-63386daa95c0 - - - - - -] Creating instance of CountableResource for resource:trunk
2026-04-21 15:23:32.981 7 INFO neutron.quota.resource_registry [None req-2d307bfe-38ba-4781-89f1-63386daa95c0 - - - - - -] Creating instance of CountableResource for resource:ikepolicy
2026-04-21 15:23:32.981 7 INFO neutron.quota.resource_registry [None req-2d307bfe-38ba-4781-89f1-63386daa95c0 - - - - - -] Creating instance of CountableResource for resource:ipsecpolicy
2026-04-21 15:23:32.981 7 INFO neutron.quota.resource_registry [None req-2d307bfe-38ba-4781-89f1-63386daa95c0 - - - - - -] Creating instance of CountableResource for resource:endpoint_group
2026-04-21 15:23:32.982 7 INFO neutron.quota.resource_registry [None req-2d307bfe-38ba-4781-89f1-63386daa95c0 - - - - - -] Creating instance of CountableResource for resource:vpnservice
2026-04-21 15:23:32.982 7 INFO neutron.quota.resource_registry [None req-2d307bfe-38ba-4781-89f1-63386daa95c0 - - - - - -] Creating instance of CountableResource for resource:ipsec_site_connection
2026-04-21 15:23:32.983 7 INFO neutron.quota.resource_registry [None req-2d307bfe-38ba-4781-89f1-63386daa95c0 - - - - - -] Creating instance of CountableResource for resource:ipsecpolicy
2026-04-21 15:23:32.983 7 WARNING neutron.quota.resource_registry [None req-2d307bfe-38ba-4781-89f1-63386daa95c0 - - - - - -] ipsecpolicy is already registered
2026-04-21 15:23:32.983 7 INFO neutron.quota.resource_registry [None req-2d307bfe-38ba-4781-89f1-63386daa95c0 - - - - - -] Creating instance of CountableResource for resource:ikepolicy
2026-04-21 15:23:32.983 7 WARNING neutron.quota.resource_registry [None req-2d307bfe-38ba-4781-89f1-63386daa95c0 - - - - - -] ikepolicy is already registered
2026-04-21 15:23:32.988 7 INFO neutron.quota.resource_registry [None req-2d307bfe-38ba-4781-89f1-63386daa95c0 - - - - - -] Creating instance of TrackedResource for resource:router
2026-04-21 15:23:32.988 7 WARNING neutron.quota.resource_registry [None req-2d307bfe-38ba-4781-89f1-63386daa95c0 - - - - - -] router is already registered
2026-04-21 15:23:32.988 7 INFO neutron.quota.resource_registry [None req-2d307bfe-38ba-4781-89f1-63386daa95c0 - - - - - -] Creating instance of TrackedResource for resource:floatingip
2026-04-21 15:23:32.989 7 WARNING neutron.quota.resource_registry [None req-2d307bfe-38ba-4781-89f1-63386daa95c0 - - - - - -] floatingip is already registered
2026-04-21 15:23:32.992 7 INFO neutron.quota.resource_registry [None req-2d307bfe-38ba-4781-89f1-63386daa95c0 - - - - - -] Creating instance of CountableResource for resource:rbac_policy
2026-04-21 15:23:32.992 7 WARNING neutron.quota.resource_registry [None req-2d307bfe-38ba-4781-89f1-63386daa95c0 - - - - - -] rbac_policy is already registered
2026-04-21 15:23:32.993 7 INFO neutron.quota.resource_registry [None req-2d307bfe-38ba-4781-89f1-63386daa95c0 - - - - - -] Creating instance of TrackedResource for resource:security_group
2026-04-21 15:23:32.993 7 WARNING neutron.quota.resource_registry [None req-2d307bfe-38ba-4781-89f1-63386daa95c0 - - - - - -] security_group is already registered
2026-04-21 15:23:32.993 7 INFO neutron.quota.resource_registry [None req-2d307bfe-38ba-4781-89f1-63386daa95c0 - - - - - -] Creating instance of TrackedResource for resource:security_group_rule
2026-04-21 15:23:32.994 7 WARNING neutron.quota.resource_registry [None req-2d307bfe-38ba-4781-89f1-63386daa95c0 - - - - - -] security_group_rule is already registered
2026-04-21 15:23:32.994 7 INFO neutron.quota.resource_registry [None req-2d307bfe-38ba-4781-89f1-63386daa95c0 - - - - - -] Creating instance of TrackedResource for resource:subnetpool
2026-04-21 15:23:32.994 7 WARNING neutron.quota.resource_registry [None req-2d307bfe-38ba-4781-89f1-63386daa95c0 - - - - - -] subnetpool is already registered
2026-04-21 15:23:32.995 7 INFO neutron.quota.resource_registry [None req-2d307bfe-38ba-4781-89f1-63386daa95c0 - - - - - -] Creating instance of TrackedResource for resource:subnetpool
2026-04-21 15:23:32.995 7 WARNING neutron.quota.resource_registry [None req-2d307bfe-38ba-4781-89f1-63386daa95c0 - - - - - -] subnetpool is already registered
2026-04-21 15:23:32.995 7 INFO neutron.quota.resource_registry [None req-2d307bfe-38ba-4781-89f1-63386daa95c0 - - - - - -] Creating instance of CountableResource for resource:trunk
2026-04-21 15:23:32.996 7 WARNING neutron.quota.resource_registry [None req-2d307bfe-38ba-4781-89f1-63386daa95c0 - - - - - -] trunk is already registered
2026-04-21 15:23:32.996 7 INFO neutron.quota.resource_registry [None req-2d307bfe-38ba-4781-89f1-63386daa95c0 - - - - - -] Creating instance of CountableResource for resource:ikepolicy
2026-04-21 15:23:32.996 7 WARNING neutron.quota.resource_registry [None req-2d307bfe-38ba-4781-89f1-63386daa95c0 - - - - - -] ikepolicy is already registered
2026-04-21 15:23:32.997 7 INFO neutron.quota.resource_registry [None req-2d307bfe-38ba-4781-89f1-63386daa95c0 - - - - - -] Creating instance of CountableResource for resource:ipsecpolicy
2026-04-21 15:23:32.997 7 WARNING neutron.quota.resource_registry [None req-2d307bfe-38ba-4781-89f1-63386daa95c0 - - - - - -] ipsecpolicy is already registered
2026-04-21 15:23:32.997 7 INFO neutron.quota.resource_registry [None req-2d307bfe-38ba-4781-89f1-63386daa95c0 - - - - - -] Creating instance of CountableResource for resource:endpoint_group
2026-04-21 15:23:32.997 7 WARNING neutron.quota.resource_registry [None req-2d307bfe-38ba-4781-89f1-63386daa95c0 - - - - - -] endpoint_group is already registered
2026-04-21 15:23:32.998 7 INFO neutron.quota.resource_registry [None req-2d307bfe-38ba-4781-89f1-63386daa95c0 - - - - - -] Creating instance of CountableResource for resource:vpnservice
2026-04-21 15:23:32.998 7 WARNING neutron.quota.resource_registry [None req-2d307bfe-38ba-4781-89f1-63386daa95c0 - - - - - -] vpnservice is already registered
2026-04-21 15:23:32.998 7 INFO neutron.quota.resource_registry [None req-2d307bfe-38ba-4781-89f1-63386daa95c0 - - - - - -] Creating instance of CountableResource for resource:ipsec_site_connection
2026-04-21 15:23:32.998 7 WARNING neutron.quota.resource_registry [None req-2d307bfe-38ba-4781-89f1-63386daa95c0 - - - - - -] ipsec_site_connection is already registered
2026-04-21 15:23:32.999 7 INFO neutron.quota.resource_registry [None req-2d307bfe-38ba-4781-89f1-63386daa95c0 - - - - - -] Creating instance of CountableResource for resource:ipsecpolicy
2026-04-21 15:23:32.999 7 WARNING neutron.quota.resource_registry [None req-2d307bfe-38ba-4781-89f1-63386daa95c0 - - - - - -] ipsecpolicy is already registered
2026-04-21 15:23:32.999 7 INFO neutron.quota.resource_registry [None req-2d307bfe-38ba-4781-89f1-63386daa95c0 - - - - - -] Creating instance of CountableResource for resource:ikepolicy
2026-04-21 15:23:32.999 7 WARNING neutron.quota.resource_registry [None req-2d307bfe-38ba-4781-89f1-63386daa95c0 - - - - - -] ikepolicy is already registered
2026-04-21 15:23:33.037 7 WARNING keystonemiddleware._common.config [None req-2d307bfe-38ba-4781-89f1-63386daa95c0 - - - - - -] The option "audit_map_file" is not known to keystonemiddleware
2026-04-21 15:23:33.044 7 WARNING oslo_config.cfg [None req-2d307bfe-38ba-4781-89f1-63386daa95c0 - - - - - -] Deprecated: Option "auth_uri" from group "keystone_authtoken" is deprecated. Use option "www_authenticate_uri" from group "keystone_authtoken". WSGI app 0 (mountpoint='') ready in 8 seconds on interpreter 0x7fd2ac991668 pid: 7 (default app) /var/lib/openstack/lib/python3.12/site-packages/pycadf/identifier.py:70: UserWarning: Invalid uuid: unknown. To ensure interoperability, identifiers should be a valid uuid. warnings.warn(('Invalid uuid: %s. To ensure interoperability, '
2026-04-21 15:23:37.412 8 INFO neutron.pecan_wsgi.hooks.translation [None req-b5604409-2e27-4f75-915d-1179f6b80252 2b9b0830bcec448ab7b4224ea2918eec 3b1d4c062c96432ebb306ddc1402eab6 - - default default] GET failed (client error): The resource could not be found. [pid: 8|app: 0|req: 3/3] 199.204.45.138 () {44 vars in 926 bytes} [Tue Apr 21 15:23:36 2026] GET /v2.0/networks/public => generated 108 bytes in 863 msecs (HTTP/1.1 404) 4 headers in 164 bytes (1 switches on core 0) /var/lib/openstack/lib/python3.12/site-packages/pycadf/identifier.py:70: UserWarning: Invalid uuid: unknown. To ensure interoperability, identifiers should be a valid uuid. warnings.warn(('Invalid uuid: %s. To ensure interoperability, ' [pid: 7|app: 0|req: 1/4] 199.204.45.138 () {44 vars in 948 bytes} [Tue Apr 21 15:23:37 2026] GET /v2.0/networks?name=public => generated 15 bytes in 400 msecs (HTTP/1.1 200) 4 headers in 156 bytes (1 switches on core 0)
2026-04-21 15:23:38.232 8 WARNING neutron.services.revisions.revision_plugin [None req-d74997c3-0a2d-492d-86df-70276d14660b 2b9b0830bcec448ab7b4224ea2918eec 3b1d4c062c96432ebb306ddc1402eab6 - - default default] Could not find related network for resource to bump revision.
2026-04-21 15:23:38.256 8 INFO neutron.db.segments_db [None req-d74997c3-0a2d-492d-86df-70276d14660b 2b9b0830bcec448ab7b4224ea2918eec 3b1d4c062c96432ebb306ddc1402eab6 - - default default] Added segment 2ccbd0c6-c29d-43b9-bde0-a9c52e13dd64 of type flat for network c3073ca1-7f8e-42b2-988e-1166ce1f0ad4
2026-04-21 15:23:38.300 8 INFO neutron.pecan_wsgi.hooks.translation [None req-d74997c3-0a2d-492d-86df-70276d14660b 2b9b0830bcec448ab7b4224ea2918eec 3b1d4c062c96432ebb306ddc1402eab6 - - default default] POST failed (client error): The resource could not be found. [pid: 8|app: 0|req: 4/5] 199.204.45.138 () {48 vars in 966 bytes} [Tue Apr 21 15:23:37 2026] POST /v2.0/networks => generated 124 bytes in 492 msecs (HTTP/1.1 404) 4 headers in 164 bytes (1 switches on core 0)
2026-04-21 15:23:44.511 7 INFO neutron.pecan_wsgi.hooks.translation [None req-0e1fa877-447e-4791-94ba-06f616ccf8a0 2b9b0830bcec448ab7b4224ea2918eec 3b1d4c062c96432ebb306ddc1402eab6 - - default default] GET failed (client error): The resource could not be found. [pid: 7|app: 0|req: 2/6] 199.204.45.138 () {44 vars in 926 bytes} [Tue Apr 21 15:23:44 2026] GET /v2.0/networks/public => generated 108 bytes in 376 msecs (HTTP/1.1 404) 4 headers in 164 bytes (1 switches on core 0) [pid: 8|app: 0|req: 5/7] 199.204.45.138 () {44 vars in 948 bytes} [Tue Apr 21 15:23:44 2026] GET /v2.0/networks?name=public => generated 15 bytes in 19 msecs (HTTP/1.1 200) 4 headers in 156 bytes (1 switches on core 0)
2026-04-21 15:23:44.774 7 WARNING neutron.services.revisions.revision_plugin [None req-5fef259c-44ab-4483-8455-0282474fd1d6 2b9b0830bcec448ab7b4224ea2918eec 3b1d4c062c96432ebb306ddc1402eab6 - - default default] Could not find related network for resource to bump revision.
2026-04-21 15:23:44.792 7 INFO neutron.db.segments_db [None req-5fef259c-44ab-4483-8455-0282474fd1d6 2b9b0830bcec448ab7b4224ea2918eec 3b1d4c062c96432ebb306ddc1402eab6 - - default default] Added segment 5a68b94c-abc9-44c2-885d-dc82a7ca05c4 of type flat for network 5e73ed17-6883-40ce-b495-2658abfa5525
2026-04-21 15:23:44.837 7 INFO neutron.pecan_wsgi.hooks.translation [None req-5fef259c-44ab-4483-8455-0282474fd1d6 2b9b0830bcec448ab7b4224ea2918eec 3b1d4c062c96432ebb306ddc1402eab6 - - default default] POST failed (client error): The resource could not be found. [pid: 7|app: 0|req: 3/8] 199.204.45.138 () {48 vars in 966 bytes} [Tue Apr 21 15:23:44 2026] POST /v2.0/networks => generated 124 bytes in 317 msecs (HTTP/1.1 404) 4 headers in 164 bytes (1 switches on core 0)
2026-04-21 15:23:50.706 7 INFO neutron.pecan_wsgi.hooks.translation [None req-7e497ef4-da99-4b30-9c6e-ccc5e61910a1 2b9b0830bcec448ab7b4224ea2918eec 3b1d4c062c96432ebb306ddc1402eab6 - - default default] GET failed (client error): The resource could not be found. [pid: 7|app: 0|req: 4/10] 199.204.45.138 () {44 vars in 926 bytes} [Tue Apr 21 15:23:50 2026] GET /v2.0/networks/public => generated 108 bytes in 51 msecs (HTTP/1.1 404) 4 headers in 164 bytes (1 switches on core 0) [pid: 8|app: 0|req: 7/11] 199.204.45.138 () {44 vars in 948 bytes} [Tue Apr 21 15:23:50 2026] GET /v2.0/networks?name=public => generated 15 bytes in 13 msecs (HTTP/1.1 200) 4 headers in 156 bytes (1 switches on core 0)
2026-04-21 15:23:50.774 7 WARNING neutron.services.revisions.revision_plugin [None req-e135f25b-bb22-49cc-950f-a7964ac82707 2b9b0830bcec448ab7b4224ea2918eec 3b1d4c062c96432ebb306ddc1402eab6 - - default default] Could not find related network for resource to bump revision.
2026-04-21 15:23:50.788 7 INFO neutron.db.segments_db [None req-e135f25b-bb22-49cc-950f-a7964ac82707 2b9b0830bcec448ab7b4224ea2918eec 3b1d4c062c96432ebb306ddc1402eab6 - - default default] Added segment 5473b706-e57a-4546-a4d3-a45bfcc6b1f8 of type flat for network 549b5358-febd-418b-9faa-ecb7108f6b3b
2026-04-21 15:23:50.809 7 INFO neutron.pecan_wsgi.hooks.translation [None req-e135f25b-bb22-49cc-950f-a7964ac82707 2b9b0830bcec448ab7b4224ea2918eec 3b1d4c062c96432ebb306ddc1402eab6 - - default default] POST failed (client error): The resource could not be found. [pid: 7|app: 0|req: 5/12] 199.204.45.138 () {48 vars in 966 bytes} [Tue Apr 21 15:23:50 2026] POST /v2.0/networks => generated 124 bytes in 90 msecs (HTTP/1.1 404) 4 headers in 164 bytes (1 switches on core 0)
2026-04-21 15:23:56.676 8 INFO neutron.pecan_wsgi.hooks.translation [None req-e3542b34-25ad-4d7e-be17-aa6384fdb721 2b9b0830bcec448ab7b4224ea2918eec 3b1d4c062c96432ebb306ddc1402eab6 - - default default] GET failed (client error): The resource could not be found. [pid: 8|app: 0|req: 8/13] 199.204.45.138 () {44 vars in 926 bytes} [Tue Apr 21 15:23:56 2026] GET /v2.0/networks/public => generated 108 bytes in 44 msecs (HTTP/1.1 404) 4 headers in 164 bytes (1 switches on core 0) [pid: 7|app: 0|req: 6/14] 199.204.45.138 () {44 vars in 948 bytes} [Tue Apr 21 15:23:56 2026] GET /v2.0/networks?name=public => generated 15 bytes in 14 msecs (HTTP/1.1 200) 4 headers in 156 bytes (1 switches on core 0)
2026-04-21 15:23:56.780 8 WARNING neutron.services.revisions.revision_plugin [None req-70683a9f-8552-4c83-bcbe-c01d0d66fce8 2b9b0830bcec448ab7b4224ea2918eec 3b1d4c062c96432ebb306ddc1402eab6 - - default default] Could not find related network for resource to bump revision.
2026-04-21 15:23:56.813 8 INFO neutron.db.segments_db [None req-70683a9f-8552-4c83-bcbe-c01d0d66fce8 2b9b0830bcec448ab7b4224ea2918eec 3b1d4c062c96432ebb306ddc1402eab6 - - default default] Added segment 56f494e1-10f1-47d2-8655-251df6f9d6fc of type flat for network 1552cbec-0730-40da-9674-59894dd287f6
2026-04-21 15:23:56.833 8 INFO neutron.pecan_wsgi.hooks.translation [None req-70683a9f-8552-4c83-bcbe-c01d0d66fce8 2b9b0830bcec448ab7b4224ea2918eec 3b1d4c062c96432ebb306ddc1402eab6 - - default default] POST failed (client error): The resource could not be found. [pid: 8|app: 0|req: 9/15] 199.204.45.138 () {48 vars in 966 bytes} [Tue Apr 21 15:23:56 2026] POST /v2.0/networks => generated 124 bytes in 143 msecs (HTTP/1.1 404) 4 headers in 164 bytes (1 switches on core 0)
2026-04-21 15:24:02.769 7 INFO neutron.pecan_wsgi.hooks.translation [None req-e2a08d68-2490-44af-8d56-208742561cd7 2b9b0830bcec448ab7b4224ea2918eec 3b1d4c062c96432ebb306ddc1402eab6 - - default default] GET failed (client error): The resource could not be found. [pid: 7|app: 0|req: 7/16] 199.204.45.138 () {44 vars in 926 bytes} [Tue Apr 21 15:24:02 2026] GET /v2.0/networks/public => generated 108 bytes in 48 msecs (HTTP/1.1 404) 4 headers in 164 bytes (1 switches on core 0) [pid: 8|app: 0|req: 10/17] 199.204.45.138 () {44 vars in 948 bytes} [Tue Apr 21 15:24:02 2026] GET /v2.0/networks?name=public => generated 15 bytes in 26 msecs (HTTP/1.1 200) 4 headers in 156 bytes (1 switches on core 0)
2026-04-21 15:24:02.844 7 WARNING neutron.services.revisions.revision_plugin [None req-164cfeee-526d-46a3-9897-76ce93e69629 2b9b0830bcec448ab7b4224ea2918eec 3b1d4c062c96432ebb306ddc1402eab6 - - default default] Could not find related network for resource to bump revision.
2026-04-21 15:24:02.867 7 INFO neutron.db.segments_db [None req-164cfeee-526d-46a3-9897-76ce93e69629 2b9b0830bcec448ab7b4224ea2918eec 3b1d4c062c96432ebb306ddc1402eab6 - - default default] Added segment f88586bf-179f-42a0-985f-4ef42ddf75e6 of type flat for network 8c6c1330-1683-4d20-9ffc-1ae9ce3d65e1
2026-04-21 15:24:02.899 7 INFO neutron.pecan_wsgi.hooks.translation [None req-164cfeee-526d-46a3-9897-76ce93e69629 2b9b0830bcec448ab7b4224ea2918eec 3b1d4c062c96432ebb306ddc1402eab6 - - default default] POST failed (client error): The resource could not be found. [pid: 7|app: 0|req: 8/18] 199.204.45.138 () {48 vars in 966 bytes} [Tue Apr 21 15:24:02 2026] POST /v2.0/networks => generated 124 bytes in 109 msecs (HTTP/1.1 404) 4 headers in 164 bytes (1 switches on core 0)
2026-04-21 15:24:08.853 7 INFO neutron.pecan_wsgi.hooks.translation [None req-38c71a5b-bdeb-4249-b25e-fa3ae452b588 2b9b0830bcec448ab7b4224ea2918eec 3b1d4c062c96432ebb306ddc1402eab6 - - default default] GET failed (client error): The resource could not be found. [pid: 7|app: 0|req: 9/20] 199.204.45.138 () {44 vars in 926 bytes} [Tue Apr 21 15:24:08 2026] GET /v2.0/networks/public => generated 108 bytes in 46 msecs (HTTP/1.1 404) 4 headers in 164 bytes (1 switches on core 0) [pid: 8|app: 0|req: 12/21] 199.204.45.138 () {44 vars in 948 bytes} [Tue Apr 21 15:24:08 2026] GET /v2.0/networks?name=public => generated 15 bytes in 14 msecs (HTTP/1.1 200) 4 headers in 156 bytes (1 switches on core 0)
2026-04-21 15:24:08.927 7 WARNING neutron.services.revisions.revision_plugin [None req-0b9a7d4b-64c7-4996-92ae-923e1cd571c6 2b9b0830bcec448ab7b4224ea2918eec 3b1d4c062c96432ebb306ddc1402eab6 - - default default] Could not find related network for resource to bump revision.
2026-04-21 15:24:08.951 7 INFO neutron.db.segments_db [None req-0b9a7d4b-64c7-4996-92ae-923e1cd571c6 2b9b0830bcec448ab7b4224ea2918eec 3b1d4c062c96432ebb306ddc1402eab6 - - default default] Added segment ca73213a-7a84-4897-91b8-b3a7d674911c of type flat for network dee83977-8522-4082-bbca-4402ec9343cb [pid: 7|app: 0|req: 10/22] 199.204.45.138 () {48 vars in 966 bytes} [Tue Apr 21 15:24:08 2026] POST /v2.0/networks => generated 706 bytes in 225 msecs (HTTP/1.1 201) 4 headers in 162 bytes (1 switches on core 0)
2026-04-21 15:24:10.319 8 INFO neutron.pecan_wsgi.hooks.translation [None req-ba89b064-3542-477c-b98d-c768a19a57ae 2b9b0830bcec448ab7b4224ea2918eec 3b1d4c062c96432ebb306ddc1402eab6 - - default default] GET failed (client error): The resource could not be found. [pid: 8|app: 0|req: 13/23] 199.204.45.138 () {44 vars in 926 bytes} [Tue Apr 21 15:24:10 2026] GET /v2.0/networks/public => generated 108 bytes in 43 msecs (HTTP/1.1 404) 4 headers in 164 bytes (1 switches on core 0) [pid: 7|app: 0|req: 11/24] 199.204.45.138 () {44 vars in 948 bytes} [Tue Apr 21 15:24:10 2026] GET /v2.0/networks?name=public => generated 709 bytes in 39 msecs (HTTP/1.1 200) 4 headers in 157 bytes (1 switches on core 0)
2026-04-21 15:24:10.399 8 INFO neutron.pecan_wsgi.hooks.translation [None req-5a90d5fc-ae3a-4422-b349-1d0aef21ce8b 2b9b0830bcec448ab7b4224ea2918eec 3b1d4c062c96432ebb306ddc1402eab6 - - default default] GET failed (client error): The resource could not be found. [pid: 8|app: 0|req: 14/25] 199.204.45.138 () {44 vars in 1033 bytes} [Tue Apr 21 15:24:10 2026] GET /v2.0/subnets/public-subnet?network_id=dee83977-8522-4082-bbca-4402ec9343cb => generated 113 bytes in 25 msecs (HTTP/1.1 404) 4 headers in 164 bytes (1 switches on core 0) [pid: 7|app: 0|req: 12/26] 199.204.45.138 () {44 vars in 1056 bytes} [Tue Apr 21 15:24:10 2026] GET /v2.0/subnets?name=public-subnet&network_id=dee83977-8522-4082-bbca-4402ec9343cb => generated 14 bytes in 23 msecs (HTTP/1.1 200) 4 headers in 156 bytes (1 switches on core 0) [pid: 8|app: 0|req: 15/27] 199.204.45.138 () {48 vars in 964 bytes} [Tue Apr 21 15:24:10 2026] POST /v2.0/subnets => generated 664 bytes in 363 msecs (HTTP/1.1 201) 4 headers in 162 bytes (1 switches on core 0)
2026-04-21 15:29:06.763 7 INFO neutron.pecan_wsgi.hooks.translation [None req-3748be20-6614-4f97-a947-9af5d299097a 2b9b0830bcec448ab7b4224ea2918eec 3b1d4c062c96432ebb306ddc1402eab6 - - default default] GET failed (client error): The resource could not be found. [pid: 7|app: 0|req: 33/67] 199.204.45.138 () {44 vars in 936 bytes} [Tue Apr 21 15:29:06 2026] GET /v2.0/networks/lb-mgmt-net => generated 113 bytes in 122 msecs (HTTP/1.1 404) 4 headers in 164 bytes (1 switches on core 0) [pid: 8|app: 0|req: 35/68] 199.204.45.138 () {44 vars in 958 bytes} [Tue Apr 21 15:29:06 2026] GET /v2.0/networks?name=lb-mgmt-net => generated 15 bytes in 19 msecs (HTTP/1.1 200) 4 headers in 156 bytes (1 switches on core 0)
2026-04-21 15:29:06.839 7 INFO neutron.db.segments_db [None req-d89453a4-bfe7-456d-89d7-e07b98d58de0 2b9b0830bcec448ab7b4224ea2918eec 3b1d4c062c96432ebb306ddc1402eab6 - - default default] Added segment 5083c0d1-2066-4e5b-8a42-0826b70be1d0 of type vxlan for network bb095d0a-af4d-4fd2-9e1a-3dc3bef175a5 [pid: 7|app: 0|req: 34/69] 199.204.45.138 () {48 vars in 965 bytes} [Tue Apr 21 15:29:06 2026] POST /v2.0/networks => generated 688 bytes in 134 msecs (HTTP/1.1 201) 4 headers in 162 bytes (1 switches on core 0)
2026-04-21 15:29:07.880 8 INFO neutron.pecan_wsgi.hooks.translation [None req-d76d3218-2dd7-48f0-aaef-070b6cf9588c 2b9b0830bcec448ab7b4224ea2918eec 3b1d4c062c96432ebb306ddc1402eab6 - - default default] GET failed (client error): The resource could not be found. [pid: 8|app: 0|req: 36/70] 199.204.45.138 () {44 vars in 936 bytes} [Tue Apr 21 15:29:07 2026] GET /v2.0/networks/lb-mgmt-net => generated 113 bytes in 46 msecs (HTTP/1.1 404) 4 headers in 164 bytes (1 switches on core 0) [pid: 7|app: 0|req: 35/71] 199.204.45.138 () {44 vars in 958 bytes} [Tue Apr 21 15:29:07 2026] GET /v2.0/networks?name=lb-mgmt-net => generated 691 bytes in 35 msecs (HTTP/1.1 200) 4 headers in 157 bytes (1 switches on core 0)
