2026-04-21 16:02:33.683 7 INFO placement.requestlog [req-d5ed233f-4ee5-4641-9e53-0982055fb403 req-a3a76d34-78a9-4f45-9f16-8120d3801b8d 287db97f9c68470ea1e99a3aaf2a29cb e6266ece22924f75b6f96f0686963e47 - - 140f1e5b743c47eeadfdfa0596fc0af4 140f1e5b743c47eeadfdfa0596fc0af4] 199.204.45.138 "GET /allocations/4aa1bee7-13c1-4455-b200-2d179c483fb7" status: 200 len: 258 microversion: 1.28 [pid: 7|app: 0|req: 556/1113] 199.204.45.138 () {34 vars in 863 bytes} [Tue Apr 21 16:02:33 2026] GET /allocations/4aa1bee7-13c1-4455-b200-2d179c483fb7 => generated 258 bytes in 13 msecs (HTTP/1.1 200) 8 headers in 296 bytes (1 switches on core 0)
2026-04-21 16:02:34.722 8 INFO placement.requestlog [req-d5ed233f-4ee5-4641-9e53-0982055fb403 req-1e745d5f-e0ac-492e-9a2c-103b56acfb6a 287db97f9c68470ea1e99a3aaf2a29cb e6266ece22924f75b6f96f0686963e47 - - 140f1e5b743c47eeadfdfa0596fc0af4 140f1e5b743c47eeadfdfa0596fc0af4] 199.204.45.138 "GET /resource_providers/277d1b58-8491-4de8-a9db-31478ab16bcc/allocations" status: 200 len: 353 microversion: 1.0 [pid: 8|app: 0|req: 558/1114] 199.204.45.138 () {32 vars in 857 bytes} [Tue Apr 21 16:02:34 2026] GET /resource_providers/277d1b58-8491-4de8-a9db-31478ab16bcc/allocations => generated 353 bytes in 18 msecs (HTTP/1.1 200) 6 headers in 224 bytes (1 switches on core 0)
2026-04-21 16:02:34.742 7 INFO placement.requestlog [req-d5ed233f-4ee5-4641-9e53-0982055fb403 req-4a59228e-e67b-46c4-b22d-e36f2b37ed02 287db97f9c68470ea1e99a3aaf2a29cb e6266ece22924f75b6f96f0686963e47 - - 140f1e5b743c47eeadfdfa0596fc0af4 140f1e5b743c47eeadfdfa0596fc0af4] 199.204.45.138 "GET /allocations/1cc216a4-dc36-4373-a1c5-a28cc02f0ff9" status: 200 len: 258 microversion: 1.28 [pid: 7|app: 0|req: 557/1115] 199.204.45.138 () {34 vars in 863 bytes} [Tue Apr 21 16:02:34 2026] GET /allocations/1cc216a4-dc36-4373-a1c5-a28cc02f0ff9 => generated 258 bytes in 16 msecs (HTTP/1.1 200) 8 headers in 296 bytes (1 switches on core 0)
2026-04-21 16:02:34.763 8 INFO placement.requestlog [req-d5ed233f-4ee5-4641-9e53-0982055fb403 req-9d81b469-121a-4f3b-9c89-fdde3b685378 287db97f9c68470ea1e99a3aaf2a29cb e6266ece22924f75b6f96f0686963e47 - - 140f1e5b743c47eeadfdfa0596fc0af4 140f1e5b743c47eeadfdfa0596fc0af4] 199.204.45.138 "GET /allocations/f36bd22a-6208-4706-9f27-7e8004e3b9ac" status: 200 len: 258 microversion: 1.28 [pid: 8|app: 0|req: 559/1116] 199.204.45.138 () {34 vars in 863 bytes} [Tue Apr 21 16:02:34 2026] GET /allocations/f36bd22a-6208-4706-9f27-7e8004e3b9ac => generated 258 bytes in 14 msecs (HTTP/1.1 200) 8 headers in 296 bytes (1 switches on core 0)
2026-04-21 16:02:34.783 7 INFO placement.requestlog [req-d5ed233f-4ee5-4641-9e53-0982055fb403 req-fc215132-1205-43a2-9d54-839c828edd02 287db97f9c68470ea1e99a3aaf2a29cb e6266ece22924f75b6f96f0686963e47 - - 140f1e5b743c47eeadfdfa0596fc0af4 140f1e5b743c47eeadfdfa0596fc0af4] 199.204.45.138 "GET /allocations/4aa1bee7-13c1-4455-b200-2d179c483fb7" status: 200 len: 258 microversion: 1.28 [pid: 7|app: 0|req: 558/1117] 199.204.45.138 () {34 vars in 863 bytes} [Tue Apr 21 16:02:34 2026] GET /allocations/4aa1bee7-13c1-4455-b200-2d179c483fb7 => generated 258 bytes in 16 msecs (HTTP/1.1 200) 8 headers in 296 bytes (1 switches on core 0)
2026-04-21 16:02:35.834 8 INFO placement.requestlog [req-8d20833a-6442-4775-8e5e-f2ae4c23990c req-9a2490cf-6d83-4e64-8ec0-9e3e9f971b45 287db97f9c68470ea1e99a3aaf2a29cb e6266ece22924f75b6f96f0686963e47 - - 140f1e5b743c47eeadfdfa0596fc0af4 140f1e5b743c47eeadfdfa0596fc0af4] 199.204.45.138 "GET /resource_providers/277d1b58-8491-4de8-a9db-31478ab16bcc/allocations" status: 200 len: 353 microversion: 1.0 [pid: 8|app: 0|req: 560/1118] 199.204.45.138 () {32 vars in 857 bytes} [Tue Apr 21 16:02:35 2026] GET /resource_providers/277d1b58-8491-4de8-a9db-31478ab16bcc/allocations => generated 353 bytes in 16 msecs (HTTP/1.1 200) 6 headers in 224 bytes (1 switches on core 0)
2026-04-21 16:02:35.857 7 INFO placement.requestlog [req-8d20833a-6442-4775-8e5e-f2ae4c23990c req-ceef8578-25a1-4554-8f9c-d16188188424 287db97f9c68470ea1e99a3aaf2a29cb e6266ece22924f75b6f96f0686963e47 - - 140f1e5b743c47eeadfdfa0596fc0af4 140f1e5b743c47eeadfdfa0596fc0af4] 199.204.45.138 "GET /allocations/1cc216a4-dc36-4373-a1c5-a28cc02f0ff9" status: 200 len: 258 microversion: 1.28 [pid: 7|app: 0|req: 559/1119] 199.204.45.138 () {34 vars in 863 bytes} [Tue Apr 21 16:02:35 2026] GET /allocations/1cc216a4-dc36-4373-a1c5-a28cc02f0ff9 => generated 258 bytes in 16 msecs (HTTP/1.1 200) 8 headers in 296 bytes (1 switches on core 0)
2026-04-21 16:02:35.879 8 INFO placement.requestlog [req-8d20833a-6442-4775-8e5e-f2ae4c23990c req-9a27bb47-f9bb-42c6-bf22-46f74ecdd1b3 287db97f9c68470ea1e99a3aaf2a29cb e6266ece22924f75b6f96f0686963e47 - - 140f1e5b743c47eeadfdfa0596fc0af4 140f1e5b743c47eeadfdfa0596fc0af4] 199.204.45.138 "GET /allocations/f36bd22a-6208-4706-9f27-7e8004e3b9ac" status: 200 len: 258 microversion: 1.28 [pid: 8|app: 0|req: 561/1120] 199.204.45.138 () {34 vars in 863 bytes} [Tue Apr 21 16:02:35 2026] GET /allocations/f36bd22a-6208-4706-9f27-7e8004e3b9ac => generated 258 bytes in 14 msecs (HTTP/1.1 200) 8 headers in 296 bytes (1 switches on core 0)
2026-04-21 16:02:35.899 7 INFO placement.requestlog [req-8d20833a-6442-4775-8e5e-f2ae4c23990c req-c61faff9-c839-4306-ad9f-3157a3b0bd95 287db97f9c68470ea1e99a3aaf2a29cb e6266ece22924f75b6f96f0686963e47 - - 140f1e5b743c47eeadfdfa0596fc0af4 140f1e5b743c47eeadfdfa0596fc0af4] 199.204.45.138 "GET /allocations/4aa1bee7-13c1-4455-b200-2d179c483fb7" status: 200 len: 258 microversion: 1.28 [pid: 7|app: 0|req: 560/1121] 199.204.45.138 () {34 vars in 863 bytes} [Tue Apr 21 16:02:35 2026] GET /allocations/4aa1bee7-13c1-4455-b200-2d179c483fb7 => generated 258 bytes in 14 msecs (HTTP/1.1 200) 8 headers in 296 bytes (1 switches on core 0)
2026-04-21 16:02:36.959 8 INFO placement.requestlog [req-8d20833a-6442-4775-8e5e-f2ae4c23990c req-98b13261-dc52-45ab-ae6c-c0756c321466 287db97f9c68470ea1e99a3aaf2a29cb e6266ece22924f75b6f96f0686963e47 - - 140f1e5b743c47eeadfdfa0596fc0af4 140f1e5b743c47eeadfdfa0596fc0af4] 199.204.45.138 "DELETE /allocations/1cc216a4-dc36-4373-a1c5-a28cc02f0ff9" status: 204 len: 0 microversion: 1.0 [pid: 8|app: 0|req: 562/1122] 199.204.45.138 () {34 vars in 841 bytes} [Tue Apr 21 16:02:36 2026] DELETE /allocations/1cc216a4-dc36-4373-a1c5-a28cc02f0ff9 => generated 0 bytes in 39 msecs (HTTP/1.1 204) 5 headers in 198 bytes (1 switches on core 0)
2026-04-21 16:02:39.776 8 INFO placement.requestlog [None req-b6303487-75cd-4c1a-9942-bf18f1786308 - - - - - -] 10.0.0.1 "GET /" status: 200 len: 136 microversion: 1.0
2026-04-21 16:02:39.776 7 INFO placement.requestlog [None req-cb9bb75f-51ce-499d-bfed-dade81b1700d - - - - - -] 10.0.0.1 "GET /" status: 200 len: 136 microversion: 1.0
2026-04-21 16:02:40.601 8 INFO placement.requestlog [None req-6bc0cb35-bf98-4aa6-a711-8c95e7fcab22 b30f0b728cfa43b99de4d8eaa6adb0d9 e6266ece22924f75b6f96f0686963e47 - - 140f1e5b743c47eeadfdfa0596fc0af4 140f1e5b743c47eeadfdfa0596fc0af4] 10.0.0.29 "GET /resource_providers/a50b30ff-0592-454d-91ef-90b98507f881/aggregates" status: 404 len: 235 microversion: 1.1 [pid: 8|app: 0|req: 564/1125] 10.0.0.29 () {32 vars in 815 bytes} [Tue Apr 21 16:02:40 2026] GET /resource_providers/a50b30ff-0592-454d-91ef-90b98507f881/aggregates => generated 235 bytes in 23 msecs (HTTP/1.1 404) 5 headers in 202 bytes (1 switches on core 0)
2026-04-21 16:02:40.602 7 INFO placement.requestlog [None req-d70c84e2-8ff2-4bd5-b5a5-359f70110e7a b30f0b728cfa43b99de4d8eaa6adb0d9 e6266ece22924f75b6f96f0686963e47 - - 140f1e5b743c47eeadfdfa0596fc0af4 140f1e5b743c47eeadfdfa0596fc0af4] 10.0.0.29 "GET /resource_providers/a50b30ff-0592-454d-91ef-90b98507f881/aggregates" status: 404 len: 235 microversion: 1.1 [pid: 7|app: 0|req: 562/1126] 10.0.0.29 () {32 vars in 815 bytes} [Tue Apr 21 16:02:40 2026] GET /resource_providers/a50b30ff-0592-454d-91ef-90b98507f881/aggregates => generated 235 bytes in 16 msecs (HTTP/1.1 404) 5 headers in 202 bytes (1 switches on core 0)
2026-04-21 16:02:40.627 7 INFO placement.requestlog [None req-406d37f7-924b-4e2c-bb85-890ebddf9474 b30f0b728cfa43b99de4d8eaa6adb0d9 e6266ece22924f75b6f96f0686963e47 - - 140f1e5b743c47eeadfdfa0596fc0af4 140f1e5b743c47eeadfdfa0596fc0af4] 10.0.0.29 "DELETE /resource_providers/a50b30ff-0592-454d-91ef-90b98507f881" status: 404 len: 246 microversion: 1.1 [pid: 7|app: 0|req: 563/1127] 10.0.0.29 () {34 vars in 815 bytes} [Tue Apr 21 16:02:40 2026] DELETE /resource_providers/a50b30ff-0592-454d-91ef-90b98507f881 => generated 246 bytes in 6 msecs (HTTP/1.1 404) 6 headers in 231 bytes (1 switches on core 0)
2026-04-21 16:02:40.627 8 INFO placement.requestlog [None req-8546537c-88b8-408f-bf89-69a9782b96fb b30f0b728cfa43b99de4d8eaa6adb0d9 e6266ece22924f75b6f96f0686963e47 - - 140f1e5b743c47eeadfdfa0596fc0af4 140f1e5b743c47eeadfdfa0596fc0af4] 10.0.0.29 "DELETE /resource_providers/a50b30ff-0592-454d-91ef-90b98507f881" status: 404 len: 246 microversion: 1.1 [pid: 8|app: 0|req: 565/1128] 10.0.0.29 () {34 vars in 815 bytes} [Tue Apr 21 16:02:40 2026] DELETE /resource_providers/a50b30ff-0592-454d-91ef-90b98507f881 => generated 246 bytes in 9 msecs (HTTP/1.1 404) 6 headers in 231 bytes (1 switches on core 0)
2026-04-21 16:02:40.914 7 INFO placement.requestlog [None req-1bcab0b5-edab-4ed7-8ade-8e067a9c9c00 b30f0b728cfa43b99de4d8eaa6adb0d9 e6266ece22924f75b6f96f0686963e47 - - 140f1e5b743c47eeadfdfa0596fc0af4 140f1e5b743c47eeadfdfa0596fc0af4] 10.0.0.29 "GET /resource_providers/b0527f70-1a02-401d-acf5-da5f516fb3cd/aggregates" status: 404 len: 235 microversion: 1.1 [pid: 7|app: 0|req: 564/1129] 10.0.0.29 () {32 vars in 815 bytes} [Tue Apr 21 16:02:40 2026] GET /resource_providers/b0527f70-1a02-401d-acf5-da5f516fb3cd/aggregates => generated 235 bytes in 12 msecs (HTTP/1.1 404) 5 headers in 202 bytes (1 switches on core 0)
2026-04-21 16:02:40.917 8 INFO placement.requestlog [None req-d90af3e4-fd72-4e2a-9211-2d7319e92afa b30f0b728cfa43b99de4d8eaa6adb0d9 e6266ece22924f75b6f96f0686963e47 - - 140f1e5b743c47eeadfdfa0596fc0af4 140f1e5b743c47eeadfdfa0596fc0af4] 10.0.0.29 "GET /resource_providers/b0527f70-1a02-401d-acf5-da5f516fb3cd/aggregates" status: 404 len: 235 microversion: 1.1 [pid: 8|app: 0|req: 566/1130] 10.0.0.29 () {32 vars in 815 bytes} [Tue Apr 21 16:02:40 2026] GET /resource_providers/b0527f70-1a02-401d-acf5-da5f516fb3cd/aggregates => generated 235 bytes in 9 msecs (HTTP/1.1 404) 5 headers in 202 bytes (1 switches on core 0)
2026-04-21 16:02:40.938 7 INFO placement.requestlog [None req-6ac29d5d-f432-4d32-897d-cbdac6a97ec4 b30f0b728cfa43b99de4d8eaa6adb0d9 e6266ece22924f75b6f96f0686963e47 - - 140f1e5b743c47eeadfdfa0596fc0af4 140f1e5b743c47eeadfdfa0596fc0af4] 10.0.0.29 "DELETE /resource_providers/b0527f70-1a02-401d-acf5-da5f516fb3cd" status: 404 len: 246 microversion: 1.1 [pid: 7|app: 0|req: 565/1131] 10.0.0.29 () {34 vars in 815 bytes} [Tue Apr 21 16:02:40 2026] DELETE /resource_providers/b0527f70-1a02-401d-acf5-da5f516fb3cd => generated 246 bytes in 10 msecs (HTTP/1.1 404) 6 headers in 231 bytes (1 switches on core 0)
2026-04-21 16:02:40.939 8 INFO placement.requestlog [None req-76533b00-44c9-4c25-a49e-6074a26f2792 b30f0b728cfa43b99de4d8eaa6adb0d9 e6266ece22924f75b6f96f0686963e47 - - 140f1e5b743c47eeadfdfa0596fc0af4 140f1e5b743c47eeadfdfa0596fc0af4] 10.0.0.29 "DELETE /resource_providers/b0527f70-1a02-401d-acf5-da5f516fb3cd" status: 404 len: 246 microversion: 1.1 [pid: 8|app: 0|req: 567/1132] 10.0.0.29 () {34 vars in 815 bytes} [Tue Apr 21 16:02:40 2026] DELETE /resource_providers/b0527f70-1a02-401d-acf5-da5f516fb3cd => generated 246 bytes in 10 msecs (HTTP/1.1 404) 6 headers in 231 bytes (1 switches on core 0)
2026-04-21 16:02:49.775 8 INFO placement.requestlog [None req-cc4a2663-7898-4133-b09d-81bed06a455d - - - - - -] 10.0.0.1 "GET /" status: 200 len: 136 microversion: 1.0
2026-04-21 16:02:49.775 7 INFO placement.requestlog [None req-0bb0295b-a4f3-4b5d-b918-ab6f5aa64ae7 - - - - - -] 10.0.0.1 "GET /" status: 200 len: 136 microversion: 1.0
2026-04-21 16:02:57.290 8 INFO placement.requestlog [req-6a4c1b03-4d5d-49c2-b2f8-f21ce9935ec1 req-f9aca4c5-8654-4800-bdfc-26bc0ab912b2 287db97f9c68470ea1e99a3aaf2a29cb e6266ece22924f75b6f96f0686963e47 - - 140f1e5b743c47eeadfdfa0596fc0af4 140f1e5b743c47eeadfdfa0596fc0af4] 10.0.0.172 "GET /allocation_candidates?limit=1000&resources=DISK_GB%3A1%2CMEMORY_MB%3A512%2CVCPU%3A1&root_required=%21COMPUTE_STATUS_DISABLED" status: 200 len: 2784 microversion: 1.36 [pid: 8|app: 0|req: 569/1135] 10.0.0.172 () {34 vars in 1012 bytes} [Tue Apr 21 16:02:57 2026] GET /allocation_candidates?limit=1000&resources=DISK_GB%3A1%2CMEMORY_MB%3A512%2CVCPU%3A1&root_required=%21COMPUTE_STATUS_DISABLED => generated 2784 bytes in 81 msecs (HTTP/1.1 200) 8 headers in 297 bytes (1 switches on core 0)
2026-04-21 16:02:57.319 7 INFO placement.requestlog [req-6a4c1b03-4d5d-49c2-b2f8-f21ce9935ec1 req-21edc1e7-985f-4e69-bafd-cd40d36089c3 287db97f9c68470ea1e99a3aaf2a29cb e6266ece22924f75b6f96f0686963e47 - - 140f1e5b743c47eeadfdfa0596fc0af4 140f1e5b743c47eeadfdfa0596fc0af4] 10.0.0.172 "GET /allocations/a93e6367-28d6-4b74-ba25-68f095007bec" status: 200 len: 19 microversion: 1.28 [pid: 7|app: 0|req: 567/1136] 10.0.0.172 () {34 vars in 861 bytes} [Tue Apr 21 16:02:57 2026] GET /allocations/a93e6367-28d6-4b74-ba25-68f095007bec => generated 19 bytes in 10 msecs (HTTP/1.1 200) 8 headers in 295 bytes (1 switches on core 0)
2026-04-21 16:02:57.384 8 INFO placement.requestlog [req-6a4c1b03-4d5d-49c2-b2f8-f21ce9935ec1 req-9d3610bb-442c-4f09-967c-e55be1a26eb0 287db97f9c68470ea1e99a3aaf2a29cb e6266ece22924f75b6f96f0686963e47 - - 140f1e5b743c47eeadfdfa0596fc0af4 140f1e5b743c47eeadfdfa0596fc0af4] 10.0.0.172 "PUT /allocations/a93e6367-28d6-4b74-ba25-68f095007bec" status: 204 len: 0 microversion: 1.36 [pid: 8|app: 0|req: 570/1137] 10.0.0.172 () {38 vars in 914 bytes} [Tue Apr 21 16:02:57 2026] PUT /allocations/a93e6367-28d6-4b74-ba25-68f095007bec => generated 0 bytes in 57 msecs (HTTP/1.1 204) 5 headers in 199 bytes (1 switches on core 0)
2026-04-21 16:02:58.882 7 INFO placement.requestlog [req-6a4c1b03-4d5d-49c2-b2f8-f21ce9935ec1 req-3319fd1f-f7b7-4dce-a25c-81e9b6b7ad4b 287db97f9c68470ea1e99a3aaf2a29cb e6266ece22924f75b6f96f0686963e47 - - 140f1e5b743c47eeadfdfa0596fc0af4 140f1e5b743c47eeadfdfa0596fc0af4] 199.204.45.138 "GET /allocations/a93e6367-28d6-4b74-ba25-68f095007bec" status: 200 len: 258 microversion: 1.28 [pid: 7|app: 0|req: 568/1138] 199.204.45.138 () {34 vars in 863 bytes} [Tue Apr 21 16:02:58 2026] GET /allocations/a93e6367-28d6-4b74-ba25-68f095007bec => generated 258 bytes in 15 msecs (HTTP/1.1 200) 8 headers in 296 bytes (1 switches on core 0)
2026-04-21 16:02:59.776 8 INFO placement.requestlog [None req-6f6b42a4-c706-4465-a938-dd04bca8a055 - - - - - -] 10.0.0.1 "GET /" status: 200 len: 136 microversion: 1.0
2026-04-21 16:02:59.777 7 INFO placement.requestlog [None req-e88d8e10-f4bf-444a-9dab-910e5bea7f43 - - - - - -] 10.0.0.1 "GET /" status: 200 len: 136 microversion: 1.0
2026-04-21 16:02:59.920 8 INFO placement.requestlog [req-6a4c1b03-4d5d-49c2-b2f8-f21ce9935ec1 req-848ce3c4-ba6d-4336-95e4-c61bcc1062ab 287db97f9c68470ea1e99a3aaf2a29cb e6266ece22924f75b6f96f0686963e47 - - 140f1e5b743c47eeadfdfa0596fc0af4 140f1e5b743c47eeadfdfa0596fc0af4] 199.204.45.138 "GET /resource_providers/277d1b58-8491-4de8-a9db-31478ab16bcc/allocations" status: 200 len: 353 microversion: 1.0 [pid: 8|app: 0|req: 572/1141] 199.204.45.138 () {32 vars in 857 bytes} [Tue Apr 21 16:02:59 2026] GET /resource_providers/277d1b58-8491-4de8-a9db-31478ab16bcc/allocations => generated 353 bytes in 16 msecs (HTTP/1.1 200) 6 headers in 224 bytes (1 switches on core 0)
2026-04-21 16:02:59.941 7 INFO placement.requestlog [req-6a4c1b03-4d5d-49c2-b2f8-f21ce9935ec1 req-c6512ca1-b1de-4b04-9d19-d7e3074e43cc 287db97f9c68470ea1e99a3aaf2a29cb e6266ece22924f75b6f96f0686963e47 - - 140f1e5b743c47eeadfdfa0596fc0af4 140f1e5b743c47eeadfdfa0596fc0af4] 199.204.45.138 "GET /allocations/f36bd22a-6208-4706-9f27-7e8004e3b9ac" status: 200 len: 258 microversion: 1.28 [pid: 7|app: 0|req: 570/1142] 199.204.45.138 () {34 vars in 863 bytes} [Tue Apr 21 16:02:59 2026] GET /allocations/f36bd22a-6208-4706-9f27-7e8004e3b9ac => generated 258 bytes in 16 msecs (HTTP/1.1 200) 8 headers in 296 bytes (1 switches on core 0)
2026-04-21 16:02:59.963 8 INFO placement.requestlog [req-6a4c1b03-4d5d-49c2-b2f8-f21ce9935ec1 req-f955a610-2e5b-496f-bfcf-0dc4d5634f2c 287db97f9c68470ea1e99a3aaf2a29cb e6266ece22924f75b6f96f0686963e47 - - 140f1e5b743c47eeadfdfa0596fc0af4 140f1e5b743c47eeadfdfa0596fc0af4] 199.204.45.138 "GET /allocations/a93e6367-28d6-4b74-ba25-68f095007bec" status: 200 len: 258 microversion: 1.28 [pid: 8|app: 0|req: 573/1143] 199.204.45.138 () {34 vars in 863 bytes} [Tue Apr 21 16:02:59 2026] GET /allocations/a93e6367-28d6-4b74-ba25-68f095007bec => generated 258 bytes in 15 msecs (HTTP/1.1 200) 8 headers in 296 bytes (1 switches on core 0)
2026-04-21 16:02:59.984 7 INFO placement.requestlog [req-6a4c1b03-4d5d-49c2-b2f8-f21ce9935ec1 req-20f39f73-1f89-4a2a-9a63-11ef134c2e41 287db97f9c68470ea1e99a3aaf2a29cb e6266ece22924f75b6f96f0686963e47 - - 140f1e5b743c47eeadfdfa0596fc0af4 140f1e5b743c47eeadfdfa0596fc0af4] 199.204.45.138 "GET /allocations/4aa1bee7-13c1-4455-b200-2d179c483fb7" status: 200 len: 258 microversion: 1.28 [pid: 7|app: 0|req: 571/1144] 199.204.45.138 () {34 vars in 863 bytes} [Tue Apr 21 16:02:59 2026] GET /allocations/4aa1bee7-13c1-4455-b200-2d179c483fb7 => generated 258 bytes in 12 msecs (HTTP/1.1 200) 8 headers in 296 bytes (1 switches on core 0)
2026-04-21 16:03:09.775 8 INFO placement.requestlog [None req-71bdf828-26b6-4e18-bd3f-a55316949cfe - - - - - -] 10.0.0.1 "GET /" status: 200 len: 136 microversion: 1.0
2026-04-21 16:03:09.775 7 INFO placement.requestlog [None req-e5c4f18d-a633-47eb-aa0e-c431b6205000 - - - - - -] 10.0.0.1 "GET /" status: 200 len: 136 microversion: 1.0
2026-04-21 16:03:19.776 7 INFO placement.requestlog [None req-dc5fd4cd-9a41-415e-987e-27d4f84b8a51 - - - - - -] 10.0.0.1 "GET /" status: 200 len: 136 microversion: 1.0
2026-04-21 16:03:19.776 8 INFO placement.requestlog [None req-2322b704-7405-476d-8dde-7c246c061fcd - - - - - -] 10.0.0.1 "GET /" status: 200 len: 136 microversion: 1.0
2026-04-21 16:03:21.064 7 INFO placement.requestlog [req-25c2dab9-3ccf-47fd-ab58-47f8aa1b28f2 req-d833ab23-ecd0-46aa-9e51-ab9c04b90d28 287db97f9c68470ea1e99a3aaf2a29cb e6266ece22924f75b6f96f0686963e47 - - 140f1e5b743c47eeadfdfa0596fc0af4 140f1e5b743c47eeadfdfa0596fc0af4] 10.0.0.172 "GET /allocation_candidates?limit=1000&resources=MEMORY_MB%3A2048%2CVCPU%3A2&root_required=%21COMPUTE_STATUS_DISABLED" status: 200 len: 2771 microversion: 1.36 [pid: 7|app: 0|req: 574/1149] 10.0.0.172 () {34 vars in 986 bytes} [Tue Apr 21 16:03:20 2026] GET /allocation_candidates?limit=1000&resources=MEMORY_MB%3A2048%2CVCPU%3A2&root_required=%21COMPUTE_STATUS_DISABLED => generated 2771 bytes in 161 msecs (HTTP/1.1 200) 8 headers in 297 bytes (1 switches on core 0)
2026-04-21 16:03:21.100 8 INFO placement.requestlog [req-25c2dab9-3ccf-47fd-ab58-47f8aa1b28f2 req-555c6d24-a7e4-40ab-abc5-f90cbf0124c4 287db97f9c68470ea1e99a3aaf2a29cb e6266ece22924f75b6f96f0686963e47 - - 140f1e5b743c47eeadfdfa0596fc0af4 140f1e5b743c47eeadfdfa0596fc0af4] 10.0.0.172 "GET /allocations/055e2227-1e69-4725-bba2-eb816fc40171" status: 200 len: 19 microversion: 1.28 [pid: 8|app: 0|req: 576/1150] 10.0.0.172 () {34 vars in 861 bytes} [Tue Apr 21 16:03:21 2026] GET /allocations/055e2227-1e69-4725-bba2-eb816fc40171 => generated 19 bytes in 16 msecs (HTTP/1.1 200) 8 headers in 295 bytes (1 switches on core 0)
2026-04-21 16:03:21.224 7 INFO placement.requestlog [req-25c2dab9-3ccf-47fd-ab58-47f8aa1b28f2 req-6f2f3ac8-44d3-4b07-ad92-2c5f0f8f44f9 287db97f9c68470ea1e99a3aaf2a29cb e6266ece22924f75b6f96f0686963e47 - - 140f1e5b743c47eeadfdfa0596fc0af4 140f1e5b743c47eeadfdfa0596fc0af4] 10.0.0.172 "PUT /allocations/055e2227-1e69-4725-bba2-eb816fc40171" status: 204 len: 0 microversion: 1.36 [pid: 7|app: 0|req: 575/1151] 10.0.0.172 () {38 vars in 914 bytes} [Tue Apr 21 16:03:21 2026] PUT /allocations/055e2227-1e69-4725-bba2-eb816fc40171 => generated 0 bytes in 119 msecs (HTTP/1.1 204) 5 headers in 199 bytes (1 switches on core 0)
2026-04-21 16:03:22.690 8 INFO placement.requestlog [req-25c2dab9-3ccf-47fd-ab58-47f8aa1b28f2 req-200a0ef8-a835-451e-9078-c596bf992f25 287db97f9c68470ea1e99a3aaf2a29cb e6266ece22924f75b6f96f0686963e47 - - 140f1e5b743c47eeadfdfa0596fc0af4 140f1e5b743c47eeadfdfa0596fc0af4] 199.204.45.138 "GET /allocations/055e2227-1e69-4725-bba2-eb816fc40171" status: 200 len: 245 microversion: 1.28 [pid: 8|app: 0|req: 577/1152] 199.204.45.138 () {34 vars in 863 bytes} [Tue Apr 21 16:03:22 2026] GET /allocations/055e2227-1e69-4725-bba2-eb816fc40171 => generated 245 bytes in 14 msecs (HTTP/1.1 200) 8 headers in 296 bytes (1 switches on core 0)
2026-04-21 16:03:23.736 7 INFO placement.requestlog [req-25c2dab9-3ccf-47fd-ab58-47f8aa1b28f2 req-531596a6-5c8f-48dd-a01b-71668fe90eb8 287db97f9c68470ea1e99a3aaf2a29cb e6266ece22924f75b6f96f0686963e47 - - 140f1e5b743c47eeadfdfa0596fc0af4 140f1e5b743c47eeadfdfa0596fc0af4] 199.204.45.138 "GET /resource_providers/277d1b58-8491-4de8-a9db-31478ab16bcc/allocations" status: 200 len: 440 microversion: 1.0 [pid: 7|app: 0|req: 576/1153] 199.204.45.138 () {32 vars in 857 bytes} [Tue Apr 21 16:03:23 2026] GET /resource_providers/277d1b58-8491-4de8-a9db-31478ab16bcc/allocations => generated 440 bytes in 18 msecs (HTTP/1.1 200) 6 headers in 224 bytes (1 switches on core 0)
2026-04-21 16:03:23.755 8 INFO placement.requestlog [req-25c2dab9-3ccf-47fd-ab58-47f8aa1b28f2 req-47976334-b384-4c41-a7f3-3ca1eb6ded87 287db97f9c68470ea1e99a3aaf2a29cb e6266ece22924f75b6f96f0686963e47 - - 140f1e5b743c47eeadfdfa0596fc0af4 140f1e5b743c47eeadfdfa0596fc0af4] 199.204.45.138 "GET /allocations/055e2227-1e69-4725-bba2-eb816fc40171" status: 200 len: 245 microversion: 1.28 [pid: 8|app: 0|req: 578/1154] 199.204.45.138 () {34 vars in 863 bytes} [Tue Apr 21 16:03:23 2026] GET /allocations/055e2227-1e69-4725-bba2-eb816fc40171 => generated 245 bytes in 13 msecs (HTTP/1.1 200) 8 headers in 296 bytes (1 switches on core 0)
2026-04-21 16:03:23.776 7 INFO placement.requestlog [req-25c2dab9-3ccf-47fd-ab58-47f8aa1b28f2 req-428c7570-763a-438b-b383-4370c628d2cf 287db97f9c68470ea1e99a3aaf2a29cb e6266ece22924f75b6f96f0686963e47 - - 140f1e5b743c47eeadfdfa0596fc0af4 140f1e5b743c47eeadfdfa0596fc0af4] 199.204.45.138 "GET /allocations/f36bd22a-6208-4706-9f27-7e8004e3b9ac" status: 200 len: 258 microversion: 1.28 [pid: 7|app: 0|req: 577/1155] 199.204.45.138 () {34 vars in 863 bytes} [Tue Apr 21 16:03:23 2026] GET /allocations/f36bd22a-6208-4706-9f27-7e8004e3b9ac => generated 258 bytes in 14 msecs (HTTP/1.1 200) 8 headers in 296 bytes (1 switches on core 0)
2026-04-21 16:03:23.795 8 INFO placement.requestlog [req-25c2dab9-3ccf-47fd-ab58-47f8aa1b28f2 req-c1427c84-23cc-4bcd-b5d6-18543d5e4c43 287db97f9c68470ea1e99a3aaf2a29cb e6266ece22924f75b6f96f0686963e47 - - 140f1e5b743c47eeadfdfa0596fc0af4 140f1e5b743c47eeadfdfa0596fc0af4] 199.204.45.138 "GET /allocations/a93e6367-28d6-4b74-ba25-68f095007bec" status: 200 len: 258 microversion: 1.28 [pid: 8|app: 0|req: 579/1156] 199.204.45.138 () {34 vars in 863 bytes} [Tue Apr 21 16:03:23 2026] GET /allocations/a93e6367-28d6-4b74-ba25-68f095007bec => generated 258 bytes in 14 msecs (HTTP/1.1 200) 8 headers in 296 bytes (1 switches on core 0)
2026-04-21 16:03:23.815 7 INFO placement.requestlog [req-25c2dab9-3ccf-47fd-ab58-47f8aa1b28f2 req-9ca8e2a3-9273-4ac3-b860-27b973c0dec4 287db97f9c68470ea1e99a3aaf2a29cb e6266ece22924f75b6f96f0686963e47 - - 140f1e5b743c47eeadfdfa0596fc0af4 140f1e5b743c47eeadfdfa0596fc0af4] 199.204.45.138 "GET /allocations/4aa1bee7-13c1-4455-b200-2d179c483fb7" status: 200 len: 258 microversion: 1.28 [pid: 7|app: 0|req: 578/1157] 199.204.45.138 () {34 vars in 863 bytes} [Tue Apr 21 16:03:23 2026] GET /allocations/4aa1bee7-13c1-4455-b200-2d179c483fb7 => generated 258 bytes in 14 msecs (HTTP/1.1 200) 8 headers in 296 bytes (1 switches on core 0)
2026-04-21 16:03:29.044 8 INFO placement.requestlog [req-418020e6-1cf2-4094-bfcd-f8c382df6c49 req-c1196f37-fd14-4ef5-959e-af3ef7b5896e 287db97f9c68470ea1e99a3aaf2a29cb e6266ece22924f75b6f96f0686963e47 - - 140f1e5b743c47eeadfdfa0596fc0af4 140f1e5b743c47eeadfdfa0596fc0af4] 199.204.45.138 "GET /resource_providers/277d1b58-8491-4de8-a9db-31478ab16bcc/allocations" status: 200 len: 440 microversion: 1.0 [pid: 8|app: 0|req: 580/1158] 199.204.45.138 () {32 vars in 857 bytes} [Tue Apr 21 16:03:29 2026] GET /resource_providers/277d1b58-8491-4de8-a9db-31478ab16bcc/allocations => generated 440 bytes in 15 msecs (HTTP/1.1 200) 6 headers in 224 bytes (1 switches on core 0)
2026-04-21 16:03:29.069 7 INFO placement.requestlog [req-418020e6-1cf2-4094-bfcd-f8c382df6c49 req-bd59062a-e1c5-43a2-984f-7668e2800c83 287db97f9c68470ea1e99a3aaf2a29cb e6266ece22924f75b6f96f0686963e47 - - 140f1e5b743c47eeadfdfa0596fc0af4 140f1e5b743c47eeadfdfa0596fc0af4] 199.204.45.138 "GET /resource_providers/277d1b58-8491-4de8-a9db-31478ab16bcc/allocations" status: 200 len: 440 microversion: 1.0 [pid: 7|app: 0|req: 579/1159] 199.204.45.138 () {32 vars in 857 bytes} [Tue Apr 21 16:03:29 2026] GET /resource_providers/277d1b58-8491-4de8-a9db-31478ab16bcc/allocations => generated 440 bytes in 17 msecs (HTTP/1.1 200) 6 headers in 224 bytes (1 switches on core 0)
2026-04-21 16:03:29.086 8 INFO placement.requestlog [req-418020e6-1cf2-4094-bfcd-f8c382df6c49 req-cfbbff7f-ca32-4e1b-91a9-af602d595acc 287db97f9c68470ea1e99a3aaf2a29cb e6266ece22924f75b6f96f0686963e47 - - 140f1e5b743c47eeadfdfa0596fc0af4 140f1e5b743c47eeadfdfa0596fc0af4] 199.204.45.138 "GET /allocations/055e2227-1e69-4725-bba2-eb816fc40171" status: 200 len: 245 microversion: 1.28 [pid: 8|app: 0|req: 581/1160] 199.204.45.138 () {34 vars in 863 bytes} [Tue Apr 21 16:03:29 2026] GET /allocations/055e2227-1e69-4725-bba2-eb816fc40171 => generated 245 bytes in 11 msecs (HTTP/1.1 200) 8 headers in 296 bytes (1 switches on core 0)
2026-04-21 16:03:29.103 7 INFO placement.requestlog [req-418020e6-1cf2-4094-bfcd-f8c382df6c49 req-c44c41a6-6282-4c8b-986e-377da633a197 287db97f9c68470ea1e99a3aaf2a29cb e6266ece22924f75b6f96f0686963e47 - - 140f1e5b743c47eeadfdfa0596fc0af4 140f1e5b743c47eeadfdfa0596fc0af4] 199.204.45.138 "GET /allocations/f36bd22a-6208-4706-9f27-7e8004e3b9ac" status: 200 len: 258 microversion: 1.28 [pid: 7|app: 0|req: 580/1161] 199.204.45.138 () {34 vars in 863 bytes} [Tue Apr 21 16:03:29 2026] GET /allocations/f36bd22a-6208-4706-9f27-7e8004e3b9ac => generated 258 bytes in 11 msecs (HTTP/1.1 200) 8 headers in 296 bytes (1 switches on core 0)
2026-04-21 16:03:29.123 8 INFO placement.requestlog [req-418020e6-1cf2-4094-bfcd-f8c382df6c49 req-9a27c5b3-6b05-4b44-a5b1-35693ebf6fc8 287db97f9c68470ea1e99a3aaf2a29cb e6266ece22924f75b6f96f0686963e47 - - 140f1e5b743c47eeadfdfa0596fc0af4 140f1e5b743c47eeadfdfa0596fc0af4] 199.204.45.138 "GET /allocations/a93e6367-28d6-4b74-ba25-68f095007bec" status: 200 len: 258 microversion: 1.28 [pid: 8|app: 0|req: 582/1162] 199.204.45.138 () {34 vars in 863 bytes} [Tue Apr 21 16:03:29 2026] GET /allocations/a93e6367-28d6-4b74-ba25-68f095007bec => generated 258 bytes in 15 msecs (HTTP/1.1 200) 8 headers in 296 bytes (1 switches on core 0)
2026-04-21 16:03:29.142 7 INFO placement.requestlog [req-418020e6-1cf2-4094-bfcd-f8c382df6c49 req-f24226a3-057a-4e2a-995b-a8bcd8160d27 287db97f9c68470ea1e99a3aaf2a29cb e6266ece22924f75b6f96f0686963e47 - - 140f1e5b743c47eeadfdfa0596fc0af4 140f1e5b743c47eeadfdfa0596fc0af4] 199.204.45.138 "GET /allocations/4aa1bee7-13c1-4455-b200-2d179c483fb7" status: 200 len: 258 microversion: 1.28 [pid: 7|app: 0|req: 581/1163] 199.204.45.138 () {34 vars in 863 bytes} [Tue Apr 21 16:03:29 2026] GET /allocations/4aa1bee7-13c1-4455-b200-2d179c483fb7 => generated 258 bytes in 13 msecs (HTTP/1.1 200) 8 headers in 296 bytes (1 switches on core 0)
2026-04-21 16:03:29.776 7 INFO placement.requestlog [None req-97ba0ec2-6062-4499-8861-3c28706ca4c9 - - - - - -] 10.0.0.1 "GET /" status: 200 len: 136 microversion: 1.0
2026-04-21 16:03:29.776 8 INFO placement.requestlog [None req-2281a47f-1653-4a69-8f8c-bc5257dfddcf - - - - - -] 10.0.0.1 "GET /" status: 200 len: 136 microversion: 1.0
2026-04-21 16:03:33.235 7 INFO placement.requestlog [req-1588e64a-0051-4073-bbaf-2a3dbbb8ea16 req-07d863c8-728e-47fe-ad51-e880c16fab4f 287db97f9c68470ea1e99a3aaf2a29cb e6266ece22924f75b6f96f0686963e47 - - 140f1e5b743c47eeadfdfa0596fc0af4 140f1e5b743c47eeadfdfa0596fc0af4] 199.204.45.138 "GET /resource_providers/277d1b58-8491-4de8-a9db-31478ab16bcc/allocations" status: 200 len: 440 microversion: 1.0 [pid: 7|app: 0|req: 583/1166] 199.204.45.138 () {32 vars in 857 bytes} [Tue Apr 21 16:03:33 2026] GET /resource_providers/277d1b58-8491-4de8-a9db-31478ab16bcc/allocations => generated 440 bytes in 24 msecs (HTTP/1.1 200) 6 headers in 224 bytes (1 switches on core 0)
2026-04-21 16:03:33.255 8 INFO placement.requestlog [req-1588e64a-0051-4073-bbaf-2a3dbbb8ea16 req-91b34f29-47e6-4344-b731-a3f334cb2b55 287db97f9c68470ea1e99a3aaf2a29cb e6266ece22924f75b6f96f0686963e47 - - 140f1e5b743c47eeadfdfa0596fc0af4 140f1e5b743c47eeadfdfa0596fc0af4] 199.204.45.138 "GET /allocations/055e2227-1e69-4725-bba2-eb816fc40171" status: 200 len: 245 microversion: 1.28 [pid: 8|app: 0|req: 584/1167] 199.204.45.138 () {34 vars in 863 bytes} [Tue Apr 21 16:03:33 2026] GET /allocations/055e2227-1e69-4725-bba2-eb816fc40171 => generated 245 bytes in 12 msecs (HTTP/1.1 200) 8 headers in 296 bytes (1 switches on core 0)
2026-04-21 16:03:33.276 7 INFO placement.requestlog [req-1588e64a-0051-4073-bbaf-2a3dbbb8ea16 req-5dd6ae80-1054-4ca9-9bfb-0407e35eeb63 287db97f9c68470ea1e99a3aaf2a29cb e6266ece22924f75b6f96f0686963e47 - - 140f1e5b743c47eeadfdfa0596fc0af4 140f1e5b743c47eeadfdfa0596fc0af4] 199.204.45.138 "GET /allocations/f36bd22a-6208-4706-9f27-7e8004e3b9ac" status: 200 len: 258 microversion: 1.28 [pid: 7|app: 0|req: 584/1168] 199.204.45.138 () {34 vars in 863 bytes} [Tue Apr 21 16:03:33 2026] GET /allocations/f36bd22a-6208-4706-9f27-7e8004e3b9ac => generated 258 bytes in 14 msecs (HTTP/1.1 200) 8 headers in 296 bytes (1 switches on core 0)
2026-04-21 16:03:33.294 8 INFO placement.requestlog [req-1588e64a-0051-4073-bbaf-2a3dbbb8ea16 req-cdbc30fb-343e-4e96-952a-a8658eeb8eb4 287db97f9c68470ea1e99a3aaf2a29cb e6266ece22924f75b6f96f0686963e47 - - 140f1e5b743c47eeadfdfa0596fc0af4 140f1e5b743c47eeadfdfa0596fc0af4] 199.204.45.138 "GET /allocations/a93e6367-28d6-4b74-ba25-68f095007bec" status: 200 len: 258 microversion: 1.28 [pid: 8|app: 0|req: 585/1169] 199.204.45.138 () {34 vars in 863 bytes} [Tue Apr 21 16:03:33 2026] GET /allocations/a93e6367-28d6-4b74-ba25-68f095007bec => generated 258 bytes in 13 msecs (HTTP/1.1 200) 8 headers in 296 bytes (1 switches on core 0)
2026-04-21 16:03:33.313 7 INFO placement.requestlog [req-1588e64a-0051-4073-bbaf-2a3dbbb8ea16 req-c9643901-727b-475c-86d9-216b75738b5a 287db97f9c68470ea1e99a3aaf2a29cb e6266ece22924f75b6f96f0686963e47 - - 140f1e5b743c47eeadfdfa0596fc0af4 140f1e5b743c47eeadfdfa0596fc0af4] 199.204.45.138 "GET /allocations/4aa1bee7-13c1-4455-b200-2d179c483fb7" status: 200 len: 258 microversion: 1.28 [pid: 7|app: 0|req: 585/1170] 199.204.45.138 () {34 vars in 863 bytes} [Tue Apr 21 16:03:33 2026] GET /allocations/4aa1bee7-13c1-4455-b200-2d179c483fb7 => generated 258 bytes in 11 msecs (HTTP/1.1 200) 8 headers in 296 bytes (1 switches on core 0)
2026-04-21 16:03:34.363 8 INFO placement.requestlog [req-1588e64a-0051-4073-bbaf-2a3dbbb8ea16 req-cb36b1d9-8241-4d08-af46-2d6336462f13 287db97f9c68470ea1e99a3aaf2a29cb e6266ece22924f75b6f96f0686963e47 - - 140f1e5b743c47eeadfdfa0596fc0af4 140f1e5b743c47eeadfdfa0596fc0af4] 199.204.45.138 "DELETE /allocations/a93e6367-28d6-4b74-ba25-68f095007bec" status: 204 len: 0 microversion: 1.0 [pid: 8|app: 0|req: 586/1171] 199.204.45.138 () {34 vars in 841 bytes} [Tue Apr 21 16:03:34 2026] DELETE /allocations/a93e6367-28d6-4b74-ba25-68f095007bec => generated 0 bytes in 22 msecs (HTTP/1.1 204) 5 headers in 198 bytes (1 switches on core 0)
2026-04-21 16:03:38.330 7 INFO placement.requestlog [None req-dd41d11c-d7af-4b64-8cde-2519eafa0fd4 b30f0b728cfa43b99de4d8eaa6adb0d9 e6266ece22924f75b6f96f0686963e47 - - 140f1e5b743c47eeadfdfa0596fc0af4 140f1e5b743c47eeadfdfa0596fc0af4] 10.0.0.29 "GET /resource_providers/59ea61d8-ce4b-4d1b-8bad-5bdd7b17af8c/aggregates" status: 404 len: 235 microversion: 1.1 [pid: 7|app: 0|req: 586/1172] 10.0.0.29 () {32 vars in 815 bytes} [Tue Apr 21 16:03:38 2026] GET /resource_providers/59ea61d8-ce4b-4d1b-8bad-5bdd7b17af8c/aggregates => generated 235 bytes in 50 msecs (HTTP/1.1 404) 5 headers in 202 bytes (1 switches on core 0)
2026-04-21 16:03:38.346 8 INFO placement.requestlog [None req-466a6ac6-8e1d-4462-9e40-5bb9db5d7fd2 b30f0b728cfa43b99de4d8eaa6adb0d9 e6266ece22924f75b6f96f0686963e47 - - 140f1e5b743c47eeadfdfa0596fc0af4 140f1e5b743c47eeadfdfa0596fc0af4] 10.0.0.29 "GET /resource_providers/59ea61d8-ce4b-4d1b-8bad-5bdd7b17af8c/aggregates" status: 404 len: 235 microversion: 1.1 [pid: 8|app: 0|req: 587/1173] 10.0.0.29 () {32 vars in 815 bytes} [Tue Apr 21 16:03:38 2026] GET /resource_providers/59ea61d8-ce4b-4d1b-8bad-5bdd7b17af8c/aggregates => generated 235 bytes in 62 msecs (HTTP/1.1 404) 5 headers in 202 bytes (1 switches on core 0)
2026-04-21 16:03:38.366 7 INFO placement.requestlog [None req-0ffaf8ee-18ea-4f5f-b9ab-7a20cbfd8bf1 b30f0b728cfa43b99de4d8eaa6adb0d9 e6266ece22924f75b6f96f0686963e47 - - 140f1e5b743c47eeadfdfa0596fc0af4 140f1e5b743c47eeadfdfa0596fc0af4] 10.0.0.29 "DELETE /resource_providers/59ea61d8-ce4b-4d1b-8bad-5bdd7b17af8c" status: 404 len: 246 microversion: 1.1 [pid: 7|app: 0|req: 587/1174] 10.0.0.29 () {34 vars in 815 bytes} [Tue Apr 21 16:03:38 2026] DELETE /resource_providers/59ea61d8-ce4b-4d1b-8bad-5bdd7b17af8c => generated 246 bytes in 24 msecs (HTTP/1.1 404) 6 headers in 231 bytes (1 switches on core 0)
2026-04-21 16:03:38.368 8 INFO placement.requestlog [None req-056dc489-e56e-488e-b5fc-8c620cd9194a b30f0b728cfa43b99de4d8eaa6adb0d9 e6266ece22924f75b6f96f0686963e47 - - 140f1e5b743c47eeadfdfa0596fc0af4 140f1e5b743c47eeadfdfa0596fc0af4] 10.0.0.29 "DELETE /resource_providers/59ea61d8-ce4b-4d1b-8bad-5bdd7b17af8c" status: 404 len: 246 microversion: 1.1 [pid: 8|app: 0|req: 588/1175] 10.0.0.29 () {34 vars in 815 bytes} [Tue Apr 21 16:03:38 2026] DELETE /resource_providers/59ea61d8-ce4b-4d1b-8bad-5bdd7b17af8c => generated 246 bytes in 12 msecs (HTTP/1.1 404) 6 headers in 231 bytes (1 switches on core 0)
2026-04-21 16:03:39.775 7 INFO placement.requestlog [None req-20cf497f-31a5-4f4b-a0c8-b71427dbd613 - - - - - -] 10.0.0.1 "GET /" status: 200 len: 136 microversion: 1.0
2026-04-21 16:03:39.775 8 INFO placement.requestlog [None req-144b1609-eea2-4227-8a6b-6d5c83f314eb - - - - - -] 10.0.0.1 "GET /" status: 200 len: 136 microversion: 1.0
2026-04-21 16:03:40.402 7 INFO placement.requestlog [None req-cd020da6-f2c0-49d9-89ee-cb6ba8316302 b30f0b728cfa43b99de4d8eaa6adb0d9 e6266ece22924f75b6f96f0686963e47 - - 140f1e5b743c47eeadfdfa0596fc0af4 140f1e5b743c47eeadfdfa0596fc0af4] 10.0.0.29 "GET /resource_providers/1b7964f3-3e19-43f6-b0e6-d0c06d22afa5/aggregates" status: 404 len: 235 microversion: 1.1 [pid: 7|app: 0|req: 589/1178] 10.0.0.29 () {32 vars in 815 bytes} [Tue Apr 21 16:03:40 2026] GET /resource_providers/1b7964f3-3e19-43f6-b0e6-d0c06d22afa5/aggregates => generated 235 bytes in 20 msecs (HTTP/1.1 404) 5 headers in 202 bytes (1 switches on core 0)
2026-04-21 16:03:40.405 8 INFO placement.requestlog [None req-62f85fa3-a5d8-4f42-b086-846c0cdd8873 b30f0b728cfa43b99de4d8eaa6adb0d9 e6266ece22924f75b6f96f0686963e47 - - 140f1e5b743c47eeadfdfa0596fc0af4 140f1e5b743c47eeadfdfa0596fc0af4] 10.0.0.29 "GET /resource_providers/1b7964f3-3e19-43f6-b0e6-d0c06d22afa5/aggregates" status: 404 len: 235 microversion: 1.1 [pid: 8|app: 0|req: 590/1179] 10.0.0.29 () {32 vars in 815 bytes} [Tue Apr 21 16:03:40 2026] GET /resource_providers/1b7964f3-3e19-43f6-b0e6-d0c06d22afa5/aggregates => generated 235 bytes in 23 msecs (HTTP/1.1 404) 5 headers in 202 bytes (1 switches on core 0)
2026-04-21 16:03:40.422 7 INFO placement.requestlog [None req-7bd1de45-c025-4e2c-b23a-cca85acb7948 b30f0b728cfa43b99de4d8eaa6adb0d9 e6266ece22924f75b6f96f0686963e47 - - 140f1e5b743c47eeadfdfa0596fc0af4 140f1e5b743c47eeadfdfa0596fc0af4] 10.0.0.29 "DELETE /resource_providers/1b7964f3-3e19-43f6-b0e6-d0c06d22afa5" status: 404 len: 246 microversion: 1.1 [pid: 7|app: 0|req: 590/1180] 10.0.0.29 () {34 vars in 815 bytes} [Tue Apr 21 16:03:40 2026] DELETE /resource_providers/1b7964f3-3e19-43f6-b0e6-d0c06d22afa5 => generated 246 bytes in 9 msecs (HTTP/1.1 404) 6 headers in 231 bytes (1 switches on core 0)
2026-04-21 16:03:40.427 8 INFO placement.requestlog [None req-1594a118-a6db-4e70-a00f-021790448460 b30f0b728cfa43b99de4d8eaa6adb0d9 e6266ece22924f75b6f96f0686963e47 - - 140f1e5b743c47eeadfdfa0596fc0af4 140f1e5b743c47eeadfdfa0596fc0af4] 10.0.0.29 "DELETE /resource_providers/1b7964f3-3e19-43f6-b0e6-d0c06d22afa5" status: 404 len: 246 microversion: 1.1 [pid: 8|app: 0|req: 591/1181] 10.0.0.29 () {34 vars in 815 bytes} [Tue Apr 21 16:03:40 2026] DELETE /resource_providers/1b7964f3-3e19-43f6-b0e6-d0c06d22afa5 => generated 246 bytes in 11 msecs (HTTP/1.1 404) 6 headers in 231 bytes (1 switches on core 0)
2026-04-21 16:03:42.451 7 INFO placement.requestlog [None req-5c7e81c3-0e80-45e4-995b-845ccf666312 b30f0b728cfa43b99de4d8eaa6adb0d9 e6266ece22924f75b6f96f0686963e47 - - 140f1e5b743c47eeadfdfa0596fc0af4 140f1e5b743c47eeadfdfa0596fc0af4] 10.0.0.29 "GET /resource_providers/ec695e5a-467d-4176-bc87-69cde2983213/aggregates" status: 404 len: 235 microversion: 1.1 [pid: 7|app: 0|req: 591/1182] 10.0.0.29 () {32 vars in 815 bytes} [Tue Apr 21 16:03:42 2026] GET /resource_providers/ec695e5a-467d-4176-bc87-69cde2983213/aggregates => generated 235 bytes in 16 msecs (HTTP/1.1 404) 5 headers in 202 bytes (1 switches on core 0)
2026-04-21 16:03:42.454 8 INFO placement.requestlog [None req-2f4fc7ef-2d8d-4ae1-99a8-b4de11a520a3 b30f0b728cfa43b99de4d8eaa6adb0d9 e6266ece22924f75b6f96f0686963e47 - - 140f1e5b743c47eeadfdfa0596fc0af4 140f1e5b743c47eeadfdfa0596fc0af4] 10.0.0.29 "GET /resource_providers/ec695e5a-467d-4176-bc87-69cde2983213/aggregates" status: 404 len: 235 microversion: 1.1 [pid: 8|app: 0|req: 592/1183] 10.0.0.29 () {32 vars in 815 bytes} [Tue Apr 21 16:03:42 2026] GET /resource_providers/ec695e5a-467d-4176-bc87-69cde2983213/aggregates => generated 235 bytes in 17 msecs (HTTP/1.1 404) 5 headers in 202 bytes (1 switches on core 0)
2026-04-21 16:03:42.478 7 INFO placement.requestlog [None req-8468c06d-8322-40ef-a038-045b60e7db33 b30f0b728cfa43b99de4d8eaa6adb0d9 e6266ece22924f75b6f96f0686963e47 - - 140f1e5b743c47eeadfdfa0596fc0af4 140f1e5b743c47eeadfdfa0596fc0af4] 10.0.0.29 "DELETE /resource_providers/ec695e5a-467d-4176-bc87-69cde2983213" status: 404 len: 246 microversion: 1.1
2026-04-21 16:03:42.478 8 INFO placement.requestlog [None req-737176b7-7a3c-47c2-b6b8-4acd67bcaa6a b30f0b728cfa43b99de4d8eaa6adb0d9 e6266ece22924f75b6f96f0686963e47 - - 140f1e5b743c47eeadfdfa0596fc0af4 140f1e5b743c47eeadfdfa0596fc0af4] 10.0.0.29 "DELETE /resource_providers/ec695e5a-467d-4176-bc87-69cde2983213" status: 404 len: 246 microversion: 1.1 [pid: 8|app: 0|req: 593/1185] 10.0.0.29 () {34 vars in 815 bytes} [Tue Apr 21 16:03:42 2026] DELETE /resource_providers/ec695e5a-467d-4176-bc87-69cde2983213 => generated 246 bytes in 9 msecs (HTTP/1.1 404) 6 headers in 231 bytes (1 switches on core 0) [pid: 7|app: 0|req: 592/1185] 10.0.0.29 () {34 vars in 815 bytes} [Tue Apr 21 16:03:42 2026] DELETE /resource_providers/ec695e5a-467d-4176-bc87-69cde2983213 => generated 246 bytes in 11 msecs (HTTP/1.1 404) 6 headers in 231 bytes (1 switches on core 0)
2026-04-21 16:03:42.500 7 INFO placement.requestlog [None req-0879c34c-a83e-4407-990d-0ba80336b8cd b30f0b728cfa43b99de4d8eaa6adb0d9 e6266ece22924f75b6f96f0686963e47 - - 140f1e5b743c47eeadfdfa0596fc0af4 140f1e5b743c47eeadfdfa0596fc0af4] 10.0.0.29 "GET /resource_providers/37d25f9f-b0ab-46e8-a000-b9f480de4ce6/aggregates" status: 404 len: 235 microversion: 1.1 [pid: 7|app: 0|req: 593/1186] 10.0.0.29 () {32 vars in 815 bytes} [Tue Apr 21 16:03:42 2026] GET /resource_providers/37d25f9f-b0ab-46e8-a000-b9f480de4ce6/aggregates => generated 235 bytes in 11 msecs (HTTP/1.1 404) 5 headers in 202 bytes (1 switches on core 0)
2026-04-21 16:03:42.502 8 INFO placement.requestlog [None req-cee0176d-c3b5-4bb4-9f9a-205d12e9592c b30f0b728cfa43b99de4d8eaa6adb0d9 e6266ece22924f75b6f96f0686963e47 - - 140f1e5b743c47eeadfdfa0596fc0af4 140f1e5b743c47eeadfdfa0596fc0af4] 10.0.0.29 "GET /resource_providers/37d25f9f-b0ab-46e8-a000-b9f480de4ce6/aggregates" status: 404 len: 235 microversion: 1.1 [pid: 8|app: 0|req: 594/1187] 10.0.0.29 () {32 vars in 815 bytes} [Tue Apr 21 16:03:42 2026] GET /resource_providers/37d25f9f-b0ab-46e8-a000-b9f480de4ce6/aggregates => generated 235 bytes in 14 msecs (HTTP/1.1 404) 5 headers in 202 bytes (1 switches on core 0)
2026-04-21 16:03:42.528 7 INFO placement.requestlog [None req-27b01a31-2276-4790-8b6b-af5a58a17901 b30f0b728cfa43b99de4d8eaa6adb0d9 e6266ece22924f75b6f96f0686963e47 - - 140f1e5b743c47eeadfdfa0596fc0af4 140f1e5b743c47eeadfdfa0596fc0af4] 10.0.0.29 "DELETE /resource_providers/37d25f9f-b0ab-46e8-a000-b9f480de4ce6" status: 404 len: 246 microversion: 1.1
2026-04-21 16:03:42.528 8 INFO placement.requestlog [None req-59339daa-acee-475f-8891-2eaeb786a6f8 b30f0b728cfa43b99de4d8eaa6adb0d9 e6266ece22924f75b6f96f0686963e47 - - 140f1e5b743c47eeadfdfa0596fc0af4 140f1e5b743c47eeadfdfa0596fc0af4] 10.0.0.29 "DELETE /resource_providers/37d25f9f-b0ab-46e8-a000-b9f480de4ce6" status: 404 len: 246 microversion: 1.1 [pid: 7|app: 0|req: 594/1188] 10.0.0.29 () {34 vars in 815 bytes} [Tue Apr 21 16:03:42 2026] DELETE /resource_providers/37d25f9f-b0ab-46e8-a000-b9f480de4ce6 => generated 246 bytes in 16 msecs (HTTP/1.1 404) 6 headers in 231 bytes (1 switches on core 0) [pid: 8|app: 0|req: 595/1189] 10.0.0.29 () {34 vars in 815 bytes} [Tue Apr 21 16:03:42 2026] DELETE /resource_providers/37d25f9f-b0ab-46e8-a000-b9f480de4ce6 => generated 246 bytes in 11 msecs (HTTP/1.1 404) 6 headers in 231 bytes (1 switches on core 0)
2026-04-21 16:03:49.430 7 INFO placement.requestlog [None req-e0f8d459-1710-4ec9-9342-6b7f94d01117 b30f0b728cfa43b99de4d8eaa6adb0d9 e6266ece22924f75b6f96f0686963e47 - - 140f1e5b743c47eeadfdfa0596fc0af4 140f1e5b743c47eeadfdfa0596fc0af4] 10.0.0.29 "GET /resource_providers/b7579372-a8a3-4339-9f76-732608714ed4/aggregates" status: 404 len: 235 microversion: 1.1 [pid: 7|app: 0|req: 595/1190] 10.0.0.29 () {32 vars in 815 bytes} [Tue Apr 21 16:03:49 2026] GET /resource_providers/b7579372-a8a3-4339-9f76-732608714ed4/aggregates => generated 235 bytes in 8 msecs (HTTP/1.1 404) 5 headers in 202 bytes (1 switches on core 0)
2026-04-21 16:03:49.435 8 INFO placement.requestlog [None req-00822630-6fcb-41d4-9bde-ae6c7429a1a7 b30f0b728cfa43b99de4d8eaa6adb0d9 e6266ece22924f75b6f96f0686963e47 - - 140f1e5b743c47eeadfdfa0596fc0af4 140f1e5b743c47eeadfdfa0596fc0af4] 10.0.0.29 "GET /resource_providers/b7579372-a8a3-4339-9f76-732608714ed4/aggregates" status: 404 len: 235 microversion: 1.1 [pid: 8|app: 0|req: 596/1191] 10.0.0.29 () {32 vars in 815 bytes} [Tue Apr 21 16:03:49 2026] GET /resource_providers/b7579372-a8a3-4339-9f76-732608714ed4/aggregates => generated 235 bytes in 13 msecs (HTTP/1.1 404) 5 headers in 202 bytes (1 switches on core 0)
2026-04-21 16:03:49.454 7 INFO placement.requestlog [None req-387e3a65-e081-4ae4-9bf0-073c2388c1e9 b30f0b728cfa43b99de4d8eaa6adb0d9 e6266ece22924f75b6f96f0686963e47 - - 140f1e5b743c47eeadfdfa0596fc0af4 140f1e5b743c47eeadfdfa0596fc0af4] 10.0.0.29 "DELETE /resource_providers/b7579372-a8a3-4339-9f76-732608714ed4" status: 404 len: 246 microversion: 1.1 [pid: 7|app: 0|req: 596/1192] 10.0.0.29 () {34 vars in 815 bytes} [Tue Apr 21 16:03:49 2026] DELETE /resource_providers/b7579372-a8a3-4339-9f76-732608714ed4 => generated 246 bytes in 10 msecs (HTTP/1.1 404) 6 headers in 231 bytes (1 switches on core 0)
2026-04-21 16:03:49.454 8 INFO placement.requestlog [None req-3970a488-000e-4ecc-854e-8f4587c4581b b30f0b728cfa43b99de4d8eaa6adb0d9 e6266ece22924f75b6f96f0686963e47 - - 140f1e5b743c47eeadfdfa0596fc0af4 140f1e5b743c47eeadfdfa0596fc0af4] 10.0.0.29 "DELETE /resource_providers/b7579372-a8a3-4339-9f76-732608714ed4" status: 404 len: 246 microversion: 1.1 [pid: 8|app: 0|req: 597/1193] 10.0.0.29 () {34 vars in 815 bytes} [Tue Apr 21 16:03:49 2026] DELETE /resource_providers/b7579372-a8a3-4339-9f76-732608714ed4 => generated 246 bytes in 10 msecs (HTTP/1.1 404) 6 headers in 231 bytes (1 switches on core 0)
2026-04-21 16:03:49.722 8 INFO placement.requestlog [None req-75312a08-9ccf-47f3-abc5-94211b700bb8 b30f0b728cfa43b99de4d8eaa6adb0d9 e6266ece22924f75b6f96f0686963e47 - - 140f1e5b743c47eeadfdfa0596fc0af4 140f1e5b743c47eeadfdfa0596fc0af4] 10.0.0.29 "GET /resource_providers/01a84c54-8f35-430c-919a-1f43386530bf/aggregates" status: 404 len: 235 microversion: 1.1 [pid: 8|app: 0|req: 598/1194] 10.0.0.29 () {32 vars in 815 bytes} [Tue Apr 21 16:03:49 2026] GET /resource_providers/01a84c54-8f35-430c-919a-1f43386530bf/aggregates => generated 235 bytes in 140 msecs (HTTP/1.1 404) 5 headers in 202 bytes (1 switches on core 0)
2026-04-21 16:03:49.738 8 INFO placement.requestlog [None req-a4d67667-8279-4e2d-bfad-27c25d4ae036 b30f0b728cfa43b99de4d8eaa6adb0d9 e6266ece22924f75b6f96f0686963e47 - - 140f1e5b743c47eeadfdfa0596fc0af4 140f1e5b743c47eeadfdfa0596fc0af4] 10.0.0.29 "DELETE /resource_providers/01a84c54-8f35-430c-919a-1f43386530bf" status: 404 len: 246 microversion: 1.1 [pid: 8|app: 0|req: 599/1195] 10.0.0.29 () {34 vars in 815 bytes} [Tue Apr 21 16:03:49 2026] DELETE /resource_providers/01a84c54-8f35-430c-919a-1f43386530bf => generated 246 bytes in 8 msecs (HTTP/1.1 404) 6 headers in 231 bytes (1 switches on core 0)
2026-04-21 16:03:49.741 7 INFO placement.requestlog [None req-977d05b5-dca3-4b91-a679-54ade2726490 b30f0b728cfa43b99de4d8eaa6adb0d9 e6266ece22924f75b6f96f0686963e47 - - 140f1e5b743c47eeadfdfa0596fc0af4 140f1e5b743c47eeadfdfa0596fc0af4] 10.0.0.29 "GET /resource_providers/01a84c54-8f35-430c-919a-1f43386530bf/aggregates" status: 404 len: 235 microversion: 1.1 [pid: 7|app: 0|req: 597/1196] 10.0.0.29 () {32 vars in 815 bytes} [Tue Apr 21 16:03:49 2026] GET /resource_providers/01a84c54-8f35-430c-919a-1f43386530bf/aggregates => generated 235 bytes in 158 msecs (HTTP/1.1 404) 5 headers in 202 bytes (1 switches on core 0)
2026-04-21 16:03:49.758 8 INFO placement.requestlog [None req-2c24a0b9-4d55-4054-a282-f007a823bd3c b30f0b728cfa43b99de4d8eaa6adb0d9 e6266ece22924f75b6f96f0686963e47 - - 140f1e5b743c47eeadfdfa0596fc0af4 140f1e5b743c47eeadfdfa0596fc0af4] 10.0.0.29 "DELETE /resource_providers/01a84c54-8f35-430c-919a-1f43386530bf" status: 404 len: 246 microversion: 1.1 [pid: 8|app: 0|req: 600/1197] 10.0.0.29 () {34 vars in 815 bytes} [Tue Apr 21 16:03:49 2026] DELETE /resource_providers/01a84c54-8f35-430c-919a-1f43386530bf => generated 246 bytes in 10 msecs (HTTP/1.1 404) 6 headers in 231 bytes (1 switches on core 0)
2026-04-21 16:03:49.775 7 INFO placement.requestlog [None req-ae3c562b-67cc-4d40-b4c4-d4da541e9e2d - - - - - -] 10.0.0.1 "GET /" status: 200 len: 136 microversion: 1.0
2026-04-21 16:03:49.778 8 INFO placement.requestlog [None req-9f738c9f-de6d-4b17-8dbf-8f0a2707844f - - - - - -] 10.0.0.1 "GET /" status: 200 len: 136 microversion: 1.0
2026-04-21 16:03:51.475 8 INFO placement.requestlog [None req-e7e6d25f-163c-4e4d-aded-558eb8e9b868 b30f0b728cfa43b99de4d8eaa6adb0d9 e6266ece22924f75b6f96f0686963e47 - - 140f1e5b743c47eeadfdfa0596fc0af4 140f1e5b743c47eeadfdfa0596fc0af4] 10.0.0.29 "GET /resource_providers/e982bd39-7ef2-426c-ac54-719172d03f59/aggregates" status: 404 len: 235 microversion: 1.1 [pid: 8|app: 0|req: 602/1200] 10.0.0.29 () {32 vars in 815 bytes} [Tue Apr 21 16:03:51 2026] GET /resource_providers/e982bd39-7ef2-426c-ac54-719172d03f59/aggregates => generated 235 bytes in 7 msecs (HTTP/1.1 404) 5 headers in 202 bytes (1 switches on core 0)
2026-04-21 16:03:51.487 7 INFO placement.requestlog [None req-3e3a9281-295a-4015-a799-dd15c85be4e7 b30f0b728cfa43b99de4d8eaa6adb0d9 e6266ece22924f75b6f96f0686963e47 - - 140f1e5b743c47eeadfdfa0596fc0af4 140f1e5b743c47eeadfdfa0596fc0af4] 10.0.0.29 "GET /resource_providers/e982bd39-7ef2-426c-ac54-719172d03f59/aggregates" status: 404 len: 235 microversion: 1.1 [pid: 7|app: 0|req: 599/1201] 10.0.0.29 () {32 vars in 815 bytes} [Tue Apr 21 16:03:51 2026] GET /resource_providers/e982bd39-7ef2-426c-ac54-719172d03f59/aggregates => generated 235 bytes in 20 msecs (HTTP/1.1 404) 5 headers in 202 bytes (1 switches on core 0)
2026-04-21 16:03:51.492 8 INFO placement.requestlog [None req-65dba63c-cffb-41c0-b73a-71d144237126 b30f0b728cfa43b99de4d8eaa6adb0d9 e6266ece22924f75b6f96f0686963e47 - - 140f1e5b743c47eeadfdfa0596fc0af4 140f1e5b743c47eeadfdfa0596fc0af4] 10.0.0.29 "DELETE /resource_providers/e982bd39-7ef2-426c-ac54-719172d03f59" status: 404 len: 246 microversion: 1.1 [pid: 8|app: 0|req: 603/1202] 10.0.0.29 () {34 vars in 815 bytes} [Tue Apr 21 16:03:51 2026] DELETE /resource_providers/e982bd39-7ef2-426c-ac54-719172d03f59 => generated 246 bytes in 9 msecs (HTTP/1.1 404) 6 headers in 231 bytes (1 switches on core 0)
2026-04-21 16:03:51.513 8 INFO placement.requestlog [None req-9818ef0c-9481-4221-931a-72bad50db3af b30f0b728cfa43b99de4d8eaa6adb0d9 e6266ece22924f75b6f96f0686963e47 - - 140f1e5b743c47eeadfdfa0596fc0af4 140f1e5b743c47eeadfdfa0596fc0af4] 10.0.0.29 "GET /resource_providers/2af4a307-5ece-4de0-aa33-7761a17ca8e0/aggregates" status: 404 len: 235 microversion: 1.1 [pid: 8|app: 0|req: 604/1203] 10.0.0.29 () {32 vars in 815 bytes} [Tue Apr 21 16:03:51 2026] GET /resource_providers/2af4a307-5ece-4de0-aa33-7761a17ca8e0/aggregates => generated 235 bytes in 13 msecs (HTTP/1.1 404) 5 headers in 202 bytes (1 switches on core 0)
