Mar 11 17:03:54.142580 np0000158366 systemd[1]: Starting devstack@n-api-meta.service - Devstack devstack@n-api-meta.service...
Mar 11 17:03:54.150311 np0000158366 devstack@n-api-meta.service[108587]: [uWSGI] getting INI configuration from /etc/nova/nova-metadata-uwsgi.ini
Mar 11 17:03:54.150886 np0000158366 devstack@n-api-meta.service[108587]: open("./http_plugin.so"): No such file or directory [core/utils.c line 3709]
Mar 11 17:03:54.150886 np0000158366 devstack@n-api-meta.service[108587]: !!! UNABLE to load uWSGI plugin: ./http_plugin.so: cannot open shared object file: No such file or directory !!!
Mar 11 17:03:54.150886 np0000158366 devstack@n-api-meta.service[108587]: open("./python3_plugin.so"): No such file or directory [core/utils.c line 3709]
Mar 11 17:03:54.150886 np0000158366 devstack@n-api-meta.service[108587]: !!! UNABLE to load uWSGI plugin: ./python3_plugin.so: cannot open shared object file: No such file or directory !!!
Mar 11 17:03:54.150886 np0000158366 devstack@n-api-meta.service[108587]: *** Starting uWSGI 2.0.31 (64bit) on [Wed Mar 11 17:03:54 2026] ***
Mar 11 17:03:54.150886 np0000158366 devstack@n-api-meta.service[108587]: compiled with version: 13.3.0 on 11 March 2026 16:53:44
Mar 11 17:03:54.150886 np0000158366 devstack@n-api-meta.service[108587]: os: Linux-6.8.0-101-generic #101-Ubuntu SMP PREEMPT_DYNAMIC Mon Feb 9 10:15:05 UTC 2026
Mar 11 17:03:54.150886 np0000158366 devstack@n-api-meta.service[108587]: nodename: np0000158366
Mar 11 17:03:54.150886 np0000158366 devstack@n-api-meta.service[108587]: machine: x86_64
Mar 11 17:03:54.150886 np0000158366 devstack@n-api-meta.service[108587]: clock source: unix
Mar 11 17:03:54.150886 np0000158366 devstack@n-api-meta.service[108587]: pcre jit disabled
Mar 11 17:03:54.150886 np0000158366 devstack@n-api-meta.service[108587]: detected number of CPU cores: 16
Mar 11 17:03:54.150886 np0000158366 devstack@n-api-meta.service[108587]: current working directory: /
Mar 11 17:03:54.150886 np0000158366 devstack@n-api-meta.service[108587]: detected binary path: /opt/stack/data/venv/bin/uwsgi
Mar 11 17:03:54.150886 np0000158366 devstack@n-api-meta.service[108587]: your processes number limit is 256917
Mar 11 17:03:54.150886 np0000158366 devstack@n-api-meta.service[108587]: your memory page size is 4096 bytes
Mar 11 17:03:54.150886 np0000158366 devstack@n-api-meta.service[108587]: detected max file descriptor number: 2048
Mar 11 17:03:54.150886 np0000158366 devstack@n-api-meta.service[108587]: lock engine: pthread robust mutexes
Mar 11 17:03:54.150886 np0000158366 devstack@n-api-meta.service[108587]: thunder lock: enabled
Mar 11 17:03:54.151868 np0000158366 devstack@n-api-meta.service[108587]: uWSGI http bound on 0.0.0.0:8775 fd 5
Mar 11 17:03:54.151868 np0000158366 devstack@n-api-meta.service[108587]: uwsgi socket 0 bound to TCP address 127.0.0.1:35551 (port auto-assigned) fd 4
Mar 11 17:03:54.151868 np0000158366 devstack@n-api-meta.service[108587]: Python version: 3.12.3 (main, Mar 3 2026, 12:15:18) [GCC 13.3.0]
Mar 11 17:03:54.151868 np0000158366 devstack@n-api-meta.service[108587]: PEP 405 virtualenv detected: /opt/stack/data/venv
Mar 11 17:03:54.151868 np0000158366 devstack@n-api-meta.service[108587]: Set PythonHome to /opt/stack/data/venv
Mar 11 17:03:54.194517 np0000158366 devstack@n-api-meta.service[108587]: Python main interpreter initialized at 0x75ace50a3668
Mar 11 17:03:54.194517 np0000158366 devstack@n-api-meta.service[108587]: python threads support enabled
Mar 11 17:03:54.194517 np0000158366 devstack@n-api-meta.service[108587]: your server socket listen backlog is limited to 100 connections
Mar 11 17:03:54.194517 np0000158366 devstack@n-api-meta.service[108587]: your mercy for graceful operations on workers is 80 seconds
Mar 11 17:03:54.195038 np0000158366 devstack@n-api-meta.service[108587]: mapped 671795 bytes (656 KB) for 4 cores
Mar 11 17:03:54.195178 np0000158366 devstack@n-api-meta.service[108587]: *** Operational MODE: preforking ***
Mar 11 17:03:54.195491 np0000158366 devstack@n-api-meta.service[108587]: *** uWSGI is running in multiple interpreter mode ***
Mar 11 17:03:54.195491 np0000158366 devstack@n-api-meta.service[108587]: spawned uWSGI master process (pid: 108587)
Mar 11 17:03:54.195771 np0000158366 systemd[1]: Started devstack@n-api-meta.service - Devstack devstack@n-api-meta.service.
Mar 11 17:03:54.196207 np0000158366 devstack@n-api-meta.service[108587]: spawned uWSGI worker 1 (pid: 108588, cores: 1)
Mar 11 17:03:54.196665 np0000158366 devstack@n-api-meta.service[108587]: spawned uWSGI worker 2 (pid: 108589, cores: 1)
Mar 11 17:03:54.197177 np0000158366 devstack@n-api-meta.service[108587]: spawned uWSGI worker 3 (pid: 108590, cores: 1)
Mar 11 17:03:54.197890 np0000158366 devstack@n-api-meta.service[108587]: spawned uWSGI worker 4 (pid: 108591, cores: 1)
Mar 11 17:03:54.198438 np0000158366 devstack@n-api-meta.service[108587]: spawned uWSGI http 1 (pid: 108592)
Mar 11 17:03:54.198438 np0000158366 devstack@n-api-meta.service[108587]: running "unix_signal:15 gracefully_kill_them_all" (master-start)...
Mar 11 17:03:54.545619 np0000158366 devstack@n-api-meta.service[108591]: Service is starting with native threading. This is currently experimental. Do not use it in production without first testing it in pre-production.
Mar 11 17:03:54.554737 np0000158366 devstack@n-api-meta.service[108590]: Service is starting with native threading. This is currently experimental. Do not use it in production without first testing it in pre-production.
Mar 11 17:03:54.563967 np0000158366 devstack@n-api-meta.service[108589]: Service is starting with native threading. This is currently experimental. Do not use it in production without first testing it in pre-production.
Mar 11 17:03:54.569878 np0000158366 devstack@n-api-meta.service[108588]: Service is starting with native threading. This is currently experimental. Do not use it in production without first testing it in pre-production.
Mar 11 17:03:55.999673 np0000158366 devstack@n-api-meta.service[108588]: INFO dbcounter [None req-9b04407f-2ece-40ef-9043-6272bcf8a5fe None None] Registered counter for database nova_api
Mar 11 17:03:56.016118 np0000158366 devstack@n-api-meta.service[108588]: DEBUG oslo_db.sqlalchemy.engines [None req-9b04407f-2ece-40ef-9043-6272bcf8a5fe None None] MySQL server mode set to STRICT_TRANS_TABLES,STRICT_ALL_TABLES,NO_ZERO_IN_DATE,NO_ZERO_DATE,ERROR_FOR_DIVISION_BY_ZERO,TRADITIONAL,NO_ENGINE_SUBSTITUTION {{(pid=108588) _check_effective_sql_mode /opt/stack/data/venv/lib/python3.12/site-packages/oslo_db/sqlalchemy/engines.py:325}}
Mar 11 17:03:56.016805 np0000158366 devstack@n-api-meta.service[108591]: INFO dbcounter [None req-f2fc1288-f716-4c47-bc8a-af724fc3d46a None None] Registered counter for database nova_api
Mar 11 17:03:56.036044 np0000158366 devstack@n-api-meta.service[108591]: DEBUG oslo_db.sqlalchemy.engines [None req-f2fc1288-f716-4c47-bc8a-af724fc3d46a None None] MySQL server mode set to STRICT_TRANS_TABLES,STRICT_ALL_TABLES,NO_ZERO_IN_DATE,NO_ZERO_DATE,ERROR_FOR_DIVISION_BY_ZERO,TRADITIONAL,NO_ENGINE_SUBSTITUTION {{(pid=108591) _check_effective_sql_mode /opt/stack/data/venv/lib/python3.12/site-packages/oslo_db/sqlalchemy/engines.py:325}}
Mar 11 17:03:56.047687 np0000158366 devstack@n-api-meta.service[108588]: DEBUG dbcounter [-] [108588] Writer thread running {{(pid=108588) stat_writer /opt/stack/data/venv/lib/python3.12/site-packages/dbcounter.py:102}}
Mar 11 17:03:56.049897 np0000158366 devstack@n-api-meta.service[108588]: DEBUG nova.context [None req-9b04407f-2ece-40ef-9043-6272bcf8a5fe None None] Found 2 cells: 00000000-0000-0000-0000-000000000000(cell0),ea241244-951e-43e5-906e-0584e06702d4(cell1) {{(pid=108588) load_cells /opt/stack/nova/nova/context.py:509}}
Mar 11 17:03:56.050106 np0000158366 devstack@n-api-meta.service[108588]: INFO nova.utils [None req-9b04407f-2ece-40ef-9043-6272bcf8a5fe None None] The cell worker thread pool MainProcess.cell_worker is initialized
Mar 11 17:03:56.051903 np0000158366 devstack@n-api-meta.service[108588]: DEBUG oslo_concurrency.lockutils [None req-9b04407f-2ece-40ef-9043-6272bcf8a5fe None None] Acquiring lock "00000000-0000-0000-0000-000000000000" by "nova.context.set_target_cell..get_or_set_cached_cell_and_set_connections" {{(pid=108588) inner /opt/stack/data/venv/lib/python3.12/site-packages/oslo_concurrency/lockutils.py:506}}
Mar 11 17:03:56.052054 np0000158366 devstack@n-api-meta.service[108588]: DEBUG oslo_concurrency.lockutils [None req-9b04407f-2ece-40ef-9043-6272bcf8a5fe None None] Lock "00000000-0000-0000-0000-000000000000" acquired by "nova.context.set_target_cell..get_or_set_cached_cell_and_set_connections" :: waited 0.000s {{(pid=108588) inner /opt/stack/data/venv/lib/python3.12/site-packages/oslo_concurrency/lockutils.py:519}}
Mar 11 17:03:56.052421 np0000158366 devstack@n-api-meta.service[108588]: DEBUG oslo_concurrency.lockutils [None req-9b04407f-2ece-40ef-9043-6272bcf8a5fe None None] Lock "00000000-0000-0000-0000-000000000000" "released" by "nova.context.set_target_cell..get_or_set_cached_cell_and_set_connections" :: held 0.000s {{(pid=108588) inner /opt/stack/data/venv/lib/python3.12/site-packages/oslo_concurrency/lockutils.py:538}}
Mar 11 17:03:56.053060 np0000158366 devstack@n-api-meta.service[108588]: DEBUG oslo_concurrency.lockutils [None req-9b04407f-2ece-40ef-9043-6272bcf8a5fe None None] Acquiring lock "ea241244-951e-43e5-906e-0584e06702d4" by "nova.context.set_target_cell..get_or_set_cached_cell_and_set_connections" {{(pid=108588) inner /opt/stack/data/venv/lib/python3.12/site-packages/oslo_concurrency/lockutils.py:506}}
Mar 11 17:03:56.053207 np0000158366 devstack@n-api-meta.service[108588]: DEBUG oslo_concurrency.lockutils [None req-9b04407f-2ece-40ef-9043-6272bcf8a5fe None None] Lock "ea241244-951e-43e5-906e-0584e06702d4" acquired by "nova.context.set_target_cell..get_or_set_cached_cell_and_set_connections" :: waited 0.000s {{(pid=108588) inner /opt/stack/data/venv/lib/python3.12/site-packages/oslo_concurrency/lockutils.py:519}}
Mar 11 17:03:56.054043 np0000158366 devstack@n-api-meta.service[108588]: DEBUG oslo_concurrency.lockutils [None req-9b04407f-2ece-40ef-9043-6272bcf8a5fe None None] Lock "ea241244-951e-43e5-906e-0584e06702d4" "released" by "nova.context.set_target_cell..get_or_set_cached_cell_and_set_connections" :: held 0.001s {{(pid=108588) inner /opt/stack/data/venv/lib/python3.12/site-packages/oslo_concurrency/lockutils.py:538}}
Mar 11 17:03:56.056853 np0000158366 devstack@n-api-meta.service[108588]: INFO dbcounter [None req-9b04407f-2ece-40ef-9043-6272bcf8a5fe None None] Registered counter for database nova_cell0
Mar 11 17:03:56.060308 np0000158366 devstack@n-api-meta.service[108588]: INFO dbcounter [None req-9b04407f-2ece-40ef-9043-6272bcf8a5fe None None] Registered counter for database nova_cell1
Mar 11 17:03:56.062115 np0000158366 devstack@n-api-meta.service[108589]: INFO dbcounter [None req-a40d060e-d09e-40a1-bf6d-3240826d2296 None None] Registered counter for database nova_api
Mar 11 17:03:56.064601 np0000158366 devstack@n-api-meta.service[108590]: INFO dbcounter [None req-5ffa7516-53dc-4ab7-85be-e6fa7674628c None None] Registered counter for database nova_api
Mar 11 17:03:56.067704 np0000158366 devstack@n-api-meta.service[108588]: DEBUG oslo_db.sqlalchemy.engines [None req-9b04407f-2ece-40ef-9043-6272bcf8a5fe None None] MySQL server mode set to STRICT_TRANS_TABLES,STRICT_ALL_TABLES,NO_ZERO_IN_DATE,NO_ZERO_DATE,ERROR_FOR_DIVISION_BY_ZERO,TRADITIONAL,NO_ENGINE_SUBSTITUTION {{(pid=108588) _check_effective_sql_mode /opt/stack/data/venv/lib/python3.12/site-packages/oslo_db/sqlalchemy/engines.py:325}}
Mar 11 17:03:56.070373 np0000158366 devstack@n-api-meta.service[108591]: DEBUG dbcounter [-] [108591] Writer thread running {{(pid=108591) stat_writer /opt/stack/data/venv/lib/python3.12/site-packages/dbcounter.py:102}}
Mar 11 17:03:56.072606 np0000158366 devstack@n-api-meta.service[108588]: DEBUG oslo_db.sqlalchemy.engines [None req-9b04407f-2ece-40ef-9043-6272bcf8a5fe None None] MySQL server mode set to STRICT_TRANS_TABLES,STRICT_ALL_TABLES,NO_ZERO_IN_DATE,NO_ZERO_DATE,ERROR_FOR_DIVISION_BY_ZERO,TRADITIONAL,NO_ENGINE_SUBSTITUTION {{(pid=108588) _check_effective_sql_mode /opt/stack/data/venv/lib/python3.12/site-packages/oslo_db/sqlalchemy/engines.py:325}}
Mar 11 17:03:56.072772 np0000158366 devstack@n-api-meta.service[108591]: DEBUG nova.context [None req-f2fc1288-f716-4c47-bc8a-af724fc3d46a None None] Found 2 cells: 00000000-0000-0000-0000-000000000000(cell0),ea241244-951e-43e5-906e-0584e06702d4(cell1) {{(pid=108591) load_cells /opt/stack/nova/nova/context.py:509}}
Mar 11 17:03:56.072989 np0000158366 devstack@n-api-meta.service[108591]: INFO nova.utils [None req-f2fc1288-f716-4c47-bc8a-af724fc3d46a None None] The cell worker thread pool MainProcess.cell_worker is initialized
Mar 11 17:03:56.074733 np0000158366 devstack@n-api-meta.service[108591]: DEBUG oslo_concurrency.lockutils [None req-f2fc1288-f716-4c47-bc8a-af724fc3d46a None None] Acquiring lock "00000000-0000-0000-0000-000000000000" by "nova.context.set_target_cell..get_or_set_cached_cell_and_set_connections" {{(pid=108591) inner /opt/stack/data/venv/lib/python3.12/site-packages/oslo_concurrency/lockutils.py:506}}
Mar 11 17:03:56.074887 np0000158366 devstack@n-api-meta.service[108591]: DEBUG oslo_concurrency.lockutils [None req-f2fc1288-f716-4c47-bc8a-af724fc3d46a None None] Lock "00000000-0000-0000-0000-000000000000" acquired by "nova.context.set_target_cell..get_or_set_cached_cell_and_set_connections" :: waited 0.000s {{(pid=108591) inner /opt/stack/data/venv/lib/python3.12/site-packages/oslo_concurrency/lockutils.py:519}}
Mar 11 17:03:56.075265 np0000158366 devstack@n-api-meta.service[108591]: DEBUG oslo_concurrency.lockutils [None req-f2fc1288-f716-4c47-bc8a-af724fc3d46a None None] Lock "00000000-0000-0000-0000-000000000000" "released" by "nova.context.set_target_cell..get_or_set_cached_cell_and_set_connections" :: held 0.000s {{(pid=108591) inner /opt/stack/data/venv/lib/python3.12/site-packages/oslo_concurrency/lockutils.py:538}}
Mar 11 17:03:56.076046 np0000158366 devstack@n-api-meta.service[108591]: DEBUG oslo_concurrency.lockutils [None req-f2fc1288-f716-4c47-bc8a-af724fc3d46a None None] Acquiring lock "ea241244-951e-43e5-906e-0584e06702d4" by "nova.context.set_target_cell..get_or_set_cached_cell_and_set_connections" {{(pid=108591) inner /opt/stack/data/venv/lib/python3.12/site-packages/oslo_concurrency/lockutils.py:506}}
Mar 11 17:03:56.076209 np0000158366 devstack@n-api-meta.service[108591]: DEBUG oslo_concurrency.lockutils [None req-f2fc1288-f716-4c47-bc8a-af724fc3d46a None None] Lock "ea241244-951e-43e5-906e-0584e06702d4" acquired by "nova.context.set_target_cell..get_or_set_cached_cell_and_set_connections" :: waited 0.000s {{(pid=108591) inner /opt/stack/data/venv/lib/python3.12/site-packages/oslo_concurrency/lockutils.py:519}}
Mar 11 17:03:56.077034 np0000158366 devstack@n-api-meta.service[108591]: DEBUG oslo_concurrency.lockutils [None req-f2fc1288-f716-4c47-bc8a-af724fc3d46a None None] Lock "ea241244-951e-43e5-906e-0584e06702d4" "released" by "nova.context.set_target_cell..get_or_set_cached_cell_and_set_connections" :: held 0.001s {{(pid=108591) inner /opt/stack/data/venv/lib/python3.12/site-packages/oslo_concurrency/lockutils.py:538}}
Mar 11 17:03:56.079984 np0000158366 devstack@n-api-meta.service[108591]: INFO dbcounter [None req-f2fc1288-f716-4c47-bc8a-af724fc3d46a None None] Registered counter for database nova_cell0
Mar 11 17:03:56.082450 np0000158366 devstack@n-api-meta.service[108589]: DEBUG oslo_db.sqlalchemy.engines [None req-a40d060e-d09e-40a1-bf6d-3240826d2296 None None] MySQL server mode set to STRICT_TRANS_TABLES,STRICT_ALL_TABLES,NO_ZERO_IN_DATE,NO_ZERO_DATE,ERROR_FOR_DIVISION_BY_ZERO,TRADITIONAL,NO_ENGINE_SUBSTITUTION {{(pid=108589) _check_effective_sql_mode /opt/stack/data/venv/lib/python3.12/site-packages/oslo_db/sqlalchemy/engines.py:325}}
Mar 11 17:03:56.085327 np0000158366 devstack@n-api-meta.service[108591]: INFO dbcounter [None req-f2fc1288-f716-4c47-bc8a-af724fc3d46a None None] Registered counter for database nova_cell1
Mar 11 17:03:56.085512 np0000158366 devstack@n-api-meta.service[108590]: DEBUG oslo_db.sqlalchemy.engines [None req-5ffa7516-53dc-4ab7-85be-e6fa7674628c None None] MySQL server mode set to STRICT_TRANS_TABLES,STRICT_ALL_TABLES,NO_ZERO_IN_DATE,NO_ZERO_DATE,ERROR_FOR_DIVISION_BY_ZERO,TRADITIONAL,NO_ENGINE_SUBSTITUTION {{(pid=108590) _check_effective_sql_mode /opt/stack/data/venv/lib/python3.12/site-packages/oslo_db/sqlalchemy/engines.py:325}}
Mar 11 17:03:56.095595 np0000158366 devstack@n-api-meta.service[108591]: DEBUG oslo_db.sqlalchemy.engines [None req-f2fc1288-f716-4c47-bc8a-af724fc3d46a None None] MySQL server mode set to STRICT_TRANS_TABLES,STRICT_ALL_TABLES,NO_ZERO_IN_DATE,NO_ZERO_DATE,ERROR_FOR_DIVISION_BY_ZERO,TRADITIONAL,NO_ENGINE_SUBSTITUTION {{(pid=108591) _check_effective_sql_mode /opt/stack/data/venv/lib/python3.12/site-packages/oslo_db/sqlalchemy/engines.py:325}}
Mar 11 17:03:56.099109 np0000158366 devstack@n-api-meta.service[108591]: DEBUG oslo_db.sqlalchemy.engines [None req-f2fc1288-f716-4c47-bc8a-af724fc3d46a None None] MySQL server mode set to STRICT_TRANS_TABLES,STRICT_ALL_TABLES,NO_ZERO_IN_DATE,NO_ZERO_DATE,ERROR_FOR_DIVISION_BY_ZERO,TRADITIONAL,NO_ENGINE_SUBSTITUTION {{(pid=108591) _check_effective_sql_mode /opt/stack/data/venv/lib/python3.12/site-packages/oslo_db/sqlalchemy/engines.py:325}}
Mar 11 17:03:56.122302 np0000158366 devstack@n-api-meta.service[108589]: DEBUG dbcounter [-] [108589] Writer thread running {{(pid=108589) stat_writer /opt/stack/data/venv/lib/python3.12/site-packages/dbcounter.py:102}}
Mar 11 17:03:56.123218 np0000158366 devstack@n-api-meta.service[108589]: DEBUG nova.context [None req-a40d060e-d09e-40a1-bf6d-3240826d2296 None None] Found 2 cells: 00000000-0000-0000-0000-000000000000(cell0),ea241244-951e-43e5-906e-0584e06702d4(cell1) {{(pid=108589) load_cells /opt/stack/nova/nova/context.py:509}}
Mar 11 17:03:56.123431 np0000158366 devstack@n-api-meta.service[108589]: INFO nova.utils [None req-a40d060e-d09e-40a1-bf6d-3240826d2296 None None] The cell worker thread pool MainProcess.cell_worker is initialized
Mar 11 17:03:56.124113 np0000158366 devstack@n-api-meta.service[108590]: DEBUG dbcounter [-] [108590] Writer thread running {{(pid=108590) stat_writer /opt/stack/data/venv/lib/python3.12/site-packages/dbcounter.py:102}}
Mar 11 17:03:56.125171 np0000158366 devstack@n-api-meta.service[108589]: DEBUG oslo_concurrency.lockutils [None req-a40d060e-d09e-40a1-bf6d-3240826d2296 None None] Acquiring lock "00000000-0000-0000-0000-000000000000" by "nova.context.set_target_cell..get_or_set_cached_cell_and_set_connections" {{(pid=108589) inner /opt/stack/data/venv/lib/python3.12/site-packages/oslo_concurrency/lockutils.py:506}}
Mar 11 17:03:56.125380 np0000158366 devstack@n-api-meta.service[108589]: DEBUG oslo_concurrency.lockutils [None req-a40d060e-d09e-40a1-bf6d-3240826d2296 None None] Lock "00000000-0000-0000-0000-000000000000" acquired by "nova.context.set_target_cell..get_or_set_cached_cell_and_set_connections" :: waited 0.000s {{(pid=108589) inner /opt/stack/data/venv/lib/python3.12/site-packages/oslo_concurrency/lockutils.py:519}}
Mar 11 17:03:56.125740 np0000158366 devstack@n-api-meta.service[108589]: DEBUG oslo_concurrency.lockutils [None req-a40d060e-d09e-40a1-bf6d-3240826d2296 None None] Lock "00000000-0000-0000-0000-000000000000" "released" by "nova.context.set_target_cell..get_or_set_cached_cell_and_set_connections" :: held 0.000s {{(pid=108589) inner /opt/stack/data/venv/lib/python3.12/site-packages/oslo_concurrency/lockutils.py:538}}
Mar 11 17:03:56.126360 np0000158366 devstack@n-api-meta.service[108589]: DEBUG oslo_concurrency.lockutils [None req-a40d060e-d09e-40a1-bf6d-3240826d2296 None None] Acquiring lock "ea241244-951e-43e5-906e-0584e06702d4" by "nova.context.set_target_cell..get_or_set_cached_cell_and_set_connections" {{(pid=108589) inner /opt/stack/data/venv/lib/python3.12/site-packages/oslo_concurrency/lockutils.py:506}}
Mar 11 17:03:56.126494 np0000158366 devstack@n-api-meta.service[108589]: DEBUG oslo_concurrency.lockutils [None req-a40d060e-d09e-40a1-bf6d-3240826d2296 None None] Lock "ea241244-951e-43e5-906e-0584e06702d4" acquired by "nova.context.set_target_cell..get_or_set_cached_cell_and_set_connections" :: waited 0.000s {{(pid=108589) inner /opt/stack/data/venv/lib/python3.12/site-packages/oslo_concurrency/lockutils.py:519}}
Mar 11 17:03:56.127108 np0000158366 devstack@n-api-meta.service[108590]: DEBUG nova.context [None req-5ffa7516-53dc-4ab7-85be-e6fa7674628c None None] Found 2 cells: 00000000-0000-0000-0000-000000000000(cell0),ea241244-951e-43e5-906e-0584e06702d4(cell1) {{(pid=108590) load_cells /opt/stack/nova/nova/context.py:509}}
Mar 11 17:03:56.127314 np0000158366 devstack@n-api-meta.service[108589]: DEBUG oslo_concurrency.lockutils [None req-a40d060e-d09e-40a1-bf6d-3240826d2296 None None] Lock "ea241244-951e-43e5-906e-0584e06702d4" "released" by "nova.context.set_target_cell..get_or_set_cached_cell_and_set_connections" :: held 0.001s {{(pid=108589) inner /opt/stack/data/venv/lib/python3.12/site-packages/oslo_concurrency/lockutils.py:538}}
Mar 11 17:03:56.127368 np0000158366 devstack@n-api-meta.service[108590]: INFO nova.utils [None req-5ffa7516-53dc-4ab7-85be-e6fa7674628c None None] The cell worker thread pool MainProcess.cell_worker is initialized
Mar 11 17:03:56.129056 np0000158366 devstack@n-api-meta.service[108590]: DEBUG oslo_concurrency.lockutils [None req-5ffa7516-53dc-4ab7-85be-e6fa7674628c None None] Acquiring lock "00000000-0000-0000-0000-000000000000" by "nova.context.set_target_cell..get_or_set_cached_cell_and_set_connections" {{(pid=108590) inner /opt/stack/data/venv/lib/python3.12/site-packages/oslo_concurrency/lockutils.py:506}}
Mar 11 17:03:56.129261 np0000158366 devstack@n-api-meta.service[108590]: DEBUG oslo_concurrency.lockutils [None req-5ffa7516-53dc-4ab7-85be-e6fa7674628c None None] Lock "00000000-0000-0000-0000-000000000000" acquired by "nova.context.set_target_cell..get_or_set_cached_cell_and_set_connections" :: waited 0.000s {{(pid=108590) inner /opt/stack/data/venv/lib/python3.12/site-packages/oslo_concurrency/lockutils.py:519}}
Mar 11 17:03:56.129618 np0000158366 devstack@n-api-meta.service[108590]: DEBUG oslo_concurrency.lockutils [None req-5ffa7516-53dc-4ab7-85be-e6fa7674628c None None] Lock "00000000-0000-0000-0000-000000000000" "released" by "nova.context.set_target_cell..get_or_set_cached_cell_and_set_connections" :: held 0.000s {{(pid=108590) inner /opt/stack/data/venv/lib/python3.12/site-packages/oslo_concurrency/lockutils.py:538}}
Mar 11 17:03:56.130437 np0000158366 devstack@n-api-meta.service[108590]: DEBUG oslo_concurrency.lockutils [None req-5ffa7516-53dc-4ab7-85be-e6fa7674628c None None] Acquiring lock "ea241244-951e-43e5-906e-0584e06702d4" by "nova.context.set_target_cell..get_or_set_cached_cell_and_set_connections" {{(pid=108590) inner /opt/stack/data/venv/lib/python3.12/site-packages/oslo_concurrency/lockutils.py:506}}
Mar 11 17:03:56.130478 np0000158366 devstack@n-api-meta.service[108589]: INFO dbcounter [None req-a40d060e-d09e-40a1-bf6d-3240826d2296 None None] Registered counter for database nova_cell0
Mar 11 17:03:56.132152 np0000158366 devstack@n-api-meta.service[108590]: INFO dbcounter [None req-5ffa7516-53dc-4ab7-85be-e6fa7674628c None None] Registered counter for database nova_cell0
Mar 11 17:03:56.133441 np0000158366 devstack@n-api-meta.service[108590]: DEBUG oslo_concurrency.lockutils [None req-5ffa7516-53dc-4ab7-85be-e6fa7674628c None None] Lock "ea241244-951e-43e5-906e-0584e06702d4" acquired by "nova.context.set_target_cell..get_or_set_cached_cell_and_set_connections" :: waited 0.002s {{(pid=108590) inner /opt/stack/data/venv/lib/python3.12/site-packages/oslo_concurrency/lockutils.py:519}}
Mar 11 17:03:56.134993 np0000158366 devstack@n-api-meta.service[108590]: DEBUG oslo_concurrency.lockutils [None req-5ffa7516-53dc-4ab7-85be-e6fa7674628c None None] Lock "ea241244-951e-43e5-906e-0584e06702d4" "released" by "nova.context.set_target_cell..get_or_set_cached_cell_and_set_connections" :: held 0.003s {{(pid=108590) inner /opt/stack/data/venv/lib/python3.12/site-packages/oslo_concurrency/lockutils.py:538}}
Mar 11 17:03:56.135969 np0000158366 devstack@n-api-meta.service[108589]: INFO dbcounter [None req-a40d060e-d09e-40a1-bf6d-3240826d2296 None None] Registered counter for database nova_cell1
Mar 11 17:03:56.139840 np0000158366 devstack@n-api-meta.service[108590]: INFO dbcounter [None req-5ffa7516-53dc-4ab7-85be-e6fa7674628c None None] Registered counter for database nova_cell1
Mar 11 17:03:56.147130 np0000158366 devstack@n-api-meta.service[108589]: DEBUG oslo_db.sqlalchemy.engines [None req-a40d060e-d09e-40a1-bf6d-3240826d2296 None None] MySQL server mode set to STRICT_TRANS_TABLES,STRICT_ALL_TABLES,NO_ZERO_IN_DATE,NO_ZERO_DATE,ERROR_FOR_DIVISION_BY_ZERO,TRADITIONAL,NO_ENGINE_SUBSTITUTION {{(pid=108589) _check_effective_sql_mode /opt/stack/data/venv/lib/python3.12/site-packages/oslo_db/sqlalchemy/engines.py:325}}
Mar 11 17:03:56.152562 np0000158366 devstack@n-api-meta.service[108589]: DEBUG oslo_db.sqlalchemy.engines [None req-a40d060e-d09e-40a1-bf6d-3240826d2296 None None] MySQL server mode set to STRICT_TRANS_TABLES,STRICT_ALL_TABLES,NO_ZERO_IN_DATE,NO_ZERO_DATE,ERROR_FOR_DIVISION_BY_ZERO,TRADITIONAL,NO_ENGINE_SUBSTITUTION {{(pid=108589) _check_effective_sql_mode /opt/stack/data/venv/lib/python3.12/site-packages/oslo_db/sqlalchemy/engines.py:325}}
Mar 11 17:03:56.156591 np0000158366 devstack@n-api-meta.service[108590]: DEBUG oslo_db.sqlalchemy.engines [None req-5ffa7516-53dc-4ab7-85be-e6fa7674628c None None] MySQL server mode set to STRICT_TRANS_TABLES,STRICT_ALL_TABLES,NO_ZERO_IN_DATE,NO_ZERO_DATE,ERROR_FOR_DIVISION_BY_ZERO,TRADITIONAL,NO_ENGINE_SUBSTITUTION {{(pid=108590) _check_effective_sql_mode /opt/stack/data/venv/lib/python3.12/site-packages/oslo_db/sqlalchemy/engines.py:325}}
Mar 11 17:03:56.165665 np0000158366 devstack@n-api-meta.service[108588]: DEBUG dbcounter [-] [108588] Writer thread running {{(pid=108588) stat_writer /opt/stack/data/venv/lib/python3.12/site-packages/dbcounter.py:102}}
Mar 11 17:03:56.166643 np0000158366 devstack@n-api-meta.service[108590]: DEBUG oslo_db.sqlalchemy.engines [None req-5ffa7516-53dc-4ab7-85be-e6fa7674628c None None] MySQL server mode set to STRICT_TRANS_TABLES,STRICT_ALL_TABLES,NO_ZERO_IN_DATE,NO_ZERO_DATE,ERROR_FOR_DIVISION_BY_ZERO,TRADITIONAL,NO_ENGINE_SUBSTITUTION {{(pid=108590) _check_effective_sql_mode /opt/stack/data/venv/lib/python3.12/site-packages/oslo_db/sqlalchemy/engines.py:325}}
Mar 11 17:03:56.173848 np0000158366 devstack@n-api-meta.service[108588]: DEBUG dbcounter [-] [108588] Writer thread running {{(pid=108588) stat_writer /opt/stack/data/venv/lib/python3.12/site-packages/dbcounter.py:102}}
Mar 11 17:03:56.178614 np0000158366 devstack@n-api-meta.service[108588]: INFO dbcounter [None req-9b04407f-2ece-40ef-9043-6272bcf8a5fe None None] Registered counter for database nova_cell0
Mar 11 17:03:56.184594 np0000158366 devstack@n-api-meta.service[108588]: DEBUG oslo_db.sqlalchemy.engines [None req-9b04407f-2ece-40ef-9043-6272bcf8a5fe None None] MySQL server mode set to STRICT_TRANS_TABLES,STRICT_ALL_TABLES,NO_ZERO_IN_DATE,NO_ZERO_DATE,ERROR_FOR_DIVISION_BY_ZERO,TRADITIONAL,NO_ENGINE_SUBSTITUTION {{(pid=108588) _check_effective_sql_mode /opt/stack/data/venv/lib/python3.12/site-packages/oslo_db/sqlalchemy/engines.py:325}}
Mar 11 17:03:56.190380 np0000158366 devstack@n-api-meta.service[108588]: DEBUG dbcounter [-] [108588] Writer thread running {{(pid=108588) stat_writer /opt/stack/data/venv/lib/python3.12/site-packages/dbcounter.py:102}}
Mar 11 17:03:56.211267 np0000158366 devstack@n-api-meta.service[108591]: DEBUG dbcounter [-] [108591] Writer thread running {{(pid=108591) stat_writer /opt/stack/data/venv/lib/python3.12/site-packages/dbcounter.py:102}}
Mar 11 17:03:56.212458 np0000158366 devstack@n-api-meta.service[108591]: DEBUG dbcounter [-] [108591] Writer thread running {{(pid=108591) stat_writer /opt/stack/data/venv/lib/python3.12/site-packages/dbcounter.py:102}}
Mar 11 17:03:56.217497 np0000158366 devstack@n-api-meta.service[108591]: INFO dbcounter [None req-f2fc1288-f716-4c47-bc8a-af724fc3d46a None None] Registered counter for database nova_cell0
Mar 11 17:03:56.229501 np0000158366 devstack@n-api-meta.service[108591]: DEBUG oslo_db.sqlalchemy.engines [None req-f2fc1288-f716-4c47-bc8a-af724fc3d46a None None] MySQL server mode set to STRICT_TRANS_TABLES,STRICT_ALL_TABLES,NO_ZERO_IN_DATE,NO_ZERO_DATE,ERROR_FOR_DIVISION_BY_ZERO,TRADITIONAL,NO_ENGINE_SUBSTITUTION {{(pid=108591) _check_effective_sql_mode /opt/stack/data/venv/lib/python3.12/site-packages/oslo_db/sqlalchemy/engines.py:325}}
Mar 11 17:03:56.229865 np0000158366 devstack@n-api-meta.service[108588]: WARNING nova.api.metadata.handler [None req-9b04407f-2ece-40ef-9043-6272bcf8a5fe None None] metadata_proxy_shared_secret is not configured, the metadata information returned by the proxy cannot be trusted
Mar 11 17:03:56.232042 np0000158366 devstack@n-api-meta.service[108588]: DEBUG nova.api.openstack.wsgi_app [None req-9b04407f-2ece-40ef-9043-6272bcf8a5fe None None] ******************************************************************************** {{(pid=108588) log_opt_values /opt/stack/data/venv/lib/python3.12/site-packages/oslo_config/cfg.py:2979}}
Mar 11 17:03:56.232158 np0000158366 devstack@n-api-meta.service[108588]: DEBUG nova.api.openstack.wsgi_app [None req-9b04407f-2ece-40ef-9043-6272bcf8a5fe None None] Configuration options gathered from: {{(pid=108588) log_opt_values /opt/stack/data/venv/lib/python3.12/site-packages/oslo_config/cfg.py:2980}}
Mar 11 17:03:56.232291 np0000158366 devstack@n-api-meta.service[108588]: DEBUG nova.api.openstack.wsgi_app [None req-9b04407f-2ece-40ef-9043-6272bcf8a5fe None None] command line args: [] {{(pid=108588) log_opt_values /opt/stack/data/venv/lib/python3.12/site-packages/oslo_config/cfg.py:2981}}
Mar 11 17:03:56.232390 np0000158366 devstack@n-api-meta.service[108588]: DEBUG nova.api.openstack.wsgi_app [None req-9b04407f-2ece-40ef-9043-6272bcf8a5fe None None] config files: ['/etc/nova/api-paste.ini', '/etc/nova/nova.conf'] {{(pid=108588) log_opt_values /opt/stack/data/venv/lib/python3.12/site-packages/oslo_config/cfg.py:2982}}
Mar 11 17:03:56.232474 np0000158366 devstack@n-api-meta.service[108588]: DEBUG nova.api.openstack.wsgi_app [None req-9b04407f-2ece-40ef-9043-6272bcf8a5fe None None] ================================================================================ {{(pid=108588) log_opt_values /opt/stack/data/venv/lib/python3.12/site-packages/oslo_config/cfg.py:2987}}
Mar 11 17:03:56.232736 np0000158366 devstack@n-api-meta.service[108588]: DEBUG nova.api.openstack.wsgi_app [None req-9b04407f-2ece-40ef-9043-6272bcf8a5fe None None] allow_resize_to_same_host = True {{(pid=108588) log_opt_values /opt/stack/data/venv/lib/python3.12/site-packages/oslo_config/cfg.py:2995}}
Mar 11 17:03:56.232831 np0000158366 devstack@n-api-meta.service[108588]: DEBUG nova.api.openstack.wsgi_app [None req-9b04407f-2ece-40ef-9043-6272bcf8a5fe None None] arq_binding_timeout = 300 {{(pid=108588) log_opt_values /opt/stack/data/venv/lib/python3.12/site-packages/oslo_config/cfg.py:2995}}
Mar 11 17:03:56.232931 np0000158366 devstack@n-api-meta.service[108588]: DEBUG nova.api.openstack.wsgi_app [None req-9b04407f-2ece-40ef-9043-6272bcf8a5fe None None] block_device_allocate_retries = 60 {{(pid=108588) log_opt_values /opt/stack/data/venv/lib/python3.12/site-packages/oslo_config/cfg.py:2995}}
Mar 11 17:03:56.233016 np0000158366 devstack@n-api-meta.service[108588]: DEBUG nova.api.openstack.wsgi_app [None req-9b04407f-2ece-40ef-9043-6272bcf8a5fe None None] block_device_allocate_retries_interval = 3 {{(pid=108588) log_opt_values /opt/stack/data/venv/lib/python3.12/site-packages/oslo_config/cfg.py:2995}}
Mar 11 17:03:56.233344 np0000158366 devstack@n-api-meta.service[108588]: DEBUG nova.api.openstack.wsgi_app [None req-9b04407f-2ece-40ef-9043-6272bcf8a5fe None None] cell_worker_thread_pool_size = 5 {{(pid=108588) log_opt_values /opt/stack/data/venv/lib/python3.12/site-packages/oslo_config/cfg.py:2995}}
Mar 11 17:03:56.233344 np0000158366 devstack@n-api-meta.service[108588]: DEBUG nova.api.openstack.wsgi_app [None req-9b04407f-2ece-40ef-9043-6272bcf8a5fe None None] cert = self.pem {{(pid=108588) log_opt_values /opt/stack/data/venv/lib/python3.12/site-packages/oslo_config/cfg.py:2995}}
Mar 11 17:03:56.233530 np0000158366 devstack@n-api-meta.service[108588]: DEBUG nova.api.openstack.wsgi_app [None req-9b04407f-2ece-40ef-9043-6272bcf8a5fe None None] compute_driver = libvirt.LibvirtDriver {{(pid=108588) log_opt_values /opt/stack/data/venv/lib/python3.12/site-packages/oslo_config/cfg.py:2995}}
Mar 11 17:03:56.233650 np0000158366 devstack@n-api-meta.service[108588]: DEBUG nova.api.openstack.wsgi_app [None req-9b04407f-2ece-40ef-9043-6272bcf8a5fe None None] compute_monitors = [] {{(pid=108588) log_opt_values /opt/stack/data/venv/lib/python3.12/site-packages/oslo_config/cfg.py:2995}}
Mar 11 17:03:56.233752 np0000158366 devstack@n-api-meta.service[108588]: DEBUG nova.api.openstack.wsgi_app [None req-9b04407f-2ece-40ef-9043-6272bcf8a5fe None None] config_dir = [] {{(pid=108588) log_opt_values /opt/stack/data/venv/lib/python3.12/site-packages/oslo_config/cfg.py:2995}}
Mar 11 17:03:56.233843 np0000158366 devstack@n-api-meta.service[108588]: DEBUG nova.api.openstack.wsgi_app [None req-9b04407f-2ece-40ef-9043-6272bcf8a5fe None None] config_drive_format = iso9660 {{(pid=108588) log_opt_values /opt/stack/data/venv/lib/python3.12/site-packages/oslo_config/cfg.py:2995}}
Mar 11 17:03:56.234008 np0000158366 devstack@n-api-meta.service[108588]: DEBUG nova.api.openstack.wsgi_app [None req-9b04407f-2ece-40ef-9043-6272bcf8a5fe None None] config_file = ['/etc/nova/api-paste.ini', '/etc/nova/nova.conf'] {{(pid=108588) log_opt_values /opt/stack/data/venv/lib/python3.12/site-packages/oslo_config/cfg.py:2995}}
Mar 11 17:03:56.234111 np0000158366 devstack@n-api-meta.service[108588]: DEBUG nova.api.openstack.wsgi_app [None req-9b04407f-2ece-40ef-9043-6272bcf8a5fe None None] config_source = [] {{(pid=108588) log_opt_values /opt/stack/data/venv/lib/python3.12/site-packages/oslo_config/cfg.py:2995}}
Mar 11 17:03:56.234293 np0000158366 devstack@n-api-meta.service[108588]: DEBUG nova.api.openstack.wsgi_app [None req-9b04407f-2ece-40ef-9043-6272bcf8a5fe None None] console_host = np0000158366 {{(pid=108588) log_opt_values /opt/stack/data/venv/lib/python3.12/site-packages/oslo_config/cfg.py:2995}}
Mar 11 17:03:56.234530 np0000158366 devstack@n-api-meta.service[108588]: DEBUG nova.api.openstack.wsgi_app [None req-9b04407f-2ece-40ef-9043-6272bcf8a5fe None None] control_exchange = nova {{(pid=108588) log_opt_values /opt/stack/data/venv/lib/python3.12/site-packages/oslo_config/cfg.py:2995}}
Mar 11 17:03:56.234530 np0000158366 devstack@n-api-meta.service[108588]: DEBUG nova.api.openstack.wsgi_app [None req-9b04407f-2ece-40ef-9043-6272bcf8a5fe None None] cpu_allocation_ratio = None {{(pid=108588) log_opt_values /opt/stack/data/venv/lib/python3.12/site-packages/oslo_config/cfg.py:2995}}
Mar 11 17:03:56.234842 np0000158366 devstack@n-api-meta.service[108588]: DEBUG nova.api.openstack.wsgi_app [None req-9b04407f-2ece-40ef-9043-6272bcf8a5fe None None] daemon = False {{(pid=108588) log_opt_values /opt/stack/data/venv/lib/python3.12/site-packages/oslo_config/cfg.py:2995}}
Mar 11 17:03:56.234842 np0000158366 devstack@n-api-meta.service[108588]: DEBUG nova.api.openstack.wsgi_app [None req-9b04407f-2ece-40ef-9043-6272bcf8a5fe None None] debug = True {{(pid=108588) log_opt_values /opt/stack/data/venv/lib/python3.12/site-packages/oslo_config/cfg.py:2995}}
Mar 11 17:03:56.234842 np0000158366 devstack@n-api-meta.service[108588]: DEBUG nova.api.openstack.wsgi_app [None req-9b04407f-2ece-40ef-9043-6272bcf8a5fe None None] default_access_ip_network_name = None {{(pid=108588) log_opt_values /opt/stack/data/venv/lib/python3.12/site-packages/oslo_config/cfg.py:2995}}
Mar 11 17:03:56.235242 np0000158366 devstack@n-api-meta.service[108588]: DEBUG nova.api.openstack.wsgi_app [None req-9b04407f-2ece-40ef-9043-6272bcf8a5fe None None] default_availability_zone = nova {{(pid=108588) log_opt_values /opt/stack/data/venv/lib/python3.12/site-packages/oslo_config/cfg.py:2995}}
Mar 11 17:03:56.235242 np0000158366 devstack@n-api-meta.service[108588]: DEBUG nova.api.openstack.wsgi_app [None req-9b04407f-2ece-40ef-9043-6272bcf8a5fe None None] default_ephemeral_format = ext4 {{(pid=108588) log_opt_values /opt/stack/data/venv/lib/python3.12/site-packages/oslo_config/cfg.py:2995}}
Mar 11 17:03:56.235242 np0000158366 devstack@n-api-meta.service[108588]: DEBUG nova.api.openstack.wsgi_app [None req-9b04407f-2ece-40ef-9043-6272bcf8a5fe None None] default_green_pool_size = 1000 {{(pid=108588) log_opt_values /opt/stack/data/venv/lib/python3.12/site-packages/oslo_config/cfg.py:2995}}
Mar 11 17:03:56.235516 np0000158366 devstack@n-api-meta.service[108588]: DEBUG nova.api.openstack.wsgi_app [None req-9b04407f-2ece-40ef-9043-6272bcf8a5fe None None] default_log_levels = ['amqp=WARN', 'boto=WARN', 'sqlalchemy=WARN', 'suds=INFO', 'oslo.messaging=INFO', 'oslo_messaging=INFO', 'iso8601=WARN', 'requests.packages.urllib3.connectionpool=WARN', 'urllib3.connectionpool=WARN', 'websocket=WARN', 'requests.packages.urllib3.util.retry=WARN', 'urllib3.util.retry=WARN', 'keystonemiddleware=WARN', 'routes.middleware=WARN', 'stevedore=WARN', 'taskflow=WARN', 'keystoneauth=WARN', 'oslo.cache=INFO', 'oslo_policy=INFO', 'dogpile.core.dogpile=INFO', 'glanceclient=WARN', 'oslo.privsep.daemon=INFO'] {{(pid=108588) log_opt_values /opt/stack/data/venv/lib/python3.12/site-packages/oslo_config/cfg.py:2995}}
Mar 11 17:03:56.235516 np0000158366 devstack@n-api-meta.service[108588]: DEBUG nova.api.openstack.wsgi_app [None req-9b04407f-2ece-40ef-9043-6272bcf8a5fe None None] default_schedule_zone = None {{(pid=108588) log_opt_values /opt/stack/data/venv/lib/python3.12/site-packages/oslo_config/cfg.py:2995}}
Mar 11 17:03:56.235778 np0000158366 devstack@n-api-meta.service[108588]: DEBUG nova.api.openstack.wsgi_app [None req-9b04407f-2ece-40ef-9043-6272bcf8a5fe None None] default_thread_pool_size = 10 {{(pid=108588) log_opt_values /opt/stack/data/venv/lib/python3.12/site-packages/oslo_config/cfg.py:2995}}
Mar 11 17:03:56.235778 np0000158366 devstack@n-api-meta.service[108588]: DEBUG nova.api.openstack.wsgi_app [None req-9b04407f-2ece-40ef-9043-6272bcf8a5fe None None] disk_allocation_ratio = None {{(pid=108588) log_opt_values /opt/stack/data/venv/lib/python3.12/site-packages/oslo_config/cfg.py:2995}}
Mar 11 17:03:56.235934 np0000158366 devstack@n-api-meta.service[108588]: DEBUG nova.api.openstack.wsgi_app [None req-9b04407f-2ece-40ef-9043-6272bcf8a5fe None None] enable_new_services = True {{(pid=108588) log_opt_values /opt/stack/data/venv/lib/python3.12/site-packages/oslo_config/cfg.py:2995}}
Mar 11 17:03:56.236015 np0000158366 devstack@n-api-meta.service[108588]: DEBUG nova.api.openstack.wsgi_app [None req-9b04407f-2ece-40ef-9043-6272bcf8a5fe None None] flat_injected = False {{(pid=108588) log_opt_values /opt/stack/data/venv/lib/python3.12/site-packages/oslo_config/cfg.py:2995}}
Mar 11 17:03:56.236248 np0000158366 devstack@n-api-meta.service[108588]: DEBUG nova.api.openstack.wsgi_app [None req-9b04407f-2ece-40ef-9043-6272bcf8a5fe None None] force_config_drive = False {{(pid=108588) log_opt_values /opt/stack/data/venv/lib/python3.12/site-packages/oslo_config/cfg.py:2995}}
Mar 11 17:03:56.236248 np0000158366 devstack@n-api-meta.service[108588]: DEBUG nova.api.openstack.wsgi_app [None req-9b04407f-2ece-40ef-9043-6272bcf8a5fe None None] force_raw_images = True {{(pid=108588) log_opt_values /opt/stack/data/venv/lib/python3.12/site-packages/oslo_config/cfg.py:2995}}
Mar 11 17:03:56.236562 np0000158366 devstack@n-api-meta.service[108591]: DEBUG dbcounter [-] [108591] Writer thread running {{(pid=108591) stat_writer /opt/stack/data/venv/lib/python3.12/site-packages/dbcounter.py:102}}
Mar 11 17:03:56.236659 np0000158366 devstack@n-api-meta.service[108588]: DEBUG nova.api.openstack.wsgi_app [None req-9b04407f-2ece-40ef-9043-6272bcf8a5fe None None] graceful_shutdown_timeout = 5 {{(pid=108588) log_opt_values /opt/stack/data/venv/lib/python3.12/site-packages/oslo_config/cfg.py:2995}}
Mar 11 17:03:56.236659 np0000158366 devstack@n-api-meta.service[108588]: DEBUG nova.api.openstack.wsgi_app [None req-9b04407f-2ece-40ef-9043-6272bcf8a5fe None None] heal_instance_info_cache_interval = -1 {{(pid=108588) log_opt_values /opt/stack/data/venv/lib/python3.12/site-packages/oslo_config/cfg.py:2995}}
Mar 11 17:03:56.236659 np0000158366 devstack@n-api-meta.service[108588]: DEBUG nova.api.openstack.wsgi_app [None req-9b04407f-2ece-40ef-9043-6272bcf8a5fe None None] host = np0000158366 {{(pid=108588) log_opt_values /opt/stack/data/venv/lib/python3.12/site-packages/oslo_config/cfg.py:2995}}
Mar 11 17:03:56.237228 np0000158366 devstack@n-api-meta.service[108588]: DEBUG nova.api.openstack.wsgi_app [None req-9b04407f-2ece-40ef-9043-6272bcf8a5fe None None] initial_cpu_allocation_ratio = 4.0 {{(pid=108588) log_opt_values /opt/stack/data/venv/lib/python3.12/site-packages/oslo_config/cfg.py:2995}}
Mar 11 17:03:56.237228 np0000158366 devstack@n-api-meta.service[108588]: DEBUG nova.api.openstack.wsgi_app [None req-9b04407f-2ece-40ef-9043-6272bcf8a5fe None None] initial_disk_allocation_ratio = 1.0 {{(pid=108588) log_opt_values /opt/stack/data/venv/lib/python3.12/site-packages/oslo_config/cfg.py:2995}}
Mar 11 17:03:56.237228 np0000158366 devstack@n-api-meta.service[108588]: DEBUG nova.api.openstack.wsgi_app [None req-9b04407f-2ece-40ef-9043-6272bcf8a5fe None None] initial_ram_allocation_ratio = 1.0 {{(pid=108588) log_opt_values /opt/stack/data/venv/lib/python3.12/site-packages/oslo_config/cfg.py:2995}}
Mar 11 17:03:56.237228 np0000158366 devstack@n-api-meta.service[108588]: DEBUG nova.api.openstack.wsgi_app [None req-9b04407f-2ece-40ef-9043-6272bcf8a5fe None None] injected_network_template = /opt/stack/nova/nova/virt/interfaces.template {{(pid=108588) log_opt_values /opt/stack/data/venv/lib/python3.12/site-packages/oslo_config/cfg.py:2995}}
Mar 11 17:03:56.237726 np0000158366 devstack@n-api-meta.service[108588]: DEBUG nova.api.openstack.wsgi_app [None req-9b04407f-2ece-40ef-9043-6272bcf8a5fe None None] instance_build_timeout = 0 {{(pid=108588) log_opt_values /opt/stack/data/venv/lib/python3.12/site-packages/oslo_config/cfg.py:2995}}
Mar 11 17:03:56.237726 np0000158366 devstack@n-api-meta.service[108588]: DEBUG nova.api.openstack.wsgi_app [None req-9b04407f-2ece-40ef-9043-6272bcf8a5fe None None] instance_delete_interval = 300 {{(pid=108588) log_opt_values /opt/stack/data/venv/lib/python3.12/site-packages/oslo_config/cfg.py:2995}}
Mar 11 17:03:56.237726 np0000158366 devstack@n-api-meta.service[108588]: DEBUG nova.api.openstack.wsgi_app [None req-9b04407f-2ece-40ef-9043-6272bcf8a5fe None None] instance_format = [instance: %(uuid)s] {{(pid=108588) log_opt_values /opt/stack/data/venv/lib/python3.12/site-packages/oslo_config/cfg.py:2995}}
Mar 11 17:03:56.237726 np0000158366 devstack@n-api-meta.service[108588]: DEBUG nova.api.openstack.wsgi_app [None req-9b04407f-2ece-40ef-9043-6272bcf8a5fe None None] instance_name_template = instance-%08x {{(pid=108588) log_opt_values /opt/stack/data/venv/lib/python3.12/site-packages/oslo_config/cfg.py:2995}}
Mar 11 17:03:56.238042 np0000158366 devstack@n-api-meta.service[108588]: DEBUG nova.api.openstack.wsgi_app [None req-9b04407f-2ece-40ef-9043-6272bcf8a5fe None None] instance_usage_audit = False {{(pid=108588) log_opt_values /opt/stack/data/venv/lib/python3.12/site-packages/oslo_config/cfg.py:2995}}
Mar 11 17:03:56.238042 np0000158366 devstack@n-api-meta.service[108588]: DEBUG nova.api.openstack.wsgi_app [None req-9b04407f-2ece-40ef-9043-6272bcf8a5fe None None] instance_usage_audit_period = month {{(pid=108588) log_opt_values /opt/stack/data/venv/lib/python3.12/site-packages/oslo_config/cfg.py:2995}}
Mar 11 17:03:56.238227 np0000158366 devstack@n-api-meta.service[108588]: DEBUG nova.api.openstack.wsgi_app [None req-9b04407f-2ece-40ef-9043-6272bcf8a5fe None None] instance_uuid_format = [instance: %(uuid)s] {{(pid=108588) log_opt_values /opt/stack/data/venv/lib/python3.12/site-packages/oslo_config/cfg.py:2995}}
Mar 11 17:03:56.238227 np0000158366 devstack@n-api-meta.service[108588]: DEBUG nova.api.openstack.wsgi_app [None req-9b04407f-2ece-40ef-9043-6272bcf8a5fe None None] instances_path = /opt/stack/data/nova/instances {{(pid=108588) log_opt_values /opt/stack/data/venv/lib/python3.12/site-packages/oslo_config/cfg.py:2995}}
Mar 11 17:03:56.238420 np0000158366 devstack@n-api-meta.service[108588]: DEBUG nova.api.openstack.wsgi_app [None req-9b04407f-2ece-40ef-9043-6272bcf8a5fe None None] internal_service_availability_zone = internal {{(pid=108588) log_opt_values /opt/stack/data/venv/lib/python3.12/site-packages/oslo_config/cfg.py:2995}}
Mar 11 17:03:56.238518 np0000158366 devstack@n-api-meta.service[108588]: DEBUG nova.api.openstack.wsgi_app [None req-9b04407f-2ece-40ef-9043-6272bcf8a5fe None None] key = None {{(pid=108588) log_opt_values /opt/stack/data/venv/lib/python3.12/site-packages/oslo_config/cfg.py:2995}}
Mar 11 17:03:56.238604 np0000158366 devstack@n-api-meta.service[108588]: DEBUG nova.api.openstack.wsgi_app [None req-9b04407f-2ece-40ef-9043-6272bcf8a5fe None None] live_migration_retry_count = 30 {{(pid=108588) log_opt_values /opt/stack/data/venv/lib/python3.12/site-packages/oslo_config/cfg.py:2995}}
Mar 11 17:03:56.238747 np0000158366 devstack@n-api-meta.service[108588]: DEBUG nova.api.openstack.wsgi_app [None req-9b04407f-2ece-40ef-9043-6272bcf8a5fe None None] log_color = False {{(pid=108588) log_opt_values /opt/stack/data/venv/lib/python3.12/site-packages/oslo_config/cfg.py:2995}}
Mar 11 17:03:56.238872 np0000158366 devstack@n-api-meta.service[108588]: DEBUG nova.api.openstack.wsgi_app [None req-9b04407f-2ece-40ef-9043-6272bcf8a5fe None None] log_config_append = None {{(pid=108588) log_opt_values /opt/stack/data/venv/lib/python3.12/site-packages/oslo_config/cfg.py:2995}}
Mar 11 17:03:56.239000 np0000158366 devstack@n-api-meta.service[108588]: DEBUG nova.api.openstack.wsgi_app [None req-9b04407f-2ece-40ef-9043-6272bcf8a5fe None None] log_date_format = %Y-%m-%d %H:%M:%S {{(pid=108588) log_opt_values /opt/stack/data/venv/lib/python3.12/site-packages/oslo_config/cfg.py:2995}}
Mar 11 17:03:56.239115 np0000158366 devstack@n-api-meta.service[108588]: DEBUG nova.api.openstack.wsgi_app [None req-9b04407f-2ece-40ef-9043-6272bcf8a5fe None None] log_dir = None {{(pid=108588) log_opt_values /opt/stack/data/venv/lib/python3.12/site-packages/oslo_config/cfg.py:2995}}
Mar 11 17:03:56.239254 np0000158366 devstack@n-api-meta.service[108588]: DEBUG nova.api.openstack.wsgi_app [None req-9b04407f-2ece-40ef-9043-6272bcf8a5fe None None] log_file = None {{(pid=108588) log_opt_values /opt/stack/data/venv/lib/python3.12/site-packages/oslo_config/cfg.py:2995}}
Mar 11 17:03:56.239363 np0000158366 devstack@n-api-meta.service[108588]: DEBUG nova.api.openstack.wsgi_app [None req-9b04407f-2ece-40ef-9043-6272bcf8a5fe None None] log_options = True {{(pid=108588) log_opt_values /opt/stack/data/venv/lib/python3.12/site-packages/oslo_config/cfg.py:2995}}
Mar 11 17:03:56.239477 np0000158366 devstack@n-api-meta.service[108588]: DEBUG nova.api.openstack.wsgi_app [None req-9b04407f-2ece-40ef-9043-6272bcf8a5fe None None] log_rotate_interval = 1 {{(pid=108588) log_opt_values /opt/stack/data/venv/lib/python3.12/site-packages/oslo_config/cfg.py:2995}}
Mar 11 17:03:56.239620 np0000158366 devstack@n-api-meta.service[108588]: DEBUG nova.api.openstack.wsgi_app [None req-9b04407f-2ece-40ef-9043-6272bcf8a5fe None None] log_rotate_interval_type = days {{(pid=108588) log_opt_values /opt/stack/data/venv/lib/python3.12/site-packages/oslo_config/cfg.py:2995}}
Mar 11 17:03:56.239750 np0000158366 devstack@n-api-meta.service[108588]: DEBUG nova.api.openstack.wsgi_app [None req-9b04407f-2ece-40ef-9043-6272bcf8a5fe None None] log_rotation_type = none {{(pid=108588) log_opt_values /opt/stack/data/venv/lib/python3.12/site-packages/oslo_config/cfg.py:2995}}
Mar 11 17:03:56.239842 np0000158366 devstack@n-api-meta.service[108588]: DEBUG nova.api.openstack.wsgi_app [None req-9b04407f-2ece-40ef-9043-6272bcf8a5fe None None] logging_context_format_string = %(color)s%(levelname)s %(name)s [%(global_request_id)s %(request_id)s %(project_name)s %(user_name)s%(color)s] %(instance)s%(color)s%(message)s {{(pid=108588) log_opt_values /opt/stack/data/venv/lib/python3.12/site-packages/oslo_config/cfg.py:2995}}
Mar 11 17:03:56.239932 np0000158366 devstack@n-api-meta.service[108588]: DEBUG nova.api.openstack.wsgi_app [None req-9b04407f-2ece-40ef-9043-6272bcf8a5fe None None] logging_debug_format_suffix = {{(pid=%(process)d) %(funcName)s %(pathname)s:%(lineno)d}} {{(pid=108588) log_opt_values /opt/stack/data/venv/lib/python3.12/site-packages/oslo_config/cfg.py:2995}}
Mar 11 17:03:56.240079 np0000158366 devstack@n-api-meta.service[108588]: DEBUG nova.api.openstack.wsgi_app [None req-9b04407f-2ece-40ef-9043-6272bcf8a5fe None None] logging_default_format_string = %(color)s%(levelname)s %(name)s [-%(color)s] %(instance)s%(color)s%(message)s {{(pid=108588) log_opt_values /opt/stack/data/venv/lib/python3.12/site-packages/oslo_config/cfg.py:2995}}
Mar 11 17:03:56.240222 np0000158366 devstack@n-api-meta.service[108588]: DEBUG nova.api.openstack.wsgi_app [None req-9b04407f-2ece-40ef-9043-6272bcf8a5fe None None] logging_exception_prefix = ERROR %(name)s %(instance)s {{(pid=108588) log_opt_values /opt/stack/data/venv/lib/python3.12/site-packages/oslo_config/cfg.py:2995}}
