May 09 03:21:36.307849 np0000172879 devstack@neutron-api.service[103199]: DEBUG neutron.plugins.ml2.drivers.ovn.mech_driver.ovsdb.ovsdb_monitor [None req-dacc3597-75a5-4a8a-bf5d-ab8c7af4b7f5 None None] Hash Ring: Node f80b55df1f3958728ce7f07affbef5ee (host: np0000172879) handling event "create" for row d8985d30-0350-464c-8a61-fc954e790307 (table: Port_Group) {{(pid=103199) notify /opt/stack/neutron/neutron/plugins/ml2/drivers/ovn/mech_driver/ovsdb/ovsdb_monitor.py:942}}
May 09 03:21:36.307937 np0000172879 devstack@neutron-api.service[103200]: DEBUG neutron.plugins.ml2.drivers.ovn.mech_driver.ovsdb.ovsdb_monitor [None req-ad3479c8-69ad-472c-a6ca-25c3ba222ea0 None None] Hash Ring: Node 26257541ffa9566cb72b26a5ce2011a5 (host: np0000172879) handling event "create" for row 635969c7-6726-4cb4-8045-ea4f38bb0b7e (table: ACL) {{(pid=103200) notify /opt/stack/neutron/neutron/plugins/ml2/drivers/ovn/mech_driver/ovsdb/ovsdb_monitor.py:942}}
May 09 03:21:36.307937 np0000172879 devstack@neutron-api.service[103200]: DEBUG neutron.plugins.ml2.drivers.ovn.mech_driver.ovsdb.ovsdb_monitor [None req-ad3479c8-69ad-472c-a6ca-25c3ba222ea0 None None] Hash Ring: Node 26257541ffa9566cb72b26a5ce2011a5 (host: np0000172879) handling event "create" for row c58a4882-cb1f-4e6b-9f73-871a216c29b2 (table: ACL) {{(pid=103200) notify /opt/stack/neutron/neutron/plugins/ml2/drivers/ovn/mech_driver/ovsdb/ovsdb_monitor.py:942}}
May 09 03:21:36.341345 np0000172879 devstack@neutron-api.service[103199]: INFO neutron.db.ovn_revision_numbers_db [None req-c4a727be-ace9-46c0-9e13-a55ca9fb0dbf admin admin] Successfully bumped revision number for resource 5a138439-58a1-4afb-acfe-f428dcaf959d (type: security_groups) to 1
May 09 03:21:36.359340 np0000172879 devstack@neutron-api.service[103199]: INFO neutron.db.ovn_revision_numbers_db [None req-c4a727be-ace9-46c0-9e13-a55ca9fb0dbf admin admin] Successfully bumped revision number for resource 0648ae43-5fe9-4e85-a672-ea0ab33fd3c9 (type: security_group_rules) to 0
May 09 03:21:36.373105 np0000172879 devstack@neutron-api.service[103199]: INFO neutron.db.ovn_revision_numbers_db [None req-c4a727be-ace9-46c0-9e13-a55ca9fb0dbf admin admin] Successfully bumped revision number for resource 90771115-68ad-4d1a-9cc0-b61c6e9b2ddb (type: security_group_rules) to 0
May 09 03:21:36.386750 np0000172879 devstack@neutron-api.service[103199]: INFO neutron.db.ovn_revision_numbers_db [None req-c4a727be-ace9-46c0-9e13-a55ca9fb0dbf admin admin] Successfully bumped revision number for resource fd2c8897-38b4-4c89-900f-b3a764c89b9c (type: security_group_rules) to 0
May 09 03:21:36.400743 np0000172879 devstack@neutron-api.service[103199]: INFO neutron.db.ovn_revision_numbers_db [None req-c4a727be-ace9-46c0-9e13-a55ca9fb0dbf admin admin] Successfully bumped revision number for resource febb4f6e-6679-4b70-b64d-7eed6f164654 (type: security_group_rules) to 0
May 09 03:21:36.423293 np0000172879 devstack@neutron-api.service[103199]: DEBUG neutron.api.rpc.handlers.resources_rpc [None req-c4a727be-ace9-46c0-9e13-a55ca9fb0dbf admin admin] Pushing event updated for resources: {'SecurityGroup': ['ID=5a138439-58a1-4afb-acfe-f428dcaf959d,revision_number=1']} {{(pid=103199) push /opt/stack/neutron/neutron/api/rpc/handlers/resources_rpc.py:237}}
May 09 03:21:36.428610 np0000172879 devstack@neutron-api.service[103199]: DEBUG ovsdbapp.backend.ovs_idl.transaction [None req-dacc3597-75a5-4a8a-bf5d-ab8c7af4b7f5 None None] Running txn n=1 command(idx=0): CheckLivenessCommand(_result=None) {{(pid=103199) do_commit /opt/stack/data/venv/lib/python3.12/site-packages/ovsdbapp/backend/ovs_idl/transaction.py:89}}
May 09 03:21:36.430666 np0000172879 devstack@neutron-api.service[103199]: DEBUG neutron.plugins.ml2.drivers.ovn.mech_driver.ovsdb.ovsdb_monitor [None req-dacc3597-75a5-4a8a-bf5d-ab8c7af4b7f5 None None] Hash Ring: Node f80b55df1f3958728ce7f07affbef5ee (host: np0000172879) handling event "update" for row f4041d4c-a81a-4042-934b-02de77a18f3b (table: NB_Global) {{(pid=103199) notify /opt/stack/neutron/neutron/plugins/ml2/drivers/ovn/mech_driver/ovsdb/ovsdb_monitor.py:942}}
May 09 03:21:36.434498 np0000172879 devstack@neutron-api.service[103199]: DEBUG neutron.plugins.ml2.drivers.ovn.mech_driver.ovsdb.ovsdb_monitor [None req-dacc3597-75a5-4a8a-bf5d-ab8c7af4b7f5 None None] Hash Ring: Node f80b55df1f3958728ce7f07affbef5ee (host: np0000172879) handling event "update" for row f4041d4c-a81a-4042-934b-02de77a18f3b (table: NB_Global) {{(pid=103199) notify /opt/stack/neutron/neutron/plugins/ml2/drivers/ovn/mech_driver/ovsdb/ovsdb_monitor.py:942}}
May 09 03:21:36.435182 np0000172879 devstack@neutron-api.service[103199]: DEBUG neutron.plugins.ml2.drivers.ovn.mech_driver.ovsdb.ovsdb_monitor [None req-dacc3597-75a5-4a8a-bf5d-ab8c7af4b7f5 None None] Hash Ring: Node f80b55df1f3958728ce7f07affbef5ee (host: np0000172879) handling event "update" for row f4041d4c-a81a-4042-934b-02de77a18f3b (table: NB_Global) {{(pid=103199) notify /opt/stack/neutron/neutron/plugins/ml2/drivers/ovn/mech_driver/ovsdb/ovsdb_monitor.py:942}}
May 09 03:21:36.436709 np0000172879 devstack@neutron-api.service[103200]: DEBUG neutron.plugins.ml2.drivers.ovn.mech_driver.ovsdb.ovsdb_monitor [None req-8266741a-65d9-4636-87d4-f156fe654c67 None None] ChassisAgentWriteEvent : Matched Chassis_Private, update, None None {{(pid=103200) matches /opt/stack/neutron/neutron/plugins/ml2/drivers/ovn/mech_driver/ovsdb/ovsdb_monitor.py:64}}
May 09 03:21:36.437123 np0000172879 devstack@neutron-api.service[103201]: DEBUG neutron.plugins.ml2.drivers.ovn.mech_driver.ovsdb.ovsdb_monitor [None req-017357ab-b552-4c8a-b277-0efc0dcb8845 None None] ChassisAgentWriteEvent : Matched Chassis_Private, update, None None {{(pid=103201) matches /opt/stack/neutron/neutron/plugins/ml2/drivers/ovn/mech_driver/ovsdb/ovsdb_monitor.py:64}}
May 09 03:21:36.437266 np0000172879 devstack@neutron-api.service[103199]: DEBUG neutron.plugins.ml2.drivers.ovn.mech_driver.ovsdb.ovsdb_monitor [None req-dacc3597-75a5-4a8a-bf5d-ab8c7af4b7f5 None None] Hash Ring: Node f80b55df1f3958728ce7f07affbef5ee (host: np0000172879) handling event "update" for row f4041d4c-a81a-4042-934b-02de77a18f3b (table: NB_Global) {{(pid=103199) notify /opt/stack/neutron/neutron/plugins/ml2/drivers/ovn/mech_driver/ovsdb/ovsdb_monitor.py:942}}
May 09 03:21:36.440628 np0000172879 devstack@neutron-api.service[103202]: DEBUG neutron.plugins.ml2.drivers.ovn.mech_driver.ovsdb.ovsdb_monitor [None req-a6eaf269-000e-4f5f-a26e-460c09d32600 None None] ChassisAgentWriteEvent : Matched Chassis_Private, update, None None {{(pid=103202) matches /opt/stack/neutron/neutron/plugins/ml2/drivers/ovn/mech_driver/ovsdb/ovsdb_monitor.py:64}}
May 09 03:21:36.443271 np0000172879 devstack@neutron-api.service[103199]: DEBUG neutron.plugins.ml2.drivers.ovn.mech_driver.ovsdb.ovsdb_monitor [None req-53d344de-6ed0-4bf5-a03f-cc2c5c1e772a None None] ChassisAgentWriteEvent : Matched Chassis_Private, update, None None {{(pid=103199) matches /opt/stack/neutron/neutron/plugins/ml2/drivers/ovn/mech_driver/ovsdb/ovsdb_monitor.py:64}}
May 09 03:21:36.445907 np0000172879 devstack@neutron-api.service[103201]: DEBUG neutron.common.ovn.hash_ring_manager [None req-017357ab-b552-4c8a-b277-0efc0dcb8845 None None] Hash Ring loaded. 4 active nodes. 0 offline nodes {{(pid=103201) _load_hash_ring /opt/stack/neutron/neutron/common/ovn/hash_ring_manager.py:102}}
May 09 03:21:36.447554 np0000172879 devstack@neutron-api.service[103200]: DEBUG neutron.common.ovn.hash_ring_manager [None req-8266741a-65d9-4636-87d4-f156fe654c67 None None] Hash Ring loaded. 4 active nodes. 0 offline nodes {{(pid=103200) _load_hash_ring /opt/stack/neutron/neutron/common/ovn/hash_ring_manager.py:102}}
May 09 03:21:36.450848 np0000172879 devstack@neutron-api.service[103202]: DEBUG neutron.common.ovn.hash_ring_manager [None req-a6eaf269-000e-4f5f-a26e-460c09d32600 None None] Hash Ring loaded. 4 active nodes. 0 offline nodes {{(pid=103202) _load_hash_ring /opt/stack/neutron/neutron/common/ovn/hash_ring_manager.py:102}}
May 09 03:21:36.451028 np0000172879 devstack@neutron-api.service[103202]: DEBUG neutron.plugins.ml2.drivers.ovn.mech_driver.ovsdb.ovsdb_monitor [None req-a6eaf269-000e-4f5f-a26e-460c09d32600 None None] Hash Ring: Node 9bfd00b907ff508c91eb8a11c5a787f2 (host: np0000172879) handling event "update" for row fce521bd-8d10-4efb-8f63-c1b2c91ada20 (table: Chassis_Private) {{(pid=103202) notify /opt/stack/neutron/neutron/plugins/ml2/drivers/ovn/mech_driver/ovsdb/ovsdb_monitor.py:942}}
May 09 03:21:36.457520 np0000172879 devstack@neutron-api.service[103199]: DEBUG neutron.common.ovn.hash_ring_manager [None req-53d344de-6ed0-4bf5-a03f-cc2c5c1e772a None None] Hash Ring loaded. 4 active nodes. 0 offline nodes {{(pid=103199) _load_hash_ring /opt/stack/neutron/neutron/common/ovn/hash_ring_manager.py:102}}
May 09 03:21:36.488811 np0000172879 devstack@neutron-api.service[103199]: DEBUG neutron.plugins.ml2.drivers.helpers [None req-c4a727be-ace9-46c0-9e13-a55ca9fb0dbf admin admin] geneve segment allocate from pool success with {'geneve_vni': 662} {{(pid=103199) allocate_partially_specified_segment /opt/stack/neutron/neutron/plugins/ml2/drivers/helpers.py:142}}
May 09 03:21:36.499052 np0000172879 devstack@neutron-api.service[103199]: DEBUG neutron_lib.callbacks.manager [None req-c4a727be-ace9-46c0-9e13-a55ca9fb0dbf admin admin] Publish callbacks ['neutron.plugins.ml2.plugin.Ml2Plugin._handle_segment_change-489063'] for segment (fd07f8ef-2f9d-4678-86f7-897c97344269), precommit_create {{(pid=103199) _notify_loop /opt/stack/data/venv/lib/python3.12/site-packages/neutron_lib/callbacks/manager.py:184}}
May 09 03:21:36.499182 np0000172879 devstack@neutron-api.service[103199]: INFO neutron.db.segments_db [None req-c4a727be-ace9-46c0-9e13-a55ca9fb0dbf admin admin] Added segment fd07f8ef-2f9d-4678-86f7-897c97344269 of type geneve for network 8bc57060-f500-4840-aece-f62119a98bf6
May 09 03:21:36.513989 np0000172879 devstack@neutron-api.service[103199]: DEBUG neutron_lib.callbacks.manager [None req-c4a727be-ace9-46c0-9e13-a55ca9fb0dbf admin admin] Publish callbacks ['neutron.services.auto_allocate.db._ensure_external_network_default_value_callback-7817280088108'] for network (8bc57060-f500-4840-aece-f62119a98bf6), precommit_create {{(pid=103199) _notify_loop /opt/stack/data/venv/lib/python3.12/site-packages/neutron_lib/callbacks/manager.py:184}}
May 09 03:21:36.522937 np0000172879 devstack@neutron-api.service[103199]: DEBUG neutron.plugins.ml2.drivers.ovn.mech_driver.mech_driver [None req-c4a727be-ace9-46c0-9e13-a55ca9fb0dbf admin admin] Validating network segment with type geneve, segmentation ID 662, physical network None {{(pid=103199) _validate_network_segments /opt/stack/neutron/neutron/plugins/ml2/drivers/ovn/mech_driver/mech_driver.py:641}}
May 09 03:21:36.523055 np0000172879 devstack@neutron-api.service[103199]: DEBUG neutron.db.ovn_revision_numbers_db [None req-c4a727be-ace9-46c0-9e13-a55ca9fb0dbf admin admin] create_initial_revision uuid=8bc57060-f500-4840-aece-f62119a98bf6, type=networks, rev=-1 {{(pid=103199) create_initial_revision /opt/stack/neutron/neutron/db/ovn_revision_numbers_db.py:98}}
May 09 03:21:36.550546 np0000172879 devstack@neutron-api.service[103199]: DEBUG neutron_lib.callbacks.manager [None req-c4a727be-ace9-46c0-9e13-a55ca9fb0dbf admin admin] Publish callbacks ['neutron.plugins.ml2.ovo_rpc._ObjectChangeHandler.handle_event-7063792'] for network (8bc57060-f500-4840-aece-f62119a98bf6), after_create {{(pid=103199) _notify_loop /opt/stack/data/venv/lib/python3.12/site-packages/neutron_lib/callbacks/manager.py:184}}
May 09 03:21:36.568624 np0000172879 devstack@neutron-api.service[103199]: DEBUG neutron.api.rpc.handlers.resources_rpc [None req-c4a727be-ace9-46c0-9e13-a55ca9fb0dbf admin admin] Pushing event updated for resources: {'Network': ['ID=8bc57060-f500-4840-aece-f62119a98bf6,revision_number=1']} {{(pid=103199) push /opt/stack/neutron/neutron/api/rpc/handlers/resources_rpc.py:237}}
May 09 03:21:36.576721 np0000172879 devstack@neutron-api.service[103199]: DEBUG ovsdbapp.backend.ovs_idl.transaction [None req-dacc3597-75a5-4a8a-bf5d-ab8c7af4b7f5 None None] Running txn n=1 command(idx=0): AddNetworkCommand(_result=None, network_uuid=8bc57060-f500-4840-aece-f62119a98bf6, may_exist=True, columns={'external_ids': {'neutron:network_name': 'admin_net', 'neutron:mtu': '1372', 'neutron:revision_number': '1', 'neutron:availability_zone_hints': '', 'neutron:provnet-network-type': 'geneve'}, 'other_config': {'mcast_snoop': 'false', 'mcast_flood_unregistered': 'false', 'vlan-passthru': 'false'}}) {{(pid=103199) do_commit /opt/stack/data/venv/lib/python3.12/site-packages/ovsdbapp/backend/ovs_idl/transaction.py:89}}
May 09 03:21:36.583722 np0000172879 devstack@neutron-api.service[103201]: DEBUG neutron.plugins.ml2.drivers.ovn.mech_driver.ovsdb.ovsdb_monitor [None req-167369fb-2feb-4b42-8b1c-abf19adb01d0 None None] Hash Ring: Node c9ae842cfa975b899f39e26841c469a1 (host: np0000172879) handling event "create" for row 8bc57060-f500-4840-aece-f62119a98bf6 (table: Logical_Switch) {{(pid=103201) notify /opt/stack/neutron/neutron/plugins/ml2/drivers/ovn/mech_driver/ovsdb/ovsdb_monitor.py:942}}
May 09 03:21:36.588330 np0000172879 devstack@neutron-api.service[103201]: DEBUG neutron.plugins.ml2.drivers.ovn.mech_driver.ovsdb.ovsdb_monitor [None req-017357ab-b552-4c8a-b277-0efc0dcb8845 None None] Hash Ring: Node c9ae842cfa975b899f39e26841c469a1 (host: np0000172879) handling event "create" for row a3bcd6cd-d0ff-4682-8195-87f741871339 (table: Datapath_Binding) {{(pid=103201) notify /opt/stack/neutron/neutron/plugins/ml2/drivers/ovn/mech_driver/ovsdb/ovsdb_monitor.py:942}}
May 09 03:21:36.605211 np0000172879 devstack@neutron-api.service[103199]: INFO neutron.db.ovn_revision_numbers_db [None req-c4a727be-ace9-46c0-9e13-a55ca9fb0dbf admin admin] Successfully bumped revision number for resource 8bc57060-f500-4840-aece-f62119a98bf6 (type: networks) to 1
May 09 03:21:36.618290 np0000172879 devstack@neutron-api.service[103199]: DEBUG neutron_lib.callbacks.manager [None req-c4a727be-ace9-46c0-9e13-a55ca9fb0dbf admin admin] Publish callbacks ['neutron.plugins.ml2.plugin.SecurityGroupDbMixin._ensure_default_security_group_handler-830587'] for port (None), before_create {{(pid=103199) _notify_loop /opt/stack/data/venv/lib/python3.12/site-packages/neutron_lib/callbacks/manager.py:184}}
May 09 03:21:36.679813 np0000172879 devstack@neutron-api.service[103199]: DEBUG neutron_lib.callbacks.manager [None req-c4a727be-ace9-46c0-9e13-a55ca9fb0dbf admin admin] Publish callbacks ['neutron.plugins.ml2.drivers.ovn.mech_driver.mech_driver.OVNMechanismDriver._validate_allowed_address_pairs-210458'] for allowed_address_pair (538a4e0a-d845-4075-a9f5-5c778b886319), before_create {{(pid=103199) _notify_loop /opt/stack/data/venv/lib/python3.12/site-packages/neutron_lib/callbacks/manager.py:184}}
May 09 03:21:36.680304 np0000172879 devstack@neutron-api.service[103199]: DEBUG neutron_lib.callbacks.manager [None req-c4a727be-ace9-46c0-9e13-a55ca9fb0dbf admin admin] Publish callbacks [] for port (538a4e0a-d845-4075-a9f5-5c778b886319), precommit_create {{(pid=103199) _notify_loop /opt/stack/data/venv/lib/python3.12/site-packages/neutron_lib/callbacks/manager.py:184}}
May 09 03:21:36.680501 np0000172879 devstack@neutron-api.service[103199]: DEBUG neutron.plugins.ml2.drivers.ovn.mech_driver.mech_driver [None req-c4a727be-ace9-46c0-9e13-a55ca9fb0dbf admin admin] No provisioning block for port 538a4e0a-d845-4075-a9f5-5c778b886319 since it does not have a host {{(pid=103199) _is_port_provisioning_required /opt/stack/neutron/neutron/plugins/ml2/drivers/ovn/mech_driver/mech_driver.py:894}}
May 09 03:21:36.680620 np0000172879 devstack@neutron-api.service[103199]: DEBUG neutron.db.ovn_revision_numbers_db [None req-c4a727be-ace9-46c0-9e13-a55ca9fb0dbf admin admin] create_initial_revision uuid=538a4e0a-d845-4075-a9f5-5c778b886319, type=ports, rev=-1 {{(pid=103199) create_initial_revision /opt/stack/neutron/neutron/db/ovn_revision_numbers_db.py:98}}
May 09 03:21:36.729211 np0000172879 devstack@neutron-api.service[103199]: DEBUG neutron_lib.callbacks.manager [None req-c4a727be-ace9-46c0-9e13-a55ca9fb0dbf admin admin] Publish callbacks ['neutron.plugins.ml2.ovo_rpc._ObjectChangeHandler.handle_event-7063811'] for port (538a4e0a-d845-4075-a9f5-5c778b886319), after_create {{(pid=103199) _notify_loop /opt/stack/data/venv/lib/python3.12/site-packages/neutron_lib/callbacks/manager.py:184}}
May 09 03:21:36.767702 np0000172879 devstack@neutron-api.service[103199]: DEBUG neutron.api.rpc.handlers.resources_rpc [None req-c4a727be-ace9-46c0-9e13-a55ca9fb0dbf admin admin] Pushing event updated for resources: {'Port': ['ID=538a4e0a-d845-4075-a9f5-5c778b886319,revision_number=1']} {{(pid=103199) push /opt/stack/neutron/neutron/api/rpc/handlers/resources_rpc.py:237}}
May 09 03:21:36.774800 np0000172879 devstack@neutron-api.service[103199]: DEBUG ovsdbapp.backend.ovs_idl.transaction [None req-dacc3597-75a5-4a8a-bf5d-ab8c7af4b7f5 None None] Running txn n=1 command(idx=0): AddLSwitchPortCommand(_result=None, lport=538a4e0a-d845-4075-a9f5-5c778b886319, lswitch=neutron-8bc57060-f500-4840-aece-f62119a98bf6, may_exist=True, network_uuid=8bc57060-f500-4840-aece-f62119a98bf6, columns={'addresses': ['fa:16:3e:a0:87:05'], 'external_ids': {'neutron:port_name': '', 'neutron:device_id': 'ovnmeta-8bc57060-f500-4840-aece-f62119a98bf6', 'neutron:project_id': '7a3f739d54554efbac6261ed0a9abfd2', 'neutron:cidrs': '', 'neutron:device_owner': 'network:distributed', 'neutron:subnet_pool_addr_scope4': '', 'neutron:subnet_pool_addr_scope6': '', 'neutron:network_name': 'neutron-8bc57060-f500-4840-aece-f62119a98bf6', 'neutron:security_group_ids': '', 'neutron:revision_number': '1', 'neutron:vnic_type': 'normal', 'neutron:port_capabilities': '', 'neutron:mtu': ''}, 'parent_name': [], 'tag': [], 'enabled': True, 'options': {}, 'type': 'localport', 'port_security': [], 'dhcpv4_options': [], 'dhcpv6_options': []}) {{(pid=103199) do_commit /opt/stack/data/venv/lib/python3.12/site-packages/ovsdbapp/backend/ovs_idl/transaction.py:89}}
May 09 03:21:36.775257 np0000172879 devstack@neutron-api.service[103199]: DEBUG ovsdbapp.backend.ovs_idl.transaction [None req-dacc3597-75a5-4a8a-bf5d-ab8c7af4b7f5 None None] Running txn n=1 command(idx=1): QoSDelCommand(_result=None, switch=neutron-8bc57060-f500-4840-aece-f62119a98bf6, conditions=[('direction', '=', 'to-lport'), ('priority', '=', 2002), ('match', '=', 'outport == "538a4e0a-d845-4075-a9f5-5c778b886319"')], if_exists=True) {{(pid=103199) do_commit /opt/stack/data/venv/lib/python3.12/site-packages/ovsdbapp/backend/ovs_idl/transaction.py:89}}
May 09 03:21:36.775462 np0000172879 devstack@neutron-api.service[103199]: DEBUG ovsdbapp.backend.ovs_idl.transaction [None req-dacc3597-75a5-4a8a-bf5d-ab8c7af4b7f5 None None] Running txn n=1 command(idx=2): QoSDelCommand(_result=None, switch=neutron-8bc57060-f500-4840-aece-f62119a98bf6, conditions=[('direction', '=', 'from-lport'), ('priority', '=', 2002), ('match', '=', 'inport == "538a4e0a-d845-4075-a9f5-5c778b886319"')], if_exists=True) {{(pid=103199) do_commit /opt/stack/data/venv/lib/python3.12/site-packages/ovsdbapp/backend/ovs_idl/transaction.py:89}}
May 09 03:21:36.782782 np0000172879 devstack@neutron-api.service[103201]: DEBUG neutron.plugins.ml2.drivers.ovn.mech_driver.ovsdb.ovsdb_monitor [None req-167369fb-2feb-4b42-8b1c-abf19adb01d0 None None] Hash Ring: Node c9ae842cfa975b899f39e26841c469a1 (host: np0000172879) handling event "update" for row 8bc57060-f500-4840-aece-f62119a98bf6 (table: Logical_Switch) {{(pid=103201) notify /opt/stack/neutron/neutron/plugins/ml2/drivers/ovn/mech_driver/ovsdb/ovsdb_monitor.py:942}}
May 09 03:21:36.783513 np0000172879 devstack@neutron-api.service[103200]: DEBUG neutron.plugins.ml2.drivers.ovn.mech_driver.ovsdb.ovsdb_monitor [None req-ad3479c8-69ad-472c-a6ca-25c3ba222ea0 None None] Hash Ring: Node 26257541ffa9566cb72b26a5ce2011a5 (host: np0000172879) handling event "create" for row 42e71ada-54db-4ff2-8449-ca2049b47d56 (table: Logical_Switch_Port) {{(pid=103200) notify /opt/stack/neutron/neutron/plugins/ml2/drivers/ovn/mech_driver/ovsdb/ovsdb_monitor.py:942}}
May 09 03:21:36.785275 np0000172879 devstack@neutron-api.service[103200]: DEBUG ovsdbapp.backend.ovs_idl.event [None req-ad3479c8-69ad-472c-a6ca-25c3ba222ea0 None None] Matched CREATE: LogicalSwitchPortCreateEvent(events=('create',), table='Logical_Switch_Port', conditions=[], old_conditions=None), priority=20 to row=Logical_Switch_Port(uuid=42e71ada-54db-4ff2-8449-ca2049b47d56, addresses=['fa:16:3e:a0:87:05'], dhcpv4_options=[], dhcpv6_options=[], dynamic_addresses=[], enabled=True, external_ids={'neutron:cidrs': '', 'neutron:device_id': 'ovnmeta-8bc57060-f500-4840-aece-f62119a98bf6', 'neutron:device_owner': 'network:distributed', 'neutron:mtu': '', 'neutron:network_name': 'neutron-8bc57060-f500-4840-aece-f62119a98bf6', 'neutron:port_capabilities': '', 'neutron:port_name': '', 'neutron:project_id': '7a3f739d54554efbac6261ed0a9abfd2', 'neutron:revision_number': '1', 'neutron:security_group_ids': '', 'neutron:subnet_pool_addr_scope4': '', 'neutron:subnet_pool_addr_scope6': '', 'neutron:vnic_type': 'normal'}, ha_chassis_group=[], mirror_rules=[], name='538a4e0a-d845-4075-a9f5-5c778b886319', options={}, parent_name=[], port_security=[], tag=[], tag_request=[], type='localport', up=[]) old= {{(pid=103200) matches /opt/stack/data/venv/lib/python3.12/site-packages/ovsdbapp/backend/ovs_idl/event.py:55}}
May 09 03:21:36.788149 np0000172879 devstack@neutron-api.service[103201]: DEBUG neutron.plugins.ml2.drivers.ovn.mech_driver.ovsdb.ovsdb_monitor [None req-017357ab-b552-4c8a-b277-0efc0dcb8845 None None] Hash Ring: Node c9ae842cfa975b899f39e26841c469a1 (host: np0000172879) handling event "create" for row a76aa436-84d2-4da8-9032-d4cc7c323134 (table: Port_Binding) {{(pid=103201) notify /opt/stack/neutron/neutron/plugins/ml2/drivers/ovn/mech_driver/ovsdb/ovsdb_monitor.py:942}}
May 09 03:21:36.789348 np0000172879 devstack@neutron-api.service[103200]: INFO neutron.plugins.ml2.drivers.ovn.mech_driver.mech_driver [None req-c8e3d767-ad4c-4460-8134-8828a8a0f64f None None] OVN reports status down for port: 538a4e0a-d845-4075-a9f5-5c778b886319
May 09 03:21:36.791269 np0000172879 devstack@neutron-api.service[103200]: DEBUG neutron.plugins.ml2.drivers.ovn.mech_driver.ovsdb.ovsdb_monitor [None req-ad3479c8-69ad-472c-a6ca-25c3ba222ea0 None None] Hash Ring: Node 26257541ffa9566cb72b26a5ce2011a5 (host: np0000172879) handling event "update" for row 42e71ada-54db-4ff2-8449-ca2049b47d56 (table: Logical_Switch_Port) {{(pid=103200) notify /opt/stack/neutron/neutron/plugins/ml2/drivers/ovn/mech_driver/ovsdb/ovsdb_monitor.py:942}}
May 09 03:21:36.810940 np0000172879 devstack@neutron-api.service[103199]: INFO neutron.db.ovn_revision_numbers_db [None req-c4a727be-ace9-46c0-9e13-a55ca9fb0dbf admin admin] Successfully bumped revision number for resource 538a4e0a-d845-4075-a9f5-5c778b886319 (type: ports) to 1
May 09 03:21:36.818744 np0000172879 devstack@neutron-api.service[103199]: DEBUG neutron.pecan_wsgi.hooks.policy_enforcement [None req-c4a727be-ace9-46c0-9e13-a55ca9fb0dbf admin admin] Attributes excluded by policy engine: ['standard_attr_id'] {{(pid=103199) _exclude_attributes_by_policy /opt/stack/neutron/neutron/pecan_wsgi/hooks/policy_enforcement.py:256}}
May 09 03:21:36.819017 np0000172879 devstack@neutron-api.service[103199]: DEBUG neutron_lib.callbacks.manager [None req-c4a727be-ace9-46c0-9e13-a55ca9fb0dbf admin admin] Publish callbacks [] for network (None), before_response {{(pid=103199) _notify_loop /opt/stack/data/venv/lib/python3.12/site-packages/neutron_lib/callbacks/manager.py:184}}
May 09 03:21:36.819732 np0000172879 devstack@neutron-api.service[103200]: DEBUG neutron.db.provisioning_blocks [None req-c8e3d767-ad4c-4460-8134-8828a8a0f64f None None] Transition to ACTIVE for port object 538a4e0a-d845-4075-a9f5-5c778b886319 will not be triggered until provisioned by entity L2. {{(pid=103200) add_provisioning_component /opt/stack/neutron/neutron/db/provisioning_blocks.py:74}}
May 09 03:21:36.832833 np0000172879 devstack@neutron-api.service[103199]: [pid: 103199|app: 0|req: 23/93] 199.204.45.235 () {68 vars in 1358 bytes} [Sat May 9 03:21:36 2026] POST /networking/v2.0/networks => generated 681 bytes in 700 msecs (HTTP/1.1 201) 4 headers in 162 bytes (1 switches on core 0)
May 09 03:21:36.849613 np0000172879 devstack@neutron-api.service[103200]: DEBUG neutron.plugins.ml2.plugin [None req-c8e3d767-ad4c-4460-8134-8828a8a0f64f None None] Current status of the port 538a4e0a-d845-4075-a9f5-5c778b886319 is: DOWN; New status is: DOWN {{(pid=103200) _update_individual_port_db_status /opt/stack/neutron/neutron/plugins/ml2/plugin.py:2466}}
May 09 03:21:36.850861 np0000172879 devstack@neutron-api.service[103200]: DEBUG ovsdbapp.backend.ovs_idl.transaction [None req-ad3479c8-69ad-472c-a6ca-25c3ba222ea0 None None] Running txn n=1 command(idx=0): DbRemoveCommand(_result=None, table=Logical_Switch_Port, record=538a4e0a-d845-4075-a9f5-5c778b886319, column=external_ids, values=('neutron:host_id',), keyvalues={}, if_exists=True) {{(pid=103200) do_commit /opt/stack/data/venv/lib/python3.12/site-packages/ovsdbapp/backend/ovs_idl/transaction.py:89}}
May 09 03:21:37.050338 np0000172879 devstack@neutron-api.service[103200]: INFO neutron.pecan_wsgi.hooks.translation [None req-ae6ba98d-0717-4bec-928b-756ed4f0c5f4 admin admin] GET failed (client error): The resource could not be found.
May 09 03:21:37.051204 np0000172879 devstack@neutron-api.service[103200]: [pid: 103200|app: 0|req: 24/94] 199.204.45.235 () {64 vars in 1334 bytes} [Sat May 9 03:21:37 2026] GET /networking/v2.0/networks/admin_net => generated 111 bytes in 15 msecs (HTTP/1.1 404) 4 headers in 164 bytes (1 switches on core 0)
May 09 03:21:37.097363 np0000172879 devstack@neutron-api.service[103202]: DEBUG neutron.pecan_wsgi.hooks.policy_enforcement [None req-316b05c1-5f2e-48fe-a62b-429164a6afd6 admin admin] Attributes excluded by policy engine: ['standard_attr_id'] {{(pid=103202) _exclude_attributes_by_policy /opt/stack/neutron/neutron/pecan_wsgi/hooks/policy_enforcement.py:256}}
May 09 03:21:37.098139 np0000172879 devstack@neutron-api.service[103202]: [pid: 103202|app: 0|req: 24/95] 199.204.45.235 () {64 vars in 1346 bytes} [Sat May 9 03:21:37 2026] GET /networking/v2.0/networks?name=admin_net => generated 665 bytes in 37 msecs (HTTP/1.1 200) 4 headers in 157 bytes (1 switches on core 0)
May 09 03:21:37.328828 np0000172879 devstack@neutron-api.service[103201]: INFO neutron.pecan_wsgi.hooks.translation [None req-1f866c02-3bea-4242-95f4-ed7c97ff5444 admin admin] GET failed (client error): The resource could not be found.
May 09 03:21:37.329987 np0000172879 devstack@neutron-api.service[103201]: [pid: 103201|app: 0|req: 25/96] 199.204.45.235 () {64 vars in 1340 bytes} [Sat May 9 03:21:37 2026] GET /networking/v2.0/subnets/admin_subnet => generated 112 bytes in 13 msecs (HTTP/1.1 404) 4 headers in 164 bytes (1 switches on core 0)
May 09 03:21:37.363142 np0000172879 devstack@neutron-api.service[103199]: [pid: 103199|app: 0|req: 24/97] 199.204.45.235 () {64 vars in 1349 bytes} [Sat May 9 03:21:37 2026] GET /networking/v2.0/subnets?name=admin_subnet => generated 14 bytes in 20 msecs (HTTP/1.1 200) 4 headers in 156 bytes (1 switches on core 0)
May 09 03:21:37.633406 np0000172879 devstack@neutron-api.service[103200]: DEBUG neutron.pecan_wsgi.hooks.policy_enforcement [None req-9220602b-c052-457d-ad61-5fd8cd64f01e admin admin] Attributes excluded by policy engine: ['standard_attr_id'] {{(pid=103200) _exclude_attributes_by_policy /opt/stack/neutron/neutron/pecan_wsgi/hooks/policy_enforcement.py:256}}
May 09 03:21:37.634233 np0000172879 devstack@neutron-api.service[103200]: [pid: 103200|app: 0|req: 25/98] 199.204.45.235 () {64 vars in 1415 bytes} [Sat May 9 03:21:37 2026] GET /networking/v2.0/networks/8bc57060-f500-4840-aece-f62119a98bf6 => generated 662 bytes in 36 msecs (HTTP/1.1 200) 4 headers in 157 bytes (1 switches on core 0)
May 09 03:21:37.653151 np0000172879 devstack@neutron-api.service[103202]: DEBUG neutron.api.v2.base [None req-4fcbe1b1-3cdc-4132-85c3-c82d62a001d2 admin admin] Request body: {'subnet': {'name': 'admin_subnet', 'network_id': '8bc57060-f500-4840-aece-f62119a98bf6', 'cidr': '10.2.5.0/24', 'project_id': '7a3f739d54554efbac6261ed0a9abfd2', 'gateway_ip': None, 'ip_version': 4}} {{(pid=103202) prepare_request_body /opt/stack/neutron/neutron/api/v2/base.py:727}}
May 09 03:21:37.670989 np0000172879 devstack@neutron-api.service[103202]: DEBUG neutron.pecan_wsgi.hooks.quota_enforcement [None req-4fcbe1b1-3cdc-4132-85c3-c82d62a001d2 admin admin] Made reservation on behalf of 7a3f739d54554efbac6261ed0a9abfd2 for: {'subnet': 1} {{(pid=103202) before /opt/stack/neutron/neutron/pecan_wsgi/hooks/quota_enforcement.py:66}}
May 09 03:21:37.673195 np0000172879 devstack@neutron-api.service[103202]: DEBUG neutron_lib.callbacks.manager [None req-4fcbe1b1-3cdc-4132-85c3-c82d62a001d2 admin admin] Publish callbacks [] for subnet (None), before_create {{(pid=103202) _notify_loop /opt/stack/data/venv/lib/python3.12/site-packages/neutron_lib/callbacks/manager.py:184}}
May 09 03:21:37.739297 np0000172879 devstack@neutron-api.service[103202]: DEBUG neutron.db.ovn_revision_numbers_db [None req-4fcbe1b1-3cdc-4132-85c3-c82d62a001d2 admin admin] create_initial_revision uuid=9707ae00-3dab-4701-8429-bd37ac80e94e, type=subnets, rev=-1 {{(pid=103202) create_initial_revision /opt/stack/neutron/neutron/db/ovn_revision_numbers_db.py:98}}
May 09 03:21:37.747179 np0000172879 devstack@neutron-api.service[103202]: DEBUG neutron_lib.callbacks.manager [None req-4fcbe1b1-3cdc-4132-85c3-c82d62a001d2 admin admin] Publish callbacks ['neutron.plugins.ml2.ovo_rpc._ObjectChangeHandler.handle_event-7033868'] for subnet (9707ae00-3dab-4701-8429-bd37ac80e94e), after_create {{(pid=103202) _notify_loop /opt/stack/data/venv/lib/python3.12/site-packages/neutron_lib/callbacks/manager.py:184}}
May 09 03:21:37.762626 np0000172879 devstack@neutron-api.service[103202]: DEBUG neutron.api.rpc.handlers.resources_rpc [None req-4fcbe1b1-3cdc-4132-85c3-c82d62a001d2 admin admin] Pushing event updated for resources: {'Subnet': ['ID=9707ae00-3dab-4701-8429-bd37ac80e94e,revision_number=0']} {{(pid=103202) push /opt/stack/neutron/neutron/api/rpc/handlers/resources_rpc.py:237}}
May 09 03:21:37.768222 np0000172879 devstack@neutron-api.service[103202]: DEBUG neutron.api.rpc.callbacks.version_manager [None req-4fcbe1b1-3cdc-4132-85c3-c82d62a001d2 admin admin] Tracked resource versions report:
May 09 03:21:37.768222 np0000172879 devstack@neutron-api.service[103202]: pushed versions:
May 09 03:21:37.768222 np0000172879 devstack@neutron-api.service[103202]: { 'AddressGroup': {'1.2'},
May 09 03:21:37.768222 np0000172879 devstack@neutron-api.service[103202]: 'Agent': {'1.1'},
May 09 03:21:37.768222 np0000172879 devstack@neutron-api.service[103202]: 'ConntrackHelper': {'1.0'},
May 09 03:21:37.768222 np0000172879 devstack@neutron-api.service[103202]: 'LocalIPAssociation': {'1.0'},
May 09 03:21:37.768222 np0000172879 devstack@neutron-api.service[103202]: 'Log': {'1.0'},
May 09 03:21:37.768222 np0000172879 devstack@neutron-api.service[103202]: 'NDPProxy': {'1.0'},
May 09 03:21:37.768222 np0000172879 devstack@neutron-api.service[103202]: 'Network': {'1.2'},
May 09 03:21:37.768222 np0000172879 devstack@neutron-api.service[103202]: 'Port': {'1.10'},
May 09 03:21:37.768222 np0000172879 devstack@neutron-api.service[103202]: 'PortForwarding': {'1.3'},
May 09 03:21:37.768222 np0000172879 devstack@neutron-api.service[103202]: 'QosPolicy': {'1.10'},
May 09 03:21:37.768222 np0000172879 devstack@neutron-api.service[103202]: 'SecurityGroup': {'1.6'},
May 09 03:21:37.768222 np0000172879 devstack@neutron-api.service[103202]: 'SecurityGroupRule': {'1.3'},
May 09 03:21:37.768222 np0000172879 devstack@neutron-api.service[103202]: 'SubPort': {'1.0'},
May 09 03:21:37.768222 np0000172879 devstack@neutron-api.service[103202]: 'Subnet': {'1.2'},
May 09 03:21:37.768222 np0000172879 devstack@neutron-api.service[103202]: 'Trunk': {'1.1'}}
May 09 03:21:37.768222 np0000172879 devstack@neutron-api.service[103202]: consumer versions:
May 09 03:21:37.768222 np0000172879 devstack@neutron-api.service[103202]: { OVN Controller Gateway agent@np0000172879: {},
May 09 03:21:37.768222 np0000172879 devstack@neutron-api.service[103202]: OVN Neutron agent@np0000172879: {}}
May 09 03:21:37.768222 np0000172879 devstack@neutron-api.service[103202]: {{(pid=103202) report /opt/stack/neutron/neutron/api/rpc/callbacks/version_manager.py:183}}
May 09 03:21:37.811211 np0000172879 devstack@neutron-api.service[103202]: DEBUG neutron_lib.callbacks.manager [None req-4fcbe1b1-3cdc-4132-85c3-c82d62a001d2 admin admin] Publish callbacks ['neutron.plugins.ml2.plugin.SecurityGroupDbMixin._ensure_default_security_group_handler-1000532', 'neutron.services.ovn_l3.plugin.OVNL3RouterPlugin._port_update-7817279629172', 'neutron.db.l3_db.L3_NAT_dbonly_mixin._prevent_internal_ip_change_for_fip-7817281183948'] for port (538a4e0a-d845-4075-a9f5-5c778b886319), before_update {{(pid=103202) _notify_loop /opt/stack/data/venv/lib/python3.12/site-packages/neutron_lib/callbacks/manager.py:184}}
May 09 03:21:37.892448 np0000172879 devstack@neutron-api.service[103202]: DEBUG neutron.db.db_base_plugin_common [None req-4fcbe1b1-3cdc-4132-85c3-c82d62a001d2 admin admin] Allocated IP 10.2.5.1 (8bc57060-f500-4840-aece-f62119a98bf6/9707ae00-3dab-4701-8429-bd37ac80e94e/538a4e0a-d845-4075-a9f5-5c778b886319) {{(pid=103202) _store_ip_allocation /opt/stack/neutron/neutron/db/db_base_plugin_common.py:131}}
May 09 03:21:37.957490 np0000172879 devstack@neutron-api.service[103202]: DEBUG neutron_lib.callbacks.manager [None req-4fcbe1b1-3cdc-4132-85c3-c82d62a001d2 admin admin] Publish callbacks [] for port (538a4e0a-d845-4075-a9f5-5c778b886319), precommit_update {{(pid=103202) _notify_loop /opt/stack/data/venv/lib/python3.12/site-packages/neutron_lib/callbacks/manager.py:184}}
May 09 03:21:37.957743 np0000172879 devstack@neutron-api.service[103202]: DEBUG neutron.plugins.ml2.drivers.ovn.mech_driver.mech_driver [None req-4fcbe1b1-3cdc-4132-85c3-c82d62a001d2 admin admin] No provisioning block for port 538a4e0a-d845-4075-a9f5-5c778b886319 since it does not have a host {{(pid=103202) _is_port_provisioning_required /opt/stack/neutron/neutron/plugins/ml2/drivers/ovn/mech_driver/mech_driver.py:894}}
May 09 03:21:37.971496 np0000172879 devstack@neutron-api.service[103202]: DEBUG neutron_lib.callbacks.manager [None req-4fcbe1b1-3cdc-4132-85c3-c82d62a001d2 admin admin] Publish callbacks ['neutron.plugins.ml2.ovo_rpc._ObjectChangeHandler.handle_event-7034357', 'neutron.db.l3_db.L3RpcNotifierMixin._notify_gateway_port_ip_changed-7817281187760', 'neutron.services.ovn_l3.plugin.OVNL3RouterPlugin._port_update-7817279629172'] for port (538a4e0a-d845-4075-a9f5-5c778b886319), after_update {{(pid=103202) _notify_loop /opt/stack/data/venv/lib/python3.12/site-packages/neutron_lib/callbacks/manager.py:184}}
May 09 03:21:37.998644 np0000172879 devstack@neutron-api.service[103202]: DEBUG neutron.api.rpc.handlers.resources_rpc [None req-4fcbe1b1-3cdc-4132-85c3-c82d62a001d2 admin admin] Pushing event updated for resources: {'Port': ['ID=538a4e0a-d845-4075-a9f5-5c778b886319,revision_number=2']} {{(pid=103202) push /opt/stack/neutron/neutron/api/rpc/handlers/resources_rpc.py:237}}
May 09 03:21:38.089949 np0000172879 devstack@neutron-api.service[103202]: DEBUG ovsdbapp.backend.ovs_idl.transaction [None req-d2fb40ee-d126-4465-87d1-e412db4a1cbd None None] Running txn n=1 command(idx=0): CheckRevisionNumberCommand(_result=None, name=538a4e0a-d845-4075-a9f5-5c778b886319, resource={'id': '538a4e0a-d845-4075-a9f5-5c778b886319', 'name': '', 'network_id': '8bc57060-f500-4840-aece-f62119a98bf6', 'project_id': '7a3f739d54554efbac6261ed0a9abfd2', 'mac_address': 'fa:16:3e:a0:87:05', 'admin_state_up': True, 'status': 'DOWN', 'device_id': 'ovnmeta-8bc57060-f500-4840-aece-f62119a98bf6', 'device_owner': 'network:distributed', 'standard_attr_id': 44, 'fixed_ips': [{'subnet_id': '9707ae00-3dab-4701-8429-bd37ac80e94e', 'ip_address': '10.2.5.1'}], 'allowed_address_pairs': [], 'extra_dhcp_opts': [], 'security_groups': [], 'description': '', 'binding:vnic_type': 'normal', 'binding:profile': {}, 'binding:host_id': '', 'binding:vif_type': 'unbound', 'binding:vif_details': {}, 'port_security_enabled': False, 'tags': [], 'created_at': '2026-05-09T03:21:36Z', 'updated_at': '2026-05-09T03:21:37Z', 'revision_number': 2, 'tenant_id': '7a3f739d54554efbac6261ed0a9abfd2', 'network': {'id': '8bc57060-f500-4840-aece-f62119a98bf6', 'name': 'admin_net', 'tenant_id': '7a3f739d54554efbac6261ed0a9abfd2', 'project_id': '7a3f739d54554efbac6261ed0a9abfd2', 'admin_state_up': True, 'mtu': 1372, 'status': 'ACTIVE', 'subnets': ['9707ae00-3dab-4701-8429-bd37ac80e94e'], 'standard_attr_id': 42, 'shared': False, 'availability_zone_hints': [], 'availability_zones': [], 'ipv4_address_scope': None, 'ipv6_address_scope': None, 'router:external': False, 'qinq': False, 'vlan_transparent': False, 'description': '', 'port_security_enabled': True, 'tags': [], 'created_at': '2026-05-09T03:21:36Z', 'updated_at': '2026-05-09T03:21:37Z', 'revision_number': 2, 'provider:network_type': 'geneve', 'provider:physical_network': None, 'provider:segmentation_id': 662}}, resource_type=ports, if_exists=True) {{(pid=103202) do_commit /opt/stack/data/venv/lib/python3.12/site-packages/ovsdbapp/backend/ovs_idl/transaction.py:89}}
May 09 03:21:38.090779 np0000172879 devstack@neutron-api.service[103202]: DEBUG ovsdbapp.backend.ovs_idl.transaction [None req-d2fb40ee-d126-4465-87d1-e412db4a1cbd None None] Running txn n=1 command(idx=1): AddDHCPOptionsCommand(_result=None, columns={'cidr': '10.2.5.0/24', 'options': {'server_id': '10.2.5.1', 'lease_time': '43200', 'mtu': '1372', 'server_mac': 'fa:16:3e:d2:96:08', 'dns_server': '{127.0.0.53}', 'classless_static_route': '{169.254.169.254/32,10.2.5.1}'}, 'external_ids': {'subnet_id': '9707ae00-3dab-4701-8429-bd37ac80e94e', 'neutron:network_id': '8bc57060-f500-4840-aece-f62119a98bf6', 'neutron:revision_number': '0'}}, may_exist=True, subnet_id=9707ae00-3dab-4701-8429-bd37ac80e94e, port_id=None, new_insert=False) {{(pid=103202) do_commit /opt/stack/data/venv/lib/python3.12/site-packages/ovsdbapp/backend/ovs_idl/transaction.py:89}}
May 09 03:21:38.091500 np0000172879 devstack@neutron-api.service[103202]: DEBUG ovsdbapp.backend.ovs_idl.transaction [None req-d2fb40ee-d126-4465-87d1-e412db4a1cbd None None] Running txn n=1 command(idx=2): SetLSwitchPortCommand(_result=None, lport=538a4e0a-d845-4075-a9f5-5c778b886319, external_ids_update=None, columns={'external_ids': {'neutron:port_name': '', 'neutron:device_id': 'ovnmeta-8bc57060-f500-4840-aece-f62119a98bf6', 'neutron:project_id': '7a3f739d54554efbac6261ed0a9abfd2', 'neutron:cidrs': '10.2.5.1/24', 'neutron:device_owner': 'network:distributed', 'neutron:subnet_pool_addr_scope4': '', 'neutron:subnet_pool_addr_scope6': '', 'neutron:network_name': 'neutron-8bc57060-f500-4840-aece-f62119a98bf6', 'neutron:security_group_ids': '', 'neutron:revision_number': '2', 'neutron:vnic_type': 'normal', 'neutron:port_capabilities': '', 'neutron:mtu': ''}, 'parent_name': [], 'tag': [], 'options': {}, 'enabled': True, 'port_security': [], 'dhcpv4_options': [], 'dhcpv6_options': [], 'type': 'localport', 'addresses': ['fa:16:3e:a0:87:05 10.2.5.1'], 'ha_chassis_group': []}, if_exists=False) {{(pid=103202) do_commit /opt/stack/data/venv/lib/python3.12/site-packages/ovsdbapp/backend/ovs_idl/transaction.py:89}}
May 09 03:21:38.092964 np0000172879 devstack@neutron-api.service[103202]: DEBUG ovsdbapp.backend.ovs_idl.transaction [None req-d2fb40ee-d126-4465-87d1-e412db4a1cbd None None] Running txn n=1 command(idx=3): PgDelPortCommand(_result=None, port_group=neutron_pg_drop, lsp=['538a4e0a-d845-4075-a9f5-5c778b886319'], if_exists=False) {{(pid=103202) do_commit /opt/stack/data/venv/lib/python3.12/site-packages/ovsdbapp/backend/ovs_idl/transaction.py:89}}
May 09 03:21:38.100131 np0000172879 devstack@neutron-api.service[103199]: DEBUG neutron.plugins.ml2.drivers.ovn.mech_driver.ovsdb.ovsdb_monitor [None req-dacc3597-75a5-4a8a-bf5d-ab8c7af4b7f5 None None] Hash Ring: Node f80b55df1f3958728ce7f07affbef5ee (host: np0000172879) handling event "create" for row f94e8c53-4bd4-4571-b721-eb70128af0d2 (table: DHCP_Options) {{(pid=103199) notify /opt/stack/neutron/neutron/plugins/ml2/drivers/ovn/mech_driver/ovsdb/ovsdb_monitor.py:942}}
May 09 03:21:38.101377 np0000172879 devstack@neutron-api.service[103200]: DEBUG neutron.plugins.ml2.drivers.ovn.mech_driver.ovsdb.ovsdb_monitor [None req-ad3479c8-69ad-472c-a6ca-25c3ba222ea0 None None] Hash Ring: Node 26257541ffa9566cb72b26a5ce2011a5 (host: np0000172879) handling event "update" for row 42e71ada-54db-4ff2-8449-ca2049b47d56 (table: Logical_Switch_Port) {{(pid=103200) notify /opt/stack/neutron/neutron/plugins/ml2/drivers/ovn/mech_driver/ovsdb/ovsdb_monitor.py:942}}
May 09 03:21:38.104842 np0000172879 devstack@neutron-api.service[103201]: DEBUG neutron.plugins.ml2.drivers.ovn.mech_driver.ovsdb.ovsdb_monitor [None req-017357ab-b552-4c8a-b277-0efc0dcb8845 None None] Hash Ring: Node c9ae842cfa975b899f39e26841c469a1 (host: np0000172879) handling event "update" for row a76aa436-84d2-4da8-9032-d4cc7c323134 (table: Port_Binding) {{(pid=103201) notify /opt/stack/neutron/neutron/plugins/ml2/drivers/ovn/mech_driver/ovsdb/ovsdb_monitor.py:942}}
May 09 03:21:38.138778 np0000172879 devstack@neutron-api.service[103202]: INFO neutron.db.ovn_revision_numbers_db [None req-4fcbe1b1-3cdc-4132-85c3-c82d62a001d2 admin admin] Successfully bumped revision number for resource 538a4e0a-d845-4075-a9f5-5c778b886319 (type: ports) to 2
May 09 03:21:38.151255 np0000172879 devstack@neutron-api.service[103202]: DEBUG neutron.plugins.ml2.plugin [None req-4fcbe1b1-3cdc-4132-85c3-c82d62a001d2 admin admin] In _notify_port_updated(), no bound segment for port 538a4e0a-d845-4075-a9f5-5c778b886319 on network 8bc57060-f500-4840-aece-f62119a98bf6 {{(pid=103202) _notify_port_updated /opt/stack/neutron/neutron/plugins/ml2/plugin.py:1034}}
May 09 03:21:38.172182 np0000172879 devstack@neutron-api.service[103202]: INFO neutron.db.ovn_revision_numbers_db [None req-4fcbe1b1-3cdc-4132-85c3-c82d62a001d2 admin admin] Successfully bumped revision number for resource 9707ae00-3dab-4701-8429-bd37ac80e94e (type: subnets) to 0
May 09 03:21:38.173620 np0000172879 devstack@neutron-api.service[103202]: DEBUG neutron.pecan_wsgi.hooks.policy_enforcement [None req-4fcbe1b1-3cdc-4132-85c3-c82d62a001d2 admin admin] Attributes excluded by policy engine: ['standard_attr_id', 'shared', 'network'] {{(pid=103202) _exclude_attributes_by_policy /opt/stack/neutron/neutron/pecan_wsgi/hooks/policy_enforcement.py:256}}
May 09 03:21:38.173880 np0000172879 devstack@neutron-api.service[103202]: DEBUG neutron_lib.callbacks.manager [None req-4fcbe1b1-3cdc-4132-85c3-c82d62a001d2 admin admin] Publish callbacks [] for subnet (None), before_response {{(pid=103202) _notify_loop /opt/stack/data/venv/lib/python3.12/site-packages/neutron_lib/callbacks/manager.py:184}}
May 09 03:21:38.186721 np0000172879 devstack@neutron-api.service[103202]: [pid: 103202|app: 0|req: 25/99] 199.204.45.235 () {68 vars in 1355 bytes} [Sat May 9 03:21:37 2026] POST /networking/v2.0/subnets => generated 625 bytes in 538 msecs (HTTP/1.1 201) 4 headers in 162 bytes (1 switches on core 0)
May 09 03:21:38.395449 np0000172879 devstack@neutron-api.service[103201]: INFO neutron.pecan_wsgi.hooks.translation [None req-6af2da59-3782-4bea-960c-4ab8e225d80d admin admin] GET failed (client error): The resource could not be found.
May 09 03:21:38.396694 np0000172879 devstack@neutron-api.service[103201]: [pid: 103201|app: 0|req: 26/100] 199.204.45.235 () {64 vars in 1340 bytes} [Sat May 9 03:21:38 2026] GET /networking/v2.0/subnets/admin_subnet => generated 112 bytes in 11 msecs (HTTP/1.1 404) 4 headers in 164 bytes (1 switches on core 0)
May 09 03:21:38.433590 np0000172879 devstack@neutron-api.service[103199]: DEBUG neutron.pecan_wsgi.hooks.policy_enforcement [None req-aae22e81-5f3e-4e3d-8617-8dfb55662a81 admin admin] Attributes excluded by policy engine: ['standard_attr_id', 'shared'] {{(pid=103199) _exclude_attributes_by_policy /opt/stack/neutron/neutron/pecan_wsgi/hooks/policy_enforcement.py:256}}
May 09 03:21:38.435015 np0000172879 devstack@neutron-api.service[103199]: [pid: 103199|app: 0|req: 25/101] 199.204.45.235 () {64 vars in 1349 bytes} [Sat May 9 03:21:38 2026] GET /networking/v2.0/subnets?name=admin_subnet => generated 628 bytes in 28 msecs (HTTP/1.1 200) 4 headers in 157 bytes (1 switches on core 0)
May 09 03:21:41.442269 np0000172879 devstack@neutron-api.service[103199]: DEBUG neutron.plugins.ml2.drivers.ovn.mech_driver.ovsdb.ovsdb_monitor [None req-53d344de-6ed0-4bf5-a03f-cc2c5c1e772a None None] ChassisOVNAgentWriteEvent : Matched Chassis_Private, update, None None {{(pid=103199) matches /opt/stack/neutron/neutron/plugins/ml2/drivers/ovn/mech_driver/ovsdb/ovsdb_monitor.py:64}}
May 09 03:21:41.442698 np0000172879 devstack@neutron-api.service[103201]: DEBUG neutron.plugins.ml2.drivers.ovn.mech_driver.ovsdb.ovsdb_monitor [None req-017357ab-b552-4c8a-b277-0efc0dcb8845 None None] ChassisOVNAgentWriteEvent : Matched Chassis_Private, update, None None {{(pid=103201) matches /opt/stack/neutron/neutron/plugins/ml2/drivers/ovn/mech_driver/ovsdb/ovsdb_monitor.py:64}}
May 09 03:21:41.443007 np0000172879 devstack@neutron-api.service[103200]: DEBUG neutron.plugins.ml2.drivers.ovn.mech_driver.ovsdb.ovsdb_monitor [None req-8266741a-65d9-4636-87d4-f156fe654c67 None None] ChassisOVNAgentWriteEvent : Matched Chassis_Private, update, None None {{(pid=103200) matches /opt/stack/neutron/neutron/plugins/ml2/drivers/ovn/mech_driver/ovsdb/ovsdb_monitor.py:64}}
May 09 03:21:41.443359 np0000172879 devstack@neutron-api.service[103202]: DEBUG neutron.plugins.ml2.drivers.ovn.mech_driver.ovsdb.ovsdb_monitor [None req-a6eaf269-000e-4f5f-a26e-460c09d32600 None None] ChassisOVNAgentWriteEvent : Matched Chassis_Private, update, None None {{(pid=103202) matches /opt/stack/neutron/neutron/plugins/ml2/drivers/ovn/mech_driver/ovsdb/ovsdb_monitor.py:64}}
May 09 03:21:41.443359 np0000172879 devstack@neutron-api.service[103202]: DEBUG neutron.plugins.ml2.drivers.ovn.mech_driver.ovsdb.ovsdb_monitor [None req-a6eaf269-000e-4f5f-a26e-460c09d32600 None None] Hash Ring: Node 9bfd00b907ff508c91eb8a11c5a787f2 (host: np0000172879) handling event "update" for row fce521bd-8d10-4efb-8f63-c1b2c91ada20 (table: Chassis_Private) {{(pid=103202) notify /opt/stack/neutron/neutron/plugins/ml2/drivers/ovn/mech_driver/ovsdb/ovsdb_monitor.py:942}}
May 09 03:21:43.327868 np0000172879 devstack@neutron-api.service[103200]: [pid: 103200|app: 0|req: 26/102] 199.204.45.235 () {64 vars in 1369 bytes} [Sat May 9 03:21:43 2026] GET /networking/v2.0/ports?device_id=manila-admin-share&binding%3Ahost_id=np0000172879 => generated 12 bytes in 72 msecs (HTTP/1.1 200) 4 headers in 156 bytes (1 switches on core 0)
May 09 03:21:43.375743 np0000172879 devstack@neutron-api.service[103202]: DEBUG neutron.api.wsgi [None req-3bc64792-1926-475b-98ab-57d9479cd036 service neutron] Missing Content-Type {{(pid=103202) get_content_type /opt/stack/neutron/neutron/api/wsgi.py:80}}
May 09 03:21:43.376523 np0000172879 devstack@neutron-api.service[103202]: DEBUG neutron.api.wsgi [None req-3bc64792-1926-475b-98ab-57d9479cd036 service neutron] https://199.204.45.235/networking/v2.0/extensions returned with HTTP 200 {{(pid=103202) __call__ /opt/stack/neutron/neutron/api/wsgi.py:540}}
May 09 03:21:43.377299 np0000172879 devstack@neutron-api.service[103202]: [pid: 103202|app: 0|req: 26/103] 199.204.45.235 () {64 vars in 1265 bytes} [Sat May 9 03:21:43 2026] GET /networking/v2.0/extensions => generated 15209 bytes in 7 msecs (HTTP/1.1 200) 4 headers in 159 bytes (1 switches on core 0)
May 09 03:21:43.418782 np0000172879 devstack@neutron-api.service[103201]: DEBUG neutron.api.v2.base [None req-d70f704a-3af0-4ca5-8423-eaf7366f8e9d service neutron] Request body: {'port': {'network_id': '8bc57060-f500-4840-aece-f62119a98bf6', 'admin_state_up': True, 'tenant_id': '7a3f739d54554efbac6261ed0a9abfd2', 'port_security_enabled': False, 'binding:host_id': 'np0000172879', 'fixed_ips': [{'subnet_id': '9707ae00-3dab-4701-8429-bd37ac80e94e'}], 'device_owner': 'manila:share', 'device_id': 'manila-admin-share'}} {{(pid=103201) prepare_request_body /opt/stack/neutron/neutron/api/v2/base.py:727}}
May 09 03:21:43.437147 np0000172879 devstack@neutron-api.service[103201]: DEBUG neutron.pecan_wsgi.hooks.quota_enforcement [None req-d70f704a-3af0-4ca5-8423-eaf7366f8e9d service neutron] Made reservation on behalf of 7a3f739d54554efbac6261ed0a9abfd2 for: {'port': 1} {{(pid=103201) before /opt/stack/neutron/neutron/pecan_wsgi/hooks/quota_enforcement.py:66}}
May 09 03:21:43.443287 np0000172879 devstack@neutron-api.service[103201]: DEBUG neutron_lib.callbacks.manager [None req-d70f704a-3af0-4ca5-8423-eaf7366f8e9d service neutron] Publish callbacks ['neutron.plugins.ml2.plugin.SecurityGroupDbMixin._ensure_default_security_group_handler-785116'] for port (None), before_create {{(pid=103201) _notify_loop /opt/stack/data/venv/lib/python3.12/site-packages/neutron_lib/callbacks/manager.py:184}}
May 09 03:21:43.506742 np0000172879 devstack@neutron-api.service[103201]: DEBUG neutron.db.db_base_plugin_common [None req-d70f704a-3af0-4ca5-8423-eaf7366f8e9d service neutron] Allocated IP 10.2.5.75 (8bc57060-f500-4840-aece-f62119a98bf6/9707ae00-3dab-4701-8429-bd37ac80e94e/ad5e324e-8e33-4598-8ede-f7aede42f417) {{(pid=103201) _store_ip_allocation /opt/stack/neutron/neutron/db/db_base_plugin_common.py:131}}
