+ exec neutron-ovn-metadata-agent --config-file /etc/neutron/neutron.conf --config-file /etc/neutron/ovn_metadata_agent.ini --config-file /tmp/pod-shared/neutron-agent.ini --config-file /tmp/pod-shared/ovn.ini /var/lib/openstack/lib/python3.10/site-packages/neutron/common/utils.py:54: UserWarning: pkg_resources is deprecated as an API. See https://setuptools.pypa.io/en/latest/pkg_resources.html. The pkg_resources package is slated for removal as early as 2025-11-30. Refrain from using this package or pin to Setuptools<81. import pkg_resources
2026-05-12 17:06:32.599 46 INFO neutron.common.config [-] Logging enabled!
2026-05-12 17:06:32.599 46 INFO neutron.common.config [-] /var/lib/openstack/bin/neutron-ovn-metadata-agent version 21.2.2.dev24
2026-05-12 17:06:32.629 46 INFO ovsdbapp.backend.ovs_idl.vlog [-] unix:/run/openvswitch/db.sock: connecting...
2026-05-12 17:06:32.629 46 INFO ovsdbapp.backend.ovs_idl.vlog [-] unix:/run/openvswitch/db.sock: connected
2026-05-12 17:06:32.702 46 INFO neutron.agent.ovn.metadata.ovsdb [-] Getting OvsdbSbOvnIdl for MetadataAgent with retry
2026-05-12 17:06:32.702 46 INFO ovsdbapp.backend.ovs_idl.vlog [-] tcp:10.108.129.163:6642: connecting...
2026-05-12 17:06:32.703 46 INFO ovsdbapp.backend.ovs_idl.vlog [-] tcp:10.108.129.163:6642: connected
2026-05-12 17:06:32.734 46 INFO oslo_service.service [-] Starting 2 workers
2026-05-12 17:06:32.738 46 INFO oslo.privsep.daemon [-] Running privsep helper: ['sudo', '/var/lib/openstack/bin/neutron-rootwrap', '/etc/neutron/rootwrap.conf', 'privsep-helper', '--config-file', '/etc/neutron/neutron.conf', '--config-file', '/etc/neutron/ovn_metadata_agent.ini', '--config-file', '/tmp/pod-shared/neutron-agent.ini', '--config-file', '/tmp/pod-shared/ovn.ini', '--privsep_context', 'neutron.privileged.namespace_cmd', '--privsep_sock_path', '/tmp/tmp283xzvwi/privsep.sock']
2026-05-12 17:06:32.770 54 INFO neutron.agent.ovn.metadata.ovsdb [-] Getting OvsdbSbOvnIdl for MetadataAgent with retry
2026-05-12 17:06:32.771 55 INFO neutron.agent.ovn.metadata.ovsdb [-] Getting OvsdbSbOvnIdl for MetadataAgent with retry
2026-05-12 17:06:32.772 54 INFO ovsdbapp.backend.ovs_idl.vlog [-] tcp:10.108.129.163:6642: connecting...
2026-05-12 17:06:32.772 55 INFO ovsdbapp.backend.ovs_idl.vlog [-] tcp:10.108.129.163:6642: connecting...
2026-05-12 17:06:32.773 54 INFO ovsdbapp.backend.ovs_idl.vlog [-] tcp:10.108.129.163:6642: connected
2026-05-12 17:06:32.773 55 INFO ovsdbapp.backend.ovs_idl.vlog [-] tcp:10.108.129.163:6642: connected
2026-05-12 17:06:32.805 55 INFO eventlet.wsgi.server [-] (55) wsgi starting up on http:/var/lib/neutron/openstack-helm/metadata_proxy
2026-05-12 17:06:32.807 54 INFO eventlet.wsgi.server [-] (54) wsgi starting up on http:/var/lib/neutron/openstack-helm/metadata_proxy
2026-05-12 17:06:34.175 46 INFO oslo.privsep.daemon [-] Spawned new privsep daemon via rootwrap
2026-05-12 17:06:34.051 59 INFO oslo.privsep.daemon [-] privsep daemon starting
2026-05-12 17:06:34.058 59 INFO oslo.privsep.daemon [-] privsep process running with uid/gid: 0/0
2026-05-12 17:06:34.061 59 INFO oslo.privsep.daemon [-] privsep process running with capabilities (eff/prm/inh): CAP_SYS_ADMIN/CAP_SYS_ADMIN/none
2026-05-12 17:06:34.061 59 INFO oslo.privsep.daemon [-] privsep daemon running as pid 59
2026-05-12 17:07:47.638 55 ERROR neutron.agent.ovn.metadata.server [-] No port found in network None with IP address 169.254.169.254
2026-05-12 17:07:47.639 55 INFO eventlet.wsgi.server [-] 169.254.169.254, "GET / HTTP/1.1" status: 404 len: 176 time: 0.0028536
2026-05-12 17:09:52.581 54 ERROR neutron.agent.ovn.metadata.server [-] No port found in network None with IP address 169.254.169.254
2026-05-12 17:09:52.581 54 INFO eventlet.wsgi.server [-] 169.254.169.254, "GET / HTTP/1.1" status: 404 len: 176 time: 0.0012934
2026-05-12 17:13:02.552 54 ERROR neutron.agent.ovn.metadata.server [-] No port found in network None with IP address 169.254.169.254
2026-05-12 17:13:02.553 54 INFO eventlet.wsgi.server [-] 169.254.169.254, "GET / HTTP/1.1" status: 404 len: 176 time: 0.0008893
2026-05-12 17:13:32.574 54 ERROR neutron.agent.ovn.metadata.server [-] No port found in network None with IP address 169.254.169.254
2026-05-12 17:13:32.575 54 INFO eventlet.wsgi.server [-] 169.254.169.254, "GET / HTTP/1.1" status: 404 len: 176 time: 0.0006137
2026-05-12 17:15:50.381 46 INFO neutron.agent.ovn.metadata.agent [-] Port ff2c0e07-b0b1-4493-998a-56c37e96b04c in datapath 76026baa-4f3d-4d6f-b5c5-3b1010b49b67 bound to our chassis
2026-05-12 17:15:50.382 46 INFO neutron.agent.ovn.metadata.agent [-] Provisioning metadata for network 76026baa-4f3d-4d6f-b5c5-3b1010b49b67
2026-05-12 17:15:50.383 46 INFO oslo.privsep.daemon [-] Running privsep helper: ['sudo', '/var/lib/openstack/bin/neutron-rootwrap', '/etc/neutron/rootwrap.conf', 'privsep-helper', '--config-file', '/etc/neutron/neutron.conf', '--config-file', '/etc/neutron/ovn_metadata_agent.ini', '--config-file', '/tmp/pod-shared/neutron-agent.ini', '--config-file', '/tmp/pod-shared/ovn.ini', '--privsep_context', 'neutron.privileged.default', '--privsep_sock_path', '/tmp/tmpsikg9gi0/privsep.sock']
2026-05-12 17:15:51.215 46 INFO oslo.privsep.daemon [-] Spawned new privsep daemon via rootwrap
2026-05-12 17:15:51.050 90 INFO oslo.privsep.daemon [-] privsep daemon starting
2026-05-12 17:15:51.055 90 INFO oslo.privsep.daemon [-] privsep process running with uid/gid: 0/0
2026-05-12 17:15:51.057 90 INFO oslo.privsep.daemon [-] privsep process running with capabilities (eff/prm/inh): CAP_DAC_OVERRIDE|CAP_DAC_READ_SEARCH|CAP_NET_ADMIN|CAP_SYS_ADMIN|CAP_SYS_PTRACE/CAP_DAC_OVERRIDE|CAP_DAC_READ_SEARCH|CAP_NET_ADMIN|CAP_SYS_ADMIN|CAP_SYS_PTRACE/none
2026-05-12 17:15:51.057 90 INFO oslo.privsep.daemon [-] privsep daemon running as pid 90
2026-05-12 17:15:51.815 46 INFO oslo.privsep.daemon [-] Running privsep helper: ['sudo', '/var/lib/openstack/bin/neutron-rootwrap', '/etc/neutron/rootwrap.conf', 'privsep-helper', '--config-file', '/etc/neutron/neutron.conf', '--config-file', '/etc/neutron/ovn_metadata_agent.ini', '--config-file', '/tmp/pod-shared/neutron-agent.ini', '--config-file', '/tmp/pod-shared/ovn.ini', '--privsep_context', 'neutron.privileged.link_cmd', '--privsep_sock_path', '/tmp/tmpb5rqkrcd/privsep.sock']
2026-05-12 17:15:52.621 46 INFO oslo.privsep.daemon [-] Spawned new privsep daemon via rootwrap
2026-05-12 17:15:52.483 102 INFO oslo.privsep.daemon [-] privsep daemon starting
2026-05-12 17:15:52.490 102 INFO oslo.privsep.daemon [-] privsep process running with uid/gid: 0/0
2026-05-12 17:15:52.495 102 INFO oslo.privsep.daemon [-] privsep process running with capabilities (eff/prm/inh): CAP_NET_ADMIN|CAP_SYS_ADMIN/CAP_NET_ADMIN|CAP_SYS_ADMIN/none
2026-05-12 17:15:52.495 102 INFO oslo.privsep.daemon [-] privsep daemon running as pid 102
2026-05-12 17:15:53.527 46 INFO oslo_rootwrap.client [-] Spawned new rootwrap daemon process with pid=125
2026-05-12 17:16:12.552 55 ERROR neutron.agent.ovn.metadata.server [-] No port found in network None with IP address 169.254.169.254
2026-05-12 17:16:12.553 55 INFO eventlet.wsgi.server [-] 169.254.169.254, "GET / HTTP/1.1" status: 404 len: 176 time: 0.0014794
2026-05-12 17:19:22.545 55 ERROR neutron.agent.ovn.metadata.server [-] No port found in network None with IP address 169.254.169.254
2026-05-12 17:19:22.546 55 INFO eventlet.wsgi.server [-] 169.254.169.254, "GET / HTTP/1.1" status: 404 len: 176 time: 0.0007398
2026-05-12 17:22:32.543 54 ERROR neutron.agent.ovn.metadata.server [-] No port found in network None with IP address 169.254.169.254
2026-05-12 17:22:32.544 54 INFO eventlet.wsgi.server [-] 169.254.169.254, "GET / HTTP/1.1" status: 404 len: 176 time: 0.0007713
2026-05-12 17:23:23.457 46 INFO neutron.agent.ovn.metadata.agent [-] Port 8b2af3b0-caa6-4eef-9161-a8085ab5d377 in datapath 8523a8ce-412f-40e6-b46c-9b673ec9f5d8 bound to our chassis
2026-05-12 17:23:32.573 55 ERROR neutron.agent.ovn.metadata.server [-] No port found in network None with IP address 169.254.169.254
2026-05-12 17:23:32.573 55 INFO eventlet.wsgi.server [-] 169.254.169.254, "GET / HTTP/1.1" status: 404 len: 176 time: 0.0010448
2026-05-12 17:25:42.575 55 ERROR neutron.agent.ovn.metadata.server [-] No port found in network None with IP address 169.254.169.254
2026-05-12 17:25:42.576 55 INFO eventlet.wsgi.server [-] 169.254.169.254, "GET / HTTP/1.1" status: 404 len: 176 time: 0.0018663
2026-05-12 17:25:54.595 46 INFO oslo_rootwrap.client [-] Rootwrap daemon process exit with status: 0
2026-05-12 17:28:52.575 55 ERROR neutron.agent.ovn.metadata.server [-] No port found in network None with IP address 169.254.169.254
2026-05-12 17:28:52.576 55 INFO eventlet.wsgi.server [-] 169.254.169.254, "GET / HTTP/1.1" status: 404 len: 176 time: 0.0016620
2026-05-12 17:32:02.560 54 ERROR neutron.agent.ovn.metadata.server [-] No port found in network None with IP address 169.254.169.254
2026-05-12 17:32:02.560 54 INFO eventlet.wsgi.server [-] 169.254.169.254, "GET / HTTP/1.1" status: 404 len: 176 time: 0.0011513
2026-05-12 17:33:32.558 54 ERROR neutron.agent.ovn.metadata.server [-] No port found in network None with IP address 169.254.169.254
2026-05-12 17:33:32.559 54 INFO eventlet.wsgi.server [-] 169.254.169.254, "GET / HTTP/1.1" status: 404 len: 176 time: 0.0008726
2026-05-12 17:35:12.648 55 ERROR neutron.agent.ovn.metadata.server [-] No port found in network None with IP address 169.254.169.254
2026-05-12 17:35:12.648 55 INFO eventlet.wsgi.server [-] 169.254.169.254, "GET / HTTP/1.1" status: 404 len: 176 time: 0.0011048
2026-05-12 17:38:13.435 46 WARNING neutron.agent.ovn.metadata.agent [-] Removing non-external type port 95dc1bf4-e288-4d44-81e4-468df866aa7e with type "chassisredirect"
2026-05-12 17:38:14.234 46 WARNING neutron.agent.ovn.metadata.agent [-] Removing non-external type port cfe54d22-b817-4fa3-bb90-fbc1573bed44 with type "chassisredirect"
2026-05-12 17:38:15.620 46 INFO neutron.agent.ovn.metadata.agent [-] Port 9a293644-f910-4c89-92a2-e5960a0b41d1 in datapath 65c47c59-2fae-4682-89af-fcca2b8f67ea bound to our chassis
2026-05-12 17:38:15.622 46 INFO neutron.agent.ovn.metadata.agent [-] Provisioning metadata for network 65c47c59-2fae-4682-89af-fcca2b8f67ea
2026-05-12 17:38:15.917 46 WARNING oslo_rootwrap.client [-] Leaving behind already spawned process with pid 125, root should kill it if it's still there (I can't)
2026-05-12 17:38:16.187 46 INFO oslo_rootwrap.client [-] Spawned new rootwrap daemon process with pid=226
2026-05-12 17:38:16.229 46 INFO neutron.agent.ovn.metadata.agent [-] Port 9efbfca2-833b-426d-a70f-fcacf885503e in datapath 2a505145-79e1-45a6-8b65-c7ce1a1925c5 bound to our chassis
2026-05-12 17:38:16.231 46 INFO neutron.agent.ovn.metadata.agent [-] Provisioning metadata for network 2a505145-79e1-45a6-8b65-c7ce1a1925c5
2026-05-12 17:38:22.314 46 INFO neutron.agent.ovn.metadata.agent [-] Port 9a293644-f910-4c89-92a2-e5960a0b41d1 in datapath 65c47c59-2fae-4682-89af-fcca2b8f67ea unbound from our chassis
2026-05-12 17:38:22.317 46 INFO neutron.agent.ovn.metadata.agent [-] Cleaning up ovnmeta-65c47c59-2fae-4682-89af-fcca2b8f67ea namespace which is not needed anymore
2026-05-12 17:38:22.567 55 ERROR neutron.agent.ovn.metadata.server [-] No port found in network None with IP address 169.254.169.254
2026-05-12 17:38:22.573 55 INFO eventlet.wsgi.server [-] 169.254.169.254, "GET / HTTP/1.1" status: 404 len: 176 time: 0.0075774
2026-05-12 17:38:26.904 46 WARNING neutron.agent.ovn.metadata.agent [-] Removing non-external type port f6110b7d-be17-43db-b5b6-e86089da52d9 with type "chassisredirect"
2026-05-12 17:38:34.747 55 INFO eventlet.wsgi.server [-] 10.100.0.11, "GET /2009-04-04/meta-data/instance-id HTTP/1.1" status: 200 len: 146 time: 1.1635516
2026-05-12 17:38:34.782 54 INFO eventlet.wsgi.server [-] 10.100.0.11, "GET /2009-04-04/meta-data/public-keys HTTP/1.1" status: 200 len: 164 time: 0.0223253
2026-05-12 17:38:34.799 54 INFO eventlet.wsgi.server [-] 10.100.0.11, "GET /2009-04-04/meta-data/public-keys/0/openssh-key HTTP/1.1" status: 200 len: 341 time: 0.0105901
2026-05-12 17:38:34.815 54 INFO eventlet.wsgi.server [-] 10.100.0.11, "GET /2009-04-04/meta-data/instance-id HTTP/1.1" status: 200 len: 146 time: 0.0090048
2026-05-12 17:38:34.830 54 INFO eventlet.wsgi.server [-] 10.100.0.11, "GET /2009-04-04/meta-data/ami-launch-index HTTP/1.1" status: 200 len: 136 time: 0.0086865
2026-05-12 17:38:34.849 54 INFO eventlet.wsgi.server [-] 10.100.0.11, "GET /2009-04-04/meta-data/instance-type HTTP/1.1" status: 200 len: 142 time: 0.0135648
2026-05-12 17:38:34.860 54 INFO eventlet.wsgi.server [-] 10.100.0.11, "GET /2009-04-04/meta-data/local-ipv4 HTTP/1.1" status: 200 len: 147 time: 0.0077138
2026-05-12 17:38:34.876 55 INFO eventlet.wsgi.server [-] 10.100.0.11, "GET /2009-04-04/meta-data/public-ipv4 HTTP/1.1" status: 200 len: 149 time: 0.0083032
2026-05-12 17:38:34.886 55 INFO eventlet.wsgi.server [-] 10.100.0.11, "GET /2009-04-04/meta-data/hostname HTTP/1.1" status: 200 len: 200 time: 0.0055728
2026-05-12 17:38:34.899 55 INFO eventlet.wsgi.server [-] 10.100.0.11, "GET /2009-04-04/meta-data/local-hostname HTTP/1.1" status: 200 len: 200 time: 0.0081780
2026-05-12 17:38:34.909 55 INFO eventlet.wsgi.server [-] 10.100.0.11, "GET /2009-04-04/user-data HTTP/1.1" status: 200 len: 231 time: 0.0054741
2026-05-12 17:38:34.948 54 INFO eventlet.wsgi.server [-] 10.100.0.11, "GET /2009-04-04/meta-data/block-device-mapping HTTP/1.1" status: 200 len: 143 time: 0.0105057
2026-05-12 17:38:34.965 54 INFO eventlet.wsgi.server [-] 10.100.0.11, "GET /2009-04-04/meta-data/block-device-mapping/ami HTTP/1.1" status: 200 len: 138 time: 0.0101161
2026-05-12 17:38:34.977 54 INFO eventlet.wsgi.server [-] 10.100.0.11, "GET /2009-04-04/meta-data/block-device-mapping/root HTTP/1.1" status: 200 len: 143 time: 0.0083084
2026-05-12 17:38:34.995 55 INFO eventlet.wsgi.server [-] 10.100.0.11, "GET /2009-04-04/meta-data/public-hostname HTTP/1.1" status: 200 len: 200 time: 0.0089951
2026-05-12 17:38:35.007 55 INFO eventlet.wsgi.server [-] 10.100.0.11, "GET /2009-04-04/meta-data/placement/availability-zone HTTP/1.1" status: 200 len: 139 time: 0.0066037
2026-05-12 17:38:35.519 46 INFO neutron.agent.ovn.metadata.agent [-] Port a67cfcd4-17b7-4056-8193-065bc0e3bb31 in datapath 5bee40ab-adef-47fa-bb3d-ac459e71bf9a bound to our chassis
2026-05-12 17:38:35.521 46 INFO neutron.agent.ovn.metadata.agent [-] Provisioning metadata for network 5bee40ab-adef-47fa-bb3d-ac459e71bf9a
2026-05-12 17:38:40.490 46 INFO neutron.agent.ovn.metadata.agent [-] Port 5662bfce-7af6-4150-acda-284cba8e60b4 in datapath 7f900d43-1662-497b-864a-ef4825ab952e bound to our chassis
2026-05-12 17:38:40.493 46 INFO neutron.agent.ovn.metadata.agent [-] Provisioning metadata for network 7f900d43-1662-497b-864a-ef4825ab952e
2026-05-12 17:38:44.681 46 INFO neutron.agent.ovn.metadata.agent [-] Port 9efbfca2-833b-426d-a70f-fcacf885503e in datapath 2a505145-79e1-45a6-8b65-c7ce1a1925c5 unbound from our chassis
2026-05-12 17:38:44.684 46 INFO neutron.agent.ovn.metadata.agent [-] Cleaning up ovnmeta-2a505145-79e1-45a6-8b65-c7ce1a1925c5 namespace which is not needed anymore
2026-05-12 17:38:45.394 46 INFO neutron.agent.ovn.metadata.agent [-] Port a67cfcd4-17b7-4056-8193-065bc0e3bb31 in datapath 5bee40ab-adef-47fa-bb3d-ac459e71bf9a unbound from our chassis
2026-05-12 17:38:45.397 46 INFO neutron.agent.ovn.metadata.agent [-] Cleaning up ovnmeta-5bee40ab-adef-47fa-bb3d-ac459e71bf9a namespace which is not needed anymore
2026-05-12 17:38:50.141 46 WARNING neutron.agent.ovn.metadata.agent [-] Removing non-external type port 889e0e5d-134a-4aec-9459-bc748c282abc with type "chassisredirect"
2026-05-12 17:38:50.904 46 WARNING neutron.agent.ovn.metadata.agent [-] Removing non-external type port f763f60e-a04d-4d14-bada-07cfa7fd13fa with type "chassisredirect"
2026-05-12 17:38:53.697 55 INFO eventlet.wsgi.server [-] 10.100.0.6, "GET /2009-04-04/meta-data/instance-id HTTP/1.1" status: 200 len: 146 time: 0.1539505
2026-05-12 17:38:53.722 55 INFO eventlet.wsgi.server [-] 10.100.0.6, "GET /2009-04-04/meta-data/public-keys HTTP/1.1" status: 200 len: 164 time: 0.0119562
2026-05-12 17:38:53.736 55 INFO eventlet.wsgi.server [-] 10.100.0.6, "GET /2009-04-04/meta-data/public-keys/0/openssh-key HTTP/1.1" status: 200 len: 341 time: 0.0095685
2026-05-12 17:38:53.754 54 INFO eventlet.wsgi.server [-] 10.100.0.6, "GET /2009-04-04/meta-data/instance-id HTTP/1.1" status: 200 len: 146 time: 0.0082512
2026-05-12 17:38:53.770 54 INFO eventlet.wsgi.server [-] 10.100.0.6, "GET /2009-04-04/meta-data/ami-launch-index HTTP/1.1" status: 200 len: 136 time: 0.0114334
2026-05-12 17:38:53.787 54 INFO eventlet.wsgi.server [-] 10.100.0.6, "GET /2009-04-04/meta-data/instance-type HTTP/1.1" status: 200 len: 142 time: 0.0086348
2026-05-12 17:38:53.804 54 INFO eventlet.wsgi.server [-] 10.100.0.6, "GET /2009-04-04/meta-data/local-ipv4 HTTP/1.1" status: 200 len: 146 time: 0.0102193
2026-05-12 17:38:53.819 54 INFO eventlet.wsgi.server [-] 10.100.0.6, "GET /2009-04-04/meta-data/public-ipv4 HTTP/1.1" status: 200 len: 149 time: 0.0080938
2026-05-12 17:38:53.841 54 INFO eventlet.wsgi.server [-] 10.100.0.6, "GET /2009-04-04/meta-data/hostname HTTP/1.1" status: 200 len: 192 time: 0.0109456
2026-05-12 17:38:53.858 54 INFO eventlet.wsgi.server [-] 10.100.0.6, "GET /2009-04-04/meta-data/local-hostname HTTP/1.1" status: 200 len: 192 time: 0.0080395
2026-05-12 17:38:53.877 55 INFO eventlet.wsgi.server [-] 10.100.0.6, "GET /2009-04-04/user-data HTTP/1.1" status: 200 len: 231 time: 0.0104709
2026-05-12 17:38:53.930 54 INFO eventlet.wsgi.server [-] 10.100.0.6, "GET /2009-04-04/meta-data/block-device-mapping HTTP/1.1" status: 200 len: 143 time: 0.0122623
2026-05-12 17:38:53.945 54 INFO eventlet.wsgi.server [-] 10.100.0.6, "GET /2009-04-04/meta-data/block-device-mapping/ami HTTP/1.1" status: 200 len: 138 time: 0.0086782
2026-05-12 17:38:53.959 54 INFO eventlet.wsgi.server [-] 10.100.0.6, "GET /2009-04-04/meta-data/block-device-mapping/root HTTP/1.1" status: 200 len: 143 time: 0.0092080
2026-05-12 17:38:53.977 54 INFO eventlet.wsgi.server [-] 10.100.0.6, "GET /2009-04-04/meta-data/public-hostname HTTP/1.1" status: 200 len: 192 time: 0.0093660
2026-05-12 17:38:54.000 55 INFO eventlet.wsgi.server [-] 10.100.0.6, "GET /2009-04-04/meta-data/placement/availability-zone HTTP/1.1" status: 200 len: 139 time: 0.0135846
2026-05-12 17:39:01.509 46 INFO neutron.agent.ovn.metadata.agent [-] Port 5662bfce-7af6-4150-acda-284cba8e60b4 in datapath 7f900d43-1662-497b-864a-ef4825ab952e unbound from our chassis
2026-05-12 17:39:01.512 46 INFO neutron.agent.ovn.metadata.agent [-] Cleaning up ovnmeta-7f900d43-1662-497b-864a-ef4825ab952e namespace which is not needed anymore
2026-05-12 17:39:02.051 46 INFO neutron.agent.ovn.metadata.agent [-] Port 5662bfce-7af6-4150-acda-284cba8e60b4 in datapath 7f900d43-1662-497b-864a-ef4825ab952e bound to our chassis
2026-05-12 17:39:02.052 46 INFO neutron.agent.ovn.metadata.agent [-] Provisioning metadata for network 7f900d43-1662-497b-864a-ef4825ab952e
2026-05-12 17:39:05.965 46 INFO neutron.agent.ovn.metadata.agent [-] Port 65632868-0c42-441b-9d5f-bb72edda9eef in datapath cc125df7-3678-4f7a-91f1-6d97d0e01599 bound to our chassis
2026-05-12 17:39:05.967 46 INFO neutron.agent.ovn.metadata.agent [-] Provisioning metadata for network cc125df7-3678-4f7a-91f1-6d97d0e01599
2026-05-12 17:39:09.344 46 INFO neutron.agent.ovn.metadata.agent [-] Port 65632868-0c42-441b-9d5f-bb72edda9eef in datapath cc125df7-3678-4f7a-91f1-6d97d0e01599 unbound from our chassis
2026-05-12 17:39:09.347 46 INFO neutron.agent.ovn.metadata.agent [-] Cleaning up ovnmeta-cc125df7-3678-4f7a-91f1-6d97d0e01599 namespace which is not needed anymore
2026-05-12 17:39:14.128 46 WARNING neutron.agent.ovn.metadata.agent [-] Removing non-external type port 33320cd5-8295-44a9-9202-9fdc678433fa with type "chassisredirect"
2026-05-12 17:39:15.857 55 INFO eventlet.wsgi.server [-] 10.100.0.6, "GET /2009-04-04/meta-data/instance-id HTTP/1.1" status: 200 len: 146 time: 1.1719468
2026-05-12 17:39:15.883 55 INFO eventlet.wsgi.server [-] 10.100.0.6, "GET /2009-04-04/meta-data/public-keys HTTP/1.1" status: 200 len: 164 time: 0.0135381
2026-05-12 17:39:15.898 55 INFO eventlet.wsgi.server [-] 10.100.0.6, "GET /2009-04-04/meta-data/public-keys/0/openssh-key HTTP/1.1" status: 200 len: 341 time: 0.0104170
2026-05-12 17:39:15.911 55 INFO eventlet.wsgi.server [-] 10.100.0.6, "GET /2009-04-04/meta-data/instance-id HTTP/1.1" status: 200 len: 146 time: 0.0069742
2026-05-12 17:39:15.923 55 INFO eventlet.wsgi.server [-] 10.100.0.6, "GET /2009-04-04/meta-data/ami-launch-index HTTP/1.1" status: 200 len: 136 time: 0.0070941
2026-05-12 17:39:15.936 55 INFO eventlet.wsgi.server [-] 10.100.0.6, "GET /2009-04-04/meta-data/instance-type HTTP/1.1" status: 200 len: 142 time: 0.0069835
2026-05-12 17:39:15.950 55 INFO eventlet.wsgi.server [-] 10.100.0.6, "GET /2009-04-04/meta-data/local-ipv4 HTTP/1.1" status: 200 len: 146 time: 0.0085068
2026-05-12 17:39:15.964 55 INFO eventlet.wsgi.server [-] 10.100.0.6, "GET /2009-04-04/meta-data/public-ipv4 HTTP/1.1" status: 200 len: 149 time: 0.0079365
2026-05-12 17:39:15.974 55 INFO eventlet.wsgi.server [-] 10.100.0.6, "GET /2009-04-04/meta-data/hostname HTTP/1.1" status: 200 len: 192 time: 0.0062416
2026-05-12 17:39:15.990 55 INFO eventlet.wsgi.server [-] 10.100.0.6, "GET /2009-04-04/meta-data/local-hostname HTTP/1.1" status: 200 len: 192 time: 0.0106156
2026-05-12 17:39:16.005 55 INFO eventlet.wsgi.server [-] 10.100.0.6, "GET /2009-04-04/user-data HTTP/1.1" status: 200 len: 231 time: 0.0074363
2026-05-12 17:39:16.053 55 INFO eventlet.wsgi.server [-] 10.100.0.6, "GET /2009-04-04/meta-data/block-device-mapping HTTP/1.1" status: 200 len: 143 time: 0.0111578
2026-05-12 17:39:16.069 55 INFO eventlet.wsgi.server [-] 10.100.0.6, "GET /2009-04-04/meta-data/block-device-mapping/ami HTTP/1.1" status: 200 len: 138 time: 0.0126345
2026-05-12 17:39:16.083 55 INFO eventlet.wsgi.server [-] 10.100.0.6, "GET /2009-04-04/meta-data/block-device-mapping/root HTTP/1.1" status: 200 len: 143 time: 0.0096691
2026-05-12 17:39:16.098 54 INFO eventlet.wsgi.server [-] 10.100.0.6, "GET /2009-04-04/meta-data/public-hostname HTTP/1.1" status: 200 len: 192 time: 0.0089533
2026-05-12 17:39:16.112 54 INFO eventlet.wsgi.server [-] 10.100.0.6, "GET /2009-04-04/meta-data/placement/availability-zone HTTP/1.1" status: 200 len: 139 time: 0.0083811
2026-05-12 17:39:19.108 46 INFO neutron.agent.ovn.metadata.agent [-] Port 5662bfce-7af6-4150-acda-284cba8e60b4 in datapath 7f900d43-1662-497b-864a-ef4825ab952e unbound from our chassis
2026-05-12 17:39:19.111 46 INFO neutron.agent.ovn.metadata.agent [-] Cleaning up ovnmeta-7f900d43-1662-497b-864a-ef4825ab952e namespace which is not needed anymore
2026-05-12 17:39:26.430 46 WARNING neutron.agent.ovn.metadata.agent [-] Removing non-external type port 090cf8ce-1dc0-4f05-acac-806a45295ab8 with type "chassisredirect"
2026-05-12 17:39:28.778 46 INFO neutron.agent.ovn.metadata.agent [-] Port 3efe766f-8b72-4ae2-8d2e-9cbbf93801a7 in datapath a590482d-3300-426e-8a4d-df9155d12454 bound to our chassis
2026-05-12 17:39:28.779 46 INFO neutron.agent.ovn.metadata.agent [-] Provisioning metadata for network a590482d-3300-426e-8a4d-df9155d12454
2026-05-12 17:39:34.835 46 INFO neutron.agent.ovn.metadata.agent [-] Port 3efe766f-8b72-4ae2-8d2e-9cbbf93801a7 in datapath a590482d-3300-426e-8a4d-df9155d12454 unbound from our chassis
2026-05-12 17:39:34.839 46 INFO neutron.agent.ovn.metadata.agent [-] Cleaning up ovnmeta-a590482d-3300-426e-8a4d-df9155d12454 namespace which is not needed anymore
2026-05-12 17:39:35.465 46 INFO neutron.agent.ovn.metadata.agent [-] Port 0b5ebff4-52aa-4801-8551-f5b33c7f2a5a in datapath 955fd82c-1fbb-4100-b8e7-91c6776d1a11 bound to our chassis
2026-05-12 17:39:35.466 46 INFO neutron.agent.ovn.metadata.agent [-] Provisioning metadata for network 955fd82c-1fbb-4100-b8e7-91c6776d1a11
2026-05-12 17:39:37.656 46 WARNING neutron.agent.ovn.metadata.agent [-] Removing non-external type port 2338ffc1-f34b-4b50-b592-66cc5f0ea2a3 with type "chassisredirect"
2026-05-12 17:39:38.275 46 INFO neutron.agent.ovn.metadata.agent [-] Port 0b5ebff4-52aa-4801-8551-f5b33c7f2a5a in datapath 955fd82c-1fbb-4100-b8e7-91c6776d1a11 unbound from our chassis
2026-05-12 17:39:38.278 46 INFO neutron.agent.ovn.metadata.agent [-] Cleaning up ovnmeta-955fd82c-1fbb-4100-b8e7-91c6776d1a11 namespace which is not needed anymore
2026-05-12 17:39:42.375 46 WARNING neutron.agent.ovn.metadata.agent [-] Removing non-external type port 1854ba4b-5adf-4299-89f0-9677cff9af48 with type "chassisredirect"
2026-05-12 17:41:18.518 46 INFO neutron.agent.ovn.metadata.agent [-] Port 3548de99-08ba-4bc4-addf-958b5083e0b1 in datapath 57a3e3aa-d4bc-47de-a24a-553f081fa37f bound to our chassis
2026-05-12 17:41:18.520 46 INFO neutron.agent.ovn.metadata.agent [-] Provisioning metadata for network 57a3e3aa-d4bc-47de-a24a-553f081fa37f
2026-05-12 17:41:25.398 46 INFO neutron.agent.ovn.metadata.agent [-] Port 89e1f352-e2f6-4a46-8036-01842fc99217 in datapath c877fa1a-14bd-455a-9c0e-6bfe56d5ab6c bound to our chassis
2026-05-12 17:41:25.400 46 INFO neutron.agent.ovn.metadata.agent [-] Provisioning metadata for network c877fa1a-14bd-455a-9c0e-6bfe56d5ab6c
2026-05-12 17:41:31.037 46 INFO neutron.agent.ovn.metadata.agent [-] Port b86290c1-5c0d-4e42-9b23-fe70b1c6ee51 in datapath b10c69b1-cd6b-436c-9b88-cd8214b35b61 bound to our chassis
2026-05-12 17:41:31.047 46 INFO neutron.agent.ovn.metadata.agent [-] Provisioning metadata for network b10c69b1-cd6b-436c-9b88-cd8214b35b61
2026-05-12 17:41:32.597 55 ERROR neutron.agent.ovn.metadata.server [-] No port found in network None with IP address 169.254.169.254
2026-05-12 17:41:32.598 55 INFO eventlet.wsgi.server [-] 169.254.169.254, "GET / HTTP/1.1" status: 404 len: 176 time: 0.0035982
2026-05-12 17:41:33.278 46 INFO neutron.agent.ovn.metadata.agent [-] Port bc11ca66-7277-48b4-ba80-82b5f8b83e90 in datapath 87d63877-e501-4bb8-9bb6-c32613fdf5bd bound to our chassis
2026-05-12 17:41:33.280 46 INFO neutron.agent.ovn.metadata.agent [-] Provisioning metadata for network 87d63877-e501-4bb8-9bb6-c32613fdf5bd
2026-05-12 17:41:34.328 54 INFO eventlet.wsgi.server [-] 10.2.1.31, "GET /2009-04-04/meta-data/instance-id HTTP/1.1" status: 200 len: 146 time: 0.2075014
2026-05-12 17:41:34.356 54 INFO eventlet.wsgi.server [-] 10.2.1.31, "GET /2009-04-04/meta-data/public-keys HTTP/1.1" status: 200 len: 174 time: 0.0164027
2026-05-12 17:41:34.379 54 INFO eventlet.wsgi.server [-] 10.2.1.31, "GET /2009-04-04/meta-data/public-keys/0/openssh-key HTTP/1.1" status: 200 len: 341 time: 0.0152831
2026-05-12 17:41:34.394 54 INFO eventlet.wsgi.server [-] 10.2.1.31, "GET /2009-04-04/meta-data/instance-id HTTP/1.1" status: 200 len: 146 time: 0.0094049
2026-05-12 17:41:34.417 55 INFO eventlet.wsgi.server [-] 10.2.1.31, "GET /2009-04-04/meta-data/ami-launch-index HTTP/1.1" status: 200 len: 136 time: 0.0121758
2026-05-12 17:41:34.447 54 INFO eventlet.wsgi.server [-] 10.2.1.31, "GET /2009-04-04/meta-data/instance-type HTTP/1.1" status: 200 len: 142 time: 0.0235207
2026-05-12 17:41:34.468 55 INFO eventlet.wsgi.server [-] 10.2.1.31, "GET /2009-04-04/meta-data/local-ipv4 HTTP/1.1" status: 200 len: 144 time: 0.0104470
2026-05-12 17:41:34.494 55 INFO eventlet.wsgi.server [-] 10.2.1.31, "GET /2009-04-04/meta-data/public-ipv4 HTTP/1.1" status: 200 len: 149 time: 0.0152323
2026-05-12 17:41:34.509 55 INFO eventlet.wsgi.server [-] 10.2.1.31, "GET /2009-04-04/meta-data/hostname HTTP/1.1" status: 200 len: 185 time: 0.0100498
2026-05-12 17:41:34.522 55 INFO eventlet.wsgi.server [-] 10.2.1.31, "GET /2009-04-04/meta-data/local-hostname HTTP/1.1" status: 200 len: 185 time: 0.0072401
2026-05-12 17:41:34.541 54 INFO eventlet.wsgi.server [-] 10.2.1.31, "GET /2009-04-04/user-data HTTP/1.1" status: 404 len: 297 time: 0.0145199
2026-05-12 17:41:34.589 55 INFO eventlet.wsgi.server [-] 10.2.1.31, "GET /2009-04-04/meta-data/block-device-mapping HTTP/1.1" status: 200 len: 143 time: 0.0110204
2026-05-12 17:41:34.605 55 INFO eventlet.wsgi.server [-] 10.2.1.31, "GET /2009-04-04/meta-data/block-device-mapping/ami HTTP/1.1" status: 200 len: 138 time: 0.0087793
2026-05-12 17:41:34.619 54 INFO eventlet.wsgi.server [-] 10.2.1.31, "GET /2009-04-04/meta-data/block-device-mapping/root HTTP/1.1" status: 200 len: 143 time: 0.0090544
2026-05-12 17:41:34.639 54 INFO eventlet.wsgi.server [-] 10.2.1.31, "GET /2009-04-04/meta-data/public-hostname HTTP/1.1" status: 200 len: 185 time: 0.0119400
2026-05-12 17:41:34.658 54 INFO eventlet.wsgi.server [-] 10.2.1.31, "GET /2009-04-04/meta-data/placement/availability-zone HTTP/1.1" status: 200 len: 139 time: 0.0131121
2026-05-12 17:41:39.049 54 INFO eventlet.wsgi.server [-] 10.100.0.6, "GET /2009-04-04/meta-data/instance-id HTTP/1.1" status: 200 len: 146 time: 0.1317399
2026-05-12 17:41:39.069 54 INFO eventlet.wsgi.server [-] 10.100.0.6, "GET /2009-04-04/meta-data/public-keys HTTP/1.1" status: 200 len: 176 time: 0.0107818
2026-05-12 17:41:39.091 55 INFO eventlet.wsgi.server [-] 10.100.0.6, "GET /2009-04-04/meta-data/public-keys/0/openssh-key HTTP/1.1" status: 200 len: 341 time: 0.0137544
2026-05-12 17:41:39.112 55 INFO eventlet.wsgi.server [-] 10.100.0.6, "GET /2009-04-04/meta-data/instance-id HTTP/1.1" status: 200 len: 146 time: 0.0143111
2026-05-12 17:41:39.132 55 INFO eventlet.wsgi.server [-] 10.100.0.6, "GET /2009-04-04/meta-data/ami-launch-index HTTP/1.1" status: 200 len: 136 time: 0.0128222
2026-05-12 17:41:39.152 54 INFO eventlet.wsgi.server [-] 10.100.0.6, "GET /2009-04-04/meta-data/instance-type HTTP/1.1" status: 200 len: 142 time: 0.0110326
2026-05-12 17:41:39.172 55 INFO eventlet.wsgi.server [-] 10.100.0.6, "GET /2009-04-04/meta-data/local-ipv4 HTTP/1.1" status: 200 len: 146 time: 0.0110884
2026-05-12 17:41:39.188 55 INFO eventlet.wsgi.server [-] 10.100.0.6, "GET /2009-04-04/meta-data/public-ipv4 HTTP/1.1" status: 200 len: 149 time: 0.0102589
2026-05-12 17:41:39.203 55 INFO eventlet.wsgi.server [-] 10.100.0.6, "GET /2009-04-04/meta-data/hostname HTTP/1.1" status: 200 len: 191 time: 0.0085580
2026-05-12 17:41:39.220 55 INFO eventlet.wsgi.server [-] 10.100.0.6, "GET /2009-04-04/meta-data/local-hostname HTTP/1.1" status: 200 len: 191 time: 0.0114377
2026-05-12 17:41:39.243 55 INFO eventlet.wsgi.server [-] 10.100.0.6, "GET /2009-04-04/user-data HTTP/1.1" status: 404 len: 297 time: 0.0130441
2026-05-12 17:41:39.277 54 INFO eventlet.wsgi.server [-] 10.100.0.6, "GET /2009-04-04/meta-data/block-device-mapping HTTP/1.1" status: 200 len: 143 time: 0.0120759
2026-05-12 17:41:39.292 54 INFO eventlet.wsgi.server [-] 10.100.0.6, "GET /2009-04-04/meta-data/block-device-mapping/ami HTTP/1.1" status: 200 len: 138 time: 0.0108790
2026-05-12 17:41:39.309 55 INFO eventlet.wsgi.server [-] 10.100.0.6, "GET /2009-04-04/meta-data/block-device-mapping/root HTTP/1.1" status: 200 len: 143 time: 0.0124421
2026-05-12 17:41:39.328 55 INFO eventlet.wsgi.server [-] 10.100.0.6, "GET /2009-04-04/meta-data/public-hostname HTTP/1.1" status: 200 len: 191 time: 0.0111921
2026-05-12 17:41:39.346 55 INFO eventlet.wsgi.server [-] 10.100.0.6, "GET /2009-04-04/meta-data/placement/availability-zone HTTP/1.1" status: 200 len: 139 time: 0.0103061
2026-05-12 17:41:44.825 55 INFO eventlet.wsgi.server [-] 10.2.2.169, "GET /2009-04-04/meta-data/instance-id HTTP/1.1" status: 200 len: 146 time: 0.1250622
2026-05-12 17:41:44.848 55 INFO eventlet.wsgi.server [-] 10.2.2.169, "GET /2009-04-04/meta-data/public-keys HTTP/1.1" status: 200 len: 174 time: 0.0124578
2026-05-12 17:41:44.861 55 INFO eventlet.wsgi.server [-] 10.2.2.169, "GET /2009-04-04/meta-data/public-keys/0/openssh-key HTTP/1.1" status: 200 len: 341 time: 0.0086625
2026-05-12 17:41:44.879 55 INFO eventlet.wsgi.server [-] 10.2.2.169, "GET /2009-04-04/meta-data/instance-id HTTP/1.1" status: 200 len: 146 time: 0.0127697
2026-05-12 17:41:44.897 55 INFO eventlet.wsgi.server [-] 10.2.2.169, "GET /2009-04-04/meta-data/ami-launch-index HTTP/1.1" status: 200 len: 136 time: 0.0101988
2026-05-12 17:41:44.916 54 INFO eventlet.wsgi.server [-] 10.2.2.169, "GET /2009-04-04/meta-data/instance-type HTTP/1.1" status: 200 len: 142 time: 0.0104277
2026-05-12 17:41:44.932 54 INFO eventlet.wsgi.server [-] 10.2.2.169, "GET /2009-04-04/meta-data/local-ipv4 HTTP/1.1" status: 200 len: 146 time: 0.0107241
2026-05-12 17:41:44.950 54 INFO eventlet.wsgi.server [-] 10.2.2.169, "GET /2009-04-04/meta-data/public-ipv4 HTTP/1.1" status: 200 len: 149 time: 0.0117185
2026-05-12 17:41:44.969 54 INFO eventlet.wsgi.server [-] 10.2.2.169, "GET /2009-04-04/meta-data/hostname HTTP/1.1" status: 200 len: 184 time: 0.0128021
2026-05-12 17:41:44.996 54 INFO eventlet.wsgi.server [-] 10.2.2.169, "GET /2009-04-04/meta-data/local-hostname HTTP/1.1" status: 200 len: 184 time: 0.0174685
2026-05-12 17:41:45.018 54 INFO eventlet.wsgi.server [-] 10.2.2.169, "GET /2009-04-04/user-data HTTP/1.1" status: 404 len: 297 time: 0.0139914
2026-05-12 17:41:45.063 54 INFO eventlet.wsgi.server [-] 10.2.2.169, "GET /2009-04-04/meta-data/block-device-mapping HTTP/1.1" status: 200 len: 143 time: 0.0133264
2026-05-12 17:41:45.081 54 INFO eventlet.wsgi.server [-] 10.2.2.169, "GET /2009-04-04/meta-data/block-device-mapping/ami HTTP/1.1" status: 200 len: 138 time: 0.0115955
2026-05-12 17:41:45.097 55 INFO eventlet.wsgi.server [-] 10.2.2.169, "GET /2009-04-04/meta-data/block-device-mapping/root HTTP/1.1" status: 200 len: 143 time: 0.0111544
2026-05-12 17:41:45.112 55 INFO eventlet.wsgi.server [-] 10.2.2.169, "GET /2009-04-04/meta-data/public-hostname HTTP/1.1" status: 200 len: 184 time: 0.0089998
2026-05-12 17:41:45.130 55 INFO eventlet.wsgi.server [-] 10.2.2.169, "GET /2009-04-04/meta-data/placement/availability-zone HTTP/1.1" status: 200 len: 139 time: 0.0130146
2026-05-12 17:41:47.037 46 INFO neutron.agent.ovn.metadata.agent [-] Port 95d4953b-b062-4b93-a298-70418833f8e1 in datapath c877fa1a-14bd-455a-9c0e-6bfe56d5ab6c bound to our chassis
2026-05-12 17:41:47.040 46 INFO neutron.agent.ovn.metadata.agent [-] Provisioning metadata for network c877fa1a-14bd-455a-9c0e-6bfe56d5ab6c
2026-05-12 17:41:52.218 54 INFO eventlet.wsgi.server [-] 10.100.0.5, "GET /latest/meta-data/public-ipv4 HTTP/1.1" status: 200 len: 149 time: 0.1500325
2026-05-12 17:41:52.560 54 INFO eventlet.wsgi.server [-] 10.100.0.5, "POST /openstack/2013-10-17/password HTTP/1.1" status: 200 len: 134 time: 0.2138779
2026-05-12 17:41:54.355 46 INFO neutron.agent.ovn.metadata.agent [-] Port bc11ca66-7277-48b4-ba80-82b5f8b83e90 in datapath 87d63877-e501-4bb8-9bb6-c32613fdf5bd unbound from our chassis
2026-05-12 17:41:54.357 46 INFO neutron.agent.ovn.metadata.agent [-] Cleaning up ovnmeta-87d63877-e501-4bb8-9bb6-c32613fdf5bd namespace which is not needed anymore
2026-05-12 17:41:59.903 46 WARNING neutron.agent.ovn.metadata.agent [-] Removing non-external type port bfb87b95-147b-453d-868d-9e8c8f3ff3f1 with type "chassisredirect"
2026-05-12 17:42:01.065 55 INFO eventlet.wsgi.server [-] 10.100.0.7, "GET /2009-04-04/meta-data/instance-id HTTP/1.1" status: 200 len: 146 time: 0.1577852
2026-05-12 17:42:01.088 55 INFO eventlet.wsgi.server [-] 10.100.0.7, "GET /2009-04-04/meta-data/public-keys HTTP/1.1" status: 200 len: 176 time: 0.0126109
2026-05-12 17:42:01.106 55 INFO eventlet.wsgi.server [-] 10.100.0.7, "GET /2009-04-04/meta-data/public-keys/0/openssh-key HTTP/1.1" status: 200 len: 341 time: 0.0121467
2026-05-12 17:42:01.126 54 INFO eventlet.wsgi.server [-] 10.100.0.7, "GET /2009-04-04/meta-data/instance-id HTTP/1.1" status: 200 len: 146 time: 0.0106835
2026-05-12 17:42:01.145 54 INFO eventlet.wsgi.server [-] 10.100.0.7, "GET /2009-04-04/meta-data/ami-launch-index HTTP/1.1" status: 200 len: 136 time: 0.0111856
2026-05-12 17:42:01.162 54 INFO eventlet.wsgi.server [-] 10.100.0.7, "GET /2009-04-04/meta-data/instance-type HTTP/1.1" status: 200 len: 142 time: 0.0104940
2026-05-12 17:42:01.178 54 INFO eventlet.wsgi.server [-] 10.100.0.7, "GET /2009-04-04/meta-data/local-ipv4 HTTP/1.1" status: 200 len: 146 time: 0.0111849
2026-05-12 17:42:01.197 54 INFO eventlet.wsgi.server [-] 10.100.0.7, "GET /2009-04-04/meta-data/public-ipv4 HTTP/1.1" status: 200 len: 149 time: 0.0123649
2026-05-12 17:42:01.216 54 INFO eventlet.wsgi.server [-] 10.100.0.7, "GET /2009-04-04/meta-data/hostname HTTP/1.1" status: 200 len: 189 time: 0.0123751
2026-05-12 17:42:01.232 54 INFO eventlet.wsgi.server [-] 10.100.0.7, "GET /2009-04-04/meta-data/local-hostname HTTP/1.1" status: 200 len: 189 time: 0.0097513
2026-05-12 17:42:01.250 55 INFO eventlet.wsgi.server [-] 10.100.0.7, "GET /2009-04-04/user-data HTTP/1.1" status: 404 len: 297 time: 0.0123246
2026-05-12 17:42:01.275 54 INFO eventlet.wsgi.server [-] 10.100.0.7, "GET /2009-04-04/meta-data/block-device-mapping HTTP/1.1" status: 200 len: 143 time: 0.0117292
2026-05-12 17:42:01.290 54 INFO eventlet.wsgi.server [-] 10.100.0.7, "GET /2009-04-04/meta-data/block-device-mapping/ami HTTP/1.1" status: 200 len: 138 time: 0.0084853
2026-05-12 17:42:01.303 54 INFO eventlet.wsgi.server [-] 10.100.0.7, "GET /2009-04-04/meta-data/block-device-mapping/root HTTP/1.1" status: 200 len: 143 time: 0.0087941
2026-05-12 17:42:01.323 54 INFO eventlet.wsgi.server [-] 10.100.0.7, "GET /2009-04-04/meta-data/public-hostname HTTP/1.1" status: 200 len: 189 time: 0.0119925
2026-05-12 17:42:01.338 54 INFO eventlet.wsgi.server [-] 10.100.0.7, "GET /2009-04-04/meta-data/placement/availability-zone HTTP/1.1" status: 200 len: 139 time: 0.0083525
2026-05-12 17:42:02.898 46 WARNING neutron.agent.ovn.metadata.agent [-] Removing non-external type port 9da29463-e07f-423a-8064-c22c9d6d4c85 with type "chassisredirect"
2026-05-12 17:42:03.291 46 INFO neutron.agent.ovn.metadata.agent [-] Port 95d4953b-b062-4b93-a298-70418833f8e1 in datapath c877fa1a-14bd-455a-9c0e-6bfe56d5ab6c unbound from our chassis
2026-05-12 17:42:03.293 46 INFO neutron.agent.ovn.metadata.agent [-] Provisioning metadata for network c877fa1a-14bd-455a-9c0e-6bfe56d5ab6c
2026-05-12 17:42:06.597 46 INFO neutron.agent.ovn.metadata.agent [-] Port 89e1f352-e2f6-4a46-8036-01842fc99217 in datapath c877fa1a-14bd-455a-9c0e-6bfe56d5ab6c unbound from our chassis
2026-05-12 17:42:06.605 46 INFO neutron.agent.ovn.metadata.agent [-] Cleaning up ovnmeta-c877fa1a-14bd-455a-9c0e-6bfe56d5ab6c namespace which is not needed anymore
2026-05-12 17:42:10.062 46 INFO neutron.agent.ovn.metadata.agent [-] Port 4c8365ac-e2e0-4491-b2b4-bbb90b519011 in datapath 76026baa-4f3d-4d6f-b5c5-3b1010b49b67 bound to our chassis
2026-05-12 17:42:10.064 46 INFO neutron.agent.ovn.metadata.agent [-] Provisioning metadata for network 76026baa-4f3d-4d6f-b5c5-3b1010b49b67
2026-05-12 17:42:10.961 46 WARNING neutron.agent.ovn.metadata.agent [-] Removing non-external type port 61cef997-1089-40fd-805f-72c5e4270169 with type "chassisredirect"
2026-05-12 17:42:52.962 46 INFO neutron.agent.ovn.metadata.agent [-] Port 84ef38e1-7eaf-4e64-ae85-54c41f4b737f in datapath 25f82923-368d-4980-80bf-cf4907cc85cc bound to our chassis
2026-05-12 17:42:52.966 46 INFO neutron.agent.ovn.metadata.agent [-] Provisioning metadata for network 25f82923-368d-4980-80bf-cf4907cc85cc
2026-05-12 17:43:24.503 46 INFO neutron.agent.ovn.metadata.agent [-] Port cf125c2d-1785-49b9-9972-f4e577fc8060 in datapath 57a3e3aa-d4bc-47de-a24a-553f081fa37f bound to our chassis
2026-05-12 17:43:24.505 46 INFO neutron.agent.ovn.metadata.agent [-] Provisioning metadata for network 57a3e3aa-d4bc-47de-a24a-553f081fa37f
2026-05-12 17:43:32.554 55 ERROR neutron.agent.ovn.metadata.server [-] No port found in network None with IP address 169.254.169.254
2026-05-12 17:43:32.555 55 INFO eventlet.wsgi.server [-] 169.254.169.254, "GET / HTTP/1.1" status: 404 len: 176 time: 0.0034842
2026-05-12 17:43:35.320 46 INFO neutron.agent.ovn.metadata.agent [-] Port 5d450be0-817a-4ccc-9f74-5b54152cf082 in datapath b10c69b1-cd6b-436c-9b88-cd8214b35b61 bound to our chassis
2026-05-12 17:43:35.322 46 INFO neutron.agent.ovn.metadata.agent [-] Provisioning metadata for network b10c69b1-cd6b-436c-9b88-cd8214b35b61
2026-05-12 17:43:47.025 46 INFO neutron.agent.ovn.metadata.agent [-] Port 5d450be0-817a-4ccc-9f74-5b54152cf082 in datapath b10c69b1-cd6b-436c-9b88-cd8214b35b61 unbound from our chassis
2026-05-12 17:43:47.029 46 INFO neutron.agent.ovn.metadata.agent [-] Provisioning metadata for network b10c69b1-cd6b-436c-9b88-cd8214b35b61
2026-05-12 17:43:52.606 46 INFO neutron.agent.ovn.metadata.agent [-] Port cf125c2d-1785-49b9-9972-f4e577fc8060 in datapath 57a3e3aa-d4bc-47de-a24a-553f081fa37f unbound from our chassis
2026-05-12 17:43:52.608 46 INFO neutron.agent.ovn.metadata.agent [-] Provisioning metadata for network 57a3e3aa-d4bc-47de-a24a-553f081fa37f
2026-05-12 17:44:08.311 46 INFO neutron.agent.ovn.metadata.agent [-] Port 84ef38e1-7eaf-4e64-ae85-54c41f4b737f in datapath 25f82923-368d-4980-80bf-cf4907cc85cc unbound from our chassis
2026-05-12 17:44:08.314 46 INFO neutron.agent.ovn.metadata.agent [-] Cleaning up ovnmeta-25f82923-368d-4980-80bf-cf4907cc85cc namespace which is not needed anymore
2026-05-12 17:44:11.353 46 INFO neutron.agent.ovn.metadata.agent [-] Port 4c8365ac-e2e0-4491-b2b4-bbb90b519011 in datapath 76026baa-4f3d-4d6f-b5c5-3b1010b49b67 unbound from our chassis
2026-05-12 17:44:11.356 46 INFO neutron.agent.ovn.metadata.agent [-] Provisioning metadata for network 76026baa-4f3d-4d6f-b5c5-3b1010b49b67
2026-05-12 17:44:13.392 46 INFO neutron.agent.ovn.metadata.agent [-] Port b86290c1-5c0d-4e42-9b23-fe70b1c6ee51 in datapath b10c69b1-cd6b-436c-9b88-cd8214b35b61 unbound from our chassis
2026-05-12 17:44:13.395 46 INFO neutron.agent.ovn.metadata.agent [-] Cleaning up ovnmeta-b10c69b1-cd6b-436c-9b88-cd8214b35b61 namespace which is not needed anymore
2026-05-12 17:44:19.243 46 INFO neutron.agent.ovn.metadata.agent [-] Port 3548de99-08ba-4bc4-addf-958b5083e0b1 in datapath 57a3e3aa-d4bc-47de-a24a-553f081fa37f unbound from our chassis
2026-05-12 17:44:19.247 46 INFO neutron.agent.ovn.metadata.agent [-] Cleaning up ovnmeta-57a3e3aa-d4bc-47de-a24a-553f081fa37f namespace which is not needed anymore
2026-05-12 17:44:30.711 46 WARNING neutron.agent.ovn.metadata.agent [-] Removing non-external type port c8bdba03-352e-43d1-80a9-5a72f7d3b6b2 with type "chassisredirect"
2026-05-12 17:44:42.595 55 ERROR neutron.agent.ovn.metadata.server [-] No port found in network None with IP address 169.254.169.254
2026-05-12 17:44:42.596 55 INFO eventlet.wsgi.server [-] 169.254.169.254, "GET / HTTP/1.1" status: 404 len: 176 time: 0.0013742
2026-05-12 17:47:52.586 55 ERROR neutron.agent.ovn.metadata.server [-] No port found in network None with IP address 169.254.169.254
2026-05-12 17:47:52.586 55 INFO eventlet.wsgi.server [-] 169.254.169.254, "GET / HTTP/1.1" status: 404 len: 176 time: 0.0008495