2026-05-12 17:39:25.449 9 WARNING neutron.api.rpc.agentnotifiers.dhcp_rpc_agent_api [None req-808b131c-81e8-45b8-8986-c25e378551f5 d2558cd583b44cfeab8370df2fe836c8 61d529db02dc4c128f5cf62d2ccfa66e - - - -] Unable to schedule network 435e11ae-9a80-4bba-9325-d0f0b4b53f14: no agents available; will retry on subsequent port and subnet creation events.
2026-05-12 17:39:25.606 9 INFO neutron.wsgi [req-53c227e7-1612-4f60-9f71-f0698c2926d9 req-227d2451-466c-4dff-87ad-1b0336912e7b edba51cc71f14e17b888719efc526c6d 40877bd1730e4061a61f09bb036278dc - - default default] 10.0.0.230 "GET /v2.0/ports?device_id=e55a3108-17c9-40b0-aae3-cd8fe5fd974d HTTP/1.1" status: 200 len: 210 time: 0.0497432
2026-05-12 17:39:26.087 10 WARNING neutron.scheduler.dhcp_agent_scheduler [None req-958eb56d-4851-471e-9d4e-178a8a080a04 edba51cc71f14e17b888719efc526c6d 40877bd1730e4061a61f09bb036278dc - - - -] No more DHCP agents
2026-05-12 17:39:26.094 10 WARNING neutron.api.rpc.agentnotifiers.dhcp_rpc_agent_api [None req-958eb56d-4851-471e-9d4e-178a8a080a04 edba51cc71f14e17b888719efc526c6d 40877bd1730e4061a61f09bb036278dc - - - -] Unable to schedule network a590482d-3300-426e-8a4d-df9155d12454: no agents available; will retry on subsequent port and subnet creation events.
2026-05-12 17:39:26.127 9 INFO neutron.plugins.ml2.drivers.ovn.mech_driver.ovsdb.ovsdb_monitor [None req-0a6c86f2-bb93-4a2a-8250-e8b19e73c40e - - - - - -] Router 2c72b26f-4fe8-4329-b713-0891d1d21e5f is bound to host instance
2026-05-12 17:39:26.162 10 INFO neutron.db.ovn_revision_numbers_db [None req-126f58d9-a1a9-4596-a9da-1c0199ce5bfe a3c963cec92a49e49d3b16938df9dbf3 be0d6c1e66e94dd7b3388cb1d83dc57d - - - -] Successfully bumped revision number for resource c68185eb-290a-419a-b1e0-8aa58887d8d1 (type: router_ports) to 1
2026-05-12 17:39:26.262 9 INFO neutron.db.ovn_revision_numbers_db [None req-808b131c-81e8-45b8-8986-c25e378551f5 d2558cd583b44cfeab8370df2fe836c8 61d529db02dc4c128f5cf62d2ccfa66e - - - -] Successfully bumped revision number for resource 8c29aec9-3e61-4027-aad2-97719c1c7a77 (type: ports) to 2
2026-05-12 17:39:26.268 10 INFO neutron.db.ovn_revision_numbers_db [None req-126f58d9-a1a9-4596-a9da-1c0199ce5bfe a3c963cec92a49e49d3b16938df9dbf3 be0d6c1e66e94dd7b3388cb1d83dc57d - - - -] Successfully bumped revision number for resource 2c72b26f-4fe8-4329-b713-0891d1d21e5f (type: routers) to 3
2026-05-12 17:39:26.290 9 INFO neutron.db.ovn_revision_numbers_db [None req-808b131c-81e8-45b8-8986-c25e378551f5 d2558cd583b44cfeab8370df2fe836c8 61d529db02dc4c128f5cf62d2ccfa66e - - - -] Successfully bumped revision number for resource 0652179b-af4c-4eb6-b045-cdbdf7627efb (type: subnets) to 0
2026-05-12 17:39:26.307 9 INFO neutron.wsgi [None req-808b131c-81e8-45b8-8986-c25e378551f5 d2558cd583b44cfeab8370df2fe836c8 61d529db02dc4c128f5cf62d2ccfa66e - - - -] 10.0.0.117 "POST /v2.0/subnets HTTP/1.1" status: 201 len: 801 time: 1.1380422
2026-05-12 17:39:26.309 10 INFO neutron.wsgi [None req-126f58d9-a1a9-4596-a9da-1c0199ce5bfe a3c963cec92a49e49d3b16938df9dbf3 be0d6c1e66e94dd7b3388cb1d83dc57d - - - -] 10.0.0.117 "POST /v2.0/routers HTTP/1.1" status: 201 len: 874 time: 2.0919595 /var/lib/openstack/lib/python3.10/site-packages/pycadf/identifier.py:71: UserWarning: Invalid uuid: neutron. To ensure interoperability, identifiers should be a valid uuid. warnings.warn(('Invalid uuid: %s. To ensure interoperability, '
2026-05-12 17:39:26.416 10 INFO neutron.db.ovn_revision_numbers_db [None req-958eb56d-4851-471e-9d4e-178a8a080a04 edba51cc71f14e17b888719efc526c6d 40877bd1730e4061a61f09bb036278dc - - - -] Successfully bumped revision number for resource 3efe766f-8b72-4ae2-8d2e-9cbbf93801a7 (type: ports) to 1
2026-05-12 17:39:26.448 10 INFO neutron.wsgi [None req-7e20fcc0-a444-48da-8c85-33010090b969 a3c963cec92a49e49d3b16938df9dbf3 be0d6c1e66e94dd7b3388cb1d83dc57d - - - -] 10.0.0.117 "DELETE /v2.0/routers/a874ae1b-d06e-4f04-ad3e-ee1dd83ed329 HTTP/1.1" status: 204 len: 168 time: 1.4230535
2026-05-12 17:39:26.454 10 INFO neutron.wsgi [None req-958eb56d-4851-471e-9d4e-178a8a080a04 edba51cc71f14e17b888719efc526c6d 40877bd1730e4061a61f09bb036278dc - - - -] 199.19.213.202 "POST /v2.0/ports HTTP/1.1" status: 201 len: 1158 time: 0.9810913
2026-05-12 17:39:26.742 9 INFO neutron.wsgi [None req-3f6649d5-3763-4d7c-a3f6-02b4e24c0c4d a3c963cec92a49e49d3b16938df9dbf3 be0d6c1e66e94dd7b3388cb1d83dc57d - - - -] 10.0.0.117 "DELETE /v2.0/subnets/7e31445e-da20-4d3c-beb2-add2d8ae1034 HTTP/1.1" status: 204 len: 168 time: 0.2865057
2026-05-12 17:39:26.755 9 INFO neutron.db.ovn_revision_numbers_db [None req-0a6c86f2-bb93-4a2a-8250-e8b19e73c40e - - - - - -] Successfully bumped revision number for resource c68185eb-290a-419a-b1e0-8aa58887d8d1 (type: ports) to 1
2026-05-12 17:39:26.975 10 INFO neutron.wsgi [req-09e128a0-c8e7-4fb1-acd8-b3472ff959c0 req-1ef896e7-e442-4e42-a407-2d4c1c4d7348 edba51cc71f14e17b888719efc526c6d 40877bd1730e4061a61f09bb036278dc - - default default] 10.0.0.230 "GET /v2.0/ports?device_id=e55a3108-17c9-40b0-aae3-cd8fe5fd974d HTTP/1.1" status: 200 len: 1156 time: 0.1977990
2026-05-12 17:39:27.080 9 INFO neutron.db.ovn_revision_numbers_db [None req-0a6c86f2-bb93-4a2a-8250-e8b19e73c40e - - - - - -] Successfully bumped revision number for resource c68185eb-290a-419a-b1e0-8aa58887d8d1 (type: router_ports) to 3
2026-05-12 17:39:27.085 10 INFO neutron.wsgi [req-09e128a0-c8e7-4fb1-acd8-b3472ff959c0 req-ba6d1132-b914-4d89-beea-b8b8c79ad24b edba51cc71f14e17b888719efc526c6d 40877bd1730e4061a61f09bb036278dc - - default default] 10.0.0.230 "GET /v2.0/security-groups?id=06d003c0-37bd-4371-a239-3c9c6de54653&fields=id&fields=name HTTP/1.1" status: 200 len: 286 time: 0.0879283
2026-05-12 17:39:27.201 10 WARNING neutron.scheduler.dhcp_agent_scheduler [None req-1358573a-d6b7-41d5-9fa6-98652b3e220f d2558cd583b44cfeab8370df2fe836c8 61d529db02dc4c128f5cf62d2ccfa66e - - - -] No more DHCP agents
2026-05-12 17:39:27.202 10 WARNING neutron.api.rpc.agentnotifiers.dhcp_rpc_agent_api [None req-1358573a-d6b7-41d5-9fa6-98652b3e220f d2558cd583b44cfeab8370df2fe836c8 61d529db02dc4c128f5cf62d2ccfa66e - - - -] Unable to schedule network 435e11ae-9a80-4bba-9325-d0f0b4b53f14: no agents available; will retry on subsequent port and subnet creation events.
2026-05-12 17:39:27.210 9 INFO neutron.services.segments.plugin [-] Segment df9b413c-b516-43fb-9961-aa0af047cb2a resource provider aggregate not found
2026-05-12 17:39:27.232 9 INFO neutron.services.segments.plugin [-] Segment df9b413c-b516-43fb-9961-aa0af047cb2a resource provider not found; error: Placement Client Error (4xx): {"errors": [{"status": 404, "title": "Not Found", "detail": "The resource could not be found.\n\n No resource provider with uuid df9b413c-b516-43fb-9961-aa0af047cb2a found for delete ", "request_id": "req-77c66e91-2eec-40cb-8ef2-7be4c882fd20"}]}
2026-05-12 17:39:27.233 9 INFO neutron.services.segments.plugin [-] Segment df9b413c-b516-43fb-9961-aa0af047cb2a resource provider aggregate not found
2026-05-12 17:39:27.251 9 INFO neutron.services.segments.plugin [-] Segment df9b413c-b516-43fb-9961-aa0af047cb2a resource provider not found; error: Placement Client Error (4xx): {"errors": [{"status": 404, "title": "Not Found", "detail": "The resource could not be found.\n\n No resource provider with uuid df9b413c-b516-43fb-9961-aa0af047cb2a found for delete ", "request_id": "req-df91c9db-4b18-4842-9566-e471692dce1d"}]}
2026-05-12 17:39:27.281 9 INFO neutron.wsgi [None req-da4bc6c1-8431-4cd8-9708-3dd798d4e42d a3c963cec92a49e49d3b16938df9dbf3 be0d6c1e66e94dd7b3388cb1d83dc57d - - - -] 10.0.0.117 "DELETE /v2.0/networks/7f900d43-1662-497b-864a-ef4825ab952e HTTP/1.1" status: 204 len: 168 time: 0.5318696
2026-05-12 17:39:27.304 9 INFO neutron.db.ovn_revision_numbers_db [None req-0a6c86f2-bb93-4a2a-8250-e8b19e73c40e - - - - - -] Successfully bumped revision number for resource c68185eb-290a-419a-b1e0-8aa58887d8d1 (type: ports) to 2
2026-05-12 17:39:27.435 9 INFO neutron.wsgi [None req-271a1a7f-3a99-4f16-ada8-c4a8b25a8093 a3c963cec92a49e49d3b16938df9dbf3 be0d6c1e66e94dd7b3388cb1d83dc57d - - default default] 10.0.0.117 "GET /v2.0/security-groups?tenant_id=775ccb074273407882eea447d52480cf&name=default HTTP/1.1" status: 200 len: 2996 time: 0.0427263
2026-05-12 17:39:27.445 10 WARNING neutron.scheduler.dhcp_agent_scheduler [None req-7d97648e-7179-4835-8b18-73d067831998 a3c963cec92a49e49d3b16938df9dbf3 be0d6c1e66e94dd7b3388cb1d83dc57d - - default default] No more DHCP agents
2026-05-12 17:39:27.450 10 WARNING neutron.api.rpc.agentnotifiers.dhcp_rpc_agent_api [None req-7d97648e-7179-4835-8b18-73d067831998 a3c963cec92a49e49d3b16938df9dbf3 be0d6c1e66e94dd7b3388cb1d83dc57d - - default default] Unable to schedule network 955fd82c-1fbb-4100-b8e7-91c6776d1a11: no agents available; will retry on subsequent port and subnet creation events.
2026-05-12 17:39:27.460 10 INFO neutron.db.ovn_revision_numbers_db [None req-91abe487-b819-41e9-9efd-3f7e081b32e6 82a9e57fcb8547bd8bfe8c16d5e3e2da 8aeddd43cb6e4e32a38c24203e18ffc8 - - - -] Successfully bumped revision number for resource 3efe766f-8b72-4ae2-8d2e-9cbbf93801a7 (type: ports) to 2
2026-05-12 17:39:27.486 10 INFO neutron.db.ovn_revision_numbers_db [None req-1358573a-d6b7-41d5-9fa6-98652b3e220f d2558cd583b44cfeab8370df2fe836c8 61d529db02dc4c128f5cf62d2ccfa66e - - - -] Successfully bumped revision number for resource ce93b536-4b54-4af8-846a-44bcb878fec5 (type: ports) to 1
2026-05-12 17:39:27.543 10 INFO neutron.wsgi [None req-1358573a-d6b7-41d5-9fa6-98652b3e220f d2558cd583b44cfeab8370df2fe836c8 61d529db02dc4c128f5cf62d2ccfa66e - - - -] 10.0.0.117 "POST /v2.0/ports HTTP/1.1" status: 201 len: 1114 time: 1.2294452 /var/lib/openstack/lib/python3.10/site-packages/pycadf/identifier.py:71: UserWarning: Invalid uuid: neutron. To ensure interoperability, identifiers should be a valid uuid. warnings.warn(('Invalid uuid: %s. To ensure interoperability, '
2026-05-12 17:39:27.565 9 INFO neutron.db.ovn_revision_numbers_db [None req-0a6c86f2-bb93-4a2a-8250-e8b19e73c40e - - - - - -] Successfully bumped revision number for resource c68185eb-290a-419a-b1e0-8aa58887d8d1 (type: ports) to 4
2026-05-12 17:39:27.713 10 INFO neutron.db.ovn_revision_numbers_db [None req-7d97648e-7179-4835-8b18-73d067831998 a3c963cec92a49e49d3b16938df9dbf3 be0d6c1e66e94dd7b3388cb1d83dc57d - - default default] Successfully bumped revision number for resource 67ea4a85-63d4-4650-99e6-9aede96221ed (type: ports) to 1
2026-05-12 17:39:27.720 9 INFO neutron.wsgi [None req-3f6d7beb-392a-4f59-a9e6-d0a8aa497840 a3c963cec92a49e49d3b16938df9dbf3 be0d6c1e66e94dd7b3388cb1d83dc57d - - - -] 10.0.0.117 "DELETE /v2.0/security-groups/48a63709-70a1-4b72-8770-72bc45be7c79 HTTP/1.1" status: 204 len: 168 time: 0.2753270
2026-05-12 17:39:27.747 9 INFO neutron.db.ovn_revision_numbers_db [None req-0a6c86f2-bb93-4a2a-8250-e8b19e73c40e - - - - - -] Successfully bumped revision number for resource c68185eb-290a-419a-b1e0-8aa58887d8d1 (type: router_ports) to 4
2026-05-12 17:39:27.824 10 INFO neutron.db.ovn_revision_numbers_db [None req-91abe487-b819-41e9-9efd-3f7e081b32e6 82a9e57fcb8547bd8bfe8c16d5e3e2da 8aeddd43cb6e4e32a38c24203e18ffc8 - - - -] Successfully bumped revision number for resource 3efe766f-8b72-4ae2-8d2e-9cbbf93801a7 (type: ports) to 2
2026-05-12 17:39:27.868 10 INFO neutron.wsgi [None req-91abe487-b819-41e9-9efd-3f7e081b32e6 82a9e57fcb8547bd8bfe8c16d5e3e2da 8aeddd43cb6e4e32a38c24203e18ffc8 - - - -] 199.19.213.202 "PUT /v2.0/ports/3efe766f-8b72-4ae2-8d2e-9cbbf93801a7 HTTP/1.1" status: 200 len: 1328 time: 1.3973982
2026-05-12 17:39:27.907 10 INFO neutron.notifiers.nova [-] Nova event matching ['req-992a1171-0b6f-46eb-b9fb-b48c290611c1'] response: {'name': 'network-changed', 'server_uuid': 'e55a3108-17c9-40b0-aae3-cd8fe5fd974d', 'tag': '3efe766f-8b72-4ae2-8d2e-9cbbf93801a7', 'status': 'completed', 'code': 200} /var/lib/openstack/lib/python3.10/site-packages/pycadf/identifier.py:71: UserWarning: Invalid uuid: neutron. To ensure interoperability, identifiers should be a valid uuid. warnings.warn(('Invalid uuid: %s. To ensure interoperability, '
2026-05-12 17:39:27.965 10 INFO neutron.wsgi [req-51d1c33a-03d1-4fa1-9a94-3e94e004fc86 req-dd9fbabe-a92b-4295-8a6a-ca07cb0ac3fd 82a9e57fcb8547bd8bfe8c16d5e3e2da 8aeddd43cb6e4e32a38c24203e18ffc8 - - 4fda8fe893784c899a6c17a416dd77f1 4fda8fe893784c899a6c17a416dd77f1] 199.19.213.202 "GET /v2.0/ports?tenant_id=40877bd1730e4061a61f09bb036278dc&device_id=e55a3108-17c9-40b0-aae3-cd8fe5fd974d HTTP/1.1" status: 200 len: 1359 time: 0.0456510
2026-05-12 17:39:28.016 10 INFO neutron.wsgi [req-51d1c33a-03d1-4fa1-9a94-3e94e004fc86 req-168c180c-d26b-4964-b923-53aee1b88d04 82a9e57fcb8547bd8bfe8c16d5e3e2da 8aeddd43cb6e4e32a38c24203e18ffc8 - - 4fda8fe893784c899a6c17a416dd77f1 4fda8fe893784c899a6c17a416dd77f1] 199.19.213.202 "GET /v2.0/floatingips?fixed_ip_address=10.100.0.7&port_id=3efe766f-8b72-4ae2-8d2e-9cbbf93801a7 HTTP/1.1" status: 200 len: 217 time: 0.0454068
2026-05-12 17:39:28.069 10 INFO neutron.wsgi [req-51d1c33a-03d1-4fa1-9a94-3e94e004fc86 req-85d2f8fa-feb3-4277-a2a4-b3e5a84b6ada 82a9e57fcb8547bd8bfe8c16d5e3e2da 8aeddd43cb6e4e32a38c24203e18ffc8 - - 4fda8fe893784c899a6c17a416dd77f1 4fda8fe893784c899a6c17a416dd77f1] 199.19.213.202 "GET /v2.0/subnets?id=52e9cda6-d88f-42e2-bae9-ced8104c73b0 HTTP/1.1" status: 200 len: 870 time: 0.0456331
2026-05-12 17:39:28.110 10 INFO neutron.wsgi [req-51d1c33a-03d1-4fa1-9a94-3e94e004fc86 req-2caacf96-310e-4fbd-9b83-dbf8cb70b01f 82a9e57fcb8547bd8bfe8c16d5e3e2da 8aeddd43cb6e4e32a38c24203e18ffc8 - - 4fda8fe893784c899a6c17a416dd77f1 4fda8fe893784c899a6c17a416dd77f1] 199.19.213.202 "GET /v2.0/ports?network_id=a590482d-3300-426e-8a4d-df9155d12454&device_owner=network%3Adhcp HTTP/1.1" status: 200 len: 210 time: 0.0337417
2026-05-12 17:39:28.172 10 INFO neutron.wsgi [None req-a6bb9614-3f1e-4800-b3c9-4f34787774f3 d2558cd583b44cfeab8370df2fe836c8 61d529db02dc4c128f5cf62d2ccfa66e - - - -] 10.0.0.117 "DELETE /v2.0/ports/ce93b536-4b54-4af8-846a-44bcb878fec5 HTTP/1.1" status: 204 len: 168 time: 0.6215003
2026-05-12 17:39:28.199 9 INFO neutron.pecan_wsgi.hooks.translation [None req-b7e56a5d-cb1f-47f1-ad55-c61517318ead d2558cd583b44cfeab8370df2fe836c8 61d529db02dc4c128f5cf62d2ccfa66e - - default default] GET failed (client error): The resource could not be found.
2026-05-12 17:39:28.201 9 INFO neutron.wsgi [None req-b7e56a5d-cb1f-47f1-ad55-c61517318ead d2558cd583b44cfeab8370df2fe836c8 61d529db02dc4c128f5cf62d2ccfa66e - - default default] 10.0.0.117 "GET /v2.0/ports/ce93b536-4b54-4af8-846a-44bcb878fec5 HTTP/1.1" status: 404 len: 333 time: 0.0232317
2026-05-12 17:39:28.412 9 INFO neutron.wsgi [None req-1227617b-505e-4cb9-ade8-88be264f50f4 d2558cd583b44cfeab8370df2fe836c8 61d529db02dc4c128f5cf62d2ccfa66e - - - -] 10.0.0.117 "DELETE /v2.0/subnets/0652179b-af4c-4eb6-b045-cdbdf7627efb HTTP/1.1" status: 204 len: 168 time: 0.2073901
2026-05-12 17:39:28.492 10 WARNING neutron.plugins.ml2.drivers.ovn.mech_driver.ovsdb.ovn_client [None req-501a496a-0938-4bf7-ab62-f161276a63e2 - - - - - -] No hosting information found for port ecb17002-d238-46b8-b4d5-6b6698640fc0: RuntimeError: No hosting information found for port ecb17002-d238-46b8-b4d5-6b6698640fc0
2026-05-12 17:39:28.493 10 INFO neutron.plugins.ml2.drivers.ovn.mech_driver.mech_driver [None req-501a496a-0938-4bf7-ab62-f161276a63e2 - - - - - -] OVN reports status up for port: c68185eb-290a-419a-b1e0-8aa58887d8d1
2026-05-12 17:39:28.495 10 INFO neutron.wsgi [req-51d1c33a-03d1-4fa1-9a94-3e94e004fc86 req-bb42223d-982e-486d-b6dd-b59e22cba943 82a9e57fcb8547bd8bfe8c16d5e3e2da 8aeddd43cb6e4e32a38c24203e18ffc8 - - 4fda8fe893784c899a6c17a416dd77f1 4fda8fe893784c899a6c17a416dd77f1] 199.19.213.202 "GET /v2.0/networks/a590482d-3300-426e-8a4d-df9155d12454?fields=segments HTTP/1.1" status: 200 len: 212 time: 0.3746512
2026-05-12 17:39:28.500 10 INFO neutron.wsgi [req-b723923a-bf88-44e9-ad1c-1d4d85c09cab req-425283cd-bf4e-4416-aa5e-25a9da152248 edba51cc71f14e17b888719efc526c6d 40877bd1730e4061a61f09bb036278dc - - default default] 10.0.0.230 "GET /v2.0/ports?device_id=e55a3108-17c9-40b0-aae3-cd8fe5fd974d HTTP/1.1" status: 200 len: 1168 time: 0.3310990
2026-05-12 17:39:28.525 10 INFO neutron.plugins.ml2.plugin [None req-501a496a-0938-4bf7-ab62-f161276a63e2 - - - - - -] Attempt 1 to provision port c68185eb-290a-419a-b1e0-8aa58887d8d1
2026-05-12 17:39:28.598 10 INFO neutron.wsgi [req-b723923a-bf88-44e9-ad1c-1d4d85c09cab req-7283fa94-afda-48ed-b725-24aacd368d33 edba51cc71f14e17b888719efc526c6d 40877bd1730e4061a61f09bb036278dc - - default default] 10.0.0.230 "GET /v2.0/security-groups?id=06d003c0-37bd-4371-a239-3c9c6de54653&fields=id&fields=name HTTP/1.1" status: 200 len: 286 time: 0.0879230
2026-05-12 17:39:28.617 10 INFO neutron.wsgi [req-51d1c33a-03d1-4fa1-9a94-3e94e004fc86 req-4d5890cd-d487-4840-8595-a9abe6b5bfaf 82a9e57fcb8547bd8bfe8c16d5e3e2da 8aeddd43cb6e4e32a38c24203e18ffc8 - - 4fda8fe893784c899a6c17a416dd77f1 4fda8fe893784c899a6c17a416dd77f1] 199.19.213.202 "GET /v2.0/networks/a590482d-3300-426e-8a4d-df9155d12454?fields=provider%3Aphysical_network&fields=provider%3Anetwork_type HTTP/1.1" status: 200 len: 277 time: 0.1148779
2026-05-12 17:39:28.677 9 INFO neutron.plugins.ml2.drivers.ovn.mech_driver.mech_driver [None req-a5edc48e-2038-4080-898e-79bda5234fe6 - - - - - -] OVN reports status up for port: 67ea4a85-63d4-4650-99e6-9aede96221ed
2026-05-12 17:39:28.689 9 INFO neutron.plugins.ml2.plugin [None req-a5edc48e-2038-4080-898e-79bda5234fe6 - - - - - -] Attempt 1 to provision port 67ea4a85-63d4-4650-99e6-9aede96221ed
2026-05-12 17:39:28.699 10 INFO neutron.db.ovn_revision_numbers_db [None req-7d97648e-7179-4835-8b18-73d067831998 a3c963cec92a49e49d3b16938df9dbf3 be0d6c1e66e94dd7b3388cb1d83dc57d - - default default] Successfully bumped revision number for resource 67ea4a85-63d4-4650-99e6-9aede96221ed (type: router_ports) to 2
2026-05-12 17:39:28.733 10 INFO neutron.wsgi [req-65226d9b-141f-425b-acb0-571a0b675ef0 req-9a8e4007-c6e8-42d5-b444-bde24d00824d 82a9e57fcb8547bd8bfe8c16d5e3e2da 8aeddd43cb6e4e32a38c24203e18ffc8 - - 4fda8fe893784c899a6c17a416dd77f1 4fda8fe893784c899a6c17a416dd77f1] 199.19.213.202 "GET /v2.0/ports?tenant_id=40877bd1730e4061a61f09bb036278dc&device_id=e55a3108-17c9-40b0-aae3-cd8fe5fd974d HTTP/1.1" status: 200 len: 1359 time: 0.0442309
2026-05-12 17:39:28.849 9 INFO neutron.wsgi [None req-93824797-522b-4fa3-b8e7-6104e1a3b52c d2558cd583b44cfeab8370df2fe836c8 61d529db02dc4c128f5cf62d2ccfa66e - - - -] 10.0.0.117 "DELETE /v2.0/networks/435e11ae-9a80-4bba-9325-d0f0b4b53f14 HTTP/1.1" status: 204 len: 168 time: 0.4328480
2026-05-12 17:39:28.889 10 INFO neutron.wsgi [req-65226d9b-141f-425b-acb0-571a0b675ef0 req-8606de1b-41a3-450f-a4d7-707f3e1cacd7 82a9e57fcb8547bd8bfe8c16d5e3e2da 8aeddd43cb6e4e32a38c24203e18ffc8 - - 4fda8fe893784c899a6c17a416dd77f1 4fda8fe893784c899a6c17a416dd77f1] 199.19.213.202 "GET /v2.0/networks?id=a590482d-3300-426e-8a4d-df9155d12454 HTTP/1.1" status: 200 len: 975 time: 0.1343274
2026-05-12 17:39:28.960 10 INFO neutron.wsgi [req-65226d9b-141f-425b-acb0-571a0b675ef0 req-0a7ccba4-940d-4709-8e5f-f8f669200ac6 82a9e57fcb8547bd8bfe8c16d5e3e2da 8aeddd43cb6e4e32a38c24203e18ffc8 - - 4fda8fe893784c899a6c17a416dd77f1 4fda8fe893784c899a6c17a416dd77f1] 199.19.213.202 "GET /v2.0/floatingips?fixed_ip_address=10.100.0.7&port_id=3efe766f-8b72-4ae2-8d2e-9cbbf93801a7 HTTP/1.1" status: 200 len: 217 time: 0.0617115
2026-05-12 17:39:29.016 10 INFO neutron.db.ovn_revision_numbers_db [None req-7d97648e-7179-4835-8b18-73d067831998 a3c963cec92a49e49d3b16938df9dbf3 be0d6c1e66e94dd7b3388cb1d83dc57d - - default default] Successfully bumped revision number for resource 67ea4a85-63d4-4650-99e6-9aede96221ed (type: ports) to 2
2026-05-12 17:39:29.023 9 INFO neutron.db.ovn_revision_numbers_db [None req-a5edc48e-2038-4080-898e-79bda5234fe6 - - - - - -] Successfully bumped revision number for resource 67ea4a85-63d4-4650-99e6-9aede96221ed (type: ports) to 3
2026-05-12 17:39:29.028 10 INFO neutron.wsgi [req-65226d9b-141f-425b-acb0-571a0b675ef0 req-d965c779-9db3-404a-b4d5-09c1690d5902 82a9e57fcb8547bd8bfe8c16d5e3e2da 8aeddd43cb6e4e32a38c24203e18ffc8 - - 4fda8fe893784c899a6c17a416dd77f1 4fda8fe893784c899a6c17a416dd77f1] 199.19.213.202 "GET /v2.0/subnets?id=52e9cda6-d88f-42e2-bae9-ced8104c73b0 HTTP/1.1" status: 200 len: 870 time: 0.0598381
2026-05-12 17:39:29.071 10 INFO neutron.wsgi [req-65226d9b-141f-425b-acb0-571a0b675ef0 req-dca05f0a-3245-453c-813d-21202afc5688 82a9e57fcb8547bd8bfe8c16d5e3e2da 8aeddd43cb6e4e32a38c24203e18ffc8 - - 4fda8fe893784c899a6c17a416dd77f1 4fda8fe893784c899a6c17a416dd77f1] 199.19.213.202 "GET /v2.0/ports?network_id=a590482d-3300-426e-8a4d-df9155d12454&device_owner=network%3Adhcp HTTP/1.1" status: 200 len: 210 time: 0.0368032
2026-05-12 17:39:29.149 9 INFO neutron.db.ovn_revision_numbers_db [None req-a5edc48e-2038-4080-898e-79bda5234fe6 - - - - - -] Successfully bumped revision number for resource 67ea4a85-63d4-4650-99e6-9aede96221ed (type: router_ports) to 3
2026-05-12 17:39:29.187 10 WARNING neutron.scheduler.dhcp_agent_scheduler [None req-7d97648e-7179-4835-8b18-73d067831998 a3c963cec92a49e49d3b16938df9dbf3 be0d6c1e66e94dd7b3388cb1d83dc57d - - default default] No more DHCP agents
2026-05-12 17:39:29.189 10 WARNING neutron.api.rpc.agentnotifiers.dhcp_rpc_agent_api [None req-7d97648e-7179-4835-8b18-73d067831998 a3c963cec92a49e49d3b16938df9dbf3 be0d6c1e66e94dd7b3388cb1d83dc57d - - default default] Unable to schedule network 955fd82c-1fbb-4100-b8e7-91c6776d1a11: no agents available; will retry on subsequent port and subnet creation events.
2026-05-12 17:39:29.237 10 INFO neutron.wsgi [req-65226d9b-141f-425b-acb0-571a0b675ef0 req-c5a06c76-2e10-4de2-a6d1-82b0a90efd4b 82a9e57fcb8547bd8bfe8c16d5e3e2da 8aeddd43cb6e4e32a38c24203e18ffc8 - - 4fda8fe893784c899a6c17a416dd77f1 4fda8fe893784c899a6c17a416dd77f1] 199.19.213.202 "GET /v2.0/networks/a590482d-3300-426e-8a4d-df9155d12454?fields=segments HTTP/1.1" status: 200 len: 212 time: 0.1523604
2026-05-12 17:39:29.251 9 INFO neutron.services.segments.plugin [-] Segment 63f81b1c-3651-4c96-8a62-6941dea9c152 resource provider aggregate not found /var/lib/openstack/lib/python3.10/site-packages/pycadf/identifier.py:71: UserWarning: Invalid uuid: neutron. To ensure interoperability, identifiers should be a valid uuid. warnings.warn(('Invalid uuid: %s. To ensure interoperability, '
2026-05-12 17:39:29.273 9 INFO neutron.services.segments.plugin [-] Segment 63f81b1c-3651-4c96-8a62-6941dea9c152 resource provider not found; error: Placement Client Error (4xx): {"errors": [{"status": 404, "title": "Not Found", "detail": "The resource could not be found.\n\n No resource provider with uuid 63f81b1c-3651-4c96-8a62-6941dea9c152 found for delete ", "request_id": "req-e45bda78-91e0-4650-89d2-f55d584e0148"}]}
2026-05-12 17:39:29.325 9 INFO neutron.services.segments.plugin [-] Segment 63f81b1c-3651-4c96-8a62-6941dea9c152 resource provider aggregate not found
2026-05-12 17:39:29.338 10 WARNING neutron.scheduler.dhcp_agent_scheduler [None req-5532b545-40ae-49d0-8ab9-198fca09d9f4 d2558cd583b44cfeab8370df2fe836c8 61d529db02dc4c128f5cf62d2ccfa66e - - - -] No more DHCP agents
2026-05-12 17:39:29.346 10 WARNING neutron.api.rpc.agentnotifiers.dhcp_rpc_agent_api [None req-5532b545-40ae-49d0-8ab9-198fca09d9f4 d2558cd583b44cfeab8370df2fe836c8 61d529db02dc4c128f5cf62d2ccfa66e - - - -] Unable to schedule network f66c18cb-b3e2-49bd-a8e9-06cc4c212ac9: no agents available; will retry on subsequent port and subnet creation events.
2026-05-12 17:39:29.349 9 INFO neutron.services.segments.plugin [-] Segment 63f81b1c-3651-4c96-8a62-6941dea9c152 resource provider not found; error: Placement Client Error (4xx): {"errors": [{"status": 404, "title": "Not Found", "detail": "The resource could not be found.\n\n No resource provider with uuid 63f81b1c-3651-4c96-8a62-6941dea9c152 found for delete ", "request_id": "req-ac8695b1-4e21-4291-8c96-dbbf053a5879"}]}
2026-05-12 17:39:29.377 10 INFO neutron.wsgi [req-65226d9b-141f-425b-acb0-571a0b675ef0 req-97746cd7-bd1a-4685-928a-e98bbb0b86f8 82a9e57fcb8547bd8bfe8c16d5e3e2da 8aeddd43cb6e4e32a38c24203e18ffc8 - - 4fda8fe893784c899a6c17a416dd77f1 4fda8fe893784c899a6c17a416dd77f1] 199.19.213.202 "GET /v2.0/networks/a590482d-3300-426e-8a4d-df9155d12454?fields=provider%3Aphysical_network&fields=provider%3Anetwork_type HTTP/1.1" status: 200 len: 277 time: 0.1196520
2026-05-12 17:39:29.445 10 INFO neutron.db.ovn_revision_numbers_db [None req-5532b545-40ae-49d0-8ab9-198fca09d9f4 d2558cd583b44cfeab8370df2fe836c8 61d529db02dc4c128f5cf62d2ccfa66e - - - -] Successfully bumped revision number for resource cb03e3ff-876d-4856-93dd-4f9d5970dd14 (type: ports) to 1
2026-05-12 17:39:29.490 10 INFO neutron.wsgi [None req-5532b545-40ae-49d0-8ab9-198fca09d9f4 d2558cd583b44cfeab8370df2fe836c8 61d529db02dc4c128f5cf62d2ccfa66e - - - -] 10.0.0.117 "POST /v2.0/ports HTTP/1.1" status: 201 len: 974 time: 0.6342437
2026-05-12 17:39:29.751 9 INFO neutron.db.ovn_revision_numbers_db [None req-2dab6cdf-ff83-4619-bd67-3b487270a796 d2558cd583b44cfeab8370df2fe836c8 61d529db02dc4c128f5cf62d2ccfa66e - - - -] Successfully bumped revision number for resource cb03e3ff-876d-4856-93dd-4f9d5970dd14 (type: ports) to 2
2026-05-12 17:39:29.760 9 INFO neutron.wsgi [None req-2dab6cdf-ff83-4619-bd67-3b487270a796 d2558cd583b44cfeab8370df2fe836c8 61d529db02dc4c128f5cf62d2ccfa66e - - - -] 10.0.0.117 "PUT /v2.0/ports/cb03e3ff-876d-4856-93dd-4f9d5970dd14 HTTP/1.1" status: 200 len: 946 time: 0.2653623 /var/lib/openstack/lib/python3.10/site-packages/pycadf/identifier.py:71: UserWarning: Invalid uuid: neutron. To ensure interoperability, identifiers should be a valid uuid. warnings.warn(('Invalid uuid: %s. To ensure interoperability, '
2026-05-12 17:39:29.787 9 INFO neutron.wsgi [req-0596ca86-2f65-4427-bf88-606028cdb305 req-410a6507-f200-44b3-b522-8e224011997a edba51cc71f14e17b888719efc526c6d 40877bd1730e4061a61f09bb036278dc - - default default] 10.0.0.230 "GET /v2.0/ports?device_id=e55a3108-17c9-40b0-aae3-cd8fe5fd974d HTTP/1.1" status: 200 len: 1168 time: 0.1070242 /var/lib/openstack/lib/python3.10/site-packages/pycadf/identifier.py:71: UserWarning: Invalid uuid: neutron. To ensure interoperability, identifiers should be a valid uuid. warnings.warn(('Invalid uuid: %s. To ensure interoperability, '
2026-05-12 17:39:29.821 9 INFO neutron.wsgi [req-0596ca86-2f65-4427-bf88-606028cdb305 req-297f06e8-2667-47bf-b1fe-1a9f859f3be5 edba51cc71f14e17b888719efc526c6d 40877bd1730e4061a61f09bb036278dc - - default default] 10.0.0.230 "GET /v2.0/security-groups?id=06d003c0-37bd-4371-a239-3c9c6de54653&fields=id&fields=name HTTP/1.1" status: 200 len: 286 time: 0.0259092
2026-05-12 17:39:29.911 10 INFO neutron.db.ovn_revision_numbers_db [None req-7d97648e-7179-4835-8b18-73d067831998 a3c963cec92a49e49d3b16938df9dbf3 be0d6c1e66e94dd7b3388cb1d83dc57d - - - -] Successfully bumped revision number for resource 67ea4a85-63d4-4650-99e6-9aede96221ed (type: router_ports) to 3
2026-05-12 17:39:29.913 10 INFO neutron.wsgi [None req-7d97648e-7179-4835-8b18-73d067831998 a3c963cec92a49e49d3b16938df9dbf3 be0d6c1e66e94dd7b3388cb1d83dc57d - - - -] 10.0.0.117 "PUT /v2.0/routers/2c72b26f-4fe8-4329-b713-0891d1d21e5f/add_router_interface HTTP/1.1" status: 200 len: 503 time: 3.5926132
2026-05-12 17:39:30.031 10 INFO neutron.wsgi [None req-2cd52e7f-e49b-49c2-bb9d-2ce37038662d d2558cd583b44cfeab8370df2fe836c8 61d529db02dc4c128f5cf62d2ccfa66e - - - -] 10.0.0.117 "DELETE /v2.0/ports/cb03e3ff-876d-4856-93dd-4f9d5970dd14 HTTP/1.1" status: 204 len: 168 time: 0.2635396
2026-05-12 17:39:30.106 10 INFO neutron.wsgi [None req-9054dcbb-1cf3-43e2-8cbc-ad7b62820648 d2558cd583b44cfeab8370df2fe836c8 61d529db02dc4c128f5cf62d2ccfa66e - - default default] 10.0.0.117 "GET /v2.0/ports HTTP/1.1" status: 200 len: 1729 time: 0.0711293
2026-05-12 17:39:30.144 10 INFO neutron.pecan_wsgi.hooks.translation [None req-ae60790f-3183-4dcc-a066-ee0fb65605d1 d2558cd583b44cfeab8370df2fe836c8 61d529db02dc4c128f5cf62d2ccfa66e - - default default] GET failed (client error): The resource could not be found.
2026-05-12 17:39:30.146 10 INFO neutron.wsgi [None req-ae60790f-3183-4dcc-a066-ee0fb65605d1 d2558cd583b44cfeab8370df2fe836c8 61d529db02dc4c128f5cf62d2ccfa66e - - default default] 10.0.0.117 "GET /v2.0/ports/cb03e3ff-876d-4856-93dd-4f9d5970dd14 HTTP/1.1" status: 404 len: 333 time: 0.0291729
2026-05-12 17:39:30.251 9 INFO neutron.wsgi [None req-b2149991-9047-48f9-acca-7d7061570525 d2558cd583b44cfeab8370df2fe836c8 61d529db02dc4c128f5cf62d2ccfa66e - - default default] 10.0.0.117 "GET /v2.0/ports HTTP/1.1" status: 200 len: 1729 time: 0.0999184
2026-05-12 17:39:30.291 9 INFO neutron.wsgi [None req-363ac594-db27-4712-9409-1a0f05cc00b2 d2558cd583b44cfeab8370df2fe836c8 61d529db02dc4c128f5cf62d2ccfa66e - - default default] 10.0.0.117 "GET /v2.0/ports/53b57564-9084-4ef1-9d6b-ba2946e98282 HTTP/1.1" status: 200 len: 969 time: 0.0323360
2026-05-12 17:39:30.319 9 INFO neutron.pecan_wsgi.hooks.translation [None req-f560c14b-cd8b-41ff-a84b-c556e9fa43ae d2558cd583b44cfeab8370df2fe836c8 61d529db02dc4c128f5cf62d2ccfa66e - - - -] DELETE failed (client error): The resource could not be found.
2026-05-12 17:39:30.322 9 INFO neutron.wsgi [None req-f560c14b-cd8b-41ff-a84b-c556e9fa43ae d2558cd583b44cfeab8370df2fe836c8 61d529db02dc4c128f5cf62d2ccfa66e - - - -] 10.0.0.117 "DELETE /v2.0/ports/ce93b536-4b54-4af8-846a-44bcb878fec5 HTTP/1.1" status: 404 len: 333 time: 0.0261402
2026-05-12 17:39:30.365 9 INFO neutron.pecan_wsgi.hooks.translation [None req-3b670bf9-5e80-49c8-b222-6d8701cc0e1f d2558cd583b44cfeab8370df2fe836c8 61d529db02dc4c128f5cf62d2ccfa66e - - - -] DELETE failed (client error): The resource could not be found.
2026-05-12 17:39:30.368 9 INFO neutron.wsgi [None req-3b670bf9-5e80-49c8-b222-6d8701cc0e1f d2558cd583b44cfeab8370df2fe836c8 61d529db02dc4c128f5cf62d2ccfa66e - - - -] 10.0.0.117 "DELETE /v2.0/subnets/0652179b-af4c-4eb6-b045-cdbdf7627efb HTTP/1.1" status: 404 len: 337 time: 0.0416238
2026-05-12 17:39:30.394 9 INFO neutron.pecan_wsgi.hooks.translation [None req-cfc1efb2-8ec7-495c-9816-5ed948155cb6 d2558cd583b44cfeab8370df2fe836c8 61d529db02dc4c128f5cf62d2ccfa66e - - - -] DELETE failed (client error): The resource could not be found.
2026-05-12 17:39:30.397 9 INFO neutron.wsgi [None req-cfc1efb2-8ec7-495c-9816-5ed948155cb6 d2558cd583b44cfeab8370df2fe836c8 61d529db02dc4c128f5cf62d2ccfa66e - - - -] 10.0.0.117 "DELETE /v2.0/subnets/3b6db574-9eac-4664-8af6-34e5bd49a1f4 HTTP/1.1" status: 404 len: 337 time: 0.0237062
2026-05-12 17:39:30.721 9 INFO neutron.wsgi [None req-0fd65e01-4baa-44d5-93b7-3e107797934f d2558cd583b44cfeab8370df2fe836c8 61d529db02dc4c128f5cf62d2ccfa66e - - - -] 10.0.0.117 "DELETE /v2.0/ports/53b57564-9084-4ef1-9d6b-ba2946e98282 HTTP/1.1" status: 204 len: 168 time: 0.3199544
2026-05-12 17:39:30.914 10 INFO neutron.wsgi [req-ca1c27cf-bb0a-477d-9406-6a8943628706 req-44e42bd4-8773-4c35-8f9d-16693f54df4c edba51cc71f14e17b888719efc526c6d 40877bd1730e4061a61f09bb036278dc - - default default] 10.0.0.230 "GET /v2.0/ports?device_id=e55a3108-17c9-40b0-aae3-cd8fe5fd974d HTTP/1.1" status: 200 len: 1168 time: 0.0305080
2026-05-12 17:39:30.946 10 INFO neutron.wsgi [req-ca1c27cf-bb0a-477d-9406-6a8943628706 req-3d189099-6047-47a7-af20-ab2d2c375196 edba51cc71f14e17b888719efc526c6d 40877bd1730e4061a61f09bb036278dc - - default default] 10.0.0.230 "GET /v2.0/security-groups?id=06d003c0-37bd-4371-a239-3c9c6de54653&fields=id&fields=name HTTP/1.1" status: 200 len: 286 time: 0.0260530
2026-05-12 17:39:31.128 9 INFO neutron.wsgi [None req-3bf47ba1-957e-4641-a4a2-fd386149a15d d2558cd583b44cfeab8370df2fe836c8 61d529db02dc4c128f5cf62d2ccfa66e - - - -] 10.0.0.117 "DELETE /v2.0/networks/f66c18cb-b3e2-49bd-a8e9-06cc4c212ac9 HTTP/1.1" status: 204 len: 168 time: 0.4023216
2026-05-12 17:39:31.294 9 INFO neutron.services.segments.plugin [-] Segment 1e368a93-9279-4fc4-9b49-15677fc1b96a resource provider aggregate not found
2026-05-12 17:39:31.313 9 INFO neutron.services.segments.plugin [-] Segment 1e368a93-9279-4fc4-9b49-15677fc1b96a resource provider not found; error: Placement Client Error (4xx): {"errors": [{"status": 404, "title": "Not Found", "detail": "The resource could not be found.\n\n No resource provider with uuid 1e368a93-9279-4fc4-9b49-15677fc1b96a found for delete ", "request_id": "req-db56b023-9179-4f76-b208-c93070283761"}]}
2026-05-12 17:39:31.370 9 INFO neutron.services.segments.plugin [-] Segment 1e368a93-9279-4fc4-9b49-15677fc1b96a resource provider aggregate not found
2026-05-12 17:39:31.387 9 INFO neutron.services.segments.plugin [-] Segment 1e368a93-9279-4fc4-9b49-15677fc1b96a resource provider not found; error: Placement Client Error (4xx): {"errors": [{"status": 404, "title": "Not Found", "detail": "The resource could not be found.\n\n No resource provider with uuid 1e368a93-9279-4fc4-9b49-15677fc1b96a found for delete ", "request_id": "req-9584158b-ff6b-4777-a48a-b3b2c466e97b"}]}
2026-05-12 17:39:31.913 10 INFO neutron.wsgi [None req-4a556264-9e08-44d8-8835-47885546f66f a3c963cec92a49e49d3b16938df9dbf3 be0d6c1e66e94dd7b3388cb1d83dc57d - - default default] 10.0.0.117 "GET /v2.0/security-groups?tenant_id=61d529db02dc4c128f5cf62d2ccfa66e&name=default HTTP/1.1" status: 200 len: 2996 time: 0.2286012
2026-05-12 17:39:32.051 9 INFO neutron.wsgi [req-690f2101-c562-4608-8e3d-f3a9a3a08f3f req-d28f0be2-8f38-41bb-87d2-2a8cc54332be edba51cc71f14e17b888719efc526c6d 40877bd1730e4061a61f09bb036278dc - - default default] 10.0.0.230 "GET /v2.0/ports?device_id=e55a3108-17c9-40b0-aae3-cd8fe5fd974d HTTP/1.1" status: 200 len: 1168 time: 0.0417187
2026-05-12 17:39:32.092 10 INFO neutron.wsgi [-] 10.0.0.211 "GET / HTTP/1.1" status: 200 len: 246 time: 0.0024040
2026-05-12 17:39:32.094 10 INFO neutron.wsgi [-] 10.0.0.211 "GET / HTTP/1.1" status: 200 len: 246 time: 0.0013001
2026-05-12 17:39:32.097 9 INFO neutron.wsgi [req-690f2101-c562-4608-8e3d-f3a9a3a08f3f req-febcce70-ec23-4ee4-bc6f-b17b4cc7e2ef edba51cc71f14e17b888719efc526c6d 40877bd1730e4061a61f09bb036278dc - - default default] 10.0.0.230 "GET /v2.0/security-groups?id=06d003c0-37bd-4371-a239-3c9c6de54653&fields=id&fields=name HTTP/1.1" status: 200 len: 286 time: 0.0375743
2026-05-12 17:39:32.105 10 INFO neutron.wsgi [None req-96d40f85-4bd6-472f-9317-67af72f4d771 a3c963cec92a49e49d3b16938df9dbf3 be0d6c1e66e94dd7b3388cb1d83dc57d - - - -] 10.0.0.117 "DELETE /v2.0/security-groups/5ef278c4-02da-4fee-820e-ca95764d632d HTTP/1.1" status: 204 len: 168 time: 0.1886036
2026-05-12 17:39:32.378 10 INFO neutron.wsgi [req-8e2f933d-2400-491d-b9a3-005447df653f req-82b9debc-586d-4edb-bec7-2cb3ae474387 51d1cdc97dde46c6aeddb23a8488bc31 b5ca4beda2c744dcbcadd0d281c6ab51 - - default default] 10.0.0.230 "GET /v2.0/networks?id=955fd82c-1fbb-4100-b8e7-91c6776d1a11 HTTP/1.1" status: 200 len: 872 time: 0.0734558
2026-05-12 17:39:32.395 10 INFO neutron.wsgi [req-8e2f933d-2400-491d-b9a3-005447df653f req-7fc9c577-63e4-413f-a0f6-74b121746602 51d1cdc97dde46c6aeddb23a8488bc31 b5ca4beda2c744dcbcadd0d281c6ab51 - - default default] 10.0.0.230 "GET /v2.0/quotas/b5ca4beda2c744dcbcadd0d281c6ab51 HTTP/1.1" status: 200 len: 386 time: 0.0091588
2026-05-12 17:39:32.490 10 INFO neutron.wsgi [req-8e2f933d-2400-491d-b9a3-005447df653f req-b5db5c2f-9c9e-44cb-a8e6-cc1cc7a862d2 51d1cdc97dde46c6aeddb23a8488bc31 b5ca4beda2c744dcbcadd0d281c6ab51 - - default default] 10.0.0.230 "GET /v2.0/ports?tenant_id=b5ca4beda2c744dcbcadd0d281c6ab51&fields=id HTTP/1.1" status: 200 len: 302 time: 0.0867386
2026-05-12 17:39:32.568 10 INFO neutron.wsgi [req-8e2f933d-2400-491d-b9a3-005447df653f req-8615ca6d-946a-4d8c-80a5-30ab36d5c8d5 82a9e57fcb8547bd8bfe8c16d5e3e2da 8aeddd43cb6e4e32a38c24203e18ffc8 - - 4fda8fe893784c899a6c17a416dd77f1 4fda8fe893784c899a6c17a416dd77f1] 10.0.0.230 "GET /v2.0/networks/955fd82c-1fbb-4100-b8e7-91c6776d1a11?fields=segments HTTP/1.1" status: 200 len: 212 time: 0.0684392
2026-05-12 17:39:32.635 10 INFO neutron.wsgi [req-8e2f933d-2400-491d-b9a3-005447df653f req-564420e0-48f4-4d7f-834a-823b1777e8dc 82a9e57fcb8547bd8bfe8c16d5e3e2da 8aeddd43cb6e4e32a38c24203e18ffc8 - - 4fda8fe893784c899a6c17a416dd77f1 4fda8fe893784c899a6c17a416dd77f1] 10.0.0.230 "GET /v2.0/networks/955fd82c-1fbb-4100-b8e7-91c6776d1a11?fields=provider%3Aphysical_network&fields=provider%3Anetwork_type HTTP/1.1" status: 200 len: 277 time: 0.0595202
2026-05-12 17:39:32.787 9 INFO neutron.wsgi [req-eec3f39e-b72e-4551-8643-e1f7a18880df req-fa53fb30-4384-4cb8-9c95-a40081bcc04a 51d1cdc97dde46c6aeddb23a8488bc31 b5ca4beda2c744dcbcadd0d281c6ab51 - - default default] 10.0.0.230 "GET /v2.0/ports?device_id=96809bc8-aa3e-44bf-9f69-846e4463769e HTTP/1.1" status: 200 len: 210 time: 0.0227427
2026-05-12 17:39:33.229 9 INFO neutron.db.ovn_revision_numbers_db [None req-a8eddd14-4be1-4214-a8ad-7859126199dc a3c963cec92a49e49d3b16938df9dbf3 be0d6c1e66e94dd7b3388cb1d83dc57d - - default default] Successfully bumped revision number for resource 97641f12-624d-4a33-8dc2-c7a78a0110bb (type: security_groups) to 1
2026-05-12 17:39:33.258 9 INFO neutron.wsgi [None req-a8eddd14-4be1-4214-a8ad-7859126199dc a3c963cec92a49e49d3b16938df9dbf3 be0d6c1e66e94dd7b3388cb1d83dc57d - - default default] 10.0.0.117 "GET /v2.0/security-groups?tenant_id=2303e9e57f604ccfb01261b7593c97ec&name=default HTTP/1.1" status: 200 len: 2996 time: 0.2851391
2026-05-12 17:39:33.261 10 INFO neutron.wsgi [req-0e5f8396-6e46-4184-9eeb-441caa1d0c3f req-2fdbbc9c-2c81-422e-ba47-d4191eaf96f1 edba51cc71f14e17b888719efc526c6d 40877bd1730e4061a61f09bb036278dc - - default default] 10.0.0.230 "GET /v2.0/ports?device_id=e55a3108-17c9-40b0-aae3-cd8fe5fd974d HTTP/1.1" status: 200 len: 1168 time: 0.0943503
2026-05-12 17:39:33.306 10 INFO neutron.wsgi [req-0e5f8396-6e46-4184-9eeb-441caa1d0c3f req-3b7b8283-3d97-4c1a-ba22-b5f6df952e8a edba51cc71f14e17b888719efc526c6d 40877bd1730e4061a61f09bb036278dc - - default default] 10.0.0.230 "GET /v2.0/security-groups?id=06d003c0-37bd-4371-a239-3c9c6de54653&fields=id&fields=name HTTP/1.1" status: 200 len: 286 time: 0.0381370
2026-05-12 17:39:33.454 10 INFO neutron.wsgi [req-8e2f933d-2400-491d-b9a3-005447df653f req-5a1e3eb0-3092-497a-a3aa-3e6018c1d31a 51d1cdc97dde46c6aeddb23a8488bc31 b5ca4beda2c744dcbcadd0d281c6ab51 - - default default] 199.19.213.202 "GET /v2.0/networks?id=955fd82c-1fbb-4100-b8e7-91c6776d1a11 HTTP/1.1" status: 200 len: 872 time: 0.0748420
2026-05-12 17:39:33.462 9 INFO neutron.wsgi [None req-ce265f7a-329d-4d44-ab8f-cb93baa5ffbd a3c963cec92a49e49d3b16938df9dbf3 be0d6c1e66e94dd7b3388cb1d83dc57d - - - -] 10.0.0.117 "DELETE /v2.0/security-groups/97641f12-624d-4a33-8dc2-c7a78a0110bb HTTP/1.1" status: 204 len: 168 time: 0.1930306
2026-05-12 17:39:33.521 9 WARNING neutron.plugins.ml2.drivers.ovn.mech_driver.ovsdb.ovn_client [None req-a5edc48e-2038-4080-898e-79bda5234fe6 - - - - - -] No hosting information found for port 67ea4a85-63d4-4650-99e6-9aede96221ed: RuntimeError: No hosting information found for port 67ea4a85-63d4-4650-99e6-9aede96221ed
2026-05-12 17:39:33.521 9 INFO neutron.plugins.ml2.drivers.ovn.mech_driver.mech_driver [None req-a5edc48e-2038-4080-898e-79bda5234fe6 - - - - - -] OVN reports status up for port: 3efe766f-8b72-4ae2-8d2e-9cbbf93801a7
2026-05-12 17:39:33.550 9 INFO neutron.plugins.ml2.plugin [None req-a5edc48e-2038-4080-898e-79bda5234fe6 - - - - - -] Attempt 1 to provision port 3efe766f-8b72-4ae2-8d2e-9cbbf93801a7
2026-05-12 17:39:33.836 10 INFO neutron.db.ovn_revision_numbers_db [None req-12bcfda0-7b7f-4272-98ce-0000fd3b3c27 a3c963cec92a49e49d3b16938df9dbf3 be0d6c1e66e94dd7b3388cb1d83dc57d - - default default] Successfully bumped revision number for resource 5a20fcf4-a93e-4101-b1ae-97482c0e5891 (type: security_groups) to 1
2026-05-12 17:39:33.968 9 INFO neutron.notifiers.nova [-] Nova event matching ['req-2a5de2c5-6360-416e-a773-d5c3fc125997'] response: {'server_uuid': 'e55a3108-17c9-40b0-aae3-cd8fe5fd974d', 'name': 'network-vif-plugged', 'status': 'completed', 'tag': '3efe766f-8b72-4ae2-8d2e-9cbbf93801a7', 'code': 200}
2026-05-12 17:39:33.972 9 INFO neutron.wsgi [-] 10.0.0.117 "GET / HTTP/1.1" status: 200 len: 279 time: 0.0013585
2026-05-12 17:39:34.085 9 INFO neutron.wsgi [None req-f2a66704-2340-46ee-afb4-ced4a9816a42 50838db3be764fdebd8cb958466990af c6b2341b9f7647c2862f1e23a05274f9 - - default default] 10.0.0.117 "GET /v2.0/ HTTP/1.1" status: 200 len: 826 time: 0.1059175 /var/lib/openstack/lib/python3.10/site-packages/pycadf/identifier.py:71: UserWarning: Invalid uuid: neutron. To ensure interoperability, identifiers should be a valid uuid. warnings.warn(('Invalid uuid: %s. To ensure interoperability, '
2026-05-12 17:39:34.127 9 INFO neutron.db.ovn_revision_numbers_db [None req-a5edc48e-2038-4080-898e-79bda5234fe6 - - - - - -] Successfully bumped revision number for resource 3efe766f-8b72-4ae2-8d2e-9cbbf93801a7 (type: ports) to 4
2026-05-12 17:39:34.155 10 WARNING neutron.scheduler.dhcp_agent_scheduler [None req-b4f46efd-f82b-4359-81ef-4a8f21238ba9 51d1cdc97dde46c6aeddb23a8488bc31 b5ca4beda2c744dcbcadd0d281c6ab51 - - - -] No more DHCP agents
2026-05-12 17:39:34.159 10 INFO neutron.wsgi [None req-12bcfda0-7b7f-4272-98ce-0000fd3b3c27 a3c963cec92a49e49d3b16938df9dbf3 be0d6c1e66e94dd7b3388cb1d83dc57d - - default default] 10.0.0.117 "GET /v2.0/security-groups?tenant_id=68eb14efb221426f8e822681cc06d5d6&name=default HTTP/1.1" status: 200 len: 2996 time: 0.5026734
2026-05-12 17:39:34.162 10 WARNING neutron.api.rpc.agentnotifiers.dhcp_rpc_agent_api [None req-b4f46efd-f82b-4359-81ef-4a8f21238ba9 51d1cdc97dde46c6aeddb23a8488bc31 b5ca4beda2c744dcbcadd0d281c6ab51 - - - -] Unable to schedule network 955fd82c-1fbb-4100-b8e7-91c6776d1a11: no agents available; will retry on subsequent port and subnet creation events.
2026-05-12 17:39:34.180 10 INFO neutron.wsgi [req-61b4aa53-7a81-4f65-8bc2-3c6ec4041cb7 req-20c46ff8-0f3e-4125-9e5a-e17a81d06a43 51d1cdc97dde46c6aeddb23a8488bc31 b5ca4beda2c744dcbcadd0d281c6ab51 - - default default] 10.0.0.230 "GET /v2.0/ports?device_id=96809bc8-aa3e-44bf-9f69-846e4463769e HTTP/1.1" status: 200 len: 1156 time: 0.0653739 /var/lib/openstack/lib/python3.10/site-packages/pycadf/identifier.py:71: UserWarning: Invalid uuid: neutron. To ensure interoperability, identifiers should be a valid uuid. warnings.warn(('Invalid uuid: %s. To ensure interoperability, '
2026-05-12 17:39:34.213 10 INFO neutron.wsgi [req-61b4aa53-7a81-4f65-8bc2-3c6ec4041cb7 req-9676656c-a32d-4bc8-8aca-a66d08feb54d 51d1cdc97dde46c6aeddb23a8488bc31 b5ca4beda2c744dcbcadd0d281c6ab51 - - default default] 10.0.0.230 "GET /v2.0/security-groups?id=6d00f57a-919c-4564-9312-2beba4096e56&fields=id&fields=name HTTP/1.1" status: 200 len: 286 time: 0.0292602
2026-05-12 17:39:34.335 10 INFO neutron.db.ovn_revision_numbers_db [None req-b4f46efd-f82b-4359-81ef-4a8f21238ba9 51d1cdc97dde46c6aeddb23a8488bc31 b5ca4beda2c744dcbcadd0d281c6ab51 - - - -] Successfully bumped revision number for resource 0b5ebff4-52aa-4801-8551-f5b33c7f2a5a (type: ports) to 1
2026-05-12 17:39:34.358 9 INFO neutron.wsgi [None req-7c734339-3632-4f5c-981f-a0768cf101f8 a3c963cec92a49e49d3b16938df9dbf3 be0d6c1e66e94dd7b3388cb1d83dc57d - - - -] 10.0.0.117 "DELETE /v2.0/security-groups/5a20fcf4-a93e-4101-b1ae-97482c0e5891 HTTP/1.1" status: 204 len: 168 time: 0.1880786
2026-05-12 17:39:34.359 10 INFO neutron.wsgi [None req-b4f46efd-f82b-4359-81ef-4a8f21238ba9 51d1cdc97dde46c6aeddb23a8488bc31 b5ca4beda2c744dcbcadd0d281c6ab51 - - - -] 199.19.213.202 "POST /v2.0/ports HTTP/1.1" status: 201 len: 1158 time: 0.8994286 /var/lib/openstack/lib/python3.10/site-packages/pycadf/identifier.py:71: UserWarning: Invalid uuid: neutron. To ensure interoperability, identifiers should be a valid uuid. warnings.warn(('Invalid uuid: %s. To ensure interoperability, '
2026-05-12 17:39:34.415 9 INFO neutron.wsgi [req-8d0114f1-edd8-44e3-b784-16a40032e034 req-812cc220-3b60-4e10-9dc6-8bcd5e0d52e9 edba51cc71f14e17b888719efc526c6d 40877bd1730e4061a61f09bb036278dc - - default default] 10.0.0.230 "GET /v2.0/ports?device_id=e55a3108-17c9-40b0-aae3-cd8fe5fd974d HTTP/1.1" status: 200 len: 1170 time: 0.0365906
2026-05-12 17:39:34.456 9 INFO neutron.wsgi [req-8d0114f1-edd8-44e3-b784-16a40032e034 req-9426cebb-19fe-465f-93cc-4e33326c92e3 edba51cc71f14e17b888719efc526c6d 40877bd1730e4061a61f09bb036278dc - - default default] 10.0.0.230 "GET /v2.0/security-groups?id=06d003c0-37bd-4371-a239-3c9c6de54653&fields=id&fields=name HTTP/1.1" status: 200 len: 286 time: 0.0338464 /var/lib/openstack/lib/python3.10/site-packages/pycadf/identifier.py:71: UserWarning: Invalid uuid: neutron. To ensure interoperability, identifiers should be a valid uuid. warnings.warn(('Invalid uuid: %s. To ensure interoperability, '
2026-05-12 17:39:34.784 10 INFO neutron.db.ovn_revision_numbers_db [None req-44e714b6-e15d-4493-b393-7fc080b89b6c 82a9e57fcb8547bd8bfe8c16d5e3e2da 8aeddd43cb6e4e32a38c24203e18ffc8 - - - -] Successfully bumped revision number for resource 0b5ebff4-52aa-4801-8551-f5b33c7f2a5a (type: ports) to 2
2026-05-12 17:39:34.790 10 INFO neutron.wsgi [req-266145c5-13be-48c9-b399-5182119e1b40 req-92bb2892-2ce4-4e56-946a-5d0ca830cc6b edba51cc71f14e17b888719efc526c6d 40877bd1730e4061a61f09bb036278dc - - default default] 10.0.0.230 "GET /v2.0/ports?device_id=e55a3108-17c9-40b0-aae3-cd8fe5fd974d HTTP/1.1" status: 200 len: 1170 time: 0.0297961
2026-05-12 17:39:34.837 9 INFO neutron.plugins.ml2.drivers.ovn.mech_driver.mech_driver [None req-a5edc48e-2038-4080-898e-79bda5234fe6 - - - - - -] OVN reports status down for port: 3efe766f-8b72-4ae2-8d2e-9cbbf93801a7
2026-05-12 17:39:34.854 10 INFO neutron.wsgi [req-266145c5-13be-48c9-b399-5182119e1b40 req-6232e09a-a04c-4b2e-b0c3-07b1dd8d5d42 edba51cc71f14e17b888719efc526c6d 40877bd1730e4061a61f09bb036278dc - - default default] 10.0.0.230 "GET /v2.0/security-groups?id=06d003c0-37bd-4371-a239-3c9c6de54653&fields=id&fields=name HTTP/1.1" status: 200 len: 286 time: 0.0560410
2026-05-12 17:39:34.953 9 INFO neutron.db.ovn_revision_numbers_db [None req-e2b97e24-1fcf-4c9f-9c36-2e9676cd797f a3c963cec92a49e49d3b16938df9dbf3 be0d6c1e66e94dd7b3388cb1d83dc57d - - default default] Successfully bumped revision number for resource aca46356-ab3b-448a-bc6c-f4ca11a80215 (type: security_groups) to 1
2026-05-12 17:39:34.985 10 INFO neutron.db.ovn_revision_numbers_db [None req-44e714b6-e15d-4493-b393-7fc080b89b6c 82a9e57fcb8547bd8bfe8c16d5e3e2da 8aeddd43cb6e4e32a38c24203e18ffc8 - - - -] Successfully bumped revision number for resource 0b5ebff4-52aa-4801-8551-f5b33c7f2a5a (type: ports) to 2
2026-05-12 17:39:34.997 9 INFO neutron.wsgi [None req-e2b97e24-1fcf-4c9f-9c36-2e9676cd797f a3c963cec92a49e49d3b16938df9dbf3 be0d6c1e66e94dd7b3388cb1d83dc57d - - default default] 10.0.0.117 "GET /v2.0/security-groups?tenant_id=c6b2341b9f7647c2862f1e23a05274f9&name=default HTTP/1.1" status: 200 len: 2996 time: 0.3550181
2026-05-12 17:39:35.002 10 INFO neutron.wsgi [None req-44e714b6-e15d-4493-b393-7fc080b89b6c 82a9e57fcb8547bd8bfe8c16d5e3e2da 8aeddd43cb6e4e32a38c24203e18ffc8 - - - -] 199.19.213.202 "PUT /v2.0/ports/0b5ebff4-52aa-4801-8551-f5b33c7f2a5a HTTP/1.1" status: 200 len: 1328 time: 0.6356342
2026-05-12 17:39:35.038 10 INFO neutron.notifiers.nova [-] Nova event matching ['req-f30b4d8a-ec1b-4fc6-9a8c-98359d0b8afc'] response: {'name': 'network-changed', 'server_uuid': '96809bc8-aa3e-44bf-9f69-846e4463769e', 'tag': '0b5ebff4-52aa-4801-8551-f5b33c7f2a5a', 'status': 'completed', 'code': 200} /var/lib/openstack/lib/python3.10/site-packages/pycadf/identifier.py:71: UserWarning: Invalid uuid: neutron. To ensure interoperability, identifiers should be a valid uuid. warnings.warn(('Invalid uuid: %s. To ensure interoperability, '
2026-05-12 17:39:35.069 10 INFO neutron.wsgi [req-8e2f933d-2400-491d-b9a3-005447df653f req-e65e8d92-1e14-45c1-9389-b0ff60caf898 82a9e57fcb8547bd8bfe8c16d5e3e2da 8aeddd43cb6e4e32a38c24203e18ffc8 - - 4fda8fe893784c899a6c17a416dd77f1 4fda8fe893784c899a6c17a416dd77f1] 199.19.213.202 "GET /v2.0/ports?tenant_id=b5ca4beda2c744dcbcadd0d281c6ab51&device_id=96809bc8-aa3e-44bf-9f69-846e4463769e HTTP/1.1" status: 200 len: 1359 time: 0.0265250
2026-05-12 17:39:35.101 10 INFO neutron.wsgi [req-8e2f933d-2400-491d-b9a3-005447df653f req-a1ced3e5-6e97-4ce1-9091-0a1ee0a839e2 82a9e57fcb8547bd8bfe8c16d5e3e2da 8aeddd43cb6e4e32a38c24203e18ffc8 - - 4fda8fe893784c899a6c17a416dd77f1 4fda8fe893784c899a6c17a416dd77f1] 199.19.213.202 "GET /v2.0/floatingips?fixed_ip_address=10.100.0.9&port_id=0b5ebff4-52aa-4801-8551-f5b33c7f2a5a HTTP/1.1" status: 200 len: 217 time: 0.0254228
2026-05-12 17:39:35.145 10 INFO neutron.wsgi [req-8e2f933d-2400-491d-b9a3-005447df653f req-82a132b7-d737-4002-8733-82bbcfc82893 82a9e57fcb8547bd8bfe8c16d5e3e2da 8aeddd43cb6e4e32a38c24203e18ffc8 - - 4fda8fe893784c899a6c17a416dd77f1 4fda8fe893784c899a6c17a416dd77f1] 199.19.213.202 "GET /v2.0/subnets?id=c7820913-3896-4009-b939-b73c71fe68b0 HTTP/1.1" status: 200 len: 866 time: 0.0351133
2026-05-12 17:39:35.155 9 INFO neutron.db.ovn_revision_numbers_db [None req-a5edc48e-2038-4080-898e-79bda5234fe6 - - - - - -] Successfully bumped revision number for resource 3efe766f-8b72-4ae2-8d2e-9cbbf93801a7 (type: ports) to 5
2026-05-12 17:39:35.176 10 INFO neutron.wsgi [req-8e2f933d-2400-491d-b9a3-005447df653f req-9def0741-f5d4-4e80-bbf7-85b04e4921c0 82a9e57fcb8547bd8bfe8c16d5e3e2da 8aeddd43cb6e4e32a38c24203e18ffc8 - - 4fda8fe893784c899a6c17a416dd77f1 4fda8fe893784c899a6c17a416dd77f1] 199.19.213.202 "GET /v2.0/ports?network_id=955fd82c-1fbb-4100-b8e7-91c6776d1a11&device_owner=network%3Adhcp HTTP/1.1" status: 200 len: 210 time: 0.0234516
2026-05-12 17:39:35.227 9 INFO neutron.wsgi [req-f178255d-24c4-4493-b9f5-eefe9600db31 req-7791ef03-7c29-4e55-b692-acbcb3bbac0a edba51cc71f14e17b888719efc526c6d 40877bd1730e4061a61f09bb036278dc - - default default] 199.19.213.202 "GET /v2.0/ports?device_id=e55a3108-17c9-40b0-aae3-cd8fe5fd974d HTTP/1.1" status: 200 len: 1168 time: 0.1099813 /var/lib/openstack/lib/python3.10/site-packages/pycadf/identifier.py:71: UserWarning: Invalid uuid: neutron. To ensure interoperability, identifiers should be a valid uuid. warnings.warn(('Invalid uuid: %s. To ensure interoperability, '
