2026-05-12 17:41:01.380 10 INFO neutron.wsgi [None req-75d5d5b0-5557-41e7-87a2-0a3b60261ee4 a3c963cec92a49e49d3b16938df9dbf3 be0d6c1e66e94dd7b3388cb1d83dc57d - - - -] 10.0.0.117 "DELETE /v2.0/security-groups/00ad7b97-afbb-42b0-8983-a2f4fa886986 HTTP/1.1" status: 204 len: 168 time: 0.1586637
2026-05-12 17:41:01.598 9 INFO neutron.db.ovn_revision_numbers_db [None req-5485eff0-4c8c-4091-844d-b0b0eee488ff 4af6d2434bae430b83c61a50b14f33cd 86e6311f619a443d8fae00d751d56311 - - - -] Successfully bumped revision number for resource 6db91815-76ba-4f04-9693-536dd79eb798 (type: ports) to 2
2026-05-12 17:41:01.612 9 INFO neutron.db.ovn_revision_numbers_db [None req-5485eff0-4c8c-4091-844d-b0b0eee488ff 4af6d2434bae430b83c61a50b14f33cd 86e6311f619a443d8fae00d751d56311 - - - -] Successfully bumped revision number for resource 091ca847-c76f-415d-962f-53d0765f203b (type: subnets) to 0
2026-05-12 17:41:01.627 9 INFO neutron.wsgi [None req-5485eff0-4c8c-4091-844d-b0b0eee488ff 4af6d2434bae430b83c61a50b14f33cd 86e6311f619a443d8fae00d751d56311 - - - -] 10.0.0.117 "POST /v2.0/subnets HTTP/1.1" status: 201 len: 831 time: 0.7385716
2026-05-12 17:41:01.890 9 WARNING neutron.scheduler.dhcp_agent_scheduler [None req-5063d4bd-44dd-4ba7-a3a6-2bae1a0485ee 4af6d2434bae430b83c61a50b14f33cd 86e6311f619a443d8fae00d751d56311 - - - -] No more DHCP agents
2026-05-12 17:41:01.892 9 WARNING neutron.api.rpc.agentnotifiers.dhcp_rpc_agent_api [None req-5063d4bd-44dd-4ba7-a3a6-2bae1a0485ee 4af6d2434bae430b83c61a50b14f33cd 86e6311f619a443d8fae00d751d56311 - - - -] Unable to schedule network b10c69b1-cd6b-436c-9b88-cd8214b35b61: no agents available; will retry on subsequent port and subnet creation events.
2026-05-12 17:41:01.904 9 INFO neutron.db.ovn_revision_numbers_db [None req-5063d4bd-44dd-4ba7-a3a6-2bae1a0485ee 4af6d2434bae430b83c61a50b14f33cd 86e6311f619a443d8fae00d751d56311 - - - -] Successfully bumped revision number for resource 5c7363bd-f751-4055-8a76-15f1a58db42e (type: subnets) to 0
2026-05-12 17:41:01.921 9 INFO neutron.wsgi [None req-5063d4bd-44dd-4ba7-a3a6-2bae1a0485ee 4af6d2434bae430b83c61a50b14f33cd 86e6311f619a443d8fae00d751d56311 - - - -] 10.0.0.117 "POST /v2.0/subnets HTTP/1.1" status: 201 len: 905 time: 0.2867439
2026-05-12 17:41:02.090 9 INFO neutron.wsgi [-] 10.0.0.211 "GET / HTTP/1.1" status: 200 len: 246 time: 0.0015719
2026-05-12 17:41:02.092 9 INFO neutron.wsgi [-] 10.0.0.211 "GET / HTTP/1.1" status: 200 len: 246 time: 0.0009050
2026-05-12 17:41:02.419 9 WARNING neutron.scheduler.dhcp_agent_scheduler [None req-fddbc429-9b78-47a0-8e6c-9e0981b089b1 4af6d2434bae430b83c61a50b14f33cd 86e6311f619a443d8fae00d751d56311 - - - -] No more DHCP agents
2026-05-12 17:41:02.421 9 WARNING neutron.api.rpc.agentnotifiers.dhcp_rpc_agent_api [None req-fddbc429-9b78-47a0-8e6c-9e0981b089b1 4af6d2434bae430b83c61a50b14f33cd 86e6311f619a443d8fae00d751d56311 - - - -] Unable to schedule network 6b5703c8-791d-46fc-980b-3fe18a6de094: no agents available; will retry on subsequent port and subnet creation events.
2026-05-12 17:41:02.558 9 INFO neutron.db.ovn_revision_numbers_db [None req-fddbc429-9b78-47a0-8e6c-9e0981b089b1 4af6d2434bae430b83c61a50b14f33cd 86e6311f619a443d8fae00d751d56311 - - - -] Successfully bumped revision number for resource c356732d-99dc-49c1-8236-b980fedccc7b (type: ports) to 1
2026-05-12 17:41:03.454 9 INFO neutron.plugins.ml2.drivers.ovn.mech_driver.mech_driver [None req-a5edc48e-2038-4080-898e-79bda5234fe6 - - - - - -] OVN reports status up for port: c356732d-99dc-49c1-8236-b980fedccc7b
2026-05-12 17:41:03.463 10 INFO neutron.plugins.ml2.drivers.ovn.mech_driver.ovsdb.ovsdb_monitor [None req-1185c539-2e4b-43c9-8c0d-9b98c39fa577 - - - - - -] Router b0bec9a4-9ba4-454e-ac66-e36e6b3dcc54 is bound to host instance
2026-05-12 17:41:03.482 9 INFO neutron.db.ovn_revision_numbers_db [None req-fddbc429-9b78-47a0-8e6c-9e0981b089b1 4af6d2434bae430b83c61a50b14f33cd 86e6311f619a443d8fae00d751d56311 - - - -] Successfully bumped revision number for resource c356732d-99dc-49c1-8236-b980fedccc7b (type: router_ports) to 1
2026-05-12 17:41:03.485 9 INFO neutron.plugins.ml2.plugin [None req-a5edc48e-2038-4080-898e-79bda5234fe6 - - - - - -] Attempt 1 to provision port c356732d-99dc-49c1-8236-b980fedccc7b
2026-05-12 17:41:03.618 9 INFO neutron.db.ovn_revision_numbers_db [None req-fddbc429-9b78-47a0-8e6c-9e0981b089b1 4af6d2434bae430b83c61a50b14f33cd 86e6311f619a443d8fae00d751d56311 - - - -] Successfully bumped revision number for resource b0bec9a4-9ba4-454e-ac66-e36e6b3dcc54 (type: routers) to 3
2026-05-12 17:41:03.637 9 INFO neutron.wsgi [None req-fddbc429-9b78-47a0-8e6c-9e0981b089b1 4af6d2434bae430b83c61a50b14f33cd 86e6311f619a443d8fae00d751d56311 - - - -] 10.0.0.117 "POST /v2.0/routers HTTP/1.1" status: 201 len: 865 time: 1.7096491
2026-05-12 17:41:04.035 10 INFO neutron.db.ovn_revision_numbers_db [None req-1185c539-2e4b-43c9-8c0d-9b98c39fa577 - - - - - -] Successfully bumped revision number for resource c356732d-99dc-49c1-8236-b980fedccc7b (type: ports) to 1
2026-05-12 17:41:04.230 9 WARNING neutron.scheduler.dhcp_agent_scheduler [None req-6a21b792-ebb9-499e-aed4-0608b3c4b419 4af6d2434bae430b83c61a50b14f33cd 86e6311f619a443d8fae00d751d56311 - - default default] No more DHCP agents
2026-05-12 17:41:04.233 9 WARNING neutron.api.rpc.agentnotifiers.dhcp_rpc_agent_api [None req-6a21b792-ebb9-499e-aed4-0608b3c4b419 4af6d2434bae430b83c61a50b14f33cd 86e6311f619a443d8fae00d751d56311 - - default default] Unable to schedule network 25f82923-368d-4980-80bf-cf4907cc85cc: no agents available; will retry on subsequent port and subnet creation events.
2026-05-12 17:41:04.423 9 INFO neutron.db.ovn_revision_numbers_db [None req-6a21b792-ebb9-499e-aed4-0608b3c4b419 4af6d2434bae430b83c61a50b14f33cd 86e6311f619a443d8fae00d751d56311 - - default default] Successfully bumped revision number for resource 0419eb33-665d-48e8-8247-5cc2268a3ab8 (type: ports) to 1
2026-05-12 17:41:04.630 10 INFO neutron.db.ovn_revision_numbers_db [None req-1185c539-2e4b-43c9-8c0d-9b98c39fa577 - - - - - -] Successfully bumped revision number for resource c356732d-99dc-49c1-8236-b980fedccc7b (type: router_ports) to 3
2026-05-12 17:41:04.793 10 INFO neutron.db.ovn_revision_numbers_db [None req-1185c539-2e4b-43c9-8c0d-9b98c39fa577 - - - - - -] Successfully bumped revision number for resource c356732d-99dc-49c1-8236-b980fedccc7b (type: ports) to 2
2026-05-12 17:41:05.017 10 INFO neutron.plugins.ml2.drivers.ovn.mech_driver.mech_driver [None req-501a496a-0938-4bf7-ab62-f161276a63e2 - - - - - -] OVN reports status up for port: 0419eb33-665d-48e8-8247-5cc2268a3ab8
2026-05-12 17:41:05.027 10 INFO neutron.plugins.ml2.plugin [None req-501a496a-0938-4bf7-ab62-f161276a63e2 - - - - - -] Attempt 1 to provision port 0419eb33-665d-48e8-8247-5cc2268a3ab8
2026-05-12 17:41:05.036 9 INFO neutron.db.ovn_revision_numbers_db [None req-6a21b792-ebb9-499e-aed4-0608b3c4b419 4af6d2434bae430b83c61a50b14f33cd 86e6311f619a443d8fae00d751d56311 - - default default] Successfully bumped revision number for resource 0419eb33-665d-48e8-8247-5cc2268a3ab8 (type: router_ports) to 2
2026-05-12 17:41:05.043 10 INFO neutron.db.ovn_revision_numbers_db [None req-1185c539-2e4b-43c9-8c0d-9b98c39fa577 - - - - - -] Successfully bumped revision number for resource c356732d-99dc-49c1-8236-b980fedccc7b (type: ports) to 4
2026-05-12 17:41:05.162 9 INFO neutron.db.ovn_revision_numbers_db [None req-9daa16c0-6b33-478d-ad4b-8d0260e5094c a3c963cec92a49e49d3b16938df9dbf3 be0d6c1e66e94dd7b3388cb1d83dc57d - - default default] Successfully bumped revision number for resource dc011cf3-8c58-4252-9728-9e6290fc4070 (type: security_groups) to 1
2026-05-12 17:41:05.203 9 INFO neutron.wsgi [None req-9daa16c0-6b33-478d-ad4b-8d0260e5094c a3c963cec92a49e49d3b16938df9dbf3 be0d6c1e66e94dd7b3388cb1d83dc57d - - default default] 10.0.0.117 "GET /v2.0/security-groups?tenant_id=d66bd60bb0814009acbe28dc558860cf&name=default HTTP/1.1" status: 200 len: 2996 time: 0.3304698
2026-05-12 17:41:05.250 9 INFO neutron.db.ovn_revision_numbers_db [None req-6a21b792-ebb9-499e-aed4-0608b3c4b419 4af6d2434bae430b83c61a50b14f33cd 86e6311f619a443d8fae00d751d56311 - - default default] Successfully bumped revision number for resource 0419eb33-665d-48e8-8247-5cc2268a3ab8 (type: ports) to 2
2026-05-12 17:41:05.343 9 WARNING neutron.scheduler.dhcp_agent_scheduler [None req-6a21b792-ebb9-499e-aed4-0608b3c4b419 4af6d2434bae430b83c61a50b14f33cd 86e6311f619a443d8fae00d751d56311 - - default default] No more DHCP agents
2026-05-12 17:41:05.347 9 WARNING neutron.api.rpc.agentnotifiers.dhcp_rpc_agent_api [None req-6a21b792-ebb9-499e-aed4-0608b3c4b419 4af6d2434bae430b83c61a50b14f33cd 86e6311f619a443d8fae00d751d56311 - - default default] Unable to schedule network 25f82923-368d-4980-80bf-cf4907cc85cc: no agents available; will retry on subsequent port and subnet creation events.
2026-05-12 17:41:05.382 10 INFO neutron.db.ovn_revision_numbers_db [None req-1185c539-2e4b-43c9-8c0d-9b98c39fa577 - - - - - -] Successfully bumped revision number for resource c356732d-99dc-49c1-8236-b980fedccc7b (type: router_ports) to 4
2026-05-12 17:41:05.429 10 INFO neutron.db.ovn_revision_numbers_db [None req-501a496a-0938-4bf7-ab62-f161276a63e2 - - - - - -] Successfully bumped revision number for resource 0419eb33-665d-48e8-8247-5cc2268a3ab8 (type: ports) to 3
2026-05-12 17:41:05.485 9 INFO neutron.wsgi [None req-36545861-d4fe-423c-a21e-2200ec50675e a3c963cec92a49e49d3b16938df9dbf3 be0d6c1e66e94dd7b3388cb1d83dc57d - - - -] 10.0.0.117 "DELETE /v2.0/security-groups/dc011cf3-8c58-4252-9728-9e6290fc4070 HTTP/1.1" status: 204 len: 168 time: 0.2769601
2026-05-12 17:41:05.535 10 INFO neutron.db.ovn_revision_numbers_db [None req-501a496a-0938-4bf7-ab62-f161276a63e2 - - - - - -] Successfully bumped revision number for resource 0419eb33-665d-48e8-8247-5cc2268a3ab8 (type: router_ports) to 3
2026-05-12 17:41:05.706 9 INFO neutron.db.ovn_revision_numbers_db [None req-6a21b792-ebb9-499e-aed4-0608b3c4b419 4af6d2434bae430b83c61a50b14f33cd 86e6311f619a443d8fae00d751d56311 - - - -] Successfully bumped revision number for resource 0419eb33-665d-48e8-8247-5cc2268a3ab8 (type: router_ports) to 3
2026-05-12 17:41:05.710 9 INFO neutron.wsgi [None req-6a21b792-ebb9-499e-aed4-0608b3c4b419 4af6d2434bae430b83c61a50b14f33cd 86e6311f619a443d8fae00d751d56311 - - - -] 10.0.0.117 "PUT /v2.0/routers/b0bec9a4-9ba4-454e-ac66-e36e6b3dcc54/add_router_interface HTTP/1.1" status: 200 len: 503 time: 2.0677292
2026-05-12 17:41:06.237 9 WARNING neutron.scheduler.dhcp_agent_scheduler [None req-7e545ae6-a699-41de-9d6d-ed292d8a9941 4af6d2434bae430b83c61a50b14f33cd 86e6311f619a443d8fae00d751d56311 - - default default] No more DHCP agents
2026-05-12 17:41:06.240 9 WARNING neutron.api.rpc.agentnotifiers.dhcp_rpc_agent_api [None req-7e545ae6-a699-41de-9d6d-ed292d8a9941 4af6d2434bae430b83c61a50b14f33cd 86e6311f619a443d8fae00d751d56311 - - default default] Unable to schedule network 57a3e3aa-d4bc-47de-a24a-553f081fa37f: no agents available; will retry on subsequent port and subnet creation events.
2026-05-12 17:41:06.341 10 INFO neutron.db.ovn_revision_numbers_db [None req-2c343cbb-c739-4f35-8ce7-a36cdddc883a a3c963cec92a49e49d3b16938df9dbf3 be0d6c1e66e94dd7b3388cb1d83dc57d - - default default] Successfully bumped revision number for resource 91177557-9644-4f54-9b44-0e21dde79e65 (type: security_groups) to 1
2026-05-12 17:41:06.375 10 INFO neutron.wsgi [None req-2c343cbb-c739-4f35-8ce7-a36cdddc883a a3c963cec92a49e49d3b16938df9dbf3 be0d6c1e66e94dd7b3388cb1d83dc57d - - default default] 10.0.0.117 "GET /v2.0/security-groups?tenant_id=7462d9b020c24d10b5e90c0d79ecd293&name=default HTTP/1.1" status: 200 len: 2996 time: 0.2178948
2026-05-12 17:41:06.381 9 INFO neutron.db.ovn_revision_numbers_db [None req-7e545ae6-a699-41de-9d6d-ed292d8a9941 4af6d2434bae430b83c61a50b14f33cd 86e6311f619a443d8fae00d751d56311 - - default default] Successfully bumped revision number for resource 68d74b87-87f0-4a4c-9db8-bc4228ab2b18 (type: ports) to 1
2026-05-12 17:41:06.545 10 INFO neutron.wsgi [None req-0dab4797-491b-4385-be33-4719f7a94316 a3c963cec92a49e49d3b16938df9dbf3 be0d6c1e66e94dd7b3388cb1d83dc57d - - - -] 10.0.0.117 "DELETE /v2.0/security-groups/91177557-9644-4f54-9b44-0e21dde79e65 HTTP/1.1" status: 204 len: 168 time: 0.1655574
2026-05-12 17:41:06.874 9 INFO neutron.plugins.ml2.drivers.ovn.mech_driver.mech_driver [None req-a5edc48e-2038-4080-898e-79bda5234fe6 - - - - - -] OVN reports status up for port: 68d74b87-87f0-4a4c-9db8-bc4228ab2b18
2026-05-12 17:41:06.882 9 INFO neutron.plugins.ml2.plugin [None req-a5edc48e-2038-4080-898e-79bda5234fe6 - - - - - -] Attempt 1 to provision port 68d74b87-87f0-4a4c-9db8-bc4228ab2b18
2026-05-12 17:41:06.884 9 INFO neutron.db.ovn_revision_numbers_db [None req-7e545ae6-a699-41de-9d6d-ed292d8a9941 4af6d2434bae430b83c61a50b14f33cd 86e6311f619a443d8fae00d751d56311 - - default default] Successfully bumped revision number for resource 68d74b87-87f0-4a4c-9db8-bc4228ab2b18 (type: router_ports) to 2
2026-05-12 17:41:07.387 9 INFO neutron.db.ovn_revision_numbers_db [None req-7e545ae6-a699-41de-9d6d-ed292d8a9941 4af6d2434bae430b83c61a50b14f33cd 86e6311f619a443d8fae00d751d56311 - - default default] Successfully bumped revision number for resource 68d74b87-87f0-4a4c-9db8-bc4228ab2b18 (type: ports) to 2
2026-05-12 17:41:07.497 9 WARNING neutron.scheduler.dhcp_agent_scheduler [None req-7e545ae6-a699-41de-9d6d-ed292d8a9941 4af6d2434bae430b83c61a50b14f33cd 86e6311f619a443d8fae00d751d56311 - - default default] No more DHCP agents
2026-05-12 17:41:07.502 9 WARNING neutron.api.rpc.agentnotifiers.dhcp_rpc_agent_api [None req-7e545ae6-a699-41de-9d6d-ed292d8a9941 4af6d2434bae430b83c61a50b14f33cd 86e6311f619a443d8fae00d751d56311 - - default default] Unable to schedule network 57a3e3aa-d4bc-47de-a24a-553f081fa37f: no agents available; will retry on subsequent port and subnet creation events.
2026-05-12 17:41:07.507 9 INFO neutron.db.ovn_revision_numbers_db [None req-a5edc48e-2038-4080-898e-79bda5234fe6 - - - - - -] Successfully bumped revision number for resource 68d74b87-87f0-4a4c-9db8-bc4228ab2b18 (type: ports) to 3
2026-05-12 17:41:07.673 9 INFO neutron.db.ovn_revision_numbers_db [None req-a5edc48e-2038-4080-898e-79bda5234fe6 - - - - - -] Successfully bumped revision number for resource 68d74b87-87f0-4a4c-9db8-bc4228ab2b18 (type: router_ports) to 3
2026-05-12 17:41:07.869 9 INFO neutron.db.ovn_revision_numbers_db [None req-7e545ae6-a699-41de-9d6d-ed292d8a9941 4af6d2434bae430b83c61a50b14f33cd 86e6311f619a443d8fae00d751d56311 - - - -] Successfully bumped revision number for resource 68d74b87-87f0-4a4c-9db8-bc4228ab2b18 (type: router_ports) to 3
2026-05-12 17:41:07.872 9 INFO neutron.wsgi [None req-7e545ae6-a699-41de-9d6d-ed292d8a9941 4af6d2434bae430b83c61a50b14f33cd 86e6311f619a443d8fae00d751d56311 - - - -] 10.0.0.117 "PUT /v2.0/routers/b0bec9a4-9ba4-454e-ac66-e36e6b3dcc54/add_router_interface HTTP/1.1" status: 200 len: 503 time: 2.1511683
2026-05-12 17:41:08.480 10 WARNING neutron.scheduler.dhcp_agent_scheduler [None req-ad8c64fd-8516-42eb-b6b6-5c37d9254636 4af6d2434bae430b83c61a50b14f33cd 86e6311f619a443d8fae00d751d56311 - - default default] No more DHCP agents
2026-05-12 17:41:08.482 10 WARNING neutron.api.rpc.agentnotifiers.dhcp_rpc_agent_api [None req-ad8c64fd-8516-42eb-b6b6-5c37d9254636 4af6d2434bae430b83c61a50b14f33cd 86e6311f619a443d8fae00d751d56311 - - default default] Unable to schedule network b10c69b1-cd6b-436c-9b88-cd8214b35b61: no agents available; will retry on subsequent port and subnet creation events.
2026-05-12 17:41:08.628 10 INFO neutron.db.ovn_revision_numbers_db [None req-ad8c64fd-8516-42eb-b6b6-5c37d9254636 4af6d2434bae430b83c61a50b14f33cd 86e6311f619a443d8fae00d751d56311 - - default default] Successfully bumped revision number for resource c002c66e-3548-4ecf-adf6-5f1c79639d18 (type: ports) to 1
2026-05-12 17:41:09.185 10 INFO neutron.db.ovn_revision_numbers_db [None req-ad8c64fd-8516-42eb-b6b6-5c37d9254636 4af6d2434bae430b83c61a50b14f33cd 86e6311f619a443d8fae00d751d56311 - - default default] Successfully bumped revision number for resource c002c66e-3548-4ecf-adf6-5f1c79639d18 (type: router_ports) to 2
2026-05-12 17:41:09.323 10 INFO neutron.db.ovn_revision_numbers_db [None req-6c6b3fa4-f4e3-42a4-9eb3-7c3029c573b2 a3c963cec92a49e49d3b16938df9dbf3 be0d6c1e66e94dd7b3388cb1d83dc57d - - default default] Successfully bumped revision number for resource 5382e392-d03b-40d8-88c6-da55354b3987 (type: security_groups) to 1
2026-05-12 17:41:09.349 10 INFO neutron.wsgi [None req-6c6b3fa4-f4e3-42a4-9eb3-7c3029c573b2 a3c963cec92a49e49d3b16938df9dbf3 be0d6c1e66e94dd7b3388cb1d83dc57d - - default default] 10.0.0.117 "GET /v2.0/security-groups?tenant_id=8a1050ea755b40a6b5213ca535d3fc36&name=default HTTP/1.1" status: 200 len: 2996 time: 0.3673370
2026-05-12 17:41:09.360 10 INFO neutron.db.ovn_revision_numbers_db [None req-ad8c64fd-8516-42eb-b6b6-5c37d9254636 4af6d2434bae430b83c61a50b14f33cd 86e6311f619a443d8fae00d751d56311 - - default default] Successfully bumped revision number for resource c002c66e-3548-4ecf-adf6-5f1c79639d18 (type: ports) to 2
2026-05-12 17:41:09.454 10 WARNING neutron.scheduler.dhcp_agent_scheduler [None req-ad8c64fd-8516-42eb-b6b6-5c37d9254636 4af6d2434bae430b83c61a50b14f33cd 86e6311f619a443d8fae00d751d56311 - - default default] No more DHCP agents
2026-05-12 17:41:09.459 10 WARNING neutron.api.rpc.agentnotifiers.dhcp_rpc_agent_api [None req-ad8c64fd-8516-42eb-b6b6-5c37d9254636 4af6d2434bae430b83c61a50b14f33cd 86e6311f619a443d8fae00d751d56311 - - default default] Unable to schedule network b10c69b1-cd6b-436c-9b88-cd8214b35b61: no agents available; will retry on subsequent port and subnet creation events.
2026-05-12 17:41:09.704 10 INFO neutron.wsgi [None req-dc058338-f50d-4ce4-8013-2418bfd36440 a3c963cec92a49e49d3b16938df9dbf3 be0d6c1e66e94dd7b3388cb1d83dc57d - - - -] 10.0.0.117 "DELETE /v2.0/security-groups/5382e392-d03b-40d8-88c6-da55354b3987 HTTP/1.1" status: 204 len: 168 time: 0.3492236
2026-05-12 17:41:09.780 10 INFO neutron.db.ovn_revision_numbers_db [None req-d7e5a5cb-74bf-46b2-9b8f-c42d703fb9cd 67b6df5bfbc94bc699bf4691d92b8344 da09d8798ee649a8b7112caa06bd4db0 - - - -] Successfully bumped revision number for resource 75f37806-cb57-4d9c-9b90-9de11e976a82 (type: security_groups) to 1
2026-05-12 17:41:09.848 10 INFO neutron.db.segments_db [None req-d7e5a5cb-74bf-46b2-9b8f-c42d703fb9cd 67b6df5bfbc94bc699bf4691d92b8344 da09d8798ee649a8b7112caa06bd4db0 - - - -] Added segment 5a5af708-91ac-483c-b401-197230c36cbe of type geneve for network c877fa1a-14bd-455a-9c0e-6bfe56d5ab6c
2026-05-12 17:41:09.877 10 INFO neutron.db.ovn_revision_numbers_db [None req-ad8c64fd-8516-42eb-b6b6-5c37d9254636 4af6d2434bae430b83c61a50b14f33cd 86e6311f619a443d8fae00d751d56311 - - - -] Successfully bumped revision number for resource c002c66e-3548-4ecf-adf6-5f1c79639d18 (type: router_ports) to 2
2026-05-12 17:41:09.880 10 INFO neutron.wsgi [None req-ad8c64fd-8516-42eb-b6b6-5c37d9254636 4af6d2434bae430b83c61a50b14f33cd 86e6311f619a443d8fae00d751d56311 - - - -] 10.0.0.117 "PUT /v2.0/routers/b0bec9a4-9ba4-454e-ac66-e36e6b3dcc54/add_router_interface HTTP/1.1" status: 200 len: 503 time: 2.0041187
2026-05-12 17:41:10.000 10 INFO neutron.db.ovn_revision_numbers_db [None req-d7e5a5cb-74bf-46b2-9b8f-c42d703fb9cd 67b6df5bfbc94bc699bf4691d92b8344 da09d8798ee649a8b7112caa06bd4db0 - - - -] Successfully bumped revision number for resource c877fa1a-14bd-455a-9c0e-6bfe56d5ab6c (type: networks) to 1
2026-05-12 17:41:10.032 9 INFO neutron.db.ovn_revision_numbers_db [None req-8a4b371f-b21a-4281-bc50-7991bd3bcea2 4af6d2434bae430b83c61a50b14f33cd 86e6311f619a443d8fae00d751d56311 - - - -] Successfully bumped revision number for resource 39ddd5bf-35c7-4303-b739-6f09888ba6bc (type: security_groups) to 1
2026-05-12 17:41:10.052 9 INFO neutron.wsgi [None req-8a4b371f-b21a-4281-bc50-7991bd3bcea2 4af6d2434bae430b83c61a50b14f33cd 86e6311f619a443d8fae00d751d56311 - - - -] 10.0.0.117 "POST /v2.0/security-groups HTTP/1.1" status: 201 len: 1763 time: 0.1119876
2026-05-12 17:41:10.489 10 WARNING neutron.scheduler.dhcp_agent_scheduler [None req-d7e5a5cb-74bf-46b2-9b8f-c42d703fb9cd 67b6df5bfbc94bc699bf4691d92b8344 da09d8798ee649a8b7112caa06bd4db0 - - - -] No more DHCP agents
2026-05-12 17:41:10.493 10 WARNING neutron.api.rpc.agentnotifiers.dhcp_rpc_agent_api [None req-d7e5a5cb-74bf-46b2-9b8f-c42d703fb9cd 67b6df5bfbc94bc699bf4691d92b8344 da09d8798ee649a8b7112caa06bd4db0 - - - -] Unable to schedule network c877fa1a-14bd-455a-9c0e-6bfe56d5ab6c: no agents available; will retry on subsequent port and subnet creation events.
2026-05-12 17:41:10.513 10 INFO neutron.db.ovn_revision_numbers_db [None req-1f01f3fa-1c6d-4670-95ba-15586f8ce2b1 4af6d2434bae430b83c61a50b14f33cd 86e6311f619a443d8fae00d751d56311 - - - -] Successfully bumped revision number for resource 1687d351-0b12-45a7-b5c7-d27aafb50f56 (type: security_group_rules) to 0
2026-05-12 17:41:10.561 10 INFO neutron.wsgi [None req-1f01f3fa-1c6d-4670-95ba-15586f8ce2b1 4af6d2434bae430b83c61a50b14f33cd 86e6311f619a443d8fae00d751d56311 - - - -] 10.0.0.117 "POST /v2.0/security-group-rules HTTP/1.1" status: 201 len: 764 time: 0.5054195
2026-05-12 17:41:10.573 10 INFO neutron.db.ovn_revision_numbers_db [None req-d7e5a5cb-74bf-46b2-9b8f-c42d703fb9cd 67b6df5bfbc94bc699bf4691d92b8344 da09d8798ee649a8b7112caa06bd4db0 - - - -] Successfully bumped revision number for resource 208af123-6873-4578-9bb4-d015c78c4e5d (type: ports) to 1
2026-05-12 17:41:10.595 10 INFO neutron.wsgi [None req-d7e5a5cb-74bf-46b2-9b8f-c42d703fb9cd 67b6df5bfbc94bc699bf4691d92b8344 da09d8798ee649a8b7112caa06bd4db0 - - - -] 10.0.0.117 "POST /v2.0/networks HTTP/1.1" status: 201 len: 832 time: 1.2159078
2026-05-12 17:41:10.644 10 WARNING neutron.plugins.ml2.drivers.ovn.mech_driver.ovsdb.ovn_client [None req-501a496a-0938-4bf7-ab62-f161276a63e2 - - - - - -] No hosting information found for port 0419eb33-665d-48e8-8247-5cc2268a3ab8: RuntimeError: No hosting information found for port 0419eb33-665d-48e8-8247-5cc2268a3ab8
2026-05-12 17:41:10.718 9 INFO neutron.db.ovn_revision_numbers_db [None req-e9fa1cb1-7aec-4202-88be-b6f594300111 4af6d2434bae430b83c61a50b14f33cd 86e6311f619a443d8fae00d751d56311 - - - -] Successfully bumped revision number for resource f95f8c65-5577-44c0-b2d8-9c87b1fcbac6 (type: security_group_rules) to 0
2026-05-12 17:41:10.751 9 INFO neutron.wsgi [None req-e9fa1cb1-7aec-4202-88be-b6f594300111 4af6d2434bae430b83c61a50b14f33cd 86e6311f619a443d8fae00d751d56311 - - - -] 10.0.0.117 "POST /v2.0/security-group-rules HTTP/1.1" status: 201 len: 764 time: 0.1803575
2026-05-12 17:41:10.968 10 INFO neutron.db.ovn_revision_numbers_db [None req-4c03dfdc-d6fb-49c8-bb0c-2ce731a731ee 4af6d2434bae430b83c61a50b14f33cd 86e6311f619a443d8fae00d751d56311 - - - -] Successfully bumped revision number for resource d2ae8184-9e8d-4220-affe-2cc34e78458d (type: security_group_rules) to 0
2026-05-12 17:41:11.018 10 INFO neutron.wsgi [None req-4c03dfdc-d6fb-49c8-bb0c-2ce731a731ee 4af6d2434bae430b83c61a50b14f33cd 86e6311f619a443d8fae00d751d56311 - - - -] 10.0.0.117 "POST /v2.0/security-group-rules HTTP/1.1" status: 201 len: 766 time: 0.2550066
2026-05-12 17:41:11.149 9 INFO neutron.db.ovn_revision_numbers_db [None req-de5b507e-a822-4578-80ff-c342a76832ca 4af6d2434bae430b83c61a50b14f33cd 86e6311f619a443d8fae00d751d56311 - - - -] Successfully bumped revision number for resource 44bc8cf4-5776-4df2-a13a-da55402e97c8 (type: security_group_rules) to 0
2026-05-12 17:41:11.179 9 INFO neutron.wsgi [None req-de5b507e-a822-4578-80ff-c342a76832ca 4af6d2434bae430b83c61a50b14f33cd 86e6311f619a443d8fae00d751d56311 - - - -] 10.0.0.117 "POST /v2.0/security-group-rules HTTP/1.1" status: 201 len: 768 time: 0.1542544
2026-05-12 17:41:11.180 10 WARNING neutron.scheduler.dhcp_agent_scheduler [None req-91322ee5-9803-4412-b7ae-9fbc4b0ac342 67b6df5bfbc94bc699bf4691d92b8344 da09d8798ee649a8b7112caa06bd4db0 - - - -] No more DHCP agents
2026-05-12 17:41:11.182 10 WARNING neutron.api.rpc.agentnotifiers.dhcp_rpc_agent_api [None req-91322ee5-9803-4412-b7ae-9fbc4b0ac342 67b6df5bfbc94bc699bf4691d92b8344 da09d8798ee649a8b7112caa06bd4db0 - - - -] Unable to schedule network 6b5703c8-791d-46fc-980b-3fe18a6de094: no agents available; will retry on subsequent port and subnet creation events.
2026-05-12 17:41:11.303 9 INFO neutron.db.ovn_revision_numbers_db [None req-c3d62010-ceca-4138-a374-d636ccb091c3 4af6d2434bae430b83c61a50b14f33cd 86e6311f619a443d8fae00d751d56311 - - - -] Successfully bumped revision number for resource 9bf47673-67cf-4128-afd9-10fa6ace674d (type: security_group_rules) to 0
2026-05-12 17:41:11.321 10 INFO neutron.db.ovn_revision_numbers_db [None req-91322ee5-9803-4412-b7ae-9fbc4b0ac342 67b6df5bfbc94bc699bf4691d92b8344 da09d8798ee649a8b7112caa06bd4db0 - - - -] Successfully bumped revision number for resource e2c17dc0-4bb9-464d-a080-b44dfa97fdd3 (type: ports) to 1
2026-05-12 17:41:11.339 9 INFO neutron.wsgi [None req-c3d62010-ceca-4138-a374-d636ccb091c3 4af6d2434bae430b83c61a50b14f33cd 86e6311f619a443d8fae00d751d56311 - - - -] 10.0.0.117 "POST /v2.0/security-group-rules HTTP/1.1" status: 201 len: 768 time: 0.1556642
2026-05-12 17:41:11.488 9 INFO neutron.db.ovn_revision_numbers_db [None req-2a1b1eec-f1ed-4c73-ad8b-436ae3f128b2 4af6d2434bae430b83c61a50b14f33cd 86e6311f619a443d8fae00d751d56311 - - - -] Successfully bumped revision number for resource 02556e67-067a-42e9-a86a-6c7ddc2d5c85 (type: security_group_rules) to 0
2026-05-12 17:41:11.513 9 INFO neutron.wsgi [None req-2a1b1eec-f1ed-4c73-ad8b-436ae3f128b2 4af6d2434bae430b83c61a50b14f33cd 86e6311f619a443d8fae00d751d56311 - - - -] 10.0.0.117 "POST /v2.0/security-group-rules HTTP/1.1" status: 201 len: 764 time: 0.1681237
2026-05-12 17:41:11.626 9 INFO neutron.db.ovn_revision_numbers_db [None req-4e1ae25f-e203-41e9-93a8-0cdd98fe1cdc 4af6d2434bae430b83c61a50b14f33cd 86e6311f619a443d8fae00d751d56311 - - - -] Successfully bumped revision number for resource f2d12cee-909a-4f7c-bd3a-f0ecf2bf40a5 (type: security_group_rules) to 0
2026-05-12 17:41:11.656 9 INFO neutron.wsgi [None req-4e1ae25f-e203-41e9-93a8-0cdd98fe1cdc 4af6d2434bae430b83c61a50b14f33cd 86e6311f619a443d8fae00d751d56311 - - - -] 10.0.0.117 "POST /v2.0/security-group-rules HTTP/1.1" status: 201 len: 764 time: 0.1379118
2026-05-12 17:41:11.669 9 INFO neutron.db.ovn_revision_numbers_db [None req-0cfa959b-0dea-4efb-86b5-4c88a5c60a8a a3c963cec92a49e49d3b16938df9dbf3 be0d6c1e66e94dd7b3388cb1d83dc57d - - - -] Successfully bumped revision number for resource 3ee60c0b-bec2-465d-a051-858da94f2ea7 (type: security_groups) to 1
2026-05-12 17:41:11.722 9 INFO neutron.db.segments_db [None req-0cfa959b-0dea-4efb-86b5-4c88a5c60a8a a3c963cec92a49e49d3b16938df9dbf3 be0d6c1e66e94dd7b3388cb1d83dc57d - - - -] Added segment ea3cbf82-13e8-4a50-b440-491833392c9f of type geneve for network 87d63877-e501-4bb8-9bb6-c32613fdf5bd
2026-05-12 17:41:11.795 10 INFO neutron.db.ovn_revision_numbers_db [None req-b2f5f4a3-5146-48b1-ad26-f5b7b872149f 4af6d2434bae430b83c61a50b14f33cd 86e6311f619a443d8fae00d751d56311 - - - -] Successfully bumped revision number for resource bb876b8c-3b83-448c-9173-e8cb4e883e6a (type: security_group_rules) to 0
2026-05-12 17:41:11.833 9 INFO neutron.db.ovn_revision_numbers_db [None req-0cfa959b-0dea-4efb-86b5-4c88a5c60a8a a3c963cec92a49e49d3b16938df9dbf3 be0d6c1e66e94dd7b3388cb1d83dc57d - - - -] Successfully bumped revision number for resource 87d63877-e501-4bb8-9bb6-c32613fdf5bd (type: networks) to 1
2026-05-12 17:41:11.848 10 INFO neutron.wsgi [None req-b2f5f4a3-5146-48b1-ad26-f5b7b872149f 4af6d2434bae430b83c61a50b14f33cd 86e6311f619a443d8fae00d751d56311 - - - -] 10.0.0.117 "POST /v2.0/security-group-rules HTTP/1.1" status: 201 len: 764 time: 0.1811886
2026-05-12 17:41:11.957 10 INFO neutron.plugins.ml2.drivers.ovn.mech_driver.ovsdb.ovsdb_monitor [None req-1185c539-2e4b-43c9-8c0d-9b98c39fa577 - - - - - -] Router c6a88567-d937-4a75-800e-b702d9c56c27 is bound to host instance
2026-05-12 17:41:11.961 10 INFO neutron.db.ovn_revision_numbers_db [None req-91322ee5-9803-4412-b7ae-9fbc4b0ac342 67b6df5bfbc94bc699bf4691d92b8344 da09d8798ee649a8b7112caa06bd4db0 - - - -] Successfully bumped revision number for resource e2c17dc0-4bb9-464d-a080-b44dfa97fdd3 (type: router_ports) to 1
2026-05-12 17:41:11.993 9 WARNING neutron.scheduler.dhcp_agent_scheduler [None req-0cfa959b-0dea-4efb-86b5-4c88a5c60a8a a3c963cec92a49e49d3b16938df9dbf3 be0d6c1e66e94dd7b3388cb1d83dc57d - - - -] No more DHCP agents
2026-05-12 17:41:11.996 9 WARNING neutron.api.rpc.agentnotifiers.dhcp_rpc_agent_api [None req-0cfa959b-0dea-4efb-86b5-4c88a5c60a8a a3c963cec92a49e49d3b16938df9dbf3 be0d6c1e66e94dd7b3388cb1d83dc57d - - - -] Unable to schedule network 87d63877-e501-4bb8-9bb6-c32613fdf5bd: no agents available; will retry on subsequent port and subnet creation events.
2026-05-12 17:41:12.056 9 INFO neutron.db.ovn_revision_numbers_db [None req-0cfa959b-0dea-4efb-86b5-4c88a5c60a8a a3c963cec92a49e49d3b16938df9dbf3 be0d6c1e66e94dd7b3388cb1d83dc57d - - - -] Successfully bumped revision number for resource 3113b257-888f-4c9e-8028-3c5d3811f31e (type: ports) to 1
2026-05-12 17:41:12.062 10 INFO neutron.db.ovn_revision_numbers_db [None req-5cd3d846-fb3d-4cb3-9836-3723d914e03d 4af6d2434bae430b83c61a50b14f33cd 86e6311f619a443d8fae00d751d56311 - - - -] Successfully bumped revision number for resource cd06417d-514a-43a1-8465-016f5d890164 (type: security_group_rules) to 0
2026-05-12 17:41:12.077 9 INFO neutron.wsgi [None req-0cfa959b-0dea-4efb-86b5-4c88a5c60a8a a3c963cec92a49e49d3b16938df9dbf3 be0d6c1e66e94dd7b3388cb1d83dc57d - - - -] 10.0.0.117 "POST /v2.0/networks HTTP/1.1" status: 201 len: 942 time: 0.7000606
2026-05-12 17:41:12.090 10 INFO neutron.db.ovn_revision_numbers_db [None req-91322ee5-9803-4412-b7ae-9fbc4b0ac342 67b6df5bfbc94bc699bf4691d92b8344 da09d8798ee649a8b7112caa06bd4db0 - - - -] Successfully bumped revision number for resource c6a88567-d937-4a75-800e-b702d9c56c27 (type: routers) to 3
2026-05-12 17:41:12.113 10 INFO neutron.wsgi [None req-91322ee5-9803-4412-b7ae-9fbc4b0ac342 67b6df5bfbc94bc699bf4691d92b8344 da09d8798ee649a8b7112caa06bd4db0 - - - -] 10.0.0.117 "POST /v2.0/routers HTTP/1.1" status: 201 len: 873 time: 1.5045786
2026-05-12 17:41:12.116 10 INFO neutron.wsgi [None req-5cd3d846-fb3d-4cb3-9836-3723d914e03d 4af6d2434bae430b83c61a50b14f33cd 86e6311f619a443d8fae00d751d56311 - - - -] 10.0.0.117 "POST /v2.0/security-group-rules HTTP/1.1" status: 201 len: 766 time: 0.2635951
2026-05-12 17:41:12.239 9 WARNING neutron.scheduler.dhcp_agent_scheduler [None req-c5488525-8a0d-4304-b86d-a135980e095c a3c963cec92a49e49d3b16938df9dbf3 be0d6c1e66e94dd7b3388cb1d83dc57d - - - -] No more DHCP agents
2026-05-12 17:41:12.242 9 WARNING neutron.api.rpc.agentnotifiers.dhcp_rpc_agent_api [None req-c5488525-8a0d-4304-b86d-a135980e095c a3c963cec92a49e49d3b16938df9dbf3 be0d6c1e66e94dd7b3388cb1d83dc57d - - - -] Unable to schedule network 87d63877-e501-4bb8-9bb6-c32613fdf5bd: no agents available; will retry on subsequent port and subnet creation events.
2026-05-12 17:41:12.274 10 INFO neutron.wsgi [None req-026adbdc-ffcf-496f-9bc7-6cf53e8fffc8 8b7e99a4647047e6b231fb3ff62aeebb bf8560429f6e4b87ae6ece59adb4a7ae - - default default] 10.0.0.117 "GET /v2.0/subnets?project_id=da09d8798ee649a8b7112caa06bd4db0&cidr=10.100.0.0%2F28 HTTP/1.1" status: 200 len: 207 time: 0.1536541
2026-05-12 17:41:12.362 10 INFO neutron.db.ovn_revision_numbers_db [None req-49f4d7f6-387b-4c84-aeed-db5a9e1625a7 4af6d2434bae430b83c61a50b14f33cd 86e6311f619a443d8fae00d751d56311 - - - -] Successfully bumped revision number for resource da45f632-5f8e-4fa7-bdc0-6d1d94884982 (type: security_group_rules) to 0
2026-05-12 17:41:12.390 10 INFO neutron.wsgi [None req-349d2056-0db5-404e-b7c4-badf46eeb401 8b7e99a4647047e6b231fb3ff62aeebb bf8560429f6e4b87ae6ece59adb4a7ae - - default default] 10.0.0.117 "GET /v2.0/networks?router%3Aexternal=True HTTP/1.1" status: 200 len: 947 time: 0.1100748
2026-05-12 17:41:12.412 10 INFO neutron.wsgi [None req-49f4d7f6-387b-4c84-aeed-db5a9e1625a7 4af6d2434bae430b83c61a50b14f33cd 86e6311f619a443d8fae00d751d56311 - - - -] 10.0.0.117 "POST /v2.0/security-group-rules HTTP/1.1" status: 201 len: 768 time: 0.2907484
2026-05-12 17:41:12.433 9 INFO neutron.wsgi [None req-44a2f9ee-fe5b-4940-b43b-78832f3df90b 8b7e99a4647047e6b231fb3ff62aeebb bf8560429f6e4b87ae6ece59adb4a7ae - - default default] 10.0.0.117 "GET /v2.0/subnets?network_id=6b5703c8-791d-46fc-980b-3fe18a6de094&cidr=10.100.0.0%2F28 HTTP/1.1" status: 200 len: 207 time: 0.0360942
2026-05-12 17:41:12.581 9 INFO neutron.db.ovn_revision_numbers_db [None req-da2f544d-9dee-42c4-bbe0-9d896d24f2ab 4af6d2434bae430b83c61a50b14f33cd 86e6311f619a443d8fae00d751d56311 - - - -] Successfully bumped revision number for resource a31cc4c5-080b-42ed-94fe-9b1cb7d2f570 (type: security_group_rules) to 0
2026-05-12 17:41:12.630 9 INFO neutron.wsgi [None req-da2f544d-9dee-42c4-bbe0-9d896d24f2ab 4af6d2434bae430b83c61a50b14f33cd 86e6311f619a443d8fae00d751d56311 - - - -] 10.0.0.117 "POST /v2.0/security-group-rules HTTP/1.1" status: 201 len: 764 time: 0.2044706
2026-05-12 17:41:12.632 9 WARNING neutron.plugins.ml2.drivers.ovn.mech_driver.ovsdb.ovn_client [None req-a5edc48e-2038-4080-898e-79bda5234fe6 - - - - - -] No hosting information found for port 68d74b87-87f0-4a4c-9db8-bc4228ab2b18: RuntimeError: No hosting information found for port 68d74b87-87f0-4a4c-9db8-bc4228ab2b18
2026-05-12 17:41:12.632 9 INFO neutron.plugins.ml2.drivers.ovn.mech_driver.mech_driver [None req-a5edc48e-2038-4080-898e-79bda5234fe6 - - - - - -] OVN reports status up for port: c002c66e-3548-4ecf-adf6-5f1c79639d18
2026-05-12 17:41:12.643 9 INFO neutron.plugins.ml2.plugin [None req-a5edc48e-2038-4080-898e-79bda5234fe6 - - - - - -] Attempt 1 to provision port c002c66e-3548-4ecf-adf6-5f1c79639d18
2026-05-12 17:41:12.794 9 INFO neutron.db.ovn_revision_numbers_db [None req-c5488525-8a0d-4304-b86d-a135980e095c a3c963cec92a49e49d3b16938df9dbf3 be0d6c1e66e94dd7b3388cb1d83dc57d - - - -] Successfully bumped revision number for resource 3113b257-888f-4c9e-8028-3c5d3811f31e (type: ports) to 2
2026-05-12 17:41:12.821 9 INFO neutron.db.ovn_revision_numbers_db [None req-c5488525-8a0d-4304-b86d-a135980e095c a3c963cec92a49e49d3b16938df9dbf3 be0d6c1e66e94dd7b3388cb1d83dc57d - - - -] Successfully bumped revision number for resource 967e54bc-61d2-4016-a838-64dfd39fabae (type: subnets) to 0
2026-05-12 17:41:12.847 9 INFO neutron.wsgi [None req-c5488525-8a0d-4304-b86d-a135980e095c a3c963cec92a49e49d3b16938df9dbf3 be0d6c1e66e94dd7b3388cb1d83dc57d - - - -] 10.0.0.117 "POST /v2.0/subnets HTTP/1.1" status: 201 len: 862 time: 0.7654412
2026-05-12 17:41:12.954 10 INFO neutron.wsgi [req-28055114-020a-4744-8ad0-e92fe65743ef req-a7d45b9a-7d99-4758-84a0-c5a4afcb0aa1 4af6d2434bae430b83c61a50b14f33cd 86e6311f619a443d8fae00d751d56311 - - default default] 10.0.0.230 "GET /v2.0/security-groups?name=tempest-lb_member_SG-729412561&fields=id&tenant_id=86e6311f619a443d8fae00d751d56311 HTTP/1.1" status: 200 len: 267 time: 0.0919237
2026-05-12 17:41:13.063 9 INFO neutron.db.ovn_revision_numbers_db [None req-a5edc48e-2038-4080-898e-79bda5234fe6 - - - - - -] Successfully bumped revision number for resource c002c66e-3548-4ecf-adf6-5f1c79639d18 (type: ports) to 3
2026-05-12 17:41:13.107 10 INFO neutron.db.ovn_revision_numbers_db [None req-1185c539-2e4b-43c9-8c0d-9b98c39fa577 - - - - - -] Successfully bumped revision number for resource e2c17dc0-4bb9-464d-a080-b44dfa97fdd3 (type: ports) to 1
2026-05-12 17:41:13.123 10 INFO neutron.wsgi [req-28055114-020a-4744-8ad0-e92fe65743ef req-c8bc96cc-27d0-4911-822a-8c6c4ad8e5de 4af6d2434bae430b83c61a50b14f33cd 86e6311f619a443d8fae00d751d56311 - - default default] 10.0.0.230 "GET /v2.0/networks?id=57a3e3aa-d4bc-47de-a24a-553f081fa37f HTTP/1.1" status: 200 len: 904 time: 0.1580813
2026-05-12 17:41:13.155 10 INFO neutron.wsgi [req-28055114-020a-4744-8ad0-e92fe65743ef req-aeadc264-69bf-4a11-9477-52ad14d0ca73 4af6d2434bae430b83c61a50b14f33cd 86e6311f619a443d8fae00d751d56311 - - default default] 10.0.0.230 "GET /v2.0/quotas/86e6311f619a443d8fae00d751d56311 HTTP/1.1" status: 200 len: 386 time: 0.0172608
2026-05-12 17:41:13.234 10 WARNING neutron.scheduler.dhcp_agent_scheduler [None req-210311c7-8c2c-48f7-86ec-2961df1a5267 67b6df5bfbc94bc699bf4691d92b8344 da09d8798ee649a8b7112caa06bd4db0 - - - -] No more DHCP agents
2026-05-12 17:41:13.239 10 WARNING neutron.api.rpc.agentnotifiers.dhcp_rpc_agent_api [None req-210311c7-8c2c-48f7-86ec-2961df1a5267 67b6df5bfbc94bc699bf4691d92b8344 da09d8798ee649a8b7112caa06bd4db0 - - - -] Unable to schedule network c877fa1a-14bd-455a-9c0e-6bfe56d5ab6c: no agents available; will retry on subsequent port and subnet creation events.
2026-05-12 17:41:13.277 9 INFO neutron.db.ovn_revision_numbers_db [None req-a5edc48e-2038-4080-898e-79bda5234fe6 - - - - - -] Successfully bumped revision number for resource c002c66e-3548-4ecf-adf6-5f1c79639d18 (type: router_ports) to 3
2026-05-12 17:41:13.552 10 INFO neutron.wsgi [req-28055114-020a-4744-8ad0-e92fe65743ef req-bece618d-3a4e-437f-b0eb-822a24b7ed8c 4af6d2434bae430b83c61a50b14f33cd 86e6311f619a443d8fae00d751d56311 - - default default] 10.0.0.230 "GET /v2.0/ports?tenant_id=86e6311f619a443d8fae00d751d56311&fields=id HTTP/1.1" status: 200 len: 486 time: 0.3901882
2026-05-12 17:41:13.587 10 INFO neutron.db.ovn_revision_numbers_db [None req-1185c539-2e4b-43c9-8c0d-9b98c39fa577 - - - - - -] Successfully bumped revision number for resource e2c17dc0-4bb9-464d-a080-b44dfa97fdd3 (type: router_ports) to 3
2026-05-12 17:41:13.659 10 INFO neutron.wsgi [req-28055114-020a-4744-8ad0-e92fe65743ef req-f4eeca43-11d7-436e-a456-c7eace39f6fb 82a9e57fcb8547bd8bfe8c16d5e3e2da 8aeddd43cb6e4e32a38c24203e18ffc8 - - 4fda8fe893784c899a6c17a416dd77f1 4fda8fe893784c899a6c17a416dd77f1] 10.0.0.230 "GET /v2.0/networks/57a3e3aa-d4bc-47de-a24a-553f081fa37f?fields=segments HTTP/1.1" status: 200 len: 212 time: 0.0921557
2026-05-12 17:41:13.770 10 INFO neutron.wsgi [req-28055114-020a-4744-8ad0-e92fe65743ef req-6292ea35-0b3c-42e8-ac65-e9851a38de9b 82a9e57fcb8547bd8bfe8c16d5e3e2da 8aeddd43cb6e4e32a38c24203e18ffc8 - - 4fda8fe893784c899a6c17a416dd77f1 4fda8fe893784c899a6c17a416dd77f1] 10.0.0.230 "GET /v2.0/networks/57a3e3aa-d4bc-47de-a24a-553f081fa37f?fields=provider%3Aphysical_network&fields=provider%3Anetwork_type HTTP/1.1" status: 200 len: 277 time: 0.0999331
2026-05-12 17:41:13.833 10 INFO neutron.db.ovn_revision_numbers_db [None req-1185c539-2e4b-43c9-8c0d-9b98c39fa577 - - - - - -] Successfully bumped revision number for resource e2c17dc0-4bb9-464d-a080-b44dfa97fdd3 (type: ports) to 2
2026-05-12 17:41:13.917 9 INFO neutron.wsgi [req-ec67452a-6908-4f10-b870-8bde28db3997 req-eb8a0f11-0008-43ee-a4c9-d480076b8ced 4af6d2434bae430b83c61a50b14f33cd 86e6311f619a443d8fae00d751d56311 - - default default] 10.0.0.230 "GET /v2.0/ports?device_id=0e3dd5b4-82e0-4772-b79b-d7db9284cba4 HTTP/1.1" status: 200 len: 210 time: 0.0245318
2026-05-12 17:41:13.946 9 WARNING neutron.scheduler.dhcp_agent_scheduler [None req-b6d7f1ed-d04f-480d-b8c7-da5150a8308a a3c963cec92a49e49d3b16938df9dbf3 be0d6c1e66e94dd7b3388cb1d83dc57d - - - -] No more DHCP agents
2026-05-12 17:41:13.949 9 WARNING neutron.api.rpc.agentnotifiers.dhcp_rpc_agent_api [None req-b6d7f1ed-d04f-480d-b8c7-da5150a8308a a3c963cec92a49e49d3b16938df9dbf3 be0d6c1e66e94dd7b3388cb1d83dc57d - - - -] Unable to schedule network 6b5703c8-791d-46fc-980b-3fe18a6de094: no agents available; will retry on subsequent port and subnet creation events.
2026-05-12 17:41:14.024 10 INFO neutron.db.ovn_revision_numbers_db [None req-210311c7-8c2c-48f7-86ec-2961df1a5267 67b6df5bfbc94bc699bf4691d92b8344 da09d8798ee649a8b7112caa06bd4db0 - - - -] Successfully bumped revision number for resource 208af123-6873-4578-9bb4-d015c78c4e5d (type: ports) to 2
2026-05-12 17:41:14.039 10 INFO neutron.db.ovn_revision_numbers_db [None req-210311c7-8c2c-48f7-86ec-2961df1a5267 67b6df5bfbc94bc699bf4691d92b8344 da09d8798ee649a8b7112caa06bd4db0 - - - -] Successfully bumped revision number for resource da817207-c99e-4697-94b7-8e8fc21f8229 (type: subnets) to 0
2026-05-12 17:41:14.070 10 INFO neutron.wsgi [None req-210311c7-8c2c-48f7-86ec-2961df1a5267 67b6df5bfbc94bc699bf4691d92b8344 da09d8798ee649a8b7112caa06bd4db0 - - - -] 10.0.0.117 "POST /v2.0/subnets HTTP/1.1" status: 201 len: 831 time: 1.6242430
2026-05-12 17:41:14.096 9 INFO neutron.db.ovn_revision_numbers_db [None req-b6d7f1ed-d04f-480d-b8c7-da5150a8308a a3c963cec92a49e49d3b16938df9dbf3 be0d6c1e66e94dd7b3388cb1d83dc57d - - - -] Successfully bumped revision number for resource a1c42fc6-43ee-44cf-a29b-5db258810b8a (type: ports) to 1
2026-05-12 17:41:14.133 10 INFO neutron.db.ovn_revision_numbers_db [None req-1185c539-2e4b-43c9-8c0d-9b98c39fa577 - - - - - -] Successfully bumped revision number for resource e2c17dc0-4bb9-464d-a080-b44dfa97fdd3 (type: ports) to 4
2026-05-12 17:41:14.763 9 INFO neutron.db.ovn_revision_numbers_db [None req-b6d7f1ed-d04f-480d-b8c7-da5150a8308a a3c963cec92a49e49d3b16938df9dbf3 be0d6c1e66e94dd7b3388cb1d83dc57d - - - -] Successfully bumped revision number for resource a1c42fc6-43ee-44cf-a29b-5db258810b8a (type: router_ports) to 1
2026-05-12 17:41:14.769 10 INFO neutron.plugins.ml2.drivers.ovn.mech_driver.mech_driver [None req-501a496a-0938-4bf7-ab62-f161276a63e2 - - - - - -] OVN reports status up for port: a1c42fc6-43ee-44cf-a29b-5db258810b8a
2026-05-12 17:41:14.793 10 INFO neutron.wsgi [req-28055114-020a-4744-8ad0-e92fe65743ef req-7c102ce0-5296-4abc-a414-333ca9246d9f 4af6d2434bae430b83c61a50b14f33cd 86e6311f619a443d8fae00d751d56311 - - default default] 199.19.213.202 "GET /v2.0/networks?id=57a3e3aa-d4bc-47de-a24a-553f081fa37f HTTP/1.1" status: 200 len: 904 time: 0.1475894
2026-05-12 17:41:14.794 10 INFO neutron.db.ovn_revision_numbers_db [None req-1185c539-2e4b-43c9-8c0d-9b98c39fa577 - - - - - -] Successfully bumped revision number for resource e2c17dc0-4bb9-464d-a080-b44dfa97fdd3 (type: router_ports) to 4
2026-05-12 17:41:14.796 10 INFO neutron.plugins.ml2.plugin [None req-501a496a-0938-4bf7-ab62-f161276a63e2 - - - - - -] Attempt 1 to provision port a1c42fc6-43ee-44cf-a29b-5db258810b8a
2026-05-12 17:41:14.835 9 INFO neutron.db.ovn_revision_numbers_db [None req-b6d7f1ed-d04f-480d-b8c7-da5150a8308a a3c963cec92a49e49d3b16938df9dbf3 be0d6c1e66e94dd7b3388cb1d83dc57d - - - -] Successfully bumped revision number for resource 9109b97b-6b54-471f-9ad7-e307927b494c (type: routers) to 3
2026-05-12 17:41:14.849 9 INFO neutron.wsgi [None req-b6d7f1ed-d04f-480d-b8c7-da5150a8308a a3c963cec92a49e49d3b16938df9dbf3 be0d6c1e66e94dd7b3388cb1d83dc57d - - - -] 10.0.0.117 "POST /v2.0/routers HTTP/1.1" status: 201 len: 873 time: 1.9946749
2026-05-12 17:41:14.913 10 INFO neutron.wsgi [req-28055114-020a-4744-8ad0-e92fe65743ef req-31db8e06-38b6-464d-b919-02aac43316d5 4af6d2434bae430b83c61a50b14f33cd 86e6311f619a443d8fae00d751d56311 - - default default] 199.19.213.202 "GET /v2.0/security-groups?fields=id&fields=name&tenant_id=86e6311f619a443d8fae00d751d56311 HTTP/1.1" status: 200 len: 377 time: 0.0903504
2026-05-12 17:41:14.953 10 INFO neutron.plugins.ml2.drivers.ovn.mech_driver.ovsdb.ovsdb_monitor [None req-1185c539-2e4b-43c9-8c0d-9b98c39fa577 - - - - - -] Router 9109b97b-6b54-471f-9ad7-e307927b494c is bound to host instance
2026-05-12 17:41:15.231 10 WARNING neutron.scheduler.dhcp_agent_scheduler [None req-1b38e54e-501a-4ab5-bffc-3cc8e6e315ab 67b6df5bfbc94bc699bf4691d92b8344 da09d8798ee649a8b7112caa06bd4db0 - - default default] No more DHCP agents
2026-05-12 17:41:15.237 10 WARNING neutron.api.rpc.agentnotifiers.dhcp_rpc_agent_api [None req-1b38e54e-501a-4ab5-bffc-3cc8e6e315ab 67b6df5bfbc94bc699bf4691d92b8344 da09d8798ee649a8b7112caa06bd4db0 - - default default] Unable to schedule network c877fa1a-14bd-455a-9c0e-6bfe56d5ab6c: no agents available; will retry on subsequent port and subnet creation events.
2026-05-12 17:41:15.286 9 WARNING neutron.scheduler.dhcp_agent_scheduler [None req-89944717-1527-48a3-8715-9bf83fe3d448 a3c963cec92a49e49d3b16938df9dbf3 be0d6c1e66e94dd7b3388cb1d83dc57d - - default default] No more DHCP agents
2026-05-12 17:41:15.291 9 WARNING neutron.api.rpc.agentnotifiers.dhcp_rpc_agent_api [None req-89944717-1527-48a3-8715-9bf83fe3d448 a3c963cec92a49e49d3b16938df9dbf3 be0d6c1e66e94dd7b3388cb1d83dc57d - - default default] Unable to schedule network 87d63877-e501-4bb8-9bb6-c32613fdf5bd: no agents available; will retry on subsequent port and subnet creation events.
2026-05-12 17:41:15.431 9 INFO neutron.db.ovn_revision_numbers_db [None req-89944717-1527-48a3-8715-9bf83fe3d448 a3c963cec92a49e49d3b16938df9dbf3 be0d6c1e66e94dd7b3388cb1d83dc57d - - default default] Successfully bumped revision number for resource 872f8dbf-4d06-4350-8766-fc961ef2c378 (type: ports) to 1
2026-05-12 17:41:15.508 10 INFO neutron.db.ovn_revision_numbers_db [None req-1b38e54e-501a-4ab5-bffc-3cc8e6e315ab 67b6df5bfbc94bc699bf4691d92b8344 da09d8798ee649a8b7112caa06bd4db0 - - default default] Successfully bumped revision number for resource f86518ad-1e69-4f85-9f03-9e0aa7a4991d (type: ports) to 1
2026-05-12 17:41:15.573 10 WARNING neutron.scheduler.dhcp_agent_scheduler [None req-fd20cdef-c02d-41a3-980a-44ad1640b76c 4af6d2434bae430b83c61a50b14f33cd 86e6311f619a443d8fae00d751d56311 - - - -] No more DHCP agents
2026-05-12 17:41:15.579 10 WARNING neutron.api.rpc.agentnotifiers.dhcp_rpc_agent_api [None req-fd20cdef-c02d-41a3-980a-44ad1640b76c 4af6d2434bae430b83c61a50b14f33cd 86e6311f619a443d8fae00d751d56311 - - - -] Unable to schedule network 57a3e3aa-d4bc-47de-a24a-553f081fa37f: no agents available; will retry on subsequent port and subnet creation events.
2026-05-12 17:41:15.924 9 INFO neutron.db.ovn_revision_numbers_db [None req-89944717-1527-48a3-8715-9bf83fe3d448 a3c963cec92a49e49d3b16938df9dbf3 be0d6c1e66e94dd7b3388cb1d83dc57d - - default default] Successfully bumped revision number for resource 872f8dbf-4d06-4350-8766-fc961ef2c378 (type: router_ports) to 2
2026-05-12 17:41:16.076 10 INFO neutron.db.ovn_revision_numbers_db [None req-fd20cdef-c02d-41a3-980a-44ad1640b76c 4af6d2434bae430b83c61a50b14f33cd 86e6311f619a443d8fae00d751d56311 - - - -] Successfully bumped revision number for resource 3548de99-08ba-4bc4-addf-958b5083e0b1 (type: ports) to 1
2026-05-12 17:41:16.099 9 INFO neutron.db.ovn_revision_numbers_db [None req-89944717-1527-48a3-8715-9bf83fe3d448 a3c963cec92a49e49d3b16938df9dbf3 be0d6c1e66e94dd7b3388cb1d83dc57d - - default default] Successfully bumped revision number for resource 872f8dbf-4d06-4350-8766-fc961ef2c378 (type: ports) to 2
2026-05-12 17:41:16.102 10 INFO neutron.db.ovn_revision_numbers_db [None req-1185c539-2e4b-43c9-8c0d-9b98c39fa577 - - - - - -] Successfully bumped revision number for resource a1c42fc6-43ee-44cf-a29b-5db258810b8a (type: ports) to 1
2026-05-12 17:41:16.120 10 INFO neutron.wsgi [None req-fd20cdef-c02d-41a3-980a-44ad1640b76c 4af6d2434bae430b83c61a50b14f33cd 86e6311f619a443d8fae00d751d56311 - - - -] 199.19.213.202 "POST /v2.0/ports HTTP/1.1" status: 201 len: 1384 time: 1.1923261 /var/lib/openstack/lib/python3.10/site-packages/pycadf/identifier.py:71: UserWarning: Invalid uuid: neutron. To ensure interoperability, identifiers should be a valid uuid. warnings.warn(('Invalid uuid: %s. To ensure interoperability, '
2026-05-12 17:41:16.165 9 WARNING neutron.scheduler.dhcp_agent_scheduler [None req-89944717-1527-48a3-8715-9bf83fe3d448 a3c963cec92a49e49d3b16938df9dbf3 be0d6c1e66e94dd7b3388cb1d83dc57d - - default default] No more DHCP agents
2026-05-12 17:41:16.167 9 WARNING neutron.api.rpc.agentnotifiers.dhcp_rpc_agent_api [None req-89944717-1527-48a3-8715-9bf83fe3d448 a3c963cec92a49e49d3b16938df9dbf3 be0d6c1e66e94dd7b3388cb1d83dc57d - - default default] Unable to schedule network 87d63877-e501-4bb8-9bb6-c32613fdf5bd: no agents available; will retry on subsequent port and subnet creation events.
2026-05-12 17:41:16.667 10 INFO neutron.db.ovn_revision_numbers_db [None req-1b38e54e-501a-4ab5-bffc-3cc8e6e315ab 67b6df5bfbc94bc699bf4691d92b8344 da09d8798ee649a8b7112caa06bd4db0 - - default default] Successfully bumped revision number for resource f86518ad-1e69-4f85-9f03-9e0aa7a4991d (type: router_ports) to 2
2026-05-12 17:41:16.733 10 INFO neutron.db.ovn_revision_numbers_db [None req-1185c539-2e4b-43c9-8c0d-9b98c39fa577 - - - - - -] Successfully bumped revision number for resource a1c42fc6-43ee-44cf-a29b-5db258810b8a (type: router_ports) to 3
2026-05-12 17:41:16.844 9 INFO neutron.db.ovn_revision_numbers_db [None req-89944717-1527-48a3-8715-9bf83fe3d448 a3c963cec92a49e49d3b16938df9dbf3 be0d6c1e66e94dd7b3388cb1d83dc57d - - - -] Successfully bumped revision number for resource 872f8dbf-4d06-4350-8766-fc961ef2c378 (type: router_ports) to 2
2026-05-12 17:41:16.847 9 INFO neutron.wsgi [None req-89944717-1527-48a3-8715-9bf83fe3d448 a3c963cec92a49e49d3b16938df9dbf3 be0d6c1e66e94dd7b3388cb1d83dc57d - - - -] 10.0.0.117 "PUT /v2.0/routers/9109b97b-6b54-471f-9ad7-e307927b494c/add_router_interface HTTP/1.1" status: 200 len: 503 time: 1.9907107
2026-05-12 17:41:16.904 10 INFO neutron.db.ovn_revision_numbers_db [None req-e57c5739-42b4-47e1-bfc7-266879e3c8a5 82a9e57fcb8547bd8bfe8c16d5e3e2da 8aeddd43cb6e4e32a38c24203e18ffc8 - - - -] Successfully bumped revision number for resource 3548de99-08ba-4bc4-addf-958b5083e0b1 (type: ports) to 2
2026-05-12 17:41:16.916 10 INFO neutron.db.ovn_revision_numbers_db [None req-1b38e54e-501a-4ab5-bffc-3cc8e6e315ab 67b6df5bfbc94bc699bf4691d92b8344 da09d8798ee649a8b7112caa06bd4db0 - - default default] Successfully bumped revision number for resource f86518ad-1e69-4f85-9f03-9e0aa7a4991d (type: ports) to 2
2026-05-12 17:41:16.945 10 INFO neutron.db.ovn_revision_numbers_db [None req-1185c539-2e4b-43c9-8c0d-9b98c39fa577 - - - - - -] Successfully bumped revision number for resource a1c42fc6-43ee-44cf-a29b-5db258810b8a (type: ports) to 2
2026-05-12 17:41:17.092 9 INFO neutron.wsgi [-] 10.0.0.211 "GET / HTTP/1.1" status: 200 len: 246 time: 0.0026808
