2026-05-12 17:35:43.386 10 INFO neutron.wsgi [None req-a1d3de1b-bd11-401a-8228-4fda442fbc1a a3c963cec92a49e49d3b16938df9dbf3 be0d6c1e66e94dd7b3388cb1d83dc57d - - default default] 10.0.0.195 "GET /v2.0/subnets HTTP/1.1" status: 200 len: 1437 time: 0.0898936
2026-05-12 17:35:43.420 10 INFO neutron.wsgi [None req-0fee4443-c86e-4843-a5c0-c268fa9c59e5 a3c963cec92a49e49d3b16938df9dbf3 be0d6c1e66e94dd7b3388cb1d83dc57d - - default default] 10.0.0.195 "GET /v2.0/subnets HTTP/1.1" status: 200 len: 1437 time: 0.0327320
2026-05-12 17:35:43.429 10 INFO neutron.wsgi [None req-4ae5451a-96ff-4166-a30d-61efd7a03c14 a3c963cec92a49e49d3b16938df9dbf3 be0d6c1e66e94dd7b3388cb1d83dc57d - - default default] 10.0.0.195 "GET /v2.0/subnetpools HTTP/1.1" status: 200 len: 193 time: 0.0081398
2026-05-12 17:35:43.560 10 INFO neutron.wsgi [None req-b6a66e5d-5f8b-49c8-8571-bcf2dde36bdc a3c963cec92a49e49d3b16938df9dbf3 be0d6c1e66e94dd7b3388cb1d83dc57d - - default default] 10.0.0.195 "GET /v2.0/networks HTTP/1.1" status: 200 len: 2350 time: 0.1303482
2026-05-12 17:35:43.581 10 INFO neutron.wsgi [None req-e24e4aac-2818-4a23-b9ea-82408d7a2246 a3c963cec92a49e49d3b16938df9dbf3 be0d6c1e66e94dd7b3388cb1d83dc57d - - default default] 10.0.0.195 "GET /v2.0/routers HTTP/1.1" status: 200 len: 189 time: 0.0194805
2026-05-12 17:35:43.613 10 INFO neutron.wsgi [None req-b6514051-ec5e-4df2-84b3-c8d67ef2e72c a3c963cec92a49e49d3b16938df9dbf3 be0d6c1e66e94dd7b3388cb1d83dc57d - - default default] 10.0.0.195 "GET /v2.0/agents?binary=ovn-controller HTTP/1.1" status: 200 len: 591 time: 0.0314426
2026-05-12 17:35:43.622 10 INFO neutron.wsgi [None req-afc715ed-4ab0-4485-a4e5-bd68e3c943ba a3c963cec92a49e49d3b16938df9dbf3 be0d6c1e66e94dd7b3388cb1d83dc57d - - default default] 10.0.0.195 "GET /v2.0/network-ip-availabilities HTTP/1.1" status: 200 len: 1280 time: 0.0080352
2026-05-12 17:35:43.641 10 INFO neutron.wsgi [None req-d5c76cf2-c5f1-41ea-818c-b02bfb71c6eb a3c963cec92a49e49d3b16938df9dbf3 be0d6c1e66e94dd7b3388cb1d83dc57d - - default default] 10.0.0.195 "GET /v2.0/floatingips HTTP/1.1" status: 200 len: 193 time: 0.0180953
2026-05-12 17:35:43.687 10 INFO neutron.wsgi [None req-4b86a6c2-77cf-4f4d-bd31-71a5cbc6d4df a3c963cec92a49e49d3b16938df9dbf3 be0d6c1e66e94dd7b3388cb1d83dc57d - - default default] 10.0.0.195 "GET /v2.0/security-groups HTTP/1.1" status: 200 len: 16795 time: 0.0450699
2026-05-12 17:35:43.714 10 INFO neutron.wsgi [None req-577e57bd-9a3b-4b43-8f86-b7b3bdfe74b6 a3c963cec92a49e49d3b16938df9dbf3 be0d6c1e66e94dd7b3388cb1d83dc57d - - default default] 10.0.0.195 "GET /v2.0/ports HTTP/1.1" status: 200 len: 5247 time: 0.0220029
2026-05-12 17:35:43.727 10 INFO neutron.wsgi [None req-1bbca205-a99c-44fa-91de-cb881075c1fa a3c963cec92a49e49d3b16938df9dbf3 be0d6c1e66e94dd7b3388cb1d83dc57d - - default default] 10.0.0.195 "GET /v2.0/agents HTTP/1.1" status: 200 len: 997 time: 0.0079546
2026-05-12 17:35:47.095 10 INFO neutron.wsgi [-] 10.0.0.211 "GET / HTTP/1.1" status: 200 len: 246 time: 0.0027459
2026-05-12 17:35:47.096 10 INFO neutron.wsgi [-] 10.0.0.211 "GET / HTTP/1.1" status: 200 len: 246 time: 0.0008726
2026-05-12 17:36:02.092 9 INFO neutron.wsgi [-] 10.0.0.211 "GET / HTTP/1.1" status: 200 len: 246 time: 0.0023191
2026-05-12 17:36:02.092 10 INFO neutron.wsgi [-] 10.0.0.211 "GET / HTTP/1.1" status: 200 len: 246 time: 0.0029790
2026-05-12 17:36:05.756 9 INFO neutron.wsgi [None req-c99b2ab3-61f1-4b2c-87e3-b0a48bf384ec a3c963cec92a49e49d3b16938df9dbf3 be0d6c1e66e94dd7b3388cb1d83dc57d - - default default] 199.19.213.202,10.0.0.211 "GET /v2.0/security-groups?tenant_id=8aeddd43cb6e4e32a38c24203e18ffc8 HTTP/1.1" status: 200 len: 6838 time: 0.0704951
2026-05-12 17:36:06.712 9 INFO neutron.wsgi [None req-63e9323e-448f-4c98-9a3c-825f9738512a a3c963cec92a49e49d3b16938df9dbf3 be0d6c1e66e94dd7b3388cb1d83dc57d - - default default] 199.19.213.202,10.0.0.211 "GET /v2.0/security-groups?tenant_id=8aeddd43cb6e4e32a38c24203e18ffc8 HTTP/1.1" status: 200 len: 6838 time: 0.0694735
2026-05-12 17:36:07.581 9 INFO neutron.wsgi [None req-dcd4c8c0-1f12-4b51-a89f-11cf2d380717 a3c963cec92a49e49d3b16938df9dbf3 be0d6c1e66e94dd7b3388cb1d83dc57d - - default default] 199.19.213.202,10.0.0.211 "GET /v2.0/security-groups?tenant_id=8aeddd43cb6e4e32a38c24203e18ffc8 HTTP/1.1" status: 200 len: 6838 time: 0.0677493
2026-05-12 17:36:08.428 9 INFO neutron.wsgi [None req-352fa2e4-60d0-4d62-8111-482ae2e773cb a3c963cec92a49e49d3b16938df9dbf3 be0d6c1e66e94dd7b3388cb1d83dc57d - - default default] 199.19.213.202,10.0.0.211 "GET /v2.0/security-groups?tenant_id=8aeddd43cb6e4e32a38c24203e18ffc8 HTTP/1.1" status: 200 len: 6838 time: 0.0706880
2026-05-12 17:36:09.378 9 INFO neutron.wsgi [None req-94af2667-c8f2-43d1-b259-38355e0cd2e1 a3c963cec92a49e49d3b16938df9dbf3 be0d6c1e66e94dd7b3388cb1d83dc57d - - default default] 199.19.213.202,10.0.0.211 "GET /v2.0/security-groups?tenant_id=8aeddd43cb6e4e32a38c24203e18ffc8 HTTP/1.1" status: 200 len: 6838 time: 0.0797207
2026-05-12 17:36:15.969 9 INFO neutron.wsgi [None req-51db047e-47f8-4228-88b4-59257d7a2d46 a3c963cec92a49e49d3b16938df9dbf3 be0d6c1e66e94dd7b3388cb1d83dc57d - - default default] 199.19.213.202,10.0.0.211 "GET /v2.0/quotas/8aeddd43cb6e4e32a38c24203e18ffc8 HTTP/1.1" status: 200 len: 361 time: 0.0096238
2026-05-12 17:36:17.091 10 INFO neutron.wsgi [-] 10.0.0.211 "GET / HTTP/1.1" status: 200 len: 246 time: 0.0020208
2026-05-12 17:36:17.092 9 INFO neutron.wsgi [-] 10.0.0.211 "GET / HTTP/1.1" status: 200 len: 246 time: 0.0027292
2026-05-12 17:36:32.095 9 INFO neutron.wsgi [-] 10.0.0.211 "GET / HTTP/1.1" status: 200 len: 246 time: 0.0051498
2026-05-12 17:36:32.098 9 INFO neutron.wsgi [-] 10.0.0.211 "GET / HTTP/1.1" status: 200 len: 246 time: 0.0022242
2026-05-12 17:36:43.365 10 INFO neutron.wsgi [None req-19bb2d0b-b0e4-4aab-9b44-a03a35cfe16c a3c963cec92a49e49d3b16938df9dbf3 be0d6c1e66e94dd7b3388cb1d83dc57d - - default default] 10.0.0.195 "GET /v2.0/floatingips HTTP/1.1" status: 200 len: 193 time: 0.0755019
2026-05-12 17:36:43.428 10 INFO neutron.wsgi [None req-e5f3eec8-c45f-4637-b8a1-0f6ab8434656 a3c963cec92a49e49d3b16938df9dbf3 be0d6c1e66e94dd7b3388cb1d83dc57d - - default default] 10.0.0.195 "GET /v2.0/networks HTTP/1.1" status: 200 len: 2350 time: 0.0615957
2026-05-12 17:36:43.443 10 INFO neutron.wsgi [None req-f9c8f279-6b14-4f69-88f4-9875540e5ccd a3c963cec92a49e49d3b16938df9dbf3 be0d6c1e66e94dd7b3388cb1d83dc57d - - default default] 10.0.0.195 "GET /v2.0/network-ip-availabilities HTTP/1.1" status: 200 len: 1280 time: 0.0132606
2026-05-12 17:36:43.505 10 INFO neutron.wsgi [None req-52d61a45-e16d-4b03-93a8-3897181552c6 a3c963cec92a49e49d3b16938df9dbf3 be0d6c1e66e94dd7b3388cb1d83dc57d - - default default] 10.0.0.195 "GET /v2.0/security-groups HTTP/1.1" status: 200 len: 16795 time: 0.0596485
2026-05-12 17:36:43.548 10 INFO neutron.wsgi [None req-2da3f824-5580-454a-9d1d-d019c82f7912 a3c963cec92a49e49d3b16938df9dbf3 be0d6c1e66e94dd7b3388cb1d83dc57d - - default default] 10.0.0.195 "GET /v2.0/agents HTTP/1.1" status: 200 len: 997 time: 0.0358272
2026-05-12 17:36:43.585 10 INFO neutron.wsgi [None req-bb26c36d-b5c4-4473-b008-9ab1f01e0ae9 a3c963cec92a49e49d3b16938df9dbf3 be0d6c1e66e94dd7b3388cb1d83dc57d - - default default] 10.0.0.195 "GET /v2.0/subnets HTTP/1.1" status: 200 len: 1437 time: 0.0358822
2026-05-12 17:36:43.597 10 INFO neutron.wsgi [None req-f99f8efe-1b31-44ae-b402-d9be4e3894bf a3c963cec92a49e49d3b16938df9dbf3 be0d6c1e66e94dd7b3388cb1d83dc57d - - default default] 10.0.0.195 "GET /v2.0/subnetpools HTTP/1.1" status: 200 len: 193 time: 0.0098634
2026-05-12 17:36:43.623 10 INFO neutron.wsgi [None req-bc4aea77-2709-4fe4-98bf-6ec6879f9d06 a3c963cec92a49e49d3b16938df9dbf3 be0d6c1e66e94dd7b3388cb1d83dc57d - - default default] 10.0.0.195 "GET /v2.0/subnets HTTP/1.1" status: 200 len: 1437 time: 0.0256832
2026-05-12 17:36:43.654 10 INFO neutron.wsgi [None req-014601d6-07c6-4598-b6cb-2aee4cd09ba1 a3c963cec92a49e49d3b16938df9dbf3 be0d6c1e66e94dd7b3388cb1d83dc57d - - default default] 10.0.0.195 "GET /v2.0/ports HTTP/1.1" status: 200 len: 5247 time: 0.0296323
2026-05-12 17:36:43.678 10 INFO neutron.wsgi [None req-ee84676f-cb3b-4d22-a9f4-d0b13afbd96d a3c963cec92a49e49d3b16938df9dbf3 be0d6c1e66e94dd7b3388cb1d83dc57d - - default default] 10.0.0.195 "GET /v2.0/routers HTTP/1.1" status: 200 len: 189 time: 0.0196941
2026-05-12 17:36:43.686 10 INFO neutron.wsgi [None req-6ddb2965-a5bb-4eb0-b037-505ef68030a0 a3c963cec92a49e49d3b16938df9dbf3 be0d6c1e66e94dd7b3388cb1d83dc57d - - default default] 10.0.0.195 "GET /v2.0/agents?binary=ovn-controller HTTP/1.1" status: 200 len: 591 time: 0.0075662
2026-05-12 17:36:47.091 10 INFO neutron.wsgi [-] 10.0.0.211 "GET / HTTP/1.1" status: 200 len: 246 time: 0.0016696
2026-05-12 17:36:47.091 9 INFO neutron.wsgi [-] 10.0.0.211 "GET / HTTP/1.1" status: 200 len: 246 time: 0.0016828
2026-05-12 17:37:02.093 9 INFO neutron.wsgi [-] 10.0.0.211 "GET / HTTP/1.1" status: 200 len: 246 time: 0.0030272
2026-05-12 17:37:02.093 10 INFO neutron.wsgi [-] 10.0.0.211 "GET / HTTP/1.1" status: 200 len: 246 time: 0.0029376
2026-05-12 17:37:07.799 9 INFO neutron.wsgi [None req-aaf55e4c-0062-481f-9c87-38a436f425c5 a3c963cec92a49e49d3b16938df9dbf3 be0d6c1e66e94dd7b3388cb1d83dc57d - - default default] 199.19.213.202,10.0.0.211 "GET /v2.0/networks HTTP/1.1" status: 200 len: 2350 time: 0.1187053
2026-05-12 17:37:17.091 10 INFO neutron.wsgi [-] 10.0.0.211 "GET / HTTP/1.1" status: 200 len: 246 time: 0.0019157
2026-05-12 17:37:17.093 9 INFO neutron.wsgi [-] 10.0.0.211 "GET / HTTP/1.1" status: 200 len: 246 time: 0.0036957
2026-05-12 17:37:32.090 9 INFO neutron.wsgi [-] 10.0.0.211 "GET / HTTP/1.1" status: 200 len: 246 time: 0.0015783
2026-05-12 17:37:32.092 9 INFO neutron.wsgi [-] 10.0.0.211 "GET / HTTP/1.1" status: 200 len: 246 time: 0.0012729
2026-05-12 17:37:43.505 10 INFO neutron.wsgi [None req-708ca8b1-7992-444c-8799-a9d1dd4a3713 a3c963cec92a49e49d3b16938df9dbf3 be0d6c1e66e94dd7b3388cb1d83dc57d - - default default] 10.0.0.195 "GET /v2.0/security-groups HTTP/1.1" status: 200 len: 16795 time: 0.1646345
2026-05-12 17:37:43.545 10 INFO neutron.wsgi [None req-0707ed74-3ea1-4ba3-bada-46c85445d3da a3c963cec92a49e49d3b16938df9dbf3 be0d6c1e66e94dd7b3388cb1d83dc57d - - default default] 10.0.0.195 "GET /v2.0/ports HTTP/1.1" status: 200 len: 5247 time: 0.0338380
2026-05-12 17:37:43.560 10 INFO neutron.wsgi [None req-1f17e816-3d0f-4ef9-882b-d018204fcf62 a3c963cec92a49e49d3b16938df9dbf3 be0d6c1e66e94dd7b3388cb1d83dc57d - - default default] 10.0.0.195 "GET /v2.0/network-ip-availabilities HTTP/1.1" status: 200 len: 1280 time: 0.0119398
2026-05-12 17:37:43.589 10 INFO neutron.wsgi [None req-22de6523-a111-4b44-a6f9-b46f1b9fd3d9 a3c963cec92a49e49d3b16938df9dbf3 be0d6c1e66e94dd7b3388cb1d83dc57d - - default default] 10.0.0.195 "GET /v2.0/subnets HTTP/1.1" status: 200 len: 1437 time: 0.0284569
2026-05-12 17:37:43.636 10 INFO neutron.wsgi [None req-4140dd2b-6431-4f38-8a33-b62774d78dc1 a3c963cec92a49e49d3b16938df9dbf3 be0d6c1e66e94dd7b3388cb1d83dc57d - - default default] 10.0.0.195 "GET /v2.0/agents HTTP/1.1" status: 200 len: 997 time: 0.0457656
2026-05-12 17:37:43.698 10 INFO neutron.wsgi [None req-feb911f4-bca8-4eb6-b9ce-f5ce4df6bfb4 a3c963cec92a49e49d3b16938df9dbf3 be0d6c1e66e94dd7b3388cb1d83dc57d - - default default] 10.0.0.195 "GET /v2.0/networks HTTP/1.1" status: 200 len: 2350 time: 0.0613844
2026-05-12 17:37:43.726 10 INFO neutron.wsgi [None req-b8d84c72-5e21-4882-9a8d-fcea3f51216a a3c963cec92a49e49d3b16938df9dbf3 be0d6c1e66e94dd7b3388cb1d83dc57d - - default default] 10.0.0.195 "GET /v2.0/routers HTTP/1.1" status: 200 len: 189 time: 0.0251353
2026-05-12 17:37:43.735 10 INFO neutron.wsgi [None req-7617a724-586e-44c3-b34a-0680d2947bc7 a3c963cec92a49e49d3b16938df9dbf3 be0d6c1e66e94dd7b3388cb1d83dc57d - - default default] 10.0.0.195 "GET /v2.0/agents?binary=ovn-controller HTTP/1.1" status: 200 len: 591 time: 0.0083296
2026-05-12 17:37:43.761 10 INFO neutron.wsgi [None req-0fd23572-cf8f-4264-8b2c-c9166d1a588a a3c963cec92a49e49d3b16938df9dbf3 be0d6c1e66e94dd7b3388cb1d83dc57d - - default default] 10.0.0.195 "GET /v2.0/subnets HTTP/1.1" status: 200 len: 1437 time: 0.0254736
2026-05-12 17:37:43.772 10 INFO neutron.wsgi [None req-8441dc1f-f823-46bd-bf44-79664fc7f5b8 a3c963cec92a49e49d3b16938df9dbf3 be0d6c1e66e94dd7b3388cb1d83dc57d - - default default] 10.0.0.195 "GET /v2.0/subnetpools HTTP/1.1" status: 200 len: 193 time: 0.0095699
2026-05-12 17:37:43.795 10 INFO neutron.wsgi [None req-39ba7e82-7241-4195-b748-a79d6bf4bfe6 a3c963cec92a49e49d3b16938df9dbf3 be0d6c1e66e94dd7b3388cb1d83dc57d - - default default] 10.0.0.195 "GET /v2.0/floatingips HTTP/1.1" status: 200 len: 193 time: 0.0219343
2026-05-12 17:37:46.470 10 INFO neutron.wsgi [None req-9aca1c97-a5a4-45d1-b888-bee67cacb701 a3c963cec92a49e49d3b16938df9dbf3 be0d6c1e66e94dd7b3388cb1d83dc57d - - default default] 10.0.0.117 "GET /v2.0/networks HTTP/1.1" status: 200 len: 2369 time: 0.0871212
2026-05-12 17:37:47.091 10 INFO neutron.wsgi [-] 10.0.0.211 "GET / HTTP/1.1" status: 200 len: 246 time: 0.0023899
2026-05-12 17:37:47.093 10 INFO neutron.wsgi [-] 10.0.0.211 "GET / HTTP/1.1" status: 200 len: 246 time: 0.0012298
2026-05-12 17:37:47.685 10 INFO neutron.wsgi [None req-e97992ad-1dfa-4851-a973-9f493cbec6d8 a3c963cec92a49e49d3b16938df9dbf3 be0d6c1e66e94dd7b3388cb1d83dc57d - - default default] 10.0.0.117 "GET /v2.0/floatingips HTTP/1.1" status: 200 len: 212 time: 0.0265565
2026-05-12 17:37:47.713 10 INFO neutron.wsgi [None req-b615ebc0-ec07-4113-be56-328d526cc19e a3c963cec92a49e49d3b16938df9dbf3 be0d6c1e66e94dd7b3388cb1d83dc57d - - default default] 10.0.0.117 "GET /v2.0/routers HTTP/1.1" status: 200 len: 208 time: 0.0215316
2026-05-12 17:37:47.749 10 INFO neutron.wsgi [None req-ef47e78b-b6ff-464e-bb9a-e153bd9ea2bd a3c963cec92a49e49d3b16938df9dbf3 be0d6c1e66e94dd7b3388cb1d83dc57d - - default default] 10.0.0.117 "GET /v2.0/ports HTTP/1.1" status: 200 len: 5266 time: 0.0311086
2026-05-12 17:37:47.785 10 INFO neutron.wsgi [None req-f4340132-c861-4a5e-8a79-3c9d6d70ddcd a3c963cec92a49e49d3b16938df9dbf3 be0d6c1e66e94dd7b3388cb1d83dc57d - - default default] 10.0.0.117 "GET /v2.0/subnets HTTP/1.1" status: 200 len: 1456 time: 0.0329049
2026-05-12 17:37:47.848 9 INFO neutron.wsgi [None req-ad535f79-e237-4864-957b-2286da165fc2 a3c963cec92a49e49d3b16938df9dbf3 be0d6c1e66e94dd7b3388cb1d83dc57d - - default default] 10.0.0.117 "GET /v2.0/networks HTTP/1.1" status: 200 len: 2369 time: 0.0567284
2026-05-12 17:37:47.917 9 INFO neutron.wsgi [None req-4716b4ca-c95b-4a08-8840-83adcd5842a4 a3c963cec92a49e49d3b16938df9dbf3 be0d6c1e66e94dd7b3388cb1d83dc57d - - default default] 10.0.0.117 "GET /v2.0/security-groups HTTP/1.1" status: 200 len: 16814 time: 0.0650878
2026-05-12 17:37:47.937 9 INFO neutron.wsgi [None req-790e1183-88a4-4521-924b-b0c216a77a92 a3c963cec92a49e49d3b16938df9dbf3 be0d6c1e66e94dd7b3388cb1d83dc57d - - default default] 10.0.0.117 "GET /v2.0/subnetpools HTTP/1.1" status: 200 len: 212 time: 0.0146043
2026-05-12 17:37:58.574 10 INFO neutron.db.ovn_revision_numbers_db [None req-27171ff8-984c-45d7-8e70-4a25169aa6eb a3c963cec92a49e49d3b16938df9dbf3 be0d6c1e66e94dd7b3388cb1d83dc57d - - - -] Successfully bumped revision number for resource 6df42c40-2c31-4f7a-bae4-0c87f325c380 (type: security_groups) to 1
2026-05-12 17:37:58.620 9 INFO neutron.db.ovn_revision_numbers_db [None req-86d2d229-1258-47ac-b8d5-ac17550fec52 a3c963cec92a49e49d3b16938df9dbf3 be0d6c1e66e94dd7b3388cb1d83dc57d - - - -] Successfully bumped revision number for resource d8b020cd-0e54-4037-ba63-2c6e1e5bcfa1 (type: security_groups) to 1
2026-05-12 17:37:58.630 10 INFO neutron.db.segments_db [None req-27171ff8-984c-45d7-8e70-4a25169aa6eb a3c963cec92a49e49d3b16938df9dbf3 be0d6c1e66e94dd7b3388cb1d83dc57d - - - -] Added segment b9f860d9-6ba4-45d3-b771-b196aea97984 of type geneve for network 65c47c59-2fae-4682-89af-fcca2b8f67ea
2026-05-12 17:37:58.634 10 INFO neutron.db.ovn_revision_numbers_db [None req-f13a7f17-42b5-4b3d-9a30-ece5363e3204 a3c963cec92a49e49d3b16938df9dbf3 be0d6c1e66e94dd7b3388cb1d83dc57d - - - -] Successfully bumped revision number for resource 26b0e31a-b6bc-4fa8-ac36-f1cb5101e962 (type: security_groups) to 1
2026-05-12 17:37:58.686 9 INFO neutron.db.segments_db [None req-86d2d229-1258-47ac-b8d5-ac17550fec52 a3c963cec92a49e49d3b16938df9dbf3 be0d6c1e66e94dd7b3388cb1d83dc57d - - - -] Added segment c0b916ff-9b9c-4d34-9230-5f11d706f233 of type geneve for network 58cfc4b4-a909-48f8-a9ee-149fb038016a
2026-05-12 17:37:58.700 10 INFO neutron.db.segments_db [None req-f13a7f17-42b5-4b3d-9a30-ece5363e3204 a3c963cec92a49e49d3b16938df9dbf3 be0d6c1e66e94dd7b3388cb1d83dc57d - - - -] Added segment 0ac161b5-e8b7-4570-b45b-ff7b43c2dc4f of type geneve for network 2a505145-79e1-45a6-8b65-c7ce1a1925c5
2026-05-12 17:37:58.752 10 INFO neutron.db.ovn_revision_numbers_db [None req-27171ff8-984c-45d7-8e70-4a25169aa6eb a3c963cec92a49e49d3b16938df9dbf3 be0d6c1e66e94dd7b3388cb1d83dc57d - - - -] Successfully bumped revision number for resource 65c47c59-2fae-4682-89af-fcca2b8f67ea (type: networks) to 1
2026-05-12 17:37:58.794 9 INFO neutron.db.ovn_revision_numbers_db [None req-86d2d229-1258-47ac-b8d5-ac17550fec52 a3c963cec92a49e49d3b16938df9dbf3 be0d6c1e66e94dd7b3388cb1d83dc57d - - - -] Successfully bumped revision number for resource 58cfc4b4-a909-48f8-a9ee-149fb038016a (type: networks) to 1
2026-05-12 17:37:58.877 10 INFO neutron.db.ovn_revision_numbers_db [None req-f13a7f17-42b5-4b3d-9a30-ece5363e3204 a3c963cec92a49e49d3b16938df9dbf3 be0d6c1e66e94dd7b3388cb1d83dc57d - - - -] Successfully bumped revision number for resource 2a505145-79e1-45a6-8b65-c7ce1a1925c5 (type: networks) to 1
2026-05-12 17:37:58.977 9 WARNING neutron.scheduler.dhcp_agent_scheduler [None req-86d2d229-1258-47ac-b8d5-ac17550fec52 a3c963cec92a49e49d3b16938df9dbf3 be0d6c1e66e94dd7b3388cb1d83dc57d - - - -] No more DHCP agents
2026-05-12 17:37:58.979 9 WARNING neutron.api.rpc.agentnotifiers.dhcp_rpc_agent_api [None req-86d2d229-1258-47ac-b8d5-ac17550fec52 a3c963cec92a49e49d3b16938df9dbf3 be0d6c1e66e94dd7b3388cb1d83dc57d - - - -] Unable to schedule network 58cfc4b4-a909-48f8-a9ee-149fb038016a: no agents available; will retry on subsequent port and subnet creation events.
2026-05-12 17:37:59.008 10 WARNING neutron.scheduler.dhcp_agent_scheduler [None req-27171ff8-984c-45d7-8e70-4a25169aa6eb a3c963cec92a49e49d3b16938df9dbf3 be0d6c1e66e94dd7b3388cb1d83dc57d - - - -] No more DHCP agents
2026-05-12 17:37:59.012 10 WARNING neutron.api.rpc.agentnotifiers.dhcp_rpc_agent_api [None req-27171ff8-984c-45d7-8e70-4a25169aa6eb a3c963cec92a49e49d3b16938df9dbf3 be0d6c1e66e94dd7b3388cb1d83dc57d - - - -] Unable to schedule network 65c47c59-2fae-4682-89af-fcca2b8f67ea: no agents available; will retry on subsequent port and subnet creation events.
2026-05-12 17:37:59.041 9 INFO neutron.db.ovn_revision_numbers_db [None req-86d2d229-1258-47ac-b8d5-ac17550fec52 a3c963cec92a49e49d3b16938df9dbf3 be0d6c1e66e94dd7b3388cb1d83dc57d - - - -] Successfully bumped revision number for resource 381cc142-9e97-451a-ac31-10e9fed4ea06 (type: ports) to 1
2026-05-12 17:37:59.065 9 INFO neutron.wsgi [None req-86d2d229-1258-47ac-b8d5-ac17550fec52 a3c963cec92a49e49d3b16938df9dbf3 be0d6c1e66e94dd7b3388cb1d83dc57d - - - -] 10.0.0.117 "POST /v2.0/networks HTTP/1.1" status: 201 len: 947 time: 0.6153917
2026-05-12 17:37:59.107 10 INFO neutron.db.ovn_revision_numbers_db [None req-27171ff8-984c-45d7-8e70-4a25169aa6eb a3c963cec92a49e49d3b16938df9dbf3 be0d6c1e66e94dd7b3388cb1d83dc57d - - - -] Successfully bumped revision number for resource 0c2f0df1-3b42-4fae-b6e7-eae7a981e47a (type: ports) to 1
2026-05-12 17:37:59.114 10 WARNING neutron.scheduler.dhcp_agent_scheduler [None req-f13a7f17-42b5-4b3d-9a30-ece5363e3204 a3c963cec92a49e49d3b16938df9dbf3 be0d6c1e66e94dd7b3388cb1d83dc57d - - - -] No more DHCP agents
2026-05-12 17:37:59.117 10 WARNING neutron.api.rpc.agentnotifiers.dhcp_rpc_agent_api [None req-f13a7f17-42b5-4b3d-9a30-ece5363e3204 a3c963cec92a49e49d3b16938df9dbf3 be0d6c1e66e94dd7b3388cb1d83dc57d - - - -] Unable to schedule network 2a505145-79e1-45a6-8b65-c7ce1a1925c5: no agents available; will retry on subsequent port and subnet creation events.
2026-05-12 17:37:59.214 9 INFO neutron.db.ovn_revision_numbers_db [None req-b97bce57-c89c-4871-ba42-8135213e2f7c a3c963cec92a49e49d3b16938df9dbf3 be0d6c1e66e94dd7b3388cb1d83dc57d - - default default] Successfully bumped revision number for resource 4b737cd1-29b5-4086-8f7e-e5f3ac29e6b1 (type: security_groups) to 1
2026-05-12 17:37:59.214 10 INFO neutron.wsgi [None req-27171ff8-984c-45d7-8e70-4a25169aa6eb a3c963cec92a49e49d3b16938df9dbf3 be0d6c1e66e94dd7b3388cb1d83dc57d - - - -] 10.0.0.117 "POST /v2.0/networks HTTP/1.1" status: 201 len: 939 time: 0.8882241
2026-05-12 17:37:59.239 9 INFO neutron.wsgi [None req-b97bce57-c89c-4871-ba42-8135213e2f7c a3c963cec92a49e49d3b16938df9dbf3 be0d6c1e66e94dd7b3388cb1d83dc57d - - default default] 10.0.0.117 "GET /v2.0/security-groups?tenant_id=0d159fb1dbf14ed8b13669a1f0dd8995&name=default HTTP/1.1" status: 200 len: 2992 time: 0.2884977
2026-05-12 17:37:59.286 9 WARNING neutron.scheduler.dhcp_agent_scheduler [None req-111d3d7f-702c-418c-a481-cc93e66d5d33 a3c963cec92a49e49d3b16938df9dbf3 be0d6c1e66e94dd7b3388cb1d83dc57d - - - -] No more DHCP agents
2026-05-12 17:37:59.287 9 WARNING neutron.api.rpc.agentnotifiers.dhcp_rpc_agent_api [None req-111d3d7f-702c-418c-a481-cc93e66d5d33 a3c963cec92a49e49d3b16938df9dbf3 be0d6c1e66e94dd7b3388cb1d83dc57d - - - -] Unable to schedule network 58cfc4b4-a909-48f8-a9ee-149fb038016a: no agents available; will retry on subsequent port and subnet creation events.
2026-05-12 17:37:59.292 10 INFO neutron.db.ovn_revision_numbers_db [None req-f13a7f17-42b5-4b3d-9a30-ece5363e3204 a3c963cec92a49e49d3b16938df9dbf3 be0d6c1e66e94dd7b3388cb1d83dc57d - - - -] Successfully bumped revision number for resource 8cef393e-316e-42cc-b4ca-33b456a97b31 (type: ports) to 1
2026-05-12 17:37:59.319 10 INFO neutron.wsgi [None req-f13a7f17-42b5-4b3d-9a30-ece5363e3204 a3c963cec92a49e49d3b16938df9dbf3 be0d6c1e66e94dd7b3388cb1d83dc57d - - - -] 10.0.0.117 "POST /v2.0/networks HTTP/1.1" status: 201 len: 953 time: 0.8596139
2026-05-12 17:37:59.401 10 WARNING neutron.scheduler.dhcp_agent_scheduler [None req-9bd88119-9bdf-49c3-a662-52c0c3a2a955 a3c963cec92a49e49d3b16938df9dbf3 be0d6c1e66e94dd7b3388cb1d83dc57d - - - -] No more DHCP agents
2026-05-12 17:37:59.406 10 WARNING neutron.api.rpc.agentnotifiers.dhcp_rpc_agent_api [None req-9bd88119-9bdf-49c3-a662-52c0c3a2a955 a3c963cec92a49e49d3b16938df9dbf3 be0d6c1e66e94dd7b3388cb1d83dc57d - - - -] Unable to schedule network 65c47c59-2fae-4682-89af-fcca2b8f67ea: no agents available; will retry on subsequent port and subnet creation events.
2026-05-12 17:37:59.549 9 WARNING neutron.scheduler.dhcp_agent_scheduler [None req-8c31f62c-785a-4eb7-a607-90b0fb19c9fb a3c963cec92a49e49d3b16938df9dbf3 be0d6c1e66e94dd7b3388cb1d83dc57d - - - -] No more DHCP agents
2026-05-12 17:37:59.550 9 WARNING neutron.api.rpc.agentnotifiers.dhcp_rpc_agent_api [None req-8c31f62c-785a-4eb7-a607-90b0fb19c9fb a3c963cec92a49e49d3b16938df9dbf3 be0d6c1e66e94dd7b3388cb1d83dc57d - - - -] Unable to schedule network 2a505145-79e1-45a6-8b65-c7ce1a1925c5: no agents available; will retry on subsequent port and subnet creation events.
2026-05-12 17:37:59.569 10 INFO neutron.wsgi [None req-aa02623e-aff5-40b1-a9e4-352684a79258 a3c963cec92a49e49d3b16938df9dbf3 be0d6c1e66e94dd7b3388cb1d83dc57d - - - -] 10.0.0.117 "DELETE /v2.0/security-groups/4b737cd1-29b5-4086-8f7e-e5f3ac29e6b1 HTTP/1.1" status: 204 len: 168 time: 0.3234377
2026-05-12 17:37:59.829 9 INFO neutron.db.ovn_revision_numbers_db [None req-111d3d7f-702c-418c-a481-cc93e66d5d33 a3c963cec92a49e49d3b16938df9dbf3 be0d6c1e66e94dd7b3388cb1d83dc57d - - - -] Successfully bumped revision number for resource 381cc142-9e97-451a-ac31-10e9fed4ea06 (type: ports) to 2
2026-05-12 17:37:59.854 9 INFO neutron.db.ovn_revision_numbers_db [None req-111d3d7f-702c-418c-a481-cc93e66d5d33 a3c963cec92a49e49d3b16938df9dbf3 be0d6c1e66e94dd7b3388cb1d83dc57d - - - -] Successfully bumped revision number for resource bed91523-7022-422a-b31d-aed88ab59b40 (type: subnets) to 0
2026-05-12 17:37:59.869 9 INFO neutron.wsgi [None req-111d3d7f-702c-418c-a481-cc93e66d5d33 a3c963cec92a49e49d3b16938df9dbf3 be0d6c1e66e94dd7b3388cb1d83dc57d - - - -] 10.0.0.117 "POST /v2.0/subnets HTTP/1.1" status: 201 len: 867 time: 0.7922425
2026-05-12 17:37:59.869 10 INFO neutron.db.ovn_revision_numbers_db [None req-9bd88119-9bdf-49c3-a662-52c0c3a2a955 a3c963cec92a49e49d3b16938df9dbf3 be0d6c1e66e94dd7b3388cb1d83dc57d - - - -] Successfully bumped revision number for resource 0c2f0df1-3b42-4fae-b6e7-eae7a981e47a (type: ports) to 2
2026-05-12 17:37:59.901 10 INFO neutron.db.ovn_revision_numbers_db [None req-9bd88119-9bdf-49c3-a662-52c0c3a2a955 a3c963cec92a49e49d3b16938df9dbf3 be0d6c1e66e94dd7b3388cb1d83dc57d - - - -] Successfully bumped revision number for resource 2e83c024-8662-4111-a4cb-31979e9224c7 (type: subnets) to 0
2026-05-12 17:37:59.916 10 INFO neutron.wsgi [None req-9bd88119-9bdf-49c3-a662-52c0c3a2a955 a3c963cec92a49e49d3b16938df9dbf3 be0d6c1e66e94dd7b3388cb1d83dc57d - - - -] 10.0.0.117 "POST /v2.0/subnets HTTP/1.1" status: 201 len: 859 time: 0.6968784
2026-05-12 17:38:00.236 9 INFO neutron.db.ovn_revision_numbers_db [None req-8c31f62c-785a-4eb7-a607-90b0fb19c9fb a3c963cec92a49e49d3b16938df9dbf3 be0d6c1e66e94dd7b3388cb1d83dc57d - - - -] Successfully bumped revision number for resource 8cef393e-316e-42cc-b4ca-33b456a97b31 (type: ports) to 2
2026-05-12 17:38:00.262 9 INFO neutron.db.ovn_revision_numbers_db [None req-8c31f62c-785a-4eb7-a607-90b0fb19c9fb a3c963cec92a49e49d3b16938df9dbf3 be0d6c1e66e94dd7b3388cb1d83dc57d - - - -] Successfully bumped revision number for resource a989a926-a28b-496f-a799-10ad8b3835fd (type: subnets) to 0
2026-05-12 17:38:00.296 9 INFO neutron.wsgi [None req-8c31f62c-785a-4eb7-a607-90b0fb19c9fb a3c963cec92a49e49d3b16938df9dbf3 be0d6c1e66e94dd7b3388cb1d83dc57d - - - -] 10.0.0.117 "POST /v2.0/subnets HTTP/1.1" status: 201 len: 873 time: 0.9698188
2026-05-12 17:38:00.538 9 WARNING neutron.scheduler.dhcp_agent_scheduler [None req-9c66fc39-94ae-4988-8f39-f070354628b2 a3c963cec92a49e49d3b16938df9dbf3 be0d6c1e66e94dd7b3388cb1d83dc57d - - - -] No more DHCP agents
2026-05-12 17:38:00.541 9 WARNING neutron.api.rpc.agentnotifiers.dhcp_rpc_agent_api [None req-9c66fc39-94ae-4988-8f39-f070354628b2 a3c963cec92a49e49d3b16938df9dbf3 be0d6c1e66e94dd7b3388cb1d83dc57d - - - -] Unable to schedule network 6b5703c8-791d-46fc-980b-3fe18a6de094: no agents available; will retry on subsequent port and subnet creation events.
2026-05-12 17:38:00.654 9 INFO neutron.db.ovn_revision_numbers_db [None req-9c66fc39-94ae-4988-8f39-f070354628b2 a3c963cec92a49e49d3b16938df9dbf3 be0d6c1e66e94dd7b3388cb1d83dc57d - - - -] Successfully bumped revision number for resource 924b0b8d-5352-4ffa-92c7-95e9d7be8f0c (type: ports) to 1
2026-05-12 17:38:00.660 10 WARNING neutron.scheduler.dhcp_agent_scheduler [None req-e5b0c4fb-30b6-4146-8d53-9f2f5d733dee a3c963cec92a49e49d3b16938df9dbf3 be0d6c1e66e94dd7b3388cb1d83dc57d - - - -] No more DHCP agents
2026-05-12 17:38:00.668 10 WARNING neutron.api.rpc.agentnotifiers.dhcp_rpc_agent_api [None req-e5b0c4fb-30b6-4146-8d53-9f2f5d733dee a3c963cec92a49e49d3b16938df9dbf3 be0d6c1e66e94dd7b3388cb1d83dc57d - - - -] Unable to schedule network 6b5703c8-791d-46fc-980b-3fe18a6de094: no agents available; will retry on subsequent port and subnet creation events.
2026-05-12 17:38:00.830 10 INFO neutron.db.ovn_revision_numbers_db [None req-e5b0c4fb-30b6-4146-8d53-9f2f5d733dee a3c963cec92a49e49d3b16938df9dbf3 be0d6c1e66e94dd7b3388cb1d83dc57d - - - -] Successfully bumped revision number for resource 5a787050-cdaa-4a21-b5ea-75c38f1ba2e2 (type: ports) to 1
2026-05-12 17:38:00.954 10 WARNING neutron.scheduler.dhcp_agent_scheduler [None req-5a765b14-e694-49f7-af6d-3250088481de a3c963cec92a49e49d3b16938df9dbf3 be0d6c1e66e94dd7b3388cb1d83dc57d - - - -] No more DHCP agents
2026-05-12 17:38:01.008 9 INFO neutron.plugins.ml2.drivers.ovn.mech_driver.ovsdb.extensions.qos [None req-9c66fc39-94ae-4988-8f39-f070354628b2 a3c963cec92a49e49d3b16938df9dbf3 be0d6c1e66e94dd7b3388cb1d83dc57d - - - -] Starting OVNClientQosExtension
2026-05-12 17:38:01.039 10 WARNING neutron.api.rpc.agentnotifiers.dhcp_rpc_agent_api [None req-5a765b14-e694-49f7-af6d-3250088481de a3c963cec92a49e49d3b16938df9dbf3 be0d6c1e66e94dd7b3388cb1d83dc57d - - - -] Unable to schedule network 6b5703c8-791d-46fc-980b-3fe18a6de094: no agents available; will retry on subsequent port and subnet creation events.
2026-05-12 17:38:01.202 10 INFO neutron.db.ovn_revision_numbers_db [None req-5a765b14-e694-49f7-af6d-3250088481de a3c963cec92a49e49d3b16938df9dbf3 be0d6c1e66e94dd7b3388cb1d83dc57d - - - -] Successfully bumped revision number for resource a38a39f7-1161-4659-97e8-7840f604f80c (type: ports) to 1
2026-05-12 17:38:01.254 10 INFO neutron.plugins.ml2.drivers.ovn.mech_driver.ovsdb.extensions.qos [None req-e5b0c4fb-30b6-4146-8d53-9f2f5d733dee a3c963cec92a49e49d3b16938df9dbf3 be0d6c1e66e94dd7b3388cb1d83dc57d - - - -] Starting OVNClientQosExtension
2026-05-12 17:38:01.317 9 INFO neutron.plugins.ml2.drivers.ovn.mech_driver.mech_driver [None req-a5edc48e-2038-4080-898e-79bda5234fe6 - - - - - -] OVN reports status up for port: 924b0b8d-5352-4ffa-92c7-95e9d7be8f0c
2026-05-12 17:38:01.333 9 INFO neutron.plugins.ml2.plugin [None req-a5edc48e-2038-4080-898e-79bda5234fe6 - - - - - -] Attempt 1 to provision port 924b0b8d-5352-4ffa-92c7-95e9d7be8f0c
2026-05-12 17:38:01.335 9 INFO neutron.db.ovn_revision_numbers_db [None req-9c66fc39-94ae-4988-8f39-f070354628b2 a3c963cec92a49e49d3b16938df9dbf3 be0d6c1e66e94dd7b3388cb1d83dc57d - - - -] Successfully bumped revision number for resource 924b0b8d-5352-4ffa-92c7-95e9d7be8f0c (type: router_ports) to 1
2026-05-12 17:38:01.339 10 INFO neutron.plugins.ml2.drivers.ovn.mech_driver.ovsdb.ovsdb_monitor [-] Router f75e5481-1fc9-4def-8967-61ad39593bf0 is bound to host instance
2026-05-12 17:38:01.422 9 INFO neutron.db.ovn_revision_numbers_db [None req-9c66fc39-94ae-4988-8f39-f070354628b2 a3c963cec92a49e49d3b16938df9dbf3 be0d6c1e66e94dd7b3388cb1d83dc57d - - - -] Successfully bumped revision number for resource f75e5481-1fc9-4def-8967-61ad39593bf0 (type: routers) to 3
2026-05-12 17:38:01.435 9 INFO neutron.wsgi [None req-9c66fc39-94ae-4988-8f39-f070354628b2 a3c963cec92a49e49d3b16938df9dbf3 be0d6c1e66e94dd7b3388cb1d83dc57d - - - -] 10.0.0.117 "POST /v2.0/routers HTTP/1.1" status: 201 len: 870 time: 1.5120113
2026-05-12 17:38:01.624 9 INFO neutron.db.ovn_revision_numbers_db [None req-b09cc31e-8a27-4f1c-ad36-e5e5b943ea70 a3c963cec92a49e49d3b16938df9dbf3 be0d6c1e66e94dd7b3388cb1d83dc57d - - - -] Successfully bumped revision number for resource 144d82d8-9959-4e61-b033-6f4394f4e1bc (type: security_groups) to 1
2026-05-12 17:38:01.688 9 INFO neutron.db.segments_db [None req-b09cc31e-8a27-4f1c-ad36-e5e5b943ea70 a3c963cec92a49e49d3b16938df9dbf3 be0d6c1e66e94dd7b3388cb1d83dc57d - - - -] Added segment db88533f-0bb5-4f15-b873-a20021ef8c6c of type geneve for network 6bd99619-8e40-4ef3-b063-c4ed398f9b26
2026-05-12 17:38:01.836 9 INFO neutron.db.ovn_revision_numbers_db [None req-b09cc31e-8a27-4f1c-ad36-e5e5b943ea70 a3c963cec92a49e49d3b16938df9dbf3 be0d6c1e66e94dd7b3388cb1d83dc57d - - - -] Successfully bumped revision number for resource 6bd99619-8e40-4ef3-b063-c4ed398f9b26 (type: networks) to 1
2026-05-12 17:38:01.975 10 INFO neutron.plugins.ml2.drivers.ovn.mech_driver.mech_driver [None req-501a496a-0938-4bf7-ab62-f161276a63e2 - - - - - -] OVN reports status up for port: 5a787050-cdaa-4a21-b5ea-75c38f1ba2e2
2026-05-12 17:38:02.003 10 INFO neutron.plugins.ml2.plugin [None req-501a496a-0938-4bf7-ab62-f161276a63e2 - - - - - -] Attempt 1 to provision port 5a787050-cdaa-4a21-b5ea-75c38f1ba2e2
2026-05-12 17:38:02.007 10 INFO neutron.db.ovn_revision_numbers_db [None req-e5b0c4fb-30b6-4146-8d53-9f2f5d733dee a3c963cec92a49e49d3b16938df9dbf3 be0d6c1e66e94dd7b3388cb1d83dc57d - - - -] Successfully bumped revision number for resource 5a787050-cdaa-4a21-b5ea-75c38f1ba2e2 (type: router_ports) to 1
2026-05-12 17:38:02.016 9 WARNING neutron.scheduler.dhcp_agent_scheduler [None req-51496413-3f95-4a56-b5d6-3ded16e4bdac a3c963cec92a49e49d3b16938df9dbf3 be0d6c1e66e94dd7b3388cb1d83dc57d - - default default] No more DHCP agents
2026-05-12 17:38:02.019 9 WARNING neutron.api.rpc.agentnotifiers.dhcp_rpc_agent_api [None req-51496413-3f95-4a56-b5d6-3ded16e4bdac a3c963cec92a49e49d3b16938df9dbf3 be0d6c1e66e94dd7b3388cb1d83dc57d - - default default] Unable to schedule network 65c47c59-2fae-4682-89af-fcca2b8f67ea: no agents available; will retry on subsequent port and subnet creation events.
2026-05-12 17:38:02.093 9 INFO neutron.wsgi [-] 10.0.0.211 "GET / HTTP/1.1" status: 200 len: 246 time: 0.0012498
2026-05-12 17:38:02.094 9 INFO neutron.wsgi [-] 10.0.0.211 "GET / HTTP/1.1" status: 200 len: 246 time: 0.0008545
2026-05-12 17:38:02.120 9 WARNING neutron.scheduler.dhcp_agent_scheduler [None req-b09cc31e-8a27-4f1c-ad36-e5e5b943ea70 a3c963cec92a49e49d3b16938df9dbf3 be0d6c1e66e94dd7b3388cb1d83dc57d - - - -] No more DHCP agents
2026-05-12 17:38:02.123 9 WARNING neutron.api.rpc.agentnotifiers.dhcp_rpc_agent_api [None req-b09cc31e-8a27-4f1c-ad36-e5e5b943ea70 a3c963cec92a49e49d3b16938df9dbf3 be0d6c1e66e94dd7b3388cb1d83dc57d - - - -] Unable to schedule network 6bd99619-8e40-4ef3-b063-c4ed398f9b26: no agents available; will retry on subsequent port and subnet creation events.
2026-05-12 17:38:02.175 9 INFO neutron.db.ovn_revision_numbers_db [None req-51496413-3f95-4a56-b5d6-3ded16e4bdac a3c963cec92a49e49d3b16938df9dbf3 be0d6c1e66e94dd7b3388cb1d83dc57d - - default default] Successfully bumped revision number for resource cf2517be-af1c-4652-b61b-3bccbf1fb6b9 (type: ports) to 1
2026-05-12 17:38:02.187 10 INFO neutron.db.ovn_revision_numbers_db [None req-e5b0c4fb-30b6-4146-8d53-9f2f5d733dee a3c963cec92a49e49d3b16938df9dbf3 be0d6c1e66e94dd7b3388cb1d83dc57d - - - -] Successfully bumped revision number for resource 702ec24f-5416-412d-8661-2506e0f65e48 (type: routers) to 3
2026-05-12 17:38:02.210 9 INFO neutron.db.ovn_revision_numbers_db [None req-b09cc31e-8a27-4f1c-ad36-e5e5b943ea70 a3c963cec92a49e49d3b16938df9dbf3 be0d6c1e66e94dd7b3388cb1d83dc57d - - - -] Successfully bumped revision number for resource 6724dc14-d826-4670-9243-b28db6784917 (type: ports) to 1
2026-05-12 17:38:02.219 10 INFO neutron.wsgi [None req-e5b0c4fb-30b6-4146-8d53-9f2f5d733dee a3c963cec92a49e49d3b16938df9dbf3 be0d6c1e66e94dd7b3388cb1d83dc57d - - - -] 10.0.0.117 "POST /v2.0/routers HTTP/1.1" status: 201 len: 878 time: 2.3453324
2026-05-12 17:38:02.257 9 INFO neutron.wsgi [None req-b09cc31e-8a27-4f1c-ad36-e5e5b943ea70 a3c963cec92a49e49d3b16938df9dbf3 be0d6c1e66e94dd7b3388cb1d83dc57d - - - -] 10.0.0.117 "POST /v2.0/networks HTTP/1.1" status: 201 len: 951 time: 1.0186188
2026-05-12 17:38:02.353 10 INFO neutron.db.ovn_revision_numbers_db [None req-5a765b14-e694-49f7-af6d-3250088481de a3c963cec92a49e49d3b16938df9dbf3 be0d6c1e66e94dd7b3388cb1d83dc57d - - - -] Successfully bumped revision number for resource a38a39f7-1161-4659-97e8-7840f604f80c (type: router_ports) to 1
2026-05-12 17:38:02.490 10 INFO neutron.db.ovn_revision_numbers_db [None req-1185c539-2e4b-43c9-8c0d-9b98c39fa577 - - - - - -] Successfully bumped revision number for resource 924b0b8d-5352-4ffa-92c7-95e9d7be8f0c (type: ports) to 1
2026-05-12 17:38:02.533 10 INFO neutron.db.ovn_revision_numbers_db [None req-5a765b14-e694-49f7-af6d-3250088481de a3c963cec92a49e49d3b16938df9dbf3 be0d6c1e66e94dd7b3388cb1d83dc57d - - - -] Successfully bumped revision number for resource 093f4e52-a704-4833-a994-7010de7ae6fd (type: routers) to 3
2026-05-12 17:38:02.556 10 INFO neutron.wsgi [None req-5a765b14-e694-49f7-af6d-3250088481de a3c963cec92a49e49d3b16938df9dbf3 be0d6c1e66e94dd7b3388cb1d83dc57d - - - -] 10.0.0.117 "POST /v2.0/routers HTTP/1.1" status: 201 len: 884 time: 2.2523282
2026-05-12 17:38:02.584 10 WARNING neutron.scheduler.dhcp_agent_scheduler [None req-9a4d40d0-2c7c-410a-be76-39b9cd4db00e a3c963cec92a49e49d3b16938df9dbf3 be0d6c1e66e94dd7b3388cb1d83dc57d - - - -] No more DHCP agents
2026-05-12 17:38:02.586 10 WARNING neutron.api.rpc.agentnotifiers.dhcp_rpc_agent_api [None req-9a4d40d0-2c7c-410a-be76-39b9cd4db00e a3c963cec92a49e49d3b16938df9dbf3 be0d6c1e66e94dd7b3388cb1d83dc57d - - - -] Unable to schedule network 6bd99619-8e40-4ef3-b063-c4ed398f9b26: no agents available; will retry on subsequent port and subnet creation events.
2026-05-12 17:38:02.896 10 INFO neutron.db.ovn_revision_numbers_db [None req-1185c539-2e4b-43c9-8c0d-9b98c39fa577 - - - - - -] Successfully bumped revision number for resource 924b0b8d-5352-4ffa-92c7-95e9d7be8f0c (type: router_ports) to 3
2026-05-12 17:38:02.990 9 INFO neutron.db.ovn_revision_numbers_db [None req-51496413-3f95-4a56-b5d6-3ded16e4bdac a3c963cec92a49e49d3b16938df9dbf3 be0d6c1e66e94dd7b3388cb1d83dc57d - - default default] Successfully bumped revision number for resource cf2517be-af1c-4652-b61b-3bccbf1fb6b9 (type: router_ports) to 2
2026-05-12 17:38:03.029 9 WARNING neutron.scheduler.dhcp_agent_scheduler [None req-85ede293-5600-478e-9ee6-6331c37c9a70 a3c963cec92a49e49d3b16938df9dbf3 be0d6c1e66e94dd7b3388cb1d83dc57d - - default default] No more DHCP agents
2026-05-12 17:38:03.034 9 WARNING neutron.api.rpc.agentnotifiers.dhcp_rpc_agent_api [None req-85ede293-5600-478e-9ee6-6331c37c9a70 a3c963cec92a49e49d3b16938df9dbf3 be0d6c1e66e94dd7b3388cb1d83dc57d - - default default] Unable to schedule network 58cfc4b4-a909-48f8-a9ee-149fb038016a: no agents available; will retry on subsequent port and subnet creation events.
2026-05-12 17:38:03.054 10 INFO neutron.db.ovn_revision_numbers_db [None req-1185c539-2e4b-43c9-8c0d-9b98c39fa577 - - - - - -] Successfully bumped revision number for resource 924b0b8d-5352-4ffa-92c7-95e9d7be8f0c (type: ports) to 2
2026-05-12 17:38:03.194 10 INFO neutron.db.ovn_revision_numbers_db [None req-9a4d40d0-2c7c-410a-be76-39b9cd4db00e a3c963cec92a49e49d3b16938df9dbf3 be0d6c1e66e94dd7b3388cb1d83dc57d - - - -] Successfully bumped revision number for resource 6724dc14-d826-4670-9243-b28db6784917 (type: ports) to 2
2026-05-12 17:38:03.205 9 INFO neutron.db.ovn_revision_numbers_db [None req-51496413-3f95-4a56-b5d6-3ded16e4bdac a3c963cec92a49e49d3b16938df9dbf3 be0d6c1e66e94dd7b3388cb1d83dc57d - - default default] Successfully bumped revision number for resource cf2517be-af1c-4652-b61b-3bccbf1fb6b9 (type: ports) to 2
2026-05-12 17:38:03.218 10 INFO neutron.db.ovn_revision_numbers_db [None req-9a4d40d0-2c7c-410a-be76-39b9cd4db00e a3c963cec92a49e49d3b16938df9dbf3 be0d6c1e66e94dd7b3388cb1d83dc57d - - - -] Successfully bumped revision number for resource 9a8dc2d9-f8a3-4a63-a64e-1f99ac4dc46a (type: subnets) to 0
2026-05-12 17:38:03.235 10 INFO neutron.wsgi [None req-9a4d40d0-2c7c-410a-be76-39b9cd4db00e a3c963cec92a49e49d3b16938df9dbf3 be0d6c1e66e94dd7b3388cb1d83dc57d - - - -] 10.0.0.117 "POST /v2.0/subnets HTTP/1.1" status: 201 len: 871 time: 0.9724488
2026-05-12 17:38:03.249 9 INFO neutron.db.ovn_revision_numbers_db [None req-85ede293-5600-478e-9ee6-6331c37c9a70 a3c963cec92a49e49d3b16938df9dbf3 be0d6c1e66e94dd7b3388cb1d83dc57d - - default default] Successfully bumped revision number for resource c5e79980-0575-4613-949e-3048652d9f60 (type: ports) to 1
2026-05-12 17:38:03.332 9 WARNING neutron.scheduler.dhcp_agent_scheduler [None req-51496413-3f95-4a56-b5d6-3ded16e4bdac a3c963cec92a49e49d3b16938df9dbf3 be0d6c1e66e94dd7b3388cb1d83dc57d - - default default] No more DHCP agents
2026-05-12 17:38:03.345 9 WARNING neutron.api.rpc.agentnotifiers.dhcp_rpc_agent_api [None req-51496413-3f95-4a56-b5d6-3ded16e4bdac a3c963cec92a49e49d3b16938df9dbf3 be0d6c1e66e94dd7b3388cb1d83dc57d - - default default] Unable to schedule network 65c47c59-2fae-4682-89af-fcca2b8f67ea: no agents available; will retry on subsequent port and subnet creation events.
2026-05-12 17:38:03.370 9 WARNING neutron.scheduler.dhcp_agent_scheduler [None req-da3efac3-7e7e-4c83-a7e5-e7ecba552f2c a3c963cec92a49e49d3b16938df9dbf3 be0d6c1e66e94dd7b3388cb1d83dc57d - - default default] No more DHCP agents
2026-05-12 17:38:03.381 9 WARNING neutron.api.rpc.agentnotifiers.dhcp_rpc_agent_api [None req-da3efac3-7e7e-4c83-a7e5-e7ecba552f2c a3c963cec92a49e49d3b16938df9dbf3 be0d6c1e66e94dd7b3388cb1d83dc57d - - default default] Unable to schedule network 2a505145-79e1-45a6-8b65-c7ce1a1925c5: no agents available; will retry on subsequent port and subnet creation events.
2026-05-12 17:38:03.417 10 INFO neutron.db.ovn_revision_numbers_db [None req-1185c539-2e4b-43c9-8c0d-9b98c39fa577 - - - - - -] Successfully bumped revision number for resource 924b0b8d-5352-4ffa-92c7-95e9d7be8f0c (type: ports) to 4
2026-05-12 17:38:03.687 9 INFO neutron.db.ovn_revision_numbers_db [None req-da3efac3-7e7e-4c83-a7e5-e7ecba552f2c a3c963cec92a49e49d3b16938df9dbf3 be0d6c1e66e94dd7b3388cb1d83dc57d - - default default] Successfully bumped revision number for resource 2dc6655f-d0c8-4339-bad3-b4cd1566f049 (type: ports) to 1
2026-05-12 17:38:03.745 10 INFO neutron.db.ovn_revision_numbers_db [None req-1185c539-2e4b-43c9-8c0d-9b98c39fa577 - - - - - -] Successfully bumped revision number for resource 924b0b8d-5352-4ffa-92c7-95e9d7be8f0c (type: router_ports) to 4
2026-05-12 17:38:03.767 10 INFO neutron.plugins.ml2.drivers.ovn.mech_driver.ovsdb.ovsdb_monitor [None req-1185c539-2e4b-43c9-8c0d-9b98c39fa577 - - - - - -] Router 702ec24f-5416-412d-8661-2506e0f65e48 is bound to host instance
2026-05-12 17:38:03.944 10 WARNING neutron.scheduler.dhcp_agent_scheduler [None req-a5c9f994-821d-49a0-9433-84fb32accb74 a3c963cec92a49e49d3b16938df9dbf3 be0d6c1e66e94dd7b3388cb1d83dc57d - - - -] No more DHCP agents
2026-05-12 17:38:03.948 10 WARNING neutron.api.rpc.agentnotifiers.dhcp_rpc_agent_api [None req-a5c9f994-821d-49a0-9433-84fb32accb74 a3c963cec92a49e49d3b16938df9dbf3 be0d6c1e66e94dd7b3388cb1d83dc57d - - - -] Unable to schedule network 6b5703c8-791d-46fc-980b-3fe18a6de094: no agents available; will retry on subsequent port and subnet creation events.
2026-05-12 17:38:04.120 9 INFO neutron.db.ovn_revision_numbers_db [None req-85ede293-5600-478e-9ee6-6331c37c9a70 a3c963cec92a49e49d3b16938df9dbf3 be0d6c1e66e94dd7b3388cb1d83dc57d - - default default] Successfully bumped revision number for resource c5e79980-0575-4613-949e-3048652d9f60 (type: router_ports) to 2
2026-05-12 17:38:04.188 10 INFO neutron.db.ovn_revision_numbers_db [None req-a5c9f994-821d-49a0-9433-84fb32accb74 a3c963cec92a49e49d3b16938df9dbf3 be0d6c1e66e94dd7b3388cb1d83dc57d - - - -] Successfully bumped revision number for resource 1a5a8b86-aaeb-4c94-8037-f8f704edea03 (type: ports) to 1
2026-05-12 17:38:04.306 10 INFO neutron.plugins.ml2.drivers.ovn.mech_driver.mech_driver [None req-501a496a-0938-4bf7-ab62-f161276a63e2 - - - - - -] OVN reports status up for port: a38a39f7-1161-4659-97e8-7840f604f80c
2026-05-12 17:38:04.335 10 INFO neutron.plugins.ml2.plugin [None req-501a496a-0938-4bf7-ab62-f161276a63e2 - - - - - -] Attempt 1 to provision port a38a39f7-1161-4659-97e8-7840f604f80c
2026-05-12 17:38:04.476 9 INFO neutron.db.ovn_revision_numbers_db [None req-85ede293-5600-478e-9ee6-6331c37c9a70 a3c963cec92a49e49d3b16938df9dbf3 be0d6c1e66e94dd7b3388cb1d83dc57d - - default default] Successfully bumped revision number for resource c5e79980-0575-4613-949e-3048652d9f60 (type: ports) to 2
2026-05-12 17:38:04.550 10 INFO neutron.db.ovn_revision_numbers_db [None req-1185c539-2e4b-43c9-8c0d-9b98c39fa577 - - - - - -] Successfully bumped revision number for resource 5a787050-cdaa-4a21-b5ea-75c38f1ba2e2 (type: ports) to 1
2026-05-12 17:38:04.594 9 INFO neutron.db.ovn_revision_numbers_db [None req-da3efac3-7e7e-4c83-a7e5-e7ecba552f2c a3c963cec92a49e49d3b16938df9dbf3 be0d6c1e66e94dd7b3388cb1d83dc57d - - default default] Successfully bumped revision number for resource 2dc6655f-d0c8-4339-bad3-b4cd1566f049 (type: router_ports) to 2
2026-05-12 17:38:04.630 9 WARNING neutron.scheduler.dhcp_agent_scheduler [None req-85ede293-5600-478e-9ee6-6331c37c9a70 a3c963cec92a49e49d3b16938df9dbf3 be0d6c1e66e94dd7b3388cb1d83dc57d - - default default] No more DHCP agents
2026-05-12 17:38:04.633 9 WARNING neutron.api.rpc.agentnotifiers.dhcp_rpc_agent_api [None req-85ede293-5600-478e-9ee6-6331c37c9a70 a3c963cec92a49e49d3b16938df9dbf3 be0d6c1e66e94dd7b3388cb1d83dc57d - - default default] Unable to schedule network 58cfc4b4-a909-48f8-a9ee-149fb038016a: no agents available; will retry on subsequent port and subnet creation events.
2026-05-12 17:38:04.675 9 INFO neutron.db.ovn_revision_numbers_db [None req-51496413-3f95-4a56-b5d6-3ded16e4bdac a3c963cec92a49e49d3b16938df9dbf3 be0d6c1e66e94dd7b3388cb1d83dc57d - - - -] Successfully bumped revision number for resource cf2517be-af1c-4652-b61b-3bccbf1fb6b9 (type: router_ports) to 2
2026-05-12 17:38:04.677 9 INFO neutron.wsgi [None req-51496413-3f95-4a56-b5d6-3ded16e4bdac a3c963cec92a49e49d3b16938df9dbf3 be0d6c1e66e94dd7b3388cb1d83dc57d - - - -] 10.0.0.117 "PUT /v2.0/routers/f75e5481-1fc9-4def-8967-61ad39593bf0/add_router_interface HTTP/1.1" status: 200 len: 503 time: 3.2352169
2026-05-12 17:38:04.770 9 INFO neutron.db.ovn_revision_numbers_db [None req-da3efac3-7e7e-4c83-a7e5-e7ecba552f2c a3c963cec92a49e49d3b16938df9dbf3 be0d6c1e66e94dd7b3388cb1d83dc57d - - default default] Successfully bumped revision number for resource 2dc6655f-d0c8-4339-bad3-b4cd1566f049 (type: ports) to 2
2026-05-12 17:38:04.857 9 WARNING neutron.scheduler.dhcp_agent_scheduler [None req-da3efac3-7e7e-4c83-a7e5-e7ecba552f2c a3c963cec92a49e49d3b16938df9dbf3 be0d6c1e66e94dd7b3388cb1d83dc57d - - default default] No more DHCP agents
2026-05-12 17:38:04.858 9 WARNING neutron.api.rpc.agentnotifiers.dhcp_rpc_agent_api [None req-da3efac3-7e7e-4c83-a7e5-e7ecba552f2c a3c963cec92a49e49d3b16938df9dbf3 be0d6c1e66e94dd7b3388cb1d83dc57d - - default default] Unable to schedule network 2a505145-79e1-45a6-8b65-c7ce1a1925c5: no agents available; will retry on subsequent port and subnet creation events.
2026-05-12 17:38:05.014 10 INFO neutron.db.ovn_revision_numbers_db [None req-1185c539-2e4b-43c9-8c0d-9b98c39fa577 - - - - - -] Successfully bumped revision number for resource 5a787050-cdaa-4a21-b5ea-75c38f1ba2e2 (type: router_ports) to 3
2026-05-12 17:38:05.054 10 INFO neutron.db.ovn_revision_numbers_db [None req-a5c9f994-821d-49a0-9433-84fb32accb74 a3c963cec92a49e49d3b16938df9dbf3 be0d6c1e66e94dd7b3388cb1d83dc57d - - - -] Successfully bumped revision number for resource 1a5a8b86-aaeb-4c94-8037-f8f704edea03 (type: router_ports) to 1
2026-05-12 17:38:05.151 10 INFO neutron.db.ovn_revision_numbers_db [None req-a5c9f994-821d-49a0-9433-84fb32accb74 a3c963cec92a49e49d3b16938df9dbf3 be0d6c1e66e94dd7b3388cb1d83dc57d - - - -] Successfully bumped revision number for resource c8f12911-c4f6-4936-ae50-3c17f7cd34fe (type: routers) to 3
2026-05-12 17:38:05.152 10 INFO neutron.db.ovn_revision_numbers_db [None req-1185c539-2e4b-43c9-8c0d-9b98c39fa577 - - - - - -] Successfully bumped revision number for resource 5a787050-cdaa-4a21-b5ea-75c38f1ba2e2 (type: ports) to 2
2026-05-12 17:38:05.164 10 INFO neutron.wsgi [None req-a5c9f994-821d-49a0-9433-84fb32accb74 a3c963cec92a49e49d3b16938df9dbf3 be0d6c1e66e94dd7b3388cb1d83dc57d - - - -] 10.0.0.117 "POST /v2.0/routers HTTP/1.1" status: 201 len: 882 time: 1.9233491
2026-05-12 17:38:05.431 10 INFO neutron.db.ovn_revision_numbers_db [None req-1185c539-2e4b-43c9-8c0d-9b98c39fa577 - - - - - -] Successfully bumped revision number for resource 5a787050-cdaa-4a21-b5ea-75c38f1ba2e2 (type: ports) to 4
2026-05-12 17:38:05.475 9 INFO neutron.db.ovn_revision_numbers_db [None req-fea7db73-dc4f-42eb-8a4c-75c0d0294a90 c90d80bd4fa24916af417e80dbcb4c19 5201597b11414bd68044127aedddd2a7 - - - -] Successfully bumped revision number for resource 990eeb88-c04b-4f06-a6a3-bb58855feb8b (type: security_groups) to 1
2026-05-12 17:38:05.529 9 INFO neutron.wsgi [None req-fea7db73-dc4f-42eb-8a4c-75c0d0294a90 c90d80bd4fa24916af417e80dbcb4c19 5201597b11414bd68044127aedddd2a7 - - - -] 10.0.0.117 "POST /v2.0/security-groups HTTP/1.1" status: 201 len: 1793 time: 0.2828112
2026-05-12 17:38:05.801 10 WARNING neutron.scheduler.dhcp_agent_scheduler [None req-5cf3f9b9-50d3-4e74-b864-83b725942687 a3c963cec92a49e49d3b16938df9dbf3 be0d6c1e66e94dd7b3388cb1d83dc57d - - default default] No more DHCP agents
2026-05-12 17:38:05.806 10 WARNING neutron.api.rpc.agentnotifiers.dhcp_rpc_agent_api [None req-5cf3f9b9-50d3-4e74-b864-83b725942687 a3c963cec92a49e49d3b16938df9dbf3 be0d6c1e66e94dd7b3388cb1d83dc57d - - default default] Unable to schedule network 6bd99619-8e40-4ef3-b063-c4ed398f9b26: no agents available; will retry on subsequent port and subnet creation events.
2026-05-12 17:38:05.829 10 INFO neutron.db.ovn_revision_numbers_db [None req-1185c539-2e4b-43c9-8c0d-9b98c39fa577 - - - - - -] Successfully bumped revision number for resource 5a787050-cdaa-4a21-b5ea-75c38f1ba2e2 (type: router_ports) to 4
2026-05-12 17:38:05.867 10 INFO neutron.plugins.ml2.drivers.ovn.mech_driver.ovsdb.ovsdb_monitor [None req-1185c539-2e4b-43c9-8c0d-9b98c39fa577 - - - - - -] Router 093f4e52-a704-4833-a994-7010de7ae6fd is bound to host instance
2026-05-12 17:38:05.909 9 INFO neutron.db.ovn_revision_numbers_db [None req-746e4597-0775-47a7-a448-a122f57ae50d c90d80bd4fa24916af417e80dbcb4c19 5201597b11414bd68044127aedddd2a7 - - - -] Successfully bumped revision number for resource cbdb6380-2c01-42b6-943b-7bef8ff8a5bb (type: security_group_rules) to 0
2026-05-12 17:38:05.918 9 INFO neutron.db.ovn_revision_numbers_db [None req-85ede293-5600-478e-9ee6-6331c37c9a70 a3c963cec92a49e49d3b16938df9dbf3 be0d6c1e66e94dd7b3388cb1d83dc57d - - - -] Successfully bumped revision number for resource c5e79980-0575-4613-949e-3048652d9f60 (type: router_ports) to 2
