2026-05-12 17:38:38.133 9 INFO neutron.wsgi [None req-1cbbd54b-eed7-4a09-ba03-ed50ff731fa7 bfbee54e318a48b5ad2289fef1cbbfa1 e0a4fef4250c4937ac353975dd406eaf - - default default] 10.0.0.117 "GET /v2.0/extensions/filter-validation HTTP/1.1" status: 200 len: 392 time: 0.0047295
2026-05-12 17:38:38.139 9 INFO neutron.wsgi [None req-009850de-3554-4773-9a55-47df88c46768 bfbee54e318a48b5ad2289fef1cbbfa1 e0a4fef4250c4937ac353975dd406eaf - - default default] 10.0.0.117 "GET /v2.0/extensions/floating-ip-port-forwarding-detail HTTP/1.1" status: 200 len: 465 time: 0.0032117
2026-05-12 17:38:38.147 9 INFO neutron.wsgi [None req-4f317bf5-21af-4a79-b6e9-cdd32f239f87 bfbee54e318a48b5ad2289fef1cbbfa1 e0a4fef4250c4937ac353975dd406eaf - - default default] 10.0.0.117 "GET /v2.0/extensions/fip-port-details HTTP/1.1" status: 200 len: 406 time: 0.0041273
2026-05-12 17:38:38.155 9 INFO neutron.wsgi [None req-fea4f96e-88c3-4539-a79c-6145ddb28c2c bfbee54e318a48b5ad2289fef1cbbfa1 e0a4fef4250c4937ac353975dd406eaf - - default default] 10.0.0.117 "GET /v2.0/extensions/flavors HTTP/1.1" status: 200 len: 387 time: 0.0041037
2026-05-12 17:38:38.164 9 INFO neutron.wsgi [None req-e81d4b48-9385-4d31-8d41-c7390920a12f bfbee54e318a48b5ad2289fef1cbbfa1 e0a4fef4250c4937ac353975dd406eaf - - default default] 10.0.0.117 "GET /v2.0/extensions/floatingip-pools HTTP/1.1" status: 200 len: 382 time: 0.0043416
2026-05-12 17:38:38.171 9 INFO neutron.wsgi [None req-9dbcf258-0c96-4b4b-9b5a-afc978d42be6 bfbee54e318a48b5ad2289fef1cbbfa1 e0a4fef4250c4937ac353975dd406eaf - - default default] 10.0.0.117 "GET /v2.0/extensions/ip_allocation HTTP/1.1" status: 200 len: 356 time: 0.0043569
2026-05-12 17:38:38.178 9 INFO neutron.wsgi [None req-c344ee80-0334-44eb-b413-3d992fe86be1 bfbee54e318a48b5ad2289fef1cbbfa1 e0a4fef4250c4937ac353975dd406eaf - - default default] 10.0.0.117 "GET /v2.0/extensions/l2_adjacency HTTP/1.1" status: 200 len: 372 time: 0.0042264
2026-05-12 17:38:38.188 10 INFO neutron.wsgi [None req-0a30cd37-e35d-49e3-9d4d-2ac74c75146b bfbee54e318a48b5ad2289fef1cbbfa1 e0a4fef4250c4937ac353975dd406eaf - - default default] 10.0.0.117 "GET /v2.0/extensions/router HTTP/1.1" status: 200 len: 450 time: 0.0057118
2026-05-12 17:38:38.196 10 INFO neutron.wsgi [None req-588281d3-5c35-4ca4-b4f0-e833acc4cfcf bfbee54e318a48b5ad2289fef1cbbfa1 e0a4fef4250c4937ac353975dd406eaf - - default default] 10.0.0.117 "GET /v2.0/extensions/ext-gw-mode HTTP/1.1" status: 200 len: 462 time: 0.0047054
2026-05-12 17:38:38.205 10 INFO neutron.wsgi [None req-55174b5e-af45-434f-b6b2-6854024588fb bfbee54e318a48b5ad2289fef1cbbfa1 e0a4fef4250c4937ac353975dd406eaf - - default default] 10.0.0.117 "GET /v2.0/extensions/logging HTTP/1.1" status: 200 len: 407 time: 0.0066078
2026-05-12 17:38:38.212 10 INFO neutron.wsgi [None req-7cce00b2-5252-4852-8d87-fe2c3e926888 bfbee54e318a48b5ad2289fef1cbbfa1 e0a4fef4250c4937ac353975dd406eaf - - default default] 10.0.0.117 "GET /v2.0/extensions/multi-provider HTTP/1.1" status: 200 len: 406 time: 0.0028799
2026-05-12 17:38:38.219 10 INFO neutron.wsgi [None req-1c720a09-7b2c-40dd-bb01-5c0d504649c9 bfbee54e318a48b5ad2289fef1cbbfa1 e0a4fef4250c4937ac353975dd406eaf - - default default] 10.0.0.117 "GET /v2.0/extensions/net-mtu HTTP/1.1" status: 200 len: 370 time: 0.0037036
2026-05-12 17:38:38.227 10 INFO neutron.wsgi [None req-9cc1ba77-2458-4165-a2d1-c71263a7fb2d bfbee54e318a48b5ad2289fef1cbbfa1 e0a4fef4250c4937ac353975dd406eaf - - default default] 10.0.0.117 "GET /v2.0/extensions/net-mtu-writable HTTP/1.1" status: 200 len: 401 time: 0.0043790
2026-05-12 17:38:38.234 10 INFO neutron.wsgi [None req-03a09bc6-6fcc-474a-a2fe-803fa033c575 bfbee54e318a48b5ad2289fef1cbbfa1 e0a4fef4250c4937ac353975dd406eaf - - default default] 10.0.0.117 "GET /v2.0/extensions/network_availability_zone HTTP/1.1" status: 200 len: 394 time: 0.0037796
2026-05-12 17:38:38.241 10 INFO neutron.wsgi [None req-44e6469b-08d0-4c69-92dd-52ae9ae328db bfbee54e318a48b5ad2289fef1cbbfa1 e0a4fef4250c4937ac353975dd406eaf - - default default] 10.0.0.117 "GET /v2.0/extensions/network-ip-availability HTTP/1.1" status: 200 len: 410 time: 0.0038388
2026-05-12 17:38:38.248 10 INFO neutron.wsgi [None req-a3d01c96-eb90-4d7c-b073-af97f8a02aca bfbee54e318a48b5ad2289fef1cbbfa1 e0a4fef4250c4937ac353975dd406eaf - - default default] 10.0.0.117 "GET /v2.0/extensions/pagination HTTP/1.1" status: 200 len: 386 time: 0.0041735
2026-05-12 17:38:38.256 9 INFO neutron.wsgi [None req-82da4243-5bf1-4440-8a5e-1a3f5115171c bfbee54e318a48b5ad2289fef1cbbfa1 e0a4fef4250c4937ac353975dd406eaf - - default default] 10.0.0.117 "GET /v2.0/extensions/port-device-profile HTTP/1.1" status: 200 len: 383 time: 0.0037456
2026-05-12 17:38:38.266 10 INFO neutron.wsgi [None req-e70f3b43-89d3-4936-87aa-d670036afc02 bfbee54e318a48b5ad2289fef1cbbfa1 e0a4fef4250c4937ac353975dd406eaf - - default default] 10.0.0.117 "GET /v2.0/extensions/port-mac-address-regenerate HTTP/1.1" status: 200 len: 403 time: 0.0069661
2026-05-12 17:38:38.274 9 INFO neutron.wsgi [None req-95489827-0556-48b5-a185-d069a2a73f29 bfbee54e318a48b5ad2289fef1cbbfa1 e0a4fef4250c4937ac353975dd406eaf - - default default] 10.0.0.117 "GET /v2.0/extensions/port-numa-affinity-policy HTTP/1.1" status: 200 len: 392 time: 0.0041416
2026-05-12 17:38:38.281 9 INFO neutron.wsgi [None req-0d68a59b-b017-4124-b615-216bd4074f92 bfbee54e318a48b5ad2289fef1cbbfa1 e0a4fef4250c4937ac353975dd406eaf - - default default] 10.0.0.117 "GET /v2.0/extensions/port-resource-request HTTP/1.1" status: 200 len: 379 time: 0.0032825
2026-05-12 17:38:38.288 9 INFO neutron.wsgi [None req-0fd158ab-0d3a-4479-8c29-ef58ab358df7 bfbee54e318a48b5ad2289fef1cbbfa1 e0a4fef4250c4937ac353975dd406eaf - - default default] 10.0.0.117 "GET /v2.0/extensions/port-resource-request-groups HTTP/1.1" status: 200 len: 465 time: 0.0035157
2026-05-12 17:38:38.295 9 INFO neutron.wsgi [None req-469348a0-5431-4cc5-add4-554545ba93f8 bfbee54e318a48b5ad2289fef1cbbfa1 e0a4fef4250c4937ac353975dd406eaf - - default default] 10.0.0.117 "GET /v2.0/extensions/binding HTTP/1.1" status: 200 len: 387 time: 0.0040426
2026-05-12 17:38:38.307 9 INFO neutron.wsgi [None req-6aad5ff4-6f18-4ee7-8920-72c8354244f4 bfbee54e318a48b5ad2289fef1cbbfa1 e0a4fef4250c4937ac353975dd406eaf - - default default] 10.0.0.117 "GET /v2.0/extensions/binding-extended HTTP/1.1" status: 200 len: 406 time: 0.0065970
2026-05-12 17:38:38.314 9 INFO neutron.wsgi [None req-a772b369-b6b5-4de4-890d-32961d97559f bfbee54e318a48b5ad2289fef1cbbfa1 e0a4fef4250c4937ac353975dd406eaf - - default default] 10.0.0.117 "GET /v2.0/extensions/port-security HTTP/1.1" status: 200 len: 354 time: 0.0030494
2026-05-12 17:38:38.321 9 INFO neutron.wsgi [None req-52f0142a-320f-4dfc-a3bc-0e7afb48efbd bfbee54e318a48b5ad2289fef1cbbfa1 e0a4fef4250c4937ac353975dd406eaf - - default default] 10.0.0.117 "GET /v2.0/extensions/project-id HTTP/1.1" status: 200 len: 398 time: 0.0043645
2026-05-12 17:38:38.329 9 INFO neutron.wsgi [None req-475c97f7-5ed7-46b6-bd66-228f1df823e3 bfbee54e318a48b5ad2289fef1cbbfa1 e0a4fef4250c4937ac353975dd406eaf - - default default] 10.0.0.117 "GET /v2.0/extensions/provider HTTP/1.1" status: 200 len: 385 time: 0.0041564
2026-05-12 17:38:38.339 10 INFO neutron.wsgi [None req-23805f3e-9732-4323-a6e7-e80197deeff6 bfbee54e318a48b5ad2289fef1cbbfa1 e0a4fef4250c4937ac353975dd406eaf - - default default] 10.0.0.117 "GET /v2.0/extensions/qos HTTP/1.1" status: 200 len: 360 time: 0.0071926
2026-05-12 17:38:38.350 10 INFO neutron.wsgi [None req-4783c39a-15cd-4260-a850-9173fef6b281 bfbee54e318a48b5ad2289fef1cbbfa1 e0a4fef4250c4937ac353975dd406eaf - - default default] 10.0.0.117 "GET /v2.0/extensions/qos-bw-limit-direction HTTP/1.1" status: 200 len: 452 time: 0.0065515
2026-05-12 17:38:38.357 10 INFO neutron.wsgi [None req-89cc3eec-af4b-4c5a-acfe-eff9d56db4c1 bfbee54e318a48b5ad2289fef1cbbfa1 e0a4fef4250c4937ac353975dd406eaf - - default default] 10.0.0.117 "GET /v2.0/extensions/qos-bw-minimum-ingress HTTP/1.1" status: 200 len: 445 time: 0.0031967
2026-05-12 17:38:38.367 9 INFO neutron.wsgi [None req-ca7873ed-331f-4c85-8584-4297cba924c8 bfbee54e318a48b5ad2289fef1cbbfa1 e0a4fef4250c4937ac353975dd406eaf - - default default] 10.0.0.117 "GET /v2.0/extensions/qos-default HTTP/1.1" status: 200 len: 377 time: 0.0063355
2026-05-12 17:38:38.375 10 INFO neutron.wsgi [None req-b062f738-af8c-45f6-ac39-ccb39670db79 bfbee54e318a48b5ad2289fef1cbbfa1 e0a4fef4250c4937ac353975dd406eaf - - default default] 10.0.0.117 "GET /v2.0/extensions/qos-fip HTTP/1.1" status: 200 len: 372 time: 0.0044374
2026-05-12 17:38:38.383 10 INFO neutron.wsgi [None req-b4788b8c-0b83-4eb6-8974-d923249b96bb bfbee54e318a48b5ad2289fef1cbbfa1 e0a4fef4250c4937ac353975dd406eaf - - default default] 10.0.0.117 "GET /v2.0/extensions/qos-gateway-ip HTTP/1.1" status: 200 len: 391 time: 0.0040190
2026-05-12 17:38:38.391 10 INFO neutron.wsgi [None req-c8f8205a-0a8e-48eb-8656-77a6299ab8e8 bfbee54e318a48b5ad2289fef1cbbfa1 e0a4fef4250c4937ac353975dd406eaf - - default default] 10.0.0.117 "GET /v2.0/extensions/qos-port-network-policy HTTP/1.1" status: 200 len: 403 time: 0.0043604
2026-05-12 17:38:38.397 10 INFO neutron.wsgi [None req-076263c1-daf0-413d-a1ae-d7e82671d6fd bfbee54e318a48b5ad2289fef1cbbfa1 e0a4fef4250c4937ac353975dd406eaf - - default default] 10.0.0.117 "GET /v2.0/extensions/qos-pps-minimum HTTP/1.1" status: 200 len: 397 time: 0.0039177
2026-05-12 17:38:38.412 10 INFO neutron.wsgi [None req-a1cdc6be-0e7c-464c-b6e0-b2b60385f773 bfbee54e318a48b5ad2289fef1cbbfa1 e0a4fef4250c4937ac353975dd406eaf - - default default] 10.0.0.117 "GET /v2.0/extensions/qos-pps-minimum-rule-alias HTTP/1.1" status: 200 len: 471 time: 0.0086482
2026-05-12 17:38:38.420 9 INFO neutron.wsgi [None req-65c6f275-5f91-4137-8373-84f561b94293 bfbee54e318a48b5ad2289fef1cbbfa1 e0a4fef4250c4937ac353975dd406eaf - - default default] 10.0.0.117 "GET /v2.0/extensions/qos-pps HTTP/1.1" status: 200 len: 389 time: 0.0046782
2026-05-12 17:38:38.427 9 INFO neutron.wsgi [None req-6a68a117-f827-44df-aad6-e8e0886d4ad0 bfbee54e318a48b5ad2289fef1cbbfa1 e0a4fef4250c4937ac353975dd406eaf - - default default] 10.0.0.117 "GET /v2.0/extensions/qos-rule-type-details HTTP/1.1" status: 200 len: 423 time: 0.0038359
2026-05-12 17:38:38.435 9 INFO neutron.wsgi [None req-e544e9f7-77aa-43ee-8d58-86c7499a7e5d bfbee54e318a48b5ad2289fef1cbbfa1 e0a4fef4250c4937ac353975dd406eaf - - default default] 10.0.0.117 "GET /v2.0/extensions/qos-rule-type-filter HTTP/1.1" status: 200 len: 567 time: 0.0038083
2026-05-12 17:38:38.442 9 INFO neutron.wsgi [None req-7301be40-7bfe-4d6a-9b3c-024ea020995a bfbee54e318a48b5ad2289fef1cbbfa1 e0a4fef4250c4937ac353975dd406eaf - - default default] 10.0.0.117 "GET /v2.0/extensions/qos-rules-alias HTTP/1.1" status: 200 len: 448 time: 0.0039783
2026-05-12 17:38:38.449 9 INFO neutron.wsgi [None req-b410adde-9889-462e-8b90-c53fce76a75d bfbee54e318a48b5ad2289fef1cbbfa1 e0a4fef4250c4937ac353975dd406eaf - - default default] 10.0.0.117 "GET /v2.0/extensions/quota-check-limit HTTP/1.1" status: 200 len: 420 time: 0.0041249
2026-05-12 17:38:38.457 9 INFO neutron.wsgi [None req-fc79c789-c456-491a-b053-369ef9711b2c bfbee54e318a48b5ad2289fef1cbbfa1 e0a4fef4250c4937ac353975dd406eaf - - default default] 10.0.0.117 "GET /v2.0/extensions/quotas HTTP/1.1" status: 200 len: 386 time: 0.0037780
2026-05-12 17:38:38.464 9 INFO neutron.wsgi [None req-e0bf030d-6d26-47c5-8274-736b63f4bccc bfbee54e318a48b5ad2289fef1cbbfa1 e0a4fef4250c4937ac353975dd406eaf - - default default] 10.0.0.117 "GET /v2.0/extensions/quota_details HTTP/1.1" status: 200 len: 407 time: 0.0037844
2026-05-12 17:38:38.471 9 INFO neutron.wsgi [None req-07449fb7-ca99-41e8-90b4-b67fa041439e bfbee54e318a48b5ad2289fef1cbbfa1 e0a4fef4250c4937ac353975dd406eaf - - default default] 10.0.0.117 "GET /v2.0/extensions/rbac-policies HTTP/1.1" status: 200 len: 417 time: 0.0040638
2026-05-12 17:38:38.479 9 INFO neutron.wsgi [None req-d6c00d07-5dc6-4eeb-8808-ddce6206a23e bfbee54e318a48b5ad2289fef1cbbfa1 e0a4fef4250c4937ac353975dd406eaf - - default default] 10.0.0.117 "GET /v2.0/extensions/rbac-address-scope HTTP/1.1" status: 200 len: 384 time: 0.0038519
2026-05-12 17:38:38.486 9 INFO neutron.wsgi [None req-a4371d71-0e2c-4663-b278-a3f99a98c23e bfbee54e318a48b5ad2289fef1cbbfa1 e0a4fef4250c4937ac353975dd406eaf - - default default] 10.0.0.117 "GET /v2.0/extensions/rbac-security-groups HTTP/1.1" status: 200 len: 404 time: 0.0038197
2026-05-12 17:38:38.493 9 INFO neutron.wsgi [None req-097eab85-6014-4cec-a7fc-d0bce65d6c1f bfbee54e318a48b5ad2289fef1cbbfa1 e0a4fef4250c4937ac353975dd406eaf - - default default] 10.0.0.117 "GET /v2.0/extensions/revision-if-match HTTP/1.1" status: 200 len: 441 time: 0.0037761
2026-05-12 17:38:38.501 9 INFO neutron.wsgi [None req-79f49526-570c-41b5-98ff-5eb9acba6ca7 bfbee54e318a48b5ad2289fef1cbbfa1 e0a4fef4250c4937ac353975dd406eaf - - default default] 10.0.0.117 "GET /v2.0/extensions/standard-attr-revisions HTTP/1.1" status: 200 len: 423 time: 0.0040660
2026-05-12 17:38:38.510 10 INFO neutron.wsgi [None req-ac756e68-3024-411f-bed1-0ce82351c41f bfbee54e318a48b5ad2289fef1cbbfa1 e0a4fef4250c4937ac353975dd406eaf - - default default] 10.0.0.117 "GET /v2.0/extensions/router_availability_zone HTTP/1.1" status: 200 len: 391 time: 0.0049114
2026-05-12 17:38:38.519 9 INFO neutron.wsgi [None req-0314a2a2-ceef-4eb0-9840-32afbf27e61a bfbee54e318a48b5ad2289fef1cbbfa1 e0a4fef4250c4937ac353975dd406eaf - - default default] 10.0.0.117 "GET /v2.0/extensions/security-groups-normalized-cidr HTTP/1.1" status: 200 len: 445 time: 0.0044739
2026-05-12 17:38:38.526 9 INFO neutron.wsgi [None req-1ae0f36e-21cb-4696-84c5-0630227f183c bfbee54e318a48b5ad2289fef1cbbfa1 e0a4fef4250c4937ac353975dd406eaf - - default default] 10.0.0.117 "GET /v2.0/extensions/security-groups-remote-address-group HTTP/1.1" status: 200 len: 448 time: 0.0040581
2026-05-12 17:38:38.535 9 INFO neutron.wsgi [None req-9bb38634-2b75-4a01-8743-dddd7024b6e1 bfbee54e318a48b5ad2289fef1cbbfa1 e0a4fef4250c4937ac353975dd406eaf - - default default] 10.0.0.117 "GET /v2.0/extensions/security-groups-shared-filtering HTTP/1.1" status: 200 len: 435 time: 0.0041904
2026-05-12 17:38:38.543 9 INFO neutron.wsgi [None req-4ba863af-bd05-4ec1-af75-4c09cf13f5ae bfbee54e318a48b5ad2289fef1cbbfa1 e0a4fef4250c4937ac353975dd406eaf - - default default] 10.0.0.117 "GET /v2.0/extensions/security-group HTTP/1.1" status: 200 len: 364 time: 0.0041697
2026-05-12 17:38:38.550 9 INFO neutron.wsgi [None req-71fa7f07-dc47-4997-85f4-84b472019d6e bfbee54e318a48b5ad2289fef1cbbfa1 e0a4fef4250c4937ac353975dd406eaf - - default default] 10.0.0.117 "GET /v2.0/extensions/segment HTTP/1.1" status: 200 len: 339 time: 0.0037203
2026-05-12 17:38:38.558 9 INFO neutron.wsgi [None req-a202f00c-23d0-4f2a-ae0a-42584777d144 bfbee54e318a48b5ad2289fef1cbbfa1 e0a4fef4250c4937ac353975dd406eaf - - default default] 10.0.0.117 "GET /v2.0/extensions/segments-peer-subnet-host-routes HTTP/1.1" status: 200 len: 427 time: 0.0039001
2026-05-12 17:38:38.567 9 INFO neutron.wsgi [None req-885d57d8-b7c8-4719-b1b4-b3d480626ec2 bfbee54e318a48b5ad2289fef1cbbfa1 e0a4fef4250c4937ac353975dd406eaf - - default default] 10.0.0.117 "GET /v2.0/extensions/service-type HTTP/1.1" status: 200 len: 415 time: 0.0041342
2026-05-12 17:38:38.577 10 INFO neutron.wsgi [None req-3a9fa909-91d0-45be-b663-1b2bae9a5cd1 bfbee54e318a48b5ad2289fef1cbbfa1 e0a4fef4250c4937ac353975dd406eaf - - default default] 10.0.0.117 "GET /v2.0/extensions/sorting HTTP/1.1" status: 200 len: 377 time: 0.0064754
2026-05-12 17:38:38.588 9 INFO neutron.wsgi [None req-7c21433e-0908-418c-9268-09a7a657df92 bfbee54e318a48b5ad2289fef1cbbfa1 e0a4fef4250c4937ac353975dd406eaf - - default default] 10.0.0.117 "GET /v2.0/extensions/standard-attr-segment HTTP/1.1" status: 200 len: 406 time: 0.0071559
2026-05-12 17:38:38.601 9 INFO neutron.wsgi [None req-19fe85aa-5aae-4743-9eb3-0157b8723827 bfbee54e318a48b5ad2289fef1cbbfa1 e0a4fef4250c4937ac353975dd406eaf - - default default] 10.0.0.117 "GET /v2.0/extensions/standard-attr-description HTTP/1.1" status: 200 len: 408 time: 0.0081284
2026-05-12 17:38:38.612 9 INFO neutron.wsgi [None req-b8c6d217-3e4e-453a-822c-3b6c85e47d9b bfbee54e318a48b5ad2289fef1cbbfa1 e0a4fef4250c4937ac353975dd406eaf - - default default] 10.0.0.117 "GET /v2.0/extensions/stateful-security-group HTTP/1.1" status: 200 len: 402 time: 0.0055530
2026-05-12 17:38:38.621 9 INFO neutron.wsgi [None req-71d70326-5276-48c9-8ed7-e9fbf3c983dd bfbee54e318a48b5ad2289fef1cbbfa1 e0a4fef4250c4937ac353975dd406eaf - - default default] 10.0.0.117 "GET /v2.0/extensions/subnet-dns-publish-fixed-ip HTTP/1.1" status: 200 len: 421 time: 0.0049031
2026-05-12 17:38:38.634 9 INFO neutron.wsgi [None req-983f9d25-2a50-4cc0-b6cd-ea162f66d18c bfbee54e318a48b5ad2289fef1cbbfa1 e0a4fef4250c4937ac353975dd406eaf - - default default] 10.0.0.117 "GET /v2.0/extensions/subnet-segmentid-writable HTTP/1.1" status: 200 len: 421 time: 0.0069728
2026-05-12 17:38:38.643 10 INFO neutron.wsgi [None req-4d8fec73-8d42-4e95-8f08-81c6d1cd449d bfbee54e318a48b5ad2289fef1cbbfa1 e0a4fef4250c4937ac353975dd406eaf - - default default] 10.0.0.117 "GET /v2.0/extensions/subnet-service-types HTTP/1.1" status: 200 len: 400 time: 0.0046873
2026-05-12 17:38:38.650 10 INFO neutron.wsgi [None req-5d77cf07-ba68-4505-8f67-113930bd4061 bfbee54e318a48b5ad2289fef1cbbfa1 e0a4fef4250c4937ac353975dd406eaf - - default default] 10.0.0.117 "GET /v2.0/extensions/subnet_allocation HTTP/1.1" status: 200 len: 388 time: 0.0036831
2026-05-12 17:38:38.660 10 INFO neutron.wsgi [None req-3891545f-feb2-4f67-810d-94fcb6b369a3 bfbee54e318a48b5ad2289fef1cbbfa1 e0a4fef4250c4937ac353975dd406eaf - - default default] 10.0.0.117 "GET /v2.0/extensions/subnetpool-prefix-ops HTTP/1.1" status: 200 len: 418 time: 0.0060921
2026-05-12 17:38:38.671 10 INFO neutron.wsgi [req-2a8dff0e-1acc-46e9-aec2-6f06debbf3cc req-410361f2-16d4-4486-8b82-917b0ae4ba50 09060594b15144a09d6e8a0a707dfe95 2beb01133fe74b84acad97ebce4c0368 - - default default] 10.0.0.230 "GET /v2.0/ports?device_id=0719a68b-2a44-4a2e-82d0-37d7779a3723 HTTP/1.1" status: 200 len: 1172 time: 0.1013863
2026-05-12 17:38:38.671 9 INFO neutron.wsgi [None req-d31d3d1d-845a-4524-9361-f19fd15ac05c bfbee54e318a48b5ad2289fef1cbbfa1 e0a4fef4250c4937ac353975dd406eaf - - default default] 10.0.0.117 "GET /v2.0/extensions/standard-attr-tag HTTP/1.1" status: 200 len: 537 time: 0.0066915
2026-05-12 17:38:38.678 10 INFO neutron.wsgi [None req-83776adf-48bc-42bf-8f10-3affb27a6fcf bfbee54e318a48b5ad2289fef1cbbfa1 e0a4fef4250c4937ac353975dd406eaf - - default default] 10.0.0.117 "GET /v2.0/extensions/standard-attr-timestamp HTTP/1.1" status: 200 len: 449 time: 0.0031347
2026-05-12 17:38:38.690 9 INFO neutron.wsgi [None req-c0483bf6-3db5-426c-84bb-c5d4f95148ac bfbee54e318a48b5ad2289fef1cbbfa1 e0a4fef4250c4937ac353975dd406eaf - - default default] 10.0.0.117 "GET /v2.0/extensions/trunk HTTP/1.1" status: 200 len: 358 time: 0.0081365
2026-05-12 17:38:38.701 10 INFO neutron.wsgi [None req-0001c147-7b1f-4ecb-b21d-777002f85966 bfbee54e318a48b5ad2289fef1cbbfa1 e0a4fef4250c4937ac353975dd406eaf - - default default] 10.0.0.117 "GET /v2.0/extensions/trunk-details HTTP/1.1" status: 200 len: 362 time: 0.0061274
2026-05-12 17:38:38.710 10 INFO neutron.wsgi [req-2a8dff0e-1acc-46e9-aec2-6f06debbf3cc req-ac93ea74-26cd-4d4c-a2d2-61aa5274eb49 09060594b15144a09d6e8a0a707dfe95 2beb01133fe74b84acad97ebce4c0368 - - default default] 10.0.0.230 "GET /v2.0/security-groups?id=2dedb1bd-5949-46df-b71e-a109106c5ac7&fields=id&fields=name HTTP/1.1" status: 200 len: 312 time: 0.0312190
2026-05-12 17:38:38.738 9 INFO neutron.wsgi [req-dd2bd0b0-01ba-4311-877c-3c48fd2c9aeb req-03d83aeb-1ae1-4775-8900-bad4eaaf0d54 b8f246ac784e4fa5a2873196da60d280 775ccb074273407882eea447d52480cf - - default default] 199.19.213.202 "GET /v2.0/networks?id=7f900d43-1662-497b-864a-ef4825ab952e HTTP/1.1" status: 200 len: 875 time: 0.0659511
2026-05-12 17:38:38.779 9 INFO neutron.wsgi [req-dd2bd0b0-01ba-4311-877c-3c48fd2c9aeb req-fa4afefd-dc89-439d-9c64-9327b0840e21 b8f246ac784e4fa5a2873196da60d280 775ccb074273407882eea447d52480cf - - default default] 199.19.213.202 "GET /v2.0/security-groups?fields=id&fields=name&tenant_id=775ccb074273407882eea447d52480cf HTTP/1.1" status: 200 len: 380 time: 0.0355680 /var/lib/openstack/lib/python3.10/site-packages/pycadf/identifier.py:71: UserWarning: Invalid uuid: neutron. To ensure interoperability, identifiers should be a valid uuid. warnings.warn(('Invalid uuid: %s. To ensure interoperability, '
2026-05-12 17:38:39.127 9 WARNING neutron.scheduler.dhcp_agent_scheduler [None req-84f2b78b-3684-41d7-a1f0-e4e55f8925ef b8f246ac784e4fa5a2873196da60d280 775ccb074273407882eea447d52480cf - - - -] No more DHCP agents
2026-05-12 17:38:39.128 9 WARNING neutron.api.rpc.agentnotifiers.dhcp_rpc_agent_api [None req-84f2b78b-3684-41d7-a1f0-e4e55f8925ef b8f246ac784e4fa5a2873196da60d280 775ccb074273407882eea447d52480cf - - - -] Unable to schedule network 7f900d43-1662-497b-864a-ef4825ab952e: no agents available; will retry on subsequent port and subnet creation events.
2026-05-12 17:38:39.219 9 INFO neutron.wsgi [req-2289ff6a-ebf4-46fc-8cb4-a67185b0312b req-0c880486-5c70-4319-b16d-824540e38724 b8f246ac784e4fa5a2873196da60d280 775ccb074273407882eea447d52480cf - - default default] 10.0.0.230 "GET /v2.0/ports?device_id=19e3d1c6-3b36-419d-aa36-9aee3a23e51b HTTP/1.1" status: 200 len: 1156 time: 0.1055062 /var/lib/openstack/lib/python3.10/site-packages/pycadf/identifier.py:71: UserWarning: Invalid uuid: neutron. To ensure interoperability, identifiers should be a valid uuid. warnings.warn(('Invalid uuid: %s. To ensure interoperability, '
2026-05-12 17:38:39.271 9 INFO neutron.wsgi [req-2289ff6a-ebf4-46fc-8cb4-a67185b0312b req-1cf79337-2580-426f-b36f-7004419e917c b8f246ac784e4fa5a2873196da60d280 775ccb074273407882eea447d52480cf - - default default] 10.0.0.230 "GET /v2.0/security-groups?id=51db3984-0644-47dc-88c4-a6efff85b1e0&fields=id&fields=name HTTP/1.1" status: 200 len: 313 time: 0.0411625
2026-05-12 17:38:39.289 9 INFO neutron.db.ovn_revision_numbers_db [None req-84f2b78b-3684-41d7-a1f0-e4e55f8925ef b8f246ac784e4fa5a2873196da60d280 775ccb074273407882eea447d52480cf - - - -] Successfully bumped revision number for resource 5662bfce-7af6-4150-acda-284cba8e60b4 (type: ports) to 1
2026-05-12 17:38:39.310 9 INFO neutron.wsgi [None req-84f2b78b-3684-41d7-a1f0-e4e55f8925ef b8f246ac784e4fa5a2873196da60d280 775ccb074273407882eea447d52480cf - - - -] 199.19.213.202 "POST /v2.0/ports HTTP/1.1" status: 201 len: 1158 time: 0.5278292
2026-05-12 17:38:39.391 10 INFO neutron.db.ovn_revision_numbers_db [None req-c8d2038a-8994-4b4a-8dad-13d4be2d373f a3c963cec92a49e49d3b16938df9dbf3 be0d6c1e66e94dd7b3388cb1d83dc57d - - default default] Successfully bumped revision number for resource 4b2be079-799c-4d06-8d1f-68357c2f705a (type: security_groups) to 1
2026-05-12 17:38:39.415 10 INFO neutron.wsgi [None req-c8d2038a-8994-4b4a-8dad-13d4be2d373f a3c963cec92a49e49d3b16938df9dbf3 be0d6c1e66e94dd7b3388cb1d83dc57d - - default default] 10.0.0.117 "GET /v2.0/security-groups?tenant_id=e0a4fef4250c4937ac353975dd406eaf&name=default HTTP/1.1" status: 200 len: 2996 time: 0.2218058
2026-05-12 17:38:39.593 10 INFO neutron.wsgi [None req-388d4cbe-1ec6-487c-90d9-65f6cda3cac4 a3c963cec92a49e49d3b16938df9dbf3 be0d6c1e66e94dd7b3388cb1d83dc57d - - - -] 10.0.0.117 "DELETE /v2.0/security-groups/4b2be079-799c-4d06-8d1f-68357c2f705a HTTP/1.1" status: 204 len: 168 time: 0.1733670
2026-05-12 17:38:39.701 10 INFO neutron.wsgi [req-d4a28fe8-3912-4a24-a5a7-7d3546b54398 req-139045d1-5de3-442c-838b-a3e088ce5142 810f1df991a94bb3bfbd7889b3e3ff63 b8f80b3af5e248289e11199c9de04fbd - - default default] 10.0.0.230 "GET /v2.0/ports?device_id=982fe517-0e90-4003-90b7-25491ec69338 HTTP/1.1" status: 200 len: 1174 time: 0.0901325
2026-05-12 17:38:39.711 9 INFO neutron.db.ovn_revision_numbers_db [None req-b6b70577-e879-4fc0-8479-6d57df32dc18 82a9e57fcb8547bd8bfe8c16d5e3e2da 8aeddd43cb6e4e32a38c24203e18ffc8 - - - -] Successfully bumped revision number for resource 5662bfce-7af6-4150-acda-284cba8e60b4 (type: ports) to 2 /var/lib/openstack/lib/python3.10/site-packages/pycadf/identifier.py:71: UserWarning: Invalid uuid: neutron. To ensure interoperability, identifiers should be a valid uuid. warnings.warn(('Invalid uuid: %s. To ensure interoperability, '
2026-05-12 17:38:39.801 10 INFO neutron.wsgi [req-dc1d39c3-8fb7-4ce4-b9b1-020d95d21789 req-35fc40cf-5096-404a-85c6-01210c5d27d3 09060594b15144a09d6e8a0a707dfe95 2beb01133fe74b84acad97ebce4c0368 - - default default] 10.0.0.230 "GET /v2.0/ports?device_id=0719a68b-2a44-4a2e-82d0-37d7779a3723 HTTP/1.1" status: 200 len: 1172 time: 0.0336976
2026-05-12 17:38:39.835 10 INFO neutron.wsgi [req-dc1d39c3-8fb7-4ce4-b9b1-020d95d21789 req-09003970-9530-41a6-b393-18bdee37627f 09060594b15144a09d6e8a0a707dfe95 2beb01133fe74b84acad97ebce4c0368 - - default default] 10.0.0.230 "GET /v2.0/security-groups?id=2dedb1bd-5949-46df-b71e-a109106c5ac7&fields=id&fields=name HTTP/1.1" status: 200 len: 312 time: 0.0299680
2026-05-12 17:38:39.880 9 INFO neutron.wsgi [req-c7af6634-5280-44d8-ab6b-edeb5c81131d req-12091915-7e3a-48d9-9946-669681b5c062 810f1df991a94bb3bfbd7889b3e3ff63 b8f80b3af5e248289e11199c9de04fbd - - default default] 10.0.0.230 "GET /v2.0/ports/9efbfca2-833b-426d-a70f-fcacf885503e HTTP/1.1" status: 200 len: 1171 time: 0.1293459
2026-05-12 17:38:39.959 9 INFO neutron.db.ovn_revision_numbers_db [None req-b6b70577-e879-4fc0-8479-6d57df32dc18 82a9e57fcb8547bd8bfe8c16d5e3e2da 8aeddd43cb6e4e32a38c24203e18ffc8 - - - -] Successfully bumped revision number for resource 5662bfce-7af6-4150-acda-284cba8e60b4 (type: ports) to 2
2026-05-12 17:38:39.974 9 INFO neutron.wsgi [None req-b6b70577-e879-4fc0-8479-6d57df32dc18 82a9e57fcb8547bd8bfe8c16d5e3e2da 8aeddd43cb6e4e32a38c24203e18ffc8 - - - -] 199.19.213.202 "PUT /v2.0/ports/5662bfce-7af6-4150-acda-284cba8e60b4 HTTP/1.1" status: 200 len: 1328 time: 0.6577971
2026-05-12 17:38:40.006 9 INFO neutron.notifiers.nova [-] Nova event matching ['req-3a4a2652-8485-4acf-b832-7339aba347d7'] response: {'name': 'network-changed', 'server_uuid': '19e3d1c6-3b36-419d-aa36-9aee3a23e51b', 'tag': '5662bfce-7af6-4150-acda-284cba8e60b4', 'status': 'completed', 'code': 200} /var/lib/openstack/lib/python3.10/site-packages/pycadf/identifier.py:71: UserWarning: Invalid uuid: neutron. To ensure interoperability, identifiers should be a valid uuid. warnings.warn(('Invalid uuid: %s. To ensure interoperability, '
2026-05-12 17:38:40.075 10 INFO neutron.wsgi [req-dd2bd0b0-01ba-4311-877c-3c48fd2c9aeb req-d9c9a10c-b963-4ee9-927a-1df222aeb21d 82a9e57fcb8547bd8bfe8c16d5e3e2da 8aeddd43cb6e4e32a38c24203e18ffc8 - - 4fda8fe893784c899a6c17a416dd77f1 4fda8fe893784c899a6c17a416dd77f1] 199.19.213.202 "GET /v2.0/ports?tenant_id=775ccb074273407882eea447d52480cf&device_id=19e3d1c6-3b36-419d-aa36-9aee3a23e51b HTTP/1.1" status: 200 len: 1359 time: 0.0488262
2026-05-12 17:38:40.092 9 INFO neutron.wsgi [req-17229089-af08-40e1-b554-3dbafc3cee3a req-d2833db6-a481-4da5-a0aa-4c4f08599329 810f1df991a94bb3bfbd7889b3e3ff63 b8f80b3af5e248289e11199c9de04fbd - - default default] 199.19.213.202 "GET /v2.0/subnets?network_id=2a505145-79e1-45a6-8b65-c7ce1a1925c5 HTTP/1.1" status: 200 len: 858 time: 0.0680053
2026-05-12 17:38:40.101 10 INFO neutron.wsgi [req-dd2bd0b0-01ba-4311-877c-3c48fd2c9aeb req-18396300-ad00-4bbc-99f3-05b09f0ac26c 82a9e57fcb8547bd8bfe8c16d5e3e2da 8aeddd43cb6e4e32a38c24203e18ffc8 - - 4fda8fe893784c899a6c17a416dd77f1 4fda8fe893784c899a6c17a416dd77f1] 199.19.213.202 "GET /v2.0/floatingips?fixed_ip_address=10.100.0.6&port_id=5662bfce-7af6-4150-acda-284cba8e60b4 HTTP/1.1" status: 200 len: 217 time: 0.0219505
2026-05-12 17:38:40.134 10 INFO neutron.wsgi [req-dd2bd0b0-01ba-4311-877c-3c48fd2c9aeb req-1ae2c7ee-b026-4394-a9b2-84814a95df86 82a9e57fcb8547bd8bfe8c16d5e3e2da 8aeddd43cb6e4e32a38c24203e18ffc8 - - 4fda8fe893784c899a6c17a416dd77f1 4fda8fe893784c899a6c17a416dd77f1] 199.19.213.202 "GET /v2.0/subnets?id=7e31445e-da20-4d3c-beb2-add2d8ae1034 HTTP/1.1" status: 200 len: 869 time: 0.0283723
2026-05-12 17:38:40.168 10 INFO neutron.wsgi [req-dd2bd0b0-01ba-4311-877c-3c48fd2c9aeb req-f25e4bfe-7037-4c3b-a3d4-b4535009d8cd 82a9e57fcb8547bd8bfe8c16d5e3e2da 8aeddd43cb6e4e32a38c24203e18ffc8 - - 4fda8fe893784c899a6c17a416dd77f1 4fda8fe893784c899a6c17a416dd77f1] 199.19.213.202 "GET /v2.0/ports?network_id=7f900d43-1662-497b-864a-ef4825ab952e&device_owner=network%3Adhcp HTTP/1.1" status: 200 len: 210 time: 0.0262356
2026-05-12 17:38:40.233 10 INFO neutron.wsgi [req-dd2bd0b0-01ba-4311-877c-3c48fd2c9aeb req-10803ecf-f880-43d7-a89a-b20b02a99495 82a9e57fcb8547bd8bfe8c16d5e3e2da 8aeddd43cb6e4e32a38c24203e18ffc8 - - 4fda8fe893784c899a6c17a416dd77f1 4fda8fe893784c899a6c17a416dd77f1] 199.19.213.202 "GET /v2.0/networks/7f900d43-1662-497b-864a-ef4825ab952e?fields=segments HTTP/1.1" status: 200 len: 212 time: 0.0583110
2026-05-12 17:38:40.297 10 INFO neutron.wsgi [req-dd2bd0b0-01ba-4311-877c-3c48fd2c9aeb req-a18bf7f0-52ce-4634-8436-e091993d2776 82a9e57fcb8547bd8bfe8c16d5e3e2da 8aeddd43cb6e4e32a38c24203e18ffc8 - - 4fda8fe893784c899a6c17a416dd77f1 4fda8fe893784c899a6c17a416dd77f1] 199.19.213.202 "GET /v2.0/networks/7f900d43-1662-497b-864a-ef4825ab952e?fields=provider%3Aphysical_network&fields=provider%3Anetwork_type HTTP/1.1" status: 200 len: 277 time: 0.0578544
2026-05-12 17:38:40.335 9 WARNING neutron.plugins.ml2.drivers.ovn.mech_driver.ovsdb.ovn_client [None req-a5edc48e-2038-4080-898e-79bda5234fe6 - - - - - -] No hosting information found for port bc26bf28-270d-484e-b2a6-723377440413: RuntimeError: No hosting information found for port bc26bf28-270d-484e-b2a6-723377440413
2026-05-12 17:38:40.336 9 INFO neutron.plugins.ml2.drivers.ovn.mech_driver.mech_driver [None req-a5edc48e-2038-4080-898e-79bda5234fe6 - - - - - -] OVN reports status up for port: a67cfcd4-17b7-4056-8193-065bc0e3bb31
2026-05-12 17:38:40.342 9 INFO neutron.wsgi [req-17229089-af08-40e1-b554-3dbafc3cee3a req-d522f7a6-c2e6-44c1-952a-11b2e8ea5930 810f1df991a94bb3bfbd7889b3e3ff63 b8f80b3af5e248289e11199c9de04fbd - - default default] 199.19.213.202 "GET /v2.0/ports?device_id=982fe517-0e90-4003-90b7-25491ec69338&device_owner=compute%3Anova&network_id=2a505145-79e1-45a6-8b65-c7ce1a1925c5 HTTP/1.1" status: 200 len: 1174 time: 0.2450275
2026-05-12 17:38:40.350 9 INFO neutron.plugins.ml2.plugin [None req-a5edc48e-2038-4080-898e-79bda5234fe6 - - - - - -] Attempt 1 to provision port a67cfcd4-17b7-4056-8193-065bc0e3bb31
2026-05-12 17:38:40.388 10 INFO neutron.wsgi [req-13c5d4e3-ed18-4a69-b4ac-027a378463e5 req-350bd161-2a09-4296-b063-2bb454e2cf09 82a9e57fcb8547bd8bfe8c16d5e3e2da 8aeddd43cb6e4e32a38c24203e18ffc8 - - 4fda8fe893784c899a6c17a416dd77f1 4fda8fe893784c899a6c17a416dd77f1] 199.19.213.202 "GET /v2.0/ports?tenant_id=775ccb074273407882eea447d52480cf&device_id=19e3d1c6-3b36-419d-aa36-9aee3a23e51b HTTP/1.1" status: 200 len: 1359 time: 0.0302250
2026-05-12 17:38:40.429 9 INFO neutron.wsgi [req-3d56fb3d-cdbc-4331-9306-87161a2aec27 req-bcb85758-b12e-449c-a7aa-c96899f0e799 b8f246ac784e4fa5a2873196da60d280 775ccb074273407882eea447d52480cf - - default default] 10.0.0.230 "GET /v2.0/ports?device_id=19e3d1c6-3b36-419d-aa36-9aee3a23e51b HTTP/1.1" status: 200 len: 1168 time: 0.0610125
2026-05-12 17:38:40.475 10 INFO neutron.wsgi [req-13c5d4e3-ed18-4a69-b4ac-027a378463e5 req-bdb2e695-f910-4361-9a08-eebf3fe3adf7 82a9e57fcb8547bd8bfe8c16d5e3e2da 8aeddd43cb6e4e32a38c24203e18ffc8 - - 4fda8fe893784c899a6c17a416dd77f1 4fda8fe893784c899a6c17a416dd77f1] 199.19.213.202 "GET /v2.0/networks?id=7f900d43-1662-497b-864a-ef4825ab952e HTTP/1.1" status: 200 len: 974 time: 0.0812032
2026-05-12 17:38:40.506 10 INFO neutron.wsgi [req-13c5d4e3-ed18-4a69-b4ac-027a378463e5 req-b5382b93-7c4b-4c93-a05e-3758fc3f10aa 82a9e57fcb8547bd8bfe8c16d5e3e2da 8aeddd43cb6e4e32a38c24203e18ffc8 - - 4fda8fe893784c899a6c17a416dd77f1 4fda8fe893784c899a6c17a416dd77f1] 199.19.213.202 "GET /v2.0/floatingips?fixed_ip_address=10.100.0.6&port_id=5662bfce-7af6-4150-acda-284cba8e60b4 HTTP/1.1" status: 200 len: 217 time: 0.0262010
2026-05-12 17:38:40.509 9 INFO neutron.wsgi [req-3d56fb3d-cdbc-4331-9306-87161a2aec27 req-13bdbd0a-638f-4925-aa41-b9527c88a837 b8f246ac784e4fa5a2873196da60d280 775ccb074273407882eea447d52480cf - - default default] 10.0.0.230 "GET /v2.0/security-groups?id=51db3984-0644-47dc-88c4-a6efff85b1e0&fields=id&fields=name HTTP/1.1" status: 200 len: 313 time: 0.0745363
2026-05-12 17:38:40.530 10 INFO neutron.plugins.ml2.drivers.ovn.mech_driver.mech_driver [None req-501a496a-0938-4bf7-ab62-f161276a63e2 - - - - - -] OVN reports status up for port: 5662bfce-7af6-4150-acda-284cba8e60b4
2026-05-12 17:38:40.550 10 INFO neutron.wsgi [req-13c5d4e3-ed18-4a69-b4ac-027a378463e5 req-df08d1c7-f3d4-4ed0-ad02-d3882ef4a6f3 82a9e57fcb8547bd8bfe8c16d5e3e2da 8aeddd43cb6e4e32a38c24203e18ffc8 - - 4fda8fe893784c899a6c17a416dd77f1 4fda8fe893784c899a6c17a416dd77f1] 199.19.213.202 "GET /v2.0/subnets?id=7e31445e-da20-4d3c-beb2-add2d8ae1034 HTTP/1.1" status: 200 len: 869 time: 0.0375335
2026-05-12 17:38:40.551 10 INFO neutron.plugins.ml2.plugin [None req-501a496a-0938-4bf7-ab62-f161276a63e2 - - - - - -] Attempt 1 to provision port 5662bfce-7af6-4150-acda-284cba8e60b4
2026-05-12 17:38:40.585 10 INFO neutron.wsgi [req-13c5d4e3-ed18-4a69-b4ac-027a378463e5 req-13a1c00f-604d-4095-a97e-a79b4a88237a 82a9e57fcb8547bd8bfe8c16d5e3e2da 8aeddd43cb6e4e32a38c24203e18ffc8 - - 4fda8fe893784c899a6c17a416dd77f1 4fda8fe893784c899a6c17a416dd77f1] 199.19.213.202 "GET /v2.0/ports?network_id=7f900d43-1662-497b-864a-ef4825ab952e&device_owner=network%3Adhcp HTTP/1.1" status: 200 len: 210 time: 0.0299404
2026-05-12 17:38:40.673 10 INFO neutron.wsgi [req-13c5d4e3-ed18-4a69-b4ac-027a378463e5 req-b79ef66a-a27f-4f5b-819a-bcf17bbcc3c1 82a9e57fcb8547bd8bfe8c16d5e3e2da 8aeddd43cb6e4e32a38c24203e18ffc8 - - 4fda8fe893784c899a6c17a416dd77f1 4fda8fe893784c899a6c17a416dd77f1] 199.19.213.202 "GET /v2.0/networks/7f900d43-1662-497b-864a-ef4825ab952e?fields=segments HTTP/1.1" status: 200 len: 212 time: 0.0834136
2026-05-12 17:38:40.718 10 INFO neutron.notifiers.nova [-] Nova event matching ['req-94fb3155-7ccb-4c87-add3-05af7f9fa04a'] response: {'server_uuid': '19e3d1c6-3b36-419d-aa36-9aee3a23e51b', 'name': 'network-vif-plugged', 'status': 'completed', 'tag': '5662bfce-7af6-4150-acda-284cba8e60b4', 'code': 200}
2026-05-12 17:38:40.765 10 INFO neutron.wsgi [req-13c5d4e3-ed18-4a69-b4ac-027a378463e5 req-7da6366e-9f2d-47f1-a3e9-367357c56c9b 82a9e57fcb8547bd8bfe8c16d5e3e2da 8aeddd43cb6e4e32a38c24203e18ffc8 - - 4fda8fe893784c899a6c17a416dd77f1 4fda8fe893784c899a6c17a416dd77f1] 199.19.213.202 "GET /v2.0/networks/7f900d43-1662-497b-864a-ef4825ab952e?fields=provider%3Aphysical_network&fields=provider%3Anetwork_type HTTP/1.1" status: 200 len: 277 time: 0.0877144
2026-05-12 17:38:40.841 9 INFO neutron.db.ovn_revision_numbers_db [None req-a5edc48e-2038-4080-898e-79bda5234fe6 - - - - - -] Successfully bumped revision number for resource a67cfcd4-17b7-4056-8193-065bc0e3bb31 (type: ports) to 4
2026-05-12 17:38:40.863 10 INFO neutron.db.ovn_revision_numbers_db [None req-501a496a-0938-4bf7-ab62-f161276a63e2 - - - - - -] Successfully bumped revision number for resource 5662bfce-7af6-4150-acda-284cba8e60b4 (type: ports) to 4 /var/lib/openstack/lib/python3.10/site-packages/pycadf/identifier.py:71: UserWarning: Invalid uuid: neutron. To ensure interoperability, identifiers should be a valid uuid. warnings.warn(('Invalid uuid: %s. To ensure interoperability, '
2026-05-12 17:38:41.021 9 INFO neutron.wsgi [req-cccde45b-6ab0-44e3-b1d4-8753460271eb req-e45c2b3c-9457-4761-91bd-aaf59a288757 09060594b15144a09d6e8a0a707dfe95 2beb01133fe74b84acad97ebce4c0368 - - default default] 10.0.0.230 "GET /v2.0/ports?device_id=0719a68b-2a44-4a2e-82d0-37d7779a3723 HTTP/1.1" status: 200 len: 1174 time: 0.1257653
2026-05-12 17:38:41.033 9 INFO neutron.db.ovn_revision_numbers_db [None req-da13321b-741d-4ccf-b580-216d685446a5 810f1df991a94bb3bfbd7889b3e3ff63 b8f80b3af5e248289e11199c9de04fbd - - - -] Successfully bumped revision number for resource 9efbfca2-833b-426d-a70f-fcacf885503e (type: ports) to 5 /var/lib/openstack/lib/python3.10/site-packages/pycadf/identifier.py:71: UserWarning: Invalid uuid: neutron. To ensure interoperability, identifiers should be a valid uuid. warnings.warn(('Invalid uuid: %s. To ensure interoperability, '
2026-05-12 17:38:41.048 9 INFO neutron.wsgi [None req-da13321b-741d-4ccf-b580-216d685446a5 810f1df991a94bb3bfbd7889b3e3ff63 b8f80b3af5e248289e11199c9de04fbd - - - -] 199.19.213.202 "PUT /v2.0/ports/9efbfca2-833b-426d-a70f-fcacf885503e HTTP/1.1" status: 200 len: 1353 time: 0.6840422
2026-05-12 17:38:41.067 9 INFO neutron.wsgi [req-cccde45b-6ab0-44e3-b1d4-8753460271eb req-370a8f85-2578-495e-8b61-2e194e4164fa 09060594b15144a09d6e8a0a707dfe95 2beb01133fe74b84acad97ebce4c0368 - - default default] 10.0.0.230 "GET /v2.0/security-groups?id=2dedb1bd-5949-46df-b71e-a109106c5ac7&fields=id&fields=name HTTP/1.1" status: 200 len: 312 time: 0.0326447
2026-05-12 17:38:41.105 9 INFO neutron.wsgi [req-17229089-af08-40e1-b554-3dbafc3cee3a req-85741fc4-0129-4895-8481-983d6740aa61 82a9e57fcb8547bd8bfe8c16d5e3e2da 8aeddd43cb6e4e32a38c24203e18ffc8 - - 4fda8fe893784c899a6c17a416dd77f1 4fda8fe893784c899a6c17a416dd77f1] 199.19.213.202 "GET /v2.0/ports?tenant_id=b8f80b3af5e248289e11199c9de04fbd&device_id=982fe517-0e90-4003-90b7-25491ec69338 HTTP/1.1" status: 200 len: 1546 time: 0.0407970
2026-05-12 17:38:41.160 9 INFO neutron.wsgi [req-17229089-af08-40e1-b554-3dbafc3cee3a req-ffe7e49e-a1e5-4250-838c-3b3a28e56821 82a9e57fcb8547bd8bfe8c16d5e3e2da 8aeddd43cb6e4e32a38c24203e18ffc8 - - 4fda8fe893784c899a6c17a416dd77f1 4fda8fe893784c899a6c17a416dd77f1] 199.19.213.202 "GET /v2.0/networks?id=2a505145-79e1-45a6-8b65-c7ce1a1925c5 HTTP/1.1" status: 200 len: 981 time: 0.0502062
2026-05-12 17:38:41.206 9 INFO neutron.wsgi [req-17229089-af08-40e1-b554-3dbafc3cee3a req-26212e3b-bd63-4dea-a73b-43e1faff961b 82a9e57fcb8547bd8bfe8c16d5e3e2da 8aeddd43cb6e4e32a38c24203e18ffc8 - - 4fda8fe893784c899a6c17a416dd77f1 4fda8fe893784c899a6c17a416dd77f1] 199.19.213.202 "GET /v2.0/floatingips?fixed_ip_address=10.100.0.11&port_id=9efbfca2-833b-426d-a70f-fcacf885503e HTTP/1.1" status: 200 len: 1060 time: 0.0395057
2026-05-12 17:38:41.234 9 INFO neutron.wsgi [req-17229089-af08-40e1-b554-3dbafc3cee3a req-bb9d54e2-46d3-42c5-856b-e5461f5f3f91 82a9e57fcb8547bd8bfe8c16d5e3e2da 8aeddd43cb6e4e32a38c24203e18ffc8 - - 4fda8fe893784c899a6c17a416dd77f1 4fda8fe893784c899a6c17a416dd77f1] 199.19.213.202 "GET /v2.0/floatingips?fixed_ip_address=10.100.0.12&port_id=9efbfca2-833b-426d-a70f-fcacf885503e HTTP/1.1" status: 200 len: 217 time: 0.0205486
2026-05-12 17:38:41.266 9 INFO neutron.wsgi [req-17229089-af08-40e1-b554-3dbafc3cee3a req-a66de3a0-c66f-4fc3-bdfa-46996aeb93d4 82a9e57fcb8547bd8bfe8c16d5e3e2da 8aeddd43cb6e4e32a38c24203e18ffc8 - - 4fda8fe893784c899a6c17a416dd77f1 4fda8fe893784c899a6c17a416dd77f1] 199.19.213.202 "GET /v2.0/subnets?id=a989a926-a28b-496f-a799-10ad8b3835fd HTTP/1.1" status: 200 len: 876 time: 0.0245526
2026-05-12 17:38:41.298 9 INFO neutron.wsgi [req-17229089-af08-40e1-b554-3dbafc3cee3a req-56df30e0-3b71-4d99-a300-3fd20211ff41 82a9e57fcb8547bd8bfe8c16d5e3e2da 8aeddd43cb6e4e32a38c24203e18ffc8 - - 4fda8fe893784c899a6c17a416dd77f1 4fda8fe893784c899a6c17a416dd77f1] 199.19.213.202 "GET /v2.0/ports?network_id=2a505145-79e1-45a6-8b65-c7ce1a1925c5&device_owner=network%3Adhcp HTTP/1.1" status: 200 len: 210 time: 0.0242927
2026-05-12 17:38:41.359 9 INFO neutron.wsgi [req-17229089-af08-40e1-b554-3dbafc3cee3a req-2f819d92-5be5-425b-854a-c06496b7ef78 82a9e57fcb8547bd8bfe8c16d5e3e2da 8aeddd43cb6e4e32a38c24203e18ffc8 - - 4fda8fe893784c899a6c17a416dd77f1 4fda8fe893784c899a6c17a416dd77f1] 199.19.213.202 "GET /v2.0/networks/2a505145-79e1-45a6-8b65-c7ce1a1925c5?fields=segments HTTP/1.1" status: 200 len: 212 time: 0.0543849
2026-05-12 17:38:41.435 9 INFO neutron.wsgi [req-17229089-af08-40e1-b554-3dbafc3cee3a req-9670b769-0c7f-4e7b-bad7-1bfdf7cc344f 82a9e57fcb8547bd8bfe8c16d5e3e2da 8aeddd43cb6e4e32a38c24203e18ffc8 - - 4fda8fe893784c899a6c17a416dd77f1 4fda8fe893784c899a6c17a416dd77f1] 199.19.213.202 "GET /v2.0/networks/2a505145-79e1-45a6-8b65-c7ce1a1925c5?fields=provider%3Aphysical_network&fields=provider%3Anetwork_type HTTP/1.1" status: 200 len: 277 time: 0.0684776 /var/lib/openstack/lib/python3.10/site-packages/pycadf/identifier.py:71: UserWarning: Invalid uuid: neutron. To ensure interoperability, identifiers should be a valid uuid. warnings.warn(('Invalid uuid: %s. To ensure interoperability, '
2026-05-12 17:38:41.622 10 INFO neutron.wsgi [req-98a654ba-8938-4375-9e30-e91cd22b5da0 req-b363b60b-01c8-4a66-914d-a4db2c63c85c b8f246ac784e4fa5a2873196da60d280 775ccb074273407882eea447d52480cf - - default default] 10.0.0.230 "GET /v2.0/ports?device_id=19e3d1c6-3b36-419d-aa36-9aee3a23e51b HTTP/1.1" status: 200 len: 1170 time: 0.0372207
2026-05-12 17:38:41.678 10 INFO neutron.wsgi [req-98a654ba-8938-4375-9e30-e91cd22b5da0 req-ba40b0e5-e00e-4b7e-a689-b745014680be b8f246ac784e4fa5a2873196da60d280 775ccb074273407882eea447d52480cf - - default default] 10.0.0.230 "GET /v2.0/security-groups?id=51db3984-0644-47dc-88c4-a6efff85b1e0&fields=id&fields=name HTTP/1.1" status: 200 len: 313 time: 0.0514891
2026-05-12 17:38:41.724 10 INFO neutron.db.ovn_revision_numbers_db [None req-7843ebe2-5360-4f90-afea-62e602e3cdcd cddede6ab82348c7845d7f29bd0370d8 f01a2f22d1a84806b481275194bbff95 - - - -] Successfully bumped revision number for resource ec49d93e-7228-42f0-9343-df2564df9c51 (type: security_groups) to 1
2026-05-12 17:38:41.781 10 INFO neutron.db.segments_db [None req-7843ebe2-5360-4f90-afea-62e602e3cdcd cddede6ab82348c7845d7f29bd0370d8 f01a2f22d1a84806b481275194bbff95 - - - -] Added segment 1a26d69b-b6aa-4c4c-8e7a-1d9d650a2eff of type geneve for network 9109cda7-7d28-4b23-a245-4923aac2ea90
2026-05-12 17:38:41.925 10 INFO neutron.db.ovn_revision_numbers_db [None req-7843ebe2-5360-4f90-afea-62e602e3cdcd cddede6ab82348c7845d7f29bd0370d8 f01a2f22d1a84806b481275194bbff95 - - - -] Successfully bumped revision number for resource 9109cda7-7d28-4b23-a245-4923aac2ea90 (type: networks) to 1
2026-05-12 17:38:42.047 9 INFO neutron.notifiers.nova [-] Nova event matching ['req-20f76882-debd-4d1b-84e8-d7b9589a6a2e'] response: {'server_uuid': '0719a68b-2a44-4a2e-82d0-37d7779a3723', 'name': 'network-vif-plugged', 'status': 'completed', 'tag': 'a67cfcd4-17b7-4056-8193-065bc0e3bb31', 'code': 200}
2026-05-12 17:38:42.047 9 INFO neutron.notifiers.nova [-] Nova event matching ['req-20f76882-debd-4d1b-84e8-d7b9589a6a2e'] response: {'server_uuid': '0719a68b-2a44-4a2e-82d0-37d7779a3723', 'name': 'network-vif-plugged', 'status': 'completed', 'tag': 'a67cfcd4-17b7-4056-8193-065bc0e3bb31', 'code': 200}
2026-05-12 17:38:42.047 9 INFO neutron.notifiers.nova [-] Nova event matching ['req-20f76882-debd-4d1b-84e8-d7b9589a6a2e'] response: {'name': 'network-changed', 'server_uuid': '982fe517-0e90-4003-90b7-25491ec69338', 'tag': '9efbfca2-833b-426d-a70f-fcacf885503e', 'status': 'completed', 'code': 200}
2026-05-12 17:38:42.111 9 INFO neutron.wsgi [req-6fa49eac-fbc0-42c3-ac5d-30150745c4b1 req-3195a11c-b25d-44b8-90b5-c382be0d5bde 82a9e57fcb8547bd8bfe8c16d5e3e2da 8aeddd43cb6e4e32a38c24203e18ffc8 - - 4fda8fe893784c899a6c17a416dd77f1 4fda8fe893784c899a6c17a416dd77f1] 199.19.213.202 "GET /v2.0/ports?tenant_id=b8f80b3af5e248289e11199c9de04fbd&device_id=982fe517-0e90-4003-90b7-25491ec69338 HTTP/1.1" status: 200 len: 1546 time: 0.0389891
2026-05-12 17:38:42.190 10 WARNING neutron.scheduler.dhcp_agent_scheduler [None req-7843ebe2-5360-4f90-afea-62e602e3cdcd cddede6ab82348c7845d7f29bd0370d8 f01a2f22d1a84806b481275194bbff95 - - - -] No more DHCP agents
2026-05-12 17:38:42.192 10 WARNING neutron.api.rpc.agentnotifiers.dhcp_rpc_agent_api [None req-7843ebe2-5360-4f90-afea-62e602e3cdcd cddede6ab82348c7845d7f29bd0370d8 f01a2f22d1a84806b481275194bbff95 - - - -] Unable to schedule network 9109cda7-7d28-4b23-a245-4923aac2ea90: no agents available; will retry on subsequent port and subnet creation events.
2026-05-12 17:38:42.201 10 INFO neutron.wsgi [req-16ea45f3-9484-4136-a986-185b9d3e31aa req-d9f20fff-0b47-4248-9659-7799c931f6e6 810f1df991a94bb3bfbd7889b3e3ff63 b8f80b3af5e248289e11199c9de04fbd - - default default] 10.0.0.230 "GET /v2.0/ports?device_id=982fe517-0e90-4003-90b7-25491ec69338 HTTP/1.1" status: 200 len: 1356 time: 0.0475929
2026-05-12 17:38:42.214 9 INFO neutron.wsgi [req-ea904084-4a1c-4d2c-983f-4593d6388494 req-6d7cd78a-0732-458a-8cf3-82a4021ade17 09060594b15144a09d6e8a0a707dfe95 2beb01133fe74b84acad97ebce4c0368 - - default default] 10.0.0.230 "GET /v2.0/ports?device_id=0719a68b-2a44-4a2e-82d0-37d7779a3723 HTTP/1.1" status: 200 len: 1174 time: 0.0479858
2026-05-12 17:38:42.218 9 INFO neutron.wsgi [req-6fa49eac-fbc0-42c3-ac5d-30150745c4b1 req-2fd47b00-8687-41df-a76f-edbe5ef122fd 82a9e57fcb8547bd8bfe8c16d5e3e2da 8aeddd43cb6e4e32a38c24203e18ffc8 - - 4fda8fe893784c899a6c17a416dd77f1 4fda8fe893784c899a6c17a416dd77f1] 199.19.213.202 "GET /v2.0/networks?id=2a505145-79e1-45a6-8b65-c7ce1a1925c5 HTTP/1.1" status: 200 len: 981 time: 0.1017561
2026-05-12 17:38:42.258 10 INFO neutron.wsgi [req-16ea45f3-9484-4136-a986-185b9d3e31aa req-d10a4223-5b67-4ab0-9129-415b8ae384f5 810f1df991a94bb3bfbd7889b3e3ff63 b8f80b3af5e248289e11199c9de04fbd - - default default] 10.0.0.230 "GET /v2.0/security-groups?id=032294e7-2851-45a3-9cdd-34baf44a55a8&fields=id&fields=name HTTP/1.1" status: 200 len: 312 time: 0.0478234
2026-05-12 17:38:42.282 10 INFO neutron.db.ovn_revision_numbers_db [None req-7843ebe2-5360-4f90-afea-62e602e3cdcd cddede6ab82348c7845d7f29bd0370d8 f01a2f22d1a84806b481275194bbff95 - - - -] Successfully bumped revision number for resource d6885723-ba7d-4782-ace5-aef3422a61ac (type: ports) to 1
2026-05-12 17:38:42.282 9 INFO neutron.wsgi [req-ea904084-4a1c-4d2c-983f-4593d6388494 req-5d6fcb1d-9a17-40ac-8c43-ae1bc37af13f 09060594b15144a09d6e8a0a707dfe95 2beb01133fe74b84acad97ebce4c0368 - - default default] 10.0.0.230 "GET /v2.0/security-groups?id=2dedb1bd-5949-46df-b71e-a109106c5ac7&fields=id&fields=name HTTP/1.1" status: 200 len: 312 time: 0.0624173
2026-05-12 17:38:42.293 9 INFO neutron.wsgi [req-6fa49eac-fbc0-42c3-ac5d-30150745c4b1 req-fba4efb9-000a-4a59-8b2f-c135fcbb40fd 82a9e57fcb8547bd8bfe8c16d5e3e2da 8aeddd43cb6e4e32a38c24203e18ffc8 - - 4fda8fe893784c899a6c17a416dd77f1 4fda8fe893784c899a6c17a416dd77f1] 199.19.213.202 "GET /v2.0/floatingips?fixed_ip_address=10.100.0.11&port_id=9efbfca2-833b-426d-a70f-fcacf885503e HTTP/1.1" status: 200 len: 1060 time: 0.0621855
2026-05-12 17:38:42.308 10 INFO neutron.wsgi [None req-7843ebe2-5360-4f90-afea-62e602e3cdcd cddede6ab82348c7845d7f29bd0370d8 f01a2f22d1a84806b481275194bbff95 - - - -] 10.0.0.117 "POST /v2.0/networks HTTP/1.1" status: 201 len: 848 time: 0.9210069
2026-05-12 17:38:42.326 9 INFO neutron.wsgi [req-6fa49eac-fbc0-42c3-ac5d-30150745c4b1 req-183a9cb6-6cfb-43e8-a400-0a4f280eac6d 82a9e57fcb8547bd8bfe8c16d5e3e2da 8aeddd43cb6e4e32a38c24203e18ffc8 - - 4fda8fe893784c899a6c17a416dd77f1 4fda8fe893784c899a6c17a416dd77f1] 199.19.213.202 "GET /v2.0/floatingips?fixed_ip_address=10.100.0.12&port_id=9efbfca2-833b-426d-a70f-fcacf885503e HTTP/1.1" status: 200 len: 217 time: 0.0279145
2026-05-12 17:38:42.377 9 INFO neutron.wsgi [req-6fa49eac-fbc0-42c3-ac5d-30150745c4b1 req-a005758e-488e-4d31-bc20-1139e6e6df73 82a9e57fcb8547bd8bfe8c16d5e3e2da 8aeddd43cb6e4e32a38c24203e18ffc8 - - 4fda8fe893784c899a6c17a416dd77f1 4fda8fe893784c899a6c17a416dd77f1] 199.19.213.202 "GET /v2.0/subnets?id=a989a926-a28b-496f-a799-10ad8b3835fd HTTP/1.1" status: 200 len: 876 time: 0.0353804
2026-05-12 17:38:42.414 9 INFO neutron.wsgi [req-6fa49eac-fbc0-42c3-ac5d-30150745c4b1 req-e765c481-eb52-434a-bb54-0540c1fb0c16 82a9e57fcb8547bd8bfe8c16d5e3e2da 8aeddd43cb6e4e32a38c24203e18ffc8 - - 4fda8fe893784c899a6c17a416dd77f1 4fda8fe893784c899a6c17a416dd77f1] 199.19.213.202 "GET /v2.0/ports?network_id=2a505145-79e1-45a6-8b65-c7ce1a1925c5&device_owner=network%3Adhcp HTTP/1.1" status: 200 len: 210 time: 0.0278072
2026-05-12 17:38:42.488 9 INFO neutron.wsgi [req-6fa49eac-fbc0-42c3-ac5d-30150745c4b1 req-0fd7e5e0-9726-4b0e-8329-04035e8767fa 82a9e57fcb8547bd8bfe8c16d5e3e2da 8aeddd43cb6e4e32a38c24203e18ffc8 - - 4fda8fe893784c899a6c17a416dd77f1 4fda8fe893784c899a6c17a416dd77f1] 199.19.213.202 "GET /v2.0/networks/2a505145-79e1-45a6-8b65-c7ce1a1925c5?fields=segments HTTP/1.1" status: 200 len: 212 time: 0.0660758
2026-05-12 17:38:42.563 9 INFO neutron.wsgi [req-6fa49eac-fbc0-42c3-ac5d-30150745c4b1 req-efd1437b-475e-4202-a59a-bdc71133851b 82a9e57fcb8547bd8bfe8c16d5e3e2da 8aeddd43cb6e4e32a38c24203e18ffc8 - - 4fda8fe893784c899a6c17a416dd77f1 4fda8fe893784c899a6c17a416dd77f1] 199.19.213.202 "GET /v2.0/networks/2a505145-79e1-45a6-8b65-c7ce1a1925c5?fields=provider%3Aphysical_network&fields=provider%3Anetwork_type HTTP/1.1" status: 200 len: 277 time: 0.0638745
2026-05-12 17:38:42.603 10 WARNING neutron.scheduler.dhcp_agent_scheduler [None req-e982344e-b62b-49d9-9a6b-5096b041ca06 cddede6ab82348c7845d7f29bd0370d8 f01a2f22d1a84806b481275194bbff95 - - - -] No more DHCP agents
2026-05-12 17:38:42.605 10 WARNING neutron.api.rpc.agentnotifiers.dhcp_rpc_agent_api [None req-e982344e-b62b-49d9-9a6b-5096b041ca06 cddede6ab82348c7845d7f29bd0370d8 f01a2f22d1a84806b481275194bbff95 - - - -] Unable to schedule network 9109cda7-7d28-4b23-a245-4923aac2ea90: no agents available; will retry on subsequent port and subnet creation events.
2026-05-12 17:38:42.614 10 INFO neutron.db.ovn_revision_numbers_db [None req-e982344e-b62b-49d9-9a6b-5096b041ca06 cddede6ab82348c7845d7f29bd0370d8 f01a2f22d1a84806b481275194bbff95 - - - -] Successfully bumped revision number for resource c1fc9bc8-a1c1-446f-8731-71f238c854c4 (type: subnets) to 0
2026-05-12 17:38:42.626 10 INFO neutron.wsgi [None req-e982344e-b62b-49d9-9a6b-5096b041ca06 cddede6ab82348c7845d7f29bd0370d8 f01a2f22d1a84806b481275194bbff95 - - - -] 10.0.0.117 "POST /v2.0/subnets HTTP/1.1" status: 201 len: 802 time: 0.3075097
