2026-05-12 17:38:12.809 9 INFO neutron.wsgi [req-9c0a9ac0-2f16-4e60-a685-71c8ccefffe6 req-b17898a4-58e0-4b61-965a-abaa747336ad 82a9e57fcb8547bd8bfe8c16d5e3e2da 8aeddd43cb6e4e32a38c24203e18ffc8 - - 4fda8fe893784c899a6c17a416dd77f1 4fda8fe893784c899a6c17a416dd77f1] 199.19.213.202 "GET /v2.0/ports?network_id=65c47c59-2fae-4682-89af-fcca2b8f67ea&device_owner=network%3Adhcp HTTP/1.1" status: 200 len: 210 time: 0.0224328
2026-05-12 17:38:12.864 9 INFO neutron.wsgi [req-01e167ff-eadf-4a8d-a4e4-fc3df285f6d0 req-74045483-db4d-487d-a177-fb148259ccc7 810f1df991a94bb3bfbd7889b3e3ff63 b8f80b3af5e248289e11199c9de04fbd - - default default] 10.0.0.230 "GET /v2.0/security-groups?id=032294e7-2851-45a3-9cdd-34baf44a55a8&fields=id&fields=name HTTP/1.1" status: 200 len: 312 time: 0.0706222
2026-05-12 17:38:12.900 9 INFO neutron.wsgi [req-9c0a9ac0-2f16-4e60-a685-71c8ccefffe6 req-c8ba08d4-2e36-4885-ac48-c367ed279f74 82a9e57fcb8547bd8bfe8c16d5e3e2da 8aeddd43cb6e4e32a38c24203e18ffc8 - - 4fda8fe893784c899a6c17a416dd77f1 4fda8fe893784c899a6c17a416dd77f1] 199.19.213.202 "GET /v2.0/networks/65c47c59-2fae-4682-89af-fcca2b8f67ea?fields=segments HTTP/1.1" status: 200 len: 212 time: 0.0858946
2026-05-12 17:38:12.984 10 INFO neutron.notifiers.nova [-] Nova event matching ['req-2d0b51c2-48ac-4548-b972-58877e0267b4'] response: {'name': 'network-changed', 'server_uuid': '982fe517-0e90-4003-90b7-25491ec69338', 'tag': '9efbfca2-833b-426d-a70f-fcacf885503e', 'status': 'completed', 'code': 200}
2026-05-12 17:38:12.987 9 INFO neutron.wsgi [req-9c0a9ac0-2f16-4e60-a685-71c8ccefffe6 req-921d6d58-14c1-4d79-a904-d3d436c75c78 82a9e57fcb8547bd8bfe8c16d5e3e2da 8aeddd43cb6e4e32a38c24203e18ffc8 - - 4fda8fe893784c899a6c17a416dd77f1 4fda8fe893784c899a6c17a416dd77f1] 199.19.213.202 "GET /v2.0/networks/65c47c59-2fae-4682-89af-fcca2b8f67ea?fields=provider%3Aphysical_network&fields=provider%3Anetwork_type HTTP/1.1" status: 200 len: 277 time: 0.0756958
2026-05-12 17:38:12.993 10 INFO neutron.wsgi [req-f85a2384-25f0-43ec-ade5-66f35b9f8d59 req-1f06acd0-c255-4b24-afa5-5377fe27b6c6 82a9e57fcb8547bd8bfe8c16d5e3e2da 8aeddd43cb6e4e32a38c24203e18ffc8 - - 4fda8fe893784c899a6c17a416dd77f1 4fda8fe893784c899a6c17a416dd77f1] 199.19.213.202 "GET /v2.0/networks/2a505145-79e1-45a6-8b65-c7ce1a1925c5?fields=segments HTTP/1.1" status: 200 len: 212 time: 0.0759072
2026-05-12 17:38:13.097 10 INFO neutron.wsgi [req-f85a2384-25f0-43ec-ade5-66f35b9f8d59 req-0901ca32-8183-424b-b814-47b34ffb0061 82a9e57fcb8547bd8bfe8c16d5e3e2da 8aeddd43cb6e4e32a38c24203e18ffc8 - - 4fda8fe893784c899a6c17a416dd77f1 4fda8fe893784c899a6c17a416dd77f1] 199.19.213.202 "GET /v2.0/networks/2a505145-79e1-45a6-8b65-c7ce1a1925c5?fields=provider%3Aphysical_network&fields=provider%3Anetwork_type HTTP/1.1" status: 200 len: 277 time: 0.0708907
2026-05-12 17:38:13.137 9 INFO neutron.wsgi [req-d55f8c36-f6b3-4a94-b1b1-767c93c9d635 req-20f85cca-558c-476b-90d6-70fbbf5141d7 c90d80bd4fa24916af417e80dbcb4c19 5201597b11414bd68044127aedddd2a7 - - default default] 10.0.0.230 "GET /v2.0/ports?device_id=f27bed1a-8724-45ae-8a2c-baedac4c5d30 HTTP/1.1" status: 200 len: 1168 time: 0.1097586
2026-05-12 17:38:13.176 9 INFO neutron.wsgi [req-d55f8c36-f6b3-4a94-b1b1-767c93c9d635 req-dce43fd8-c736-45ea-a271-c3c9fbeecc51 c90d80bd4fa24916af417e80dbcb4c19 5201597b11414bd68044127aedddd2a7 - - default default] 10.0.0.230 "GET /v2.0/security-groups?id=990eeb88-c04b-4f06-a6a3-bb58855feb8b&fields=id&fields=name HTTP/1.1" status: 200 len: 312 time: 0.0353541
2026-05-12 17:38:13.207 10 INFO neutron.wsgi [req-db14edfc-a152-4f30-91dc-75906e6ff487 req-db25133f-88ae-470a-85a7-c6e1139c26e0 82a9e57fcb8547bd8bfe8c16d5e3e2da 8aeddd43cb6e4e32a38c24203e18ffc8 - - 4fda8fe893784c899a6c17a416dd77f1 4fda8fe893784c899a6c17a416dd77f1] 199.19.213.202 "GET /v2.0/ports?tenant_id=b8f80b3af5e248289e11199c9de04fbd&device_id=982fe517-0e90-4003-90b7-25491ec69338 HTTP/1.1" status: 200 len: 1363 time: 0.0511434
2026-05-12 17:38:13.368 10 INFO neutron.wsgi [req-db14edfc-a152-4f30-91dc-75906e6ff487 req-0f3e6c47-5bbe-445c-86a5-4688915780bb 82a9e57fcb8547bd8bfe8c16d5e3e2da 8aeddd43cb6e4e32a38c24203e18ffc8 - - 4fda8fe893784c899a6c17a416dd77f1 4fda8fe893784c899a6c17a416dd77f1] 199.19.213.202 "GET /v2.0/networks?id=2a505145-79e1-45a6-8b65-c7ce1a1925c5 HTTP/1.1" status: 200 len: 981 time: 0.0902636
2026-05-12 17:38:13.421 10 INFO neutron.wsgi [req-db14edfc-a152-4f30-91dc-75906e6ff487 req-c12d6666-fbac-4709-a9a1-a48db1ab7862 82a9e57fcb8547bd8bfe8c16d5e3e2da 8aeddd43cb6e4e32a38c24203e18ffc8 - - 4fda8fe893784c899a6c17a416dd77f1 4fda8fe893784c899a6c17a416dd77f1] 199.19.213.202 "GET /v2.0/floatingips?fixed_ip_address=10.100.0.11&port_id=9efbfca2-833b-426d-a70f-fcacf885503e HTTP/1.1" status: 200 len: 217 time: 0.0395555
2026-05-12 17:38:13.454 10 INFO neutron.wsgi [None req-a3cf55c0-e314-4831-a45f-079f3396695a a3c963cec92a49e49d3b16938df9dbf3 be0d6c1e66e94dd7b3388cb1d83dc57d - - - -] 10.0.0.117 "DELETE /v2.0/routers/702ec24f-5416-412d-8661-2506e0f65e48 HTTP/1.1" status: 204 len: 168 time: 0.9397643
2026-05-12 17:38:13.461 10 INFO neutron.wsgi [req-db14edfc-a152-4f30-91dc-75906e6ff487 req-9c20437b-6bf8-43cb-a75b-e1d68aa00e80 82a9e57fcb8547bd8bfe8c16d5e3e2da 8aeddd43cb6e4e32a38c24203e18ffc8 - - 4fda8fe893784c899a6c17a416dd77f1 4fda8fe893784c899a6c17a416dd77f1] 199.19.213.202 "GET /v2.0/subnets?id=a989a926-a28b-496f-a799-10ad8b3835fd HTTP/1.1" status: 200 len: 876 time: 0.0333152
2026-05-12 17:38:13.488 10 INFO neutron.wsgi [req-db14edfc-a152-4f30-91dc-75906e6ff487 req-a831b9cc-aa06-4f0c-b2ff-9409b8cca2c2 82a9e57fcb8547bd8bfe8c16d5e3e2da 8aeddd43cb6e4e32a38c24203e18ffc8 - - 4fda8fe893784c899a6c17a416dd77f1 4fda8fe893784c899a6c17a416dd77f1] 199.19.213.202 "GET /v2.0/ports?network_id=2a505145-79e1-45a6-8b65-c7ce1a1925c5&device_owner=network%3Adhcp HTTP/1.1" status: 200 len: 210 time: 0.0200937
2026-05-12 17:38:13.524 10 WARNING neutron.plugins.ml2.drivers.ovn.mech_driver.ovsdb.ovn_client [None req-501a496a-0938-4bf7-ab62-f161276a63e2 - - - - - -] No hosting information found for port cf2517be-af1c-4652-b61b-3bccbf1fb6b9: RuntimeError: No hosting information found for port cf2517be-af1c-4652-b61b-3bccbf1fb6b9
2026-05-12 17:38:13.525 10 INFO neutron.plugins.ml2.drivers.ovn.mech_driver.mech_driver [None req-501a496a-0938-4bf7-ab62-f161276a63e2 - - - - - -] OVN reports status up for port: c5e79980-0575-4613-949e-3048652d9f60
2026-05-12 17:38:13.555 10 INFO neutron.plugins.ml2.drivers.ovn.mech_driver.mech_driver [None req-501a496a-0938-4bf7-ab62-f161276a63e2 - - - - - -] OVN reports status up for port: 2dc6655f-d0c8-4339-bad3-b4cd1566f049
2026-05-12 17:38:13.568 10 INFO neutron.plugins.ml2.plugin [None req-501a496a-0938-4bf7-ab62-f161276a63e2 - - - - - -] Attempt 1 to provision port 2dc6655f-d0c8-4339-bad3-b4cd1566f049
2026-05-12 17:38:13.575 9 INFO neutron.wsgi [None req-a408ff8b-223d-4e2e-8c19-d1c279b97d64 a3c963cec92a49e49d3b16938df9dbf3 be0d6c1e66e94dd7b3388cb1d83dc57d - - - -] 10.0.0.117 "PUT /v2.0/routers/c8f12911-c4f6-4936-ae50-3c17f7cd34fe/remove_router_interface HTTP/1.1" status: 200 len: 503 time: 1.9131744
2026-05-12 17:38:13.577 10 INFO neutron.wsgi [req-db14edfc-a152-4f30-91dc-75906e6ff487 req-8c4650c5-e5ec-431e-ac7b-cb48194c104f 82a9e57fcb8547bd8bfe8c16d5e3e2da 8aeddd43cb6e4e32a38c24203e18ffc8 - - 4fda8fe893784c899a6c17a416dd77f1 4fda8fe893784c899a6c17a416dd77f1] 199.19.213.202 "GET /v2.0/networks/2a505145-79e1-45a6-8b65-c7ce1a1925c5?fields=segments HTTP/1.1" status: 200 len: 212 time: 0.0735292 /var/lib/openstack/lib/python3.10/site-packages/pycadf/identifier.py:71: UserWarning: Invalid uuid: neutron. To ensure interoperability, identifiers should be a valid uuid. warnings.warn(('Invalid uuid: %s. To ensure interoperability, '
2026-05-12 17:38:13.660 10 INFO neutron.wsgi [req-db14edfc-a152-4f30-91dc-75906e6ff487 req-e5994dab-14df-4239-9da2-162a8b4fa8d4 82a9e57fcb8547bd8bfe8c16d5e3e2da 8aeddd43cb6e4e32a38c24203e18ffc8 - - 4fda8fe893784c899a6c17a416dd77f1 4fda8fe893784c899a6c17a416dd77f1] 199.19.213.202 "GET /v2.0/networks/2a505145-79e1-45a6-8b65-c7ce1a1925c5?fields=provider%3Aphysical_network&fields=provider%3Anetwork_type HTTP/1.1" status: 200 len: 277 time: 0.0724845
2026-05-12 17:38:13.833 9 INFO neutron.wsgi [None req-896a25af-8b80-455e-99ae-59f8e25ae8bb a3c963cec92a49e49d3b16938df9dbf3 be0d6c1e66e94dd7b3388cb1d83dc57d - - - -] 10.0.0.117 "DELETE /v2.0/subnets/bed91523-7022-422a-b31d-aed88ab59b40 HTTP/1.1" status: 204 len: 168 time: 0.3730838
2026-05-12 17:38:13.870 10 INFO neutron.db.ovn_revision_numbers_db [None req-501a496a-0938-4bf7-ab62-f161276a63e2 - - - - - -] Successfully bumped revision number for resource 2dc6655f-d0c8-4339-bad3-b4cd1566f049 (type: ports) to 3
2026-05-12 17:38:14.059 10 INFO neutron.db.ovn_revision_numbers_db [None req-501a496a-0938-4bf7-ab62-f161276a63e2 - - - - - -] Successfully bumped revision number for resource 2dc6655f-d0c8-4339-bad3-b4cd1566f049 (type: router_ports) to 3
2026-05-12 17:38:14.177 10 INFO neutron.wsgi [req-9fa66161-4a40-46c7-ac84-ec64ede74908 req-d4e31b6d-9c06-40aa-9145-ec3c4448b949 810f1df991a94bb3bfbd7889b3e3ff63 b8f80b3af5e248289e11199c9de04fbd - - default default] 10.0.0.230 "GET /v2.0/ports?device_id=982fe517-0e90-4003-90b7-25491ec69338 HTTP/1.1" status: 200 len: 1172 time: 0.1281013
2026-05-12 17:38:14.241 9 INFO neutron.wsgi [None req-c7191167-9595-4958-a915-08132d2279f7 a3c963cec92a49e49d3b16938df9dbf3 be0d6c1e66e94dd7b3388cb1d83dc57d - - - -] 10.0.0.117 "DELETE /v2.0/routers/c8f12911-c4f6-4936-ae50-3c17f7cd34fe HTTP/1.1" status: 204 len: 168 time: 0.6550698
2026-05-12 17:38:14.245 10 INFO neutron.wsgi [req-9fa66161-4a40-46c7-ac84-ec64ede74908 req-c7985ca3-e8f3-4a54-a8ea-e3fd018fac22 810f1df991a94bb3bfbd7889b3e3ff63 b8f80b3af5e248289e11199c9de04fbd - - default default] 10.0.0.230 "GET /v2.0/security-groups?id=032294e7-2851-45a3-9cdd-34baf44a55a8&fields=id&fields=name HTTP/1.1" status: 200 len: 312 time: 0.0554996
2026-05-12 17:38:14.293 9 INFO neutron.wsgi [req-987bd8d5-786b-406e-b03a-8bfb1d8e42ba req-bf24f6ad-1ed5-47d3-b4c3-96ba0e0c7cc7 c90d80bd4fa24916af417e80dbcb4c19 5201597b11414bd68044127aedddd2a7 - - default default] 10.0.0.230 "GET /v2.0/ports?device_id=f27bed1a-8724-45ae-8a2c-baedac4c5d30 HTTP/1.1" status: 200 len: 1168 time: 0.0455334
2026-05-12 17:38:14.354 9 INFO neutron.wsgi [req-987bd8d5-786b-406e-b03a-8bfb1d8e42ba req-fa15f644-a5b4-40b3-a67d-a259fbc41dfa c90d80bd4fa24916af417e80dbcb4c19 5201597b11414bd68044127aedddd2a7 - - default default] 10.0.0.230 "GET /v2.0/security-groups?id=990eeb88-c04b-4f06-a6a3-bb58855feb8b&fields=id&fields=name HTTP/1.1" status: 200 len: 312 time: 0.0527256
2026-05-12 17:38:14.453 9 INFO neutron.wsgi [None req-7210abef-878b-4b06-a3fb-5dd822b4e81a a3c963cec92a49e49d3b16938df9dbf3 be0d6c1e66e94dd7b3388cb1d83dc57d - - - -] 10.0.0.117 "DELETE /v2.0/subnets/9a8dc2d9-f8a3-4a63-a64e-1f99ac4dc46a HTTP/1.1" status: 204 len: 168 time: 0.1960433
2026-05-12 17:38:14.521 10 INFO neutron.wsgi [None req-4489eba6-0afe-4da5-8599-15382bc33c24 a3c963cec92a49e49d3b16938df9dbf3 be0d6c1e66e94dd7b3388cb1d83dc57d - - - -] 10.0.0.117 "DELETE /v2.0/networks/58cfc4b4-a909-48f8-a9ee-149fb038016a HTTP/1.1" status: 204 len: 168 time: 0.6830153
2026-05-12 17:38:14.641 10 INFO neutron.wsgi [None req-76c38c58-3614-423e-b481-e10e4cdf9707 a3c963cec92a49e49d3b16938df9dbf3 be0d6c1e66e94dd7b3388cb1d83dc57d - - default default] 10.0.0.117 "GET /v2.0/security-groups?tenant_id=389d18fd5b04498e95f1808f47b8f3cd&name=default HTTP/1.1" status: 200 len: 2992 time: 0.0314093
2026-05-12 17:38:14.843 10 INFO neutron.wsgi [None req-167f75cd-9451-4420-bb77-958e4dbf5bdf a3c963cec92a49e49d3b16938df9dbf3 be0d6c1e66e94dd7b3388cb1d83dc57d - - - -] 10.0.0.117 "DELETE /v2.0/security-groups/d8b020cd-0e54-4037-ba63-2c6e1e5bcfa1 HTTP/1.1" status: 204 len: 168 time: 0.1973064
2026-05-12 17:38:14.852 10 INFO neutron.services.segments.plugin [-] Segment c0b916ff-9b9c-4d34-9230-5f11d706f233 resource provider aggregate not found
2026-05-12 17:38:14.859 10 INFO neutron.services.segments.plugin [-] Segment c0b916ff-9b9c-4d34-9230-5f11d706f233 resource provider aggregate not found
2026-05-12 17:38:14.879 10 INFO neutron.services.segments.plugin [-] Segment c0b916ff-9b9c-4d34-9230-5f11d706f233 resource provider not found; error: Placement Client Error (4xx): {"errors": [{"status": 404, "title": "Not Found", "detail": "The resource could not be found.\n\n No resource provider with uuid c0b916ff-9b9c-4d34-9230-5f11d706f233 found for delete ", "request_id": "req-db5dae47-69ce-40da-86d4-ec1fe4b4960e"}]}
2026-05-12 17:38:14.885 10 INFO neutron.services.segments.plugin [-] Segment c0b916ff-9b9c-4d34-9230-5f11d706f233 resource provider not found; error: Placement Client Error (4xx): {"errors": [{"status": 404, "title": "Not Found", "detail": "The resource could not be found.\n\n No resource provider with uuid c0b916ff-9b9c-4d34-9230-5f11d706f233 found for delete ", "request_id": "req-57def489-ee32-4ca5-b70e-76d8eed990a7"}]}
2026-05-12 17:38:14.890 9 INFO neutron.wsgi [None req-66751dcb-7490-499c-bff3-48405aa9f6cd a3c963cec92a49e49d3b16938df9dbf3 be0d6c1e66e94dd7b3388cb1d83dc57d - - - -] 10.0.0.117 "DELETE /v2.0/networks/6bd99619-8e40-4ef3-b063-c4ed398f9b26 HTTP/1.1" status: 204 len: 168 time: 0.4316916
2026-05-12 17:38:15.161 10 INFO neutron.wsgi [None req-c4e0ca16-7263-434c-92d1-e14fc34a3cb9 a3c963cec92a49e49d3b16938df9dbf3 be0d6c1e66e94dd7b3388cb1d83dc57d - - default default] 10.0.0.117 "GET /v2.0/security-groups?tenant_id=6ed5ca061d2a43dda4d205e31d40ed47&name=default HTTP/1.1" status: 200 len: 2992 time: 0.0291319
2026-05-12 17:38:15.312 9 INFO neutron.services.segments.plugin [-] Segment db88533f-0bb5-4f15-b873-a20021ef8c6c resource provider aggregate not found
2026-05-12 17:38:15.328 9 INFO neutron.services.segments.plugin [-] Segment db88533f-0bb5-4f15-b873-a20021ef8c6c resource provider not found; error: Placement Client Error (4xx): {"errors": [{"status": 404, "title": "Not Found", "detail": "The resource could not be found.\n\n No resource provider with uuid db88533f-0bb5-4f15-b873-a20021ef8c6c found for delete ", "request_id": "req-769636dd-e181-445f-98fa-3049a9f55064"}]}
2026-05-12 17:38:15.352 10 INFO neutron.wsgi [req-71a5cb4f-2b6b-4253-b9fb-61517e6194a9 req-621dfff3-3194-4fb5-b4b1-acfeeda8accf 810f1df991a94bb3bfbd7889b3e3ff63 b8f80b3af5e248289e11199c9de04fbd - - default default] 10.0.0.230 "GET /v2.0/ports?device_id=982fe517-0e90-4003-90b7-25491ec69338 HTTP/1.1" status: 200 len: 1172 time: 0.0462782
2026-05-12 17:38:15.386 10 INFO neutron.wsgi [None req-31b3d4e5-f066-4184-b40d-7af91aa14452 a3c963cec92a49e49d3b16938df9dbf3 be0d6c1e66e94dd7b3388cb1d83dc57d - - - -] 10.0.0.117 "DELETE /v2.0/security-groups/144d82d8-9959-4e61-b033-6f4394f4e1bc HTTP/1.1" status: 204 len: 168 time: 0.2196276
2026-05-12 17:38:15.407 9 INFO neutron.services.segments.plugin [-] Segment db88533f-0bb5-4f15-b873-a20021ef8c6c resource provider aggregate not found
2026-05-12 17:38:15.408 10 INFO neutron.wsgi [req-71a5cb4f-2b6b-4253-b9fb-61517e6194a9 req-232cd2ee-f91f-449f-9c69-7cff94ea781a 810f1df991a94bb3bfbd7889b3e3ff63 b8f80b3af5e248289e11199c9de04fbd - - default default] 10.0.0.230 "GET /v2.0/security-groups?id=032294e7-2851-45a3-9cdd-34baf44a55a8&fields=id&fields=name HTTP/1.1" status: 200 len: 312 time: 0.0458844
2026-05-12 17:38:15.432 9 INFO neutron.services.segments.plugin [-] Segment db88533f-0bb5-4f15-b873-a20021ef8c6c resource provider not found; error: Placement Client Error (4xx): {"errors": [{"status": 404, "title": "Not Found", "detail": "The resource could not be found.\n\n No resource provider with uuid db88533f-0bb5-4f15-b873-a20021ef8c6c found for delete ", "request_id": "req-36c7e622-fdab-4f31-bab8-a98757b5aeff"}]}
2026-05-12 17:38:15.461 9 INFO neutron.wsgi [req-2c836216-48c7-4968-9cf1-89db4763e3c8 req-518e322f-81a6-4e39-a127-c6a6a284ec15 c90d80bd4fa24916af417e80dbcb4c19 5201597b11414bd68044127aedddd2a7 - - default default] 10.0.0.230 "GET /v2.0/ports?device_id=f27bed1a-8724-45ae-8a2c-baedac4c5d30 HTTP/1.1" status: 200 len: 1168 time: 0.0403624
2026-05-12 17:38:15.501 9 INFO neutron.wsgi [req-2c836216-48c7-4968-9cf1-89db4763e3c8 req-c8fc15c0-4ab3-4fb3-a394-d30432899bc4 c90d80bd4fa24916af417e80dbcb4c19 5201597b11414bd68044127aedddd2a7 - - default default] 10.0.0.230 "GET /v2.0/security-groups?id=990eeb88-c04b-4f06-a6a3-bb58855feb8b&fields=id&fields=name HTTP/1.1" status: 200 len: 312 time: 0.0325217
2026-05-12 17:38:16.559 9 INFO neutron.wsgi [req-deabea9d-8979-46eb-96e0-eeb6af0931da req-26ea67e1-95e1-4166-9194-ac689befbdf8 810f1df991a94bb3bfbd7889b3e3ff63 b8f80b3af5e248289e11199c9de04fbd - - default default] 10.0.0.230 "GET /v2.0/ports?device_id=982fe517-0e90-4003-90b7-25491ec69338 HTTP/1.1" status: 200 len: 1172 time: 0.0838668
2026-05-12 17:38:16.594 9 INFO neutron.wsgi [req-deabea9d-8979-46eb-96e0-eeb6af0931da req-30fa1cb2-8ca6-4477-8b8f-75de82a56111 810f1df991a94bb3bfbd7889b3e3ff63 b8f80b3af5e248289e11199c9de04fbd - - default default] 10.0.0.230 "GET /v2.0/security-groups?id=032294e7-2851-45a3-9cdd-34baf44a55a8&fields=id&fields=name HTTP/1.1" status: 200 len: 312 time: 0.0298786
2026-05-12 17:38:16.694 10 INFO neutron.wsgi [req-953b003f-e9c6-4140-847f-299e6e14ee4f req-b88280fd-3de9-4a25-b83b-c9c5888b190c c90d80bd4fa24916af417e80dbcb4c19 5201597b11414bd68044127aedddd2a7 - - default default] 10.0.0.230 "GET /v2.0/ports?device_id=f27bed1a-8724-45ae-8a2c-baedac4c5d30 HTTP/1.1" status: 200 len: 1168 time: 0.0917351
2026-05-12 17:38:16.730 10 INFO neutron.wsgi [req-953b003f-e9c6-4140-847f-299e6e14ee4f req-988bfea5-407c-4200-9629-566c070752ca c90d80bd4fa24916af417e80dbcb4c19 5201597b11414bd68044127aedddd2a7 - - default default] 10.0.0.230 "GET /v2.0/security-groups?id=990eeb88-c04b-4f06-a6a3-bb58855feb8b&fields=id&fields=name HTTP/1.1" status: 200 len: 312 time: 0.0273619
2026-05-12 17:38:17.092 9 INFO neutron.wsgi [-] 10.0.0.211 "GET / HTTP/1.1" status: 200 len: 246 time: 0.0025983
2026-05-12 17:38:17.095 9 INFO neutron.wsgi [-] 10.0.0.211 "GET / HTTP/1.1" status: 200 len: 246 time: 0.0019219
2026-05-12 17:38:17.330 9 INFO neutron.db.ovn_revision_numbers_db [None req-c059f29e-ceae-46f0-a45d-aa65d04622e1 a3c963cec92a49e49d3b16938df9dbf3 be0d6c1e66e94dd7b3388cb1d83dc57d - - - -] Successfully bumped revision number for resource a352b7e7-e180-44c7-8a24-9f14b0523f49 (type: security_groups) to 1
2026-05-12 17:38:17.381 9 INFO neutron.db.segments_db [None req-c059f29e-ceae-46f0-a45d-aa65d04622e1 a3c963cec92a49e49d3b16938df9dbf3 be0d6c1e66e94dd7b3388cb1d83dc57d - - - -] Added segment 18bb6c26-d61d-47bd-8850-4365e90c341e of type geneve for network 5bee40ab-adef-47fa-bb3d-ac459e71bf9a
2026-05-12 17:38:17.512 9 INFO neutron.db.ovn_revision_numbers_db [None req-c059f29e-ceae-46f0-a45d-aa65d04622e1 a3c963cec92a49e49d3b16938df9dbf3 be0d6c1e66e94dd7b3388cb1d83dc57d - - - -] Successfully bumped revision number for resource 5bee40ab-adef-47fa-bb3d-ac459e71bf9a (type: networks) to 1
2026-05-12 17:38:17.684 9 WARNING neutron.scheduler.dhcp_agent_scheduler [None req-c059f29e-ceae-46f0-a45d-aa65d04622e1 a3c963cec92a49e49d3b16938df9dbf3 be0d6c1e66e94dd7b3388cb1d83dc57d - - - -] No more DHCP agents
2026-05-12 17:38:17.685 9 WARNING neutron.api.rpc.agentnotifiers.dhcp_rpc_agent_api [None req-c059f29e-ceae-46f0-a45d-aa65d04622e1 a3c963cec92a49e49d3b16938df9dbf3 be0d6c1e66e94dd7b3388cb1d83dc57d - - - -] Unable to schedule network 5bee40ab-adef-47fa-bb3d-ac459e71bf9a: no agents available; will retry on subsequent port and subnet creation events.
2026-05-12 17:38:17.715 10 INFO neutron.wsgi [req-d768bc7c-7677-4a5e-9a13-05443a8e506b req-9157b665-6a59-467f-bb70-251cfed94eab 810f1df991a94bb3bfbd7889b3e3ff63 b8f80b3af5e248289e11199c9de04fbd - - default default] 10.0.0.230 "GET /v2.0/ports?device_id=982fe517-0e90-4003-90b7-25491ec69338 HTTP/1.1" status: 200 len: 1172 time: 0.0386541
2026-05-12 17:38:17.746 9 INFO neutron.db.ovn_revision_numbers_db [None req-c059f29e-ceae-46f0-a45d-aa65d04622e1 a3c963cec92a49e49d3b16938df9dbf3 be0d6c1e66e94dd7b3388cb1d83dc57d - - - -] Successfully bumped revision number for resource f2a28201-10a4-45c8-8247-56dc76695133 (type: ports) to 1
2026-05-12 17:38:17.752 10 INFO neutron.wsgi [req-d768bc7c-7677-4a5e-9a13-05443a8e506b req-c5330d6a-b8c0-4739-87c6-f7a625c615b3 810f1df991a94bb3bfbd7889b3e3ff63 b8f80b3af5e248289e11199c9de04fbd - - default default] 10.0.0.230 "GET /v2.0/security-groups?id=032294e7-2851-45a3-9cdd-34baf44a55a8&fields=id&fields=name HTTP/1.1" status: 200 len: 312 time: 0.0295362
2026-05-12 17:38:17.765 9 INFO neutron.wsgi [None req-c059f29e-ceae-46f0-a45d-aa65d04622e1 a3c963cec92a49e49d3b16938df9dbf3 be0d6c1e66e94dd7b3388cb1d83dc57d - - - -] 10.0.0.117 "POST /v2.0/networks HTTP/1.1" status: 201 len: 950 time: 0.6267612
2026-05-12 17:38:17.834 9 INFO neutron.wsgi [req-6c6b2010-7bf6-43ef-a575-845e640f2858 req-a7c85058-ca53-4ceb-99c2-609dc11d7e77 c90d80bd4fa24916af417e80dbcb4c19 5201597b11414bd68044127aedddd2a7 - - default default] 10.0.0.230 "GET /v2.0/ports?device_id=f27bed1a-8724-45ae-8a2c-baedac4c5d30 HTTP/1.1" status: 200 len: 1168 time: 0.0444362
2026-05-12 17:38:17.874 9 INFO neutron.wsgi [req-6c6b2010-7bf6-43ef-a575-845e640f2858 req-fcc8e778-0ac2-4401-b5f7-913102adae57 c90d80bd4fa24916af417e80dbcb4c19 5201597b11414bd68044127aedddd2a7 - - default default] 10.0.0.230 "GET /v2.0/security-groups?id=990eeb88-c04b-4f06-a6a3-bb58855feb8b&fields=id&fields=name HTTP/1.1" status: 200 len: 312 time: 0.0328379
2026-05-12 17:38:17.874 10 INFO neutron.db.ovn_revision_numbers_db [None req-cef9462c-44c8-4978-be54-17738b8e6113 a3c963cec92a49e49d3b16938df9dbf3 be0d6c1e66e94dd7b3388cb1d83dc57d - - default default] Successfully bumped revision number for resource 3d092c35-4e41-487c-ab52-62908e7c0676 (type: security_groups) to 1
2026-05-12 17:38:17.903 10 INFO neutron.wsgi [None req-cef9462c-44c8-4978-be54-17738b8e6113 a3c963cec92a49e49d3b16938df9dbf3 be0d6c1e66e94dd7b3388cb1d83dc57d - - default default] 10.0.0.117 "GET /v2.0/security-groups?tenant_id=334fc91d8ecd4cd8a3518578404b16af&name=default HTTP/1.1" status: 200 len: 2996 time: 0.1863346
2026-05-12 17:38:17.944 9 WARNING neutron.scheduler.dhcp_agent_scheduler [None req-84b70980-e700-4f71-abc2-7e137cde6417 a3c963cec92a49e49d3b16938df9dbf3 be0d6c1e66e94dd7b3388cb1d83dc57d - - - -] No more DHCP agents
2026-05-12 17:38:17.947 9 WARNING neutron.api.rpc.agentnotifiers.dhcp_rpc_agent_api [None req-84b70980-e700-4f71-abc2-7e137cde6417 a3c963cec92a49e49d3b16938df9dbf3 be0d6c1e66e94dd7b3388cb1d83dc57d - - - -] Unable to schedule network 5bee40ab-adef-47fa-bb3d-ac459e71bf9a: no agents available; will retry on subsequent port and subnet creation events.
2026-05-12 17:38:18.133 9 INFO neutron.wsgi [None req-6e47a64a-cfb4-4309-beb9-6516f5c76935 a3c963cec92a49e49d3b16938df9dbf3 be0d6c1e66e94dd7b3388cb1d83dc57d - - - -] 10.0.0.117 "DELETE /v2.0/security-groups/3d092c35-4e41-487c-ab52-62908e7c0676 HTTP/1.1" status: 204 len: 168 time: 0.2228279
2026-05-12 17:38:18.327 9 INFO neutron.db.ovn_revision_numbers_db [None req-84b70980-e700-4f71-abc2-7e137cde6417 a3c963cec92a49e49d3b16938df9dbf3 be0d6c1e66e94dd7b3388cb1d83dc57d - - - -] Successfully bumped revision number for resource f2a28201-10a4-45c8-8247-56dc76695133 (type: ports) to 2
2026-05-12 17:38:18.344 9 INFO neutron.db.ovn_revision_numbers_db [None req-84b70980-e700-4f71-abc2-7e137cde6417 a3c963cec92a49e49d3b16938df9dbf3 be0d6c1e66e94dd7b3388cb1d83dc57d - - - -] Successfully bumped revision number for resource e2224fb7-4e6b-49cd-89e4-39ea6dcf6f7b (type: subnets) to 0
2026-05-12 17:38:18.365 9 INFO neutron.wsgi [None req-84b70980-e700-4f71-abc2-7e137cde6417 a3c963cec92a49e49d3b16938df9dbf3 be0d6c1e66e94dd7b3388cb1d83dc57d - - - -] 10.0.0.117 "POST /v2.0/subnets HTTP/1.1" status: 201 len: 870 time: 0.5954142
2026-05-12 17:38:18.876 10 INFO neutron.wsgi [req-1b729263-6e87-4b43-9b9b-6663b8f88492 req-74b974b6-e2cd-4a8a-94a8-6416f4b43de0 810f1df991a94bb3bfbd7889b3e3ff63 b8f80b3af5e248289e11199c9de04fbd - - default default] 10.0.0.230 "GET /v2.0/ports?device_id=982fe517-0e90-4003-90b7-25491ec69338 HTTP/1.1" status: 200 len: 1172 time: 0.0453858
2026-05-12 17:38:18.905 9 WARNING neutron.scheduler.dhcp_agent_scheduler [None req-bf2f1591-9aeb-46e6-9156-400428da47e2 a3c963cec92a49e49d3b16938df9dbf3 be0d6c1e66e94dd7b3388cb1d83dc57d - - - -] No more DHCP agents
2026-05-12 17:38:18.909 9 WARNING neutron.api.rpc.agentnotifiers.dhcp_rpc_agent_api [None req-bf2f1591-9aeb-46e6-9156-400428da47e2 a3c963cec92a49e49d3b16938df9dbf3 be0d6c1e66e94dd7b3388cb1d83dc57d - - - -] Unable to schedule network 6b5703c8-791d-46fc-980b-3fe18a6de094: no agents available; will retry on subsequent port and subnet creation events.
2026-05-12 17:38:18.911 10 INFO neutron.wsgi [req-1b729263-6e87-4b43-9b9b-6663b8f88492 req-ae711df1-ae0c-40b7-b964-befe3bf93157 810f1df991a94bb3bfbd7889b3e3ff63 b8f80b3af5e248289e11199c9de04fbd - - default default] 10.0.0.230 "GET /v2.0/security-groups?id=032294e7-2851-45a3-9cdd-34baf44a55a8&fields=id&fields=name HTTP/1.1" status: 200 len: 312 time: 0.0276961
2026-05-12 17:38:19.047 9 INFO neutron.wsgi [req-ed3fd37c-2825-4142-a6bd-a9ad46660b05 req-8596d8d1-3add-438e-ab04-115bd62dd310 c90d80bd4fa24916af417e80dbcb4c19 5201597b11414bd68044127aedddd2a7 - - default default] 10.0.0.230 "GET /v2.0/ports?device_id=f27bed1a-8724-45ae-8a2c-baedac4c5d30 HTTP/1.1" status: 200 len: 1168 time: 0.1185987
2026-05-12 17:38:19.100 9 INFO neutron.wsgi [req-ed3fd37c-2825-4142-a6bd-a9ad46660b05 req-31a4b3a9-10c8-45cc-956b-c2bd499e88f6 c90d80bd4fa24916af417e80dbcb4c19 5201597b11414bd68044127aedddd2a7 - - default default] 10.0.0.230 "GET /v2.0/security-groups?id=990eeb88-c04b-4f06-a6a3-bb58855feb8b&fields=id&fields=name HTTP/1.1" status: 200 len: 312 time: 0.0307248
2026-05-12 17:38:19.119 9 INFO neutron.db.ovn_revision_numbers_db [None req-bf2f1591-9aeb-46e6-9156-400428da47e2 a3c963cec92a49e49d3b16938df9dbf3 be0d6c1e66e94dd7b3388cb1d83dc57d - - - -] Successfully bumped revision number for resource ee46a552-a37b-438c-90d0-b0016a82cfb5 (type: ports) to 1
2026-05-12 17:38:19.293 10 WARNING neutron.plugins.ml2.drivers.ovn.mech_driver.ovsdb.ovn_client [None req-501a496a-0938-4bf7-ab62-f161276a63e2 - - - - - -] No hosting information found for port 2dc6655f-d0c8-4339-bad3-b4cd1566f049: RuntimeError: No hosting information found for port 2dc6655f-d0c8-4339-bad3-b4cd1566f049
2026-05-12 17:38:19.294 10 INFO neutron.plugins.ml2.drivers.ovn.mech_driver.mech_driver [None req-501a496a-0938-4bf7-ab62-f161276a63e2 - - - - - -] OVN reports status up for port: 1a5a8b86-aaeb-4c94-8037-f8f704edea03
2026-05-12 17:38:19.309 10 INFO neutron.plugins.ml2.drivers.ovn.mech_driver.mech_driver [None req-501a496a-0938-4bf7-ab62-f161276a63e2 - - - - - -] OVN reports status up for port: 9a293644-f910-4c89-92a2-e5960a0b41d1
2026-05-12 17:38:19.319 10 INFO neutron.plugins.ml2.plugin [None req-501a496a-0938-4bf7-ab62-f161276a63e2 - - - - - -] Attempt 1 to provision port 9a293644-f910-4c89-92a2-e5960a0b41d1
2026-05-12 17:38:19.413 10 INFO neutron.notifiers.nova [-] Nova event matching ['req-44ef35a0-19b1-4ba7-871b-8fc697b5f08e'] response: {'server_uuid': 'f27bed1a-8724-45ae-8a2c-baedac4c5d30', 'name': 'network-vif-plugged', 'status': 'completed', 'tag': '9a293644-f910-4c89-92a2-e5960a0b41d1', 'code': 200}
2026-05-12 17:38:19.566 10 INFO neutron.db.ovn_revision_numbers_db [None req-501a496a-0938-4bf7-ab62-f161276a63e2 - - - - - -] Successfully bumped revision number for resource 9a293644-f910-4c89-92a2-e5960a0b41d1 (type: ports) to 4
2026-05-12 17:38:19.636 10 INFO neutron.plugins.ml2.drivers.ovn.mech_driver.mech_driver [None req-501a496a-0938-4bf7-ab62-f161276a63e2 - - - - - -] OVN reports status up for port: 9efbfca2-833b-426d-a70f-fcacf885503e
2026-05-12 17:38:19.647 10 INFO neutron.plugins.ml2.plugin [None req-501a496a-0938-4bf7-ab62-f161276a63e2 - - - - - -] Attempt 1 to provision port 9efbfca2-833b-426d-a70f-fcacf885503e
2026-05-12 17:38:19.705 9 INFO neutron.db.ovn_revision_numbers_db [None req-bf2f1591-9aeb-46e6-9156-400428da47e2 a3c963cec92a49e49d3b16938df9dbf3 be0d6c1e66e94dd7b3388cb1d83dc57d - - - -] Successfully bumped revision number for resource ee46a552-a37b-438c-90d0-b0016a82cfb5 (type: router_ports) to 1
2026-05-12 17:38:19.708 10 INFO neutron.plugins.ml2.drivers.ovn.mech_driver.ovsdb.ovsdb_monitor [None req-1185c539-2e4b-43c9-8c0d-9b98c39fa577 - - - - - -] Router 76a51b2f-7218-4a2e-b764-55813379ec5d is bound to host instance
2026-05-12 17:38:19.770 9 INFO neutron.db.ovn_revision_numbers_db [None req-bf2f1591-9aeb-46e6-9156-400428da47e2 a3c963cec92a49e49d3b16938df9dbf3 be0d6c1e66e94dd7b3388cb1d83dc57d - - - -] Successfully bumped revision number for resource 76a51b2f-7218-4a2e-b764-55813379ec5d (type: routers) to 3
2026-05-12 17:38:19.783 9 INFO neutron.wsgi [None req-bf2f1591-9aeb-46e6-9156-400428da47e2 a3c963cec92a49e49d3b16938df9dbf3 be0d6c1e66e94dd7b3388cb1d83dc57d - - - -] 10.0.0.117 "POST /v2.0/routers HTTP/1.1" status: 201 len: 881 time: 1.4126534
2026-05-12 17:38:19.996 10 INFO neutron.db.ovn_revision_numbers_db [None req-501a496a-0938-4bf7-ab62-f161276a63e2 - - - - - -] Successfully bumped revision number for resource 9efbfca2-833b-426d-a70f-fcacf885503e (type: ports) to 4
2026-05-12 17:38:20.038 9 INFO neutron.wsgi [req-5791dc3a-004b-4299-97b4-478e9df1dfe7 req-08371942-5e78-4552-be4e-393198d82851 810f1df991a94bb3bfbd7889b3e3ff63 b8f80b3af5e248289e11199c9de04fbd - - default default] 10.0.0.230 "GET /v2.0/ports?device_id=982fe517-0e90-4003-90b7-25491ec69338 HTTP/1.1" status: 200 len: 1174 time: 0.0400412
2026-05-12 17:38:20.079 10 INFO neutron.plugins.ml2.drivers.ovn.mech_driver.mech_driver [None req-501a496a-0938-4bf7-ab62-f161276a63e2 - - - - - -] OVN reports status up for port: ee46a552-a37b-438c-90d0-b0016a82cfb5
2026-05-12 17:38:20.099 9 INFO neutron.wsgi [req-5791dc3a-004b-4299-97b4-478e9df1dfe7 req-8ebb6324-a7e1-4a54-ad12-99c6fb4c9f0d 810f1df991a94bb3bfbd7889b3e3ff63 b8f80b3af5e248289e11199c9de04fbd - - default default] 10.0.0.230 "GET /v2.0/security-groups?id=032294e7-2851-45a3-9cdd-34baf44a55a8&fields=id&fields=name HTTP/1.1" status: 200 len: 312 time: 0.0553198
2026-05-12 17:38:20.108 10 INFO neutron.plugins.ml2.plugin [None req-501a496a-0938-4bf7-ab62-f161276a63e2 - - - - - -] Attempt 1 to provision port ee46a552-a37b-438c-90d0-b0016a82cfb5 /var/lib/openstack/lib/python3.10/site-packages/pycadf/identifier.py:71: UserWarning: Invalid uuid: neutron. To ensure interoperability, identifiers should be a valid uuid. warnings.warn(('Invalid uuid: %s. To ensure interoperability, '
2026-05-12 17:38:20.206 10 INFO neutron.wsgi [req-27915b94-ea11-4ad0-8f33-953004112257 req-6413e546-14ee-41b4-857d-65ec83c6e8c0 c90d80bd4fa24916af417e80dbcb4c19 5201597b11414bd68044127aedddd2a7 - - default default] 10.0.0.230 "GET /v2.0/ports?device_id=f27bed1a-8724-45ae-8a2c-baedac4c5d30 HTTP/1.1" status: 200 len: 1170 time: 0.0424559
2026-05-12 17:38:20.247 10 INFO neutron.wsgi [req-27915b94-ea11-4ad0-8f33-953004112257 req-28b352ce-e605-4f94-8f3f-a5cc8b3bd284 c90d80bd4fa24916af417e80dbcb4c19 5201597b11414bd68044127aedddd2a7 - - default default] 10.0.0.230 "GET /v2.0/security-groups?id=990eeb88-c04b-4f06-a6a3-bb58855feb8b&fields=id&fields=name HTTP/1.1" status: 200 len: 312 time: 0.0331793
2026-05-12 17:38:20.248 9 WARNING neutron.scheduler.dhcp_agent_scheduler [None req-84e15be8-7b56-4459-b684-2bbac0d51a8d a3c963cec92a49e49d3b16938df9dbf3 be0d6c1e66e94dd7b3388cb1d83dc57d - - default default] No more DHCP agents
2026-05-12 17:38:20.250 9 WARNING neutron.api.rpc.agentnotifiers.dhcp_rpc_agent_api [None req-84e15be8-7b56-4459-b684-2bbac0d51a8d a3c963cec92a49e49d3b16938df9dbf3 be0d6c1e66e94dd7b3388cb1d83dc57d - - default default] Unable to schedule network 5bee40ab-adef-47fa-bb3d-ac459e71bf9a: no agents available; will retry on subsequent port and subnet creation events.
2026-05-12 17:38:20.335 10 INFO neutron.db.ovn_revision_numbers_db [None req-1185c539-2e4b-43c9-8c0d-9b98c39fa577 - - - - - -] Successfully bumped revision number for resource ee46a552-a37b-438c-90d0-b0016a82cfb5 (type: ports) to 1
2026-05-12 17:38:20.379 9 INFO neutron.wsgi [req-ccfb988f-c97c-4f1f-8fa0-12bff67bc049 req-605c113a-1455-47f9-b683-d5fff4d037ca c90d80bd4fa24916af417e80dbcb4c19 5201597b11414bd68044127aedddd2a7 - - default default] 10.0.0.230 "GET /v2.0/ports?device_id=f27bed1a-8724-45ae-8a2c-baedac4c5d30 HTTP/1.1" status: 200 len: 1170 time: 0.0500846
2026-05-12 17:38:20.413 9 INFO neutron.db.ovn_revision_numbers_db [None req-84e15be8-7b56-4459-b684-2bbac0d51a8d a3c963cec92a49e49d3b16938df9dbf3 be0d6c1e66e94dd7b3388cb1d83dc57d - - default default] Successfully bumped revision number for resource 9a268c51-1bbc-4198-a981-1c41998b3e51 (type: ports) to 1
2026-05-12 17:38:20.843 9 INFO neutron.db.ovn_revision_numbers_db [None req-84e15be8-7b56-4459-b684-2bbac0d51a8d a3c963cec92a49e49d3b16938df9dbf3 be0d6c1e66e94dd7b3388cb1d83dc57d - - default default] Successfully bumped revision number for resource 9a268c51-1bbc-4198-a981-1c41998b3e51 (type: router_ports) to 2
2026-05-12 17:38:20.851 10 INFO neutron.plugins.ml2.drivers.ovn.mech_driver.mech_driver [None req-501a496a-0938-4bf7-ab62-f161276a63e2 - - - - - -] OVN reports status up for port: 9a268c51-1bbc-4198-a981-1c41998b3e51
2026-05-12 17:38:20.869 10 INFO neutron.plugins.ml2.plugin [None req-501a496a-0938-4bf7-ab62-f161276a63e2 - - - - - -] Attempt 1 to provision port 9a268c51-1bbc-4198-a981-1c41998b3e51
2026-05-12 17:38:20.942 10 INFO neutron.db.ovn_revision_numbers_db [None req-1185c539-2e4b-43c9-8c0d-9b98c39fa577 - - - - - -] Successfully bumped revision number for resource ee46a552-a37b-438c-90d0-b0016a82cfb5 (type: router_ports) to 3
2026-05-12 17:38:20.944 10 INFO neutron.db.l3_db [None req-1f27d58a-d190-41b8-9a96-404b2134e8e3 c90d80bd4fa24916af417e80dbcb4c19 5201597b11414bd68044127aedddd2a7 - - - -] Floating IP 40a1efe2-9866-4fd8-9b96-00ba53d83d56 associated. External IP: 10.96.250.218, port: 9a293644-f910-4c89-92a2-e5960a0b41d1.
2026-05-12 17:38:21.011 9 INFO neutron.db.ovn_revision_numbers_db [None req-84e15be8-7b56-4459-b684-2bbac0d51a8d a3c963cec92a49e49d3b16938df9dbf3 be0d6c1e66e94dd7b3388cb1d83dc57d - - default default] Successfully bumped revision number for resource 9a268c51-1bbc-4198-a981-1c41998b3e51 (type: ports) to 2
2026-05-12 17:38:21.099 9 WARNING neutron.scheduler.dhcp_agent_scheduler [None req-84e15be8-7b56-4459-b684-2bbac0d51a8d a3c963cec92a49e49d3b16938df9dbf3 be0d6c1e66e94dd7b3388cb1d83dc57d - - default default] No more DHCP agents
2026-05-12 17:38:21.100 9 WARNING neutron.api.rpc.agentnotifiers.dhcp_rpc_agent_api [None req-84e15be8-7b56-4459-b684-2bbac0d51a8d a3c963cec92a49e49d3b16938df9dbf3 be0d6c1e66e94dd7b3388cb1d83dc57d - - default default] Unable to schedule network 5bee40ab-adef-47fa-bb3d-ac459e71bf9a: no agents available; will retry on subsequent port and subnet creation events.
2026-05-12 17:38:21.234 10 INFO neutron.db.ovn_revision_numbers_db [None req-1f27d58a-d190-41b8-9a96-404b2134e8e3 c90d80bd4fa24916af417e80dbcb4c19 5201597b11414bd68044127aedddd2a7 - - - -] Successfully bumped revision number for resource 40a1efe2-9866-4fd8-9b96-00ba53d83d56 (type: floatingips) to 1
2026-05-12 17:38:21.451 10 INFO neutron.db.ovn_revision_numbers_db [None req-1185c539-2e4b-43c9-8c0d-9b98c39fa577 - - - - - -] Successfully bumped revision number for resource ee46a552-a37b-438c-90d0-b0016a82cfb5 (type: ports) to 2
2026-05-12 17:38:21.512 10 INFO neutron.wsgi [req-4a7de3b3-4eff-4763-be79-2843d5c7a29f req-48167171-5cc9-49a0-ba46-6aba444e5d1c 810f1df991a94bb3bfbd7889b3e3ff63 b8f80b3af5e248289e11199c9de04fbd - - default default] 10.0.0.230 "GET /v2.0/ports?device_id=982fe517-0e90-4003-90b7-25491ec69338 HTTP/1.1" status: 200 len: 1174 time: 0.3349741
2026-05-12 17:38:21.525 10 INFO neutron.notifiers.nova [-] Nova event matching ['req-5e6c9e51-e6ef-4ec1-a829-5db3ce08db2d'] response: {'server_uuid': 'f27bed1a-8724-45ae-8a2c-baedac4c5d30', 'name': 'network-vif-plugged', 'status': 'completed', 'tag': '9a293644-f910-4c89-92a2-e5960a0b41d1', 'code': 200}
2026-05-12 17:38:21.525 10 INFO neutron.notifiers.nova [-] Nova event matching ['req-5e6c9e51-e6ef-4ec1-a829-5db3ce08db2d'] response: {'server_uuid': '982fe517-0e90-4003-90b7-25491ec69338', 'name': 'network-vif-plugged', 'status': 'completed', 'tag': '9efbfca2-833b-426d-a70f-fcacf885503e', 'code': 200}
2026-05-12 17:38:21.526 10 INFO neutron.notifiers.nova [-] Nova event matching ['req-5e6c9e51-e6ef-4ec1-a829-5db3ce08db2d'] response: {'server_uuid': '982fe517-0e90-4003-90b7-25491ec69338', 'name': 'network-vif-plugged', 'status': 'completed', 'tag': '9efbfca2-833b-426d-a70f-fcacf885503e', 'code': 200}
2026-05-12 17:38:21.556 10 INFO neutron.db.ovn_revision_numbers_db [None req-501a496a-0938-4bf7-ab62-f161276a63e2 - - - - - -] Successfully bumped revision number for resource 9a268c51-1bbc-4198-a981-1c41998b3e51 (type: ports) to 3
2026-05-12 17:38:21.584 10 INFO neutron.wsgi [req-4a7de3b3-4eff-4763-be79-2843d5c7a29f req-73ce6472-edd9-41b5-a3ba-6c0e1aa78131 810f1df991a94bb3bfbd7889b3e3ff63 b8f80b3af5e248289e11199c9de04fbd - - default default] 10.0.0.230 "GET /v2.0/security-groups?id=032294e7-2851-45a3-9cdd-34baf44a55a8&fields=id&fields=name HTTP/1.1" status: 200 len: 312 time: 0.0529540
2026-05-12 17:38:21.586 10 INFO neutron.db.ovn_revision_numbers_db [None req-1f27d58a-d190-41b8-9a96-404b2134e8e3 c90d80bd4fa24916af417e80dbcb4c19 5201597b11414bd68044127aedddd2a7 - - - -] Successfully bumped revision number for resource 40a1efe2-9866-4fd8-9b96-00ba53d83d56 (type: floatingips) to 2
2026-05-12 17:38:21.674 10 INFO neutron.wsgi [None req-1f27d58a-d190-41b8-9a96-404b2134e8e3 c90d80bd4fa24916af417e80dbcb4c19 5201597b11414bd68044127aedddd2a7 - - - -] 10.0.0.117 "PUT /v2.0/floatingips/40a1efe2-9866-4fd8-9b96-00ba53d83d56 HTTP/1.1" status: 200 len: 1049 time: 1.2818041 /var/lib/openstack/lib/python3.10/site-packages/pycadf/identifier.py:71: UserWarning: Invalid uuid: neutron. To ensure interoperability, identifiers should be a valid uuid. warnings.warn(('Invalid uuid: %s. To ensure interoperability, '
2026-05-12 17:38:21.752 9 INFO neutron.wsgi [req-e8f122e1-9e51-4e79-a5ff-1f4603dc0733 req-758cf8ef-6265-403e-9040-79e74994467d c90d80bd4fa24916af417e80dbcb4c19 5201597b11414bd68044127aedddd2a7 - - default default] 10.0.0.230 "GET /v2.0/ports?device_id=f27bed1a-8724-45ae-8a2c-baedac4c5d30 HTTP/1.1" status: 200 len: 1170 time: 0.0389726
2026-05-12 17:38:21.769 10 INFO neutron.db.ovn_revision_numbers_db [None req-501a496a-0938-4bf7-ab62-f161276a63e2 - - - - - -] Successfully bumped revision number for resource 9a268c51-1bbc-4198-a981-1c41998b3e51 (type: router_ports) to 3
2026-05-12 17:38:21.830 9 INFO neutron.wsgi [req-e8f122e1-9e51-4e79-a5ff-1f4603dc0733 req-e21d226a-f14b-477f-8e40-b0af6024cde3 c90d80bd4fa24916af417e80dbcb4c19 5201597b11414bd68044127aedddd2a7 - - default default] 10.0.0.230 "GET /v2.0/security-groups?id=990eeb88-c04b-4f06-a6a3-bb58855feb8b&fields=id&fields=name HTTP/1.1" status: 200 len: 312 time: 0.0579109
2026-05-12 17:38:21.854 10 INFO neutron.db.ovn_revision_numbers_db [None req-1185c539-2e4b-43c9-8c0d-9b98c39fa577 - - - - - -] Successfully bumped revision number for resource ee46a552-a37b-438c-90d0-b0016a82cfb5 (type: ports) to 4
2026-05-12 17:38:22.149 10 INFO neutron.db.ovn_revision_numbers_db [None req-1185c539-2e4b-43c9-8c0d-9b98c39fa577 - - - - - -] Successfully bumped revision number for resource ee46a552-a37b-438c-90d0-b0016a82cfb5 (type: router_ports) to 4
2026-05-12 17:38:22.150 9 INFO neutron.db.ovn_revision_numbers_db [None req-84e15be8-7b56-4459-b684-2bbac0d51a8d a3c963cec92a49e49d3b16938df9dbf3 be0d6c1e66e94dd7b3388cb1d83dc57d - - - -] Successfully bumped revision number for resource 9a268c51-1bbc-4198-a981-1c41998b3e51 (type: router_ports) to 3
2026-05-12 17:38:22.152 9 INFO neutron.wsgi [None req-84e15be8-7b56-4459-b684-2bbac0d51a8d a3c963cec92a49e49d3b16938df9dbf3 be0d6c1e66e94dd7b3388cb1d83dc57d - - - -] 10.0.0.117 "PUT /v2.0/routers/76a51b2f-7218-4a2e-b764-55813379ec5d/add_router_interface HTTP/1.1" status: 200 len: 503 time: 2.3640780
2026-05-12 17:38:22.344 10 INFO neutron.wsgi [req-911702b9-97e6-42c9-9487-440b1e60572c req-c1faccf7-2e83-40cd-8292-6571597b98c3 c90d80bd4fa24916af417e80dbcb4c19 5201597b11414bd68044127aedddd2a7 - - default default] 10.0.0.230 "GET /v2.0/ports?device_id=f27bed1a-8724-45ae-8a2c-baedac4c5d30 HTTP/1.1" status: 200 len: 1170 time: 0.0803306
2026-05-12 17:38:22.385 10 INFO neutron.wsgi [req-911702b9-97e6-42c9-9487-440b1e60572c req-e3d3cfc5-fe79-4e89-bf43-d382cfcf1849 c90d80bd4fa24916af417e80dbcb4c19 5201597b11414bd68044127aedddd2a7 - - default default] 10.0.0.230 "GET /v2.0/security-groups?id=990eeb88-c04b-4f06-a6a3-bb58855feb8b&fields=id&fields=name HTTP/1.1" status: 200 len: 312 time: 0.0322032
2026-05-12 17:38:22.625 10 INFO neutron.wsgi [req-39ee8214-1614-4d52-b2b6-8121773b35e6 req-e1636c16-450c-497b-8dda-9ef5a4225382 c90d80bd4fa24916af417e80dbcb4c19 5201597b11414bd68044127aedddd2a7 - - default default] 199.19.213.202 "GET /v2.0/ports?device_id=f27bed1a-8724-45ae-8a2c-baedac4c5d30 HTTP/1.1" status: 200 len: 1170 time: 0.0403183
2026-05-12 17:38:22.686 10 INFO neutron.wsgi [req-4bf02b16-9fa0-461e-828c-69af0d105dea req-cd27306c-6eb5-443c-b7c9-dc61798eb598 810f1df991a94bb3bfbd7889b3e3ff63 b8f80b3af5e248289e11199c9de04fbd - - default default] 10.0.0.230 "GET /v2.0/ports?device_id=982fe517-0e90-4003-90b7-25491ec69338 HTTP/1.1" status: 200 len: 1174 time: 0.0328248
2026-05-12 17:38:22.750 10 INFO neutron.wsgi [req-4bf02b16-9fa0-461e-828c-69af0d105dea req-3d719a6c-878f-4c5b-b39b-adae7055bf34 810f1df991a94bb3bfbd7889b3e3ff63 b8f80b3af5e248289e11199c9de04fbd - - default default] 10.0.0.230 "GET /v2.0/security-groups?id=032294e7-2851-45a3-9cdd-34baf44a55a8&fields=id&fields=name HTTP/1.1" status: 200 len: 312 time: 0.0481105
2026-05-12 17:38:22.901 9 INFO neutron.db.ovn_revision_numbers_db [None req-90b6b9a4-17cc-4948-8157-dd05a86af68e a3c963cec92a49e49d3b16938df9dbf3 be0d6c1e66e94dd7b3388cb1d83dc57d - - default default] Successfully bumped revision number for resource 653aa354-93e1-4aa3-b97b-677e92d5f7ab (type: security_groups) to 1
2026-05-12 17:38:22.907 9 INFO neutron.db.ovn_revision_numbers_db [None req-171ad829-5e91-44c3-9c73-ed7ca9c78cf4 09060594b15144a09d6e8a0a707dfe95 2beb01133fe74b84acad97ebce4c0368 - - - -] Successfully bumped revision number for resource 2dedb1bd-5949-46df-b71e-a109106c5ac7 (type: security_groups) to 1
2026-05-12 17:38:22.927 9 INFO neutron.wsgi [req-774929b7-3478-49be-a504-dbf97adbbd19 req-1d5a0282-9f4a-4400-a129-e6f927c78495 810f1df991a94bb3bfbd7889b3e3ff63 b8f80b3af5e248289e11199c9de04fbd - - default default] 10.0.0.230 "GET /v2.0/ports?device_id=982fe517-0e90-4003-90b7-25491ec69338 HTTP/1.1" status: 200 len: 1174 time: 0.1062791
2026-05-12 17:38:22.931 9 INFO neutron.wsgi [None req-171ad829-5e91-44c3-9c73-ed7ca9c78cf4 09060594b15144a09d6e8a0a707dfe95 2beb01133fe74b84acad97ebce4c0368 - - - -] 10.0.0.117 "POST /v2.0/security-groups HTTP/1.1" status: 201 len: 1795 time: 0.1703107
2026-05-12 17:38:22.935 9 INFO neutron.wsgi [None req-90b6b9a4-17cc-4948-8157-dd05a86af68e a3c963cec92a49e49d3b16938df9dbf3 be0d6c1e66e94dd7b3388cb1d83dc57d - - default default] 10.0.0.117 "GET /v2.0/security-groups?tenant_id=f8d02d31ae2c43dc832d39d405113b6c&name=default HTTP/1.1" status: 200 len: 2996 time: 0.3034291
2026-05-12 17:38:23.067 10 INFO neutron.db.l3_db [None req-6cc4dce2-c754-4b1b-9082-dabec623cda6 c90d80bd4fa24916af417e80dbcb4c19 5201597b11414bd68044127aedddd2a7 - - - -] Floating IP 40a1efe2-9866-4fd8-9b96-00ba53d83d56 disassociated. External IP: 10.96.250.218, port: 9a293644-f910-4c89-92a2-e5960a0b41d1.
2026-05-12 17:38:23.204 10 INFO neutron.wsgi [None req-082e8cba-c8cc-4c43-b047-544f2cc850b5 a3c963cec92a49e49d3b16938df9dbf3 be0d6c1e66e94dd7b3388cb1d83dc57d - - - -] 10.0.0.117 "DELETE /v2.0/security-groups/653aa354-93e1-4aa3-b97b-677e92d5f7ab HTTP/1.1" status: 204 len: 168 time: 0.2636433
2026-05-12 17:38:23.209 9 INFO neutron.db.ovn_revision_numbers_db [None req-811020fc-bfed-4d29-861b-6dc5061cf6e8 09060594b15144a09d6e8a0a707dfe95 2beb01133fe74b84acad97ebce4c0368 - - - -] Successfully bumped revision number for resource 81684410-4807-421e-a1f7-7a5e14c45eb6 (type: security_group_rules) to 0
2026-05-12 17:38:23.256 10 INFO neutron.wsgi [None req-6cc4dce2-c754-4b1b-9082-dabec623cda6 c90d80bd4fa24916af417e80dbcb4c19 5201597b11414bd68044127aedddd2a7 - - - -] 199.19.213.202 "DELETE /v2.0/ports/9a293644-f910-4c89-92a2-e5960a0b41d1 HTTP/1.1" status: 204 len: 173 time: 0.6271238
2026-05-12 17:38:23.262 9 INFO neutron.wsgi [None req-811020fc-bfed-4d29-861b-6dc5061cf6e8 09060594b15144a09d6e8a0a707dfe95 2beb01133fe74b84acad97ebce4c0368 - - - -] 10.0.0.117 "POST /v2.0/security-group-rules HTTP/1.1" status: 201 len: 764 time: 0.3142769 /var/lib/openstack/lib/python3.10/site-packages/pycadf/identifier.py:71: UserWarning: Invalid uuid: neutron. To ensure interoperability, identifiers should be a valid uuid. warnings.warn(('Invalid uuid: %s. To ensure interoperability, '
2026-05-12 17:38:23.301 9 INFO neutron.db.l3_db [None req-0f6c2220-e192-4ce9-9c89-2574b603f016 810f1df991a94bb3bfbd7889b3e3ff63 b8f80b3af5e248289e11199c9de04fbd - - - -] Floating IP 80b815d6-7f33-4c1f-acc3-bc2f1502cafe associated. External IP: 10.96.250.208, port: 9efbfca2-833b-426d-a70f-fcacf885503e.
2026-05-12 17:38:23.391 10 INFO neutron.db.ovn_revision_numbers_db [None req-b08f1e4d-0ed4-4fdf-b515-7f786a2be2e2 a3c963cec92a49e49d3b16938df9dbf3 be0d6c1e66e94dd7b3388cb1d83dc57d - - default default] Successfully bumped revision number for resource 1e83914e-9fb2-4dac-b7ad-50b094af9f0e (type: security_groups) to 1
2026-05-12 17:38:23.416 10 INFO neutron.wsgi [None req-b08f1e4d-0ed4-4fdf-b515-7f786a2be2e2 a3c963cec92a49e49d3b16938df9dbf3 be0d6c1e66e94dd7b3388cb1d83dc57d - - default default] 10.0.0.117 "GET /v2.0/security-groups?tenant_id=8c6441df3f66493d9c7718ce4d864a8c&name=default HTTP/1.1" status: 200 len: 2996 time: 0.1293542
2026-05-12 17:38:23.498 10 INFO neutron.wsgi [req-f605830f-db8b-46b3-9f63-558b1e9f0851 req-ad4aba0a-f082-43c4-be78-2f9f5ce37407 c90d80bd4fa24916af417e80dbcb4c19 5201597b11414bd68044127aedddd2a7 - - default default] 10.0.0.230 "GET /v2.0/ports?device_id=f27bed1a-8724-45ae-8a2c-baedac4c5d30 HTTP/1.1" status: 200 len: 210 time: 0.0342681
2026-05-12 17:38:23.561 10 INFO neutron.notifiers.nova [-] Nova event matching ['req-4aa9258a-4461-4566-bbd3-2bca9d6f2867'] response: {'name': 'network-changed', 'server_uuid': 'f27bed1a-8724-45ae-8a2c-baedac4c5d30', 'tag': '9a293644-f910-4c89-92a2-e5960a0b41d1', 'status': 'completed', 'code': 200}
2026-05-12 17:38:23.561 10 INFO neutron.notifiers.nova [-] Nova event matching ['req-4aa9258a-4461-4566-bbd3-2bca9d6f2867'] response: {'server_uuid': 'f27bed1a-8724-45ae-8a2c-baedac4c5d30', 'name': 'network-vif-deleted', 'tag': '9a293644-f910-4c89-92a2-e5960a0b41d1', 'status': 'completed', 'code': 200}
2026-05-12 17:38:23.605 10 INFO neutron.wsgi [req-fb5bf690-0261-4973-b091-a10fd8904f5c req-b5e50d4f-1383-4038-b5a2-6fc583014e03 82a9e57fcb8547bd8bfe8c16d5e3e2da 8aeddd43cb6e4e32a38c24203e18ffc8 - - 4fda8fe893784c899a6c17a416dd77f1 4fda8fe893784c899a6c17a416dd77f1] 199.19.213.202 "GET /v2.0/ports?tenant_id=5201597b11414bd68044127aedddd2a7&device_id=f27bed1a-8724-45ae-8a2c-baedac4c5d30 HTTP/1.1" status: 200 len: 210 time: 0.0305362
2026-05-12 17:38:23.614 9 INFO neutron.db.ovn_revision_numbers_db [None req-809f940b-b1bc-4a73-be1c-8a047f8d21c1 09060594b15144a09d6e8a0a707dfe95 2beb01133fe74b84acad97ebce4c0368 - - - -] Successfully bumped revision number for resource c213d614-82cb-4da3-8e01-145175e931d2 (type: security_group_rules) to 0
2026-05-12 17:38:23.650 9 INFO neutron.wsgi [None req-809f940b-b1bc-4a73-be1c-8a047f8d21c1 09060594b15144a09d6e8a0a707dfe95 2beb01133fe74b84acad97ebce4c0368 - - - -] 10.0.0.117 "POST /v2.0/security-group-rules HTTP/1.1" status: 201 len: 769 time: 0.3829122
2026-05-12 17:38:23.680 9 INFO neutron.db.ovn_revision_numbers_db [None req-0f6c2220-e192-4ce9-9c89-2574b603f016 810f1df991a94bb3bfbd7889b3e3ff63 b8f80b3af5e248289e11199c9de04fbd - - - -] Successfully bumped revision number for resource 80b815d6-7f33-4c1f-acc3-bc2f1502cafe (type: floatingips) to 1
2026-05-12 17:38:23.765 9 INFO neutron.db.ovn_revision_numbers_db [None req-0f6c2220-e192-4ce9-9c89-2574b603f016 810f1df991a94bb3bfbd7889b3e3ff63 b8f80b3af5e248289e11199c9de04fbd - - - -] Successfully bumped revision number for resource 80b815d6-7f33-4c1f-acc3-bc2f1502cafe (type: floatingips) to 2
2026-05-12 17:38:23.788 9 INFO neutron.wsgi [None req-0f6c2220-e192-4ce9-9c89-2574b603f016 810f1df991a94bb3bfbd7889b3e3ff63 b8f80b3af5e248289e11199c9de04fbd - - - -] 10.0.0.117 "PUT /v2.0/floatingips/80b815d6-7f33-4c1f-acc3-bc2f1502cafe HTTP/1.1" status: 200 len: 1050 time: 0.8476601
2026-05-12 17:38:23.825 9 INFO neutron.notifiers.nova [-] Nova event matching ['req-b157d6a5-7559-4b19-99a2-f0c04e465d05'] response: {'name': 'network-changed', 'server_uuid': '982fe517-0e90-4003-90b7-25491ec69338', 'tag': '9efbfca2-833b-426d-a70f-fcacf885503e', 'status': 'completed', 'code': 200}
2026-05-12 17:38:23.869 9 INFO neutron.wsgi [req-04b377a8-0d54-47de-8f31-606f97fd1d4b req-cb624af0-61c9-46e8-baa5-300a604dda44 82a9e57fcb8547bd8bfe8c16d5e3e2da 8aeddd43cb6e4e32a38c24203e18ffc8 - - 4fda8fe893784c899a6c17a416dd77f1 4fda8fe893784c899a6c17a416dd77f1] 199.19.213.202 "GET /v2.0/ports?tenant_id=b8f80b3af5e248289e11199c9de04fbd&device_id=982fe517-0e90-4003-90b7-25491ec69338 HTTP/1.1" status: 200 len: 1365 time: 0.0280194
2026-05-12 17:38:23.910 10 INFO neutron.wsgi [req-fb5bf690-0261-4973-b091-a10fd8904f5c req-4371f3b3-3947-45c5-b08f-f1405b8b20d3 82a9e57fcb8547bd8bfe8c16d5e3e2da 8aeddd43cb6e4e32a38c24203e18ffc8 - - 4fda8fe893784c899a6c17a416dd77f1 4fda8fe893784c899a6c17a416dd77f1] 199.19.213.202 "GET /v2.0/networks?tenant_id=5201597b11414bd68044127aedddd2a7&shared=False HTTP/1.1" status: 200 len: 967 time: 0.2996869
