2026-05-12 17:40:46.067 10 INFO neutron.wsgi [None req-2df05572-e593-4d67-9801-fdb96f8bc0cc 51a59e07acd44d39929a5e76d28d6245 22cae20cfa0043e6817e214f2c384b97 - - - -] 10.0.0.117 "DELETE /v2.0/ports/be4e97c1-1629-4426-a8ba-e08289d71df0/tags/green HTTP/1.1" status: 404 len: 299 time: 0.0655818
2026-05-12 17:40:46.117 9 INFO neutron.wsgi [None req-8387db44-df9c-4231-aae2-18299f952231 e8b92b372ffb4f16b4d41d699c2e1b20 a4b261579cca42b1895350696ed939a1 - - default default] 10.0.0.117 "GET /v2.0/routers HTTP/1.1" status: 200 len: 872 time: 0.1162183
2026-05-12 17:40:46.126 10 INFO neutron.wsgi [None req-2b554463-659b-4e80-8a3f-09d553c5ec39 51a59e07acd44d39929a5e76d28d6245 22cae20cfa0043e6817e214f2c384b97 - - - -] 10.0.0.117 "DELETE /v2.0/ports/be4e97c1-1629-4426-a8ba-e08289d71df0/tags HTTP/1.1" status: 204 len: 168 time: 0.0531516
2026-05-12 17:40:46.157 9 INFO neutron.wsgi [None req-a11e2701-a65a-4d01-8ff7-87065378aac2 51a59e07acd44d39929a5e76d28d6245 22cae20cfa0043e6817e214f2c384b97 - - default default] 10.0.0.117 "GET /v2.0/ports/be4e97c1-1629-4426-a8ba-e08289d71df0/tags HTTP/1.1" status: 200 len: 205 time: 0.0271759
2026-05-12 17:40:46.434 10 INFO neutron.wsgi [None req-c7beef0f-5df7-4871-a201-61391f895912 a3c963cec92a49e49d3b16938df9dbf3 be0d6c1e66e94dd7b3388cb1d83dc57d - - default default] 10.0.0.117 "GET /v2.0/security-groups?tenant_id=b10b9c93eba9425b865c9b607d80816a&name=default HTTP/1.1" status: 200 len: 2996 time: 0.2359459
2026-05-12 17:40:46.538 10 INFO neutron.wsgi [None req-c8195e80-0ff3-482c-9c2a-ba7a377e9f79 51a59e07acd44d39929a5e76d28d6245 22cae20cfa0043e6817e214f2c384b97 - - - -] 10.0.0.117 "DELETE /v2.0/ports/be4e97c1-1629-4426-a8ba-e08289d71df0 HTTP/1.1" status: 204 len: 168 time: 0.3673854
2026-05-12 17:40:46.676 10 INFO neutron.db.ovn_revision_numbers_db [None req-e763d4f3-f83d-4d63-86e2-5fec882072e3 e8b92b372ffb4f16b4d41d699c2e1b20 a4b261579cca42b1895350696ed939a1 - - - -] Successfully bumped revision number for resource bad6a457-9695-4d0a-befd-8801984297e3 (type: routers) to 4
2026-05-12 17:40:46.680 10 INFO neutron.wsgi [None req-e763d4f3-f83d-4d63-86e2-5fec882072e3 e8b92b372ffb4f16b4d41d699c2e1b20 a4b261579cca42b1895350696ed939a1 - - - -] 10.0.0.117 "PUT /v2.0/routers/bad6a457-9695-4d0a-befd-8801984297e3 HTTP/1.1" status: 200 len: 876 time: 0.5581446
2026-05-12 17:40:46.695 9 INFO neutron.wsgi [None req-798a663a-b724-428c-9c0d-5dc949047786 a3c963cec92a49e49d3b16938df9dbf3 be0d6c1e66e94dd7b3388cb1d83dc57d - - - -] 10.0.0.117 "DELETE /v2.0/security-groups/40ced64c-d0d4-4f8f-816c-ae441b159aec HTTP/1.1" status: 204 len: 168 time: 0.2517612
2026-05-12 17:40:46.945 9 INFO neutron.wsgi [None req-1c15bb37-871b-4a50-9e2c-c2999d37572d 51a59e07acd44d39929a5e76d28d6245 22cae20cfa0043e6817e214f2c384b97 - - - -] 10.0.0.117 "DELETE /v2.0/networks/dfd465ca-2d4f-4041-be41-1843cd8e9dd3 HTTP/1.1" status: 204 len: 168 time: 0.4016457
2026-05-12 17:40:46.991 9 INFO neutron.db.ovn_revision_numbers_db [None req-a6c59ea9-254c-41aa-9ee6-f7a7e4a326f5 a3c963cec92a49e49d3b16938df9dbf3 be0d6c1e66e94dd7b3388cb1d83dc57d - - default default] Successfully bumped revision number for resource 8f984e63-9aac-4b6d-9277-369c219ebcf6 (type: security_groups) to 1
2026-05-12 17:40:47.023 9 INFO neutron.wsgi [None req-a6c59ea9-254c-41aa-9ee6-f7a7e4a326f5 a3c963cec92a49e49d3b16938df9dbf3 be0d6c1e66e94dd7b3388cb1d83dc57d - - default default] 10.0.0.117 "GET /v2.0/security-groups?tenant_id=c898cd6a64834b11b16f3dc04fc3179e&name=default HTTP/1.1" status: 200 len: 2996 time: 0.2072303
2026-05-12 17:40:47.047 10 INFO neutron.wsgi [None req-172285d1-04b1-444b-99be-35cb2d16612a e8b92b372ffb4f16b4d41d699c2e1b20 a4b261579cca42b1895350696ed939a1 - - default default] 10.0.0.117 "GET /v2.0/routers/bad6a457-9695-4d0a-befd-8801984297e3 HTTP/1.1" status: 200 len: 876 time: 0.3627872
2026-05-12 17:40:47.076 10 INFO neutron.wsgi [None req-39fdcd6f-9d85-47d4-8d01-720cf41866b0 e8b92b372ffb4f16b4d41d699c2e1b20 a4b261579cca42b1895350696ed939a1 - - default default] 10.0.0.117 "GET /v2.0/ports?device_id=bad6a457-9695-4d0a-befd-8801984297e3 HTTP/1.1" status: 200 len: 205 time: 0.0227351
2026-05-12 17:40:47.092 9 INFO neutron.wsgi [-] 10.0.0.211 "GET / HTTP/1.1" status: 200 len: 246 time: 0.0018108
2026-05-12 17:40:47.094 9 INFO neutron.wsgi [-] 10.0.0.211 "GET / HTTP/1.1" status: 200 len: 246 time: 0.0010369
2026-05-12 17:40:47.235 9 INFO neutron.wsgi [None req-d7c6d839-7734-4cf9-8860-6c3bbdf81b9e a3c963cec92a49e49d3b16938df9dbf3 be0d6c1e66e94dd7b3388cb1d83dc57d - - - -] 10.0.0.117 "DELETE /v2.0/security-groups/8f984e63-9aac-4b6d-9277-369c219ebcf6 HTTP/1.1" status: 204 len: 168 time: 0.2050393
2026-05-12 17:40:47.414 9 INFO neutron.services.segments.plugin [-] Segment b1387a98-d79b-48ba-a77c-1cdd67124f29 resource provider aggregate not found
2026-05-12 17:40:47.422 9 INFO neutron.services.segments.plugin [-] Segment b1387a98-d79b-48ba-a77c-1cdd67124f29 resource provider aggregate not found
2026-05-12 17:40:47.455 9 INFO neutron.services.segments.plugin [-] Segment b1387a98-d79b-48ba-a77c-1cdd67124f29 resource provider not found; error: Placement Client Error (4xx): {"errors": [{"status": 404, "title": "Not Found", "detail": "The resource could not be found.\n\n No resource provider with uuid b1387a98-d79b-48ba-a77c-1cdd67124f29 found for delete ", "request_id": "req-8ed8c80d-8518-4867-a0eb-8cae05ffef40"}]}
2026-05-12 17:40:47.456 9 INFO neutron.services.segments.plugin [-] Segment b1387a98-d79b-48ba-a77c-1cdd67124f29 resource provider not found; error: Placement Client Error (4xx): {"errors": [{"status": 404, "title": "Not Found", "detail": "The resource could not be found.\n\n No resource provider with uuid b1387a98-d79b-48ba-a77c-1cdd67124f29 found for delete ", "request_id": "req-726955fd-c985-4254-8e2a-d8951cc2daec"}]}
2026-05-12 17:40:47.728 10 INFO neutron.wsgi [None req-e68705c7-4482-4ce9-8502-ac4ae4d86777 e8b92b372ffb4f16b4d41d699c2e1b20 a4b261579cca42b1895350696ed939a1 - - - -] 10.0.0.117 "DELETE /v2.0/routers/bad6a457-9695-4d0a-befd-8801984297e3 HTTP/1.1" status: 204 len: 168 time: 0.6430066
2026-05-12 17:40:47.754 10 INFO neutron.wsgi [None req-54aa9d89-1b6e-48fc-8863-6cc354bb7b16 e8b92b372ffb4f16b4d41d699c2e1b20 a4b261579cca42b1895350696ed939a1 - - default default] 10.0.0.117 "GET /v2.0/ports?device_id=bad6a457-9695-4d0a-befd-8801984297e3 HTTP/1.1" status: 200 len: 205 time: 0.0210118
2026-05-12 17:40:47.787 10 INFO neutron.api.v2.resource [None req-dc18f80f-f4ef-4c0a-a420-4fb13fa97e2c e8b92b372ffb4f16b4d41d699c2e1b20 a4b261579cca42b1895350696ed939a1 - - - -] delete failed (client error): The resource could not be found.
2026-05-12 17:40:47.788 10 INFO neutron.wsgi [None req-dc18f80f-f4ef-4c0a-a420-4fb13fa97e2c e8b92b372ffb4f16b4d41d699c2e1b20 a4b261579cca42b1895350696ed939a1 - - - -] 10.0.0.117 "DELETE /v2.0/routers/bad6a457-9695-4d0a-befd-8801984297e3 HTTP/1.1" status: 404 len: 336 time: 0.0282192
2026-05-12 17:40:47.814 10 INFO neutron.wsgi [None req-b184dd5b-0c6b-4f85-bd75-f4b57780ec98 e8b92b372ffb4f16b4d41d699c2e1b20 a4b261579cca42b1895350696ed939a1 - - default default] 10.0.0.117 "GET /v2.0/ports?device_id=e5a3e3e5-16ee-4662-89b8-371780f8cd43 HTTP/1.1" status: 200 len: 205 time: 0.0202999
2026-05-12 17:40:47.842 10 INFO neutron.api.v2.resource [None req-38c78d3c-1ea7-4c73-bb7d-38d534788391 e8b92b372ffb4f16b4d41d699c2e1b20 a4b261579cca42b1895350696ed939a1 - - - -] delete failed (client error): The resource could not be found.
2026-05-12 17:40:47.843 10 INFO neutron.wsgi [None req-38c78d3c-1ea7-4c73-bb7d-38d534788391 e8b92b372ffb4f16b4d41d699c2e1b20 a4b261579cca42b1895350696ed939a1 - - - -] 10.0.0.117 "DELETE /v2.0/routers/e5a3e3e5-16ee-4662-89b8-371780f8cd43 HTTP/1.1" status: 404 len: 336 time: 0.0252588
2026-05-12 17:40:47.871 9 INFO neutron.pecan_wsgi.hooks.translation [None req-2fe5445b-afc4-48fd-a2a8-93ede94ea0e5 e8b92b372ffb4f16b4d41d699c2e1b20 a4b261579cca42b1895350696ed939a1 - - - -] DELETE failed (client error): The resource could not be found.
2026-05-12 17:40:47.873 9 INFO neutron.wsgi [None req-2fe5445b-afc4-48fd-a2a8-93ede94ea0e5 e8b92b372ffb4f16b4d41d699c2e1b20 a4b261579cca42b1895350696ed939a1 - - - -] 10.0.0.117 "DELETE /v2.0/subnets/381d8120-7977-462c-b282-fac427cbdde6 HTTP/1.1" status: 404 len: 337 time: 0.0233512
2026-05-12 17:40:47.906 10 INFO neutron.wsgi [None req-e7fb9ea0-b004-4ac7-99b2-7820814ed757 e8b92b372ffb4f16b4d41d699c2e1b20 a4b261579cca42b1895350696ed939a1 - - default default] 10.0.0.117 "GET /v2.0/ports?device_id=14878f3e-5e5b-493c-b6a3-8e170c60f90c HTTP/1.1" status: 200 len: 205 time: 0.0264542
2026-05-12 17:40:47.934 9 INFO neutron.api.v2.resource [None req-3c31d453-ba85-4455-a73e-e379707409b7 e8b92b372ffb4f16b4d41d699c2e1b20 a4b261579cca42b1895350696ed939a1 - - - -] delete failed (client error): The resource could not be found.
2026-05-12 17:40:47.935 9 INFO neutron.wsgi [None req-3c31d453-ba85-4455-a73e-e379707409b7 e8b92b372ffb4f16b4d41d699c2e1b20 a4b261579cca42b1895350696ed939a1 - - - -] 10.0.0.117 "DELETE /v2.0/routers/14878f3e-5e5b-493c-b6a3-8e170c60f90c HTTP/1.1" status: 404 len: 336 time: 0.0250399
2026-05-12 17:40:47.944 9 INFO neutron.db.ovn_revision_numbers_db [None req-f4e0586e-884d-4b5c-842f-7cd82b20dab0 a3c963cec92a49e49d3b16938df9dbf3 be0d6c1e66e94dd7b3388cb1d83dc57d - - default default] Successfully bumped revision number for resource 3b381058-0e30-49d5-ab0b-9b5aaee64456 (type: security_groups) to 1
2026-05-12 17:40:47.959 9 INFO neutron.pecan_wsgi.hooks.translation [None req-c9ccc0aa-bc5b-4585-a34a-7316b93aabfc e8b92b372ffb4f16b4d41d699c2e1b20 a4b261579cca42b1895350696ed939a1 - - - -] DELETE failed (client error): The resource could not be found.
2026-05-12 17:40:47.961 9 INFO neutron.wsgi [None req-c9ccc0aa-bc5b-4585-a34a-7316b93aabfc e8b92b372ffb4f16b4d41d699c2e1b20 a4b261579cca42b1895350696ed939a1 - - - -] 10.0.0.117 "DELETE /v2.0/subnets/41bbe1a1-1c5a-4de1-a50f-c5fbdf3866bb HTTP/1.1" status: 404 len: 337 time: 0.0225301
2026-05-12 17:40:47.971 9 INFO neutron.wsgi [None req-f4e0586e-884d-4b5c-842f-7cd82b20dab0 a3c963cec92a49e49d3b16938df9dbf3 be0d6c1e66e94dd7b3388cb1d83dc57d - - default default] 10.0.0.117 "GET /v2.0/security-groups?tenant_id=8855037d08664178b76bbf4dd2d6bab7&name=default HTTP/1.1" status: 200 len: 2996 time: 0.2992876
2026-05-12 17:40:47.991 10 INFO neutron.wsgi [None req-1a095838-5b43-438d-b076-63bbf2a4cac8 e8b92b372ffb4f16b4d41d699c2e1b20 a4b261579cca42b1895350696ed939a1 - - default default] 10.0.0.117 "GET /v2.0/ports?device_id=94df0414-517b-4faa-a7dd-84f3bc7082f2 HTTP/1.1" status: 200 len: 205 time: 0.0260065
2026-05-12 17:40:48.020 10 INFO neutron.api.v2.resource [None req-c0c6ad8a-d783-4e79-b2dc-ac648662483d e8b92b372ffb4f16b4d41d699c2e1b20 a4b261579cca42b1895350696ed939a1 - - - -] delete failed (client error): The resource could not be found.
2026-05-12 17:40:48.022 10 INFO neutron.wsgi [None req-c0c6ad8a-d783-4e79-b2dc-ac648662483d e8b92b372ffb4f16b4d41d699c2e1b20 a4b261579cca42b1895350696ed939a1 - - - -] 10.0.0.117 "DELETE /v2.0/routers/94df0414-517b-4faa-a7dd-84f3bc7082f2 HTTP/1.1" status: 404 len: 336 time: 0.0275781
2026-05-12 17:40:48.044 9 INFO neutron.pecan_wsgi.hooks.translation [None req-e5e0b222-0ee3-41eb-9167-e709f8160f61 e8b92b372ffb4f16b4d41d699c2e1b20 a4b261579cca42b1895350696ed939a1 - - - -] DELETE failed (client error): The resource could not be found.
2026-05-12 17:40:48.047 9 INFO neutron.wsgi [None req-e5e0b222-0ee3-41eb-9167-e709f8160f61 e8b92b372ffb4f16b4d41d699c2e1b20 a4b261579cca42b1895350696ed939a1 - - - -] 10.0.0.117 "DELETE /v2.0/subnets/df528762-6be9-48a5-ba24-6420767ac95a HTTP/1.1" status: 404 len: 337 time: 0.0210123
2026-05-12 17:40:48.070 10 INFO neutron.pecan_wsgi.hooks.translation [None req-c5b784bc-3d5a-41a5-b493-1b5ed2808f8e e8b92b372ffb4f16b4d41d699c2e1b20 a4b261579cca42b1895350696ed939a1 - - - -] DELETE failed (client error): The resource could not be found.
2026-05-12 17:40:48.072 10 INFO neutron.wsgi [None req-c5b784bc-3d5a-41a5-b493-1b5ed2808f8e e8b92b372ffb4f16b4d41d699c2e1b20 a4b261579cca42b1895350696ed939a1 - - - -] 10.0.0.117 "DELETE /v2.0/subnets/666e5048-7b13-4627-9e0d-40bec39f8502 HTTP/1.1" status: 404 len: 337 time: 0.0201516
2026-05-12 17:40:48.178 10 INFO neutron.wsgi [None req-23f9209d-49e0-4cd7-b542-25299b44cca9 a3c963cec92a49e49d3b16938df9dbf3 be0d6c1e66e94dd7b3388cb1d83dc57d - - - -] 10.0.0.117 "DELETE /v2.0/security-groups/3b381058-0e30-49d5-ab0b-9b5aaee64456 HTTP/1.1" status: 204 len: 168 time: 0.2009714
2026-05-12 17:40:48.351 9 INFO neutron.wsgi [None req-8a980860-ec02-4941-912c-107d9f7e2932 a3c963cec92a49e49d3b16938df9dbf3 be0d6c1e66e94dd7b3388cb1d83dc57d - - default default] 10.0.0.117 "GET /v2.0/security-groups?tenant_id=22cae20cfa0043e6817e214f2c384b97&name=default HTTP/1.1" status: 200 len: 2996 time: 0.0370269
2026-05-12 17:40:48.530 9 INFO neutron.wsgi [None req-c9ca88ae-8fe2-4361-9063-85a1859e8d77 a3c963cec92a49e49d3b16938df9dbf3 be0d6c1e66e94dd7b3388cb1d83dc57d - - - -] 10.0.0.117 "DELETE /v2.0/security-groups/7bbacadb-c194-46fb-96d1-6c5424ca43c1 HTTP/1.1" status: 204 len: 168 time: 0.1730697
2026-05-12 17:40:48.807 9 INFO neutron.wsgi [None req-01f92192-f7c6-43eb-8d63-af26a1c5963d a3c963cec92a49e49d3b16938df9dbf3 be0d6c1e66e94dd7b3388cb1d83dc57d - - default default] 10.0.0.117 "GET /v2.0/security-groups?tenant_id=a4b261579cca42b1895350696ed939a1&name=default HTTP/1.1" status: 200 len: 2996 time: 0.2481718
2026-05-12 17:40:49.043 10 INFO neutron.wsgi [None req-47298951-0d7e-4526-b0f0-8849f96fa20b a3c963cec92a49e49d3b16938df9dbf3 be0d6c1e66e94dd7b3388cb1d83dc57d - - - -] 10.0.0.117 "DELETE /v2.0/security-groups/d6daca95-20f4-49c0-9522-84f174d7e6a2 HTTP/1.1" status: 204 len: 168 time: 0.2225757
2026-05-12 17:40:51.079 10 INFO neutron.db.ovn_revision_numbers_db [None req-b8bfb018-fad7-4758-b5e1-e0a2da669d9b 2acae3cd5e5e42e28ebb44b10aaa1560 3c50030a97254999aed85ed2c1e41957 - - - -] Successfully bumped revision number for resource 8986f5d6-458d-4b7d-a4e7-fd9e2323c39e (type: security_groups) to 1
2026-05-12 17:40:51.147 10 INFO neutron.db.ovn_revision_numbers_db [None req-b8bfb018-fad7-4758-b5e1-e0a2da669d9b 2acae3cd5e5e42e28ebb44b10aaa1560 3c50030a97254999aed85ed2c1e41957 - - - -] Successfully bumped revision number for resource 4e3111ac-6eeb-405f-a0e9-f4ec5894f42f (type: security_groups) to 1
2026-05-12 17:40:51.169 10 INFO neutron.wsgi [None req-b8bfb018-fad7-4758-b5e1-e0a2da669d9b 2acae3cd5e5e42e28ebb44b10aaa1560 3c50030a97254999aed85ed2c1e41957 - - - -] 10.0.0.117 "POST /v2.0/security-groups HTTP/1.1" status: 201 len: 1760 time: 0.3704724
2026-05-12 17:40:51.200 9 WARNING neutron.plugins.ml2.drivers.ovn.mech_driver.ovsdb.ovn_client [None req-a5edc48e-2038-4080-898e-79bda5234fe6 - - - - - -] No port found with ID 567ae398-0514-4dbb-9c2d-107de566888d: RuntimeError: No port found with ID 567ae398-0514-4dbb-9c2d-107de566888d
2026-05-12 17:40:51.215 10 INFO neutron.wsgi [None req-df8a63fd-b004-4655-8e8b-77ef3166107e 2acae3cd5e5e42e28ebb44b10aaa1560 3c50030a97254999aed85ed2c1e41957 - - default default] 10.0.0.117 "GET /v2.0/security-groups HTTP/1.1" status: 200 len: 4538 time: 0.0391278
2026-05-12 17:40:51.292 10 INFO neutron.db.ovn_revision_numbers_db [None req-33302660-79c5-4fd3-a8d6-7dc44a13436d 2acae3cd5e5e42e28ebb44b10aaa1560 3c50030a97254999aed85ed2c1e41957 - - - -] Successfully bumped revision number for resource 4e3111ac-6eeb-405f-a0e9-f4ec5894f42f (type: security_groups) to 2
2026-05-12 17:40:51.295 10 INFO neutron.wsgi [None req-33302660-79c5-4fd3-a8d6-7dc44a13436d 2acae3cd5e5e42e28ebb44b10aaa1560 3c50030a97254999aed85ed2c1e41957 - - - -] 10.0.0.117 "PUT /v2.0/security-groups/4e3111ac-6eeb-405f-a0e9-f4ec5894f42f HTTP/1.1" status: 200 len: 1793 time: 0.0749292
2026-05-12 17:40:51.346 9 INFO neutron.wsgi [None req-5dd399d4-5030-4526-9804-affd46b76889 2acae3cd5e5e42e28ebb44b10aaa1560 3c50030a97254999aed85ed2c1e41957 - - default default] 10.0.0.117 "GET /v2.0/security-groups/4e3111ac-6eeb-405f-a0e9-f4ec5894f42f HTTP/1.1" status: 200 len: 1793 time: 0.0438852
2026-05-12 17:40:51.502 9 INFO neutron.wsgi [None req-2b46e6e0-79ec-4c69-8d29-fe93181425e2 2acae3cd5e5e42e28ebb44b10aaa1560 3c50030a97254999aed85ed2c1e41957 - - - -] 10.0.0.117 "DELETE /v2.0/security-groups/4e3111ac-6eeb-405f-a0e9-f4ec5894f42f HTTP/1.1" status: 204 len: 168 time: 0.1508989
2026-05-12 17:40:51.544 10 INFO neutron.wsgi [None req-7de6a5a8-8197-4023-846b-7a44a188e67c 2acae3cd5e5e42e28ebb44b10aaa1560 3c50030a97254999aed85ed2c1e41957 - - default default] 10.0.0.117 "GET /v2.0/security-groups HTTP/1.1" status: 200 len: 2996 time: 0.0370123
2026-05-12 17:40:51.560 10 INFO neutron.api.v2.resource [None req-417f17fc-2856-4f25-b075-a69540ec2d73 2acae3cd5e5e42e28ebb44b10aaa1560 3c50030a97254999aed85ed2c1e41957 - - - -] delete failed (client error): The resource could not be found.
2026-05-12 17:40:51.561 10 INFO neutron.wsgi [None req-417f17fc-2856-4f25-b075-a69540ec2d73 2acae3cd5e5e42e28ebb44b10aaa1560 3c50030a97254999aed85ed2c1e41957 - - - -] 10.0.0.117 "DELETE /v2.0/security-groups/4e3111ac-6eeb-405f-a0e9-f4ec5894f42f HTTP/1.1" status: 404 len: 347 time: 0.0118065
2026-05-12 17:40:51.667 9 INFO neutron.db.ovn_revision_numbers_db [None req-e87ab84e-be58-4b52-8df6-48c4ec9d7d34 2acae3cd5e5e42e28ebb44b10aaa1560 3c50030a97254999aed85ed2c1e41957 - - - -] Successfully bumped revision number for resource 1b6c49b2-7725-4168-a7e9-3956120b94f7 (type: security_groups) to 1
2026-05-12 17:40:51.690 9 INFO neutron.wsgi [None req-e87ab84e-be58-4b52-8df6-48c4ec9d7d34 2acae3cd5e5e42e28ebb44b10aaa1560 3c50030a97254999aed85ed2c1e41957 - - - -] 10.0.0.117 "POST /v2.0/security-groups HTTP/1.1" status: 201 len: 1761 time: 0.1207438
2026-05-12 17:40:51.814 10 INFO neutron.db.ovn_revision_numbers_db [None req-10555dd1-4c36-4951-861c-ed1a3dcd2a0d 2acae3cd5e5e42e28ebb44b10aaa1560 3c50030a97254999aed85ed2c1e41957 - - - -] Successfully bumped revision number for resource 38c473e5-28f8-4833-9165-4d8e8f560c6a (type: security_group_rules) to 0
2026-05-12 17:40:51.836 10 INFO neutron.wsgi [None req-10555dd1-4c36-4951-861c-ed1a3dcd2a0d 2acae3cd5e5e42e28ebb44b10aaa1560 3c50030a97254999aed85ed2c1e41957 - - - -] 10.0.0.117 "POST /v2.0/security-group-rules HTTP/1.1" status: 201 len: 768 time: 0.1413622
2026-05-12 17:40:51.859 10 INFO neutron.wsgi [None req-6958fb80-3ebc-4d2d-b493-93195911e2b6 2acae3cd5e5e42e28ebb44b10aaa1560 3c50030a97254999aed85ed2c1e41957 - - default default] 10.0.0.117 "GET /v2.0/security-group-rules/38c473e5-28f8-4833-9165-4d8e8f560c6a HTTP/1.1" status: 200 len: 763 time: 0.0179389
2026-05-12 17:40:51.896 10 INFO neutron.wsgi [None req-4d6a3b2b-6175-4b6b-ad81-d252cbbe1406 2acae3cd5e5e42e28ebb44b10aaa1560 3c50030a97254999aed85ed2c1e41957 - - default default] 10.0.0.117 "GET /v2.0/security-group-rules HTTP/1.1" status: 200 len: 4113 time: 0.0317531
2026-05-12 17:40:51.996 10 INFO neutron.wsgi [None req-5f1e60df-a984-4f42-90ed-5636f7e35822 2acae3cd5e5e42e28ebb44b10aaa1560 3c50030a97254999aed85ed2c1e41957 - - - -] 10.0.0.117 "DELETE /v2.0/security-group-rules/38c473e5-28f8-4833-9165-4d8e8f560c6a HTTP/1.1" status: 204 len: 168 time: 0.0959454
2026-05-12 17:40:52.030 10 INFO neutron.wsgi [None req-bd68e43c-75f9-4e82-a4c2-d718add88629 2acae3cd5e5e42e28ebb44b10aaa1560 3c50030a97254999aed85ed2c1e41957 - - default default] 10.0.0.117 "GET /v2.0/security-group-rules HTTP/1.1" status: 200 len: 3567 time: 0.0288353
2026-05-12 17:40:52.147 10 INFO neutron.db.ovn_revision_numbers_db [None req-0d14df3e-fef1-4ef6-ad77-7554cfc4a0f1 2acae3cd5e5e42e28ebb44b10aaa1560 3c50030a97254999aed85ed2c1e41957 - - - -] Successfully bumped revision number for resource 5e4fc814-e561-45ef-865a-edd1d48e5763 (type: security_group_rules) to 0
2026-05-12 17:40:52.173 10 INFO neutron.wsgi [None req-0d14df3e-fef1-4ef6-ad77-7554cfc4a0f1 2acae3cd5e5e42e28ebb44b10aaa1560 3c50030a97254999aed85ed2c1e41957 - - - -] 10.0.0.117 "POST /v2.0/security-group-rules HTTP/1.1" status: 201 len: 768 time: 0.1375916
2026-05-12 17:40:52.193 10 INFO neutron.wsgi [None req-0df7c695-0b3c-4cad-a82a-d2f5bdaf4a1b 2acae3cd5e5e42e28ebb44b10aaa1560 3c50030a97254999aed85ed2c1e41957 - - default default] 10.0.0.117 "GET /v2.0/security-group-rules/5e4fc814-e561-45ef-865a-edd1d48e5763 HTTP/1.1" status: 200 len: 763 time: 0.0150802
2026-05-12 17:40:52.227 10 INFO neutron.wsgi [None req-7783702e-74d6-483f-b20a-dc1451d3efac 2acae3cd5e5e42e28ebb44b10aaa1560 3c50030a97254999aed85ed2c1e41957 - - default default] 10.0.0.117 "GET /v2.0/security-group-rules HTTP/1.1" status: 200 len: 4113 time: 0.0289495
2026-05-12 17:40:52.322 10 INFO neutron.wsgi [None req-c8c1ba6f-45a1-4b4c-80b2-92a647f5ab12 2acae3cd5e5e42e28ebb44b10aaa1560 3c50030a97254999aed85ed2c1e41957 - - - -] 10.0.0.117 "DELETE /v2.0/security-group-rules/5e4fc814-e561-45ef-865a-edd1d48e5763 HTTP/1.1" status: 204 len: 168 time: 0.0905991
2026-05-12 17:40:52.356 10 INFO neutron.wsgi [None req-a29f82d7-52b6-43a2-88b2-c2b82cf97662 2acae3cd5e5e42e28ebb44b10aaa1560 3c50030a97254999aed85ed2c1e41957 - - default default] 10.0.0.117 "GET /v2.0/security-group-rules HTTP/1.1" status: 200 len: 3567 time: 0.0304041
2026-05-12 17:40:52.383 10 INFO neutron.db.securitygroups_db [None req-09b2463c-f60a-4da6-bad8-f34938b3d6b0 2acae3cd5e5e42e28ebb44b10aaa1560 3c50030a97254999aed85ed2c1e41957 - - - -] Project 3c50030a97254999aed85ed2c1e41957 added a security group rule with legacy IPv6 ICMP protocol name icmp, ipv6-icmp should be used instead. It was automatically converted.
2026-05-12 17:40:52.464 10 INFO neutron.db.ovn_revision_numbers_db [None req-09b2463c-f60a-4da6-bad8-f34938b3d6b0 2acae3cd5e5e42e28ebb44b10aaa1560 3c50030a97254999aed85ed2c1e41957 - - - -] Successfully bumped revision number for resource 9b388f2f-3d7a-4eb3-895e-538b033dc4cd (type: security_group_rules) to 0
2026-05-12 17:40:52.486 10 INFO neutron.wsgi [None req-09b2463c-f60a-4da6-bad8-f34938b3d6b0 2acae3cd5e5e42e28ebb44b10aaa1560 3c50030a97254999aed85ed2c1e41957 - - - -] 10.0.0.117 "POST /v2.0/security-group-rules HTTP/1.1" status: 201 len: 774 time: 0.1238594
2026-05-12 17:40:52.504 10 INFO neutron.wsgi [None req-f7ba5844-5aa1-4131-afaf-1599593d2cc8 2acae3cd5e5e42e28ebb44b10aaa1560 3c50030a97254999aed85ed2c1e41957 - - default default] 10.0.0.117 "GET /v2.0/security-group-rules/9b388f2f-3d7a-4eb3-895e-538b033dc4cd HTTP/1.1" status: 200 len: 769 time: 0.0134070
2026-05-12 17:40:52.538 10 INFO neutron.wsgi [None req-97123d03-958c-40cd-8b15-5028e41faff7 2acae3cd5e5e42e28ebb44b10aaa1560 3c50030a97254999aed85ed2c1e41957 - - default default] 10.0.0.117 "GET /v2.0/security-group-rules HTTP/1.1" status: 200 len: 4119 time: 0.0282714
2026-05-12 17:40:52.643 10 INFO neutron.wsgi [None req-c1637b4c-8428-4a5c-85e5-0f8382e8cd76 2acae3cd5e5e42e28ebb44b10aaa1560 3c50030a97254999aed85ed2c1e41957 - - - -] 10.0.0.117 "DELETE /v2.0/security-group-rules/9b388f2f-3d7a-4eb3-895e-538b033dc4cd HTTP/1.1" status: 204 len: 168 time: 0.1012855
2026-05-12 17:40:52.677 10 INFO neutron.wsgi [None req-4c71ac19-1bdd-4bec-9b82-f69e55d03e28 2acae3cd5e5e42e28ebb44b10aaa1560 3c50030a97254999aed85ed2c1e41957 - - default default] 10.0.0.117 "GET /v2.0/security-group-rules HTTP/1.1" status: 200 len: 3567 time: 0.0267587
2026-05-12 17:40:52.814 9 INFO neutron.wsgi [None req-47d46cf9-b03e-40a8-8287-3545e7680d95 2acae3cd5e5e42e28ebb44b10aaa1560 3c50030a97254999aed85ed2c1e41957 - - - -] 10.0.0.117 "DELETE /v2.0/security-groups/1b6c49b2-7725-4168-a7e9-3956120b94f7 HTTP/1.1" status: 204 len: 168 time: 0.1286986
2026-05-12 17:40:52.856 9 INFO neutron.wsgi [None req-60e6c90f-1186-49d2-af99-2d53fe3125b4 2acae3cd5e5e42e28ebb44b10aaa1560 3c50030a97254999aed85ed2c1e41957 - - default default] 10.0.0.117 "GET /v2.0/security-groups HTTP/1.1" status: 200 len: 2996 time: 0.0362649
2026-05-12 17:40:52.889 9 INFO neutron.wsgi [None req-25ca6a17-9179-4cd7-ac91-bebe7b33607a 2acae3cd5e5e42e28ebb44b10aaa1560 3c50030a97254999aed85ed2c1e41957 - - default default] 10.0.0.117 "GET /v2.0/security-groups HTTP/1.1" status: 200 len: 2996 time: 0.0281653
2026-05-12 17:40:53.522 10 INFO neutron.wsgi [None req-115ebd29-50b5-472b-82d9-04009ced8d38 a3c963cec92a49e49d3b16938df9dbf3 be0d6c1e66e94dd7b3388cb1d83dc57d - - default default] 10.0.0.117 "GET /v2.0/security-groups?tenant_id=3c50030a97254999aed85ed2c1e41957&name=default HTTP/1.1" status: 200 len: 2996 time: 0.1318755
2026-05-12 17:40:53.701 10 INFO neutron.wsgi [None req-0c19918f-c77b-4570-a321-28af0844da9f a3c963cec92a49e49d3b16938df9dbf3 be0d6c1e66e94dd7b3388cb1d83dc57d - - - -] 10.0.0.117 "DELETE /v2.0/security-groups/8986f5d6-458d-4b7d-a4e7-fd9e2323c39e HTTP/1.1" status: 204 len: 168 time: 0.1747072
2026-05-12 17:40:55.642 10 INFO neutron.db.ovn_revision_numbers_db [None req-dcff8118-370a-4541-9136-111a44f967fe ba66a237b1434a7e9d657d37455e4d35 055a7390854840329d06df2f31892992 - - - -] Successfully bumped revision number for resource 4bd4f81d-affd-4b0f-a23d-ea1fcdd5e15c (type: security_groups) to 1
2026-05-12 17:40:55.704 10 INFO neutron.db.ovn_revision_numbers_db [None req-dcff8118-370a-4541-9136-111a44f967fe ba66a237b1434a7e9d657d37455e4d35 055a7390854840329d06df2f31892992 - - - -] Successfully bumped revision number for resource bd491e42-09fc-4d87-8a4d-223a81f30984 (type: security_groups) to 1
2026-05-12 17:40:55.724 10 INFO neutron.wsgi [None req-dcff8118-370a-4541-9136-111a44f967fe ba66a237b1434a7e9d657d37455e4d35 055a7390854840329d06df2f31892992 - - - -] 10.0.0.117 "POST /v2.0/security-groups HTTP/1.1" status: 201 len: 1760 time: 0.3500423
2026-05-12 17:40:55.770 10 INFO neutron.wsgi [None req-872411fc-4731-430c-aaee-f379422738fd ba66a237b1434a7e9d657d37455e4d35 055a7390854840329d06df2f31892992 - - default default] 10.0.0.117 "GET /v2.0/security-groups HTTP/1.1" status: 200 len: 4538 time: 0.0430214
2026-05-12 17:40:55.841 10 INFO neutron.db.ovn_revision_numbers_db [None req-817f1cd8-29e1-4992-8994-46038f287047 ba66a237b1434a7e9d657d37455e4d35 055a7390854840329d06df2f31892992 - - - -] Successfully bumped revision number for resource bd491e42-09fc-4d87-8a4d-223a81f30984 (type: security_groups) to 2
2026-05-12 17:40:55.844 10 INFO neutron.wsgi [None req-817f1cd8-29e1-4992-8994-46038f287047 ba66a237b1434a7e9d657d37455e4d35 055a7390854840329d06df2f31892992 - - - -] 10.0.0.117 "PUT /v2.0/security-groups/bd491e42-09fc-4d87-8a4d-223a81f30984 HTTP/1.1" status: 200 len: 1792 time: 0.0686989
2026-05-12 17:40:55.883 10 INFO neutron.wsgi [None req-fc83d279-5431-45e4-8e52-2297069a2edf ba66a237b1434a7e9d657d37455e4d35 055a7390854840329d06df2f31892992 - - default default] 10.0.0.117 "GET /v2.0/security-groups/bd491e42-09fc-4d87-8a4d-223a81f30984 HTTP/1.1" status: 200 len: 1792 time: 0.0313318
2026-05-12 17:40:55.964 9 INFO neutron.db.ovn_revision_numbers_db [None req-e9cee0a4-a642-429f-bb6d-09403c25c015 a3c963cec92a49e49d3b16938df9dbf3 be0d6c1e66e94dd7b3388cb1d83dc57d - - default default] Successfully bumped revision number for resource ab9917d1-6965-402a-af84-16e93ebdbe60 (type: security_groups) to 1
2026-05-12 17:40:55.986 9 INFO neutron.wsgi [None req-e9cee0a4-a642-429f-bb6d-09403c25c015 a3c963cec92a49e49d3b16938df9dbf3 be0d6c1e66e94dd7b3388cb1d83dc57d - - default default] 10.0.0.117 "GET /v2.0/security-groups?tenant_id=eb451f06988f404aaf93cd0f547a31fe&name=default HTTP/1.1" status: 200 len: 2996 time: 0.2955999
2026-05-12 17:40:56.019 10 INFO neutron.wsgi [None req-3454bc5e-c145-45ad-bb18-90ab104a9476 ba66a237b1434a7e9d657d37455e4d35 055a7390854840329d06df2f31892992 - - - -] 10.0.0.117 "DELETE /v2.0/security-groups/bd491e42-09fc-4d87-8a4d-223a81f30984 HTTP/1.1" status: 204 len: 168 time: 0.1314120
2026-05-12 17:40:56.058 10 INFO neutron.wsgi [None req-ba69dcbc-3fcc-45de-88a0-9426ec5ff457 ba66a237b1434a7e9d657d37455e4d35 055a7390854840329d06df2f31892992 - - default default] 10.0.0.117 "GET /v2.0/security-groups HTTP/1.1" status: 200 len: 2996 time: 0.0321620
2026-05-12 17:40:56.080 10 INFO neutron.api.v2.resource [None req-723ebb31-b310-4634-aff4-849bdb4d1d32 ba66a237b1434a7e9d657d37455e4d35 055a7390854840329d06df2f31892992 - - - -] delete failed (client error): The resource could not be found.
2026-05-12 17:40:56.082 10 INFO neutron.wsgi [None req-723ebb31-b310-4634-aff4-849bdb4d1d32 ba66a237b1434a7e9d657d37455e4d35 055a7390854840329d06df2f31892992 - - - -] 10.0.0.117 "DELETE /v2.0/security-groups/bd491e42-09fc-4d87-8a4d-223a81f30984 HTTP/1.1" status: 404 len: 347 time: 0.0184345
2026-05-12 17:40:56.196 9 INFO neutron.wsgi [None req-a9cc717a-62bd-4cd7-b126-737aad88209d a3c963cec92a49e49d3b16938df9dbf3 be0d6c1e66e94dd7b3388cb1d83dc57d - - - -] 10.0.0.117 "DELETE /v2.0/security-groups/ab9917d1-6965-402a-af84-16e93ebdbe60 HTTP/1.1" status: 204 len: 168 time: 0.2049942
2026-05-12 17:40:56.196 9 INFO neutron.db.ovn_revision_numbers_db [None req-71057b9d-af20-47df-8f76-da5f8a135255 ba66a237b1434a7e9d657d37455e4d35 055a7390854840329d06df2f31892992 - - - -] Successfully bumped revision number for resource 3e34b8f5-81d2-4c65-a2d9-c93906a43a98 (type: security_groups) to 1
2026-05-12 17:40:56.215 9 INFO neutron.wsgi [None req-71057b9d-af20-47df-8f76-da5f8a135255 ba66a237b1434a7e9d657d37455e4d35 055a7390854840329d06df2f31892992 - - - -] 10.0.0.117 "POST /v2.0/security-groups HTTP/1.1" status: 201 len: 1760 time: 0.1245055
2026-05-12 17:40:56.343 9 INFO neutron.db.ovn_revision_numbers_db [None req-c0eb24e4-c3f7-42ea-bf06-fecea37f1f25 ba66a237b1434a7e9d657d37455e4d35 055a7390854840329d06df2f31892992 - - - -] Successfully bumped revision number for resource 1d1a7375-2bfe-4948-a011-aafe83bda7cb (type: security_group_rules) to 0
2026-05-12 17:40:56.371 9 INFO neutron.wsgi [None req-c0eb24e4-c3f7-42ea-bf06-fecea37f1f25 ba66a237b1434a7e9d657d37455e4d35 055a7390854840329d06df2f31892992 - - - -] 10.0.0.117 "POST /v2.0/security-group-rules HTTP/1.1" status: 201 len: 768 time: 0.1528792
2026-05-12 17:40:56.394 9 INFO neutron.wsgi [None req-1dc9a7c6-ad7a-48db-878e-a390ae40fec3 ba66a237b1434a7e9d657d37455e4d35 055a7390854840329d06df2f31892992 - - default default] 10.0.0.117 "GET /v2.0/security-group-rules/1d1a7375-2bfe-4948-a011-aafe83bda7cb HTTP/1.1" status: 200 len: 763 time: 0.0180488
2026-05-12 17:40:56.436 9 INFO neutron.wsgi [None req-2a320801-941b-4ed5-bbe2-828cc94f51b5 ba66a237b1434a7e9d657d37455e4d35 055a7390854840329d06df2f31892992 - - default default] 10.0.0.117 "GET /v2.0/security-group-rules HTTP/1.1" status: 200 len: 4113 time: 0.0372992
2026-05-12 17:40:56.541 9 INFO neutron.wsgi [None req-80bd572e-cba1-44f5-a13b-816b250fd3c8 ba66a237b1434a7e9d657d37455e4d35 055a7390854840329d06df2f31892992 - - - -] 10.0.0.117 "DELETE /v2.0/security-group-rules/1d1a7375-2bfe-4948-a011-aafe83bda7cb HTTP/1.1" status: 204 len: 168 time: 0.1009774
2026-05-12 17:40:56.577 9 INFO neutron.wsgi [None req-02c2a78e-725b-4ac9-83bf-28d07a503fec ba66a237b1434a7e9d657d37455e4d35 055a7390854840329d06df2f31892992 - - default default] 10.0.0.117 "GET /v2.0/security-group-rules HTTP/1.1" status: 200 len: 3567 time: 0.0315976
2026-05-12 17:40:56.689 10 INFO neutron.db.ovn_revision_numbers_db [None req-c3389f18-ba72-4eb2-b2eb-91723231ef76 4af6d2434bae430b83c61a50b14f33cd 86e6311f619a443d8fae00d751d56311 - - - -] Successfully bumped revision number for resource d3d1e7ed-6576-4667-a859-4ce969dab609 (type: security_groups) to 1
2026-05-12 17:40:56.691 9 INFO neutron.db.ovn_revision_numbers_db [None req-8893f99f-1ba9-4aaf-98c7-168d7b42d96a ba66a237b1434a7e9d657d37455e4d35 055a7390854840329d06df2f31892992 - - - -] Successfully bumped revision number for resource 7769697f-9668-4f97-8d9f-9d4943b9647a (type: security_group_rules) to 0
2026-05-12 17:40:56.721 9 INFO neutron.wsgi [None req-8893f99f-1ba9-4aaf-98c7-168d7b42d96a ba66a237b1434a7e9d657d37455e4d35 055a7390854840329d06df2f31892992 - - - -] 10.0.0.117 "POST /v2.0/security-group-rules HTTP/1.1" status: 201 len: 768 time: 0.1402378
2026-05-12 17:40:56.742 10 INFO neutron.wsgi [None req-a2c77641-5d6a-4393-a71f-bfe56a211dd8 ba66a237b1434a7e9d657d37455e4d35 055a7390854840329d06df2f31892992 - - default default] 10.0.0.117 "GET /v2.0/security-group-rules/7769697f-9668-4f97-8d9f-9d4943b9647a HTTP/1.1" status: 200 len: 763 time: 0.0171778
2026-05-12 17:40:56.746 10 INFO neutron.db.segments_db [None req-c3389f18-ba72-4eb2-b2eb-91723231ef76 4af6d2434bae430b83c61a50b14f33cd 86e6311f619a443d8fae00d751d56311 - - - -] Added segment 96b09fa4-ca40-46c3-83be-7f149ae594a1 of type geneve for network 25f82923-368d-4980-80bf-cf4907cc85cc
2026-05-12 17:40:56.781 9 INFO neutron.wsgi [None req-e16acce6-1a2c-4bac-bbac-8d18a38eb703 ba66a237b1434a7e9d657d37455e4d35 055a7390854840329d06df2f31892992 - - default default] 10.0.0.117 "GET /v2.0/security-group-rules HTTP/1.1" status: 200 len: 4113 time: 0.0319974
2026-05-12 17:40:56.876 10 INFO neutron.db.ovn_revision_numbers_db [None req-c3389f18-ba72-4eb2-b2eb-91723231ef76 4af6d2434bae430b83c61a50b14f33cd 86e6311f619a443d8fae00d751d56311 - - - -] Successfully bumped revision number for resource 25f82923-368d-4980-80bf-cf4907cc85cc (type: networks) to 1
2026-05-12 17:40:56.915 9 INFO neutron.wsgi [None req-fa8044e1-4d73-43fa-ae33-678256cb141b ba66a237b1434a7e9d657d37455e4d35 055a7390854840329d06df2f31892992 - - - -] 10.0.0.117 "DELETE /v2.0/security-group-rules/7769697f-9668-4f97-8d9f-9d4943b9647a HTTP/1.1" status: 204 len: 168 time: 0.1281123
2026-05-12 17:40:56.963 9 INFO neutron.wsgi [None req-510c83c5-5ad6-4291-bc16-1a6bfc6cbd50 ba66a237b1434a7e9d657d37455e4d35 055a7390854840329d06df2f31892992 - - default default] 10.0.0.117 "GET /v2.0/security-group-rules HTTP/1.1" status: 200 len: 3567 time: 0.0309744
2026-05-12 17:40:57.087 10 WARNING neutron.scheduler.dhcp_agent_scheduler [None req-c3389f18-ba72-4eb2-b2eb-91723231ef76 4af6d2434bae430b83c61a50b14f33cd 86e6311f619a443d8fae00d751d56311 - - - -] No more DHCP agents
2026-05-12 17:40:57.088 9 INFO neutron.db.ovn_revision_numbers_db [None req-f5dee89a-aa8e-49d9-8a3c-5616efdcef7a ba66a237b1434a7e9d657d37455e4d35 055a7390854840329d06df2f31892992 - - - -] Successfully bumped revision number for resource 3caefdc4-298c-472d-bcb2-61464ca3ce8f (type: security_group_rules) to 0
2026-05-12 17:40:57.089 10 WARNING neutron.api.rpc.agentnotifiers.dhcp_rpc_agent_api [None req-c3389f18-ba72-4eb2-b2eb-91723231ef76 4af6d2434bae430b83c61a50b14f33cd 86e6311f619a443d8fae00d751d56311 - - - -] Unable to schedule network 25f82923-368d-4980-80bf-cf4907cc85cc: no agents available; will retry on subsequent port and subnet creation events.
2026-05-12 17:40:57.113 9 INFO neutron.wsgi [None req-f5dee89a-aa8e-49d9-8a3c-5616efdcef7a ba66a237b1434a7e9d657d37455e4d35 055a7390854840329d06df2f31892992 - - - -] 10.0.0.117 "POST /v2.0/security-group-rules HTTP/1.1" status: 201 len: 769 time: 0.1455503
2026-05-12 17:40:57.134 9 INFO neutron.wsgi [None req-00fff518-eed3-4526-9f75-c786c1b174d2 ba66a237b1434a7e9d657d37455e4d35 055a7390854840329d06df2f31892992 - - default default] 10.0.0.117 "GET /v2.0/security-group-rules/3caefdc4-298c-472d-bcb2-61464ca3ce8f HTTP/1.1" status: 200 len: 764 time: 0.0153258
2026-05-12 17:40:57.160 10 INFO neutron.db.ovn_revision_numbers_db [None req-c3389f18-ba72-4eb2-b2eb-91723231ef76 4af6d2434bae430b83c61a50b14f33cd 86e6311f619a443d8fae00d751d56311 - - - -] Successfully bumped revision number for resource dd0b1de2-030b-42cf-859d-a694cf4114c3 (type: ports) to 1
2026-05-12 17:40:57.183 10 INFO neutron.wsgi [None req-c3389f18-ba72-4eb2-b2eb-91723231ef76 4af6d2434bae430b83c61a50b14f33cd 86e6311f619a443d8fae00d751d56311 - - - -] 10.0.0.117 "POST /v2.0/networks HTTP/1.1" status: 201 len: 839 time: 0.7426054
2026-05-12 17:40:57.186 9 INFO neutron.wsgi [None req-4187955b-4077-4d74-b906-01d86d10639b ba66a237b1434a7e9d657d37455e4d35 055a7390854840329d06df2f31892992 - - default default] 10.0.0.117 "GET /v2.0/security-group-rules HTTP/1.1" status: 200 len: 4114 time: 0.0476792
2026-05-12 17:40:57.285 9 INFO neutron.wsgi [None req-a8df7041-32b5-4d3c-9cb4-88d91a108594 ba66a237b1434a7e9d657d37455e4d35 055a7390854840329d06df2f31892992 - - - -] 10.0.0.117 "DELETE /v2.0/security-group-rules/3caefdc4-298c-472d-bcb2-61464ca3ce8f HTTP/1.1" status: 204 len: 168 time: 0.0961528
2026-05-12 17:40:57.316 9 INFO neutron.wsgi [None req-62ecbfd2-613d-41c1-a340-a8a41ce34a90 ba66a237b1434a7e9d657d37455e4d35 055a7390854840329d06df2f31892992 - - default default] 10.0.0.117 "GET /v2.0/security-group-rules HTTP/1.1" status: 200 len: 3567 time: 0.0273604
2026-05-12 17:40:57.424 9 INFO neutron.wsgi [None req-c62ca480-70fd-460b-a347-f9ba9227e2c2 ba66a237b1434a7e9d657d37455e4d35 055a7390854840329d06df2f31892992 - - - -] 10.0.0.117 "DELETE /v2.0/security-groups/3e34b8f5-81d2-4c65-a2d9-c93906a43a98 HTTP/1.1" status: 204 len: 168 time: 0.1043570
2026-05-12 17:40:57.456 9 INFO neutron.wsgi [None req-fa7a3a3f-975d-4d5f-b1c1-37d12566b525 ba66a237b1434a7e9d657d37455e4d35 055a7390854840329d06df2f31892992 - - default default] 10.0.0.117 "GET /v2.0/security-groups HTTP/1.1" status: 200 len: 2996 time: 0.0287883
2026-05-12 17:40:57.458 10 WARNING neutron.scheduler.dhcp_agent_scheduler [None req-6f6e3c4a-dee9-4ba4-a594-3b8c1d65ab96 4af6d2434bae430b83c61a50b14f33cd 86e6311f619a443d8fae00d751d56311 - - - -] No more DHCP agents
2026-05-12 17:40:57.460 10 WARNING neutron.api.rpc.agentnotifiers.dhcp_rpc_agent_api [None req-6f6e3c4a-dee9-4ba4-a594-3b8c1d65ab96 4af6d2434bae430b83c61a50b14f33cd 86e6311f619a443d8fae00d751d56311 - - - -] Unable to schedule network 25f82923-368d-4980-80bf-cf4907cc85cc: no agents available; will retry on subsequent port and subnet creation events.
2026-05-12 17:40:57.489 9 INFO neutron.wsgi [None req-4e01aae3-e4f0-4e48-a36a-fe0c8e425034 ba66a237b1434a7e9d657d37455e4d35 055a7390854840329d06df2f31892992 - - default default] 10.0.0.117 "GET /v2.0/security-groups HTTP/1.1" status: 200 len: 2996 time: 0.0265136
2026-05-12 17:40:57.946 10 INFO neutron.db.ovn_revision_numbers_db [None req-6f6e3c4a-dee9-4ba4-a594-3b8c1d65ab96 4af6d2434bae430b83c61a50b14f33cd 86e6311f619a443d8fae00d751d56311 - - - -] Successfully bumped revision number for resource dd0b1de2-030b-42cf-859d-a694cf4114c3 (type: ports) to 2
2026-05-12 17:40:57.962 10 INFO neutron.db.ovn_revision_numbers_db [None req-6f6e3c4a-dee9-4ba4-a594-3b8c1d65ab96 4af6d2434bae430b83c61a50b14f33cd 86e6311f619a443d8fae00d751d56311 - - - -] Successfully bumped revision number for resource 82273c67-3406-482f-bad0-6b7431f7f69c (type: subnets) to 0
2026-05-12 17:40:57.981 10 INFO neutron.wsgi [None req-6f6e3c4a-dee9-4ba4-a594-3b8c1d65ab96 4af6d2434bae430b83c61a50b14f33cd 86e6311f619a443d8fae00d751d56311 - - - -] 10.0.0.117 "POST /v2.0/subnets HTTP/1.1" status: 201 len: 832 time: 0.7923627
2026-05-12 17:40:58.121 10 INFO neutron.wsgi [None req-cedfd5b1-0ecd-4770-8f1b-76db2c4c41a3 a3c963cec92a49e49d3b16938df9dbf3 be0d6c1e66e94dd7b3388cb1d83dc57d - - default default] 10.0.0.117 "GET /v2.0/security-groups?tenant_id=055a7390854840329d06df2f31892992&name=default HTTP/1.1" status: 200 len: 2996 time: 0.1178381
2026-05-12 17:40:58.162 9 INFO neutron.wsgi [None req-9a819473-13b7-43a7-8d9b-82b20bc7926e 5a131a081a594e0fa4698888f960e4b2 2537128ba6d7405bb90e1c362d9883bc - - default default] 10.0.0.117 "GET /v2.0/subnetpools?name=shared-default-subnetpool-v6 HTTP/1.1" status: 200 len: 212 time: 0.1736028
2026-05-12 17:40:58.326 10 INFO neutron.wsgi [None req-65816a9d-4d78-46a6-9fff-d5b2a65645b2 a3c963cec92a49e49d3b16938df9dbf3 be0d6c1e66e94dd7b3388cb1d83dc57d - - - -] 10.0.0.117 "DELETE /v2.0/security-groups/4bd4f81d-affd-4b0f-a23d-ea1fcdd5e15c HTTP/1.1" status: 204 len: 168 time: 0.1995008
2026-05-12 17:40:58.754 9 WARNING neutron.scheduler.dhcp_agent_scheduler [None req-3af38c54-92a9-4b90-a675-8071dea86b2e 4af6d2434bae430b83c61a50b14f33cd 86e6311f619a443d8fae00d751d56311 - - - -] No more DHCP agents
2026-05-12 17:40:58.757 9 WARNING neutron.api.rpc.agentnotifiers.dhcp_rpc_agent_api [None req-3af38c54-92a9-4b90-a675-8071dea86b2e 4af6d2434bae430b83c61a50b14f33cd 86e6311f619a443d8fae00d751d56311 - - - -] Unable to schedule network 25f82923-368d-4980-80bf-cf4907cc85cc: no agents available; will retry on subsequent port and subnet creation events.
2026-05-12 17:40:58.782 9 INFO neutron.db.ovn_revision_numbers_db [None req-3af38c54-92a9-4b90-a675-8071dea86b2e 4af6d2434bae430b83c61a50b14f33cd 86e6311f619a443d8fae00d751d56311 - - - -] Successfully bumped revision number for resource da9aee25-2099-45f8-8b77-2a29456763fc (type: subnets) to 0
2026-05-12 17:40:58.803 9 INFO neutron.wsgi [None req-3af38c54-92a9-4b90-a675-8071dea86b2e 4af6d2434bae430b83c61a50b14f33cd 86e6311f619a443d8fae00d751d56311 - - - -] 10.0.0.117 "POST /v2.0/subnets HTTP/1.1" status: 201 len: 905 time: 0.6354833
2026-05-12 17:40:58.890 9 INFO neutron.db.segments_db [None req-603f8a3f-bcfa-4bfa-ab23-51f41984be43 4af6d2434bae430b83c61a50b14f33cd 86e6311f619a443d8fae00d751d56311 - - - -] Added segment ab871d79-90ad-4e3c-a0ca-75addb14bc51 of type geneve for network 57a3e3aa-d4bc-47de-a24a-553f081fa37f
2026-05-12 17:40:59.027 9 INFO neutron.db.ovn_revision_numbers_db [None req-603f8a3f-bcfa-4bfa-ab23-51f41984be43 4af6d2434bae430b83c61a50b14f33cd 86e6311f619a443d8fae00d751d56311 - - - -] Successfully bumped revision number for resource 57a3e3aa-d4bc-47de-a24a-553f081fa37f (type: networks) to 1
2026-05-12 17:40:59.214 9 WARNING neutron.scheduler.dhcp_agent_scheduler [None req-603f8a3f-bcfa-4bfa-ab23-51f41984be43 4af6d2434bae430b83c61a50b14f33cd 86e6311f619a443d8fae00d751d56311 - - - -] No more DHCP agents
2026-05-12 17:40:59.216 9 WARNING neutron.api.rpc.agentnotifiers.dhcp_rpc_agent_api [None req-603f8a3f-bcfa-4bfa-ab23-51f41984be43 4af6d2434bae430b83c61a50b14f33cd 86e6311f619a443d8fae00d751d56311 - - - -] Unable to schedule network 57a3e3aa-d4bc-47de-a24a-553f081fa37f: no agents available; will retry on subsequent port and subnet creation events.
2026-05-12 17:40:59.276 9 INFO neutron.db.ovn_revision_numbers_db [None req-603f8a3f-bcfa-4bfa-ab23-51f41984be43 4af6d2434bae430b83c61a50b14f33cd 86e6311f619a443d8fae00d751d56311 - - - -] Successfully bumped revision number for resource b8631ac9-0d5e-4baf-b6ca-9bf830a5254d (type: ports) to 1
2026-05-12 17:40:59.297 9 INFO neutron.wsgi [None req-603f8a3f-bcfa-4bfa-ab23-51f41984be43 4af6d2434bae430b83c61a50b14f33cd 86e6311f619a443d8fae00d751d56311 - - - -] 10.0.0.117 "POST /v2.0/networks HTTP/1.1" status: 201 len: 837 time: 0.4890823
2026-05-12 17:40:59.558 9 WARNING neutron.scheduler.dhcp_agent_scheduler [None req-b1e578cc-9a21-4748-8d4c-6839883c5f05 4af6d2434bae430b83c61a50b14f33cd 86e6311f619a443d8fae00d751d56311 - - - -] No more DHCP agents
2026-05-12 17:40:59.560 9 WARNING neutron.api.rpc.agentnotifiers.dhcp_rpc_agent_api [None req-b1e578cc-9a21-4748-8d4c-6839883c5f05 4af6d2434bae430b83c61a50b14f33cd 86e6311f619a443d8fae00d751d56311 - - - -] Unable to schedule network 57a3e3aa-d4bc-47de-a24a-553f081fa37f: no agents available; will retry on subsequent port and subnet creation events.
2026-05-12 17:41:00.004 9 INFO neutron.db.ovn_revision_numbers_db [None req-b1e578cc-9a21-4748-8d4c-6839883c5f05 4af6d2434bae430b83c61a50b14f33cd 86e6311f619a443d8fae00d751d56311 - - - -] Successfully bumped revision number for resource b8631ac9-0d5e-4baf-b6ca-9bf830a5254d (type: ports) to 2
2026-05-12 17:41:00.018 9 INFO neutron.db.ovn_revision_numbers_db [None req-b1e578cc-9a21-4748-8d4c-6839883c5f05 4af6d2434bae430b83c61a50b14f33cd 86e6311f619a443d8fae00d751d56311 - - - -] Successfully bumped revision number for resource 2d2cd33c-bb6e-4c79-9523-d10609c3907a (type: subnets) to 0
2026-05-12 17:41:00.035 9 INFO neutron.wsgi [None req-b1e578cc-9a21-4748-8d4c-6839883c5f05 4af6d2434bae430b83c61a50b14f33cd 86e6311f619a443d8fae00d751d56311 - - - -] 10.0.0.117 "POST /v2.0/subnets HTTP/1.1" status: 201 len: 831 time: 0.7341087
2026-05-12 17:41:00.222 10 INFO neutron.wsgi [None req-bc1fe158-b7ef-48e0-86e7-df303e695ba5 fdbbdf940c754be58db35c208601924e 84adcbd17da147e3bb35f509e09e1edb - - - -] 10.0.0.117 "POST /v2.0/subnetpools HTTP/1.1" status: 201 len: 748 time: 0.2346210
2026-05-12 17:41:00.253 10 INFO neutron.wsgi [None req-2f1ea831-ada5-46f3-915b-d8639ab8a63e fdbbdf940c754be58db35c208601924e 84adcbd17da147e3bb35f509e09e1edb - - default default] 10.0.0.117 "GET /v2.0/subnetpools/8e2c02a5-db9f-496b-927b-8901c395c690 HTTP/1.1" status: 200 len: 743 time: 0.0274465
2026-05-12 17:41:00.307 9 WARNING neutron.scheduler.dhcp_agent_scheduler [None req-5298e894-e645-4efb-83c5-e30e020ef3cd 4af6d2434bae430b83c61a50b14f33cd 86e6311f619a443d8fae00d751d56311 - - - -] No more DHCP agents
2026-05-12 17:41:00.309 9 WARNING neutron.api.rpc.agentnotifiers.dhcp_rpc_agent_api [None req-5298e894-e645-4efb-83c5-e30e020ef3cd 4af6d2434bae430b83c61a50b14f33cd 86e6311f619a443d8fae00d751d56311 - - - -] Unable to schedule network 57a3e3aa-d4bc-47de-a24a-553f081fa37f: no agents available; will retry on subsequent port and subnet creation events.
2026-05-12 17:41:00.313 10 INFO neutron.wsgi [None req-48959ffb-fa91-46bf-814d-e1d81e045594 fdbbdf940c754be58db35c208601924e 84adcbd17da147e3bb35f509e09e1edb - - - -] 10.0.0.117 "PUT /v2.0/subnetpools/8e2c02a5-db9f-496b-927b-8901c395c690 HTTP/1.1" status: 200 len: 695 time: 0.0549068
2026-05-12 17:41:00.322 9 INFO neutron.db.ovn_revision_numbers_db [None req-5298e894-e645-4efb-83c5-e30e020ef3cd 4af6d2434bae430b83c61a50b14f33cd 86e6311f619a443d8fae00d751d56311 - - - -] Successfully bumped revision number for resource d1da2412-0be5-4bf4-9286-8164c9b97272 (type: subnets) to 0
2026-05-12 17:41:00.336 9 INFO neutron.wsgi [None req-5298e894-e645-4efb-83c5-e30e020ef3cd 4af6d2434bae430b83c61a50b14f33cd 86e6311f619a443d8fae00d751d56311 - - - -] 10.0.0.117 "POST /v2.0/subnets HTTP/1.1" status: 201 len: 901 time: 0.2962320
2026-05-12 17:41:00.370 10 INFO neutron.wsgi [None req-b2aaf4bb-f91f-4fbf-930f-d943ed228207 fdbbdf940c754be58db35c208601924e 84adcbd17da147e3bb35f509e09e1edb - - - -] 10.0.0.117 "DELETE /v2.0/subnetpools/8e2c02a5-db9f-496b-927b-8901c395c690 HTTP/1.1" status: 204 len: 168 time: 0.0531828
2026-05-12 17:41:00.415 9 INFO neutron.api.v2.resource [None req-0ce3d969-5008-4610-b51c-e881e598cb5a fdbbdf940c754be58db35c208601924e 84adcbd17da147e3bb35f509e09e1edb - - default default] show failed (client error): The resource could not be found.
2026-05-12 17:41:00.418 9 INFO neutron.wsgi [None req-0ce3d969-5008-4610-b51c-e881e598cb5a fdbbdf940c754be58db35c208601924e 84adcbd17da147e3bb35f509e09e1edb - - default default] 10.0.0.117 "GET /v2.0/subnetpools/8e2c02a5-db9f-496b-927b-8901c395c690 HTTP/1.1" status: 404 len: 346 time: 0.0422862
2026-05-12 17:41:00.426 9 INFO neutron.db.segments_db [None req-ca44f629-9941-404b-bfe1-874db5287adb 4af6d2434bae430b83c61a50b14f33cd 86e6311f619a443d8fae00d751d56311 - - - -] Added segment a8d0d889-7846-452a-bc09-fc5ff02ad651 of type geneve for network b10c69b1-cd6b-436c-9b88-cd8214b35b61
2026-05-12 17:41:00.434 10 INFO neutron.api.v2.resource [None req-35c228e4-0a38-4d8c-acdd-ab82635cd3e4 fdbbdf940c754be58db35c208601924e 84adcbd17da147e3bb35f509e09e1edb - - - -] delete failed (client error): The resource could not be found.
2026-05-12 17:41:00.435 10 INFO neutron.wsgi [None req-35c228e4-0a38-4d8c-acdd-ab82635cd3e4 fdbbdf940c754be58db35c208601924e 84adcbd17da147e3bb35f509e09e1edb - - - -] 10.0.0.117 "DELETE /v2.0/subnetpools/8e2c02a5-db9f-496b-927b-8901c395c690 HTTP/1.1" status: 404 len: 346 time: 0.0111849
2026-05-12 17:41:00.538 9 INFO neutron.db.ovn_revision_numbers_db [None req-ca44f629-9941-404b-bfe1-874db5287adb 4af6d2434bae430b83c61a50b14f33cd 86e6311f619a443d8fae00d751d56311 - - - -] Successfully bumped revision number for resource b10c69b1-cd6b-436c-9b88-cd8214b35b61 (type: networks) to 1
2026-05-12 17:41:00.762 9 WARNING neutron.scheduler.dhcp_agent_scheduler [None req-ca44f629-9941-404b-bfe1-874db5287adb 4af6d2434bae430b83c61a50b14f33cd 86e6311f619a443d8fae00d751d56311 - - - -] No more DHCP agents
2026-05-12 17:41:00.766 9 WARNING neutron.api.rpc.agentnotifiers.dhcp_rpc_agent_api [None req-ca44f629-9941-404b-bfe1-874db5287adb 4af6d2434bae430b83c61a50b14f33cd 86e6311f619a443d8fae00d751d56311 - - - -] Unable to schedule network b10c69b1-cd6b-436c-9b88-cd8214b35b61: no agents available; will retry on subsequent port and subnet creation events.
2026-05-12 17:41:00.852 9 INFO neutron.db.ovn_revision_numbers_db [None req-ca44f629-9941-404b-bfe1-874db5287adb 4af6d2434bae430b83c61a50b14f33cd 86e6311f619a443d8fae00d751d56311 - - - -] Successfully bumped revision number for resource 6db91815-76ba-4f04-9693-536dd79eb798 (type: ports) to 1
2026-05-12 17:41:00.883 9 INFO neutron.wsgi [None req-ca44f629-9941-404b-bfe1-874db5287adb 4af6d2434bae430b83c61a50b14f33cd 86e6311f619a443d8fae00d751d56311 - - - -] 10.0.0.117 "POST /v2.0/networks HTTP/1.1" status: 201 len: 836 time: 0.5429468
2026-05-12 17:41:01.149 9 WARNING neutron.scheduler.dhcp_agent_scheduler [None req-5485eff0-4c8c-4091-844d-b0b0eee488ff 4af6d2434bae430b83c61a50b14f33cd 86e6311f619a443d8fae00d751d56311 - - - -] No more DHCP agents
2026-05-12 17:41:01.151 9 WARNING neutron.api.rpc.agentnotifiers.dhcp_rpc_agent_api [None req-5485eff0-4c8c-4091-844d-b0b0eee488ff 4af6d2434bae430b83c61a50b14f33cd 86e6311f619a443d8fae00d751d56311 - - - -] Unable to schedule network b10c69b1-cd6b-436c-9b88-cd8214b35b61: no agents available; will retry on subsequent port and subnet creation events.
2026-05-12 17:41:01.193 10 INFO neutron.db.ovn_revision_numbers_db [None req-4d3e0882-989a-455d-a0f7-ab8f0dfaebdc a3c963cec92a49e49d3b16938df9dbf3 be0d6c1e66e94dd7b3388cb1d83dc57d - - default default] Successfully bumped revision number for resource 00ad7b97-afbb-42b0-8983-a2f4fa886986 (type: security_groups) to 1
2026-05-12 17:41:01.217 10 INFO neutron.wsgi [None req-4d3e0882-989a-455d-a0f7-ab8f0dfaebdc a3c963cec92a49e49d3b16938df9dbf3 be0d6c1e66e94dd7b3388cb1d83dc57d - - default default] 10.0.0.117 "GET /v2.0/security-groups?tenant_id=84adcbd17da147e3bb35f509e09e1edb&name=default HTTP/1.1" status: 200 len: 2996 time: 0.2410212
