2026-05-12 17:42:09.643 10 WARNING neutron.scheduler.dhcp_agent_scheduler [None req-b96afa67-5231-4748-b5a5-59699badae88 417aae38aeed4e2cb191ebfd8d79b7d3 1783fc5538504035ba1b2d68b108e56d - - - -] No more DHCP agents
2026-05-12 17:42:09.646 10 WARNING neutron.api.rpc.agentnotifiers.dhcp_rpc_agent_api [None req-b96afa67-5231-4748-b5a5-59699badae88 417aae38aeed4e2cb191ebfd8d79b7d3 1783fc5538504035ba1b2d68b108e56d - - - -] Unable to schedule network 3b0412f3-60fd-4cba-8141-526f72b0d9c1: no agents available; will retry on subsequent port and subnet creation events.
2026-05-12 17:42:09.653 9 INFO neutron.wsgi [req-e5187252-8a3a-4671-8b4a-d122ef7674c0 req-56bb916f-1b3a-42bb-ba1c-9f59d6df1bb1 82a9e57fcb8547bd8bfe8c16d5e3e2da 8aeddd43cb6e4e32a38c24203e18ffc8 - - 4fda8fe893784c899a6c17a416dd77f1 4fda8fe893784c899a6c17a416dd77f1] 199.19.213.202 "GET /v2.0/networks/76026baa-4f3d-4d6f-b5c5-3b1010b49b67?fields=provider%3Aphysical_network&fields=provider%3Anetwork_type HTTP/1.1" status: 200 len: 277 time: 0.0868301
2026-05-12 17:42:09.724 9 INFO neutron.wsgi [req-b0cc787d-6538-4abf-b585-43b8aa5a224a req-e6f5ce7d-3fa3-411f-ac9c-681ad86de15a 82a9e57fcb8547bd8bfe8c16d5e3e2da 8aeddd43cb6e4e32a38c24203e18ffc8 - - 4fda8fe893784c899a6c17a416dd77f1 4fda8fe893784c899a6c17a416dd77f1] 199.19.213.202 "GET /v2.0/ports?tenant_id=be0d6c1e66e94dd7b3388cb1d83dc57d&device_id=32dae99e-d6c1-4d44-8a3b-12bc2f9054e4 HTTP/1.1" status: 200 len: 1363 time: 0.0377684
2026-05-12 17:42:09.754 10 INFO neutron.db.ovn_revision_numbers_db [None req-b96afa67-5231-4748-b5a5-59699badae88 417aae38aeed4e2cb191ebfd8d79b7d3 1783fc5538504035ba1b2d68b108e56d - - - -] Successfully bumped revision number for resource b5b6c82f-dd6d-4736-8657-84b2480cf3f4 (type: ports) to 1
2026-05-12 17:42:09.776 10 INFO neutron.wsgi [None req-b96afa67-5231-4748-b5a5-59699badae88 417aae38aeed4e2cb191ebfd8d79b7d3 1783fc5538504035ba1b2d68b108e56d - - - -] 10.0.0.117 "POST /v2.0/networks HTTP/1.1" status: 201 len: 831 time: 0.8923841
2026-05-12 17:42:09.802 9 INFO neutron.wsgi [req-b0cc787d-6538-4abf-b585-43b8aa5a224a req-5906e63a-76c4-49b1-824c-7c8ded50ed6e 82a9e57fcb8547bd8bfe8c16d5e3e2da 8aeddd43cb6e4e32a38c24203e18ffc8 - - 4fda8fe893784c899a6c17a416dd77f1 4fda8fe893784c899a6c17a416dd77f1] 199.19.213.202 "GET /v2.0/networks?id=76026baa-4f3d-4d6f-b5c5-3b1010b49b67 HTTP/1.1" status: 200 len: 937 time: 0.0645826
2026-05-12 17:42:09.820 10 INFO neutron.wsgi [None req-e4f79efc-3ad6-44c1-a017-acc384ab6906 67b6df5bfbc94bc699bf4691d92b8344 da09d8798ee649a8b7112caa06bd4db0 - - - -] 10.0.0.117 "DELETE /v2.0/subnets/da817207-c99e-4697-94b7-8e8fc21f8229 HTTP/1.1" status: 204 len: 168 time: 0.2940347
2026-05-12 17:42:09.839 9 INFO neutron.wsgi [req-b0cc787d-6538-4abf-b585-43b8aa5a224a req-c0d37ead-a397-4a80-8abb-9ea64b392a88 82a9e57fcb8547bd8bfe8c16d5e3e2da 8aeddd43cb6e4e32a38c24203e18ffc8 - - 4fda8fe893784c899a6c17a416dd77f1 4fda8fe893784c899a6c17a416dd77f1] 199.19.213.202 "GET /v2.0/floatingips?fixed_ip_address=172.24.0.63&port_id=4c8365ac-e2e0-4491-b2b4-bbb90b519011 HTTP/1.1" status: 200 len: 217 time: 0.0282404
2026-05-12 17:42:09.902 10 INFO neutron.db.segments_db [None req-e08e15ad-d04a-4318-bb2f-3fe1b016ad6c 417aae38aeed4e2cb191ebfd8d79b7d3 1783fc5538504035ba1b2d68b108e56d - - - -] Added segment 617d164a-58ed-416e-9dfb-97e96aafc3dd of type geneve for network e88d0ed8-ad15-4c21-855f-8482645d42ff
2026-05-12 17:42:09.902 9 INFO neutron.wsgi [req-b0cc787d-6538-4abf-b585-43b8aa5a224a req-087fb6ad-6a30-42ce-9b52-6170b8bc1941 82a9e57fcb8547bd8bfe8c16d5e3e2da 8aeddd43cb6e4e32a38c24203e18ffc8 - - 4fda8fe893784c899a6c17a416dd77f1 4fda8fe893784c899a6c17a416dd77f1] 199.19.213.202 "GET /v2.0/subnets?id=0b94b5f3-f75d-445e-9227-f20f2045c307 HTTP/1.1" status: 200 len: 829 time: 0.0452597
2026-05-12 17:42:09.905 10 INFO neutron.wsgi [req-4c966ed6-1640-408f-85b4-2f4e467c1809 req-72812724-2ae4-4b5e-b2ec-ee65a4676414 82a9e57fcb8547bd8bfe8c16d5e3e2da 8aeddd43cb6e4e32a38c24203e18ffc8 - - 4fda8fe893784c899a6c17a416dd77f1 4fda8fe893784c899a6c17a416dd77f1] 199.19.213.202 "GET /v2.0/ports?device_id=32dae99e-d6c1-4d44-8a3b-12bc2f9054e4 HTTP/1.1" status: 200 len: 1363 time: 0.0372546
2026-05-12 17:42:09.941 9 INFO neutron.wsgi [req-b0cc787d-6538-4abf-b585-43b8aa5a224a req-2bd51ee5-0ac6-4753-81cc-a0a5ed4136b0 82a9e57fcb8547bd8bfe8c16d5e3e2da 8aeddd43cb6e4e32a38c24203e18ffc8 - - 4fda8fe893784c899a6c17a416dd77f1 4fda8fe893784c899a6c17a416dd77f1] 199.19.213.202 "GET /v2.0/ports?network_id=76026baa-4f3d-4d6f-b5c5-3b1010b49b67&device_owner=network%3Adhcp HTTP/1.1" status: 200 len: 210 time: 0.0283067
2026-05-12 17:42:09.994 10 INFO neutron.wsgi [req-4c966ed6-1640-408f-85b4-2f4e467c1809 req-f437e2e6-b6f6-4b44-a640-27335ffe987d 82a9e57fcb8547bd8bfe8c16d5e3e2da 8aeddd43cb6e4e32a38c24203e18ffc8 - - 4fda8fe893784c899a6c17a416dd77f1 4fda8fe893784c899a6c17a416dd77f1] 199.19.213.202 "GET /v2.0/security-groups?id=841ec343-e7f6-454c-b7c8-692dc6f19188&fields=id&fields=name HTTP/1.1" status: 200 len: 294 time: 0.0800841
2026-05-12 17:42:10.011 9 INFO neutron.wsgi [req-b0cc787d-6538-4abf-b585-43b8aa5a224a req-cb276e22-36e3-4292-91b2-7bf3487c459c 82a9e57fcb8547bd8bfe8c16d5e3e2da 8aeddd43cb6e4e32a38c24203e18ffc8 - - 4fda8fe893784c899a6c17a416dd77f1 4fda8fe893784c899a6c17a416dd77f1] 199.19.213.202 "GET /v2.0/networks/76026baa-4f3d-4d6f-b5c5-3b1010b49b67?fields=segments HTTP/1.1" status: 200 len: 212 time: 0.0654366
2026-05-12 17:42:10.105 9 INFO neutron.plugins.ml2.drivers.ovn.mech_driver.mech_driver [None req-a5edc48e-2038-4080-898e-79bda5234fe6 - - - - - -] OVN reports status up for port: 4c8365ac-e2e0-4491-b2b4-bbb90b519011
2026-05-12 17:42:10.112 10 INFO neutron.db.ovn_revision_numbers_db [None req-e08e15ad-d04a-4318-bb2f-3fe1b016ad6c 417aae38aeed4e2cb191ebfd8d79b7d3 1783fc5538504035ba1b2d68b108e56d - - - -] Successfully bumped revision number for resource e88d0ed8-ad15-4c21-855f-8482645d42ff (type: networks) to 1
2026-05-12 17:42:10.120 9 INFO neutron.wsgi [req-b0cc787d-6538-4abf-b585-43b8aa5a224a req-230f932c-2e00-42b1-9cd6-90d4393abcea 82a9e57fcb8547bd8bfe8c16d5e3e2da 8aeddd43cb6e4e32a38c24203e18ffc8 - - 4fda8fe893784c899a6c17a416dd77f1 4fda8fe893784c899a6c17a416dd77f1] 199.19.213.202 "GET /v2.0/networks/76026baa-4f3d-4d6f-b5c5-3b1010b49b67?fields=provider%3Aphysical_network&fields=provider%3Anetwork_type HTTP/1.1" status: 200 len: 277 time: 0.0915849
2026-05-12 17:42:10.128 9 INFO neutron.plugins.ml2.plugin [None req-a5edc48e-2038-4080-898e-79bda5234fe6 - - - - - -] Attempt 1 to provision port 4c8365ac-e2e0-4491-b2b4-bbb90b519011
2026-05-12 17:42:10.403 10 WARNING neutron.scheduler.dhcp_agent_scheduler [None req-e08e15ad-d04a-4318-bb2f-3fe1b016ad6c 417aae38aeed4e2cb191ebfd8d79b7d3 1783fc5538504035ba1b2d68b108e56d - - - -] No more DHCP agents
2026-05-12 17:42:10.405 9 INFO neutron.db.ovn_revision_numbers_db [None req-a5edc48e-2038-4080-898e-79bda5234fe6 - - - - - -] Successfully bumped revision number for resource 4c8365ac-e2e0-4491-b2b4-bbb90b519011 (type: ports) to 4
2026-05-12 17:42:10.407 10 WARNING neutron.api.rpc.agentnotifiers.dhcp_rpc_agent_api [None req-e08e15ad-d04a-4318-bb2f-3fe1b016ad6c 417aae38aeed4e2cb191ebfd8d79b7d3 1783fc5538504035ba1b2d68b108e56d - - - -] Unable to schedule network e88d0ed8-ad15-4c21-855f-8482645d42ff: no agents available; will retry on subsequent port and subnet creation events.
2026-05-12 17:42:10.747 10 INFO neutron.db.ovn_revision_numbers_db [None req-e08e15ad-d04a-4318-bb2f-3fe1b016ad6c 417aae38aeed4e2cb191ebfd8d79b7d3 1783fc5538504035ba1b2d68b108e56d - - - -] Successfully bumped revision number for resource c534a6f1-6c2e-43a1-89b0-bcd937c4cebc (type: ports) to 1
2026-05-12 17:42:10.798 10 INFO neutron.wsgi [None req-e08e15ad-d04a-4318-bb2f-3fe1b016ad6c 417aae38aeed4e2cb191ebfd8d79b7d3 1783fc5538504035ba1b2d68b108e56d - - - -] 10.0.0.117 "POST /v2.0/networks HTTP/1.1" status: 201 len: 830 time: 1.0151348 /var/lib/openstack/lib/python3.10/site-packages/pycadf/identifier.py:71: UserWarning: Invalid uuid: neutron. To ensure interoperability, identifiers should be a valid uuid. warnings.warn(('Invalid uuid: %s. To ensure interoperability, '
2026-05-12 17:42:10.906 9 INFO neutron.db.segments_db [None req-b72d9502-4c2b-4e44-92b7-b7a5c9d3dcf8 417aae38aeed4e2cb191ebfd8d79b7d3 1783fc5538504035ba1b2d68b108e56d - - - -] Added segment 095531e5-ed09-4955-b8f2-8ca8aa970581 of type geneve for network e6ac646e-4afd-4193-a803-a2973a7792c9
2026-05-12 17:42:10.965 10 INFO neutron.wsgi [None req-7984daf9-c39f-4b48-b170-5a1b026b6283 67b6df5bfbc94bc699bf4691d92b8344 da09d8798ee649a8b7112caa06bd4db0 - - - -] 10.0.0.117 "DELETE /v2.0/routers/c6a88567-d937-4a75-800e-b702d9c56c27 HTTP/1.1" status: 204 len: 168 time: 1.1392550
2026-05-12 17:42:11.056 9 INFO neutron.db.ovn_revision_numbers_db [None req-b72d9502-4c2b-4e44-92b7-b7a5c9d3dcf8 417aae38aeed4e2cb191ebfd8d79b7d3 1783fc5538504035ba1b2d68b108e56d - - - -] Successfully bumped revision number for resource e6ac646e-4afd-4193-a803-a2973a7792c9 (type: networks) to 1
2026-05-12 17:42:11.272 9 WARNING neutron.scheduler.dhcp_agent_scheduler [None req-b72d9502-4c2b-4e44-92b7-b7a5c9d3dcf8 417aae38aeed4e2cb191ebfd8d79b7d3 1783fc5538504035ba1b2d68b108e56d - - - -] No more DHCP agents
2026-05-12 17:42:11.275 9 WARNING neutron.api.rpc.agentnotifiers.dhcp_rpc_agent_api [None req-b72d9502-4c2b-4e44-92b7-b7a5c9d3dcf8 417aae38aeed4e2cb191ebfd8d79b7d3 1783fc5538504035ba1b2d68b108e56d - - - -] Unable to schedule network e6ac646e-4afd-4193-a803-a2973a7792c9: no agents available; will retry on subsequent port and subnet creation events.
2026-05-12 17:42:11.355 9 INFO neutron.db.ovn_revision_numbers_db [None req-b72d9502-4c2b-4e44-92b7-b7a5c9d3dcf8 417aae38aeed4e2cb191ebfd8d79b7d3 1783fc5538504035ba1b2d68b108e56d - - - -] Successfully bumped revision number for resource 9bb007b5-0c61-4af0-b426-c3b1e2ad67fa (type: ports) to 1
2026-05-12 17:42:11.381 9 INFO neutron.wsgi [req-4cb60597-41c0-4551-8b63-fb7a50932d73 req-9aab5adf-4444-457e-8bd6-a6ec6a22657a a3c963cec92a49e49d3b16938df9dbf3 be0d6c1e66e94dd7b3388cb1d83dc57d - - default default] 10.0.0.230 "GET /v2.0/ports?device_id=32dae99e-d6c1-4d44-8a3b-12bc2f9054e4 HTTP/1.1" status: 200 len: 1365 time: 0.0361638
2026-05-12 17:42:11.387 9 INFO neutron.wsgi [None req-b72d9502-4c2b-4e44-92b7-b7a5c9d3dcf8 417aae38aeed4e2cb191ebfd8d79b7d3 1783fc5538504035ba1b2d68b108e56d - - - -] 10.0.0.117 "POST /v2.0/networks HTTP/1.1" status: 201 len: 831 time: 0.5841575
2026-05-12 17:42:11.398 10 INFO neutron.services.segments.plugin [-] Segment 5a5af708-91ac-483c-b401-197230c36cbe resource provider aggregate not found
2026-05-12 17:42:11.404 10 INFO neutron.services.segments.plugin [-] Segment 5a5af708-91ac-483c-b401-197230c36cbe resource provider aggregate not found
2026-05-12 17:42:11.429 10 INFO neutron.services.segments.plugin [-] Segment 5a5af708-91ac-483c-b401-197230c36cbe resource provider not found; error: Placement Client Error (4xx): {"errors": [{"status": 404, "title": "Not Found", "detail": "The resource could not be found.\n\n No resource provider with uuid 5a5af708-91ac-483c-b401-197230c36cbe found for delete ", "request_id": "req-2a6a5659-d25a-4ee3-85b4-ea6aa2147153"}]}
2026-05-12 17:42:11.430 10 INFO neutron.services.segments.plugin [-] Segment 5a5af708-91ac-483c-b401-197230c36cbe resource provider not found; error: Placement Client Error (4xx): {"errors": [{"status": 404, "title": "Not Found", "detail": "The resource could not be found.\n\n No resource provider with uuid 5a5af708-91ac-483c-b401-197230c36cbe found for delete ", "request_id": "req-9ff7339c-5c84-45ee-97d0-c777b0771a80"}]}
2026-05-12 17:42:11.431 9 INFO neutron.wsgi [req-4cb60597-41c0-4551-8b63-fb7a50932d73 req-0003430a-9945-4881-9d3f-35afed93f0e7 a3c963cec92a49e49d3b16938df9dbf3 be0d6c1e66e94dd7b3388cb1d83dc57d - - default default] 10.0.0.230 "GET /v2.0/security-groups?id=841ec343-e7f6-454c-b7c8-692dc6f19188&fields=id&fields=name HTTP/1.1" status: 200 len: 294 time: 0.0430853
2026-05-12 17:42:11.462 10 INFO neutron.wsgi [None req-879cb137-cd09-49df-ac1d-a3d126edeeeb 67b6df5bfbc94bc699bf4691d92b8344 da09d8798ee649a8b7112caa06bd4db0 - - - -] 10.0.0.117 "DELETE /v2.0/networks/c877fa1a-14bd-455a-9c0e-6bfe56d5ab6c HTTP/1.1" status: 204 len: 168 time: 0.4918585
2026-05-12 17:42:11.496 9 INFO neutron.db.segments_db [None req-3a8bb2e0-9b46-42a3-8f4f-351dcbde07e6 417aae38aeed4e2cb191ebfd8d79b7d3 1783fc5538504035ba1b2d68b108e56d - - - -] Added segment 96cffccb-5284-4663-ad7b-094c7cd17d83 of type geneve for network 530fcd2d-77f9-4969-8009-df86b8f7a880
2026-05-12 17:42:11.529 10 INFO neutron.wsgi [req-d55474f7-6ba4-4f30-a232-0432671e9525 req-e5fe60d1-4075-405b-a9c7-dfcc5e471487 a3c963cec92a49e49d3b16938df9dbf3 be0d6c1e66e94dd7b3388cb1d83dc57d - - default default] 10.0.0.230 "GET /v2.0/ports?device_id=32dae99e-d6c1-4d44-8a3b-12bc2f9054e4 HTTP/1.1" status: 200 len: 1365 time: 0.0342407
2026-05-12 17:42:11.624 9 INFO neutron.db.ovn_revision_numbers_db [None req-3a8bb2e0-9b46-42a3-8f4f-351dcbde07e6 417aae38aeed4e2cb191ebfd8d79b7d3 1783fc5538504035ba1b2d68b108e56d - - - -] Successfully bumped revision number for resource 530fcd2d-77f9-4969-8009-df86b8f7a880 (type: networks) to 1
2026-05-12 17:42:11.669 9 INFO neutron.notifiers.nova [-] Nova event matching ['req-76f8e30c-3190-442c-8289-837b2f8c539b'] response: {'server_uuid': '32dae99e-d6c1-4d44-8a3b-12bc2f9054e4', 'name': 'network-vif-plugged', 'status': 'completed', 'tag': '4c8365ac-e2e0-4491-b2b4-bbb90b519011', 'code': 200}
2026-05-12 17:42:11.669 9 INFO neutron.notifiers.nova [-] Nova event matching ['req-76f8e30c-3190-442c-8289-837b2f8c539b'] response: {'server_uuid': '32dae99e-d6c1-4d44-8a3b-12bc2f9054e4', 'name': 'network-vif-plugged', 'status': 'completed', 'tag': '4c8365ac-e2e0-4491-b2b4-bbb90b519011', 'code': 200}
2026-05-12 17:42:11.843 9 WARNING neutron.scheduler.dhcp_agent_scheduler [None req-3a8bb2e0-9b46-42a3-8f4f-351dcbde07e6 417aae38aeed4e2cb191ebfd8d79b7d3 1783fc5538504035ba1b2d68b108e56d - - - -] No more DHCP agents
2026-05-12 17:42:11.845 9 WARNING neutron.api.rpc.agentnotifiers.dhcp_rpc_agent_api [None req-3a8bb2e0-9b46-42a3-8f4f-351dcbde07e6 417aae38aeed4e2cb191ebfd8d79b7d3 1783fc5538504035ba1b2d68b108e56d - - - -] Unable to schedule network 530fcd2d-77f9-4969-8009-df86b8f7a880: no agents available; will retry on subsequent port and subnet creation events.
2026-05-12 17:42:11.932 9 INFO neutron.db.ovn_revision_numbers_db [None req-3a8bb2e0-9b46-42a3-8f4f-351dcbde07e6 417aae38aeed4e2cb191ebfd8d79b7d3 1783fc5538504035ba1b2d68b108e56d - - - -] Successfully bumped revision number for resource 806d2772-f9ce-4793-a2ec-4dc9f9a83b3d (type: ports) to 1
2026-05-12 17:42:11.956 9 INFO neutron.wsgi [None req-3a8bb2e0-9b46-42a3-8f4f-351dcbde07e6 417aae38aeed4e2cb191ebfd8d79b7d3 1783fc5538504035ba1b2d68b108e56d - - - -] 10.0.0.117 "POST /v2.0/networks HTTP/1.1" status: 201 len: 830 time: 0.5595043
2026-05-12 17:42:12.039 9 INFO neutron.db.segments_db [None req-135d6f26-dd73-4ae1-83c1-03023d40cd99 417aae38aeed4e2cb191ebfd8d79b7d3 1783fc5538504035ba1b2d68b108e56d - - - -] Added segment 88142e2a-a70c-452a-bfff-0d8cd2fdeab3 of type geneve for network 5324f590-914a-4cad-b771-82408277f2c1
2026-05-12 17:42:12.166 9 INFO neutron.db.ovn_revision_numbers_db [None req-135d6f26-dd73-4ae1-83c1-03023d40cd99 417aae38aeed4e2cb191ebfd8d79b7d3 1783fc5538504035ba1b2d68b108e56d - - - -] Successfully bumped revision number for resource 5324f590-914a-4cad-b771-82408277f2c1 (type: networks) to 1
2026-05-12 17:42:12.270 10 INFO neutron.wsgi [None req-01b12064-fdc6-4d9a-a595-7e541b0e42a5 a3c963cec92a49e49d3b16938df9dbf3 be0d6c1e66e94dd7b3388cb1d83dc57d - - default default] 10.0.0.117 "GET /v2.0/security-groups?tenant_id=da09d8798ee649a8b7112caa06bd4db0&name=default HTTP/1.1" status: 200 len: 2996 time: 0.1223791
2026-05-12 17:42:12.354 9 WARNING neutron.scheduler.dhcp_agent_scheduler [None req-135d6f26-dd73-4ae1-83c1-03023d40cd99 417aae38aeed4e2cb191ebfd8d79b7d3 1783fc5538504035ba1b2d68b108e56d - - - -] No more DHCP agents
2026-05-12 17:42:12.357 9 WARNING neutron.api.rpc.agentnotifiers.dhcp_rpc_agent_api [None req-135d6f26-dd73-4ae1-83c1-03023d40cd99 417aae38aeed4e2cb191ebfd8d79b7d3 1783fc5538504035ba1b2d68b108e56d - - - -] Unable to schedule network 5324f590-914a-4cad-b771-82408277f2c1: no agents available; will retry on subsequent port and subnet creation events.
2026-05-12 17:42:12.416 9 INFO neutron.db.ovn_revision_numbers_db [None req-135d6f26-dd73-4ae1-83c1-03023d40cd99 417aae38aeed4e2cb191ebfd8d79b7d3 1783fc5538504035ba1b2d68b108e56d - - - -] Successfully bumped revision number for resource 11cce89f-e0de-49af-8c17-c7f59ff02d33 (type: ports) to 1
2026-05-12 17:42:12.448 9 INFO neutron.wsgi [None req-135d6f26-dd73-4ae1-83c1-03023d40cd99 417aae38aeed4e2cb191ebfd8d79b7d3 1783fc5538504035ba1b2d68b108e56d - - - -] 10.0.0.117 "POST /v2.0/networks HTTP/1.1" status: 201 len: 831 time: 0.4856327
2026-05-12 17:42:12.504 9 INFO neutron.wsgi [None req-6de9335f-89a5-48cb-b857-885018ddb4a1 417aae38aeed4e2cb191ebfd8d79b7d3 1783fc5538504035ba1b2d68b108e56d - - - -] 10.0.0.117 "PUT /v2.0/networks/3b0412f3-60fd-4cba-8141-526f72b0d9c1/tags HTTP/1.1" status: 200 len: 210 time: 0.0513792
2026-05-12 17:42:12.504 10 INFO neutron.wsgi [None req-0b4af3a3-4cec-4c26-ad12-9ed8b826e873 a3c963cec92a49e49d3b16938df9dbf3 be0d6c1e66e94dd7b3388cb1d83dc57d - - - -] 10.0.0.117 "DELETE /v2.0/security-groups/75f37806-cb57-4d9c-9b90-9de11e976a82 HTTP/1.1" status: 204 len: 168 time: 0.2301040
2026-05-12 17:42:12.580 10 INFO neutron.wsgi [None req-68494f8e-f3b0-4484-a25c-ab774297011c 417aae38aeed4e2cb191ebfd8d79b7d3 1783fc5538504035ba1b2d68b108e56d - - - -] 10.0.0.117 "PUT /v2.0/networks/e88d0ed8-ad15-4c21-855f-8482645d42ff/tags HTTP/1.1" status: 200 len: 218 time: 0.0715210
2026-05-12 17:42:12.660 10 INFO neutron.wsgi [None req-9591ec2e-d4d7-47b9-9bab-952e00684746 417aae38aeed4e2cb191ebfd8d79b7d3 1783fc5538504035ba1b2d68b108e56d - - - -] 10.0.0.117 "PUT /v2.0/networks/e6ac646e-4afd-4193-a803-a2973a7792c9/tags HTTP/1.1" status: 200 len: 227 time: 0.0739820
2026-05-12 17:42:12.738 10 INFO neutron.wsgi [None req-66b0999f-7dcb-4ed2-9a86-57e1e437685c 417aae38aeed4e2cb191ebfd8d79b7d3 1783fc5538504035ba1b2d68b108e56d - - - -] 10.0.0.117 "PUT /v2.0/networks/530fcd2d-77f9-4969-8009-df86b8f7a880/tags HTTP/1.1" status: 200 len: 212 time: 0.0719557
2026-05-12 17:42:12.795 10 INFO neutron.db.ovn_revision_numbers_db [None req-abaa1974-c1a2-49bc-83f1-5e68784ce8f7 a3c963cec92a49e49d3b16938df9dbf3 be0d6c1e66e94dd7b3388cb1d83dc57d - - default default] Successfully bumped revision number for resource c04366ce-af8e-401d-bb1e-7104babb71c4 (type: security_groups) to 1
2026-05-12 17:42:12.823 10 INFO neutron.wsgi [None req-abaa1974-c1a2-49bc-83f1-5e68784ce8f7 a3c963cec92a49e49d3b16938df9dbf3 be0d6c1e66e94dd7b3388cb1d83dc57d - - default default] 10.0.0.117 "GET /v2.0/security-groups?tenant_id=bf8560429f6e4b87ae6ece59adb4a7ae&name=default HTTP/1.1" status: 200 len: 2996 time: 0.2036240
2026-05-12 17:42:12.842 9 INFO neutron.wsgi [None req-1aa23b6b-01b5-45d0-b2a8-89d25e4b9b8c 417aae38aeed4e2cb191ebfd8d79b7d3 1783fc5538504035ba1b2d68b108e56d - - default default] 10.0.0.117 "GET /v2.0/networks?tags=red HTTP/1.1" status: 200 len: 2069 time: 0.0981817
2026-05-12 17:42:12.948 10 INFO neutron.wsgi [None req-e762d579-b692-4378-b6bb-6bdd4d012e4a 417aae38aeed4e2cb191ebfd8d79b7d3 1783fc5538504035ba1b2d68b108e56d - - default default] 10.0.0.117 "GET /v2.0/networks?tags=red%2Cblue HTTP/1.1" status: 200 len: 1456 time: 0.1004512
2026-05-12 17:42:13.036 9 INFO neutron.wsgi [None req-1b7a65d0-25ac-450f-9594-97b9eeece160 417aae38aeed4e2cb191ebfd8d79b7d3 1783fc5538504035ba1b2d68b108e56d - - default default] 10.0.0.117 "GET /v2.0/networks?tags-any=blue HTTP/1.1" status: 200 len: 1456 time: 0.0825377
2026-05-12 17:42:13.129 10 INFO neutron.wsgi [None req-2a54e98e-5446-416a-ad6e-d9870fe12f3b 417aae38aeed4e2cb191ebfd8d79b7d3 1783fc5538504035ba1b2d68b108e56d - - default default] 10.0.0.117 "GET /v2.0/networks?tags-any=red%2Cblue HTTP/1.1" status: 200 len: 2069 time: 0.0874295
2026-05-12 17:42:13.143 9 INFO neutron.wsgi [None req-1f0fe553-102e-4850-a30d-391d35f95d54 a3c963cec92a49e49d3b16938df9dbf3 be0d6c1e66e94dd7b3388cb1d83dc57d - - - -] 10.0.0.117 "DELETE /v2.0/security-groups/c04366ce-af8e-401d-bb1e-7104babb71c4 HTTP/1.1" status: 204 len: 168 time: 0.3148940
2026-05-12 17:42:13.267 10 INFO neutron.wsgi [None req-04ac08a5-3722-4623-b616-73c096f9b460 417aae38aeed4e2cb191ebfd8d79b7d3 1783fc5538504035ba1b2d68b108e56d - - default default] 10.0.0.117 "GET /v2.0/networks?not-tags=red HTTP/1.1" status: 200 len: 2068 time: 0.1330335
2026-05-12 17:42:13.405 10 INFO neutron.wsgi [None req-00db0d7f-ca0a-44d1-8635-1687caec4446 417aae38aeed4e2cb191ebfd8d79b7d3 1783fc5538504035ba1b2d68b108e56d - - default default] 10.0.0.117 "GET /v2.0/networks?not-tags=red%2Cblue HTTP/1.1" status: 200 len: 2681 time: 0.1315351
2026-05-12 17:42:13.535 10 INFO neutron.wsgi [None req-5a321e92-8852-4b77-83c2-85d335dcd7b5 417aae38aeed4e2cb191ebfd8d79b7d3 1783fc5538504035ba1b2d68b108e56d - - default default] 10.0.0.117 "GET /v2.0/networks?not-tags-any=blue HTTP/1.1" status: 200 len: 2681 time: 0.1246765
2026-05-12 17:42:13.619 10 INFO neutron.wsgi [None req-78d42b6b-6ffa-433b-b653-9559ed66e063 417aae38aeed4e2cb191ebfd8d79b7d3 1783fc5538504035ba1b2d68b108e56d - - default default] 10.0.0.117 "GET /v2.0/networks?not-tags-any=red%2Cblue HTTP/1.1" status: 200 len: 2068 time: 0.0793047
2026-05-12 17:42:13.752 9 INFO neutron.wsgi [req-e635cc40-8e47-40ff-a5b5-06d0a7255333 req-e78776e5-90be-4c36-a65e-b76b28770d40 a3c963cec92a49e49d3b16938df9dbf3 be0d6c1e66e94dd7b3388cb1d83dc57d - - default default] 10.0.0.230 "GET /v2.0/ports?device_id=32dae99e-d6c1-4d44-8a3b-12bc2f9054e4 HTTP/1.1" status: 200 len: 1365 time: 0.0348265
2026-05-12 17:42:13.791 9 INFO neutron.wsgi [req-e635cc40-8e47-40ff-a5b5-06d0a7255333 req-2d920cb0-8e5e-4ed7-8c0c-194eb945c1b3 a3c963cec92a49e49d3b16938df9dbf3 be0d6c1e66e94dd7b3388cb1d83dc57d - - default default] 10.0.0.230 "GET /v2.0/security-groups?id=841ec343-e7f6-454c-b7c8-692dc6f19188&fields=id&fields=name HTTP/1.1" status: 200 len: 294 time: 0.0326645
2026-05-12 17:42:13.906 10 INFO neutron.wsgi [req-81b935db-51ee-422f-a9e6-e7362bf6c759 req-f6b92e3f-f21a-4893-b6b2-d500754ecfca a3c963cec92a49e49d3b16938df9dbf3 be0d6c1e66e94dd7b3388cb1d83dc57d - - default default] 10.0.0.230 "GET /v2.0/ports?device_id=32dae99e-d6c1-4d44-8a3b-12bc2f9054e4 HTTP/1.1" status: 200 len: 1365 time: 0.0421038
2026-05-12 17:42:14.006 10 INFO neutron.services.segments.plugin [-] Segment c47e0c43-2bf8-40b6-bfbe-bea77e19492d resource provider aggregate not found
2026-05-12 17:42:14.024 10 INFO neutron.services.segments.plugin [-] Segment c47e0c43-2bf8-40b6-bfbe-bea77e19492d resource provider aggregate not found
2026-05-12 17:42:14.046 10 INFO neutron.services.segments.plugin [-] Segment c47e0c43-2bf8-40b6-bfbe-bea77e19492d resource provider not found; error: Placement Client Error (4xx): {"errors": [{"status": 404, "title": "Not Found", "detail": "The resource could not be found.\n\n No resource provider with uuid c47e0c43-2bf8-40b6-bfbe-bea77e19492d found for delete ", "request_id": "req-dcf7eeff-3fe4-439c-9f4a-f51729479a3b"}]}
2026-05-12 17:42:14.056 10 INFO neutron.services.segments.plugin [-] Segment c47e0c43-2bf8-40b6-bfbe-bea77e19492d resource provider not found; error: Placement Client Error (4xx): {"errors": [{"status": 404, "title": "Not Found", "detail": "The resource could not be found.\n\n No resource provider with uuid c47e0c43-2bf8-40b6-bfbe-bea77e19492d found for delete ", "request_id": "req-5cd628a9-986c-4d2c-a94a-d2b295dd7a0d"}]}
2026-05-12 17:42:14.078 10 INFO neutron.wsgi [None req-61c00b05-79f8-4ab5-aeec-9ee0b769c3b5 417aae38aeed4e2cb191ebfd8d79b7d3 1783fc5538504035ba1b2d68b108e56d - - - -] 10.0.0.117 "DELETE /v2.0/networks/3b0412f3-60fd-4cba-8141-526f72b0d9c1 HTTP/1.1" status: 204 len: 168 time: 0.4507127
2026-05-12 17:42:14.484 10 INFO neutron.wsgi [None req-944033fe-0642-44bf-a96d-6d3aea1bf39c 417aae38aeed4e2cb191ebfd8d79b7d3 1783fc5538504035ba1b2d68b108e56d - - - -] 10.0.0.117 "DELETE /v2.0/networks/e88d0ed8-ad15-4c21-855f-8482645d42ff HTTP/1.1" status: 204 len: 168 time: 0.3982098
2026-05-12 17:42:14.867 9 INFO neutron.services.segments.plugin [-] Segment 095531e5-ed09-4955-b8f2-8ca8aa970581 resource provider aggregate not found
2026-05-12 17:42:14.874 9 INFO neutron.services.segments.plugin [-] Segment 095531e5-ed09-4955-b8f2-8ca8aa970581 resource provider aggregate not found
2026-05-12 17:42:15.218 9 INFO neutron.services.segments.plugin [-] Segment 095531e5-ed09-4955-b8f2-8ca8aa970581 resource provider not found; error: Placement Client Error (4xx): {"errors": [{"status": 404, "title": "Not Found", "detail": "The resource could not be found.\n\n No resource provider with uuid 095531e5-ed09-4955-b8f2-8ca8aa970581 found for delete ", "request_id": "req-95cdebd5-4f7d-4368-a7ea-636cd22409b3"}]}
2026-05-12 17:42:15.224 9 INFO neutron.services.segments.plugin [-] Segment 095531e5-ed09-4955-b8f2-8ca8aa970581 resource provider not found; error: Placement Client Error (4xx): {"errors": [{"status": 404, "title": "Not Found", "detail": "The resource could not be found.\n\n No resource provider with uuid 095531e5-ed09-4955-b8f2-8ca8aa970581 found for delete ", "request_id": "req-695072ba-1d69-449d-bbfe-93b0f89ecd9b"}]}
2026-05-12 17:42:15.256 9 INFO neutron.wsgi [None req-44861d6a-4203-41f8-81ca-d5d9d383af8d 417aae38aeed4e2cb191ebfd8d79b7d3 1783fc5538504035ba1b2d68b108e56d - - - -] 10.0.0.117 "DELETE /v2.0/networks/e6ac646e-4afd-4193-a803-a2973a7792c9 HTTP/1.1" status: 204 len: 168 time: 0.7652774
2026-05-12 17:42:15.725 10 INFO neutron.wsgi [None req-2c4fbbde-da59-4c8f-822e-dc4f0f35b0f3 417aae38aeed4e2cb191ebfd8d79b7d3 1783fc5538504035ba1b2d68b108e56d - - - -] 10.0.0.117 "DELETE /v2.0/networks/530fcd2d-77f9-4969-8009-df86b8f7a880 HTTP/1.1" status: 204 len: 168 time: 0.4635737
2026-05-12 17:42:16.075 10 INFO neutron.services.segments.plugin [-] Segment 617d164a-58ed-416e-9dfb-97e96aafc3dd resource provider aggregate not found
2026-05-12 17:42:16.083 10 INFO neutron.services.segments.plugin [-] Segment 617d164a-58ed-416e-9dfb-97e96aafc3dd resource provider aggregate not found
2026-05-12 17:42:16.103 10 INFO neutron.services.segments.plugin [-] Segment 617d164a-58ed-416e-9dfb-97e96aafc3dd resource provider not found; error: Placement Client Error (4xx): {"errors": [{"status": 404, "title": "Not Found", "detail": "The resource could not be found.\n\n No resource provider with uuid 617d164a-58ed-416e-9dfb-97e96aafc3dd found for delete ", "request_id": "req-f5cc5204-6b2b-451e-9737-5c9276895a9c"}]}
2026-05-12 17:42:16.112 10 INFO neutron.services.segments.plugin [-] Segment 617d164a-58ed-416e-9dfb-97e96aafc3dd resource provider not found; error: Placement Client Error (4xx): {"errors": [{"status": 404, "title": "Not Found", "detail": "The resource could not be found.\n\n No resource provider with uuid 617d164a-58ed-416e-9dfb-97e96aafc3dd found for delete ", "request_id": "req-b907d05c-14f6-4317-9ee7-47ccdfd13d11"}]}
2026-05-12 17:42:16.131 10 INFO neutron.services.segments.plugin [-] Segment 96cffccb-5284-4663-ad7b-094c7cd17d83 resource provider aggregate not found
2026-05-12 17:42:16.139 10 INFO neutron.services.segments.plugin [-] Segment 96cffccb-5284-4663-ad7b-094c7cd17d83 resource provider aggregate not found
2026-05-12 17:42:16.151 10 INFO neutron.services.segments.plugin [-] Segment 96cffccb-5284-4663-ad7b-094c7cd17d83 resource provider not found; error: Placement Client Error (4xx): {"errors": [{"status": 404, "title": "Not Found", "detail": "The resource could not be found.\n\n No resource provider with uuid 96cffccb-5284-4663-ad7b-094c7cd17d83 found for delete ", "request_id": "req-c2d49c7f-a51c-455c-9c15-9b67afc1f710"}]}
2026-05-12 17:42:16.165 10 INFO neutron.services.segments.plugin [-] Segment 96cffccb-5284-4663-ad7b-094c7cd17d83 resource provider not found; error: Placement Client Error (4xx): {"errors": [{"status": 404, "title": "Not Found", "detail": "The resource could not be found.\n\n No resource provider with uuid 96cffccb-5284-4663-ad7b-094c7cd17d83 found for delete ", "request_id": "req-c6bc0403-0cf9-4949-b481-7dd3fecc45ed"}]}
2026-05-12 17:42:16.175 9 INFO neutron.wsgi [None req-e64c4e97-a80b-4af7-b0da-5fbd75ef130c 417aae38aeed4e2cb191ebfd8d79b7d3 1783fc5538504035ba1b2d68b108e56d - - - -] 10.0.0.117 "DELETE /v2.0/networks/5324f590-914a-4cad-b771-82408277f2c1 HTTP/1.1" status: 204 len: 168 time: 0.4437184
2026-05-12 17:42:17.096 9 INFO neutron.wsgi [-] 10.0.0.211 "GET / HTTP/1.1" status: 200 len: 246 time: 0.0028577
2026-05-12 17:42:17.096 10 INFO neutron.wsgi [-] 10.0.0.211 "GET / HTTP/1.1" status: 200 len: 246 time: 0.0033300
2026-05-12 17:42:17.244 9 INFO neutron.services.segments.plugin [-] Segment 88142e2a-a70c-452a-bfff-0d8cd2fdeab3 resource provider aggregate not found
2026-05-12 17:42:17.255 9 INFO neutron.services.segments.plugin [-] Segment 88142e2a-a70c-452a-bfff-0d8cd2fdeab3 resource provider aggregate not found
2026-05-12 17:42:17.263 9 INFO neutron.services.segments.plugin [-] Segment 88142e2a-a70c-452a-bfff-0d8cd2fdeab3 resource provider not found; error: Placement Client Error (4xx): {"errors": [{"status": 404, "title": "Not Found", "detail": "The resource could not be found.\n\n No resource provider with uuid 88142e2a-a70c-452a-bfff-0d8cd2fdeab3 found for delete ", "request_id": "req-c5a420cc-1ee0-4f9f-bb14-5acf5529c824"}]}
2026-05-12 17:42:17.275 9 INFO neutron.services.segments.plugin [-] Segment 88142e2a-a70c-452a-bfff-0d8cd2fdeab3 resource provider not found; error: Placement Client Error (4xx): {"errors": [{"status": 404, "title": "Not Found", "detail": "The resource could not be found.\n\n No resource provider with uuid 88142e2a-a70c-452a-bfff-0d8cd2fdeab3 found for delete ", "request_id": "req-6facf023-59e3-4f4c-958b-c0f202339281"}]}
2026-05-12 17:42:17.367 9 INFO neutron.db.ovn_revision_numbers_db [None req-07880351-6158-471e-8f90-e1f9d6e1c034 a3c963cec92a49e49d3b16938df9dbf3 be0d6c1e66e94dd7b3388cb1d83dc57d - - default default] Successfully bumped revision number for resource 80bc4ad7-438e-41af-b065-92e407539ece (type: security_groups) to 1
2026-05-12 17:42:17.394 9 INFO neutron.wsgi [None req-07880351-6158-471e-8f90-e1f9d6e1c034 a3c963cec92a49e49d3b16938df9dbf3 be0d6c1e66e94dd7b3388cb1d83dc57d - - default default] 10.0.0.117 "GET /v2.0/security-groups?tenant_id=b95ca4fa38d74acc95c15ddeabb1bc26&name=default HTTP/1.1" status: 200 len: 2997 time: 0.2971103
2026-05-12 17:42:17.564 10 INFO neutron.db.ovn_revision_numbers_db [None req-c87a2d61-b955-41e3-9e62-f77c622fe637 511f0e85341145fc83d3ad28fc61df0e 8196642127b244799b236ede7a4d7444 - - - -] Successfully bumped revision number for resource d9c91cf1-aaec-4d7c-a85f-82938721873f (type: security_groups) to 1
2026-05-12 17:42:17.601 9 INFO neutron.wsgi [None req-abd2dc27-966c-4dfe-860a-02091a9a968c a3c963cec92a49e49d3b16938df9dbf3 be0d6c1e66e94dd7b3388cb1d83dc57d - - - -] 10.0.0.117 "DELETE /v2.0/security-groups/80bc4ad7-438e-41af-b065-92e407539ece HTTP/1.1" status: 204 len: 168 time: 0.2034993
2026-05-12 17:42:17.631 10 INFO neutron.db.segments_db [None req-c87a2d61-b955-41e3-9e62-f77c622fe637 511f0e85341145fc83d3ad28fc61df0e 8196642127b244799b236ede7a4d7444 - - - -] Added segment ff8fab9a-0bac-48d7-9b07-077f4d175275 of type geneve for network 40b1a45c-29a2-4f10-95db-3c7b212c44ac
2026-05-12 17:42:17.771 10 INFO neutron.wsgi [None req-73578e19-c50b-4ae6-a318-e0209cfbbe21 a3c963cec92a49e49d3b16938df9dbf3 be0d6c1e66e94dd7b3388cb1d83dc57d - - default default] 10.0.0.117 "GET /v2.0/security-groups?tenant_id=1783fc5538504035ba1b2d68b108e56d&name=default HTTP/1.1" status: 200 len: 2996 time: 0.0501361
2026-05-12 17:42:17.813 10 INFO neutron.db.ovn_revision_numbers_db [None req-c87a2d61-b955-41e3-9e62-f77c622fe637 511f0e85341145fc83d3ad28fc61df0e 8196642127b244799b236ede7a4d7444 - - - -] Successfully bumped revision number for resource 40b1a45c-29a2-4f10-95db-3c7b212c44ac (type: networks) to 1
2026-05-12 17:42:18.005 10 WARNING neutron.scheduler.dhcp_agent_scheduler [None req-c87a2d61-b955-41e3-9e62-f77c622fe637 511f0e85341145fc83d3ad28fc61df0e 8196642127b244799b236ede7a4d7444 - - - -] No more DHCP agents
2026-05-12 17:42:18.009 10 WARNING neutron.api.rpc.agentnotifiers.dhcp_rpc_agent_api [None req-c87a2d61-b955-41e3-9e62-f77c622fe637 511f0e85341145fc83d3ad28fc61df0e 8196642127b244799b236ede7a4d7444 - - - -] Unable to schedule network 40b1a45c-29a2-4f10-95db-3c7b212c44ac: no agents available; will retry on subsequent port and subnet creation events.
2026-05-12 17:42:18.354 10 INFO neutron.wsgi [None req-19f0f546-ebef-4c23-a7f4-d397ba54ea85 a3c963cec92a49e49d3b16938df9dbf3 be0d6c1e66e94dd7b3388cb1d83dc57d - - - -] 10.0.0.117 "DELETE /v2.0/security-groups/f162a0d4-fdda-4356-8368-ff9c5ab7bccf HTTP/1.1" status: 204 len: 168 time: 0.5766873
2026-05-12 17:42:18.376 10 INFO neutron.db.ovn_revision_numbers_db [None req-c87a2d61-b955-41e3-9e62-f77c622fe637 511f0e85341145fc83d3ad28fc61df0e 8196642127b244799b236ede7a4d7444 - - - -] Successfully bumped revision number for resource ea0f13b1-4a7e-4b69-97d0-e8e8acf64f8a (type: ports) to 1
2026-05-12 17:42:18.420 10 INFO neutron.wsgi [None req-c87a2d61-b955-41e3-9e62-f77c622fe637 511f0e85341145fc83d3ad28fc61df0e 8196642127b244799b236ede7a4d7444 - - - -] 10.0.0.117 "POST /v2.0/networks HTTP/1.1" status: 201 len: 831 time: 1.0300109
2026-05-12 17:42:18.664 9 INFO neutron.db.ovn_revision_numbers_db [None req-f826d885-7909-4bc6-97c1-8cef347382cf a3c963cec92a49e49d3b16938df9dbf3 be0d6c1e66e94dd7b3388cb1d83dc57d - - default default] Successfully bumped revision number for resource e69f54ce-77f2-46ea-ad3b-f85b2ed78dc1 (type: security_groups) to 1
2026-05-12 17:42:18.699 9 INFO neutron.wsgi [None req-f826d885-7909-4bc6-97c1-8cef347382cf a3c963cec92a49e49d3b16938df9dbf3 be0d6c1e66e94dd7b3388cb1d83dc57d - - default default] 10.0.0.117 "GET /v2.0/security-groups?tenant_id=f241cbd19b0144648605f42e170f1454&name=default HTTP/1.1" status: 200 len: 3000 time: 0.1723061
2026-05-12 17:42:18.775 10 WARNING neutron.scheduler.dhcp_agent_scheduler [None req-d1f064c7-6558-485c-8fbe-bca8a49b9bb4 511f0e85341145fc83d3ad28fc61df0e 8196642127b244799b236ede7a4d7444 - - - -] No more DHCP agents
2026-05-12 17:42:18.778 10 WARNING neutron.api.rpc.agentnotifiers.dhcp_rpc_agent_api [None req-d1f064c7-6558-485c-8fbe-bca8a49b9bb4 511f0e85341145fc83d3ad28fc61df0e 8196642127b244799b236ede7a4d7444 - - - -] Unable to schedule network 40b1a45c-29a2-4f10-95db-3c7b212c44ac: no agents available; will retry on subsequent port and subnet creation events.
2026-05-12 17:42:18.958 9 INFO neutron.wsgi [None req-caef2b7c-02d3-4c96-89aa-cc5b4f6e954b a3c963cec92a49e49d3b16938df9dbf3 be0d6c1e66e94dd7b3388cb1d83dc57d - - - -] 10.0.0.117 "DELETE /v2.0/security-groups/e69f54ce-77f2-46ea-ad3b-f85b2ed78dc1 HTTP/1.1" status: 204 len: 168 time: 0.2480397
2026-05-12 17:42:19.308 10 INFO neutron.db.ovn_revision_numbers_db [None req-d1f064c7-6558-485c-8fbe-bca8a49b9bb4 511f0e85341145fc83d3ad28fc61df0e 8196642127b244799b236ede7a4d7444 - - - -] Successfully bumped revision number for resource ea0f13b1-4a7e-4b69-97d0-e8e8acf64f8a (type: ports) to 2
2026-05-12 17:42:19.321 10 INFO neutron.db.ovn_revision_numbers_db [None req-d1f064c7-6558-485c-8fbe-bca8a49b9bb4 511f0e85341145fc83d3ad28fc61df0e 8196642127b244799b236ede7a4d7444 - - - -] Successfully bumped revision number for resource f99ad58a-02e6-4360-b64d-84d27d326770 (type: subnets) to 0
2026-05-12 17:42:19.336 10 INFO neutron.wsgi [None req-d1f064c7-6558-485c-8fbe-bca8a49b9bb4 511f0e85341145fc83d3ad28fc61df0e 8196642127b244799b236ede7a4d7444 - - - -] 10.0.0.117 "POST /v2.0/subnets HTTP/1.1" status: 201 len: 801 time: 0.9081171
2026-05-12 17:42:19.426 9 INFO neutron.db.segments_db [None req-ca049645-08b8-4c11-b006-b4e75342c6d5 511f0e85341145fc83d3ad28fc61df0e 8196642127b244799b236ede7a4d7444 - - - -] Added segment 162dd37e-73ce-4530-95cc-5036ad9246bf of type geneve for network e784e253-985f-4301-9380-d1cd4b54ced8
2026-05-12 17:42:19.621 9 INFO neutron.db.ovn_revision_numbers_db [None req-ca049645-08b8-4c11-b006-b4e75342c6d5 511f0e85341145fc83d3ad28fc61df0e 8196642127b244799b236ede7a4d7444 - - - -] Successfully bumped revision number for resource e784e253-985f-4301-9380-d1cd4b54ced8 (type: networks) to 1
2026-05-12 17:42:19.801 9 WARNING neutron.scheduler.dhcp_agent_scheduler [None req-ca049645-08b8-4c11-b006-b4e75342c6d5 511f0e85341145fc83d3ad28fc61df0e 8196642127b244799b236ede7a4d7444 - - - -] No more DHCP agents
2026-05-12 17:42:19.803 9 WARNING neutron.api.rpc.agentnotifiers.dhcp_rpc_agent_api [None req-ca049645-08b8-4c11-b006-b4e75342c6d5 511f0e85341145fc83d3ad28fc61df0e 8196642127b244799b236ede7a4d7444 - - - -] Unable to schedule network e784e253-985f-4301-9380-d1cd4b54ced8: no agents available; will retry on subsequent port and subnet creation events.
2026-05-12 17:42:19.868 9 INFO neutron.db.ovn_revision_numbers_db [None req-ca049645-08b8-4c11-b006-b4e75342c6d5 511f0e85341145fc83d3ad28fc61df0e 8196642127b244799b236ede7a4d7444 - - - -] Successfully bumped revision number for resource 925ea55e-6d35-49c9-b7ae-f09854c52479 (type: ports) to 1
2026-05-12 17:42:19.890 9 INFO neutron.wsgi [None req-ca049645-08b8-4c11-b006-b4e75342c6d5 511f0e85341145fc83d3ad28fc61df0e 8196642127b244799b236ede7a4d7444 - - - -] 10.0.0.117 "POST /v2.0/networks HTTP/1.1" status: 201 len: 830 time: 0.5492373
2026-05-12 17:42:20.176 9 WARNING neutron.scheduler.dhcp_agent_scheduler [None req-3247ac45-948e-42b2-8fdc-597caebdf2f2 511f0e85341145fc83d3ad28fc61df0e 8196642127b244799b236ede7a4d7444 - - - -] No more DHCP agents
2026-05-12 17:42:20.179 9 WARNING neutron.api.rpc.agentnotifiers.dhcp_rpc_agent_api [None req-3247ac45-948e-42b2-8fdc-597caebdf2f2 511f0e85341145fc83d3ad28fc61df0e 8196642127b244799b236ede7a4d7444 - - - -] Unable to schedule network e784e253-985f-4301-9380-d1cd4b54ced8: no agents available; will retry on subsequent port and subnet creation events.
2026-05-12 17:42:20.630 9 INFO neutron.db.ovn_revision_numbers_db [None req-3247ac45-948e-42b2-8fdc-597caebdf2f2 511f0e85341145fc83d3ad28fc61df0e 8196642127b244799b236ede7a4d7444 - - - -] Successfully bumped revision number for resource 925ea55e-6d35-49c9-b7ae-f09854c52479 (type: ports) to 2
2026-05-12 17:42:20.644 9 INFO neutron.db.ovn_revision_numbers_db [None req-3247ac45-948e-42b2-8fdc-597caebdf2f2 511f0e85341145fc83d3ad28fc61df0e 8196642127b244799b236ede7a4d7444 - - - -] Successfully bumped revision number for resource c7b1e87e-3ec1-4643-8b32-0eef2e781641 (type: subnets) to 0
2026-05-12 17:42:20.669 9 INFO neutron.wsgi [None req-3247ac45-948e-42b2-8fdc-597caebdf2f2 511f0e85341145fc83d3ad28fc61df0e 8196642127b244799b236ede7a4d7444 - - - -] 10.0.0.117 "POST /v2.0/subnets HTTP/1.1" status: 201 len: 804 time: 0.7751679
2026-05-12 17:42:20.750 9 INFO neutron.db.segments_db [None req-fd0a9a01-46a1-4a21-b646-865578d66ecf 511f0e85341145fc83d3ad28fc61df0e 8196642127b244799b236ede7a4d7444 - - - -] Added segment d7558ae3-aa29-4739-aeee-6e617cac7507 of type geneve for network 615941ca-eacd-48e3-90f8-802d1e5551e3
2026-05-12 17:42:20.889 9 INFO neutron.db.ovn_revision_numbers_db [None req-fd0a9a01-46a1-4a21-b646-865578d66ecf 511f0e85341145fc83d3ad28fc61df0e 8196642127b244799b236ede7a4d7444 - - - -] Successfully bumped revision number for resource 615941ca-eacd-48e3-90f8-802d1e5551e3 (type: networks) to 1
2026-05-12 17:42:21.083 9 WARNING neutron.scheduler.dhcp_agent_scheduler [None req-fd0a9a01-46a1-4a21-b646-865578d66ecf 511f0e85341145fc83d3ad28fc61df0e 8196642127b244799b236ede7a4d7444 - - - -] No more DHCP agents
2026-05-12 17:42:21.085 9 WARNING neutron.api.rpc.agentnotifiers.dhcp_rpc_agent_api [None req-fd0a9a01-46a1-4a21-b646-865578d66ecf 511f0e85341145fc83d3ad28fc61df0e 8196642127b244799b236ede7a4d7444 - - - -] Unable to schedule network 615941ca-eacd-48e3-90f8-802d1e5551e3: no agents available; will retry on subsequent port and subnet creation events.
2026-05-12 17:42:21.155 9 INFO neutron.db.ovn_revision_numbers_db [None req-fd0a9a01-46a1-4a21-b646-865578d66ecf 511f0e85341145fc83d3ad28fc61df0e 8196642127b244799b236ede7a4d7444 - - - -] Successfully bumped revision number for resource 9d372eec-879c-4709-be81-57d2521a8101 (type: ports) to 1
2026-05-12 17:42:21.174 9 INFO neutron.wsgi [None req-fd0a9a01-46a1-4a21-b646-865578d66ecf 511f0e85341145fc83d3ad28fc61df0e 8196642127b244799b236ede7a4d7444 - - - -] 10.0.0.117 "POST /v2.0/networks HTTP/1.1" status: 201 len: 830 time: 0.4996424
2026-05-12 17:42:21.413 9 WARNING neutron.scheduler.dhcp_agent_scheduler [None req-15946045-788b-4b34-9250-4cbdc72e50b1 511f0e85341145fc83d3ad28fc61df0e 8196642127b244799b236ede7a4d7444 - - - -] No more DHCP agents
2026-05-12 17:42:21.415 9 WARNING neutron.api.rpc.agentnotifiers.dhcp_rpc_agent_api [None req-15946045-788b-4b34-9250-4cbdc72e50b1 511f0e85341145fc83d3ad28fc61df0e 8196642127b244799b236ede7a4d7444 - - - -] Unable to schedule network 615941ca-eacd-48e3-90f8-802d1e5551e3: no agents available; will retry on subsequent port and subnet creation events.
2026-05-12 17:42:21.852 9 INFO neutron.db.ovn_revision_numbers_db [None req-15946045-788b-4b34-9250-4cbdc72e50b1 511f0e85341145fc83d3ad28fc61df0e 8196642127b244799b236ede7a4d7444 - - - -] Successfully bumped revision number for resource 9d372eec-879c-4709-be81-57d2521a8101 (type: ports) to 2
2026-05-12 17:42:21.864 9 INFO neutron.db.ovn_revision_numbers_db [None req-15946045-788b-4b34-9250-4cbdc72e50b1 511f0e85341145fc83d3ad28fc61df0e 8196642127b244799b236ede7a4d7444 - - - -] Successfully bumped revision number for resource 5a44d87b-7d0b-4062-810b-34e2dff30452 (type: subnets) to 0
2026-05-12 17:42:21.877 9 INFO neutron.wsgi [None req-15946045-788b-4b34-9250-4cbdc72e50b1 511f0e85341145fc83d3ad28fc61df0e 8196642127b244799b236ede7a4d7444 - - - -] 10.0.0.117 "POST /v2.0/subnets HTTP/1.1" status: 201 len: 804 time: 0.6948447
2026-05-12 17:42:21.982 9 INFO neutron.db.segments_db [None req-1c72f57e-6472-4722-abac-6d8c734f1624 511f0e85341145fc83d3ad28fc61df0e 8196642127b244799b236ede7a4d7444 - - - -] Added segment 4d7a8909-327e-4d9e-a646-dd9e674004fc of type geneve for network b596b880-30ed-4af4-8f6a-8b51ed9a5b0e
2026-05-12 17:42:22.117 9 INFO neutron.db.ovn_revision_numbers_db [None req-1c72f57e-6472-4722-abac-6d8c734f1624 511f0e85341145fc83d3ad28fc61df0e 8196642127b244799b236ede7a4d7444 - - - -] Successfully bumped revision number for resource b596b880-30ed-4af4-8f6a-8b51ed9a5b0e (type: networks) to 1
2026-05-12 17:42:22.310 9 WARNING neutron.scheduler.dhcp_agent_scheduler [None req-1c72f57e-6472-4722-abac-6d8c734f1624 511f0e85341145fc83d3ad28fc61df0e 8196642127b244799b236ede7a4d7444 - - - -] No more DHCP agents
2026-05-12 17:42:22.319 9 WARNING neutron.api.rpc.agentnotifiers.dhcp_rpc_agent_api [None req-1c72f57e-6472-4722-abac-6d8c734f1624 511f0e85341145fc83d3ad28fc61df0e 8196642127b244799b236ede7a4d7444 - - - -] Unable to schedule network b596b880-30ed-4af4-8f6a-8b51ed9a5b0e: no agents available; will retry on subsequent port and subnet creation events.
2026-05-12 17:42:22.399 9 INFO neutron.db.ovn_revision_numbers_db [None req-1c72f57e-6472-4722-abac-6d8c734f1624 511f0e85341145fc83d3ad28fc61df0e 8196642127b244799b236ede7a4d7444 - - - -] Successfully bumped revision number for resource 02d0e57a-bee0-4bbe-9a9a-f2eb3ff29814 (type: ports) to 1
2026-05-12 17:42:22.428 9 INFO neutron.wsgi [None req-1c72f57e-6472-4722-abac-6d8c734f1624 511f0e85341145fc83d3ad28fc61df0e 8196642127b244799b236ede7a4d7444 - - - -] 10.0.0.117 "POST /v2.0/networks HTTP/1.1" status: 201 len: 831 time: 0.5453668
2026-05-12 17:42:22.673 10 WARNING neutron.scheduler.dhcp_agent_scheduler [None req-9912cd68-b758-4d3f-972b-9b784af24911 511f0e85341145fc83d3ad28fc61df0e 8196642127b244799b236ede7a4d7444 - - - -] No more DHCP agents
2026-05-12 17:42:22.676 10 WARNING neutron.api.rpc.agentnotifiers.dhcp_rpc_agent_api [None req-9912cd68-b758-4d3f-972b-9b784af24911 511f0e85341145fc83d3ad28fc61df0e 8196642127b244799b236ede7a4d7444 - - - -] Unable to schedule network b596b880-30ed-4af4-8f6a-8b51ed9a5b0e: no agents available; will retry on subsequent port and subnet creation events.
2026-05-12 17:42:23.131 10 INFO neutron.db.ovn_revision_numbers_db [None req-9912cd68-b758-4d3f-972b-9b784af24911 511f0e85341145fc83d3ad28fc61df0e 8196642127b244799b236ede7a4d7444 - - - -] Successfully bumped revision number for resource 02d0e57a-bee0-4bbe-9a9a-f2eb3ff29814 (type: ports) to 2
2026-05-12 17:42:23.142 10 INFO neutron.db.ovn_revision_numbers_db [None req-9912cd68-b758-4d3f-972b-9b784af24911 511f0e85341145fc83d3ad28fc61df0e 8196642127b244799b236ede7a4d7444 - - - -] Successfully bumped revision number for resource 2e7b8d09-9cef-41c0-924a-e5839ae4dcc2 (type: subnets) to 0
2026-05-12 17:42:23.156 10 INFO neutron.wsgi [None req-9912cd68-b758-4d3f-972b-9b784af24911 511f0e85341145fc83d3ad28fc61df0e 8196642127b244799b236ede7a4d7444 - - - -] 10.0.0.117 "POST /v2.0/subnets HTTP/1.1" status: 201 len: 804 time: 0.7230194
2026-05-12 17:42:23.252 10 INFO neutron.db.segments_db [None req-7dec3aad-ae9b-4c33-8025-fb67358feee6 511f0e85341145fc83d3ad28fc61df0e 8196642127b244799b236ede7a4d7444 - - - -] Added segment 35c4d289-953c-4562-9302-063764e05a08 of type geneve for network c5ca1ab0-fa31-498c-9d8e-55532c1ad06a
2026-05-12 17:42:23.401 10 INFO neutron.db.ovn_revision_numbers_db [None req-7dec3aad-ae9b-4c33-8025-fb67358feee6 511f0e85341145fc83d3ad28fc61df0e 8196642127b244799b236ede7a4d7444 - - - -] Successfully bumped revision number for resource c5ca1ab0-fa31-498c-9d8e-55532c1ad06a (type: networks) to 1
2026-05-12 17:42:23.730 10 WARNING neutron.scheduler.dhcp_agent_scheduler [None req-7dec3aad-ae9b-4c33-8025-fb67358feee6 511f0e85341145fc83d3ad28fc61df0e 8196642127b244799b236ede7a4d7444 - - - -] No more DHCP agents
2026-05-12 17:42:23.734 10 WARNING neutron.api.rpc.agentnotifiers.dhcp_rpc_agent_api [None req-7dec3aad-ae9b-4c33-8025-fb67358feee6 511f0e85341145fc83d3ad28fc61df0e 8196642127b244799b236ede7a4d7444 - - - -] Unable to schedule network c5ca1ab0-fa31-498c-9d8e-55532c1ad06a: no agents available; will retry on subsequent port and subnet creation events.
2026-05-12 17:42:23.744 10 INFO neutron.db.ovn_revision_numbers_db [None req-155eb8f1-95df-4958-bce8-49c9dbd9fc0d 40b96087cdc14d458a2a22999d6ad0eb 607850dd441a42068a0e21dffedef007 - - - -] Successfully bumped revision number for resource d78ac58f-ab00-430f-b56a-4f626840eee3 (type: routers) to 1
2026-05-12 17:42:23.759 10 INFO neutron.wsgi [None req-155eb8f1-95df-4958-bce8-49c9dbd9fc0d 40b96087cdc14d458a2a22999d6ad0eb 607850dd441a42068a0e21dffedef007 - - - -] 10.0.0.117 "POST /v2.0/routers HTTP/1.1" status: 201 len: 654 time: 0.5566452
2026-05-12 17:42:23.797 10 INFO neutron.db.ovn_revision_numbers_db [None req-7dec3aad-ae9b-4c33-8025-fb67358feee6 511f0e85341145fc83d3ad28fc61df0e 8196642127b244799b236ede7a4d7444 - - - -] Successfully bumped revision number for resource 633f8bd9-5444-48c2-9875-253d81ea24ba (type: ports) to 1
2026-05-12 17:42:23.821 10 INFO neutron.wsgi [None req-7dec3aad-ae9b-4c33-8025-fb67358feee6 511f0e85341145fc83d3ad28fc61df0e 8196642127b244799b236ede7a4d7444 - - - -] 10.0.0.117 "POST /v2.0/networks HTTP/1.1" status: 201 len: 831 time: 0.6596308
2026-05-12 17:42:23.972 9 INFO neutron.db.ovn_revision_numbers_db [None req-d3c1a8f2-d0c7-42e3-9bdf-8547ac724e24 40b96087cdc14d458a2a22999d6ad0eb 607850dd441a42068a0e21dffedef007 - - - -] Successfully bumped revision number for resource c3465525-c14e-4a26-862a-913a4119add4 (type: routers) to 1
2026-05-12 17:42:23.991 9 INFO neutron.wsgi [None req-d3c1a8f2-d0c7-42e3-9bdf-8547ac724e24 40b96087cdc14d458a2a22999d6ad0eb 607850dd441a42068a0e21dffedef007 - - - -] 10.0.0.117 "POST /v2.0/routers HTTP/1.1" status: 201 len: 654 time: 0.2261453
2026-05-12 17:42:24.083 10 WARNING neutron.scheduler.dhcp_agent_scheduler [None req-c789523e-0ab4-4f6d-875a-b7ed2ce9daac 511f0e85341145fc83d3ad28fc61df0e 8196642127b244799b236ede7a4d7444 - - - -] No more DHCP agents
2026-05-12 17:42:24.086 10 WARNING neutron.api.rpc.agentnotifiers.dhcp_rpc_agent_api [None req-c789523e-0ab4-4f6d-875a-b7ed2ce9daac 511f0e85341145fc83d3ad28fc61df0e 8196642127b244799b236ede7a4d7444 - - - -] Unable to schedule network c5ca1ab0-fa31-498c-9d8e-55532c1ad06a: no agents available; will retry on subsequent port and subnet creation events.
2026-05-12 17:42:24.171 9 INFO neutron.db.ovn_revision_numbers_db [None req-e82b71f6-9633-400a-b34c-c56a99cff6f7 40b96087cdc14d458a2a22999d6ad0eb 607850dd441a42068a0e21dffedef007 - - - -] Successfully bumped revision number for resource 7d6c2082-a780-4511-9f76-d74898c7d6dd (type: routers) to 1
2026-05-12 17:42:24.187 9 INFO neutron.wsgi [None req-e82b71f6-9633-400a-b34c-c56a99cff6f7 40b96087cdc14d458a2a22999d6ad0eb 607850dd441a42068a0e21dffedef007 - - - -] 10.0.0.117 "POST /v2.0/routers HTTP/1.1" status: 201 len: 654 time: 0.1900675
2026-05-12 17:42:24.374 9 INFO neutron.db.ovn_revision_numbers_db [None req-122bf1b7-ad73-4a6c-b075-7e737ec36ebd 40b96087cdc14d458a2a22999d6ad0eb 607850dd441a42068a0e21dffedef007 - - - -] Successfully bumped revision number for resource b0251c34-77bb-4678-b878-6d3cca76de92 (type: routers) to 1
2026-05-12 17:42:24.388 9 INFO neutron.wsgi [None req-122bf1b7-ad73-4a6c-b075-7e737ec36ebd 40b96087cdc14d458a2a22999d6ad0eb 607850dd441a42068a0e21dffedef007 - - - -] 10.0.0.117 "POST /v2.0/routers HTTP/1.1" status: 201 len: 654 time: 0.1963317
2026-05-12 17:42:24.543 10 INFO neutron.db.ovn_revision_numbers_db [None req-c789523e-0ab4-4f6d-875a-b7ed2ce9daac 511f0e85341145fc83d3ad28fc61df0e 8196642127b244799b236ede7a4d7444 - - - -] Successfully bumped revision number for resource 633f8bd9-5444-48c2-9875-253d81ea24ba (type: ports) to 2
