2026-05-12 17:44:21.046 9 INFO neutron.notifiers.nova [-] Nova event matching ['req-3432355e-fc2f-4053-8669-a4f7ba380c0a'] response: {'server_uuid': '0e3dd5b4-82e0-4772-b79b-d7db9284cba4', 'name': 'network-vif-deleted', 'tag': '3548de99-08ba-4bc4-addf-958b5083e0b1', 'status': 'completed', 'code': 200}
2026-05-12 17:44:21.516 10 INFO neutron.notifiers.nova [-] Nova event matching ['req-8d756b5c-9145-4d95-af16-3e9c9eea2f9b'] response: {'server_uuid': '0e3dd5b4-82e0-4772-b79b-d7db9284cba4', 'name': 'network-vif-plugged', 'status': 'completed', 'tag': '3548de99-08ba-4bc4-addf-958b5083e0b1', 'code': 200}
2026-05-12 17:44:24.620 10 INFO neutron.wsgi [None req-31d26cb4-f6c0-4fdb-8dcf-2e85e4e65c8e 4af6d2434bae430b83c61a50b14f33cd 86e6311f619a443d8fae00d751d56311 - - - -] 10.0.0.117 "DELETE /v2.0/security-group-rules/a31cc4c5-080b-42ed-94fe-9b1cb7d2f570 HTTP/1.1" status: 204 len: 168 time: 0.1387024
2026-05-12 17:44:24.638 10 INFO neutron.api.v2.resource [None req-4802eec5-7c78-4d2d-bdbd-6e11d0945d47 4af6d2434bae430b83c61a50b14f33cd 86e6311f619a443d8fae00d751d56311 - - default default] show failed (client error): The resource could not be found.
2026-05-12 17:44:24.640 10 INFO neutron.wsgi [None req-4802eec5-7c78-4d2d-bdbd-6e11d0945d47 4af6d2434bae430b83c61a50b14f33cd 86e6311f619a443d8fae00d751d56311 - - default default] 10.0.0.117 "GET /v2.0/security-group-rules/a31cc4c5-080b-42ed-94fe-9b1cb7d2f570 HTTP/1.1" status: 404 len: 356 time: 0.0152228
2026-05-12 17:44:24.801 9 INFO neutron.wsgi [None req-af40f21f-53fa-40f9-bb73-fa676ec5418c 4af6d2434bae430b83c61a50b14f33cd 86e6311f619a443d8fae00d751d56311 - - - -] 10.0.0.117 "DELETE /v2.0/security-group-rules/da45f632-5f8e-4fa7-bdc0-6d1d94884982 HTTP/1.1" status: 204 len: 168 time: 0.1560359
2026-05-12 17:44:24.816 9 INFO neutron.api.v2.resource [None req-8649c141-7c7a-4a64-af09-5dfc7d251d92 4af6d2434bae430b83c61a50b14f33cd 86e6311f619a443d8fae00d751d56311 - - default default] show failed (client error): The resource could not be found.
2026-05-12 17:44:24.818 9 INFO neutron.wsgi [None req-8649c141-7c7a-4a64-af09-5dfc7d251d92 4af6d2434bae430b83c61a50b14f33cd 86e6311f619a443d8fae00d751d56311 - - default default] 10.0.0.117 "GET /v2.0/security-group-rules/da45f632-5f8e-4fa7-bdc0-6d1d94884982 HTTP/1.1" status: 404 len: 356 time: 0.0119307
2026-05-12 17:44:25.005 9 INFO neutron.wsgi [None req-03fbe423-41f5-49dd-9e52-970489eec338 4af6d2434bae430b83c61a50b14f33cd 86e6311f619a443d8fae00d751d56311 - - - -] 10.0.0.117 "DELETE /v2.0/security-group-rules/cd06417d-514a-43a1-8465-016f5d890164 HTTP/1.1" status: 204 len: 168 time: 0.1826291
2026-05-12 17:44:25.031 10 INFO neutron.api.v2.resource [None req-d9f39389-894a-4e9e-9c0d-48f221d2e269 4af6d2434bae430b83c61a50b14f33cd 86e6311f619a443d8fae00d751d56311 - - default default] show failed (client error): The resource could not be found.
2026-05-12 17:44:25.033 10 INFO neutron.wsgi [None req-d9f39389-894a-4e9e-9c0d-48f221d2e269 4af6d2434bae430b83c61a50b14f33cd 86e6311f619a443d8fae00d751d56311 - - default default] 10.0.0.117 "GET /v2.0/security-group-rules/cd06417d-514a-43a1-8465-016f5d890164 HTTP/1.1" status: 404 len: 356 time: 0.0122457
2026-05-12 17:44:25.172 10 INFO neutron.wsgi [None req-d3d1f9dc-bb40-4d20-b694-f7b320619f0f 4af6d2434bae430b83c61a50b14f33cd 86e6311f619a443d8fae00d751d56311 - - - -] 10.0.0.117 "DELETE /v2.0/security-group-rules/bb876b8c-3b83-448c-9173-e8cb4e883e6a HTTP/1.1" status: 204 len: 168 time: 0.1336877
2026-05-12 17:44:25.186 10 INFO neutron.api.v2.resource [None req-48bf560d-b080-46e5-b714-90e370495e65 4af6d2434bae430b83c61a50b14f33cd 86e6311f619a443d8fae00d751d56311 - - default default] show failed (client error): The resource could not be found.
2026-05-12 17:44:25.187 10 INFO neutron.wsgi [None req-48bf560d-b080-46e5-b714-90e370495e65 4af6d2434bae430b83c61a50b14f33cd 86e6311f619a443d8fae00d751d56311 - - default default] 10.0.0.117 "GET /v2.0/security-group-rules/bb876b8c-3b83-448c-9173-e8cb4e883e6a HTTP/1.1" status: 404 len: 356 time: 0.0115423
2026-05-12 17:44:25.294 10 INFO neutron.wsgi [None req-e206961d-d518-4b0d-b98f-4d4fe900f5f2 4af6d2434bae430b83c61a50b14f33cd 86e6311f619a443d8fae00d751d56311 - - - -] 10.0.0.117 "DELETE /v2.0/security-group-rules/f2d12cee-909a-4f7c-bd3a-f0ecf2bf40a5 HTTP/1.1" status: 204 len: 168 time: 0.1033740
2026-05-12 17:44:25.306 10 INFO neutron.api.v2.resource [None req-ba7b54d7-5761-4807-a5bb-037baa225d13 4af6d2434bae430b83c61a50b14f33cd 86e6311f619a443d8fae00d751d56311 - - default default] show failed (client error): The resource could not be found.
2026-05-12 17:44:25.307 10 INFO neutron.wsgi [None req-ba7b54d7-5761-4807-a5bb-037baa225d13 4af6d2434bae430b83c61a50b14f33cd 86e6311f619a443d8fae00d751d56311 - - default default] 10.0.0.117 "GET /v2.0/security-group-rules/f2d12cee-909a-4f7c-bd3a-f0ecf2bf40a5 HTTP/1.1" status: 404 len: 356 time: 0.0091147
2026-05-12 17:44:25.416 10 INFO neutron.wsgi [None req-b5829508-8399-41c8-a8fe-2331cb66e5cf 4af6d2434bae430b83c61a50b14f33cd 86e6311f619a443d8fae00d751d56311 - - - -] 10.0.0.117 "DELETE /v2.0/security-group-rules/02556e67-067a-42e9-a86a-6c7ddc2d5c85 HTTP/1.1" status: 204 len: 168 time: 0.1040022
2026-05-12 17:44:25.431 10 INFO neutron.api.v2.resource [None req-9a81e807-b011-46e3-bee4-b5b12704c93b 4af6d2434bae430b83c61a50b14f33cd 86e6311f619a443d8fae00d751d56311 - - default default] show failed (client error): The resource could not be found.
2026-05-12 17:44:25.432 10 INFO neutron.wsgi [None req-9a81e807-b011-46e3-bee4-b5b12704c93b 4af6d2434bae430b83c61a50b14f33cd 86e6311f619a443d8fae00d751d56311 - - default default] 10.0.0.117 "GET /v2.0/security-group-rules/02556e67-067a-42e9-a86a-6c7ddc2d5c85 HTTP/1.1" status: 404 len: 356 time: 0.0111139
2026-05-12 17:44:25.558 10 INFO neutron.wsgi [None req-e875b3fb-a3af-49bb-a25d-5ae50194ce88 4af6d2434bae430b83c61a50b14f33cd 86e6311f619a443d8fae00d751d56311 - - - -] 10.0.0.117 "DELETE /v2.0/security-group-rules/9bf47673-67cf-4128-afd9-10fa6ace674d HTTP/1.1" status: 204 len: 168 time: 0.1155844
2026-05-12 17:44:25.578 10 INFO neutron.api.v2.resource [None req-aca79681-d545-4b3c-9527-61b80a1e7b2b 4af6d2434bae430b83c61a50b14f33cd 86e6311f619a443d8fae00d751d56311 - - default default] show failed (client error): The resource could not be found.
2026-05-12 17:44:25.579 10 INFO neutron.wsgi [None req-aca79681-d545-4b3c-9527-61b80a1e7b2b 4af6d2434bae430b83c61a50b14f33cd 86e6311f619a443d8fae00d751d56311 - - default default] 10.0.0.117 "GET /v2.0/security-group-rules/9bf47673-67cf-4128-afd9-10fa6ace674d HTTP/1.1" status: 404 len: 356 time: 0.0163696
2026-05-12 17:44:25.680 10 INFO neutron.wsgi [None req-cbab9739-bbd1-4818-94fe-1916cd0c6a18 4af6d2434bae430b83c61a50b14f33cd 86e6311f619a443d8fae00d751d56311 - - - -] 10.0.0.117 "DELETE /v2.0/security-group-rules/44bc8cf4-5776-4df2-a13a-da55402e97c8 HTTP/1.1" status: 204 len: 168 time: 0.0957825
2026-05-12 17:44:25.693 10 INFO neutron.api.v2.resource [None req-518c02fe-2f95-4cd0-9298-d22e9c55882a 4af6d2434bae430b83c61a50b14f33cd 86e6311f619a443d8fae00d751d56311 - - default default] show failed (client error): The resource could not be found.
2026-05-12 17:44:25.694 10 INFO neutron.wsgi [None req-518c02fe-2f95-4cd0-9298-d22e9c55882a 4af6d2434bae430b83c61a50b14f33cd 86e6311f619a443d8fae00d751d56311 - - default default] 10.0.0.117 "GET /v2.0/security-group-rules/44bc8cf4-5776-4df2-a13a-da55402e97c8 HTTP/1.1" status: 404 len: 356 time: 0.0091195
2026-05-12 17:44:25.806 10 INFO neutron.wsgi [None req-603fc31e-c48f-4c61-96cf-9fcb452bfd43 4af6d2434bae430b83c61a50b14f33cd 86e6311f619a443d8fae00d751d56311 - - - -] 10.0.0.117 "DELETE /v2.0/security-group-rules/d2ae8184-9e8d-4220-affe-2cc34e78458d HTTP/1.1" status: 204 len: 168 time: 0.1073110
2026-05-12 17:44:25.825 10 INFO neutron.api.v2.resource [None req-451bfc3a-91e4-468d-b6ce-886ac5bf91d8 4af6d2434bae430b83c61a50b14f33cd 86e6311f619a443d8fae00d751d56311 - - default default] show failed (client error): The resource could not be found.
2026-05-12 17:44:25.826 10 INFO neutron.wsgi [None req-451bfc3a-91e4-468d-b6ce-886ac5bf91d8 4af6d2434bae430b83c61a50b14f33cd 86e6311f619a443d8fae00d751d56311 - - default default] 10.0.0.117 "GET /v2.0/security-group-rules/d2ae8184-9e8d-4220-affe-2cc34e78458d HTTP/1.1" status: 404 len: 356 time: 0.0154686
2026-05-12 17:44:25.948 10 INFO neutron.wsgi [None req-b28a32ac-91b9-4e5f-bd0d-246e23956d30 4af6d2434bae430b83c61a50b14f33cd 86e6311f619a443d8fae00d751d56311 - - - -] 10.0.0.117 "DELETE /v2.0/security-group-rules/f95f8c65-5577-44c0-b2d8-9c87b1fcbac6 HTTP/1.1" status: 204 len: 168 time: 0.1176260
2026-05-12 17:44:25.965 10 INFO neutron.api.v2.resource [None req-754e2a49-0bc2-4031-867f-10537ec3e968 4af6d2434bae430b83c61a50b14f33cd 86e6311f619a443d8fae00d751d56311 - - default default] show failed (client error): The resource could not be found.
2026-05-12 17:44:25.966 10 INFO neutron.wsgi [None req-754e2a49-0bc2-4031-867f-10537ec3e968 4af6d2434bae430b83c61a50b14f33cd 86e6311f619a443d8fae00d751d56311 - - default default] 10.0.0.117 "GET /v2.0/security-group-rules/f95f8c65-5577-44c0-b2d8-9c87b1fcbac6 HTTP/1.1" status: 404 len: 356 time: 0.0120471
2026-05-12 17:44:26.089 10 INFO neutron.wsgi [None req-84e10712-5bd0-42ae-a8d8-1b5646d20a78 4af6d2434bae430b83c61a50b14f33cd 86e6311f619a443d8fae00d751d56311 - - - -] 10.0.0.117 "DELETE /v2.0/security-group-rules/1687d351-0b12-45a7-b5c7-d27aafb50f56 HTTP/1.1" status: 204 len: 168 time: 0.1173735
2026-05-12 17:44:26.107 10 INFO neutron.api.v2.resource [None req-a07f4ba6-ab20-4140-8906-c4fe6af4e8d7 4af6d2434bae430b83c61a50b14f33cd 86e6311f619a443d8fae00d751d56311 - - default default] show failed (client error): The resource could not be found.
2026-05-12 17:44:26.108 10 INFO neutron.wsgi [None req-a07f4ba6-ab20-4140-8906-c4fe6af4e8d7 4af6d2434bae430b83c61a50b14f33cd 86e6311f619a443d8fae00d751d56311 - - default default] 10.0.0.117 "GET /v2.0/security-group-rules/1687d351-0b12-45a7-b5c7-d27aafb50f56 HTTP/1.1" status: 404 len: 356 time: 0.0135763
2026-05-12 17:44:26.243 10 INFO neutron.wsgi [None req-af7b476e-aa41-4a5e-8322-d186e12fdd1f 4af6d2434bae430b83c61a50b14f33cd 86e6311f619a443d8fae00d751d56311 - - - -] 10.0.0.117 "DELETE /v2.0/security-groups/39ddd5bf-35c7-4303-b739-6f09888ba6bc HTTP/1.1" status: 204 len: 168 time: 0.1297190
2026-05-12 17:44:26.258 10 INFO neutron.api.v2.resource [None req-da967aeb-0061-4223-ad15-0c81d11e6399 4af6d2434bae430b83c61a50b14f33cd 86e6311f619a443d8fae00d751d56311 - - default default] show failed (client error): The resource could not be found.
2026-05-12 17:44:26.260 10 INFO neutron.wsgi [None req-da967aeb-0061-4223-ad15-0c81d11e6399 4af6d2434bae430b83c61a50b14f33cd 86e6311f619a443d8fae00d751d56311 - - default default] 10.0.0.117 "GET /v2.0/security-groups/39ddd5bf-35c7-4303-b739-6f09888ba6bc HTTP/1.1" status: 404 len: 347 time: 0.0112863
2026-05-12 17:44:27.252 10 INFO neutron.wsgi [None req-566fc8c0-96bb-4fa5-861d-8025e90fb3b0 4af6d2434bae430b83c61a50b14f33cd 86e6311f619a443d8fae00d751d56311 - - - -] 10.0.0.117 "PUT /v2.0/routers/b0bec9a4-9ba4-454e-ac66-e36e6b3dcc54/remove_router_interface HTTP/1.1" status: 200 len: 503 time: 0.9418464
2026-05-12 17:44:27.378 9 INFO neutron.api.v2.resource [None req-50a26742-9334-43ba-a831-3cfec7bd056c 4af6d2434bae430b83c61a50b14f33cd 86e6311f619a443d8fae00d751d56311 - - default default] remove_router_interface failed (client error): The resource could not be found.
2026-05-12 17:44:27.379 9 INFO neutron.wsgi [None req-50a26742-9334-43ba-a831-3cfec7bd056c 4af6d2434bae430b83c61a50b14f33cd 86e6311f619a443d8fae00d751d56311 - - default default] 10.0.0.117 "PUT /v2.0/routers/b0bec9a4-9ba4-454e-ac66-e36e6b3dcc54/remove_router_interface HTTP/1.1" status: 404 len: 399 time: 0.1221795
2026-05-12 17:44:28.274 9 INFO neutron.wsgi [None req-f3fe63bc-0ad3-4256-a02f-9cbd69c6771b 4af6d2434bae430b83c61a50b14f33cd 86e6311f619a443d8fae00d751d56311 - - - -] 10.0.0.117 "PUT /v2.0/routers/b0bec9a4-9ba4-454e-ac66-e36e6b3dcc54/remove_router_interface HTTP/1.1" status: 200 len: 503 time: 0.8895519 /var/lib/openstack/lib/python3.10/site-packages/pycadf/identifier.py:71: UserWarning: Invalid uuid: neutron. To ensure interoperability, identifiers should be a valid uuid. warnings.warn(('Invalid uuid: %s. To ensure interoperability, '
2026-05-12 17:44:28.442 9 INFO neutron.api.v2.resource [None req-0fbb2c70-8134-4270-b84f-5bb58a5743d1 4af6d2434bae430b83c61a50b14f33cd 86e6311f619a443d8fae00d751d56311 - - default default] remove_router_interface failed (client error): The resource could not be found.
2026-05-12 17:44:28.443 9 INFO neutron.wsgi [None req-0fbb2c70-8134-4270-b84f-5bb58a5743d1 4af6d2434bae430b83c61a50b14f33cd 86e6311f619a443d8fae00d751d56311 - - default default] 10.0.0.117 "PUT /v2.0/routers/b0bec9a4-9ba4-454e-ac66-e36e6b3dcc54/remove_router_interface HTTP/1.1" status: 404 len: 399 time: 0.1635647 /var/lib/openstack/lib/python3.10/site-packages/pycadf/identifier.py:71: UserWarning: Invalid uuid: neutron. To ensure interoperability, identifiers should be a valid uuid. warnings.warn(('Invalid uuid: %s. To ensure interoperability, '
2026-05-12 17:44:29.581 10 INFO neutron.wsgi [None req-e8987b59-4a23-4016-8612-509f6f07efba 4af6d2434bae430b83c61a50b14f33cd 86e6311f619a443d8fae00d751d56311 - - - -] 10.0.0.117 "PUT /v2.0/routers/b0bec9a4-9ba4-454e-ac66-e36e6b3dcc54/remove_router_interface HTTP/1.1" status: 200 len: 503 time: 1.1325583
2026-05-12 17:44:29.991 9 INFO neutron.api.v2.resource [None req-c5aeb867-6948-474b-9654-2a3a5a1600b7 4af6d2434bae430b83c61a50b14f33cd 86e6311f619a443d8fae00d751d56311 - - default default] remove_router_interface failed (client error): The resource could not be found.
2026-05-12 17:44:29.992 9 INFO neutron.wsgi [None req-c5aeb867-6948-474b-9654-2a3a5a1600b7 4af6d2434bae430b83c61a50b14f33cd 86e6311f619a443d8fae00d751d56311 - - default default] 10.0.0.117 "PUT /v2.0/routers/b0bec9a4-9ba4-454e-ac66-e36e6b3dcc54/remove_router_interface HTTP/1.1" status: 404 len: 399 time: 0.4037328 /var/lib/openstack/lib/python3.10/site-packages/pycadf/identifier.py:71: UserWarning: Invalid uuid: neutron. To ensure interoperability, identifiers should be a valid uuid. warnings.warn(('Invalid uuid: %s. To ensure interoperability, '
2026-05-12 17:44:30.726 10 INFO neutron.wsgi [None req-3b8b36d9-b211-43ad-a373-1c1ba9b7c8bc 4af6d2434bae430b83c61a50b14f33cd 86e6311f619a443d8fae00d751d56311 - - - -] 10.0.0.117 "DELETE /v2.0/routers/b0bec9a4-9ba4-454e-ac66-e36e6b3dcc54 HTTP/1.1" status: 204 len: 168 time: 0.7285757
2026-05-12 17:44:30.754 10 INFO neutron.api.v2.resource [None req-4f56cf63-b4ed-4c6a-96d6-d5358fc1367a 4af6d2434bae430b83c61a50b14f33cd 86e6311f619a443d8fae00d751d56311 - - default default] show failed (client error): The resource could not be found.
2026-05-12 17:44:30.756 10 INFO neutron.wsgi [None req-4f56cf63-b4ed-4c6a-96d6-d5358fc1367a 4af6d2434bae430b83c61a50b14f33cd 86e6311f619a443d8fae00d751d56311 - - default default] 10.0.0.117 "GET /v2.0/routers/b0bec9a4-9ba4-454e-ac66-e36e6b3dcc54 HTTP/1.1" status: 404 len: 336 time: 0.0264046
2026-05-12 17:44:30.943 10 INFO neutron.wsgi [None req-b1d2c324-24ed-42ef-95f3-91e620855938 4af6d2434bae430b83c61a50b14f33cd 86e6311f619a443d8fae00d751d56311 - - - -] 10.0.0.117 "DELETE /v2.0/subnets/5c7363bd-f751-4055-8a76-15f1a58db42e HTTP/1.1" status: 204 len: 168 time: 0.1830091
2026-05-12 17:44:30.965 10 INFO neutron.pecan_wsgi.hooks.translation [None req-2b300d59-4dde-426e-a8be-2997169ca0d4 4af6d2434bae430b83c61a50b14f33cd 86e6311f619a443d8fae00d751d56311 - - default default] GET failed (client error): The resource could not be found.
2026-05-12 17:44:30.966 10 INFO neutron.wsgi [None req-2b300d59-4dde-426e-a8be-2997169ca0d4 4af6d2434bae430b83c61a50b14f33cd 86e6311f619a443d8fae00d751d56311 - - default default] 10.0.0.117 "GET /v2.0/subnets/5c7363bd-f751-4055-8a76-15f1a58db42e HTTP/1.1" status: 404 len: 337 time: 0.0171206
2026-05-12 17:44:31.185 10 INFO neutron.wsgi [None req-6909042d-2d33-4229-8259-327a8f3a6c60 4af6d2434bae430b83c61a50b14f33cd 86e6311f619a443d8fae00d751d56311 - - - -] 10.0.0.117 "DELETE /v2.0/subnets/091ca847-c76f-415d-962f-53d0765f203b HTTP/1.1" status: 204 len: 168 time: 0.2143352
2026-05-12 17:44:31.207 10 INFO neutron.pecan_wsgi.hooks.translation [None req-e77bf0a3-909a-4195-b1f8-0bf9522e5109 4af6d2434bae430b83c61a50b14f33cd 86e6311f619a443d8fae00d751d56311 - - default default] GET failed (client error): The resource could not be found.
2026-05-12 17:44:31.208 10 INFO neutron.wsgi [None req-e77bf0a3-909a-4195-b1f8-0bf9522e5109 4af6d2434bae430b83c61a50b14f33cd 86e6311f619a443d8fae00d751d56311 - - default default] 10.0.0.117 "GET /v2.0/subnets/091ca847-c76f-415d-962f-53d0765f203b HTTP/1.1" status: 404 len: 337 time: 0.0181596
2026-05-12 17:44:31.606 10 INFO neutron.wsgi [None req-7328f0bc-40a2-4a97-bf36-e39e2f2b2571 4af6d2434bae430b83c61a50b14f33cd 86e6311f619a443d8fae00d751d56311 - - - -] 10.0.0.117 "DELETE /v2.0/networks/b10c69b1-cd6b-436c-9b88-cd8214b35b61 HTTP/1.1" status: 204 len: 168 time: 0.3936231
2026-05-12 17:44:31.636 9 INFO neutron.pecan_wsgi.hooks.translation [None req-e41b51f2-2cce-47aa-b9a1-d7e42fc558e5 4af6d2434bae430b83c61a50b14f33cd 86e6311f619a443d8fae00d751d56311 - - default default] GET failed (client error): The resource could not be found.
2026-05-12 17:44:31.638 9 INFO neutron.wsgi [None req-e41b51f2-2cce-47aa-b9a1-d7e42fc558e5 4af6d2434bae430b83c61a50b14f33cd 86e6311f619a443d8fae00d751d56311 - - default default] 10.0.0.117 "GET /v2.0/networks/b10c69b1-cd6b-436c-9b88-cd8214b35b61 HTTP/1.1" status: 404 len: 339 time: 0.0263968
2026-05-12 17:44:31.655 10 INFO neutron.services.segments.plugin [-] Segment a8d0d889-7846-452a-bc09-fc5ff02ad651 resource provider aggregate not found
2026-05-12 17:44:31.661 10 INFO neutron.services.segments.plugin [-] Segment a8d0d889-7846-452a-bc09-fc5ff02ad651 resource provider aggregate not found
2026-05-12 17:44:31.670 10 INFO neutron.services.segments.plugin [-] Segment a8d0d889-7846-452a-bc09-fc5ff02ad651 resource provider not found; error: Placement Client Error (4xx): {"errors": [{"status": 404, "title": "Not Found", "detail": "The resource could not be found.\n\n No resource provider with uuid a8d0d889-7846-452a-bc09-fc5ff02ad651 found for delete ", "request_id": "req-57491f14-da93-4138-a85f-d36b193bd069"}]}
2026-05-12 17:44:31.676 10 INFO neutron.services.segments.plugin [-] Segment a8d0d889-7846-452a-bc09-fc5ff02ad651 resource provider not found; error: Placement Client Error (4xx): {"errors": [{"status": 404, "title": "Not Found", "detail": "The resource could not be found.\n\n No resource provider with uuid a8d0d889-7846-452a-bc09-fc5ff02ad651 found for delete ", "request_id": "req-2fa7b0e1-7848-4c31-96c0-a541e41ebac5"}]}
2026-05-12 17:44:31.838 9 INFO neutron.wsgi [None req-a99f099e-4264-47a1-80c4-3bf9ecf92072 4af6d2434bae430b83c61a50b14f33cd 86e6311f619a443d8fae00d751d56311 - - - -] 10.0.0.117 "DELETE /v2.0/subnets/d1da2412-0be5-4bf4-9286-8164c9b97272 HTTP/1.1" status: 204 len: 168 time: 0.1956692
2026-05-12 17:44:31.857 9 INFO neutron.pecan_wsgi.hooks.translation [None req-2c855d2d-4add-435f-9c8b-2798114a9799 4af6d2434bae430b83c61a50b14f33cd 86e6311f619a443d8fae00d751d56311 - - default default] GET failed (client error): The resource could not be found.
2026-05-12 17:44:31.858 9 INFO neutron.wsgi [None req-2c855d2d-4add-435f-9c8b-2798114a9799 4af6d2434bae430b83c61a50b14f33cd 86e6311f619a443d8fae00d751d56311 - - default default] 10.0.0.117 "GET /v2.0/subnets/d1da2412-0be5-4bf4-9286-8164c9b97272 HTTP/1.1" status: 404 len: 337 time: 0.0153458
2026-05-12 17:44:32.075 9 INFO neutron.wsgi [None req-0bfb32be-0085-41a9-bcb4-d35236d0588d 4af6d2434bae430b83c61a50b14f33cd 86e6311f619a443d8fae00d751d56311 - - - -] 10.0.0.117 "DELETE /v2.0/subnets/2d2cd33c-bb6e-4c79-9523-d10609c3907a HTTP/1.1" status: 204 len: 168 time: 0.2119789
2026-05-12 17:44:32.092 10 INFO neutron.wsgi [-] 10.0.0.211 "GET / HTTP/1.1" status: 200 len: 246 time: 0.0027280
2026-05-12 17:44:32.096 10 INFO neutron.wsgi [-] 10.0.0.211 "GET / HTTP/1.1" status: 200 len: 246 time: 0.0021589
2026-05-12 17:44:32.105 9 INFO neutron.pecan_wsgi.hooks.translation [None req-57d44a23-0ba0-4a46-9f30-b34d8251f4c6 4af6d2434bae430b83c61a50b14f33cd 86e6311f619a443d8fae00d751d56311 - - default default] GET failed (client error): The resource could not be found.
2026-05-12 17:44:32.107 9 INFO neutron.wsgi [None req-57d44a23-0ba0-4a46-9f30-b34d8251f4c6 4af6d2434bae430b83c61a50b14f33cd 86e6311f619a443d8fae00d751d56311 - - default default] 10.0.0.117 "GET /v2.0/subnets/2d2cd33c-bb6e-4c79-9523-d10609c3907a HTTP/1.1" status: 404 len: 337 time: 0.0263200
2026-05-12 17:44:32.546 9 INFO neutron.wsgi [None req-34aa71f5-64f7-45ff-a93e-16294d6a48ac 4af6d2434bae430b83c61a50b14f33cd 86e6311f619a443d8fae00d751d56311 - - - -] 10.0.0.117 "DELETE /v2.0/networks/57a3e3aa-d4bc-47de-a24a-553f081fa37f HTTP/1.1" status: 204 len: 168 time: 0.4348137
2026-05-12 17:44:32.558 9 INFO neutron.services.segments.plugin [-] Segment ab871d79-90ad-4e3c-a0ca-75addb14bc51 resource provider aggregate not found
2026-05-12 17:44:32.568 9 INFO neutron.services.segments.plugin [-] Segment ab871d79-90ad-4e3c-a0ca-75addb14bc51 resource provider aggregate not found
2026-05-12 17:44:32.570 10 INFO neutron.pecan_wsgi.hooks.translation [None req-845f2a31-0f11-4fdc-9a5a-19ed0fbce35b 4af6d2434bae430b83c61a50b14f33cd 86e6311f619a443d8fae00d751d56311 - - default default] GET failed (client error): The resource could not be found.
2026-05-12 17:44:32.571 10 INFO neutron.wsgi [None req-845f2a31-0f11-4fdc-9a5a-19ed0fbce35b 4af6d2434bae430b83c61a50b14f33cd 86e6311f619a443d8fae00d751d56311 - - default default] 10.0.0.117 "GET /v2.0/networks/57a3e3aa-d4bc-47de-a24a-553f081fa37f HTTP/1.1" status: 404 len: 339 time: 0.0188391
2026-05-12 17:44:32.574 9 INFO neutron.services.segments.plugin [-] Segment ab871d79-90ad-4e3c-a0ca-75addb14bc51 resource provider not found; error: Placement Client Error (4xx): {"errors": [{"status": 404, "title": "Not Found", "detail": "The resource could not be found.\n\n No resource provider with uuid ab871d79-90ad-4e3c-a0ca-75addb14bc51 found for delete ", "request_id": "req-8c41ea47-bdc5-4220-ad48-7d3253463fa6"}]}
2026-05-12 17:44:32.583 9 INFO neutron.services.segments.plugin [-] Segment ab871d79-90ad-4e3c-a0ca-75addb14bc51 resource provider not found; error: Placement Client Error (4xx): {"errors": [{"status": 404, "title": "Not Found", "detail": "The resource could not be found.\n\n No resource provider with uuid ab871d79-90ad-4e3c-a0ca-75addb14bc51 found for delete ", "request_id": "req-e870f1a6-a4d6-4548-9946-5c1685573a3a"}]}
2026-05-12 17:44:32.782 10 INFO neutron.wsgi [None req-ae90da79-a9ca-4b3e-bcf4-3076ffabfdac 4af6d2434bae430b83c61a50b14f33cd 86e6311f619a443d8fae00d751d56311 - - - -] 10.0.0.117 "DELETE /v2.0/subnets/da9aee25-2099-45f8-8b77-2a29456763fc HTTP/1.1" status: 204 len: 168 time: 0.2061470
2026-05-12 17:44:32.811 10 INFO neutron.pecan_wsgi.hooks.translation [None req-661cb01e-af70-4e6c-9fc8-2796afcabc4f 4af6d2434bae430b83c61a50b14f33cd 86e6311f619a443d8fae00d751d56311 - - default default] GET failed (client error): The resource could not be found.
2026-05-12 17:44:32.812 10 INFO neutron.wsgi [None req-661cb01e-af70-4e6c-9fc8-2796afcabc4f 4af6d2434bae430b83c61a50b14f33cd 86e6311f619a443d8fae00d751d56311 - - default default] 10.0.0.117 "GET /v2.0/subnets/da9aee25-2099-45f8-8b77-2a29456763fc HTTP/1.1" status: 404 len: 337 time: 0.0248487
2026-05-12 17:44:33.017 10 INFO neutron.wsgi [None req-cd224699-efd6-447c-b0ce-2776daf251b0 4af6d2434bae430b83c61a50b14f33cd 86e6311f619a443d8fae00d751d56311 - - - -] 10.0.0.117 "DELETE /v2.0/subnets/82273c67-3406-482f-bad0-6b7431f7f69c HTTP/1.1" status: 204 len: 168 time: 0.2003362
2026-05-12 17:44:33.042 10 INFO neutron.pecan_wsgi.hooks.translation [None req-7bbf02e8-4be6-44f2-9b42-e04a19f1bd09 4af6d2434bae430b83c61a50b14f33cd 86e6311f619a443d8fae00d751d56311 - - default default] GET failed (client error): The resource could not be found.
2026-05-12 17:44:33.044 10 INFO neutron.wsgi [None req-7bbf02e8-4be6-44f2-9b42-e04a19f1bd09 4af6d2434bae430b83c61a50b14f33cd 86e6311f619a443d8fae00d751d56311 - - default default] 10.0.0.117 "GET /v2.0/subnets/82273c67-3406-482f-bad0-6b7431f7f69c HTTP/1.1" status: 404 len: 337 time: 0.0212302
2026-05-12 17:44:33.457 9 INFO neutron.wsgi [None req-50ed6831-b3fc-4050-b8a7-3644683a7519 4af6d2434bae430b83c61a50b14f33cd 86e6311f619a443d8fae00d751d56311 - - - -] 10.0.0.117 "DELETE /v2.0/networks/25f82923-368d-4980-80bf-cf4907cc85cc HTTP/1.1" status: 204 len: 168 time: 0.4079764
2026-05-12 17:44:33.479 10 INFO neutron.pecan_wsgi.hooks.translation [None req-8d5acbc7-c9fa-4324-b5a7-215ebda7b05f 4af6d2434bae430b83c61a50b14f33cd 86e6311f619a443d8fae00d751d56311 - - default default] GET failed (client error): The resource could not be found.
2026-05-12 17:44:33.481 10 INFO neutron.wsgi [None req-8d5acbc7-c9fa-4324-b5a7-215ebda7b05f 4af6d2434bae430b83c61a50b14f33cd 86e6311f619a443d8fae00d751d56311 - - default default] 10.0.0.117 "GET /v2.0/networks/25f82923-368d-4980-80bf-cf4907cc85cc HTTP/1.1" status: 404 len: 339 time: 0.0179396
2026-05-12 17:44:34.597 9 INFO neutron.services.segments.plugin [-] Segment 96b09fa4-ca40-46c3-83be-7f149ae594a1 resource provider aggregate not found
2026-05-12 17:44:34.608 9 INFO neutron.services.segments.plugin [-] Segment 96b09fa4-ca40-46c3-83be-7f149ae594a1 resource provider aggregate not found
2026-05-12 17:44:34.617 9 INFO neutron.services.segments.plugin [-] Segment 96b09fa4-ca40-46c3-83be-7f149ae594a1 resource provider not found; error: Placement Client Error (4xx): {"errors": [{"status": 404, "title": "Not Found", "detail": "The resource could not be found.\n\n No resource provider with uuid 96b09fa4-ca40-46c3-83be-7f149ae594a1 found for delete ", "request_id": "req-7599e74d-5c63-40d6-ab2d-7acaa0bf2a43"}]}
2026-05-12 17:44:34.629 9 INFO neutron.services.segments.plugin [-] Segment 96b09fa4-ca40-46c3-83be-7f149ae594a1 resource provider not found; error: Placement Client Error (4xx): {"errors": [{"status": 404, "title": "Not Found", "detail": "The resource could not be found.\n\n No resource provider with uuid 96b09fa4-ca40-46c3-83be-7f149ae594a1 found for delete ", "request_id": "req-706a3be6-7393-4e6e-a9b9-6bd11b47944c"}]}
2026-05-12 17:44:35.643 10 INFO neutron.db.ovn_revision_numbers_db [None req-f687471e-be5f-44f0-95b1-0e2c8d6faf27 a3c963cec92a49e49d3b16938df9dbf3 be0d6c1e66e94dd7b3388cb1d83dc57d - - default default] Successfully bumped revision number for resource 20d691aa-dc10-4dd8-8550-58e1501fad5e (type: security_groups) to 1
2026-05-12 17:44:35.665 10 INFO neutron.wsgi [None req-f687471e-be5f-44f0-95b1-0e2c8d6faf27 a3c963cec92a49e49d3b16938df9dbf3 be0d6c1e66e94dd7b3388cb1d83dc57d - - default default] 10.0.0.117 "GET /v2.0/security-groups?tenant_id=f93e38bc46a04600b8d25bca0f4b18f9&name=default HTTP/1.1" status: 200 len: 3000 time: 0.2869983
2026-05-12 17:44:35.838 10 INFO neutron.wsgi [None req-bc5386eb-7ad7-462a-8e86-e7dcb715bd2d a3c963cec92a49e49d3b16938df9dbf3 be0d6c1e66e94dd7b3388cb1d83dc57d - - - -] 10.0.0.117 "DELETE /v2.0/security-groups/20d691aa-dc10-4dd8-8550-58e1501fad5e HTTP/1.1" status: 204 len: 168 time: 0.1681695
2026-05-12 17:44:36.019 10 INFO neutron.db.ovn_revision_numbers_db [None req-6898870b-99f4-4c07-a34d-db40bae6cc9e a3c963cec92a49e49d3b16938df9dbf3 be0d6c1e66e94dd7b3388cb1d83dc57d - - default default] Successfully bumped revision number for resource 1cac74dc-1d34-4f7f-aaf4-3ab48e7a3afa (type: security_groups) to 1
2026-05-12 17:44:36.044 10 INFO neutron.wsgi [None req-6898870b-99f4-4c07-a34d-db40bae6cc9e a3c963cec92a49e49d3b16938df9dbf3 be0d6c1e66e94dd7b3388cb1d83dc57d - - default default] 10.0.0.117 "GET /v2.0/security-groups?tenant_id=2537128ba6d7405bb90e1c362d9883bc&name=default HTTP/1.1" status: 200 len: 3000 time: 0.1175423
2026-05-12 17:44:36.238 10 INFO neutron.wsgi [None req-a90f2f81-af1b-4167-ba7e-2ff22afcee4d a3c963cec92a49e49d3b16938df9dbf3 be0d6c1e66e94dd7b3388cb1d83dc57d - - - -] 10.0.0.117 "DELETE /v2.0/security-groups/1cac74dc-1d34-4f7f-aaf4-3ab48e7a3afa HTTP/1.1" status: 204 len: 168 time: 0.1893065
2026-05-12 17:44:36.477 10 INFO neutron.db.ovn_revision_numbers_db [None req-3f37a6ef-4db7-4466-adc9-8426e6ad0f04 a3c963cec92a49e49d3b16938df9dbf3 be0d6c1e66e94dd7b3388cb1d83dc57d - - default default] Successfully bumped revision number for resource cc945392-f703-496a-8ed6-e671581c8e7f (type: security_groups) to 1
2026-05-12 17:44:36.497 10 INFO neutron.wsgi [None req-3f37a6ef-4db7-4466-adc9-8426e6ad0f04 a3c963cec92a49e49d3b16938df9dbf3 be0d6c1e66e94dd7b3388cb1d83dc57d - - default default] 10.0.0.117 "GET /v2.0/security-groups?tenant_id=664e4c86ffc24f1da80ad20e4e5847cf&name=default HTTP/1.1" status: 200 len: 3000 time: 0.1081491
2026-05-12 17:44:36.663 10 INFO neutron.wsgi [None req-d6802064-805c-40b4-9af5-1f4c499f3667 a3c963cec92a49e49d3b16938df9dbf3 be0d6c1e66e94dd7b3388cb1d83dc57d - - - -] 10.0.0.117 "DELETE /v2.0/security-groups/cc945392-f703-496a-8ed6-e671581c8e7f HTTP/1.1" status: 204 len: 168 time: 0.1605477
2026-05-12 17:44:36.837 9 INFO neutron.wsgi [None req-be5beecb-750f-4309-b639-96f06de5732d a3c963cec92a49e49d3b16938df9dbf3 be0d6c1e66e94dd7b3388cb1d83dc57d - - default default] 10.0.0.117 "GET /v2.0/security-groups?tenant_id=86e6311f619a443d8fae00d751d56311&name=default HTTP/1.1" status: 200 len: 2996 time: 0.0315375
2026-05-12 17:44:37.055 9 INFO neutron.wsgi [None req-f2c97356-48fc-42a6-b70c-a206760ed5de a3c963cec92a49e49d3b16938df9dbf3 be0d6c1e66e94dd7b3388cb1d83dc57d - - - -] 10.0.0.117 "DELETE /v2.0/security-groups/d3d1e7ed-6576-4667-a859-4ce969dab609 HTTP/1.1" status: 204 len: 168 time: 0.2121575
2026-05-12 17:44:37.319 10 INFO neutron.db.ovn_revision_numbers_db [None req-1ef5b43b-a4df-40ff-9e8d-533250d9fc15 a3c963cec92a49e49d3b16938df9dbf3 be0d6c1e66e94dd7b3388cb1d83dc57d - - default default] Successfully bumped revision number for resource 010c38c5-969d-4579-af0e-688769d7a662 (type: security_groups) to 1
2026-05-12 17:44:37.341 10 INFO neutron.wsgi [None req-1ef5b43b-a4df-40ff-9e8d-533250d9fc15 a3c963cec92a49e49d3b16938df9dbf3 be0d6c1e66e94dd7b3388cb1d83dc57d - - default default] 10.0.0.117 "GET /v2.0/security-groups?tenant_id=4e52963273564c999915b67128fc0b34&name=default HTTP/1.1" status: 200 len: 3000 time: 0.1210575
2026-05-12 17:44:37.522 10 INFO neutron.wsgi [None req-7b83274a-4cf9-4855-b26e-ddf9e0bce402 a3c963cec92a49e49d3b16938df9dbf3 be0d6c1e66e94dd7b3388cb1d83dc57d - - - -] 10.0.0.117 "DELETE /v2.0/security-groups/010c38c5-969d-4579-af0e-688769d7a662 HTTP/1.1" status: 204 len: 168 time: 0.1751230
2026-05-12 17:44:37.748 10 INFO neutron.db.ovn_revision_numbers_db [None req-be7e7881-a869-48cf-a5a8-d04adab0bc84 a3c963cec92a49e49d3b16938df9dbf3 be0d6c1e66e94dd7b3388cb1d83dc57d - - default default] Successfully bumped revision number for resource 1021c41c-a93b-40d6-ba48-031a00193250 (type: security_groups) to 1
2026-05-12 17:44:37.771 10 INFO neutron.wsgi [None req-be7e7881-a869-48cf-a5a8-d04adab0bc84 a3c963cec92a49e49d3b16938df9dbf3 be0d6c1e66e94dd7b3388cb1d83dc57d - - default default] 10.0.0.117 "GET /v2.0/security-groups?tenant_id=9dca525e911847b58cc8dfb625d7d7d3&name=default HTTP/1.1" status: 200 len: 3000 time: 0.1092882
2026-05-12 17:44:37.955 10 INFO neutron.wsgi [None req-9e851b2b-27d8-4329-9c19-ddae073f908f a3c963cec92a49e49d3b16938df9dbf3 be0d6c1e66e94dd7b3388cb1d83dc57d - - - -] 10.0.0.117 "DELETE /v2.0/security-groups/1021c41c-a93b-40d6-ba48-031a00193250 HTTP/1.1" status: 204 len: 168 time: 0.1775818
2026-05-12 17:44:38.215 10 INFO neutron.db.ovn_revision_numbers_db [None req-edd4cbc0-570f-4491-8470-0557ca718708 a3c963cec92a49e49d3b16938df9dbf3 be0d6c1e66e94dd7b3388cb1d83dc57d - - default default] Successfully bumped revision number for resource f0e2a165-4959-4c62-841d-395d7ac8f415 (type: security_groups) to 1
2026-05-12 17:44:38.240 10 INFO neutron.wsgi [None req-edd4cbc0-570f-4491-8470-0557ca718708 a3c963cec92a49e49d3b16938df9dbf3 be0d6c1e66e94dd7b3388cb1d83dc57d - - default default] 10.0.0.117 "GET /v2.0/security-groups?tenant_id=cfaaafb5be2d492789bd811089881a4f&name=default HTTP/1.1" status: 200 len: 3000 time: 0.1224675
2026-05-12 17:44:38.437 10 INFO neutron.wsgi [None req-50a4b787-bdf4-4436-9dc0-69ee1e4e31d8 a3c963cec92a49e49d3b16938df9dbf3 be0d6c1e66e94dd7b3388cb1d83dc57d - - - -] 10.0.0.117 "DELETE /v2.0/security-groups/f0e2a165-4959-4c62-841d-395d7ac8f415 HTTP/1.1" status: 204 len: 168 time: 0.1913557
2026-05-12 17:44:41.180 9 INFO neutron.wsgi [None req-6fe21251-7e4c-453a-9b45-4a5749744da0 a3c963cec92a49e49d3b16938df9dbf3 be0d6c1e66e94dd7b3388cb1d83dc57d - - default default] 10.0.0.117 "GET /v2.0/networks HTTP/1.1" status: 200 len: 2369 time: 0.2652693
2026-05-12 17:44:42.336 9 INFO neutron.wsgi [None req-c683737a-4659-41c2-a112-c941e7efd984 a3c963cec92a49e49d3b16938df9dbf3 be0d6c1e66e94dd7b3388cb1d83dc57d - - default default] 10.0.0.117 "GET /v2.0/floatingips HTTP/1.1" status: 200 len: 212 time: 0.0458939
2026-05-12 17:44:42.376 9 INFO neutron.wsgi [None req-3a586afe-49e9-4bd0-9da8-7f57c4139686 a3c963cec92a49e49d3b16938df9dbf3 be0d6c1e66e94dd7b3388cb1d83dc57d - - default default] 10.0.0.117 "GET /v2.0/routers HTTP/1.1" status: 200 len: 208 time: 0.0357323
2026-05-12 17:44:42.434 9 INFO neutron.wsgi [None req-d52df0f9-38e0-4d70-b1b3-23195ae5945a a3c963cec92a49e49d3b16938df9dbf3 be0d6c1e66e94dd7b3388cb1d83dc57d - - default default] 10.0.0.117 "GET /v2.0/ports HTTP/1.1" status: 200 len: 5266 time: 0.0530672
2026-05-12 17:44:42.505 9 INFO neutron.wsgi [None req-358d2485-4b9e-44fd-ab0c-654d4f58a089 a3c963cec92a49e49d3b16938df9dbf3 be0d6c1e66e94dd7b3388cb1d83dc57d - - default default] 10.0.0.117 "GET /v2.0/subnets HTTP/1.1" status: 200 len: 1456 time: 0.0651827
2026-05-12 17:44:42.570 9 INFO neutron.wsgi [None req-d9dc7871-a821-49c4-967a-8561e5f20fc6 a3c963cec92a49e49d3b16938df9dbf3 be0d6c1e66e94dd7b3388cb1d83dc57d - - default default] 10.0.0.117 "GET /v2.0/networks HTTP/1.1" status: 200 len: 2369 time: 0.0610662
2026-05-12 17:44:42.631 9 INFO neutron.wsgi [None req-64e5d1fe-c468-41f4-ae22-278d5a4106ef a3c963cec92a49e49d3b16938df9dbf3 be0d6c1e66e94dd7b3388cb1d83dc57d - - default default] 10.0.0.117 "GET /v2.0/security-groups HTTP/1.1" status: 200 len: 16814 time: 0.0549989
2026-05-12 17:44:42.650 9 INFO neutron.wsgi [None req-161cc1d3-0005-4566-a2eb-10db2c878f9c a3c963cec92a49e49d3b16938df9dbf3 be0d6c1e66e94dd7b3388cb1d83dc57d - - default default] 10.0.0.117 "GET /v2.0/subnetpools HTTP/1.1" status: 200 len: 212 time: 0.0136659
2026-05-12 17:44:43.424 10 INFO neutron.wsgi [None req-49e4bdc1-8b56-4e58-ac81-460aef967677 a3c963cec92a49e49d3b16938df9dbf3 be0d6c1e66e94dd7b3388cb1d83dc57d - - default default] 10.0.0.195 "GET /v2.0/subnets HTTP/1.1" status: 200 len: 1437 time: 0.0852661
2026-05-12 17:44:43.434 10 INFO neutron.wsgi [None req-21b866d0-917e-44fc-b381-33bed39707b3 a3c963cec92a49e49d3b16938df9dbf3 be0d6c1e66e94dd7b3388cb1d83dc57d - - default default] 10.0.0.195 "GET /v2.0/subnetpools HTTP/1.1" status: 200 len: 193 time: 0.0093551
2026-05-12 17:44:43.455 10 INFO neutron.wsgi [None req-14c409bd-9d55-4fd0-be27-cd3d4063b646 a3c963cec92a49e49d3b16938df9dbf3 be0d6c1e66e94dd7b3388cb1d83dc57d - - default default] 10.0.0.195 "GET /v2.0/floatingips HTTP/1.1" status: 200 len: 193 time: 0.0201902
2026-05-12 17:44:43.518 10 INFO neutron.wsgi [None req-dd0d96fa-6bce-4d80-adf2-576d84d53884 a3c963cec92a49e49d3b16938df9dbf3 be0d6c1e66e94dd7b3388cb1d83dc57d - - default default] 10.0.0.195 "GET /v2.0/networks HTTP/1.1" status: 200 len: 2350 time: 0.0618174
2026-05-12 17:44:43.579 10 INFO neutron.wsgi [None req-d24f3af0-1082-40e5-b09b-83a8797f3444 a3c963cec92a49e49d3b16938df9dbf3 be0d6c1e66e94dd7b3388cb1d83dc57d - - default default] 10.0.0.195 "GET /v2.0/security-groups HTTP/1.1" status: 200 len: 16795 time: 0.0586445
2026-05-12 17:44:43.598 10 INFO neutron.wsgi [None req-660be4ef-018a-4a83-8180-9531d555e4b0 a3c963cec92a49e49d3b16938df9dbf3 be0d6c1e66e94dd7b3388cb1d83dc57d - - default default] 10.0.0.195 "GET /v2.0/agents HTTP/1.1" status: 200 len: 997 time: 0.0137715
2026-05-12 17:44:43.632 10 INFO neutron.wsgi [None req-6d10c22d-bf2d-42b9-937d-0d7bbcda398c a3c963cec92a49e49d3b16938df9dbf3 be0d6c1e66e94dd7b3388cb1d83dc57d - - default default] 10.0.0.195 "GET /v2.0/ports HTTP/1.1" status: 200 len: 5247 time: 0.0301087
2026-05-12 17:44:43.676 10 INFO neutron.wsgi [None req-f7e148a0-7b6c-424a-8785-3efb9d878992 a3c963cec92a49e49d3b16938df9dbf3 be0d6c1e66e94dd7b3388cb1d83dc57d - - default default] 10.0.0.195 "GET /v2.0/subnets HTTP/1.1" status: 200 len: 1437 time: 0.0392442
2026-05-12 17:44:43.702 10 INFO neutron.wsgi [None req-fb50c72a-0b6f-4635-82b8-c939a460d60b a3c963cec92a49e49d3b16938df9dbf3 be0d6c1e66e94dd7b3388cb1d83dc57d - - default default] 10.0.0.195 "GET /v2.0/routers HTTP/1.1" status: 200 len: 189 time: 0.0248132
2026-05-12 17:44:43.717 10 INFO neutron.wsgi [None req-0af71d94-2b09-45b1-ab50-a83c98ffe50e a3c963cec92a49e49d3b16938df9dbf3 be0d6c1e66e94dd7b3388cb1d83dc57d - - default default] 10.0.0.195 "GET /v2.0/agents?binary=ovn-controller HTTP/1.1" status: 200 len: 591 time: 0.0127680
2026-05-12 17:44:43.729 10 INFO neutron.wsgi [None req-ee9f17a4-dc56-48f2-ac19-24d100cfec37 a3c963cec92a49e49d3b16938df9dbf3 be0d6c1e66e94dd7b3388cb1d83dc57d - - default default] 10.0.0.195 "GET /v2.0/network-ip-availabilities HTTP/1.1" status: 200 len: 1280 time: 0.0109642
2026-05-12 17:44:47.092 9 INFO neutron.wsgi [-] 10.0.0.211 "GET / HTTP/1.1" status: 200 len: 246 time: 0.0024729
2026-05-12 17:44:47.093 10 INFO neutron.wsgi [-] 10.0.0.211 "GET / HTTP/1.1" status: 200 len: 246 time: 0.0039287
2026-05-12 17:45:02.091 9 INFO neutron.wsgi [-] 10.0.0.211 "GET / HTTP/1.1" status: 200 len: 246 time: 0.0015602
2026-05-12 17:45:02.093 9 INFO neutron.wsgi [-] 10.0.0.211 "GET / HTTP/1.1" status: 200 len: 246 time: 0.0011840
2026-05-12 17:45:17.091 9 INFO neutron.wsgi [-] 10.0.0.211 "GET / HTTP/1.1" status: 200 len: 246 time: 0.0021651
2026-05-12 17:45:17.093 9 INFO neutron.wsgi [-] 10.0.0.211 "GET / HTTP/1.1" status: 200 len: 246 time: 0.0010140
2026-05-12 17:45:32.092 10 INFO neutron.wsgi [-] 10.0.0.211 "GET / HTTP/1.1" status: 200 len: 246 time: 0.0022173
2026-05-12 17:45:32.097 9 INFO neutron.wsgi [-] 10.0.0.211 "GET / HTTP/1.1" status: 200 len: 246 time: 0.0072544
2026-05-12 17:45:36.713 15 INFO neutron.plugins.ml2.drivers.ovn.mech_driver.ovsdb.maintenance [None req-29431ec2-3919-4243-8e20-6dd5a3e36175 - - - - - -] Maintenance task: Synchronization finished (took 0.28 seconds)
2026-05-12 17:45:43.493 10 INFO neutron.wsgi [None req-a89e71ec-2820-444e-ad09-cfedb523889a a3c963cec92a49e49d3b16938df9dbf3 be0d6c1e66e94dd7b3388cb1d83dc57d - - default default] 10.0.0.195 "GET /v2.0/subnets HTTP/1.1" status: 200 len: 1437 time: 0.1094494
2026-05-12 17:45:43.518 10 INFO neutron.wsgi [None req-75899330-75e2-463b-b58b-036858fdb13c a3c963cec92a49e49d3b16938df9dbf3 be0d6c1e66e94dd7b3388cb1d83dc57d - - default default] 10.0.0.195 "GET /v2.0/routers HTTP/1.1" status: 200 len: 189 time: 0.0233874
2026-05-12 17:45:43.550 10 INFO neutron.wsgi [None req-ffa75462-fae4-4745-abb6-7ffc99f2dc8b a3c963cec92a49e49d3b16938df9dbf3 be0d6c1e66e94dd7b3388cb1d83dc57d - - default default] 10.0.0.195 "GET /v2.0/agents?binary=ovn-controller HTTP/1.1" status: 200 len: 591 time: 0.0319300
2026-05-12 17:45:43.573 10 INFO neutron.wsgi [None req-3af287bf-3c01-4083-a540-8b86bcf4a000 a3c963cec92a49e49d3b16938df9dbf3 be0d6c1e66e94dd7b3388cb1d83dc57d - - default default] 10.0.0.195 "GET /v2.0/floatingips HTTP/1.1" status: 200 len: 193 time: 0.0207872
2026-05-12 17:45:43.585 10 INFO neutron.wsgi [None req-151c6bd4-d3ee-4d9a-bcbb-c8be0d78be88 a3c963cec92a49e49d3b16938df9dbf3 be0d6c1e66e94dd7b3388cb1d83dc57d - - default default] 10.0.0.195 "GET /v2.0/agents HTTP/1.1" status: 200 len: 997 time: 0.0111237
2026-05-12 17:45:43.615 10 INFO neutron.wsgi [None req-f25d4be3-be00-47b9-9fcf-07be9db93fdb a3c963cec92a49e49d3b16938df9dbf3 be0d6c1e66e94dd7b3388cb1d83dc57d - - default default] 10.0.0.195 "GET /v2.0/subnets HTTP/1.1" status: 200 len: 1437 time: 0.0297437
2026-05-12 17:45:43.635 10 INFO neutron.wsgi [None req-b5fbbc90-d523-4180-87ce-508956c391a7 a3c963cec92a49e49d3b16938df9dbf3 be0d6c1e66e94dd7b3388cb1d83dc57d - - default default] 10.0.0.195 "GET /v2.0/subnetpools HTTP/1.1" status: 200 len: 193 time: 0.0193129
2026-05-12 17:45:43.700 10 INFO neutron.wsgi [None req-2db70723-bb03-408b-ae1d-adfeecf350ec a3c963cec92a49e49d3b16938df9dbf3 be0d6c1e66e94dd7b3388cb1d83dc57d - - default default] 10.0.0.195 "GET /v2.0/networks HTTP/1.1" status: 200 len: 2350 time: 0.0641489
2026-05-12 17:45:43.763 10 INFO neutron.wsgi [None req-9d75439d-2d8c-4ca8-bf32-e229aa8dcfdf a3c963cec92a49e49d3b16938df9dbf3 be0d6c1e66e94dd7b3388cb1d83dc57d - - default default] 10.0.0.195 "GET /v2.0/security-groups HTTP/1.1" status: 200 len: 16795 time: 0.0610833
2026-05-12 17:45:43.797 10 INFO neutron.wsgi [None req-1a4de9d7-a882-4831-8fbf-5fe197dbc3b1 a3c963cec92a49e49d3b16938df9dbf3 be0d6c1e66e94dd7b3388cb1d83dc57d - - default default] 10.0.0.195 "GET /v2.0/ports HTTP/1.1" status: 200 len: 5247 time: 0.0305557
2026-05-12 17:45:43.813 10 INFO neutron.wsgi [None req-70b00ef6-a76f-4538-9e87-344dae3c46d8 a3c963cec92a49e49d3b16938df9dbf3 be0d6c1e66e94dd7b3388cb1d83dc57d - - default default] 10.0.0.195 "GET /v2.0/network-ip-availabilities HTTP/1.1" status: 200 len: 1280 time: 0.0108004
2026-05-12 17:45:47.091 9 INFO neutron.wsgi [-] 10.0.0.211 "GET / HTTP/1.1" status: 200 len: 246 time: 0.0017133
2026-05-12 17:45:47.091 10 INFO neutron.wsgi [-] 10.0.0.211 "GET / HTTP/1.1" status: 200 len: 246 time: 0.0019159
2026-05-12 17:46:02.091 9 INFO neutron.wsgi [-] 10.0.0.211 "GET / HTTP/1.1" status: 200 len: 246 time: 0.0018721
2026-05-12 17:46:02.092 10 INFO neutron.wsgi [-] 10.0.0.211 "GET / HTTP/1.1" status: 200 len: 246 time: 0.0024569
2026-05-12 17:46:17.094 9 INFO neutron.wsgi [-] 10.0.0.211 "GET / HTTP/1.1" status: 200 len: 246 time: 0.0015135
2026-05-12 17:46:17.095 10 INFO neutron.wsgi [-] 10.0.0.211 "GET / HTTP/1.1" status: 200 len: 246 time: 0.0019431
2026-05-12 17:46:32.092 10 INFO neutron.wsgi [-] 10.0.0.211 "GET / HTTP/1.1" status: 200 len: 246 time: 0.0029597
2026-05-12 17:46:32.096 10 INFO neutron.wsgi [-] 10.0.0.211 "GET / HTTP/1.1" status: 200 len: 246 time: 0.0023468
2026-05-12 17:46:43.412 10 INFO neutron.wsgi [None req-80ad9048-85df-4dcc-87e2-de0705fa6c09 a3c963cec92a49e49d3b16938df9dbf3 be0d6c1e66e94dd7b3388cb1d83dc57d - - default default] 10.0.0.195 "GET /v2.0/floatingips HTTP/1.1" status: 200 len: 193 time: 0.0972898
2026-05-12 17:46:43.461 10 INFO neutron.wsgi [None req-fa355e3a-d15f-41b6-9fef-1af56676df31 a3c963cec92a49e49d3b16938df9dbf3 be0d6c1e66e94dd7b3388cb1d83dc57d - - default default] 10.0.0.195 "GET /v2.0/agents HTTP/1.1" status: 200 len: 997 time: 0.0483978
2026-05-12 17:46:43.473 10 INFO neutron.wsgi [None req-1b74ef9f-a69c-4d5d-af57-14e91cfc5d32 a3c963cec92a49e49d3b16938df9dbf3 be0d6c1e66e94dd7b3388cb1d83dc57d - - default default] 10.0.0.195 "GET /v2.0/network-ip-availabilities HTTP/1.1" status: 200 len: 1280 time: 0.0108209
2026-05-12 17:46:43.543 10 INFO neutron.wsgi [None req-7e707f6a-f1f9-4bcb-b6ce-945bb7e69118 a3c963cec92a49e49d3b16938df9dbf3 be0d6c1e66e94dd7b3388cb1d83dc57d - - default default] 10.0.0.195 "GET /v2.0/security-groups HTTP/1.1" status: 200 len: 16795 time: 0.0689895
2026-05-12 17:46:43.581 10 INFO neutron.wsgi [None req-f4d39d46-2a18-49cc-8cde-c0e49dc30642 a3c963cec92a49e49d3b16938df9dbf3 be0d6c1e66e94dd7b3388cb1d83dc57d - - default default] 10.0.0.195 "GET /v2.0/subnets HTTP/1.1" status: 200 len: 1437 time: 0.0318964
2026-05-12 17:46:43.614 10 INFO neutron.wsgi [None req-a58341bc-247d-4d1a-a018-9e28eab13f38 a3c963cec92a49e49d3b16938df9dbf3 be0d6c1e66e94dd7b3388cb1d83dc57d - - default default] 10.0.0.195 "GET /v2.0/subnets HTTP/1.1" status: 200 len: 1437 time: 0.0300124
2026-05-12 17:46:43.629 10 INFO neutron.wsgi [None req-7f5a7e1b-8d96-4ab6-9546-d826de2e62c5 a3c963cec92a49e49d3b16938df9dbf3 be0d6c1e66e94dd7b3388cb1d83dc57d - - default default] 10.0.0.195 "GET /v2.0/subnetpools HTTP/1.1" status: 200 len: 193 time: 0.0139842
2026-05-12 17:46:43.941 10 INFO neutron.wsgi [None req-e93a7306-041e-4c97-82d5-649826f3aab6 a3c963cec92a49e49d3b16938df9dbf3 be0d6c1e66e94dd7b3388cb1d83dc57d - - default default] 10.0.0.195 "GET /v2.0/networks HTTP/1.1" status: 200 len: 2350 time: 0.3112864
2026-05-12 17:46:43.987 10 INFO neutron.wsgi [None req-d6ff0e7e-6415-49e5-ae54-55af31a5f5a3 a3c963cec92a49e49d3b16938df9dbf3 be0d6c1e66e94dd7b3388cb1d83dc57d - - default default] 10.0.0.195 "GET /v2.0/ports HTTP/1.1" status: 200 len: 5247 time: 0.0425658
2026-05-12 17:46:44.018 10 INFO neutron.wsgi [None req-88b02dbc-9039-4550-8a9a-519b8ffbbf2b a3c963cec92a49e49d3b16938df9dbf3 be0d6c1e66e94dd7b3388cb1d83dc57d - - default default] 10.0.0.195 "GET /v2.0/routers HTTP/1.1" status: 200 len: 189 time: 0.0279469
2026-05-12 17:46:44.028 10 INFO neutron.wsgi [None req-118eb546-8e53-4c39-a841-394bba89c1a7 a3c963cec92a49e49d3b16938df9dbf3 be0d6c1e66e94dd7b3388cb1d83dc57d - - default default] 10.0.0.195 "GET /v2.0/agents?binary=ovn-controller HTTP/1.1" status: 200 len: 591 time: 0.0097163
2026-05-12 17:46:47.091 10 INFO neutron.wsgi [-] 10.0.0.211 "GET / HTTP/1.1" status: 200 len: 246 time: 0.0022476
2026-05-12 17:46:47.094 10 INFO neutron.wsgi [-] 10.0.0.211 "GET / HTTP/1.1" status: 200 len: 246 time: 0.0017803
2026-05-12 17:47:02.091 9 INFO neutron.wsgi [-] 10.0.0.211 "GET / HTTP/1.1" status: 200 len: 246 time: 0.0014052
2026-05-12 17:47:02.093 10 INFO neutron.wsgi [-] 10.0.0.211 "GET / HTTP/1.1" status: 200 len: 246 time: 0.0036461
2026-05-12 17:47:17.091 9 INFO neutron.wsgi [-] 10.0.0.211 "GET / HTTP/1.1" status: 200 len: 246 time: 0.0017598
2026-05-12 17:47:17.094 9 INFO neutron.wsgi [-] 10.0.0.211 "GET / HTTP/1.1" status: 200 len: 246 time: 0.0017810
2026-05-12 17:47:32.091 10 INFO neutron.wsgi [-] 10.0.0.211 "GET / HTTP/1.1" status: 200 len: 246 time: 0.0017073
2026-05-12 17:47:32.093 10 INFO neutron.wsgi [-] 10.0.0.211 "GET / HTTP/1.1" status: 200 len: 246 time: 0.0012701
2026-05-12 17:47:43.462 10 INFO neutron.wsgi [None req-48090d7c-bda7-4482-90e2-c8ed6a8e288e a3c963cec92a49e49d3b16938df9dbf3 be0d6c1e66e94dd7b3388cb1d83dc57d - - default default] 10.0.0.195 "GET /v2.0/network-ip-availabilities HTTP/1.1" status: 200 len: 1280 time: 0.1235299
2026-05-12 17:47:43.530 10 INFO neutron.wsgi [None req-cf9b9be2-d2e3-41b8-94fd-07bd41c1f9a0 a3c963cec92a49e49d3b16938df9dbf3 be0d6c1e66e94dd7b3388cb1d83dc57d - - default default] 10.0.0.195 "GET /v2.0/networks HTTP/1.1" status: 200 len: 2350 time: 0.0667522
2026-05-12 17:47:43.591 10 INFO neutron.wsgi [None req-1ad6af27-f126-4156-bf8c-e4ce8acfbbb7 a3c963cec92a49e49d3b16938df9dbf3 be0d6c1e66e94dd7b3388cb1d83dc57d - - default default] 10.0.0.195 "GET /v2.0/security-groups HTTP/1.1" status: 200 len: 16795 time: 0.0584950
2026-05-12 17:47:43.623 10 INFO neutron.wsgi [None req-74297889-a2bc-4385-9725-fa2643e334e4 a3c963cec92a49e49d3b16938df9dbf3 be0d6c1e66e94dd7b3388cb1d83dc57d - - default default] 10.0.0.195 "GET /v2.0/routers HTTP/1.1" status: 200 len: 189 time: 0.0249949
2026-05-12 17:47:43.663 10 INFO neutron.wsgi [None req-bf72585a-100a-4233-928a-fc7b32706754 a3c963cec92a49e49d3b16938df9dbf3 be0d6c1e66e94dd7b3388cb1d83dc57d - - default default] 10.0.0.195 "GET /v2.0/agents?binary=ovn-controller HTTP/1.1" status: 200 len: 591 time: 0.0391614
2026-05-12 17:47:43.694 10 INFO neutron.wsgi [None req-7ee80abb-ce82-40d7-9e32-5e76a6888fc6 a3c963cec92a49e49d3b16938df9dbf3 be0d6c1e66e94dd7b3388cb1d83dc57d - - default default] 10.0.0.195 "GET /v2.0/subnets HTTP/1.1" status: 200 len: 1437 time: 0.0302870
2026-05-12 17:47:43.722 10 INFO neutron.wsgi [None req-28a694be-1baf-493d-b5d5-0781961ad3f7 a3c963cec92a49e49d3b16938df9dbf3 be0d6c1e66e94dd7b3388cb1d83dc57d - - default default] 10.0.0.195 "GET /v2.0/ports HTTP/1.1" status: 200 len: 5247 time: 0.0267761
2026-05-12 17:47:43.738 10 INFO neutron.wsgi [None req-aea9cf70-fc45-4f97-afb1-9edba5c33332 a3c963cec92a49e49d3b16938df9dbf3 be0d6c1e66e94dd7b3388cb1d83dc57d - - default default] 10.0.0.195 "GET /v2.0/agents HTTP/1.1" status: 200 len: 997 time: 0.0112827
2026-05-12 17:47:43.768 10 INFO neutron.wsgi [None req-8ccb4a38-fbe0-4b36-8461-ca12684328b5 a3c963cec92a49e49d3b16938df9dbf3 be0d6c1e66e94dd7b3388cb1d83dc57d - - default default] 10.0.0.195 "GET /v2.0/subnets HTTP/1.1" status: 200 len: 1437 time: 0.0289285
2026-05-12 17:47:43.780 10 INFO neutron.wsgi [None req-0a12f9b3-39b0-4a5c-8674-730644de57bf a3c963cec92a49e49d3b16938df9dbf3 be0d6c1e66e94dd7b3388cb1d83dc57d - - default default] 10.0.0.195 "GET /v2.0/subnetpools HTTP/1.1" status: 200 len: 193 time: 0.0106246
2026-05-12 17:47:43.800 10 INFO neutron.wsgi [None req-7ac4ce28-c4eb-4dc1-8c3a-960d41957ef3 a3c963cec92a49e49d3b16938df9dbf3 be0d6c1e66e94dd7b3388cb1d83dc57d - - default default] 10.0.0.195 "GET /v2.0/floatingips HTTP/1.1" status: 200 len: 193 time: 0.0201435
2026-05-12 17:47:47.091 9 INFO neutron.wsgi [-] 10.0.0.211 "GET / HTTP/1.1" status: 200 len: 246 time: 0.0019016
2026-05-12 17:47:47.091 10 INFO neutron.wsgi [-] 10.0.0.211 "GET / HTTP/1.1" status: 200 len: 246 time: 0.0023205
2026-05-12 17:48:02.092 10 INFO neutron.wsgi [-] 10.0.0.211 "GET / HTTP/1.1" status: 200 len: 246 time: 0.0024221
2026-05-12 17:48:02.092 9 INFO neutron.wsgi [-] 10.0.0.211 "GET / HTTP/1.1" status: 200 len: 246 time: 0.0031109
2026-05-12 17:48:17.090 10 INFO neutron.wsgi [-] 10.0.0.211 "GET / HTTP/1.1" status: 200 len: 246 time: 0.0015030
2026-05-12 17:48:17.091 9 INFO neutron.wsgi [-] 10.0.0.211 "GET / HTTP/1.1" status: 200 len: 246 time: 0.0015485
2026-05-12 17:48:32.092 10 INFO neutron.wsgi [-] 10.0.0.211 "GET / HTTP/1.1" status: 200 len: 246 time: 0.0019679
2026-05-12 17:48:32.092 9 INFO neutron.wsgi [-] 10.0.0.211 "GET / HTTP/1.1" status: 200 len: 246 time: 0.0022609
