2026-05-12 17:38:23.912 10 INFO neutron.wsgi [None req-f86cad11-b31a-4e01-90a3-9b9e4e6978f8 a3c963cec92a49e49d3b16938df9dbf3 be0d6c1e66e94dd7b3388cb1d83dc57d - - - -] 10.0.0.117 "DELETE /v2.0/security-groups/1e83914e-9fb2-4dac-b7ad-50b094af9f0e HTTP/1.1" status: 204 len: 168 time: 0.4908123
2026-05-12 17:38:23.916 10 INFO neutron.wsgi [req-5513b680-1d34-409d-97c0-d2b3ab41e98e req-2762e3aa-08f1-4e58-888c-98853c25ed24 810f1df991a94bb3bfbd7889b3e3ff63 b8f80b3af5e248289e11199c9de04fbd - - default default] 10.0.0.230 "GET /v2.0/ports?device_id=982fe517-0e90-4003-90b7-25491ec69338 HTTP/1.1" status: 200 len: 1174 time: 0.0676305
2026-05-12 17:38:23.932 9 INFO neutron.wsgi [req-04b377a8-0d54-47de-8f31-606f97fd1d4b req-ed0bb4a4-9431-4501-a2dd-8cf06e9343ff 82a9e57fcb8547bd8bfe8c16d5e3e2da 8aeddd43cb6e4e32a38c24203e18ffc8 - - 4fda8fe893784c899a6c17a416dd77f1 4fda8fe893784c899a6c17a416dd77f1] 199.19.213.202 "GET /v2.0/networks?id=2a505145-79e1-45a6-8b65-c7ce1a1925c5 HTTP/1.1" status: 200 len: 981 time: 0.0581923
2026-05-12 17:38:23.987 9 INFO neutron.wsgi [req-04b377a8-0d54-47de-8f31-606f97fd1d4b req-fb63b5b6-8da0-474f-bec9-c1da3760e0c1 82a9e57fcb8547bd8bfe8c16d5e3e2da 8aeddd43cb6e4e32a38c24203e18ffc8 - - 4fda8fe893784c899a6c17a416dd77f1 4fda8fe893784c899a6c17a416dd77f1] 199.19.213.202 "GET /v2.0/floatingips?fixed_ip_address=10.100.0.11&port_id=9efbfca2-833b-426d-a70f-fcacf885503e HTTP/1.1" status: 200 len: 1060 time: 0.0488143
2026-05-12 17:38:24.020 9 INFO neutron.wsgi [req-04b377a8-0d54-47de-8f31-606f97fd1d4b req-81231ebe-a4a6-441f-9fff-e21c8f6312b8 82a9e57fcb8547bd8bfe8c16d5e3e2da 8aeddd43cb6e4e32a38c24203e18ffc8 - - 4fda8fe893784c899a6c17a416dd77f1 4fda8fe893784c899a6c17a416dd77f1] 199.19.213.202 "GET /v2.0/subnets?id=a989a926-a28b-496f-a799-10ad8b3835fd HTTP/1.1" status: 200 len: 876 time: 0.0251369
2026-05-12 17:38:24.022 10 INFO neutron.wsgi [req-5513b680-1d34-409d-97c0-d2b3ab41e98e req-add42859-586f-4d23-b8be-f382d1bd59c4 810f1df991a94bb3bfbd7889b3e3ff63 b8f80b3af5e248289e11199c9de04fbd - - default default] 10.0.0.230 "GET /v2.0/security-groups?id=032294e7-2851-45a3-9cdd-34baf44a55a8&fields=id&fields=name HTTP/1.1" status: 200 len: 312 time: 0.0966268
2026-05-12 17:38:24.045 10 INFO neutron.wsgi [req-fb5bf690-0261-4973-b091-a10fd8904f5c req-56aaa485-3fca-4159-ba88-3b43a4a49832 82a9e57fcb8547bd8bfe8c16d5e3e2da 8aeddd43cb6e4e32a38c24203e18ffc8 - - 4fda8fe893784c899a6c17a416dd77f1 4fda8fe893784c899a6c17a416dd77f1] 199.19.213.202 "GET /v2.0/networks?shared=True HTTP/1.1" status: 200 len: 952 time: 0.1276729
2026-05-12 17:38:24.054 9 INFO neutron.wsgi [req-04b377a8-0d54-47de-8f31-606f97fd1d4b req-f0b92ca4-22e2-4f6a-a4c7-4c99367cd206 82a9e57fcb8547bd8bfe8c16d5e3e2da 8aeddd43cb6e4e32a38c24203e18ffc8 - - 4fda8fe893784c899a6c17a416dd77f1 4fda8fe893784c899a6c17a416dd77f1] 199.19.213.202 "GET /v2.0/ports?network_id=2a505145-79e1-45a6-8b65-c7ce1a1925c5&device_owner=network%3Adhcp HTTP/1.1" status: 200 len: 210 time: 0.0248942
2026-05-12 17:38:24.107 9 INFO neutron.wsgi [req-04b377a8-0d54-47de-8f31-606f97fd1d4b req-999b835c-b8e1-494c-b7b4-fe9868f6ef7f 82a9e57fcb8547bd8bfe8c16d5e3e2da 8aeddd43cb6e4e32a38c24203e18ffc8 - - 4fda8fe893784c899a6c17a416dd77f1 4fda8fe893784c899a6c17a416dd77f1] 199.19.213.202 "GET /v2.0/networks/2a505145-79e1-45a6-8b65-c7ce1a1925c5?fields=segments HTTP/1.1" status: 200 len: 212 time: 0.0483754
2026-05-12 17:38:24.164 9 INFO neutron.wsgi [req-04b377a8-0d54-47de-8f31-606f97fd1d4b req-0140d6e5-a289-4e1c-b5aa-815388b3fd7d 82a9e57fcb8547bd8bfe8c16d5e3e2da 8aeddd43cb6e4e32a38c24203e18ffc8 - - 4fda8fe893784c899a6c17a416dd77f1 4fda8fe893784c899a6c17a416dd77f1] 199.19.213.202 "GET /v2.0/networks/2a505145-79e1-45a6-8b65-c7ce1a1925c5?fields=provider%3Aphysical_network&fields=provider%3Anetwork_type HTTP/1.1" status: 200 len: 277 time: 0.0488203
2026-05-12 17:38:24.211 10 WARNING neutron.scheduler.dhcp_agent_scheduler [None req-aa8ccc72-33ae-4dac-9000-13cb8e656a00 09060594b15144a09d6e8a0a707dfe95 2beb01133fe74b84acad97ebce4c0368 - - - -] No more DHCP agents
2026-05-12 17:38:24.213 10 WARNING neutron.api.rpc.agentnotifiers.dhcp_rpc_agent_api [None req-aa8ccc72-33ae-4dac-9000-13cb8e656a00 09060594b15144a09d6e8a0a707dfe95 2beb01133fe74b84acad97ebce4c0368 - - - -] Unable to schedule network 6b5703c8-791d-46fc-980b-3fe18a6de094: no agents available; will retry on subsequent port and subnet creation events.
2026-05-12 17:38:24.503 10 INFO neutron.db.ovn_revision_numbers_db [None req-aa8ccc72-33ae-4dac-9000-13cb8e656a00 09060594b15144a09d6e8a0a707dfe95 2beb01133fe74b84acad97ebce4c0368 - - - -] Successfully bumped revision number for resource c6c3c448-e522-48da-b559-a490d5c49dcd (type: floatingips) to 0
2026-05-12 17:38:24.515 10 INFO neutron.wsgi [None req-aa8ccc72-33ae-4dac-9000-13cb8e656a00 09060594b15144a09d6e8a0a707dfe95 2beb01133fe74b84acad97ebce4c0368 - - - -] 10.0.0.117 "POST /v2.0/floatingips HTTP/1.1" status: 201 len: 751 time: 0.8595040
2026-05-12 17:38:24.714 9 INFO neutron.wsgi [None req-44c2db6c-d711-4354-8647-f5fab9b39bbf c90d80bd4fa24916af417e80dbcb4c19 5201597b11414bd68044127aedddd2a7 - - - -] 10.0.0.117 "DELETE /v2.0/security-groups/990eeb88-c04b-4f06-a6a3-bb58855feb8b HTTP/1.1" status: 204 len: 168 time: 0.1421223
2026-05-12 17:38:24.738 10 INFO neutron.api.v2.resource [None req-63bed85e-d275-44f3-969b-f2eb8f523032 c90d80bd4fa24916af417e80dbcb4c19 5201597b11414bd68044127aedddd2a7 - - default default] show failed (client error): The resource could not be found.
2026-05-12 17:38:24.739 10 INFO neutron.wsgi [None req-63bed85e-d275-44f3-969b-f2eb8f523032 c90d80bd4fa24916af417e80dbcb4c19 5201597b11414bd68044127aedddd2a7 - - default default] 10.0.0.117 "GET /v2.0/security-groups/990eeb88-c04b-4f06-a6a3-bb58855feb8b HTTP/1.1" status: 404 len: 347 time: 0.0135810
2026-05-12 17:38:25.129 10 INFO neutron.wsgi [None req-37524c2e-f826-4d01-ada0-30e3cd664d85 c90d80bd4fa24916af417e80dbcb4c19 5201597b11414bd68044127aedddd2a7 - - - -] 10.0.0.117 "DELETE /v2.0/floatingips/40a1efe2-9866-4fd8-9b96-00ba53d83d56 HTTP/1.1" status: 204 len: 168 time: 0.3856008
2026-05-12 17:38:26.305 10 INFO neutron.wsgi [None req-df75206c-cc73-410b-b2ba-556a6cdc1299 a3c963cec92a49e49d3b16938df9dbf3 be0d6c1e66e94dd7b3388cb1d83dc57d - - - -] 10.0.0.117 "PUT /v2.0/routers/f75e5481-1fc9-4def-8967-61ad39593bf0/remove_router_interface HTTP/1.1" status: 200 len: 503 time: 1.1718760 /var/lib/openstack/lib/python3.10/site-packages/pycadf/identifier.py:71: UserWarning: Invalid uuid: neutron. To ensure interoperability, identifiers should be a valid uuid. warnings.warn(('Invalid uuid: %s. To ensure interoperability, '
2026-05-12 17:38:26.915 10 INFO neutron.wsgi [None req-537506ee-7a94-4fcb-842e-27d7276592b8 a3c963cec92a49e49d3b16938df9dbf3 be0d6c1e66e94dd7b3388cb1d83dc57d - - - -] 10.0.0.117 "DELETE /v2.0/routers/f75e5481-1fc9-4def-8967-61ad39593bf0 HTTP/1.1" status: 204 len: 168 time: 0.6052704
2026-05-12 17:38:27.099 10 WARNING neutron.plugins.ml2.drivers.ovn.mech_driver.ovsdb.ovn_client [None req-501a496a-0938-4bf7-ab62-f161276a63e2 - - - - - -] No hosting information found for port 9a268c51-1bbc-4198-a981-1c41998b3e51: RuntimeError: No hosting information found for port 9a268c51-1bbc-4198-a981-1c41998b3e51
2026-05-12 17:38:27.099 10 INFO neutron.plugins.ml2.drivers.ovn.mech_driver.mech_driver [None req-501a496a-0938-4bf7-ab62-f161276a63e2 - - - - - -] OVN reports status down for port: 9a293644-f910-4c89-92a2-e5960a0b41d1
2026-05-12 17:38:27.127 9 INFO neutron.wsgi [None req-3173ca68-30f8-475b-a18e-ed8f34503ce1 a3c963cec92a49e49d3b16938df9dbf3 be0d6c1e66e94dd7b3388cb1d83dc57d - - - -] 10.0.0.117 "DELETE /v2.0/subnets/2e83c024-8662-4111-a4cb-31979e9224c7 HTTP/1.1" status: 204 len: 168 time: 0.2079842 /var/lib/openstack/lib/python3.10/site-packages/pycadf/identifier.py:71: UserWarning: Invalid uuid: neutron. To ensure interoperability, identifiers should be a valid uuid. warnings.warn(('Invalid uuid: %s. To ensure interoperability, '
2026-05-12 17:38:27.446 10 INFO neutron.services.segments.plugin [-] Segment b9f860d9-6ba4-45d3-b771-b196aea97984 resource provider aggregate not found
2026-05-12 17:38:27.451 10 INFO neutron.services.segments.plugin [-] Segment b9f860d9-6ba4-45d3-b771-b196aea97984 resource provider aggregate not found
2026-05-12 17:38:27.468 10 INFO neutron.services.segments.plugin [-] Segment b9f860d9-6ba4-45d3-b771-b196aea97984 resource provider not found; error: Placement Client Error (4xx): {"errors": [{"status": 404, "title": "Not Found", "detail": "The resource could not be found.\n\n No resource provider with uuid b9f860d9-6ba4-45d3-b771-b196aea97984 found for delete ", "request_id": "req-e62cb37d-8fd7-4372-b979-b45c9e57b322"}]}
2026-05-12 17:38:27.474 10 INFO neutron.services.segments.plugin [-] Segment b9f860d9-6ba4-45d3-b771-b196aea97984 resource provider not found; error: Placement Client Error (4xx): {"errors": [{"status": 404, "title": "Not Found", "detail": "The resource could not be found.\n\n No resource provider with uuid b9f860d9-6ba4-45d3-b771-b196aea97984 found for delete ", "request_id": "req-ada76d32-7346-4afd-9221-5fa6a4edf91c"}]}
2026-05-12 17:38:27.482 10 INFO neutron.wsgi [None req-8d10f210-9c29-4252-9a1d-3d2fc767057c a3c963cec92a49e49d3b16938df9dbf3 be0d6c1e66e94dd7b3388cb1d83dc57d - - - -] 10.0.0.117 "DELETE /v2.0/networks/65c47c59-2fae-4682-89af-fcca2b8f67ea HTTP/1.1" status: 204 len: 168 time: 0.3465295
2026-05-12 17:38:27.693 9 INFO neutron.wsgi [None req-906b5e44-313c-4bd7-85bc-a813d1f03cf4 a3c963cec92a49e49d3b16938df9dbf3 be0d6c1e66e94dd7b3388cb1d83dc57d - - default default] 10.0.0.117 "GET /v2.0/security-groups?tenant_id=5201597b11414bd68044127aedddd2a7&name=default HTTP/1.1" status: 200 len: 2992 time: 0.0269499
2026-05-12 17:38:27.885 9 INFO neutron.wsgi [None req-b9e1fe1c-2314-4e6d-a638-881ad4fecc73 a3c963cec92a49e49d3b16938df9dbf3 be0d6c1e66e94dd7b3388cb1d83dc57d - - - -] 10.0.0.117 "DELETE /v2.0/security-groups/6df42c40-2c31-4f7a-bae4-0c87f325c380 HTTP/1.1" status: 204 len: 168 time: 0.1882982
2026-05-12 17:38:27.915 9 INFO neutron.db.ovn_revision_numbers_db [None req-636f43a4-b707-4d4b-bd17-8167409e0509 a3c963cec92a49e49d3b16938df9dbf3 be0d6c1e66e94dd7b3388cb1d83dc57d - - default default] Successfully bumped revision number for resource 4652aafc-d97c-43e9-81ff-8f15fe61f333 (type: security_groups) to 1
2026-05-12 17:38:27.939 9 INFO neutron.wsgi [None req-636f43a4-b707-4d4b-bd17-8167409e0509 a3c963cec92a49e49d3b16938df9dbf3 be0d6c1e66e94dd7b3388cb1d83dc57d - - default default] 10.0.0.117 "GET /v2.0/security-groups?tenant_id=cbda2ea0def34320977cc987b7a62c66&name=default HTTP/1.1" status: 200 len: 2996 time: 0.3210747
2026-05-12 17:38:28.109 9 INFO neutron.wsgi [None req-bd2df57b-9558-4380-bd3e-3a40804dc414 a3c963cec92a49e49d3b16938df9dbf3 be0d6c1e66e94dd7b3388cb1d83dc57d - - - -] 10.0.0.117 "DELETE /v2.0/security-groups/4652aafc-d97c-43e9-81ff-8f15fe61f333 HTTP/1.1" status: 204 len: 168 time: 0.1667035
2026-05-12 17:38:28.350 9 INFO neutron.db.ovn_revision_numbers_db [None req-7181449e-c02b-4c9e-abd5-b397e1808b6f a3c963cec92a49e49d3b16938df9dbf3 be0d6c1e66e94dd7b3388cb1d83dc57d - - default default] Successfully bumped revision number for resource 90f4ef7f-020d-4715-9b10-1e623deb6057 (type: security_groups) to 1
2026-05-12 17:38:28.370 9 INFO neutron.wsgi [None req-7181449e-c02b-4c9e-abd5-b397e1808b6f a3c963cec92a49e49d3b16938df9dbf3 be0d6c1e66e94dd7b3388cb1d83dc57d - - default default] 10.0.0.117 "GET /v2.0/security-groups?tenant_id=8aa3420e57ed473091753cf5e016b2fe&name=default HTTP/1.1" status: 200 len: 2996 time: 0.1104167
2026-05-12 17:38:28.511 9 INFO neutron.wsgi [None req-7a7df684-ebbd-4c7f-bd8b-0938697a386d a3c963cec92a49e49d3b16938df9dbf3 be0d6c1e66e94dd7b3388cb1d83dc57d - - - -] 10.0.0.117 "DELETE /v2.0/security-groups/90f4ef7f-020d-4715-9b10-1e623deb6057 HTTP/1.1" status: 204 len: 168 time: 0.1365905
2026-05-12 17:38:29.759 9 INFO neutron.db.ovn_revision_numbers_db [None req-b0de2c3c-7a6d-4cd4-9ae0-f65b217b60be a3c963cec92a49e49d3b16938df9dbf3 be0d6c1e66e94dd7b3388cb1d83dc57d - - - -] Successfully bumped revision number for resource 48a63709-70a1-4b72-8770-72bc45be7c79 (type: security_groups) to 1
2026-05-12 17:38:29.807 9 INFO neutron.db.segments_db [None req-b0de2c3c-7a6d-4cd4-9ae0-f65b217b60be a3c963cec92a49e49d3b16938df9dbf3 be0d6c1e66e94dd7b3388cb1d83dc57d - - - -] Added segment df9b413c-b516-43fb-9961-aa0af047cb2a of type geneve for network 7f900d43-1662-497b-864a-ef4825ab952e
2026-05-12 17:38:29.908 9 INFO neutron.db.ovn_revision_numbers_db [None req-b0de2c3c-7a6d-4cd4-9ae0-f65b217b60be a3c963cec92a49e49d3b16938df9dbf3 be0d6c1e66e94dd7b3388cb1d83dc57d - - - -] Successfully bumped revision number for resource 7f900d43-1662-497b-864a-ef4825ab952e (type: networks) to 1
2026-05-12 17:38:30.052 9 WARNING neutron.scheduler.dhcp_agent_scheduler [None req-b0de2c3c-7a6d-4cd4-9ae0-f65b217b60be a3c963cec92a49e49d3b16938df9dbf3 be0d6c1e66e94dd7b3388cb1d83dc57d - - - -] No more DHCP agents
2026-05-12 17:38:30.055 9 WARNING neutron.api.rpc.agentnotifiers.dhcp_rpc_agent_api [None req-b0de2c3c-7a6d-4cd4-9ae0-f65b217b60be a3c963cec92a49e49d3b16938df9dbf3 be0d6c1e66e94dd7b3388cb1d83dc57d - - - -] Unable to schedule network 7f900d43-1662-497b-864a-ef4825ab952e: no agents available; will retry on subsequent port and subnet creation events.
2026-05-12 17:38:30.117 9 INFO neutron.db.ovn_revision_numbers_db [None req-b0de2c3c-7a6d-4cd4-9ae0-f65b217b60be a3c963cec92a49e49d3b16938df9dbf3 be0d6c1e66e94dd7b3388cb1d83dc57d - - - -] Successfully bumped revision number for resource 546fed45-f514-4c12-be96-4798b8d995f7 (type: ports) to 1
2026-05-12 17:38:30.138 9 INFO neutron.wsgi [None req-b0de2c3c-7a6d-4cd4-9ae0-f65b217b60be a3c963cec92a49e49d3b16938df9dbf3 be0d6c1e66e94dd7b3388cb1d83dc57d - - - -] 10.0.0.117 "POST /v2.0/networks HTTP/1.1" status: 201 len: 946 time: 0.6705306
2026-05-12 17:38:30.294 9 WARNING neutron.scheduler.dhcp_agent_scheduler [None req-973b56e6-a2ef-4bde-99d8-be39cd63c210 a3c963cec92a49e49d3b16938df9dbf3 be0d6c1e66e94dd7b3388cb1d83dc57d - - - -] No more DHCP agents
2026-05-12 17:38:30.296 9 WARNING neutron.api.rpc.agentnotifiers.dhcp_rpc_agent_api [None req-973b56e6-a2ef-4bde-99d8-be39cd63c210 a3c963cec92a49e49d3b16938df9dbf3 be0d6c1e66e94dd7b3388cb1d83dc57d - - - -] Unable to schedule network 7f900d43-1662-497b-864a-ef4825ab952e: no agents available; will retry on subsequent port and subnet creation events.
2026-05-12 17:38:30.389 10 INFO neutron.wsgi [req-36b20b26-b869-437c-a1b3-630bc0498be3 req-b8ab647a-7dba-4646-a317-6396f0b24906 09060594b15144a09d6e8a0a707dfe95 2beb01133fe74b84acad97ebce4c0368 - - default default] 10.0.0.230 "GET /v2.0/security-groups?name=tempest-securitygroup--614177401&fields=id&tenant_id=2beb01133fe74b84acad97ebce4c0368 HTTP/1.1" status: 200 len: 267 time: 0.0426090
2026-05-12 17:38:30.468 10 INFO neutron.wsgi [req-36b20b26-b869-437c-a1b3-630bc0498be3 req-8b5c6d69-31b8-427f-ba13-47c5d1393907 09060594b15144a09d6e8a0a707dfe95 2beb01133fe74b84acad97ebce4c0368 - - default default] 10.0.0.230 "GET /v2.0/networks?id=5bee40ab-adef-47fa-bb3d-ac459e71bf9a HTTP/1.1" status: 200 len: 879 time: 0.0732172
2026-05-12 17:38:30.487 10 INFO neutron.wsgi [req-36b20b26-b869-437c-a1b3-630bc0498be3 req-6dd43ee0-20cf-474c-a706-19886b54f2f1 09060594b15144a09d6e8a0a707dfe95 2beb01133fe74b84acad97ebce4c0368 - - default default] 10.0.0.230 "GET /v2.0/quotas/2beb01133fe74b84acad97ebce4c0368 HTTP/1.1" status: 200 len: 386 time: 0.0126417
2026-05-12 17:38:30.584 10 INFO neutron.wsgi [req-36b20b26-b869-437c-a1b3-630bc0498be3 req-b12c25d6-925a-45be-b3d9-a51d6bdb11bd 09060594b15144a09d6e8a0a707dfe95 2beb01133fe74b84acad97ebce4c0368 - - default default] 10.0.0.230 "GET /v2.0/ports?tenant_id=2beb01133fe74b84acad97ebce4c0368&fields=id HTTP/1.1" status: 200 len: 302 time: 0.0887694
2026-05-12 17:38:30.763 9 INFO neutron.db.ovn_revision_numbers_db [None req-973b56e6-a2ef-4bde-99d8-be39cd63c210 a3c963cec92a49e49d3b16938df9dbf3 be0d6c1e66e94dd7b3388cb1d83dc57d - - - -] Successfully bumped revision number for resource 546fed45-f514-4c12-be96-4798b8d995f7 (type: ports) to 2
2026-05-12 17:38:30.780 9 INFO neutron.db.ovn_revision_numbers_db [None req-973b56e6-a2ef-4bde-99d8-be39cd63c210 a3c963cec92a49e49d3b16938df9dbf3 be0d6c1e66e94dd7b3388cb1d83dc57d - - - -] Successfully bumped revision number for resource 7e31445e-da20-4d3c-beb2-add2d8ae1034 (type: subnets) to 0
2026-05-12 17:38:30.795 9 INFO neutron.wsgi [None req-973b56e6-a2ef-4bde-99d8-be39cd63c210 a3c963cec92a49e49d3b16938df9dbf3 be0d6c1e66e94dd7b3388cb1d83dc57d - - - -] 10.0.0.117 "POST /v2.0/subnets HTTP/1.1" status: 201 len: 866 time: 0.6509504
2026-05-12 17:38:31.021 10 INFO neutron.wsgi [req-36b20b26-b869-437c-a1b3-630bc0498be3 req-6ea12bcd-8e68-42f3-9e03-d21832b6bad3 82a9e57fcb8547bd8bfe8c16d5e3e2da 8aeddd43cb6e4e32a38c24203e18ffc8 - - 4fda8fe893784c899a6c17a416dd77f1 4fda8fe893784c899a6c17a416dd77f1] 10.0.0.230 "GET /v2.0/extensions HTTP/1.1" status: 200 len: 16525 time: 0.0545423
2026-05-12 17:38:31.096 10 INFO neutron.wsgi [req-36b20b26-b869-437c-a1b3-630bc0498be3 req-2c964e80-b492-441b-bb4c-6bce0cc02e75 82a9e57fcb8547bd8bfe8c16d5e3e2da 8aeddd43cb6e4e32a38c24203e18ffc8 - - 4fda8fe893784c899a6c17a416dd77f1 4fda8fe893784c899a6c17a416dd77f1] 10.0.0.230 "GET /v2.0/networks/5bee40ab-adef-47fa-bb3d-ac459e71bf9a?fields=segments HTTP/1.1" status: 200 len: 212 time: 0.0649168
2026-05-12 17:38:31.162 10 INFO neutron.wsgi [req-36b20b26-b869-437c-a1b3-630bc0498be3 req-b0343bfe-b3ed-41e3-92c7-d72b29032b0a 82a9e57fcb8547bd8bfe8c16d5e3e2da 8aeddd43cb6e4e32a38c24203e18ffc8 - - 4fda8fe893784c899a6c17a416dd77f1 4fda8fe893784c899a6c17a416dd77f1] 10.0.0.230 "GET /v2.0/networks/5bee40ab-adef-47fa-bb3d-ac459e71bf9a?fields=provider%3Aphysical_network&fields=provider%3Anetwork_type HTTP/1.1" status: 200 len: 277 time: 0.0578730
2026-05-12 17:38:31.263 9 WARNING neutron.scheduler.dhcp_agent_scheduler [None req-921c1e17-21f5-482b-96e9-995ea2ac2c0d a3c963cec92a49e49d3b16938df9dbf3 be0d6c1e66e94dd7b3388cb1d83dc57d - - - -] No more DHCP agents
2026-05-12 17:38:31.264 9 WARNING neutron.api.rpc.agentnotifiers.dhcp_rpc_agent_api [None req-921c1e17-21f5-482b-96e9-995ea2ac2c0d a3c963cec92a49e49d3b16938df9dbf3 be0d6c1e66e94dd7b3388cb1d83dc57d - - - -] Unable to schedule network 6b5703c8-791d-46fc-980b-3fe18a6de094: no agents available; will retry on subsequent port and subnet creation events.
2026-05-12 17:38:31.417 9 INFO neutron.db.ovn_revision_numbers_db [None req-921c1e17-21f5-482b-96e9-995ea2ac2c0d a3c963cec92a49e49d3b16938df9dbf3 be0d6c1e66e94dd7b3388cb1d83dc57d - - - -] Successfully bumped revision number for resource 1e5f1a95-3338-4504-979b-6e8a36bbede4 (type: ports) to 1
2026-05-12 17:38:31.476 9 INFO neutron.wsgi [req-07502116-0e11-4905-82c4-9459a9b9f9a3 req-0b57dd60-4e46-489c-8b1b-4485fba9283f 09060594b15144a09d6e8a0a707dfe95 2beb01133fe74b84acad97ebce4c0368 - - default default] 10.0.0.230 "GET /v2.0/ports?device_id=0719a68b-2a44-4a2e-82d0-37d7779a3723 HTTP/1.1" status: 200 len: 210 time: 0.0349784
2026-05-12 17:38:32.094 10 INFO neutron.wsgi [-] 10.0.0.211 "GET / HTTP/1.1" status: 200 len: 246 time: 0.0015082
2026-05-12 17:38:32.095 10 INFO neutron.wsgi [-] 10.0.0.211 "GET / HTTP/1.1" status: 200 len: 246 time: 0.0009058
2026-05-12 17:38:32.161 9 INFO neutron.plugins.ml2.drivers.ovn.mech_driver.mech_driver [None req-a5edc48e-2038-4080-898e-79bda5234fe6 - - - - - -] OVN reports status up for port: 1e5f1a95-3338-4504-979b-6e8a36bbede4
2026-05-12 17:38:32.176 10 INFO neutron.plugins.ml2.drivers.ovn.mech_driver.ovsdb.ovsdb_monitor [None req-1185c539-2e4b-43c9-8c0d-9b98c39fa577 - - - - - -] Router a874ae1b-d06e-4f04-ad3e-ee1dd83ed329 is bound to host instance
2026-05-12 17:38:32.182 9 INFO neutron.db.ovn_revision_numbers_db [None req-921c1e17-21f5-482b-96e9-995ea2ac2c0d a3c963cec92a49e49d3b16938df9dbf3 be0d6c1e66e94dd7b3388cb1d83dc57d - - - -] Successfully bumped revision number for resource 1e5f1a95-3338-4504-979b-6e8a36bbede4 (type: router_ports) to 1
2026-05-12 17:38:32.184 9 INFO neutron.plugins.ml2.plugin [None req-a5edc48e-2038-4080-898e-79bda5234fe6 - - - - - -] Attempt 1 to provision port 1e5f1a95-3338-4504-979b-6e8a36bbede4
2026-05-12 17:38:32.303 9 INFO neutron.db.ovn_revision_numbers_db [None req-921c1e17-21f5-482b-96e9-995ea2ac2c0d a3c963cec92a49e49d3b16938df9dbf3 be0d6c1e66e94dd7b3388cb1d83dc57d - - - -] Successfully bumped revision number for resource a874ae1b-d06e-4f04-ad3e-ee1dd83ed329 (type: routers) to 3
2026-05-12 17:38:32.317 9 INFO neutron.wsgi [None req-921c1e17-21f5-482b-96e9-995ea2ac2c0d a3c963cec92a49e49d3b16938df9dbf3 be0d6c1e66e94dd7b3388cb1d83dc57d - - - -] 10.0.0.117 "POST /v2.0/routers HTTP/1.1" status: 201 len: 877 time: 1.5169828
2026-05-12 17:38:32.334 9 INFO neutron.wsgi [req-36b20b26-b869-437c-a1b3-630bc0498be3 req-f84d0ca2-3efd-4a3b-8567-313f3b4a9d97 09060594b15144a09d6e8a0a707dfe95 2beb01133fe74b84acad97ebce4c0368 - - default default] 199.19.213.202 "GET /v2.0/networks?id=5bee40ab-adef-47fa-bb3d-ac459e71bf9a HTTP/1.1" status: 200 len: 879 time: 0.0952852
2026-05-12 17:38:32.393 9 INFO neutron.wsgi [req-36b20b26-b869-437c-a1b3-630bc0498be3 req-718551d3-5e6f-4f40-b740-bae17f2c1644 09060594b15144a09d6e8a0a707dfe95 2beb01133fe74b84acad97ebce4c0368 - - default default] 199.19.213.202 "GET /v2.0/security-groups?fields=id&fields=name&tenant_id=2beb01133fe74b84acad97ebce4c0368 HTTP/1.1" status: 200 len: 379 time: 0.0448563
2026-05-12 17:38:32.558 10 INFO neutron.wsgi [req-18b7fa62-0c06-4fde-90c3-4ff3be94af9d req-515ae1b9-1135-4dfe-9e20-46b5aafe858a 09060594b15144a09d6e8a0a707dfe95 2beb01133fe74b84acad97ebce4c0368 - - default default] 10.0.0.230 "GET /v2.0/ports?device_id=0719a68b-2a44-4a2e-82d0-37d7779a3723 HTTP/1.1" status: 200 len: 210 time: 0.0181873
2026-05-12 17:38:32.670 10 INFO neutron.db.ovn_revision_numbers_db [None req-1185c539-2e4b-43c9-8c0d-9b98c39fa577 - - - - - -] Successfully bumped revision number for resource 1e5f1a95-3338-4504-979b-6e8a36bbede4 (type: ports) to 1
2026-05-12 17:38:32.812 9 WARNING neutron.scheduler.dhcp_agent_scheduler [None req-cb911ea8-22b8-4a80-906a-bc8f376bf08b 09060594b15144a09d6e8a0a707dfe95 2beb01133fe74b84acad97ebce4c0368 - - - -] No more DHCP agents
2026-05-12 17:38:32.815 9 WARNING neutron.api.rpc.agentnotifiers.dhcp_rpc_agent_api [None req-cb911ea8-22b8-4a80-906a-bc8f376bf08b 09060594b15144a09d6e8a0a707dfe95 2beb01133fe74b84acad97ebce4c0368 - - - -] Unable to schedule network 5bee40ab-adef-47fa-bb3d-ac459e71bf9a: no agents available; will retry on subsequent port and subnet creation events.
2026-05-12 17:38:32.845 9 WARNING neutron.scheduler.dhcp_agent_scheduler [None req-906d0736-8a37-49cc-9ea9-b3503a15dbf3 a3c963cec92a49e49d3b16938df9dbf3 be0d6c1e66e94dd7b3388cb1d83dc57d - - default default] No more DHCP agents
2026-05-12 17:38:32.849 9 WARNING neutron.api.rpc.agentnotifiers.dhcp_rpc_agent_api [None req-906d0736-8a37-49cc-9ea9-b3503a15dbf3 a3c963cec92a49e49d3b16938df9dbf3 be0d6c1e66e94dd7b3388cb1d83dc57d - - default default] Unable to schedule network 7f900d43-1662-497b-864a-ef4825ab952e: no agents available; will retry on subsequent port and subnet creation events.
2026-05-12 17:38:32.913 10 INFO neutron.db.ovn_revision_numbers_db [None req-1185c539-2e4b-43c9-8c0d-9b98c39fa577 - - - - - -] Successfully bumped revision number for resource 1e5f1a95-3338-4504-979b-6e8a36bbede4 (type: router_ports) to 3
2026-05-12 17:38:33.007 9 INFO neutron.db.ovn_revision_numbers_db [None req-cb911ea8-22b8-4a80-906a-bc8f376bf08b 09060594b15144a09d6e8a0a707dfe95 2beb01133fe74b84acad97ebce4c0368 - - - -] Successfully bumped revision number for resource a67cfcd4-17b7-4056-8193-065bc0e3bb31 (type: ports) to 1
2026-05-12 17:38:33.022 9 INFO neutron.db.ovn_revision_numbers_db [None req-906d0736-8a37-49cc-9ea9-b3503a15dbf3 a3c963cec92a49e49d3b16938df9dbf3 be0d6c1e66e94dd7b3388cb1d83dc57d - - default default] Successfully bumped revision number for resource bc26bf28-270d-484e-b2a6-723377440413 (type: ports) to 1
2026-05-12 17:38:33.027 9 INFO neutron.wsgi [None req-cb911ea8-22b8-4a80-906a-bc8f376bf08b 09060594b15144a09d6e8a0a707dfe95 2beb01133fe74b84acad97ebce4c0368 - - - -] 199.19.213.202 "POST /v2.0/ports HTTP/1.1" status: 201 len: 1162 time: 0.6282494 /var/lib/openstack/lib/python3.10/site-packages/pycadf/identifier.py:71: UserWarning: Invalid uuid: neutron. To ensure interoperability, identifiers should be a valid uuid. warnings.warn(('Invalid uuid: %s. To ensure interoperability, '
2026-05-12 17:38:33.068 10 INFO neutron.db.ovn_revision_numbers_db [None req-ef3a069f-a6f3-4589-ae8c-274253351722 a3c963cec92a49e49d3b16938df9dbf3 be0d6c1e66e94dd7b3388cb1d83dc57d - - default default] Successfully bumped revision number for resource c3bd4068-8b73-4ea5-ad05-04b9674d9311 (type: security_groups) to 1
2026-05-12 17:38:33.092 10 INFO neutron.wsgi [None req-ef3a069f-a6f3-4589-ae8c-274253351722 a3c963cec92a49e49d3b16938df9dbf3 be0d6c1e66e94dd7b3388cb1d83dc57d - - default default] 10.0.0.117 "GET /v2.0/security-groups?tenant_id=0deeba4063a14973bdfa8f2388d7a9fd&name=default HTTP/1.1" status: 200 len: 2996 time: 0.2716353
2026-05-12 17:38:33.102 10 INFO neutron.db.ovn_revision_numbers_db [None req-1185c539-2e4b-43c9-8c0d-9b98c39fa577 - - - - - -] Successfully bumped revision number for resource 1e5f1a95-3338-4504-979b-6e8a36bbede4 (type: ports) to 2
2026-05-12 17:38:33.324 10 INFO neutron.db.ovn_revision_numbers_db [None req-1185c539-2e4b-43c9-8c0d-9b98c39fa577 - - - - - -] Successfully bumped revision number for resource 1e5f1a95-3338-4504-979b-6e8a36bbede4 (type: ports) to 4
2026-05-12 17:38:33.330 10 INFO neutron.wsgi [None req-42cfe7aa-a270-47f0-9340-a4800ee46039 a3c963cec92a49e49d3b16938df9dbf3 be0d6c1e66e94dd7b3388cb1d83dc57d - - - -] 10.0.0.117 "DELETE /v2.0/security-groups/c3bd4068-8b73-4ea5-ad05-04b9674d9311 HTTP/1.1" status: 204 len: 168 time: 0.2322350
2026-05-12 17:38:33.540 10 INFO neutron.db.ovn_revision_numbers_db [None req-1185c539-2e4b-43c9-8c0d-9b98c39fa577 - - - - - -] Successfully bumped revision number for resource 1e5f1a95-3338-4504-979b-6e8a36bbede4 (type: router_ports) to 4 /var/lib/openstack/lib/python3.10/site-packages/pycadf/identifier.py:71: UserWarning: Invalid uuid: neutron. To ensure interoperability, identifiers should be a valid uuid. warnings.warn(('Invalid uuid: %s. To ensure interoperability, '
2026-05-12 17:38:33.693 9 INFO neutron.db.ovn_revision_numbers_db [None req-4cb15a64-4d0d-4733-b359-db7b3f7dd6dc 82a9e57fcb8547bd8bfe8c16d5e3e2da 8aeddd43cb6e4e32a38c24203e18ffc8 - - - -] Successfully bumped revision number for resource a67cfcd4-17b7-4056-8193-065bc0e3bb31 (type: ports) to 2
2026-05-12 17:38:33.742 9 INFO neutron.db.ovn_revision_numbers_db [None req-906d0736-8a37-49cc-9ea9-b3503a15dbf3 a3c963cec92a49e49d3b16938df9dbf3 be0d6c1e66e94dd7b3388cb1d83dc57d - - default default] Successfully bumped revision number for resource bc26bf28-270d-484e-b2a6-723377440413 (type: router_ports) to 2
2026-05-12 17:38:33.774 9 INFO neutron.wsgi [req-15299356-4439-413f-8b6c-93ef38765cb5 req-40065c97-f4a9-4e21-bbed-c73e478d7d4f 09060594b15144a09d6e8a0a707dfe95 2beb01133fe74b84acad97ebce4c0368 - - default default] 10.0.0.230 "GET /v2.0/ports?device_id=0719a68b-2a44-4a2e-82d0-37d7779a3723 HTTP/1.1" status: 200 len: 1172 time: 0.1164937
2026-05-12 17:38:33.843 9 INFO neutron.wsgi [req-15299356-4439-413f-8b6c-93ef38765cb5 req-4935eac5-d895-4720-89e4-2e7a775995d3 09060594b15144a09d6e8a0a707dfe95 2beb01133fe74b84acad97ebce4c0368 - - default default] 10.0.0.230 "GET /v2.0/security-groups?id=2dedb1bd-5949-46df-b71e-a109106c5ac7&fields=id&fields=name HTTP/1.1" status: 200 len: 312 time: 0.0488842
2026-05-12 17:38:33.944 9 INFO neutron.db.ovn_revision_numbers_db [None req-906d0736-8a37-49cc-9ea9-b3503a15dbf3 a3c963cec92a49e49d3b16938df9dbf3 be0d6c1e66e94dd7b3388cb1d83dc57d - - default default] Successfully bumped revision number for resource bc26bf28-270d-484e-b2a6-723377440413 (type: ports) to 2
2026-05-12 17:38:33.966 9 INFO neutron.db.ovn_revision_numbers_db [None req-4cb15a64-4d0d-4733-b359-db7b3f7dd6dc 82a9e57fcb8547bd8bfe8c16d5e3e2da 8aeddd43cb6e4e32a38c24203e18ffc8 - - - -] Successfully bumped revision number for resource a67cfcd4-17b7-4056-8193-065bc0e3bb31 (type: ports) to 2
2026-05-12 17:38:33.995 9 INFO neutron.wsgi [None req-4cb15a64-4d0d-4733-b359-db7b3f7dd6dc 82a9e57fcb8547bd8bfe8c16d5e3e2da 8aeddd43cb6e4e32a38c24203e18ffc8 - - - -] 199.19.213.202 "PUT /v2.0/ports/a67cfcd4-17b7-4056-8193-065bc0e3bb31 HTTP/1.1" status: 200 len: 1332 time: 0.9492121
2026-05-12 17:38:34.012 9 WARNING neutron.scheduler.dhcp_agent_scheduler [None req-906d0736-8a37-49cc-9ea9-b3503a15dbf3 a3c963cec92a49e49d3b16938df9dbf3 be0d6c1e66e94dd7b3388cb1d83dc57d - - default default] No more DHCP agents
2026-05-12 17:38:34.013 9 WARNING neutron.api.rpc.agentnotifiers.dhcp_rpc_agent_api [None req-906d0736-8a37-49cc-9ea9-b3503a15dbf3 a3c963cec92a49e49d3b16938df9dbf3 be0d6c1e66e94dd7b3388cb1d83dc57d - - default default] Unable to schedule network 7f900d43-1662-497b-864a-ef4825ab952e: no agents available; will retry on subsequent port and subnet creation events.
2026-05-12 17:38:34.038 9 INFO neutron.notifiers.nova [-] Nova event matching ['req-3b1f9bfa-8a66-4324-a584-42a5da3956ea'] response: {'name': 'network-changed', 'server_uuid': '0719a68b-2a44-4a2e-82d0-37d7779a3723', 'tag': 'a67cfcd4-17b7-4056-8193-065bc0e3bb31', 'status': 'completed', 'code': 200} /var/lib/openstack/lib/python3.10/site-packages/pycadf/identifier.py:71: UserWarning: Invalid uuid: neutron. To ensure interoperability, identifiers should be a valid uuid. warnings.warn(('Invalid uuid: %s. To ensure interoperability, '
2026-05-12 17:38:34.099 9 INFO neutron.wsgi [req-36b20b26-b869-437c-a1b3-630bc0498be3 req-c61f8f00-bc6a-4e54-896e-d3ae46df1a30 82a9e57fcb8547bd8bfe8c16d5e3e2da 8aeddd43cb6e4e32a38c24203e18ffc8 - - 4fda8fe893784c899a6c17a416dd77f1 4fda8fe893784c899a6c17a416dd77f1] 199.19.213.202 "GET /v2.0/ports?tenant_id=2beb01133fe74b84acad97ebce4c0368&device_id=0719a68b-2a44-4a2e-82d0-37d7779a3723 HTTP/1.1" status: 200 len: 1363 time: 0.0454977
2026-05-12 17:38:34.136 9 INFO neutron.wsgi [req-36b20b26-b869-437c-a1b3-630bc0498be3 req-27659102-0ba4-4cc7-8ad9-1eede049448b 82a9e57fcb8547bd8bfe8c16d5e3e2da 8aeddd43cb6e4e32a38c24203e18ffc8 - - 4fda8fe893784c899a6c17a416dd77f1 4fda8fe893784c899a6c17a416dd77f1] 199.19.213.202 "GET /v2.0/floatingips?fixed_ip_address=10.100.0.10&port_id=a67cfcd4-17b7-4056-8193-065bc0e3bb31 HTTP/1.1" status: 200 len: 217 time: 0.0277820
2026-05-12 17:38:34.204 9 INFO neutron.wsgi [req-36b20b26-b869-437c-a1b3-630bc0498be3 req-823b4fdf-e955-4eaa-a1aa-d6a5a68f7aac 82a9e57fcb8547bd8bfe8c16d5e3e2da 8aeddd43cb6e4e32a38c24203e18ffc8 - - 4fda8fe893784c899a6c17a416dd77f1 4fda8fe893784c899a6c17a416dd77f1] 199.19.213.202 "GET /v2.0/subnets?id=e2224fb7-4e6b-49cd-89e4-39ea6dcf6f7b HTTP/1.1" status: 200 len: 873 time: 0.0607250
2026-05-12 17:38:34.237 9 INFO neutron.wsgi [req-36b20b26-b869-437c-a1b3-630bc0498be3 req-a5e7a583-aef8-4c97-ba42-f4c2b2084837 82a9e57fcb8547bd8bfe8c16d5e3e2da 8aeddd43cb6e4e32a38c24203e18ffc8 - - 4fda8fe893784c899a6c17a416dd77f1 4fda8fe893784c899a6c17a416dd77f1] 199.19.213.202 "GET /v2.0/ports?network_id=5bee40ab-adef-47fa-bb3d-ac459e71bf9a&device_owner=network%3Adhcp HTTP/1.1" status: 200 len: 210 time: 0.0224881
2026-05-12 17:38:34.353 9 INFO neutron.wsgi [req-36b20b26-b869-437c-a1b3-630bc0498be3 req-b5ed671e-b32d-475c-a4a2-e2142c858436 82a9e57fcb8547bd8bfe8c16d5e3e2da 8aeddd43cb6e4e32a38c24203e18ffc8 - - 4fda8fe893784c899a6c17a416dd77f1 4fda8fe893784c899a6c17a416dd77f1] 199.19.213.202 "GET /v2.0/networks/5bee40ab-adef-47fa-bb3d-ac459e71bf9a?fields=segments HTTP/1.1" status: 200 len: 212 time: 0.1110964
2026-05-12 17:38:34.371 9 INFO neutron.plugins.ml2.drivers.ovn.mech_driver.mech_driver [None req-a5edc48e-2038-4080-898e-79bda5234fe6 - - - - - -] OVN reports status up for port: bc26bf28-270d-484e-b2a6-723377440413
2026-05-12 17:38:34.389 9 INFO neutron.plugins.ml2.plugin [None req-a5edc48e-2038-4080-898e-79bda5234fe6 - - - - - -] Attempt 1 to provision port bc26bf28-270d-484e-b2a6-723377440413
2026-05-12 17:38:34.471 9 INFO neutron.wsgi [req-36b20b26-b869-437c-a1b3-630bc0498be3 req-aa6e3f71-d8d3-4844-95e4-88f96d215e58 82a9e57fcb8547bd8bfe8c16d5e3e2da 8aeddd43cb6e4e32a38c24203e18ffc8 - - 4fda8fe893784c899a6c17a416dd77f1 4fda8fe893784c899a6c17a416dd77f1] 199.19.213.202 "GET /v2.0/networks/5bee40ab-adef-47fa-bb3d-ac459e71bf9a?fields=provider%3Aphysical_network&fields=provider%3Anetwork_type HTTP/1.1" status: 200 len: 277 time: 0.1138406
2026-05-12 17:38:34.582 9 INFO neutron.wsgi [req-e07a0bdf-4d34-4194-a764-4c70716b8def req-be8121ba-2601-49e5-9b49-4fadbb5a643e 82a9e57fcb8547bd8bfe8c16d5e3e2da 8aeddd43cb6e4e32a38c24203e18ffc8 - - 4fda8fe893784c899a6c17a416dd77f1 4fda8fe893784c899a6c17a416dd77f1] 199.19.213.202 "GET /v2.0/ports?tenant_id=2beb01133fe74b84acad97ebce4c0368&device_id=0719a68b-2a44-4a2e-82d0-37d7779a3723 HTTP/1.1" status: 200 len: 1363 time: 0.0569105
2026-05-12 17:38:34.692 9 INFO neutron.wsgi [req-e07a0bdf-4d34-4194-a764-4c70716b8def req-52f4721e-2ab0-479d-a3d0-ec7aaacfd771 82a9e57fcb8547bd8bfe8c16d5e3e2da 8aeddd43cb6e4e32a38c24203e18ffc8 - - 4fda8fe893784c899a6c17a416dd77f1 4fda8fe893784c899a6c17a416dd77f1] 199.19.213.202 "GET /v2.0/networks?id=5bee40ab-adef-47fa-bb3d-ac459e71bf9a HTTP/1.1" status: 200 len: 978 time: 0.1051927
2026-05-12 17:38:34.695 10 INFO neutron.wsgi [req-cfcc3a1d-f506-442a-b42f-ed49a9caa0a8 req-f194a16a-db8e-4475-92dd-30d0b6769a88 82a9e57fcb8547bd8bfe8c16d5e3e2da 8aeddd43cb6e4e32a38c24203e18ffc8 - - 4fda8fe893784c899a6c17a416dd77f1 4fda8fe893784c899a6c17a416dd77f1] 10.0.0.91 "GET /v2.0/ports?device_id=982fe517-0e90-4003-90b7-25491ec69338 HTTP/1.1" status: 200 len: 1365 time: 0.2129502
2026-05-12 17:38:34.732 9 INFO neutron.wsgi [req-e07a0bdf-4d34-4194-a764-4c70716b8def req-d7ebf16b-06b5-48e3-be87-d96bad415d30 82a9e57fcb8547bd8bfe8c16d5e3e2da 8aeddd43cb6e4e32a38c24203e18ffc8 - - 4fda8fe893784c899a6c17a416dd77f1 4fda8fe893784c899a6c17a416dd77f1] 199.19.213.202 "GET /v2.0/floatingips?fixed_ip_address=10.100.0.10&port_id=a67cfcd4-17b7-4056-8193-065bc0e3bb31 HTTP/1.1" status: 200 len: 217 time: 0.0299883
2026-05-12 17:38:34.741 10 INFO neutron.wsgi [req-cfcc3a1d-f506-442a-b42f-ed49a9caa0a8 req-fd533ffc-674e-4362-bedd-5a761220904c 82a9e57fcb8547bd8bfe8c16d5e3e2da 8aeddd43cb6e4e32a38c24203e18ffc8 - - 4fda8fe893784c899a6c17a416dd77f1 4fda8fe893784c899a6c17a416dd77f1] 10.0.0.91 "GET /v2.0/security-groups?id=032294e7-2851-45a3-9cdd-34baf44a55a8&fields=id&fields=name HTTP/1.1" status: 200 len: 312 time: 0.0376921
2026-05-12 17:38:34.785 9 INFO neutron.wsgi [req-e07a0bdf-4d34-4194-a764-4c70716b8def req-03a96157-7a5a-4376-9953-9e66f8309271 82a9e57fcb8547bd8bfe8c16d5e3e2da 8aeddd43cb6e4e32a38c24203e18ffc8 - - 4fda8fe893784c899a6c17a416dd77f1 4fda8fe893784c899a6c17a416dd77f1] 199.19.213.202 "GET /v2.0/subnets?id=e2224fb7-4e6b-49cd-89e4-39ea6dcf6f7b HTTP/1.1" status: 200 len: 873 time: 0.0414331
2026-05-12 17:38:34.847 9 INFO neutron.wsgi [req-e07a0bdf-4d34-4194-a764-4c70716b8def req-5d1e176a-94aa-4401-ae07-880c0a8ff766 82a9e57fcb8547bd8bfe8c16d5e3e2da 8aeddd43cb6e4e32a38c24203e18ffc8 - - 4fda8fe893784c899a6c17a416dd77f1 4fda8fe893784c899a6c17a416dd77f1] 199.19.213.202 "GET /v2.0/ports?network_id=5bee40ab-adef-47fa-bb3d-ac459e71bf9a&device_owner=network%3Adhcp HTTP/1.1" status: 200 len: 210 time: 0.0483274
2026-05-12 17:38:35.099 9 INFO neutron.db.ovn_revision_numbers_db [None req-a5edc48e-2038-4080-898e-79bda5234fe6 - - - - - -] Successfully bumped revision number for resource bc26bf28-270d-484e-b2a6-723377440413 (type: ports) to 3
2026-05-12 17:38:35.108 9 INFO neutron.wsgi [req-14201647-f181-4907-86a7-b02d5052f94f req-aeb754fd-2ff5-4800-a684-554f2afc2a4a 09060594b15144a09d6e8a0a707dfe95 2beb01133fe74b84acad97ebce4c0368 - - default default] 10.0.0.230 "GET /v2.0/ports?device_id=0719a68b-2a44-4a2e-82d0-37d7779a3723 HTTP/1.1" status: 200 len: 1172 time: 0.0680256
2026-05-12 17:38:35.135 9 INFO neutron.wsgi [req-e07a0bdf-4d34-4194-a764-4c70716b8def req-7e64c4aa-96e8-48df-acc3-714edf5ea87d 82a9e57fcb8547bd8bfe8c16d5e3e2da 8aeddd43cb6e4e32a38c24203e18ffc8 - - 4fda8fe893784c899a6c17a416dd77f1 4fda8fe893784c899a6c17a416dd77f1] 199.19.213.202 "GET /v2.0/networks/5bee40ab-adef-47fa-bb3d-ac459e71bf9a?fields=segments HTTP/1.1" status: 200 len: 212 time: 0.2823668
2026-05-12 17:38:35.208 9 INFO neutron.wsgi [req-14201647-f181-4907-86a7-b02d5052f94f req-326841bb-a2db-41dc-ba55-dfd55a648d1b 09060594b15144a09d6e8a0a707dfe95 2beb01133fe74b84acad97ebce4c0368 - - default default] 10.0.0.230 "GET /v2.0/security-groups?id=2dedb1bd-5949-46df-b71e-a109106c5ac7&fields=id&fields=name HTTP/1.1" status: 200 len: 312 time: 0.0926819
2026-05-12 17:38:35.272 9 INFO neutron.db.ovn_revision_numbers_db [None req-906d0736-8a37-49cc-9ea9-b3503a15dbf3 a3c963cec92a49e49d3b16938df9dbf3 be0d6c1e66e94dd7b3388cb1d83dc57d - - - -] Successfully bumped revision number for resource bc26bf28-270d-484e-b2a6-723377440413 (type: router_ports) to 2
2026-05-12 17:38:35.275 9 INFO neutron.wsgi [None req-906d0736-8a37-49cc-9ea9-b3503a15dbf3 a3c963cec92a49e49d3b16938df9dbf3 be0d6c1e66e94dd7b3388cb1d83dc57d - - - -] 10.0.0.117 "PUT /v2.0/routers/a874ae1b-d06e-4f04-ad3e-ee1dd83ed329/add_router_interface HTTP/1.1" status: 200 len: 503 time: 2.9523420
2026-05-12 17:38:35.355 9 INFO neutron.wsgi [req-e07a0bdf-4d34-4194-a764-4c70716b8def req-0f573525-1555-490e-9be9-df69899e48a7 82a9e57fcb8547bd8bfe8c16d5e3e2da 8aeddd43cb6e4e32a38c24203e18ffc8 - - 4fda8fe893784c899a6c17a416dd77f1 4fda8fe893784c899a6c17a416dd77f1] 199.19.213.202 "GET /v2.0/networks/5bee40ab-adef-47fa-bb3d-ac459e71bf9a?fields=provider%3Aphysical_network&fields=provider%3Anetwork_type HTTP/1.1" status: 200 len: 277 time: 0.2052464
2026-05-12 17:38:35.400 9 INFO neutron.db.ovn_revision_numbers_db [None req-a5edc48e-2038-4080-898e-79bda5234fe6 - - - - - -] Successfully bumped revision number for resource bc26bf28-270d-484e-b2a6-723377440413 (type: router_ports) to 3
2026-05-12 17:38:35.980 9 INFO neutron.db.ovn_revision_numbers_db [None req-8c36d47f-67d2-4d26-9810-a4b1d95c0670 a3c963cec92a49e49d3b16938df9dbf3 be0d6c1e66e94dd7b3388cb1d83dc57d - - default default] Successfully bumped revision number for resource 7b2b9f4e-976d-43c2-b392-ebe0e3c05387 (type: security_groups) to 1
2026-05-12 17:38:36.010 9 INFO neutron.wsgi [None req-8c36d47f-67d2-4d26-9810-a4b1d95c0670 a3c963cec92a49e49d3b16938df9dbf3 be0d6c1e66e94dd7b3388cb1d83dc57d - - default default] 10.0.0.117 "GET /v2.0/security-groups?tenant_id=bf947348e6df4aa1ae8cf64dc5b7cc40&name=default HTTP/1.1" status: 200 len: 2996 time: 0.3417661
2026-05-12 17:38:36.036 9 INFO neutron.db.ovn_revision_numbers_db [None req-7f3ce6ba-ac90-4fa4-b89b-408d66f3c520 b8f246ac784e4fa5a2873196da60d280 775ccb074273407882eea447d52480cf - - - -] Successfully bumped revision number for resource 51db3984-0644-47dc-88c4-a6efff85b1e0 (type: security_groups) to 1
2026-05-12 17:38:36.056 9 INFO neutron.wsgi [None req-7f3ce6ba-ac90-4fa4-b89b-408d66f3c520 b8f246ac784e4fa5a2873196da60d280 775ccb074273407882eea447d52480cf - - - -] 10.0.0.117 "POST /v2.0/security-groups HTTP/1.1" status: 201 len: 1796 time: 0.1292689
2026-05-12 17:38:36.174 9 INFO neutron.db.ovn_revision_numbers_db [None req-334d9d94-3e99-4ada-abd6-7fcaec926f27 b8f246ac784e4fa5a2873196da60d280 775ccb074273407882eea447d52480cf - - - -] Successfully bumped revision number for resource 3f3e412a-668b-4f94-b9e2-2bb674fa7463 (type: security_group_rules) to 0
2026-05-12 17:38:36.211 9 INFO neutron.wsgi [None req-334d9d94-3e99-4ada-abd6-7fcaec926f27 b8f246ac784e4fa5a2873196da60d280 775ccb074273407882eea447d52480cf - - - -] 10.0.0.117 "POST /v2.0/security-group-rules HTTP/1.1" status: 201 len: 764 time: 0.1499109
2026-05-12 17:38:36.244 10 INFO neutron.wsgi [None req-aee2b2ec-9824-4ecf-a072-94ead69f43ea a3c963cec92a49e49d3b16938df9dbf3 be0d6c1e66e94dd7b3388cb1d83dc57d - - - -] 10.0.0.117 "DELETE /v2.0/security-groups/7b2b9f4e-976d-43c2-b392-ebe0e3c05387 HTTP/1.1" status: 204 len: 168 time: 0.2288988
2026-05-12 17:38:36.318 9 INFO neutron.wsgi [req-24ce86bc-e261-474b-9572-8240a2e2ee36 req-b00b1502-5e3c-4e6e-9f71-dbc590fa44cd 09060594b15144a09d6e8a0a707dfe95 2beb01133fe74b84acad97ebce4c0368 - - default default] 10.0.0.230 "GET /v2.0/ports?device_id=0719a68b-2a44-4a2e-82d0-37d7779a3723 HTTP/1.1" status: 200 len: 1172 time: 0.0372162
2026-05-12 17:38:36.362 9 INFO neutron.wsgi [req-24ce86bc-e261-474b-9572-8240a2e2ee36 req-8853bd2d-e84e-4304-b6af-891c15cd368f 09060594b15144a09d6e8a0a707dfe95 2beb01133fe74b84acad97ebce4c0368 - - default default] 10.0.0.230 "GET /v2.0/security-groups?id=2dedb1bd-5949-46df-b71e-a109106c5ac7&fields=id&fields=name HTTP/1.1" status: 200 len: 312 time: 0.0367415
2026-05-12 17:38:36.365 9 INFO neutron.db.ovn_revision_numbers_db [None req-42a62e5e-3298-4eec-ac70-b0657354cdba b8f246ac784e4fa5a2873196da60d280 775ccb074273407882eea447d52480cf - - - -] Successfully bumped revision number for resource a9e5593a-21cf-4de8-b082-02ee84017406 (type: security_group_rules) to 0
2026-05-12 17:38:36.387 9 INFO neutron.wsgi [None req-42a62e5e-3298-4eec-ac70-b0657354cdba b8f246ac784e4fa5a2873196da60d280 775ccb074273407882eea447d52480cf - - - -] 10.0.0.117 "POST /v2.0/security-group-rules HTTP/1.1" status: 201 len: 769 time: 0.1722667
2026-05-12 17:38:36.645 9 WARNING neutron.scheduler.dhcp_agent_scheduler [None req-937047a0-193b-46cb-99ce-727d9c60ea51 b8f246ac784e4fa5a2873196da60d280 775ccb074273407882eea447d52480cf - - - -] No more DHCP agents
2026-05-12 17:38:36.647 9 WARNING neutron.api.rpc.agentnotifiers.dhcp_rpc_agent_api [None req-937047a0-193b-46cb-99ce-727d9c60ea51 b8f246ac784e4fa5a2873196da60d280 775ccb074273407882eea447d52480cf - - - -] Unable to schedule network 6b5703c8-791d-46fc-980b-3fe18a6de094: no agents available; will retry on subsequent port and subnet creation events.
2026-05-12 17:38:36.910 9 INFO neutron.db.ovn_revision_numbers_db [None req-937047a0-193b-46cb-99ce-727d9c60ea51 b8f246ac784e4fa5a2873196da60d280 775ccb074273407882eea447d52480cf - - - -] Successfully bumped revision number for resource c20a20d2-6831-4fe7-a22b-561f0661ff1b (type: floatingips) to 0
2026-05-12 17:38:36.928 9 INFO neutron.wsgi [None req-937047a0-193b-46cb-99ce-727d9c60ea51 b8f246ac784e4fa5a2873196da60d280 775ccb074273407882eea447d52480cf - - - -] 10.0.0.117 "POST /v2.0/floatingips HTTP/1.1" status: 201 len: 751 time: 0.5367372
2026-05-12 17:38:37.467 9 INFO neutron.wsgi [req-936d9b0a-eb7b-4e0c-9036-acb3e3ddfac0 req-e292195f-c4d1-44fc-a3e3-4a12cf361ceb 09060594b15144a09d6e8a0a707dfe95 2beb01133fe74b84acad97ebce4c0368 - - default default] 10.0.0.230 "GET /v2.0/ports?device_id=0719a68b-2a44-4a2e-82d0-37d7779a3723 HTTP/1.1" status: 200 len: 1172 time: 0.0399017
2026-05-12 17:38:37.508 9 INFO neutron.wsgi [req-936d9b0a-eb7b-4e0c-9036-acb3e3ddfac0 req-8bf65b4e-d468-4474-b416-e35673f93de9 09060594b15144a09d6e8a0a707dfe95 2beb01133fe74b84acad97ebce4c0368 - - default default] 10.0.0.230 "GET /v2.0/security-groups?id=2dedb1bd-5949-46df-b71e-a109106c5ac7&fields=id&fields=name HTTP/1.1" status: 200 len: 312 time: 0.0361490
2026-05-12 17:38:37.588 10 INFO neutron.wsgi [req-dd2bd0b0-01ba-4311-877c-3c48fd2c9aeb req-08d78757-0f47-4161-98d5-f7d6bd676a8f b8f246ac784e4fa5a2873196da60d280 775ccb074273407882eea447d52480cf - - default default] 10.0.0.230 "GET /v2.0/security-groups?name=tempest-securitygroup--1429994648&fields=id&tenant_id=775ccb074273407882eea447d52480cf HTTP/1.1" status: 200 len: 267 time: 0.2389421
2026-05-12 17:38:37.662 10 INFO neutron.wsgi [req-dd2bd0b0-01ba-4311-877c-3c48fd2c9aeb req-8ce39d5e-f8ec-4310-929d-c3b08d612812 b8f246ac784e4fa5a2873196da60d280 775ccb074273407882eea447d52480cf - - default default] 10.0.0.230 "GET /v2.0/networks?id=7f900d43-1662-497b-864a-ef4825ab952e HTTP/1.1" status: 200 len: 875 time: 0.0660391
2026-05-12 17:38:37.682 10 INFO neutron.wsgi [req-dd2bd0b0-01ba-4311-877c-3c48fd2c9aeb req-60245628-b231-4d18-81a2-cccf40d685ad b8f246ac784e4fa5a2873196da60d280 775ccb074273407882eea447d52480cf - - default default] 10.0.0.230 "GET /v2.0/quotas/775ccb074273407882eea447d52480cf HTTP/1.1" status: 200 len: 386 time: 0.0108943
2026-05-12 17:38:37.772 10 INFO neutron.wsgi [req-dd2bd0b0-01ba-4311-877c-3c48fd2c9aeb req-90cdf7dc-0966-42a2-81b2-e14c72d63d2f b8f246ac784e4fa5a2873196da60d280 775ccb074273407882eea447d52480cf - - default default] 10.0.0.230 "GET /v2.0/ports?tenant_id=775ccb074273407882eea447d52480cf&fields=id HTTP/1.1" status: 200 len: 302 time: 0.0816283
2026-05-12 17:38:37.851 10 INFO neutron.wsgi [req-dd2bd0b0-01ba-4311-877c-3c48fd2c9aeb req-4bcecd2b-a13f-40ae-a377-4d8a68d33d98 82a9e57fcb8547bd8bfe8c16d5e3e2da 8aeddd43cb6e4e32a38c24203e18ffc8 - - 4fda8fe893784c899a6c17a416dd77f1 4fda8fe893784c899a6c17a416dd77f1] 10.0.0.230 "GET /v2.0/networks/7f900d43-1662-497b-864a-ef4825ab952e?fields=segments HTTP/1.1" status: 200 len: 212 time: 0.0623846
2026-05-12 17:38:37.913 10 INFO neutron.wsgi [req-dd2bd0b0-01ba-4311-877c-3c48fd2c9aeb req-0dd03aa1-04f7-462d-bfdf-e151ff01f333 82a9e57fcb8547bd8bfe8c16d5e3e2da 8aeddd43cb6e4e32a38c24203e18ffc8 - - 4fda8fe893784c899a6c17a416dd77f1 4fda8fe893784c899a6c17a416dd77f1] 10.0.0.230 "GET /v2.0/networks/7f900d43-1662-497b-864a-ef4825ab952e?fields=provider%3Aphysical_network&fields=provider%3Anetwork_type HTTP/1.1" status: 200 len: 277 time: 0.0560241
2026-05-12 17:38:37.992 9 INFO neutron.wsgi [None req-ea146b44-5a4b-431e-a7ed-fd97104f3e8c bfbee54e318a48b5ad2289fef1cbbfa1 e0a4fef4250c4937ac353975dd406eaf - - default default] 10.0.0.117 "GET /v2.0/extensions HTTP/1.1" status: 200 len: 16520 time: 0.1009839
2026-05-12 17:38:38.001 9 INFO neutron.wsgi [None req-5d0da986-9b3c-4b50-b327-ad52615564e5 bfbee54e318a48b5ad2289fef1cbbfa1 e0a4fef4250c4937ac353975dd406eaf - - default default] 10.0.0.117 "GET /v2.0/extensions/address-group HTTP/1.1" status: 200 len: 353 time: 0.0033710
2026-05-12 17:38:38.009 10 INFO neutron.wsgi [None req-323bc384-f608-4a3d-bc2a-483140465135 bfbee54e318a48b5ad2289fef1cbbfa1 e0a4fef4250c4937ac353975dd406eaf - - default default] 10.0.0.117 "GET /v2.0/extensions/address-scope HTTP/1.1" status: 200 len: 357 time: 0.0051994
2026-05-12 17:38:38.024 10 INFO neutron.wsgi [None req-961d7e1a-2b63-441f-a491-1c083130b17d bfbee54e318a48b5ad2289fef1cbbfa1 e0a4fef4250c4937ac353975dd406eaf - - default default] 10.0.0.117 "GET /v2.0/extensions/agent HTTP/1.1" status: 200 len: 347 time: 0.0048480
2026-05-12 17:38:38.036 10 INFO neutron.wsgi [None req-58bbdf0a-a463-4670-884c-bfa47bdd8e7f bfbee54e318a48b5ad2289fef1cbbfa1 e0a4fef4250c4937ac353975dd406eaf - - default default] 10.0.0.117 "GET /v2.0/extensions/allowed-address-pairs HTTP/1.1" status: 200 len: 378 time: 0.0049248
2026-05-12 17:38:38.044 9 INFO neutron.wsgi [req-cd7983c5-eb8a-48e5-94b7-f210fc0026ea req-90758ba1-9e12-4f9e-a242-4fedb1a407bf b8f246ac784e4fa5a2873196da60d280 775ccb074273407882eea447d52480cf - - default default] 10.0.0.230 "GET /v2.0/ports?device_id=19e3d1c6-3b36-419d-aa36-9aee3a23e51b HTTP/1.1" status: 200 len: 210 time: 0.0237045
2026-05-12 17:38:38.049 10 INFO neutron.wsgi [None req-5623988d-ce16-416f-b555-4d49a4a20790 bfbee54e318a48b5ad2289fef1cbbfa1 e0a4fef4250c4937ac353975dd406eaf - - default default] 10.0.0.117 "GET /v2.0/extensions/auto-allocated-topology HTTP/1.1" status: 200 len: 394 time: 0.0088997
2026-05-12 17:38:38.057 10 INFO neutron.wsgi [None req-1807a850-1765-4c30-ab90-b8e4be9e6d17 bfbee54e318a48b5ad2289fef1cbbfa1 e0a4fef4250c4937ac353975dd406eaf - - default default] 10.0.0.117 "GET /v2.0/extensions/availability_zone HTTP/1.1" status: 200 len: 372 time: 0.0034723
2026-05-12 17:38:38.065 10 INFO neutron.wsgi [None req-ba1c8a15-30a3-4782-858e-bd7bd4f3d8fe bfbee54e318a48b5ad2289fef1cbbfa1 e0a4fef4250c4937ac353975dd406eaf - - default default] 10.0.0.117 "GET /v2.0/extensions/default-subnetpools HTTP/1.1" status: 200 len: 405 time: 0.0039260
2026-05-12 17:38:38.072 10 INFO neutron.wsgi [None req-5dc119aa-5b76-44eb-9aa2-c04973694bad bfbee54e318a48b5ad2289fef1cbbfa1 e0a4fef4250c4937ac353975dd406eaf - - default default] 10.0.0.117 "GET /v2.0/extensions/dhcp_agent_scheduler HTTP/1.1" status: 200 len: 381 time: 0.0041232
2026-05-12 17:38:38.080 10 INFO neutron.wsgi [None req-6d4d2f49-d1c8-480b-a139-7e00bd5cc93f bfbee54e318a48b5ad2289fef1cbbfa1 e0a4fef4250c4937ac353975dd406eaf - - default default] 10.0.0.117 "GET /v2.0/extensions/dns-integration HTTP/1.1" status: 200 len: 366 time: 0.0047438
2026-05-12 17:38:38.088 10 INFO neutron.wsgi [None req-bba8881a-7422-40fd-a9fe-5b1646d8d8e7 bfbee54e318a48b5ad2289fef1cbbfa1 e0a4fef4250c4937ac353975dd406eaf - - default default] 10.0.0.117 "GET /v2.0/extensions/dns-domain-ports HTTP/1.1" status: 200 len: 399 time: 0.0039814
2026-05-12 17:38:38.095 10 INFO neutron.wsgi [None req-261cf8b8-4216-476f-a1c5-21d5c516db3f bfbee54e318a48b5ad2289fef1cbbfa1 e0a4fef4250c4937ac353975dd406eaf - - default default] 10.0.0.117 "GET /v2.0/extensions/dns-integration-domain-keywords HTTP/1.1" status: 200 len: 477 time: 0.0038915
2026-05-12 17:38:38.106 9 INFO neutron.wsgi [None req-87a4d098-cf28-4b3c-aed0-3d98ede481b5 bfbee54e318a48b5ad2289fef1cbbfa1 e0a4fef4250c4937ac353975dd406eaf - - default default] 10.0.0.117 "GET /v2.0/extensions/external-net HTTP/1.1" status: 200 len: 394 time: 0.0074666
2026-05-12 17:38:38.115 9 INFO neutron.wsgi [None req-23bdb9a5-975f-4a73-9965-ca3269f63e0f bfbee54e318a48b5ad2289fef1cbbfa1 e0a4fef4250c4937ac353975dd406eaf - - default default] 10.0.0.117 "GET /v2.0/extensions/extra_dhcp_opt HTTP/1.1" status: 200 len: 498 time: 0.0045688
2026-05-12 17:38:38.123 9 INFO neutron.wsgi [None req-99f7e6de-dca6-4055-b753-10b9e5b428d9 bfbee54e318a48b5ad2289fef1cbbfa1 e0a4fef4250c4937ac353975dd406eaf - - default default] 10.0.0.117 "GET /v2.0/extensions/extraroute HTTP/1.1" status: 200 len: 375 time: 0.0052400
