2026-04-07 01:13:45.348 10 INFO neutron.db.segments_db [None req-1cda2c8c-5c1f-44c1-b47b-9aefb882ceb9 cc14e991321f4ae488ce6b23c335183c faef6713c10e4c0f9ef80db9faf23195 - - default default] Added segment f087c4e6-d7dc-4749-99a8-19d3e4872e11 of type geneve for network 55a95c23-d413-4265-a523-50cf3a5f3751
2026-04-07 01:13:45.535 10 INFO neutron.db.ovn_revision_numbers_db [None req-1cda2c8c-5c1f-44c1-b47b-9aefb882ceb9 cc14e991321f4ae488ce6b23c335183c faef6713c10e4c0f9ef80db9faf23195 - - default default] Successfully bumped revision number for resource 55a95c23-d413-4265-a523-50cf3a5f3751 (type: networks) to 1
2026-04-07 01:13:45.547 10 INFO neutron.db.ovn_revision_numbers_db [None req-2f01c63e-ea3d-43e4-9e67-54844d14be31 - - - - - -] Successfully bumped revision number for resource b728ff35-2892-425e-9597-6493f4da6670 (type: ports) to 1
2026-04-07 01:13:45.639 9 WARNING neutron.scheduler.dhcp_agent_scheduler [None req-d04e7ef2-ec3a-4c88-9eaf-296cb4be19fe dc35760bae544eddadfd48d264f8e1e4 1e312ab7abc54abea284063e58060ebd - - default default] No more DHCP agents
2026-04-07 01:13:45.643 9 WARNING neutron.api.rpc.agentnotifiers.dhcp_rpc_agent_api [None req-d04e7ef2-ec3a-4c88-9eaf-296cb4be19fe dc35760bae544eddadfd48d264f8e1e4 1e312ab7abc54abea284063e58060ebd - - default default] Unable to schedule network 12f7fc82-f123-4e5f-8690-6b63a7e98c5c: no agents available; will retry on subsequent port and subnet creation events.
2026-04-07 01:13:45.807 10 WARNING neutron.scheduler.dhcp_agent_scheduler [None req-1cda2c8c-5c1f-44c1-b47b-9aefb882ceb9 cc14e991321f4ae488ce6b23c335183c faef6713c10e4c0f9ef80db9faf23195 - - default default] No more DHCP agents
2026-04-07 01:13:45.811 10 WARNING neutron.api.rpc.agentnotifiers.dhcp_rpc_agent_api [None req-1cda2c8c-5c1f-44c1-b47b-9aefb882ceb9 cc14e991321f4ae488ce6b23c335183c faef6713c10e4c0f9ef80db9faf23195 - - default default] Unable to schedule network 55a95c23-d413-4265-a523-50cf3a5f3751: no agents available; will retry on subsequent port and subnet creation events.
2026-04-07 01:13:45.838 9 INFO neutron.services.segments.plugin [-] Segment 935d8994-8743-485e-b859-9cb87ee3b814 resource provider aggregate not found
2026-04-07 01:13:45.854 9 INFO neutron.services.segments.plugin [-] Segment 935d8994-8743-485e-b859-9cb87ee3b814 resource provider aggregate not found
2026-04-07 01:13:45.872 9 INFO neutron.services.segments.plugin [-] Segment 935d8994-8743-485e-b859-9cb87ee3b814 resource provider not found; error: Placement Client Error (4xx): {"errors": [{"status": 404, "title": "Not Found", "detail": "The resource could not be found.\n\n No resource provider with uuid 935d8994-8743-485e-b859-9cb87ee3b814 found for delete ", "request_id": "req-14b139f1-c42a-4de4-bd2b-8f2167a3738d"}]}
2026-04-07 01:13:45.874 9 INFO neutron.db.ovn_revision_numbers_db [None req-d04e7ef2-ec3a-4c88-9eaf-296cb4be19fe dc35760bae544eddadfd48d264f8e1e4 1e312ab7abc54abea284063e58060ebd - - default default] Successfully bumped revision number for resource ba45904f-a4f5-427d-93a9-95d15a6d4159 (type: ports) to 1
2026-04-07 01:13:45.877 9 INFO neutron.services.segments.plugin [-] Segment 935d8994-8743-485e-b859-9cb87ee3b814 resource provider not found; error: Placement Client Error (4xx): {"errors": [{"status": 404, "title": "Not Found", "detail": "The resource could not be found.\n\n No resource provider with uuid 935d8994-8743-485e-b859-9cb87ee3b814 found for delete ", "request_id": "req-e188369a-72bc-46aa-9d67-af7531b011a4"}]}
2026-04-07 01:13:45.930 9 INFO neutron.wsgi [None req-88e21a62-219a-471c-bc79-8b7ec47382b0 45056ae8747e40488593ce1803da40dd be336696ee724998aaa8b13f11bc6306 - - default default] 10.0.0.154 "DELETE /v2.0/networks/ca1847c4-014a-4192-812d-0862f1bf1212 HTTP/1.1" status: 204 len: 168 time: 0.5739946
2026-04-07 01:13:45.943 9 WARNING neutron_lib.context [None req-74da5042-99ae-45ff-ab49-4c9331860b96 45056ae8747e40488593ce1803da40dd be336696ee724998aaa8b13f11bc6306 - - default default] Method 'is_advsvc' is deprecated since 2023.2 release (neutron-lib 3.8.0) and will be removed once support for the old RBAC API policies will be removed from Neutron. Please use method 'is_service_role' instead.
2026-04-07 01:13:46.072 9 INFO neutron.db.segments_db [None req-74da5042-99ae-45ff-ab49-4c9331860b96 45056ae8747e40488593ce1803da40dd be336696ee724998aaa8b13f11bc6306 - - default default] Added segment c0807356-b09b-42cd-b963-fca1ddd8f902 of type geneve for network 6057bee0-cb4d-4cfc-a642-234e45fd8a23
2026-04-07 01:13:46.236 10 INFO neutron.db.ovn_revision_numbers_db [None req-1cda2c8c-5c1f-44c1-b47b-9aefb882ceb9 cc14e991321f4ae488ce6b23c335183c faef6713c10e4c0f9ef80db9faf23195 - - default default] Successfully bumped revision number for resource 6838408f-9a4f-4021-b3cf-482512b4090d (type: ports) to 1
2026-04-07 01:13:46.260 10 INFO neutron.wsgi [None req-1cda2c8c-5c1f-44c1-b47b-9aefb882ceb9 cc14e991321f4ae488ce6b23c335183c faef6713c10e4c0f9ef80db9faf23195 - - default default] 10.0.0.154 "POST /v2.0/networks HTTP/1.1" status: 201 len: 834 time: 1.0368247
2026-04-07 01:13:46.272 9 INFO neutron.db.ovn_revision_numbers_db [None req-74da5042-99ae-45ff-ab49-4c9331860b96 45056ae8747e40488593ce1803da40dd be336696ee724998aaa8b13f11bc6306 - - default default] Successfully bumped revision number for resource 6057bee0-cb4d-4cfc-a642-234e45fd8a23 (type: networks) to 1
2026-04-07 01:13:46.277 10 WARNING neutron_lib.context [None req-d6f63511-7cce-4908-8cfb-25ee15be4dd1 cc14e991321f4ae488ce6b23c335183c faef6713c10e4c0f9ef80db9faf23195 - - default default] Method 'is_advsvc' is deprecated since 2023.2 release (neutron-lib 3.8.0) and will be removed once support for the old RBAC API policies will be removed from Neutron. Please use method 'is_service_role' instead.
2026-04-07 01:13:46.432 10 INFO neutron.db.ovn_revision_numbers_db [None req-2f01c63e-ea3d-43e4-9e67-54844d14be31 - - - - - -] Successfully bumped revision number for resource b728ff35-2892-425e-9597-6493f4da6670 (type: router_ports) to 3
2026-04-07 01:13:46.529 9 WARNING neutron.scheduler.dhcp_agent_scheduler [None req-74da5042-99ae-45ff-ab49-4c9331860b96 45056ae8747e40488593ce1803da40dd be336696ee724998aaa8b13f11bc6306 - - default default] No more DHCP agents
2026-04-07 01:13:46.540 9 WARNING neutron.api.rpc.agentnotifiers.dhcp_rpc_agent_api [None req-74da5042-99ae-45ff-ab49-4c9331860b96 45056ae8747e40488593ce1803da40dd be336696ee724998aaa8b13f11bc6306 - - default default] Unable to schedule network 6057bee0-cb4d-4cfc-a642-234e45fd8a23: no agents available; will retry on subsequent port and subnet creation events.
2026-04-07 01:13:46.625 10 WARNING neutron.scheduler.dhcp_agent_scheduler [None req-d6f63511-7cce-4908-8cfb-25ee15be4dd1 cc14e991321f4ae488ce6b23c335183c faef6713c10e4c0f9ef80db9faf23195 - - default default] No more DHCP agents
2026-04-07 01:13:46.629 10 WARNING neutron.api.rpc.agentnotifiers.dhcp_rpc_agent_api [None req-d6f63511-7cce-4908-8cfb-25ee15be4dd1 cc14e991321f4ae488ce6b23c335183c faef6713c10e4c0f9ef80db9faf23195 - - default default] Unable to schedule network 55a95c23-d413-4265-a523-50cf3a5f3751: no agents available; will retry on subsequent port and subnet creation events.
2026-04-07 01:13:46.635 9 ERROR ovsdbapp.backend.ovs_idl.command [None req-d04e7ef2-ec3a-4c88-9eaf-296cb4be19fe dc35760bae544eddadfd48d264f8e1e4 1e312ab7abc54abea284063e58060ebd - - default default] Error executing command (DbGetCommand): ovsdbapp.backend.ovs_idl.idlutils.RowNotFound: Cannot find Logical_Router_Port with name=lrp-ba45904f-a4f5-427d-93a9-95d15a6d4159
2026-04-07 01:13:46.635 9 ERROR ovsdbapp.backend.ovs_idl.command
Traceback (most recent call last):
2026-04-07 01:13:46.635 9 ERROR ovsdbapp.backend.ovs_idl.command
File "/var/lib/openstack/lib/python3.10/site-packages/ovsdbapp/backend/ovs_idl/command.py", line 47, in execute
2026-04-07 01:13:46.635 9 ERROR ovsdbapp.backend.ovs_idl.command self.run_idl(None)
2026-04-07 01:13:46.635 9 ERROR ovsdbapp.backend.ovs_idl.command
File "/var/lib/openstack/lib/python3.10/site-packages/ovsdbapp/backend/ovs_idl/command.py", line 235, in run_idl
2026-04-07 01:13:46.635 9 ERROR ovsdbapp.backend.ovs_idl.command record = self.api.lookup(self.table, self.record)
2026-04-07 01:13:46.635 9 ERROR ovsdbapp.backend.ovs_idl.command
File "/var/lib/openstack/lib/python3.10/site-packages/ovsdbapp/backend/ovs_idl/__init__.py", line 184, in lookup
2026-04-07 01:13:46.635 9 ERROR ovsdbapp.backend.ovs_idl.command return self._lookup(table, record)
2026-04-07 01:13:46.635 9 ERROR ovsdbapp.backend.ovs_idl.command
File "/var/lib/openstack/lib/python3.10/site-packages/ovsdbapp/backend/ovs_idl/__init__.py", line 235, in _lookup
2026-04-07 01:13:46.635 9 ERROR ovsdbapp.backend.ovs_idl.command row = idlutils.row_by_value(self, rl.table, rl.column, record)
2026-04-07 01:13:46.635 9 ERROR ovsdbapp.backend.ovs_idl.command
File "/var/lib/openstack/lib/python3.10/site-packages/ovsdbapp/backend/ovs_idl/idlutils.py", line 114, in row_by_value
2026-04-07 01:13:46.635 9 ERROR ovsdbapp.backend.ovs_idl.command raise RowNotFound(table=table, col=column, match=match)
2026-04-07 01:13:46.635 9 ERROR ovsdbapp.backend.ovs_idl.command ovsdbapp.backend.ovs_idl.idlutils.RowNotFound: Cannot find Logical_Router_Port with name=lrp-ba45904f-a4f5-427d-93a9-95d15a6d4159
2026-04-07 01:13:46.635 9 ERROR ovsdbapp.backend.ovs_idl.command 
2026-04-07 01:13:46.635 9 ERROR neutron_lib.callbacks.manager [None req-d04e7ef2-ec3a-4c88-9eaf-296cb4be19fe dc35760bae544eddadfd48d264f8e1e4 1e312ab7abc54abea284063e58060ebd - - default default] Error during notification for neutron.services.ovn_l3.plugin.OVNL3RouterPlugin._port_update-8757716897510 port, after_update: ovsdbapp.backend.ovs_idl.idlutils.RowNotFound: Cannot find Logical_Router_Port with name=lrp-ba45904f-a4f5-427d-93a9-95d15a6d4159
2026-04-07 01:13:46.635 9 ERROR neutron_lib.callbacks.manager
Traceback (most recent call last):
2026-04-07 01:13:46.635 9 ERROR neutron_lib.callbacks.manager
File "/var/lib/openstack/lib/python3.10/site-packages/neutron_lib/callbacks/manager.py", line 189, in _notify_loop
2026-04-07 01:13:46.635 9 ERROR neutron_lib.callbacks.manager callback.method(resource, event, trigger, payload=payload)
2026-04-07 01:13:46.635 9 ERROR neutron_lib.callbacks.manager
File "/var/lib/openstack/lib/python3.10/site-packages/neutron/services/ovn_l3/plugin.py", line 391, in _port_update
2026-04-07 01:13:46.635 9 ERROR neutron_lib.callbacks.manager l3plugin._ovn_client.update_router_port(context,
2026-04-07 01:13:46.635 9 ERROR neutron_lib.callbacks.manager
File "/var/lib/openstack/lib/python3.10/site-packages/neutron/plugins/ml2/drivers/ovn/mech_driver/ovsdb/ovn_client.py", line 1878, in update_router_port
2026-04-07 01:13:46.635 9 ERROR neutron_lib.callbacks.manager self._update_lrouter_port(context, port, if_exists=if_exists,
2026-04-07 01:13:46.635 9 ERROR neutron_lib.callbacks.manager
File "/var/lib/openstack/lib/python3.10/site-packages/neutron/plugins/ml2/drivers/ovn/mech_driver/ovsdb/ovn_client.py", line 1855, in _update_lrouter_port
2026-04-07 01:13:46.635 9 ERROR neutron_lib.callbacks.manager external_ids = self._nb_idl.db_get(
2026-04-07 01:13:46.635 9 ERROR neutron_lib.callbacks.manager
File "/var/lib/openstack/lib/python3.10/site-packages/ovsdbapp/backend/ovs_idl/command.py", line 47, in execute
2026-04-07 01:13:46.635 9 ERROR neutron_lib.callbacks.manager self.run_idl(None)
2026-04-07 01:13:46.635 9 ERROR neutron_lib.callbacks.manager
File "/var/lib/openstack/lib/python3.10/site-packages/ovsdbapp/backend/ovs_idl/command.py", line 235, in run_idl
2026-04-07 01:13:46.635 9 ERROR neutron_lib.callbacks.manager record = self.api.lookup(self.table, self.record)
2026-04-07 01:13:46.635 9 ERROR neutron_lib.callbacks.manager
File "/var/lib/openstack/lib/python3.10/site-packages/ovsdbapp/backend/ovs_idl/__init__.py", line 184, in lookup
2026-04-07 01:13:46.635 9 ERROR neutron_lib.callbacks.manager return self._lookup(table, record)
2026-04-07 01:13:46.635 9 ERROR neutron_lib.callbacks.manager
File "/var/lib/openstack/lib/python3.10/site-packages/ovsdbapp/backend/ovs_idl/__init__.py", line 235, in _lookup
2026-04-07 01:13:46.635 9 ERROR neutron_lib.callbacks.manager row = idlutils.row_by_value(self, rl.table, rl.column, record)
2026-04-07 01:13:46.635 9 ERROR neutron_lib.callbacks.manager
File "/var/lib/openstack/lib/python3.10/site-packages/ovsdbapp/backend/ovs_idl/idlutils.py", line 114, in row_by_value
2026-04-07 01:13:46.635 9 ERROR neutron_lib.callbacks.manager raise RowNotFound(table=table, col=column, match=match)
2026-04-07 01:13:46.635 9 ERROR neutron_lib.callbacks.manager ovsdbapp.backend.ovs_idl.idlutils.RowNotFound: Cannot find Logical_Router_Port with name=lrp-ba45904f-a4f5-427d-93a9-95d15a6d4159
2026-04-07 01:13:46.635 9 ERROR neutron_lib.callbacks.manager 
2026-04-07 01:13:46.664 9 INFO neutron.db.ovn_revision_numbers_db [None req-74da5042-99ae-45ff-ab49-4c9331860b96 45056ae8747e40488593ce1803da40dd be336696ee724998aaa8b13f11bc6306 - - default default] Successfully bumped revision number for resource 534c7584-65e3-456b-aa33-2daefb0cedd2 (type: ports) to 1
2026-04-07 01:13:46.679 10 INFO neutron.db.ovn_revision_numbers_db [None req-d6f63511-7cce-4908-8cfb-25ee15be4dd1 cc14e991321f4ae488ce6b23c335183c faef6713c10e4c0f9ef80db9faf23195 - - default default] Successfully bumped revision number for resource c731b9cb-1a7c-445a-8195-f36c059040ce (type: subnets) to 0
2026-04-07 01:13:46.698 9 INFO neutron.wsgi [None req-74da5042-99ae-45ff-ab49-4c9331860b96 45056ae8747e40488593ce1803da40dd be336696ee724998aaa8b13f11bc6306 - - default default] 10.0.0.154 "POST /v2.0/networks HTTP/1.1" status: 201 len: 833 time: 0.7599618
2026-04-07 01:13:46.702 10 INFO neutron.wsgi [None req-d6f63511-7cce-4908-8cfb-25ee15be4dd1 cc14e991321f4ae488ce6b23c335183c faef6713c10e4c0f9ef80db9faf23195 - - default default] 10.0.0.154 "POST /v2.0/subnets HTTP/1.1" status: 201 len: 821 time: 0.4355955
2026-04-07 01:13:46.709 9 WARNING neutron_lib.context [None req-aa292d47-5d86-4fe2-b9e0-1a8a7b746d64 45056ae8747e40488593ce1803da40dd be336696ee724998aaa8b13f11bc6306 - - default default] Method 'is_advsvc' is deprecated since 2023.2 release (neutron-lib 3.8.0) and will be removed once support for the old RBAC API policies will be removed from Neutron. Please use method 'is_service_role' instead.
2026-04-07 01:13:46.712 10 WARNING neutron_lib.context [None req-f7718c01-1911-419e-bff8-0daa96bec515 cc14e991321f4ae488ce6b23c335183c faef6713c10e4c0f9ef80db9faf23195 - - default default] Method 'is_advsvc' is deprecated since 2023.2 release (neutron-lib 3.8.0) and will be removed once support for the old RBAC API policies will be removed from Neutron. Please use method 'is_service_role' instead.
2026-04-07 01:13:46.733 10 INFO neutron.db.ovn_revision_numbers_db [None req-2f01c63e-ea3d-43e4-9e67-54844d14be31 - - - - - -] Successfully bumped revision number for resource b728ff35-2892-425e-9597-6493f4da6670 (type: ports) to 2
2026-04-07 01:13:47.050 10 WARNING neutron_lib.context [None req-dc7c38a3-6f71-4253-8ef2-f31c3c733c7d a341189bdb5a4caca2a0d7322045997b 8352deade5f04ca895c53c75cd19fbdb - - default default] Method 'is_advsvc' is deprecated since 2023.2 release (neutron-lib 3.8.0) and will be removed once support for the old RBAC API policies will be removed from Neutron. Please use method 'is_service_role' instead.
2026-04-07 01:13:47.149 10 WARNING neutron.scheduler.dhcp_agent_scheduler [None req-f7718c01-1911-419e-bff8-0daa96bec515 cc14e991321f4ae488ce6b23c335183c faef6713c10e4c0f9ef80db9faf23195 - - default default] No more DHCP agents
2026-04-07 01:13:47.168 10 WARNING neutron.api.rpc.agentnotifiers.dhcp_rpc_agent_api [None req-f7718c01-1911-419e-bff8-0daa96bec515 cc14e991321f4ae488ce6b23c335183c faef6713c10e4c0f9ef80db9faf23195 - - default default] Unable to schedule network 55a95c23-d413-4265-a523-50cf3a5f3751: no agents available; will retry on subsequent port and subnet creation events.
2026-04-07 01:13:47.208 9 INFO neutron.db.ovn_revision_numbers_db [None req-d04e7ef2-ec3a-4c88-9eaf-296cb4be19fe dc35760bae544eddadfd48d264f8e1e4 1e312ab7abc54abea284063e58060ebd - - default default] Successfully bumped revision number for resource ba45904f-a4f5-427d-93a9-95d15a6d4159 (type: ports) to 1
2026-04-07 01:13:47.319 10 WARNING neutron.plugins.ml2.drivers.ovn.mech_driver.ovsdb.ovn_client [None req-7f8db63c-a6c3-4e2c-bd8a-ef44ef7ee712 - - - - - -] No port found with ID 4b97d19c-496b-4e46-9670-474b85e17d83: RuntimeError: No port found with ID 4b97d19c-496b-4e46-9670-474b85e17d83
2026-04-07 01:13:47.319 10 INFO neutron.plugins.ml2.drivers.ovn.mech_driver.mech_driver [None req-7f8db63c-a6c3-4e2c-bd8a-ef44ef7ee712 - - - - - -] OVN reports status up for port: ba45904f-a4f5-427d-93a9-95d15a6d4159
2026-04-07 01:13:47.322 10 INFO neutron.db.ovn_revision_numbers_db [None req-2f01c63e-ea3d-43e4-9e67-54844d14be31 - - - - - -] Successfully bumped revision number for resource b728ff35-2892-425e-9597-6493f4da6670 (type: ports) to 4
2026-04-07 01:13:47.338 10 INFO neutron.plugins.ml2.plugin [None req-7f8db63c-a6c3-4e2c-bd8a-ef44ef7ee712 - - - - - -] Attempt 1 to provision port ba45904f-a4f5-427d-93a9-95d15a6d4159
2026-04-07 01:13:47.339 9 WARNING neutron.scheduler.dhcp_agent_scheduler [None req-aa292d47-5d86-4fe2-b9e0-1a8a7b746d64 45056ae8747e40488593ce1803da40dd be336696ee724998aaa8b13f11bc6306 - - default default] No more DHCP agents
2026-04-07 01:13:47.345 9 WARNING neutron.api.rpc.agentnotifiers.dhcp_rpc_agent_api [None req-aa292d47-5d86-4fe2-b9e0-1a8a7b746d64 45056ae8747e40488593ce1803da40dd be336696ee724998aaa8b13f11bc6306 - - default default] Unable to schedule network 6057bee0-cb4d-4cfc-a642-234e45fd8a23: no agents available; will retry on subsequent port and subnet creation events.
2026-04-07 01:13:47.349 9 WARNING neutron.scheduler.dhcp_agent_scheduler [None req-d04e7ef2-ec3a-4c88-9eaf-296cb4be19fe dc35760bae544eddadfd48d264f8e1e4 1e312ab7abc54abea284063e58060ebd - - default default] No more DHCP agents
2026-04-07 01:13:47.352 9 WARNING neutron.api.rpc.agentnotifiers.dhcp_rpc_agent_api [None req-d04e7ef2-ec3a-4c88-9eaf-296cb4be19fe dc35760bae544eddadfd48d264f8e1e4 1e312ab7abc54abea284063e58060ebd - - default default] Unable to schedule network 12f7fc82-f123-4e5f-8690-6b63a7e98c5c: no agents available; will retry on subsequent port and subnet creation events.
2026-04-07 01:13:47.391 9 INFO neutron.db.ovn_revision_numbers_db [None req-aa292d47-5d86-4fe2-b9e0-1a8a7b746d64 45056ae8747e40488593ce1803da40dd be336696ee724998aaa8b13f11bc6306 - - default default] Successfully bumped revision number for resource d5f12249-c4c5-4e9e-a70e-d9b146c9c256 (type: subnets) to 0
2026-04-07 01:13:47.402 10 INFO neutron.db.ovn_revision_numbers_db [None req-f7718c01-1911-419e-bff8-0daa96bec515 cc14e991321f4ae488ce6b23c335183c faef6713c10e4c0f9ef80db9faf23195 - - default default] Successfully bumped revision number for resource 57730c42-504b-481c-bb9c-761b30bc86c1 (type: ports) to 1
2026-04-07 01:13:47.406 10 INFO neutron.db.ovn_revision_numbers_db [None req-dc7c38a3-6f71-4253-8ef2-f31c3c733c7d a341189bdb5a4caca2a0d7322045997b 8352deade5f04ca895c53c75cd19fbdb - - default default] Successfully bumped revision number for resource 0298907a-e32e-4c8c-8297-79c09f0e4212 (type: security_groups) to 1
2026-04-07 01:13:47.424 9 INFO neutron.wsgi [None req-aa292d47-5d86-4fe2-b9e0-1a8a7b746d64 45056ae8747e40488593ce1803da40dd be336696ee724998aaa8b13f11bc6306 - - default default] 10.0.0.154 "POST /v2.0/subnets HTTP/1.1" status: 201 len: 821 time: 0.7199328
2026-04-07 01:13:47.438 9 WARNING neutron_lib.context [None req-770c42e8-2f6b-41c6-ae7a-f33f53efa758 45056ae8747e40488593ce1803da40dd be336696ee724998aaa8b13f11bc6306 - - default default] Method 'is_advsvc' is deprecated since 2023.2 release (neutron-lib 3.8.0) and will be removed once support for the old RBAC API policies will be removed from Neutron. Please use method 'is_service_role' instead.
2026-04-07 01:13:47.465 10 INFO neutron.db.ovn_revision_numbers_db [None req-dc7c38a3-6f71-4253-8ef2-f31c3c733c7d a341189bdb5a4caca2a0d7322045997b 8352deade5f04ca895c53c75cd19fbdb - - default default] Successfully bumped revision number for resource 04d97954-d597-46b3-acdc-3914a0da250e (type: security_group_rules) to 0
2026-04-07 01:13:47.473 10 INFO neutron.wsgi [None req-f7718c01-1911-419e-bff8-0daa96bec515 cc14e991321f4ae488ce6b23c335183c faef6713c10e4c0f9ef80db9faf23195 - - default default] 10.0.0.154 "POST /v2.0/ports HTTP/1.1" status: 201 len: 1126 time: 0.7658858
2026-04-07 01:13:47.497 10 INFO neutron.db.ovn_revision_numbers_db [None req-dc7c38a3-6f71-4253-8ef2-f31c3c733c7d a341189bdb5a4caca2a0d7322045997b 8352deade5f04ca895c53c75cd19fbdb - - default default] Successfully bumped revision number for resource 7a6d0525-328a-4de4-94b9-48c4762362e6 (type: security_group_rules) to 0
2026-04-07 01:13:47.523 10 INFO neutron.db.ovn_revision_numbers_db [None req-dc7c38a3-6f71-4253-8ef2-f31c3c733c7d a341189bdb5a4caca2a0d7322045997b 8352deade5f04ca895c53c75cd19fbdb - - default default] Successfully bumped revision number for resource ba9a35ef-c6e3-478a-9994-47437eb5e1a3 (type: security_group_rules) to 0
2026-04-07 01:13:47.560 10 INFO neutron.db.ovn_revision_numbers_db [None req-dc7c38a3-6f71-4253-8ef2-f31c3c733c7d a341189bdb5a4caca2a0d7322045997b 8352deade5f04ca895c53c75cd19fbdb - - default default] Successfully bumped revision number for resource c1628ede-cc68-43f0-b0bf-510f28d2e73c (type: security_group_rules) to 0
2026-04-07 01:13:47.624 9 INFO neutron.db.ovn_revision_numbers_db [None req-770c42e8-2f6b-41c6-ae7a-f33f53efa758 45056ae8747e40488593ce1803da40dd be336696ee724998aaa8b13f11bc6306 - - default default] Successfully bumped revision number for resource 132e2d81-d90e-46e9-ad6c-d235df9ae359 (type: routers) to 1
2026-04-07 01:13:47.643 10 INFO neutron.db.segments_db [None req-dc7c38a3-6f71-4253-8ef2-f31c3c733c7d a341189bdb5a4caca2a0d7322045997b 8352deade5f04ca895c53c75cd19fbdb - - default default] Added segment bfe38c4c-096e-462c-8c0c-3682daebdb4c of type geneve for network 10d217df-02e8-48ff-a201-c2443358fe9c
2026-04-07 01:13:47.654 9 INFO neutron.wsgi [None req-770c42e8-2f6b-41c6-ae7a-f33f53efa758 45056ae8747e40488593ce1803da40dd be336696ee724998aaa8b13f11bc6306 - - default default] 10.0.0.154 "POST /v2.0/routers HTTP/1.1" status: 201 len: 806 time: 0.2203832
2026-04-07 01:13:47.855 10 INFO neutron.db.ovn_revision_numbers_db [None req-2f01c63e-ea3d-43e4-9e67-54844d14be31 - - - - - -] Successfully bumped revision number for resource b728ff35-2892-425e-9597-6493f4da6670 (type: router_ports) to 4
2026-04-07 01:13:47.877 10 INFO neutron.db.ovn_revision_numbers_db [None req-dc7c38a3-6f71-4253-8ef2-f31c3c733c7d a341189bdb5a4caca2a0d7322045997b 8352deade5f04ca895c53c75cd19fbdb - - default default] Successfully bumped revision number for resource 10d217df-02e8-48ff-a201-c2443358fe9c (type: networks) to 1
2026-04-07 01:13:48.269 9 INFO neutron.wsgi [None req-aa1cecdb-31ca-498c-b20e-7ae9efcb30a3 cc14e991321f4ae488ce6b23c335183c faef6713c10e4c0f9ef80db9faf23195 - - default default] 10.0.0.154 "DELETE /v2.0/ports/57730c42-504b-481c-bb9c-761b30bc86c1 HTTP/1.1" status: 204 len: 168 time: 0.7900059
2026-04-07 01:13:48.277 9 INFO neutron.db.ovn_revision_numbers_db [None req-d04e7ef2-ec3a-4c88-9eaf-296cb4be19fe dc35760bae544eddadfd48d264f8e1e4 1e312ab7abc54abea284063e58060ebd - - default default] Successfully bumped revision number for resource ba45904f-a4f5-427d-93a9-95d15a6d4159 (type: router_ports) to 1
2026-04-07 01:13:48.288 9 INFO neutron.wsgi [None req-d04e7ef2-ec3a-4c88-9eaf-296cb4be19fe dc35760bae544eddadfd48d264f8e1e4 1e312ab7abc54abea284063e58060ebd - - default default] 10.0.0.154 "PUT /v2.0/routers/aa034b43-0555-4a43-92c2-2c37c02696a3/add_router_interface HTTP/1.1" status: 200 len: 503 time: 3.3027551
2026-04-07 01:13:48.304 9 INFO neutron.pecan_wsgi.hooks.translation [None req-25a2a39a-d336-4664-a66b-073ead19b715 cc14e991321f4ae488ce6b23c335183c faef6713c10e4c0f9ef80db9faf23195 - - default default] GET failed (client error): The resource could not be found.
2026-04-07 01:13:48.306 9 INFO neutron.wsgi [None req-25a2a39a-d336-4664-a66b-073ead19b715 cc14e991321f4ae488ce6b23c335183c faef6713c10e4c0f9ef80db9faf23195 - - default default] 10.0.0.154 "GET /v2.0/ports/57730c42-504b-481c-bb9c-761b30bc86c1 HTTP/1.1" status: 404 len: 333 time: 0.0313721
2026-04-07 01:13:48.382 10 INFO neutron.db.ovn_revision_numbers_db [None req-7f8db63c-a6c3-4e2c-bd8a-ef44ef7ee712 - - - - - -] Successfully bumped revision number for resource ba45904f-a4f5-427d-93a9-95d15a6d4159 (type: ports) to 2
2026-04-07 01:13:48.420 10 WARNING neutron.scheduler.dhcp_agent_scheduler [None req-dc7c38a3-6f71-4253-8ef2-f31c3c733c7d a341189bdb5a4caca2a0d7322045997b 8352deade5f04ca895c53c75cd19fbdb - - default default] No more DHCP agents
2026-04-07 01:13:48.422 10 WARNING neutron.api.rpc.agentnotifiers.dhcp_rpc_agent_api [None req-dc7c38a3-6f71-4253-8ef2-f31c3c733c7d a341189bdb5a4caca2a0d7322045997b 8352deade5f04ca895c53c75cd19fbdb - - default default] Unable to schedule network 10d217df-02e8-48ff-a201-c2443358fe9c: no agents available; will retry on subsequent port and subnet creation events.
2026-04-07 01:13:48.443 9 WARNING neutron.scheduler.dhcp_agent_scheduler [None req-2f57b1c3-e3dd-4155-882f-1a20c868f0a4 45056ae8747e40488593ce1803da40dd be336696ee724998aaa8b13f11bc6306 - - default default] No more DHCP agents
2026-04-07 01:13:48.448 9 WARNING neutron.api.rpc.agentnotifiers.dhcp_rpc_agent_api [None req-2f57b1c3-e3dd-4155-882f-1a20c868f0a4 45056ae8747e40488593ce1803da40dd be336696ee724998aaa8b13f11bc6306 - - default default] Unable to schedule network 6057bee0-cb4d-4cfc-a642-234e45fd8a23: no agents available; will retry on subsequent port and subnet creation events.
2026-04-07 01:13:48.559 10 INFO neutron.db.ovn_revision_numbers_db [None req-dc7c38a3-6f71-4253-8ef2-f31c3c733c7d a341189bdb5a4caca2a0d7322045997b 8352deade5f04ca895c53c75cd19fbdb - - default default] Successfully bumped revision number for resource 74c243a7-7f3f-417e-9504-70b074cd2697 (type: ports) to 1
2026-04-07 01:13:48.587 9 INFO neutron.wsgi [None req-247ee682-94f7-4582-a988-ea9adfd9820a cc14e991321f4ae488ce6b23c335183c faef6713c10e4c0f9ef80db9faf23195 - - default default] 10.0.0.154 "DELETE /v2.0/subnets/c731b9cb-1a7c-445a-8195-f36c059040ce HTTP/1.1" status: 204 len: 168 time: 0.2715912
2026-04-07 01:13:48.593 10 INFO neutron.db.ovn_revision_numbers_db [None req-7f8db63c-a6c3-4e2c-bd8a-ef44ef7ee712 - - - - - -] Successfully bumped revision number for resource ba45904f-a4f5-427d-93a9-95d15a6d4159 (type: router_ports) to 2
2026-04-07 01:13:48.600 10 INFO neutron.wsgi [None req-dc7c38a3-6f71-4253-8ef2-f31c3c733c7d a341189bdb5a4caca2a0d7322045997b 8352deade5f04ca895c53c75cd19fbdb - - default default] 10.0.0.154 "POST /v2.0/networks HTTP/1.1" status: 201 len: 831 time: 1.7658937
2026-04-07 01:13:48.611 9 WARNING neutron_lib.context [None req-76c2771f-8749-4b66-bbdc-92bc1d8456db a341189bdb5a4caca2a0d7322045997b 8352deade5f04ca895c53c75cd19fbdb - - default default] Method 'is_advsvc' is deprecated since 2023.2 release (neutron-lib 3.8.0) and will be removed once support for the old RBAC API policies will be removed from Neutron. Please use method 'is_service_role' instead.
2026-04-07 01:13:48.615 9 INFO neutron.db.ovn_revision_numbers_db [None req-2f57b1c3-e3dd-4155-882f-1a20c868f0a4 45056ae8747e40488593ce1803da40dd be336696ee724998aaa8b13f11bc6306 - - default default] Successfully bumped revision number for resource 3366d6be-d901-458b-bf93-23ac784464fd (type: ports) to 1
2026-04-07 01:13:49.361 9 WARNING neutron.scheduler.dhcp_agent_scheduler [None req-76c2771f-8749-4b66-bbdc-92bc1d8456db a341189bdb5a4caca2a0d7322045997b 8352deade5f04ca895c53c75cd19fbdb - - default default] No more DHCP agents
2026-04-07 01:13:49.375 9 WARNING neutron.api.rpc.agentnotifiers.dhcp_rpc_agent_api [None req-76c2771f-8749-4b66-bbdc-92bc1d8456db a341189bdb5a4caca2a0d7322045997b 8352deade5f04ca895c53c75cd19fbdb - - default default] Unable to schedule network 10d217df-02e8-48ff-a201-c2443358fe9c: no agents available; will retry on subsequent port and subnet creation events.
2026-04-07 01:13:49.589 9 INFO neutron.services.segments.plugin [-] Segment f087c4e6-d7dc-4749-99a8-19d3e4872e11 resource provider aggregate not found
2026-04-07 01:13:49.594 9 INFO neutron.services.segments.plugin [-] Segment f087c4e6-d7dc-4749-99a8-19d3e4872e11 resource provider aggregate not found
2026-04-07 01:13:49.614 9 INFO neutron.services.segments.plugin [-] Segment f087c4e6-d7dc-4749-99a8-19d3e4872e11 resource provider not found; error: Placement Client Error (4xx): {"errors": [{"status": 404, "title": "Not Found", "detail": "The resource could not be found.\n\n No resource provider with uuid f087c4e6-d7dc-4749-99a8-19d3e4872e11 found for delete ", "request_id": "req-3b2c2f17-16c4-4474-a0fc-37b1b3c72d8a"}]}
2026-04-07 01:13:49.617 9 INFO neutron.services.segments.plugin [-] Segment f087c4e6-d7dc-4749-99a8-19d3e4872e11 resource provider not found; error: Placement Client Error (4xx): {"errors": [{"status": 404, "title": "Not Found", "detail": "The resource could not be found.\n\n No resource provider with uuid f087c4e6-d7dc-4749-99a8-19d3e4872e11 found for delete ", "request_id": "req-e426ec3e-4cbc-47e9-accc-aa52ff870587"}]}
2026-04-07 01:13:49.622 9 INFO neutron.db.ovn_revision_numbers_db [None req-76c2771f-8749-4b66-bbdc-92bc1d8456db a341189bdb5a4caca2a0d7322045997b 8352deade5f04ca895c53c75cd19fbdb - - default default] Successfully bumped revision number for resource 442eb145-b48e-4220-83f8-86e6120a1e72 (type: ports) to 1
2026-04-07 01:13:49.638 9 INFO neutron.wsgi [None req-beed8c76-0089-482a-8367-0cae26d64325 cc14e991321f4ae488ce6b23c335183c faef6713c10e4c0f9ef80db9faf23195 - - default default] 10.0.0.154 "DELETE /v2.0/networks/55a95c23-d413-4265-a523-50cf3a5f3751 HTTP/1.1" status: 204 len: 168 time: 1.0437534
2026-04-07 01:13:49.658 10 WARNING neutron_lib.context [None req-ce512b9a-b095-42f6-8e38-c2fd73d4bf09 cc14e991321f4ae488ce6b23c335183c faef6713c10e4c0f9ef80db9faf23195 - - default default] Method 'is_advsvc' is deprecated since 2023.2 release (neutron-lib 3.8.0) and will be removed once support for the old RBAC API policies will be removed from Neutron. Please use method 'is_service_role' instead.
2026-04-07 01:13:49.681 9 INFO neutron.wsgi [None req-76c2771f-8749-4b66-bbdc-92bc1d8456db a341189bdb5a4caca2a0d7322045997b 8352deade5f04ca895c53c75cd19fbdb - - default default] 10.0.0.154 "POST /v2.0/ports HTTP/1.1" status: 201 len: 942 time: 1.0769429 /var/lib/openstack/lib/python3.10/site-packages/pycadf/identifier.py:71: UserWarning: Invalid uuid: neutron. To ensure interoperability, identifiers should be a valid uuid. warnings.warn(('Invalid uuid: %s. To ensure interoperability, '
2026-04-07 01:13:49.699 9 WARNING neutron_lib.context [None req-aaa3aa07-d7f2-4e9b-bcb2-f44650f1d0ef a341189bdb5a4caca2a0d7322045997b 8352deade5f04ca895c53c75cd19fbdb - - default default] Method 'is_advsvc' is deprecated since 2023.2 release (neutron-lib 3.8.0) and will be removed once support for the old RBAC API policies will be removed from Neutron. Please use method 'is_service_role' instead.
2026-04-07 01:13:49.705 9 ERROR ovsdbapp.backend.ovs_idl.command [None req-2f57b1c3-e3dd-4155-882f-1a20c868f0a4 45056ae8747e40488593ce1803da40dd be336696ee724998aaa8b13f11bc6306 - - default default] Error executing command (DbGetCommand): ovsdbapp.backend.ovs_idl.idlutils.RowNotFound: Cannot find Logical_Router_Port with name=lrp-3366d6be-d901-458b-bf93-23ac784464fd
2026-04-07 01:13:49.705 9 ERROR ovsdbapp.backend.ovs_idl.command
Traceback (most recent call last):
2026-04-07 01:13:49.705 9 ERROR ovsdbapp.backend.ovs_idl.command
File "/var/lib/openstack/lib/python3.10/site-packages/ovsdbapp/backend/ovs_idl/command.py", line 47, in execute
2026-04-07 01:13:49.705 9 ERROR ovsdbapp.backend.ovs_idl.command self.run_idl(None)
2026-04-07 01:13:49.705 9 ERROR ovsdbapp.backend.ovs_idl.command
File "/var/lib/openstack/lib/python3.10/site-packages/ovsdbapp/backend/ovs_idl/command.py", line 235, in run_idl
2026-04-07 01:13:49.705 9 ERROR ovsdbapp.backend.ovs_idl.command record = self.api.lookup(self.table, self.record)
2026-04-07 01:13:49.705 9 ERROR ovsdbapp.backend.ovs_idl.command
File "/var/lib/openstack/lib/python3.10/site-packages/ovsdbapp/backend/ovs_idl/__init__.py", line 184, in lookup
2026-04-07 01:13:49.705 9 ERROR ovsdbapp.backend.ovs_idl.command return self._lookup(table, record)
2026-04-07 01:13:49.705 9 ERROR ovsdbapp.backend.ovs_idl.command
File "/var/lib/openstack/lib/python3.10/site-packages/ovsdbapp/backend/ovs_idl/__init__.py", line 235, in _lookup
2026-04-07 01:13:49.705 9 ERROR ovsdbapp.backend.ovs_idl.command row = idlutils.row_by_value(self, rl.table, rl.column, record)
2026-04-07 01:13:49.705 9 ERROR ovsdbapp.backend.ovs_idl.command
File "/var/lib/openstack/lib/python3.10/site-packages/ovsdbapp/backend/ovs_idl/idlutils.py", line 114, in row_by_value
2026-04-07 01:13:49.705 9 ERROR ovsdbapp.backend.ovs_idl.command raise RowNotFound(table=table, col=column, match=match)
2026-04-07 01:13:49.705 9 ERROR ovsdbapp.backend.ovs_idl.command ovsdbapp.backend.ovs_idl.idlutils.RowNotFound: Cannot find Logical_Router_Port with name=lrp-3366d6be-d901-458b-bf93-23ac784464fd
2026-04-07 01:13:49.705 9 ERROR ovsdbapp.backend.ovs_idl.command 
2026-04-07 01:13:49.705 9 ERROR neutron_lib.callbacks.manager [None req-2f57b1c3-e3dd-4155-882f-1a20c868f0a4 45056ae8747e40488593ce1803da40dd be336696ee724998aaa8b13f11bc6306 - - default default] Error during notification for neutron.services.ovn_l3.plugin.OVNL3RouterPlugin._port_update-8757716897510 port, after_update: ovsdbapp.backend.ovs_idl.idlutils.RowNotFound: Cannot find Logical_Router_Port with name=lrp-3366d6be-d901-458b-bf93-23ac784464fd
2026-04-07 01:13:49.705 9 ERROR neutron_lib.callbacks.manager
Traceback (most recent call last):
2026-04-07 01:13:49.705 9 ERROR neutron_lib.callbacks.manager
File "/var/lib/openstack/lib/python3.10/site-packages/neutron_lib/callbacks/manager.py", line 189, in _notify_loop
2026-04-07 01:13:49.705 9 ERROR neutron_lib.callbacks.manager callback.method(resource, event, trigger, payload=payload)
2026-04-07 01:13:49.705 9 ERROR neutron_lib.callbacks.manager
File "/var/lib/openstack/lib/python3.10/site-packages/neutron/services/ovn_l3/plugin.py", line 391, in _port_update
2026-04-07 01:13:49.705 9 ERROR neutron_lib.callbacks.manager l3plugin._ovn_client.update_router_port(context,
2026-04-07 01:13:49.705 9 ERROR neutron_lib.callbacks.manager
File "/var/lib/openstack/lib/python3.10/site-packages/neutron/plugins/ml2/drivers/ovn/mech_driver/ovsdb/ovn_client.py", line 1878, in update_router_port
2026-04-07 01:13:49.705 9 ERROR neutron_lib.callbacks.manager self._update_lrouter_port(context, port, if_exists=if_exists,
2026-04-07 01:13:49.705 9 ERROR neutron_lib.callbacks.manager
File "/var/lib/openstack/lib/python3.10/site-packages/neutron/plugins/ml2/drivers/ovn/mech_driver/ovsdb/ovn_client.py", line 1855, in _update_lrouter_port
2026-04-07 01:13:49.705 9 ERROR neutron_lib.callbacks.manager external_ids = self._nb_idl.db_get(
2026-04-07 01:13:49.705 9 ERROR neutron_lib.callbacks.manager
File "/var/lib/openstack/lib/python3.10/site-packages/ovsdbapp/backend/ovs_idl/command.py", line 47, in execute
2026-04-07 01:13:49.705 9 ERROR neutron_lib.callbacks.manager self.run_idl(None)
2026-04-07 01:13:49.705 9 ERROR neutron_lib.callbacks.manager
File "/var/lib/openstack/lib/python3.10/site-packages/ovsdbapp/backend/ovs_idl/command.py", line 235, in run_idl
2026-04-07 01:13:49.705 9 ERROR neutron_lib.callbacks.manager record = self.api.lookup(self.table, self.record)
2026-04-07 01:13:49.705 9 ERROR neutron_lib.callbacks.manager
File "/var/lib/openstack/lib/python3.10/site-packages/ovsdbapp/backend/ovs_idl/__init__.py", line 184, in lookup
2026-04-07 01:13:49.705 9 ERROR neutron_lib.callbacks.manager return self._lookup(table, record)
2026-04-07 01:13:49.705 9 ERROR neutron_lib.callbacks.manager
File "/var/lib/openstack/lib/python3.10/site-packages/ovsdbapp/backend/ovs_idl/__init__.py", line 235, in _lookup
2026-04-07 01:13:49.705 9 ERROR neutron_lib.callbacks.manager row = idlutils.row_by_value(self, rl.table, rl.column, record)
2026-04-07 01:13:49.705 9 ERROR neutron_lib.callbacks.manager
File "/var/lib/openstack/lib/python3.10/site-packages/ovsdbapp/backend/ovs_idl/idlutils.py", line 114, in row_by_value
2026-04-07 01:13:49.705 9 ERROR neutron_lib.callbacks.manager raise RowNotFound(table=table, col=column, match=match)
2026-04-07 01:13:49.705 9 ERROR neutron_lib.callbacks.manager ovsdbapp.backend.ovs_idl.idlutils.RowNotFound: Cannot find Logical_Router_Port with name=lrp-3366d6be-d901-458b-bf93-23ac784464fd
2026-04-07 01:13:49.705 9 ERROR neutron_lib.callbacks.manager 
2026-04-07 01:13:49.836 9 INFO neutron.db.segments_db [None req-aaa3aa07-d7f2-4e9b-bcb2-f44650f1d0ef a341189bdb5a4caca2a0d7322045997b 8352deade5f04ca895c53c75cd19fbdb - - default default] Added segment 07dfd4d2-3381-44af-a7d4-45c579ca3d6f of type geneve for network 7cc7d172-b148-42eb-872b-0c1e47632708
2026-04-07 01:13:49.918 9 INFO neutron.db.ovn_revision_numbers_db [None req-2f57b1c3-e3dd-4155-882f-1a20c868f0a4 45056ae8747e40488593ce1803da40dd be336696ee724998aaa8b13f11bc6306 - - default default] Successfully bumped revision number for resource 3366d6be-d901-458b-bf93-23ac784464fd (type: ports) to 1
2026-04-07 01:13:49.933 10 WARNING neutron.scheduler.dhcp_agent_scheduler [None req-ce512b9a-b095-42f6-8e38-c2fd73d4bf09 cc14e991321f4ae488ce6b23c335183c faef6713c10e4c0f9ef80db9faf23195 - - default default] No more DHCP agents
2026-04-07 01:13:49.935 10 WARNING neutron.api.rpc.agentnotifiers.dhcp_rpc_agent_api [None req-ce512b9a-b095-42f6-8e38-c2fd73d4bf09 cc14e991321f4ae488ce6b23c335183c faef6713c10e4c0f9ef80db9faf23195 - - default default] Unable to schedule network 5def0b1b-4487-4f00-94b5-d055ef045902: no agents available; will retry on subsequent port and subnet creation events.
2026-04-07 01:13:50.031 9 WARNING neutron.scheduler.dhcp_agent_scheduler [None req-2f57b1c3-e3dd-4155-882f-1a20c868f0a4 45056ae8747e40488593ce1803da40dd be336696ee724998aaa8b13f11bc6306 - - default default] No more DHCP agents
2026-04-07 01:13:50.032 10 INFO neutron.db.ovn_revision_numbers_db [None req-ce512b9a-b095-42f6-8e38-c2fd73d4bf09 cc14e991321f4ae488ce6b23c335183c faef6713c10e4c0f9ef80db9faf23195 - - default default] Successfully bumped revision number for resource 4ddd7afa-3be9-421c-97fe-34d56b0feaf1 (type: ports) to 1
2026-04-07 01:13:50.032 9 WARNING neutron.api.rpc.agentnotifiers.dhcp_rpc_agent_api [None req-2f57b1c3-e3dd-4155-882f-1a20c868f0a4 45056ae8747e40488593ce1803da40dd be336696ee724998aaa8b13f11bc6306 - - default default] Unable to schedule network 6057bee0-cb4d-4cfc-a642-234e45fd8a23: no agents available; will retry on subsequent port and subnet creation events.
2026-04-07 01:13:50.034 9 INFO neutron.db.ovn_revision_numbers_db [None req-aaa3aa07-d7f2-4e9b-bcb2-f44650f1d0ef a341189bdb5a4caca2a0d7322045997b 8352deade5f04ca895c53c75cd19fbdb - - default default] Successfully bumped revision number for resource 7cc7d172-b148-42eb-872b-0c1e47632708 (type: networks) to 1
2026-04-07 01:13:50.076 10 INFO neutron.wsgi [None req-ce512b9a-b095-42f6-8e38-c2fd73d4bf09 cc14e991321f4ae488ce6b23c335183c faef6713c10e4c0f9ef80db9faf23195 - - default default] 10.0.0.154 "POST /v2.0/ports HTTP/1.1" status: 201 len: 978 time: 0.4239495 /var/lib/openstack/lib/python3.10/site-packages/pycadf/identifier.py:71: UserWarning: Invalid uuid: neutron. To ensure interoperability, identifiers should be a valid uuid. warnings.warn(('Invalid uuid: %s. To ensure interoperability, '
2026-04-07 01:13:50.270 9 INFO neutron.db.ovn_revision_numbers_db [None req-2f57b1c3-e3dd-4155-882f-1a20c868f0a4 45056ae8747e40488593ce1803da40dd be336696ee724998aaa8b13f11bc6306 - - default default] Successfully bumped revision number for resource 3366d6be-d901-458b-bf93-23ac784464fd (type: router_ports) to 1
2026-04-07 01:13:50.277 9 INFO neutron.wsgi [None req-2f57b1c3-e3dd-4155-882f-1a20c868f0a4 45056ae8747e40488593ce1803da40dd be336696ee724998aaa8b13f11bc6306 - - default default] 10.0.0.154 "PUT /v2.0/routers/132e2d81-d90e-46e9-ad6c-d235df9ae359/add_router_interface HTTP/1.1" status: 200 len: 503 time: 2.6132686
2026-04-07 01:13:50.299 9 WARNING neutron.scheduler.dhcp_agent_scheduler [None req-aaa3aa07-d7f2-4e9b-bcb2-f44650f1d0ef a341189bdb5a4caca2a0d7322045997b 8352deade5f04ca895c53c75cd19fbdb - - default default] No more DHCP agents
2026-04-07 01:13:50.300 9 WARNING neutron.api.rpc.agentnotifiers.dhcp_rpc_agent_api [None req-aaa3aa07-d7f2-4e9b-bcb2-f44650f1d0ef a341189bdb5a4caca2a0d7322045997b 8352deade5f04ca895c53c75cd19fbdb - - default default] Unable to schedule network 7cc7d172-b148-42eb-872b-0c1e47632708: no agents available; will retry on subsequent port and subnet creation events.
2026-04-07 01:13:50.385 9 INFO neutron.db.ovn_revision_numbers_db [None req-aaa3aa07-d7f2-4e9b-bcb2-f44650f1d0ef a341189bdb5a4caca2a0d7322045997b 8352deade5f04ca895c53c75cd19fbdb - - default default] Successfully bumped revision number for resource 2f1b3c5a-a0d6-4ef9-bbf5-56d5d9532ba8 (type: ports) to 1
2026-04-07 01:13:50.396 10 INFO neutron.db.ovn_revision_numbers_db [None req-d45575c5-9d67-4521-9551-42d80c2abc13 cc14e991321f4ae488ce6b23c335183c faef6713c10e4c0f9ef80db9faf23195 - - default default] Successfully bumped revision number for resource 4ddd7afa-3be9-421c-97fe-34d56b0feaf1 (type: ports) to 2
2026-04-07 01:13:50.409 9 INFO neutron.wsgi [None req-aaa3aa07-d7f2-4e9b-bcb2-f44650f1d0ef a341189bdb5a4caca2a0d7322045997b 8352deade5f04ca895c53c75cd19fbdb - - default default] 10.0.0.154 "POST /v2.0/networks HTTP/1.1" status: 201 len: 830 time: 0.7211432
2026-04-07 01:13:50.409 10 INFO neutron.wsgi [None req-d45575c5-9d67-4521-9551-42d80c2abc13 cc14e991321f4ae488ce6b23c335183c faef6713c10e4c0f9ef80db9faf23195 - - default default] 10.0.0.154 "PUT /v2.0/ports/4ddd7afa-3be9-421c-97fe-34d56b0feaf1 HTTP/1.1" status: 200 len: 946 time: 0.3289239
2026-04-07 01:13:50.414 10 INFO neutron.wsgi [None req-0db47b78-9a7c-4201-bcce-a16940f4c84c 45056ae8747e40488593ce1803da40dd be336696ee724998aaa8b13f11bc6306 - - default default] 10.0.0.154 "GET /v2.0/ports/3366d6be-d901-458b-bf93-23ac784464fd HTTP/1.1" status: 200 len: 1139 time: 0.1326408 /var/lib/openstack/lib/python3.10/site-packages/pycadf/identifier.py:71: UserWarning: Invalid uuid: neutron. To ensure interoperability, identifiers should be a valid uuid. warnings.warn(('Invalid uuid: %s. To ensure interoperability, '
2026-04-07 01:13:50.420 9 WARNING neutron_lib.context [None req-285886a6-4f09-4300-a3b0-ab3c00c6daf4 a341189bdb5a4caca2a0d7322045997b 8352deade5f04ca895c53c75cd19fbdb - - default default] Method 'is_advsvc' is deprecated since 2023.2 release (neutron-lib 3.8.0) and will be removed once support for the old RBAC API policies will be removed from Neutron. Please use method 'is_service_role' instead.
2026-04-07 01:13:50.459 10 INFO neutron.wsgi [None req-680c2502-7ce2-4ad5-8bf4-fbbc8e014d48 45056ae8747e40488593ce1803da40dd be336696ee724998aaa8b13f11bc6306 - - default default] 10.0.0.154 "GET /v2.0/ports/3366d6be-d901-458b-bf93-23ac784464fd HTTP/1.1" status: 200 len: 1139 time: 0.0383258
2026-04-07 01:13:50.667 10 INFO neutron.wsgi [req-e6a926fa-3d01-4aa2-b025-a177e9e2109e req-82dfb93e-c88e-4ce3-8994-1809e5ddcbee 38aed9cece244be59607671521bf4500 2173d2658256486f80bf9125a57210cd - - default default] 10.0.0.136 "GET /v2.0/networks?id=12f7fc82-f123-4e5f-8690-6b63a7e98c5c HTTP/1.1" status: 200 len: 872 time: 0.1216848
2026-04-07 01:13:50.684 10 INFO neutron.wsgi [req-e6a926fa-3d01-4aa2-b025-a177e9e2109e req-ee151d52-f9dc-4158-a0e4-2677b5f619e4 38aed9cece244be59607671521bf4500 2173d2658256486f80bf9125a57210cd - - default default] 10.0.0.136 "GET /v2.0/quotas/2173d2658256486f80bf9125a57210cd HTTP/1.1" status: 200 len: 491 time: 0.0119641
2026-04-07 01:13:50.714 9 WARNING neutron.scheduler.dhcp_agent_scheduler [None req-285886a6-4f09-4300-a3b0-ab3c00c6daf4 a341189bdb5a4caca2a0d7322045997b 8352deade5f04ca895c53c75cd19fbdb - - default default] No more DHCP agents
2026-04-07 01:13:50.715 9 WARNING neutron.api.rpc.agentnotifiers.dhcp_rpc_agent_api [None req-285886a6-4f09-4300-a3b0-ab3c00c6daf4 a341189bdb5a4caca2a0d7322045997b 8352deade5f04ca895c53c75cd19fbdb - - default default] Unable to schedule network 7cc7d172-b148-42eb-872b-0c1e47632708: no agents available; will retry on subsequent port and subnet creation events.
2026-04-07 01:13:50.825 9 INFO neutron.db.ovn_revision_numbers_db [None req-285886a6-4f09-4300-a3b0-ab3c00c6daf4 a341189bdb5a4caca2a0d7322045997b 8352deade5f04ca895c53c75cd19fbdb - - default default] Successfully bumped revision number for resource 37b2fe4f-d5ae-4e3a-8792-a79cc2719052 (type: ports) to 1
2026-04-07 01:13:50.830 10 INFO neutron.wsgi [req-e6a926fa-3d01-4aa2-b025-a177e9e2109e req-b63b59a0-973f-43e3-abfc-a8fcd89963af 38aed9cece244be59607671521bf4500 2173d2658256486f80bf9125a57210cd - - default default] 10.0.0.136 "GET /v2.0/ports?tenant_id=2173d2658256486f80bf9125a57210cd&fields=id HTTP/1.1" status: 200 len: 302 time: 0.1412697
2026-04-07 01:13:50.835 10 INFO neutron.wsgi [None req-c8df7533-390b-446c-92d3-2766e3ab4c17 cc14e991321f4ae488ce6b23c335183c faef6713c10e4c0f9ef80db9faf23195 - - default default] 10.0.0.154 "DELETE /v2.0/ports/4ddd7afa-3be9-421c-97fe-34d56b0feaf1 HTTP/1.1" status: 204 len: 168 time: 0.4198334 /var/lib/openstack/lib/python3.10/site-packages/pycadf/identifier.py:71: UserWarning: Invalid uuid: neutron. To ensure interoperability, identifiers should be a valid uuid. warnings.warn(('Invalid uuid: %s. To ensure interoperability, '
2026-04-07 01:13:50.856 9 INFO neutron.wsgi [None req-285886a6-4f09-4300-a3b0-ab3c00c6daf4 a341189bdb5a4caca2a0d7322045997b 8352deade5f04ca895c53c75cd19fbdb - - default default] 10.0.0.154 "POST /v2.0/ports HTTP/1.1" status: 201 len: 942 time: 0.4412434
2026-04-07 01:13:50.867 10 WARNING neutron_lib.context [None req-d59ba539-395d-473e-97a6-a68969fd8baa a341189bdb5a4caca2a0d7322045997b 8352deade5f04ca895c53c75cd19fbdb - - default default] Method 'is_advsvc' is deprecated since 2023.2 release (neutron-lib 3.8.0) and will be removed once support for the old RBAC API policies will be removed from Neutron. Please use method 'is_service_role' instead.
2026-04-07 01:13:50.911 10 INFO neutron.wsgi [req-e6a926fa-3d01-4aa2-b025-a177e9e2109e req-ff755437-821f-4aac-a7cb-50f6f6c7010a 2426283c74ff431aa9164d5fcca4c91d 2e50f0f865df492ba6e9176720962798 - - 94fea3911c3249d7b72d093d27ede76e 94fea3911c3249d7b72d093d27ede76e] 10.0.0.136 "GET /v2.0/networks/12f7fc82-f123-4e5f-8690-6b63a7e98c5c?fields=segments HTTP/1.1" status: 200 len: 212 time: 0.0744750
2026-04-07 01:13:50.940 9 INFO neutron.wsgi [None req-2442e135-6d03-4c0b-bb0f-9e082311942e cc14e991321f4ae488ce6b23c335183c faef6713c10e4c0f9ef80db9faf23195 - - default default] 10.0.0.154 "GET /v2.0/ports HTTP/1.1" status: 200 len: 1733 time: 0.0961835
2026-04-07 01:13:50.963 10 INFO neutron.pecan_wsgi.hooks.translation [None req-dc1e4333-ecbc-489d-9437-b12c571356a1 cc14e991321f4ae488ce6b23c335183c faef6713c10e4c0f9ef80db9faf23195 - - default default] GET failed (client error): The resource could not be found.
2026-04-07 01:13:50.965 10 INFO neutron.wsgi [None req-dc1e4333-ecbc-489d-9437-b12c571356a1 cc14e991321f4ae488ce6b23c335183c faef6713c10e4c0f9ef80db9faf23195 - - default default] 10.0.0.154 "GET /v2.0/ports/4ddd7afa-3be9-421c-97fe-34d56b0feaf1 HTTP/1.1" status: 404 len: 333 time: 0.0193863
2026-04-07 01:13:50.992 10 INFO neutron.db.segments_db [None req-d59ba539-395d-473e-97a6-a68969fd8baa a341189bdb5a4caca2a0d7322045997b 8352deade5f04ca895c53c75cd19fbdb - - default default] Added segment 00ed3236-c02a-44bc-acde-9b7776a7ef16 of type geneve for network b7a29f7a-94f9-4dff-b25f-9722aace3877
2026-04-07 01:13:51.001 10 INFO neutron.wsgi [req-e6a926fa-3d01-4aa2-b025-a177e9e2109e req-256c5dce-d828-40d8-9d2c-188cf207066f 2426283c74ff431aa9164d5fcca4c91d 2e50f0f865df492ba6e9176720962798 - - 94fea3911c3249d7b72d093d27ede76e 94fea3911c3249d7b72d093d27ede76e] 10.0.0.136 "GET /v2.0/networks/12f7fc82-f123-4e5f-8690-6b63a7e98c5c?fields=provider%3Aphysical_network&fields=provider%3Anetwork_type HTTP/1.1" status: 200 len: 277 time: 0.0835164
2026-04-07 01:13:51.021 9 INFO neutron.wsgi [None req-847403b9-6ac7-40f9-a45d-4e8a63a5e077 cc14e991321f4ae488ce6b23c335183c faef6713c10e4c0f9ef80db9faf23195 - - default default] 10.0.0.154 "GET /v2.0/ports HTTP/1.1" status: 200 len: 1733 time: 0.0502346
2026-04-07 01:13:51.087 10 INFO neutron.wsgi [None req-c7134472-ea50-4fc5-98db-bfb93d4739a3 cc14e991321f4ae488ce6b23c335183c faef6713c10e4c0f9ef80db9faf23195 - - default default] 10.0.0.154 "GET /v2.0/ports/a831dd07-7f94-4a51-876f-4bc312e681f7 HTTP/1.1" status: 200 len: 973 time: 0.0607409
2026-04-07 01:13:51.110 9 INFO neutron.pecan_wsgi.hooks.translation [None req-caa9b7c1-c265-4120-a4ad-f106fa8e8a48 cc14e991321f4ae488ce6b23c335183c faef6713c10e4c0f9ef80db9faf23195 - - default default] DELETE failed (client error): The resource could not be found.
2026-04-07 01:13:51.113 9 INFO neutron.wsgi [None req-caa9b7c1-c265-4120-a4ad-f106fa8e8a48 cc14e991321f4ae488ce6b23c335183c faef6713c10e4c0f9ef80db9faf23195 - - default default] 10.0.0.154 "DELETE /v2.0/ports/57730c42-504b-481c-bb9c-761b30bc86c1 HTTP/1.1" status: 404 len: 333 time: 0.0204449
2026-04-07 01:13:51.148 9 INFO neutron.wsgi [req-4f409012-49e9-4c1e-806f-0b3e9adb9588 req-8ef18bd5-1431-4fd7-8cfb-30680b18f2a0 38aed9cece244be59607671521bf4500 2173d2658256486f80bf9125a57210cd - - default default] 10.0.0.136 "GET /v2.0/ports?device_id=11324e9c-c149-4d1c-9224-8337402a247c HTTP/1.1" status: 200 len: 210 time: 0.0326581
