2026-04-07 01:14:44.301 9 INFO neutron.wsgi [req-2e16e46d-eac2-4885-842a-aa53c0c63a6d req-6eb409b6-6a0c-4e15-8b88-3c907b4ead12 82a8d24f3e31476a9d52a6c44a7d1678 c940d253d5b744e58e364fa9b343ad9b - - default default] 10.0.0.136 "GET /v2.0/networks?id=8b97ce49-350c-4599-b6aa-9dfb207711f5 HTTP/1.1" status: 200 len: 871 time: 0.1228473
2026-04-07 01:14:44.319 9 INFO neutron.wsgi [req-2e16e46d-eac2-4885-842a-aa53c0c63a6d req-1772a9a8-b33d-419a-bfb6-5fece672a057 82a8d24f3e31476a9d52a6c44a7d1678 c940d253d5b744e58e364fa9b343ad9b - - default default] 10.0.0.136 "GET /v2.0/quotas/c940d253d5b744e58e364fa9b343ad9b HTTP/1.1" status: 200 len: 491 time: 0.0112562
2026-04-07 01:14:44.434 9 INFO neutron.wsgi [req-2e16e46d-eac2-4885-842a-aa53c0c63a6d req-5bcdbeba-4c31-4b3e-ab9c-9c0fd9426997 82a8d24f3e31476a9d52a6c44a7d1678 c940d253d5b744e58e364fa9b343ad9b - - default default] 10.0.0.136 "GET /v2.0/ports?tenant_id=c940d253d5b744e58e364fa9b343ad9b&fields=id HTTP/1.1" status: 200 len: 302 time: 0.1076007
2026-04-07 01:14:44.510 9 INFO neutron.wsgi [req-2e16e46d-eac2-4885-842a-aa53c0c63a6d req-df7bc812-895a-494a-907a-aacf09765654 2426283c74ff431aa9164d5fcca4c91d 2e50f0f865df492ba6e9176720962798 - - 94fea3911c3249d7b72d093d27ede76e 94fea3911c3249d7b72d093d27ede76e] 10.0.0.136 "GET /v2.0/networks/8b97ce49-350c-4599-b6aa-9dfb207711f5?fields=segments HTTP/1.1" status: 200 len: 212 time: 0.0641007
2026-04-07 01:14:44.580 9 INFO neutron.wsgi [req-2e16e46d-eac2-4885-842a-aa53c0c63a6d req-64e93570-af9a-4243-aaf7-2be59058bf05 2426283c74ff431aa9164d5fcca4c91d 2e50f0f865df492ba6e9176720962798 - - 94fea3911c3249d7b72d093d27ede76e 94fea3911c3249d7b72d093d27ede76e] 10.0.0.136 "GET /v2.0/networks/8b97ce49-350c-4599-b6aa-9dfb207711f5?fields=provider%3Aphysical_network&fields=provider%3Anetwork_type HTTP/1.1" status: 200 len: 277 time: 0.0604711
2026-04-07 01:14:44.606 10 INFO neutron.wsgi [req-9e0a2807-97df-43e9-8bed-a3f957cbb8b0 req-6252a140-2e15-4e45-ab2e-e550f36e0730 4a24d12921e6424a8204d32a8ef37a1c 99ae145b934b449b93c941285406725f - - default default] 10.0.0.136 "GET /v2.0/networks?id=39e662c5-e3b2-404b-97cf-4c99b825d0dd HTTP/1.1" status: 200 len: 859 time: 0.4379802
2026-04-07 01:14:44.614 10 INFO neutron.db.ovn_revision_numbers_db [None req-7f8db63c-a6c3-4e2c-bd8a-ef44ef7ee712 - - - - - -] Successfully bumped revision number for resource 336b23ad-7976-4fda-a370-f40dc61c2864 (type: router_ports) to 2
2026-04-07 01:14:44.641 10 INFO neutron.wsgi [None req-b34878bd-c7fd-43d4-bdd3-17883aa624c9 ff553f7baa2e44b58eb53a3f9560d6ca 91dc3ddb690f4c8981e85e4266ffef02 - - default default] 10.0.0.154 "GET /v2.0/networks?tags-any=blue HTTP/1.1" status: 200 len: 1455 time: 0.3762836
2026-04-07 01:14:44.645 10 INFO neutron.wsgi [req-9e0a2807-97df-43e9-8bed-a3f957cbb8b0 req-dbf7ea5d-5b4b-4cc5-aa1e-cabd622eea25 4a24d12921e6424a8204d32a8ef37a1c 99ae145b934b449b93c941285406725f - - default default] 10.0.0.136 "GET /v2.0/quotas/99ae145b934b449b93c941285406725f HTTP/1.1" status: 200 len: 491 time: 0.0301073
2026-04-07 01:14:44.733 9 INFO neutron.wsgi [None req-ebba7931-f450-4480-be24-623fb404c555 ff553f7baa2e44b58eb53a3f9560d6ca 91dc3ddb690f4c8981e85e4266ffef02 - - default default] 10.0.0.154 "GET /v2.0/networks?tags-any=red%2Cblue HTTP/1.1" status: 200 len: 2067 time: 0.0876784
2026-04-07 01:14:44.770 9 INFO neutron.wsgi [req-1b87b975-cabe-4f25-8fec-a0dbfa9a4850 req-ea3e1308-14cb-4ed2-bd6a-9a86e93f3373 82a8d24f3e31476a9d52a6c44a7d1678 c940d253d5b744e58e364fa9b343ad9b - - default default] 10.0.0.136 "GET /v2.0/ports?device_id=d66b2724-5dd9-4e4a-860f-db2b5a9e04fc HTTP/1.1" status: 200 len: 210 time: 0.0338752
2026-04-07 01:14:44.829 10 INFO neutron.wsgi [req-9e0a2807-97df-43e9-8bed-a3f957cbb8b0 req-01843896-4a73-424e-91fa-46bb127ddb02 4a24d12921e6424a8204d32a8ef37a1c 99ae145b934b449b93c941285406725f - - default default] 10.0.0.136 "GET /v2.0/ports?tenant_id=99ae145b934b449b93c941285406725f&fields=id HTTP/1.1" status: 200 len: 302 time: 0.1768322
2026-04-07 01:14:44.849 10 INFO neutron.wsgi [None req-bbeb4de1-da44-4afc-8eb0-41fffb97de71 ff553f7baa2e44b58eb53a3f9560d6ca 91dc3ddb690f4c8981e85e4266ffef02 - - default default] 10.0.0.154 "GET /v2.0/networks?not-tags=red HTTP/1.1" status: 200 len: 2069 time: 0.1088364
2026-04-07 01:14:44.904 10 INFO neutron.wsgi [req-9e0a2807-97df-43e9-8bed-a3f957cbb8b0 req-39024aef-3b89-422d-833d-5b5299f2feda 2426283c74ff431aa9164d5fcca4c91d 2e50f0f865df492ba6e9176720962798 - - 94fea3911c3249d7b72d093d27ede76e 94fea3911c3249d7b72d093d27ede76e] 10.0.0.136 "GET /v2.0/networks/39e662c5-e3b2-404b-97cf-4c99b825d0dd?fields=segments HTTP/1.1" status: 200 len: 212 time: 0.0545437
2026-04-07 01:14:44.971 10 INFO neutron.wsgi [req-9e0a2807-97df-43e9-8bed-a3f957cbb8b0 req-b562ff71-15ad-4423-b03f-6028167c69ae 2426283c74ff431aa9164d5fcca4c91d 2e50f0f865df492ba6e9176720962798 - - 94fea3911c3249d7b72d093d27ede76e 94fea3911c3249d7b72d093d27ede76e] 10.0.0.136 "GET /v2.0/networks/39e662c5-e3b2-404b-97cf-4c99b825d0dd?fields=provider%3Aphysical_network&fields=provider%3Anetwork_type HTTP/1.1" status: 200 len: 277 time: 0.0596795
2026-04-07 01:14:44.985 9 INFO neutron.wsgi [None req-138969d7-75c9-4ab3-be93-d537e296a1f2 ff553f7baa2e44b58eb53a3f9560d6ca 91dc3ddb690f4c8981e85e4266ffef02 - - default default] 10.0.0.154 "GET /v2.0/networks?not-tags=red%2Cblue HTTP/1.1" status: 200 len: 2681 time: 0.1306024
2026-04-07 01:14:45.103 9 INFO neutron.wsgi [req-0ee378ef-4a2c-4c9d-9d4d-733ad4d1b29d req-7c530176-7405-4a22-a02a-f02603603932 4a24d12921e6424a8204d32a8ef37a1c 99ae145b934b449b93c941285406725f - - default default] 10.0.0.136 "GET /v2.0/ports?device_id=aa578316-f8b7-4090-b65d-7de448733796 HTTP/1.1" status: 200 len: 210 time: 0.0246539
2026-04-07 01:14:45.116 9 INFO neutron.wsgi [None req-6035cd8a-f3ab-4918-9e4b-ef8c29329425 ff553f7baa2e44b58eb53a3f9560d6ca 91dc3ddb690f4c8981e85e4266ffef02 - - default default] 10.0.0.154 "GET /v2.0/networks?not-tags-any=blue HTTP/1.1" status: 200 len: 2681 time: 0.1243382
2026-04-07 01:14:45.423 9 INFO neutron.wsgi [None req-c3107a87-dd4e-4568-9990-bda9d9e4aff2 ff553f7baa2e44b58eb53a3f9560d6ca 91dc3ddb690f4c8981e85e4266ffef02 - - default default] 10.0.0.154 "GET /v2.0/networks?not-tags-any=red%2Cblue HTTP/1.1" status: 200 len: 2069 time: 0.3021643
2026-04-07 01:14:45.477 10 INFO neutron.wsgi [req-2e16e46d-eac2-4885-842a-aa53c0c63a6d req-4733721a-bb4f-488b-a916-eb5ce859ddfe 82a8d24f3e31476a9d52a6c44a7d1678 c940d253d5b744e58e364fa9b343ad9b - - default default] 199.204.45.122 "GET /v2.0/networks?id=8b97ce49-350c-4599-b6aa-9dfb207711f5 HTTP/1.1" status: 200 len: 871 time: 0.0728283
2026-04-07 01:14:45.531 10 INFO neutron.wsgi [req-2e16e46d-eac2-4885-842a-aa53c0c63a6d req-33fb0984-52f2-4660-a6f6-ef50c43472c0 82a8d24f3e31476a9d52a6c44a7d1678 c940d253d5b744e58e364fa9b343ad9b - - default default] 199.204.45.122 "GET /v2.0/security-groups?fields=id&fields=name&tenant_id=c940d253d5b744e58e364fa9b343ad9b HTTP/1.1" status: 200 len: 472 time: 0.0496321
2026-04-07 01:14:45.540 10 WARNING neutron_lib.context [req-2e16e46d-eac2-4885-842a-aa53c0c63a6d req-e0833eff-a305-4f2a-8f6a-8278fdc81aaf 82a8d24f3e31476a9d52a6c44a7d1678 c940d253d5b744e58e364fa9b343ad9b - - default default] Method 'is_advsvc' is deprecated since 2023.2 release (neutron-lib 3.8.0) and will be removed once support for the old RBAC API policies will be removed from Neutron. Please use method 'is_service_role' instead.
2026-04-07 01:14:45.792 9 INFO neutron.services.segments.plugin [-] Segment cb3c0e05-6785-41bb-b561-b77c4202b5bb resource provider aggregate not found
2026-04-07 01:14:45.796 9 INFO neutron.services.segments.plugin [-] Segment cb3c0e05-6785-41bb-b561-b77c4202b5bb resource provider aggregate not found
2026-04-07 01:14:45.813 9 INFO neutron.services.segments.plugin [-] Segment cb3c0e05-6785-41bb-b561-b77c4202b5bb resource provider not found; error: Placement Client Error (4xx): {"errors": [{"status": 404, "title": "Not Found", "detail": "The resource could not be found.\n\n No resource provider with uuid cb3c0e05-6785-41bb-b561-b77c4202b5bb found for delete ", "request_id": "req-c6539594-6de7-40d6-b178-992d315ab975"}]}
2026-04-07 01:14:45.814 9 INFO neutron.services.segments.plugin [-] Segment cb3c0e05-6785-41bb-b561-b77c4202b5bb resource provider not found; error: Placement Client Error (4xx): {"errors": [{"status": 404, "title": "Not Found", "detail": "The resource could not be found.\n\n No resource provider with uuid cb3c0e05-6785-41bb-b561-b77c4202b5bb found for delete ", "request_id": "req-fd4beb28-4902-4b9d-83e8-5ce87f2866a7"}]}
2026-04-07 01:14:45.839 9 INFO neutron.wsgi [None req-e27d7b1c-5aad-4143-9a17-6c32ecc325e7 ff553f7baa2e44b58eb53a3f9560d6ca 91dc3ddb690f4c8981e85e4266ffef02 - - default default] 10.0.0.154 "DELETE /v2.0/networks/40f8f360-94fd-4c6a-a8b5-eb25607651cb HTTP/1.1" status: 204 len: 168 time: 0.4098861
2026-04-07 01:14:45.892 10 INFO neutron.wsgi [req-de19f7de-2b33-41ff-8b17-f34feb2001db req-9486c574-1367-4e5b-b7cd-f350a88101f7 82a8d24f3e31476a9d52a6c44a7d1678 c940d253d5b744e58e364fa9b343ad9b - - default default] 10.0.0.136 "GET /v2.0/ports?device_id=d66b2724-5dd9-4e4a-860f-db2b5a9e04fc HTTP/1.1" status: 200 len: 210 time: 0.0597064
2026-04-07 01:14:45.982 10 INFO neutron.wsgi [req-9e0a2807-97df-43e9-8bed-a3f957cbb8b0 req-c6df7031-67a0-4124-953f-da82b416aa7d 4a24d12921e6424a8204d32a8ef37a1c 99ae145b934b449b93c941285406725f - - default default] 199.204.45.122 "GET /v2.0/networks?id=39e662c5-e3b2-404b-97cf-4c99b825d0dd HTTP/1.1" status: 200 len: 859 time: 0.1321795
2026-04-07 01:14:46.075 10 INFO neutron.wsgi [req-9e0a2807-97df-43e9-8bed-a3f957cbb8b0 req-f33ceac2-7e5d-4991-a914-deb21b4ce67d 4a24d12921e6424a8204d32a8ef37a1c 99ae145b934b449b93c941285406725f - - default default] 199.204.45.122 "GET /v2.0/security-groups?fields=id&fields=name&tenant_id=99ae145b934b449b93c941285406725f HTTP/1.1" status: 200 len: 380 time: 0.0769498
2026-04-07 01:14:46.087 10 WARNING neutron.scheduler.dhcp_agent_scheduler [req-2e16e46d-eac2-4885-842a-aa53c0c63a6d req-e0833eff-a305-4f2a-8f6a-8278fdc81aaf 82a8d24f3e31476a9d52a6c44a7d1678 c940d253d5b744e58e364fa9b343ad9b - - default default] No more DHCP agents /var/lib/openstack/lib/python3.10/site-packages/pycadf/identifier.py:71: UserWarning: Invalid uuid: neutron. To ensure interoperability, identifiers should be a valid uuid. warnings.warn(('Invalid uuid: %s. To ensure interoperability, '
2026-04-07 01:14:46.093 10 WARNING neutron_lib.context [req-9e0a2807-97df-43e9-8bed-a3f957cbb8b0 req-25ba4d03-f8ff-474d-a655-ea581a509fc6 4a24d12921e6424a8204d32a8ef37a1c 99ae145b934b449b93c941285406725f - - default default] Method 'is_advsvc' is deprecated since 2023.2 release (neutron-lib 3.8.0) and will be removed once support for the old RBAC API policies will be removed from Neutron. Please use method 'is_service_role' instead.
2026-04-07 01:14:46.095 10 WARNING neutron.api.rpc.agentnotifiers.dhcp_rpc_agent_api [req-2e16e46d-eac2-4885-842a-aa53c0c63a6d req-e0833eff-a305-4f2a-8f6a-8278fdc81aaf 82a8d24f3e31476a9d52a6c44a7d1678 c940d253d5b744e58e364fa9b343ad9b - - default default] Unable to schedule network 8b97ce49-350c-4599-b6aa-9dfb207711f5: no agents available; will retry on subsequent port and subnet creation events.
2026-04-07 01:14:46.194 9 INFO neutron.wsgi [req-947806ca-c318-4b38-89f2-62e08e78cabf req-e5d1c873-3a73-4160-ad14-b49fe1f745dc 4a24d12921e6424a8204d32a8ef37a1c 99ae145b934b449b93c941285406725f - - default default] 10.0.0.136 "GET /v2.0/ports?device_id=aa578316-f8b7-4090-b65d-7de448733796 HTTP/1.1" status: 200 len: 210 time: 0.0239530
2026-04-07 01:14:46.576 10 INFO neutron.db.ovn_revision_numbers_db [req-2e16e46d-eac2-4885-842a-aa53c0c63a6d req-e0833eff-a305-4f2a-8f6a-8278fdc81aaf 82a8d24f3e31476a9d52a6c44a7d1678 c940d253d5b744e58e364fa9b343ad9b - - default default] Successfully bumped revision number for resource e69b9980-7f02-4d49-aa2e-84433def8b29 (type: ports) to 1
2026-04-07 01:14:46.627 10 INFO neutron.wsgi [req-2e16e46d-eac2-4885-842a-aa53c0c63a6d req-e0833eff-a305-4f2a-8f6a-8278fdc81aaf 82a8d24f3e31476a9d52a6c44a7d1678 c940d253d5b744e58e364fa9b343ad9b - - default default] 199.204.45.122 "POST /v2.0/ports HTTP/1.1" status: 201 len: 1201 time: 1.0922387 /var/lib/openstack/lib/python3.10/site-packages/pycadf/identifier.py:71: UserWarning: Invalid uuid: neutron. To ensure interoperability, identifiers should be a valid uuid. warnings.warn(('Invalid uuid: %s. To ensure interoperability, '
2026-04-07 01:14:46.748 10 INFO neutron.services.segments.plugin [-] Segment bce5eea4-9533-49dd-a698-b3e475c87e4a resource provider aggregate not found
2026-04-07 01:14:46.751 10 INFO neutron.services.segments.plugin [-] Segment bce5eea4-9533-49dd-a698-b3e475c87e4a resource provider aggregate not found
2026-04-07 01:14:46.776 10 INFO neutron.services.segments.plugin [-] Segment bce5eea4-9533-49dd-a698-b3e475c87e4a resource provider not found; error: Placement Client Error (4xx): {"errors": [{"status": 404, "title": "Not Found", "detail": "The resource could not be found.\n\n No resource provider with uuid bce5eea4-9533-49dd-a698-b3e475c87e4a found for delete ", "request_id": "req-b00eda20-409c-46a0-81fa-2ad62ca3f615"}]}
2026-04-07 01:14:46.776 10 INFO neutron.services.segments.plugin [-] Segment bce5eea4-9533-49dd-a698-b3e475c87e4a resource provider not found; error: Placement Client Error (4xx): {"errors": [{"status": 404, "title": "Not Found", "detail": "The resource could not be found.\n\n No resource provider with uuid bce5eea4-9533-49dd-a698-b3e475c87e4a found for delete ", "request_id": "req-0c9a970a-2e31-4f63-9f27-45d4840fb0f7"}]}
2026-04-07 01:14:46.831 10 INFO neutron.wsgi [None req-b99bdc02-fe4f-4750-9eff-e1da53e39fef ff553f7baa2e44b58eb53a3f9560d6ca 91dc3ddb690f4c8981e85e4266ffef02 - - default default] 10.0.0.154 "DELETE /v2.0/networks/0e7fe8df-538f-40fd-a94d-225e7aaa4f6a HTTP/1.1" status: 204 len: 168 time: 0.9844182
2026-04-07 01:14:46.834 10 WARNING neutron.scheduler.dhcp_agent_scheduler [req-9e0a2807-97df-43e9-8bed-a3f957cbb8b0 req-25ba4d03-f8ff-474d-a655-ea581a509fc6 4a24d12921e6424a8204d32a8ef37a1c 99ae145b934b449b93c941285406725f - - default default] No more DHCP agents
2026-04-07 01:14:46.842 10 WARNING neutron.api.rpc.agentnotifiers.dhcp_rpc_agent_api [req-9e0a2807-97df-43e9-8bed-a3f957cbb8b0 req-25ba4d03-f8ff-474d-a655-ea581a509fc6 4a24d12921e6424a8204d32a8ef37a1c 99ae145b934b449b93c941285406725f - - default default] Unable to schedule network 39e662c5-e3b2-404b-97cf-4c99b825d0dd: no agents available; will retry on subsequent port and subnet creation events. /var/lib/openstack/lib/python3.10/site-packages/pycadf/identifier.py:71: UserWarning: Invalid uuid: neutron. To ensure interoperability, identifiers should be a valid uuid. warnings.warn(('Invalid uuid: %s. To ensure interoperability, '
2026-04-07 01:14:47.147 10 INFO neutron.wsgi [req-a502c96c-0d2b-4e30-a502-7a17ff90d7a3 req-7d0ca61d-e54a-4059-be64-6c85a647ad26 82a8d24f3e31476a9d52a6c44a7d1678 c940d253d5b744e58e364fa9b343ad9b - - default default] 10.0.0.136 "GET /v2.0/ports?device_id=d66b2724-5dd9-4e4a-860f-db2b5a9e04fc HTTP/1.1" status: 200 len: 1200 time: 0.1899633
2026-04-07 01:14:47.166 10 INFO neutron.db.ovn_revision_numbers_db [req-9e0a2807-97df-43e9-8bed-a3f957cbb8b0 req-25ba4d03-f8ff-474d-a655-ea581a509fc6 4a24d12921e6424a8204d32a8ef37a1c 99ae145b934b449b93c941285406725f - - default default] Successfully bumped revision number for resource 2206bcc1-7aca-49b1-b81f-f923666f8909 (type: ports) to 1
2026-04-07 01:14:47.224 10 INFO neutron.wsgi [req-9e0a2807-97df-43e9-8bed-a3f957cbb8b0 req-25ba4d03-f8ff-474d-a655-ea581a509fc6 4a24d12921e6424a8204d32a8ef37a1c 99ae145b934b449b93c941285406725f - - default default] 199.204.45.122 "POST /v2.0/ports HTTP/1.1" status: 201 len: 1158 time: 1.1389329
2026-04-07 01:14:47.241 10 INFO neutron.wsgi [req-a502c96c-0d2b-4e30-a502-7a17ff90d7a3 req-520202f9-7f9e-40a4-beba-2f6e3e8d7a23 82a8d24f3e31476a9d52a6c44a7d1678 c940d253d5b744e58e364fa9b343ad9b - - default default] 10.0.0.136 "GET /v2.0/security-groups?id=c3875671-0085-4b08-b85b-aface38a1802&id=e1d48ee7-930b-43b5-9cc6-0ad785e937bb&fields=id&fields=name HTTP/1.1" status: 200 len: 405 time: 0.0845032 /var/lib/openstack/lib/python3.10/site-packages/pycadf/identifier.py:71: UserWarning: Invalid uuid: neutron. To ensure interoperability, identifiers should be a valid uuid. warnings.warn(('Invalid uuid: %s. To ensure interoperability, '
2026-04-07 01:14:47.288 9 INFO neutron.wsgi [None req-6a36929e-70fd-4f0d-9ef5-72327cb7bf46 ff553f7baa2e44b58eb53a3f9560d6ca 91dc3ddb690f4c8981e85e4266ffef02 - - default default] 10.0.0.154 "DELETE /v2.0/networks/4e7d9216-26e5-4f14-a9c0-1ecaac5b829c HTTP/1.1" status: 204 len: 168 time: 0.4515927
2026-04-07 01:14:47.389 9 INFO neutron.wsgi [req-a3e64c34-98bb-4bae-b423-78c72f9a016c req-c0895dcd-ec8e-4e58-94d9-5ac5d43313d0 4a24d12921e6424a8204d32a8ef37a1c 99ae145b934b449b93c941285406725f - - default default] 10.0.0.136 "GET /v2.0/ports?device_id=aa578316-f8b7-4090-b65d-7de448733796 HTTP/1.1" status: 200 len: 1156 time: 0.1096041
2026-04-07 01:14:47.447 9 INFO neutron.wsgi [req-a3e64c34-98bb-4bae-b423-78c72f9a016c req-33cb12cd-0ec4-4e8e-b27d-f420d8fcfa29 4a24d12921e6424a8204d32a8ef37a1c 99ae145b934b449b93c941285406725f - - default default] 10.0.0.136 "GET /v2.0/security-groups?id=178af142-7610-4eae-b413-7d89250fe23a&fields=id&fields=name HTTP/1.1" status: 200 len: 313 time: 0.0500216
2026-04-07 01:14:47.461 10 INFO neutron.db.ovn_revision_numbers_db [req-2e16e46d-eac2-4885-842a-aa53c0c63a6d req-831e4402-21cb-4e33-b4f7-d8ddfaabbf99 2426283c74ff431aa9164d5fcca4c91d 2e50f0f865df492ba6e9176720962798 - - 94fea3911c3249d7b72d093d27ede76e 94fea3911c3249d7b72d093d27ede76e] Successfully bumped revision number for resource e69b9980-7f02-4d49-aa2e-84433def8b29 (type: ports) to 2
2026-04-07 01:14:47.843 9 INFO neutron.services.segments.plugin [-] Segment c392afbf-9a5a-401c-9687-f61e2ba00a05 resource provider aggregate not found
2026-04-07 01:14:47.849 9 INFO neutron.services.segments.plugin [-] Segment c392afbf-9a5a-401c-9687-f61e2ba00a05 resource provider aggregate not found
2026-04-07 01:14:47.865 9 INFO neutron.services.segments.plugin [-] Segment c392afbf-9a5a-401c-9687-f61e2ba00a05 resource provider not found; error: Placement Client Error (4xx): {"errors": [{"status": 404, "title": "Not Found", "detail": "The resource could not be found.\n\n No resource provider with uuid c392afbf-9a5a-401c-9687-f61e2ba00a05 found for delete ", "request_id": "req-916945d8-e127-4e73-bc74-f7534357e1c7"}]}
2026-04-07 01:14:47.867 9 INFO neutron.services.segments.plugin [-] Segment c392afbf-9a5a-401c-9687-f61e2ba00a05 resource provider not found; error: Placement Client Error (4xx): {"errors": [{"status": 404, "title": "Not Found", "detail": "The resource could not be found.\n\n No resource provider with uuid c392afbf-9a5a-401c-9687-f61e2ba00a05 found for delete ", "request_id": "req-08d76acb-9f5b-4c20-80ec-7cc78141b9d6"}]}
2026-04-07 01:14:47.886 10 INFO neutron.db.ovn_revision_numbers_db [req-2e16e46d-eac2-4885-842a-aa53c0c63a6d req-831e4402-21cb-4e33-b4f7-d8ddfaabbf99 2426283c74ff431aa9164d5fcca4c91d 2e50f0f865df492ba6e9176720962798 - - 94fea3911c3249d7b72d093d27ede76e 94fea3911c3249d7b72d093d27ede76e] Successfully bumped revision number for resource e69b9980-7f02-4d49-aa2e-84433def8b29 (type: ports) to 2
2026-04-07 01:14:47.926 10 INFO neutron.wsgi [req-2e16e46d-eac2-4885-842a-aa53c0c63a6d req-831e4402-21cb-4e33-b4f7-d8ddfaabbf99 2426283c74ff431aa9164d5fcca4c91d 2e50f0f865df492ba6e9176720962798 - - 94fea3911c3249d7b72d093d27ede76e 94fea3911c3249d7b72d093d27ede76e] 199.204.45.122 "PUT /v2.0/ports/e69b9980-7f02-4d49-aa2e-84433def8b29 HTTP/1.1" status: 200 len: 1419 time: 1.2880025
2026-04-07 01:14:47.975 10 INFO neutron.notifiers.nova [-] Nova event matching ['req-2b6daf96-f1ca-4a15-a9b0-7b627e0da450'] response: {'name': 'network-changed', 'server_uuid': 'd66b2724-5dd9-4e4a-860f-db2b5a9e04fc', 'tag': 'e69b9980-7f02-4d49-aa2e-84433def8b29', 'status': 'completed', 'code': 200} /var/lib/openstack/lib/python3.10/site-packages/pycadf/identifier.py:71: UserWarning: Invalid uuid: neutron. To ensure interoperability, identifiers should be a valid uuid. warnings.warn(('Invalid uuid: %s. To ensure interoperability, '
2026-04-07 01:14:48.220 10 INFO neutron.db.ovn_revision_numbers_db [req-9e0a2807-97df-43e9-8bed-a3f957cbb8b0 req-83d7c2a8-d12a-4487-baaa-11e6ea57176c 2426283c74ff431aa9164d5fcca4c91d 2e50f0f865df492ba6e9176720962798 - - 94fea3911c3249d7b72d093d27ede76e 94fea3911c3249d7b72d093d27ede76e] Successfully bumped revision number for resource 2206bcc1-7aca-49b1-b81f-f923666f8909 (type: ports) to 2
2026-04-07 01:14:48.231 10 INFO neutron.wsgi [req-2e16e46d-eac2-4885-842a-aa53c0c63a6d req-53ea3fdf-edaa-422d-994e-a5a54e794557 2426283c74ff431aa9164d5fcca4c91d 2e50f0f865df492ba6e9176720962798 - - 94fea3911c3249d7b72d093d27ede76e 94fea3911c3249d7b72d093d27ede76e] 199.204.45.122 "GET /v2.0/ports?tenant_id=c940d253d5b744e58e364fa9b343ad9b&device_id=d66b2724-5dd9-4e4a-860f-db2b5a9e04fc HTTP/1.1" status: 200 len: 1450 time: 0.2595301
2026-04-07 01:14:48.237 10 INFO neutron.wsgi [None req-5666d7de-a4b8-49c1-b31b-ce8d77185dd1 ff553f7baa2e44b58eb53a3f9560d6ca 91dc3ddb690f4c8981e85e4266ffef02 - - default default] 10.0.0.154 "DELETE /v2.0/networks/5797097d-ea17-4499-8c5b-53daf08c99c9 HTTP/1.1" status: 204 len: 168 time: 0.9377143
2026-04-07 01:14:48.273 10 INFO neutron.wsgi [req-2e16e46d-eac2-4885-842a-aa53c0c63a6d req-fe7b2be5-a257-4e49-aaeb-ea77a2b313e3 2426283c74ff431aa9164d5fcca4c91d 2e50f0f865df492ba6e9176720962798 - - 94fea3911c3249d7b72d093d27ede76e 94fea3911c3249d7b72d093d27ede76e] 199.204.45.122 "GET /v2.0/floatingips?fixed_ip_address=10.100.0.14&port_id=e69b9980-7f02-4d49-aa2e-84433def8b29 HTTP/1.1" status: 200 len: 217 time: 0.0345845
2026-04-07 01:14:48.329 10 INFO neutron.wsgi [req-2e16e46d-eac2-4885-842a-aa53c0c63a6d req-8b7e8039-abb5-4a8c-9660-6b1cd46786e1 2426283c74ff431aa9164d5fcca4c91d 2e50f0f865df492ba6e9176720962798 - - 94fea3911c3249d7b72d093d27ede76e 94fea3911c3249d7b72d093d27ede76e] 199.204.45.122 "GET /v2.0/subnets?id=8beb8f00-a720-4f1b-ac85-d4ba55bdeeba HTTP/1.1" status: 200 len: 865 time: 0.0497253
2026-04-07 01:14:48.355 9 INFO neutron.wsgi [req-b2390916-f5a9-4562-b074-cdf8828dfaa8 req-8d80eacb-1477-497a-8d18-e023fa1259de 82a8d24f3e31476a9d52a6c44a7d1678 c940d253d5b744e58e364fa9b343ad9b - - default default] 10.0.0.136 "GET /v2.0/ports?device_id=d66b2724-5dd9-4e4a-860f-db2b5a9e04fc HTTP/1.1" status: 200 len: 1212 time: 0.0428550
2026-04-07 01:14:48.366 10 INFO neutron.wsgi [req-2e16e46d-eac2-4885-842a-aa53c0c63a6d req-3919ce95-76dd-494e-a34c-f8351656439a 2426283c74ff431aa9164d5fcca4c91d 2e50f0f865df492ba6e9176720962798 - - 94fea3911c3249d7b72d093d27ede76e 94fea3911c3249d7b72d093d27ede76e] 199.204.45.122 "GET /v2.0/ports?network_id=8b97ce49-350c-4599-b6aa-9dfb207711f5&device_owner=network%3Adhcp HTTP/1.1" status: 200 len: 210 time: 0.0285950
2026-04-07 01:14:48.416 9 INFO neutron.wsgi [req-b2390916-f5a9-4562-b074-cdf8828dfaa8 req-25425713-23a7-40bc-98d0-452fffe60cfc 82a8d24f3e31476a9d52a6c44a7d1678 c940d253d5b744e58e364fa9b343ad9b - - default default] 10.0.0.136 "GET /v2.0/security-groups?id=c3875671-0085-4b08-b85b-aface38a1802&id=e1d48ee7-930b-43b5-9cc6-0ad785e937bb&fields=id&fields=name HTTP/1.1" status: 200 len: 405 time: 0.0511763
2026-04-07 01:14:48.449 10 INFO neutron.wsgi [req-2e16e46d-eac2-4885-842a-aa53c0c63a6d req-ad006d0c-4409-4127-87f5-6969f2b99681 2426283c74ff431aa9164d5fcca4c91d 2e50f0f865df492ba6e9176720962798 - - 94fea3911c3249d7b72d093d27ede76e 94fea3911c3249d7b72d093d27ede76e] 199.204.45.122 "GET /v2.0/networks/8b97ce49-350c-4599-b6aa-9dfb207711f5?fields=segments HTTP/1.1" status: 200 len: 212 time: 0.0756383 /var/lib/openstack/lib/python3.10/site-packages/pycadf/identifier.py:71: UserWarning: Invalid uuid: neutron. To ensure interoperability, identifiers should be a valid uuid. warnings.warn(('Invalid uuid: %s. To ensure interoperability, '
2026-04-07 01:14:48.561 10 INFO neutron.wsgi [req-8dc751e4-f122-4848-9dff-139667655cfa req-eda94829-5272-4c9a-9e50-281df004f9e8 4a24d12921e6424a8204d32a8ef37a1c 99ae145b934b449b93c941285406725f - - default default] 10.0.0.136 "GET /v2.0/ports?device_id=aa578316-f8b7-4090-b65d-7de448733796 HTTP/1.1" status: 200 len: 1168 time: 0.0525789
2026-04-07 01:14:48.566 10 INFO neutron.wsgi [req-2e16e46d-eac2-4885-842a-aa53c0c63a6d req-ad03250d-7d92-4420-8896-165a2c54fd5a 2426283c74ff431aa9164d5fcca4c91d 2e50f0f865df492ba6e9176720962798 - - 94fea3911c3249d7b72d093d27ede76e 94fea3911c3249d7b72d093d27ede76e] 199.204.45.122 "GET /v2.0/networks/8b97ce49-350c-4599-b6aa-9dfb207711f5?fields=provider%3Aphysical_network&fields=provider%3Anetwork_type HTTP/1.1" status: 200 len: 277 time: 0.1075547
2026-04-07 01:14:48.603 10 INFO neutron.db.ovn_revision_numbers_db [req-9e0a2807-97df-43e9-8bed-a3f957cbb8b0 req-83d7c2a8-d12a-4487-baaa-11e6ea57176c 2426283c74ff431aa9164d5fcca4c91d 2e50f0f865df492ba6e9176720962798 - - 94fea3911c3249d7b72d093d27ede76e 94fea3911c3249d7b72d093d27ede76e] Successfully bumped revision number for resource 2206bcc1-7aca-49b1-b81f-f923666f8909 (type: ports) to 2
2026-04-07 01:14:48.631 10 INFO neutron.wsgi [req-8dc751e4-f122-4848-9dff-139667655cfa req-a6cef449-d1e0-4efb-b6c7-9578b25ecf03 4a24d12921e6424a8204d32a8ef37a1c 99ae145b934b449b93c941285406725f - - default default] 10.0.0.136 "GET /v2.0/security-groups?id=178af142-7610-4eae-b413-7d89250fe23a&fields=id&fields=name HTTP/1.1" status: 200 len: 313 time: 0.0551801
2026-04-07 01:14:48.639 10 INFO neutron.wsgi [req-9e0a2807-97df-43e9-8bed-a3f957cbb8b0 req-83d7c2a8-d12a-4487-baaa-11e6ea57176c 2426283c74ff431aa9164d5fcca4c91d 2e50f0f865df492ba6e9176720962798 - - 94fea3911c3249d7b72d093d27ede76e 94fea3911c3249d7b72d093d27ede76e] 199.204.45.122 "PUT /v2.0/ports/2206bcc1-7aca-49b1-b81f-f923666f8909 HTTP/1.1" status: 200 len: 1376 time: 1.4024885
2026-04-07 01:14:48.651 10 INFO neutron.wsgi [req-0f246312-e128-42a5-9b1c-aabee94967c6 req-a941e308-a40d-4ef8-9969-9e21bf2b7703 2426283c74ff431aa9164d5fcca4c91d 2e50f0f865df492ba6e9176720962798 - - 94fea3911c3249d7b72d093d27ede76e 94fea3911c3249d7b72d093d27ede76e] 199.204.45.122 "GET /v2.0/ports?tenant_id=c940d253d5b744e58e364fa9b343ad9b&device_id=d66b2724-5dd9-4e4a-860f-db2b5a9e04fc HTTP/1.1" status: 200 len: 1450 time: 0.0436740
2026-04-07 01:14:48.666 9 INFO neutron.wsgi [None req-44f3912f-8eb3-47fa-8302-4f8893b4ed69 ff553f7baa2e44b58eb53a3f9560d6ca 91dc3ddb690f4c8981e85e4266ffef02 - - default default] 10.0.0.154 "DELETE /v2.0/networks/01f7e679-e6e4-46cd-995c-244d6f50fdf2 HTTP/1.1" status: 204 len: 168 time: 0.4246793
2026-04-07 01:14:48.720 10 INFO neutron.wsgi [req-9e0a2807-97df-43e9-8bed-a3f957cbb8b0 req-ad46289d-7a65-4c66-be69-a4471b43d1fc 2426283c74ff431aa9164d5fcca4c91d 2e50f0f865df492ba6e9176720962798 - - 94fea3911c3249d7b72d093d27ede76e 94fea3911c3249d7b72d093d27ede76e] 199.204.45.122 "GET /v2.0/ports?tenant_id=99ae145b934b449b93c941285406725f&device_id=aa578316-f8b7-4090-b65d-7de448733796 HTTP/1.1" status: 200 len: 1407 time: 0.0388472
2026-04-07 01:14:48.737 10 INFO neutron.wsgi [req-0f246312-e128-42a5-9b1c-aabee94967c6 req-5660d4df-0a0f-4e0b-94fe-902046e6676c 2426283c74ff431aa9164d5fcca4c91d 2e50f0f865df492ba6e9176720962798 - - 94fea3911c3249d7b72d093d27ede76e 94fea3911c3249d7b72d093d27ede76e] 199.204.45.122 "GET /v2.0/networks?id=8b97ce49-350c-4599-b6aa-9dfb207711f5 HTTP/1.1" status: 200 len: 970 time: 0.0799832
2026-04-07 01:14:48.751 10 INFO neutron.wsgi [req-9e0a2807-97df-43e9-8bed-a3f957cbb8b0 req-2567f37e-ce56-433c-8e97-dd74d82bee46 2426283c74ff431aa9164d5fcca4c91d 2e50f0f865df492ba6e9176720962798 - - 94fea3911c3249d7b72d093d27ede76e 94fea3911c3249d7b72d093d27ede76e] 199.204.45.122 "GET /v2.0/floatingips?fixed_ip_address=10.100.0.5&port_id=2206bcc1-7aca-49b1-b81f-f923666f8909 HTTP/1.1" status: 200 len: 217 time: 0.0266745
2026-04-07 01:14:48.775 10 INFO neutron.wsgi [req-0f246312-e128-42a5-9b1c-aabee94967c6 req-f68cb365-c3d7-4460-ad9f-9394e0f29586 2426283c74ff431aa9164d5fcca4c91d 2e50f0f865df492ba6e9176720962798 - - 94fea3911c3249d7b72d093d27ede76e 94fea3911c3249d7b72d093d27ede76e] 199.204.45.122 "GET /v2.0/floatingips?fixed_ip_address=10.100.0.14&port_id=e69b9980-7f02-4d49-aa2e-84433def8b29 HTTP/1.1" status: 200 len: 217 time: 0.0263593
2026-04-07 01:14:48.779 9 INFO neutron.wsgi [req-a16617a6-c78d-4ddd-aa4c-2a1652157c08 req-6ff71588-da0e-458a-ac0e-81b3d6932404 2426283c74ff431aa9164d5fcca4c91d 2e50f0f865df492ba6e9176720962798 - - 94fea3911c3249d7b72d093d27ede76e 94fea3911c3249d7b72d093d27ede76e] 199.204.45.122 "GET /v2.0/ports?device_id=d66b2724-5dd9-4e4a-860f-db2b5a9e04fc HTTP/1.1" status: 200 len: 1450 time: 0.0606790
2026-04-07 01:14:48.802 10 INFO neutron.services.segments.plugin [-] Segment 74473db9-6c65-4239-a0ae-2aa7aa22a36b resource provider aggregate not found
2026-04-07 01:14:48.807 10 INFO neutron.services.segments.plugin [-] Segment 74473db9-6c65-4239-a0ae-2aa7aa22a36b resource provider aggregate not found
2026-04-07 01:14:48.823 10 INFO neutron.wsgi [req-9e0a2807-97df-43e9-8bed-a3f957cbb8b0 req-74dab48f-dbf4-424d-82a8-767f10f3fa77 2426283c74ff431aa9164d5fcca4c91d 2e50f0f865df492ba6e9176720962798 - - 94fea3911c3249d7b72d093d27ede76e 94fea3911c3249d7b72d093d27ede76e] 199.204.45.122 "GET /v2.0/subnets?id=e35e651d-75eb-4357-9683-d240d381eb83 HTTP/1.1" status: 200 len: 852 time: 0.0672097
2026-04-07 01:14:48.826 10 INFO neutron.services.segments.plugin [-] Segment 74473db9-6c65-4239-a0ae-2aa7aa22a36b resource provider not found; error: Placement Client Error (4xx): {"errors": [{"status": 404, "title": "Not Found", "detail": "The resource could not be found.\n\n No resource provider with uuid 74473db9-6c65-4239-a0ae-2aa7aa22a36b found for delete ", "request_id": "req-36271ac3-d107-4670-9a09-2e2923177e65"}]}
2026-04-07 01:14:48.826 10 INFO neutron.services.segments.plugin [-] Segment 74473db9-6c65-4239-a0ae-2aa7aa22a36b resource provider not found; error: Placement Client Error (4xx): {"errors": [{"status": 404, "title": "Not Found", "detail": "The resource could not be found.\n\n No resource provider with uuid 74473db9-6c65-4239-a0ae-2aa7aa22a36b found for delete ", "request_id": "req-cb98d3a1-36df-4061-9743-86afa09b23bf"}]}
2026-04-07 01:14:48.831 10 INFO neutron.wsgi [req-0f246312-e128-42a5-9b1c-aabee94967c6 req-b9746d8f-5ca9-43c5-aad5-9eec38d64bc7 2426283c74ff431aa9164d5fcca4c91d 2e50f0f865df492ba6e9176720962798 - - 94fea3911c3249d7b72d093d27ede76e 94fea3911c3249d7b72d093d27ede76e] 199.204.45.122 "GET /v2.0/subnets?id=8beb8f00-a720-4f1b-ac85-d4ba55bdeeba HTTP/1.1" status: 200 len: 865 time: 0.0424135
2026-04-07 01:14:48.835 9 INFO neutron.wsgi [req-a16617a6-c78d-4ddd-aa4c-2a1652157c08 req-1ad5a4ff-603d-4c62-8012-917145a9a2ef 2426283c74ff431aa9164d5fcca4c91d 2e50f0f865df492ba6e9176720962798 - - 94fea3911c3249d7b72d093d27ede76e 94fea3911c3249d7b72d093d27ede76e] 199.204.45.122 "GET /v2.0/security-groups?id=c3875671-0085-4b08-b85b-aface38a1802&id=e1d48ee7-930b-43b5-9cc6-0ad785e937bb&fields=id&fields=name HTTP/1.1" status: 200 len: 405 time: 0.0491147
2026-04-07 01:14:48.852 10 INFO neutron.wsgi [req-9e0a2807-97df-43e9-8bed-a3f957cbb8b0 req-52dac9a9-cc0c-40b7-bc15-10630028eee1 2426283c74ff431aa9164d5fcca4c91d 2e50f0f865df492ba6e9176720962798 - - 94fea3911c3249d7b72d093d27ede76e 94fea3911c3249d7b72d093d27ede76e] 199.204.45.122 "GET /v2.0/ports?network_id=39e662c5-e3b2-404b-97cf-4c99b825d0dd&device_owner=network%3Adhcp HTTP/1.1" status: 200 len: 210 time: 0.0205817
2026-04-07 01:14:48.859 10 INFO neutron.wsgi [req-0f246312-e128-42a5-9b1c-aabee94967c6 req-4b63ac66-834b-4a77-8d6a-3f04ecff68f5 2426283c74ff431aa9164d5fcca4c91d 2e50f0f865df492ba6e9176720962798 - - 94fea3911c3249d7b72d093d27ede76e 94fea3911c3249d7b72d093d27ede76e] 199.204.45.122 "GET /v2.0/ports?network_id=8b97ce49-350c-4599-b6aa-9dfb207711f5&device_owner=network%3Adhcp HTTP/1.1" status: 200 len: 210 time: 0.0223572
2026-04-07 01:14:48.959 10 INFO neutron.wsgi [req-9e0a2807-97df-43e9-8bed-a3f957cbb8b0 req-b4265a50-7aa2-4221-9e51-7cc1bddd96e3 2426283c74ff431aa9164d5fcca4c91d 2e50f0f865df492ba6e9176720962798 - - 94fea3911c3249d7b72d093d27ede76e 94fea3911c3249d7b72d093d27ede76e] 199.204.45.122 "GET /v2.0/networks/39e662c5-e3b2-404b-97cf-4c99b825d0dd?fields=segments HTTP/1.1" status: 200 len: 212 time: 0.0856316
2026-04-07 01:14:48.968 10 INFO neutron.wsgi [req-0f246312-e128-42a5-9b1c-aabee94967c6 req-92879d77-4dee-40f2-a742-6fd92d15c45b 2426283c74ff431aa9164d5fcca4c91d 2e50f0f865df492ba6e9176720962798 - - 94fea3911c3249d7b72d093d27ede76e 94fea3911c3249d7b72d093d27ede76e] 199.204.45.122 "GET /v2.0/networks/8b97ce49-350c-4599-b6aa-9dfb207711f5?fields=segments HTTP/1.1" status: 200 len: 212 time: 0.0929203
2026-04-07 01:14:49.062 10 INFO neutron.wsgi [req-0f246312-e128-42a5-9b1c-aabee94967c6 req-d77754a8-87e3-40f1-b0ac-c35fefb60cc2 2426283c74ff431aa9164d5fcca4c91d 2e50f0f865df492ba6e9176720962798 - - 94fea3911c3249d7b72d093d27ede76e 94fea3911c3249d7b72d093d27ede76e] 199.204.45.122 "GET /v2.0/networks/8b97ce49-350c-4599-b6aa-9dfb207711f5?fields=provider%3Aphysical_network&fields=provider%3Anetwork_type HTTP/1.1" status: 200 len: 277 time: 0.0869725
2026-04-07 01:14:49.069 10 INFO neutron.wsgi [req-9e0a2807-97df-43e9-8bed-a3f957cbb8b0 req-cbcaf646-a82f-4cde-861b-c97c1ea2761c 2426283c74ff431aa9164d5fcca4c91d 2e50f0f865df492ba6e9176720962798 - - 94fea3911c3249d7b72d093d27ede76e 94fea3911c3249d7b72d093d27ede76e] 199.204.45.122 "GET /v2.0/networks/39e662c5-e3b2-404b-97cf-4c99b825d0dd?fields=provider%3Aphysical_network&fields=provider%3Anetwork_type HTTP/1.1" status: 200 len: 277 time: 0.0996168
2026-04-07 01:14:49.352 10 WARNING neutron.plugins.ml2.drivers.ovn.mech_driver.ovsdb.ovn_client [None req-7f8db63c-a6c3-4e2c-bd8a-ef44ef7ee712 - - - - - -] No hosting information found for port 336b23ad-7976-4fda-a370-f40dc61c2864: RuntimeError: No hosting information found for port 336b23ad-7976-4fda-a370-f40dc61c2864
2026-04-07 01:14:49.353 10 INFO neutron.plugins.ml2.drivers.ovn.mech_driver.mech_driver [None req-7f8db63c-a6c3-4e2c-bd8a-ef44ef7ee712 - - - - - -] OVN reports status up for port: e69b9980-7f02-4d49-aa2e-84433def8b29
2026-04-07 01:14:49.364 10 INFO neutron.plugins.ml2.plugin [None req-7f8db63c-a6c3-4e2c-bd8a-ef44ef7ee712 - - - - - -] Attempt 1 to provision port e69b9980-7f02-4d49-aa2e-84433def8b29
2026-04-07 01:14:49.528 10 INFO neutron.wsgi [req-01908120-640c-4fff-9000-1b7b2f048bf4 req-80531517-115e-463b-b3d8-00644580251b 82a8d24f3e31476a9d52a6c44a7d1678 c940d253d5b744e58e364fa9b343ad9b - - default default] 10.0.0.136 "GET /v2.0/ports?device_id=d66b2724-5dd9-4e4a-860f-db2b5a9e04fc HTTP/1.1" status: 200 len: 1214 time: 0.0430927
2026-04-07 01:14:49.586 10 INFO neutron.wsgi [req-01908120-640c-4fff-9000-1b7b2f048bf4 req-a39feaf0-fa29-4ae1-bc1b-ebad46aed05a 82a8d24f3e31476a9d52a6c44a7d1678 c940d253d5b744e58e364fa9b343ad9b - - default default] 10.0.0.136 "GET /v2.0/security-groups?id=c3875671-0085-4b08-b85b-aface38a1802&id=e1d48ee7-930b-43b5-9cc6-0ad785e937bb&fields=id&fields=name HTTP/1.1" status: 200 len: 405 time: 0.0533435
2026-04-07 01:14:49.684 10 INFO neutron.db.ovn_revision_numbers_db [None req-7f8db63c-a6c3-4e2c-bd8a-ef44ef7ee712 - - - - - -] Successfully bumped revision number for resource e69b9980-7f02-4d49-aa2e-84433def8b29 (type: ports) to 4
2026-04-07 01:14:49.745 10 INFO neutron.plugins.ml2.drivers.ovn.mech_driver.mech_driver [None req-7f8db63c-a6c3-4e2c-bd8a-ef44ef7ee712 - - - - - -] OVN reports status up for port: 2206bcc1-7aca-49b1-b81f-f923666f8909
2026-04-07 01:14:49.759 10 INFO neutron.plugins.ml2.plugin [None req-7f8db63c-a6c3-4e2c-bd8a-ef44ef7ee712 - - - - - -] Attempt 1 to provision port 2206bcc1-7aca-49b1-b81f-f923666f8909
2026-04-07 01:14:49.764 9 INFO neutron.wsgi [req-f7bd0408-ba0d-455d-bc2c-3eb36bedc9ca req-ad261728-cd1a-4205-a51b-6cb71602748b 4a24d12921e6424a8204d32a8ef37a1c 99ae145b934b449b93c941285406725f - - default default] 10.0.0.136 "GET /v2.0/ports?device_id=aa578316-f8b7-4090-b65d-7de448733796 HTTP/1.1" status: 200 len: 1168 time: 0.0547526
2026-04-07 01:14:49.802 9 INFO neutron.wsgi [req-f7bd0408-ba0d-455d-bc2c-3eb36bedc9ca req-8b0b48d2-05e3-44ca-b21b-afb7d528622f 4a24d12921e6424a8204d32a8ef37a1c 99ae145b934b449b93c941285406725f - - default default] 10.0.0.136 "GET /v2.0/security-groups?id=178af142-7610-4eae-b413-7d89250fe23a&fields=id&fields=name HTTP/1.1" status: 200 len: 313 time: 0.0321863
2026-04-07 01:14:49.885 9 INFO neutron.services.segments.plugin [-] Segment c5fb27ab-9ed1-4eac-9ddf-fb763cd545e6 resource provider aggregate not found
2026-04-07 01:14:49.892 9 INFO neutron.services.segments.plugin [-] Segment c5fb27ab-9ed1-4eac-9ddf-fb763cd545e6 resource provider aggregate not found
2026-04-07 01:14:49.907 9 INFO neutron.services.segments.plugin [-] Segment c5fb27ab-9ed1-4eac-9ddf-fb763cd545e6 resource provider not found; error: Placement Client Error (4xx): {"errors": [{"status": 404, "title": "Not Found", "detail": "The resource could not be found.\n\n No resource provider with uuid c5fb27ab-9ed1-4eac-9ddf-fb763cd545e6 found for delete ", "request_id": "req-bc97500f-a7ff-4938-aecc-76b791118668"}]}
2026-04-07 01:14:49.908 9 INFO neutron.services.segments.plugin [-] Segment c5fb27ab-9ed1-4eac-9ddf-fb763cd545e6 resource provider not found; error: Placement Client Error (4xx): {"errors": [{"status": 404, "title": "Not Found", "detail": "The resource could not be found.\n\n No resource provider with uuid c5fb27ab-9ed1-4eac-9ddf-fb763cd545e6 found for delete ", "request_id": "req-5ee3c90c-9121-4d21-8cd1-ff171f7720bd"}]}
2026-04-07 01:14:50.029 10 INFO neutron.notifiers.nova [-] Nova event matching ['req-e6b2fc0a-9706-4c2f-ab6b-50d9c939685e'] response: {'name': 'network-changed', 'server_uuid': 'aa578316-f8b7-4090-b65d-7de448733796', 'tag': '2206bcc1-7aca-49b1-b81f-f923666f8909', 'status': 'completed', 'code': 200}
2026-04-07 01:14:50.030 10 INFO neutron.notifiers.nova [-] Nova event matching ['req-e6b2fc0a-9706-4c2f-ab6b-50d9c939685e'] response: {'server_uuid': 'd66b2724-5dd9-4e4a-860f-db2b5a9e04fc', 'name': 'network-vif-plugged', 'status': 'completed', 'tag': 'e69b9980-7f02-4d49-aa2e-84433def8b29', 'code': 200}
2026-04-07 01:14:50.030 10 INFO neutron.notifiers.nova [-] Nova event matching ['req-e6b2fc0a-9706-4c2f-ab6b-50d9c939685e'] response: {'server_uuid': 'd66b2724-5dd9-4e4a-860f-db2b5a9e04fc', 'name': 'network-vif-plugged', 'status': 'completed', 'tag': 'e69b9980-7f02-4d49-aa2e-84433def8b29', 'code': 200}
2026-04-07 01:14:50.030 10 INFO neutron.notifiers.nova [-] Nova event matching ['req-e6b2fc0a-9706-4c2f-ab6b-50d9c939685e'] response: {'server_uuid': 'aa578316-f8b7-4090-b65d-7de448733796', 'name': 'network-vif-plugged', 'status': 'completed', 'tag': '2206bcc1-7aca-49b1-b81f-f923666f8909', 'code': 200} /var/lib/openstack/lib/python3.10/site-packages/pycadf/identifier.py:71: UserWarning: Invalid uuid: neutron. To ensure interoperability, identifiers should be a valid uuid. warnings.warn(('Invalid uuid: %s. To ensure interoperability, '
2026-04-07 01:14:50.073 9 INFO neutron.db.ovn_revision_numbers_db [None req-afa05cc4-c83c-4244-be86-4f62033b9162 dc35760bae544eddadfd48d264f8e1e4 1e312ab7abc54abea284063e58060ebd - - default default] Successfully bumped revision number for resource d0880902-238e-44ca-a2c5-c3990cd3917d (type: security_groups) to 1
2026-04-07 01:14:50.082 10 INFO neutron.wsgi [req-e5dde990-9034-4e49-8948-5132ec98cb47 req-f5ba3aac-1fe1-49c4-9f08-4a604fc290db 2426283c74ff431aa9164d5fcca4c91d 2e50f0f865df492ba6e9176720962798 - - 94fea3911c3249d7b72d093d27ede76e 94fea3911c3249d7b72d093d27ede76e] 199.204.45.122 "GET /v2.0/ports?tenant_id=99ae145b934b449b93c941285406725f&device_id=aa578316-f8b7-4090-b65d-7de448733796 HTTP/1.1" status: 200 len: 1409 time: 0.0448020
2026-04-07 01:14:50.092 9 INFO neutron.db.ovn_revision_numbers_db [None req-afa05cc4-c83c-4244-be86-4f62033b9162 dc35760bae544eddadfd48d264f8e1e4 1e312ab7abc54abea284063e58060ebd - - default default] Successfully bumped revision number for resource a5979a83-0074-40f1-a494-11aab6a974cd (type: security_group_rules) to 0
2026-04-07 01:14:50.109 9 INFO neutron.db.ovn_revision_numbers_db [None req-afa05cc4-c83c-4244-be86-4f62033b9162 dc35760bae544eddadfd48d264f8e1e4 1e312ab7abc54abea284063e58060ebd - - default default] Successfully bumped revision number for resource ce24961e-94a4-42c5-913e-7d1ca3d45e18 (type: security_group_rules) to 0
2026-04-07 01:14:50.125 9 INFO neutron.db.ovn_revision_numbers_db [None req-afa05cc4-c83c-4244-be86-4f62033b9162 dc35760bae544eddadfd48d264f8e1e4 1e312ab7abc54abea284063e58060ebd - - default default] Successfully bumped revision number for resource dacc1531-8bd2-4d07-af53-c6b686c08e84 (type: security_group_rules) to 0
2026-04-07 01:14:50.140 9 INFO neutron.db.ovn_revision_numbers_db [None req-afa05cc4-c83c-4244-be86-4f62033b9162 dc35760bae544eddadfd48d264f8e1e4 1e312ab7abc54abea284063e58060ebd - - default default] Successfully bumped revision number for resource f66cadb1-fe57-4e16-9f59-a1ae36e70fca (type: security_group_rules) to 0
2026-04-07 01:14:50.156 10 INFO neutron.db.ovn_revision_numbers_db [None req-7f8db63c-a6c3-4e2c-bd8a-ef44ef7ee712 - - - - - -] Successfully bumped revision number for resource 2206bcc1-7aca-49b1-b81f-f923666f8909 (type: ports) to 4
2026-04-07 01:14:50.166 9 INFO neutron.wsgi [None req-afa05cc4-c83c-4244-be86-4f62033b9162 dc35760bae544eddadfd48d264f8e1e4 1e312ab7abc54abea284063e58060ebd - - default default] 10.0.0.154 "GET /v2.0/security-groups?tenant_id=fdb45487dae24eaead8951b2df344cc2&name=default HTTP/1.1" status: 200 len: 3120 time: 0.4426765
2026-04-07 01:14:50.172 10 INFO neutron.wsgi [req-e5dde990-9034-4e49-8948-5132ec98cb47 req-5fd3d378-fd78-4fa1-b900-280426986f23 2426283c74ff431aa9164d5fcca4c91d 2e50f0f865df492ba6e9176720962798 - - 94fea3911c3249d7b72d093d27ede76e 94fea3911c3249d7b72d093d27ede76e] 199.204.45.122 "GET /v2.0/networks?id=39e662c5-e3b2-404b-97cf-4c99b825d0dd HTTP/1.1" status: 200 len: 957 time: 0.0824504
2026-04-07 01:14:50.218 10 INFO neutron.wsgi [req-e5dde990-9034-4e49-8948-5132ec98cb47 req-1ff1298f-f7cc-467c-8b17-69fec130db31 2426283c74ff431aa9164d5fcca4c91d 2e50f0f865df492ba6e9176720962798 - - 94fea3911c3249d7b72d093d27ede76e 94fea3911c3249d7b72d093d27ede76e] 199.204.45.122 "GET /v2.0/floatingips?fixed_ip_address=10.100.0.5&port_id=2206bcc1-7aca-49b1-b81f-f923666f8909 HTTP/1.1" status: 200 len: 217 time: 0.0357146
2026-04-07 01:14:50.272 10 INFO neutron.wsgi [req-e5dde990-9034-4e49-8948-5132ec98cb47 req-556af582-ecf6-44b3-b576-71502864b062 2426283c74ff431aa9164d5fcca4c91d 2e50f0f865df492ba6e9176720962798 - - 94fea3911c3249d7b72d093d27ede76e 94fea3911c3249d7b72d093d27ede76e] 199.204.45.122 "GET /v2.0/subnets?id=e35e651d-75eb-4357-9683-d240d381eb83 HTTP/1.1" status: 200 len: 852 time: 0.0473163 /var/lib/openstack/lib/python3.10/site-packages/pycadf/identifier.py:71: UserWarning: Invalid uuid: neutron. To ensure interoperability, identifiers should be a valid uuid. warnings.warn(('Invalid uuid: %s. To ensure interoperability, '
2026-04-07 01:14:50.302 10 INFO neutron.wsgi [req-e5dde990-9034-4e49-8948-5132ec98cb47 req-0af872d3-4042-410d-a37b-746123fb5b58 2426283c74ff431aa9164d5fcca4c91d 2e50f0f865df492ba6e9176720962798 - - 94fea3911c3249d7b72d093d27ede76e 94fea3911c3249d7b72d093d27ede76e] 199.204.45.122 "GET /v2.0/ports?network_id=39e662c5-e3b2-404b-97cf-4c99b825d0dd&device_owner=network%3Adhcp HTTP/1.1" status: 200 len: 210 time: 0.0242209
2026-04-07 01:14:50.375 10 INFO neutron.wsgi [req-e5dde990-9034-4e49-8948-5132ec98cb47 req-7129fc01-caa2-4efc-8614-c9cadcf91d7d 2426283c74ff431aa9164d5fcca4c91d 2e50f0f865df492ba6e9176720962798 - - 94fea3911c3249d7b72d093d27ede76e 94fea3911c3249d7b72d093d27ede76e] 199.204.45.122 "GET /v2.0/networks/39e662c5-e3b2-404b-97cf-4c99b825d0dd?fields=segments HTTP/1.1" status: 200 len: 212 time: 0.0654109
2026-04-07 01:14:50.401 9 INFO neutron.wsgi [None req-b2b1b3ae-1c61-4537-91f3-928efdc76425 dc35760bae544eddadfd48d264f8e1e4 1e312ab7abc54abea284063e58060ebd - - default default] 10.0.0.154 "DELETE /v2.0/security-groups/d0880902-238e-44ca-a2c5-c3990cd3917d HTTP/1.1" status: 204 len: 168 time: 0.2290921
2026-04-07 01:14:50.450 10 INFO neutron.wsgi [req-e5dde990-9034-4e49-8948-5132ec98cb47 req-b4b66af5-adb4-4ab3-b426-6227b716a345 2426283c74ff431aa9164d5fcca4c91d 2e50f0f865df492ba6e9176720962798 - - 94fea3911c3249d7b72d093d27ede76e 94fea3911c3249d7b72d093d27ede76e] 199.204.45.122 "GET /v2.0/networks/39e662c5-e3b2-404b-97cf-4c99b825d0dd?fields=provider%3Aphysical_network&fields=provider%3Anetwork_type HTTP/1.1" status: 200 len: 277 time: 0.0682507
2026-04-07 01:14:50.601 10 INFO neutron.wsgi [None req-f1a2d4f4-d88c-48db-8599-29832db244b5 dc35760bae544eddadfd48d264f8e1e4 1e312ab7abc54abea284063e58060ebd - - default default] 10.0.0.154 "GET /v2.0/security-groups?tenant_id=91dc3ddb690f4c8981e85e4266ffef02&name=default HTTP/1.1" status: 200 len: 3120 time: 0.0460479
2026-04-07 01:14:50.805 9 INFO neutron.wsgi [req-cf6cdff5-0310-4a04-9878-61e6153dffdc req-955c93db-46a7-48b7-9d7e-b6b6974957ed 82a8d24f3e31476a9d52a6c44a7d1678 c940d253d5b744e58e364fa9b343ad9b - - default default] 10.0.0.136 "GET /v2.0/ports?device_id=d66b2724-5dd9-4e4a-860f-db2b5a9e04fc HTTP/1.1" status: 200 len: 1214 time: 0.1234555
2026-04-07 01:14:50.858 9 INFO neutron.wsgi [req-cf6cdff5-0310-4a04-9878-61e6153dffdc req-4a06b6be-1eb0-4c7a-8e8e-b4a5aacb5eef 82a8d24f3e31476a9d52a6c44a7d1678 c940d253d5b744e58e364fa9b343ad9b - - default default] 10.0.0.136 "GET /v2.0/security-groups?id=c3875671-0085-4b08-b85b-aface38a1802&id=e1d48ee7-930b-43b5-9cc6-0ad785e937bb&fields=id&fields=name HTTP/1.1" status: 200 len: 405 time: 0.0406208
2026-04-07 01:14:50.910 10 INFO neutron.wsgi [None req-8f3d17bb-728e-4cbd-9386-c07cb1c52ff5 dc35760bae544eddadfd48d264f8e1e4 1e312ab7abc54abea284063e58060ebd - - default default] 10.0.0.154 "DELETE /v2.0/security-groups/132919f1-019a-4acf-b015-b0530bd46f9b HTTP/1.1" status: 204 len: 168 time: 0.3002884
2026-04-07 01:14:50.980 10 INFO neutron.wsgi [req-bc4595b3-e724-43e7-b698-7e5ce1fb302e req-b0eed736-216f-48bd-aba2-0a342f9bed24 4a24d12921e6424a8204d32a8ef37a1c 99ae145b934b449b93c941285406725f - - default default] 10.0.0.136 "GET /v2.0/ports?device_id=aa578316-f8b7-4090-b65d-7de448733796 HTTP/1.1" status: 200 len: 1170 time: 0.1032655
2026-04-07 01:14:51.036 10 INFO neutron.wsgi [req-bc4595b3-e724-43e7-b698-7e5ce1fb302e req-6a1ea45a-4167-4c25-9f01-0353c3558060 4a24d12921e6424a8204d32a8ef37a1c 99ae145b934b449b93c941285406725f - - default default] 10.0.0.136 "GET /v2.0/security-groups?id=178af142-7610-4eae-b413-7d89250fe23a&fields=id&fields=name HTTP/1.1" status: 200 len: 313 time: 0.0467536
2026-04-07 01:14:51.143 9 INFO neutron.wsgi [req-c9138b1e-87c0-4762-8247-8b3973342b32 req-34fdccbc-923a-4022-8daa-a214382cdd5c 4a24d12921e6424a8204d32a8ef37a1c 99ae145b934b449b93c941285406725f - - default default] 10.0.0.136 "GET /v2.0/ports?device_id=aa578316-f8b7-4090-b65d-7de448733796 HTTP/1.1" status: 200 len: 1170 time: 0.0438764
2026-04-07 01:14:51.212 9 INFO neutron.wsgi [req-c9138b1e-87c0-4762-8247-8b3973342b32 req-0a9ad7fb-9b77-4c53-bac6-980836c1f39f 4a24d12921e6424a8204d32a8ef37a1c 99ae145b934b449b93c941285406725f - - default default] 10.0.0.136 "GET /v2.0/security-groups?id=178af142-7610-4eae-b413-7d89250fe23a&fields=id&fields=name HTTP/1.1" status: 200 len: 313 time: 0.0597215
2026-04-07 01:14:51.276 9 INFO neutron.db.ovn_revision_numbers_db [None req-797fa529-81da-461e-905c-bb5befc0b92f dc35760bae544eddadfd48d264f8e1e4 1e312ab7abc54abea284063e58060ebd - - default default] Successfully bumped revision number for resource f520d189-136b-4c8d-a86e-411b641b6ee3 (type: security_groups) to 1
2026-04-07 01:14:51.304 9 INFO neutron.db.ovn_revision_numbers_db [None req-797fa529-81da-461e-905c-bb5befc0b92f dc35760bae544eddadfd48d264f8e1e4 1e312ab7abc54abea284063e58060ebd - - default default] Successfully bumped revision number for resource 4181c455-a195-4736-812c-c8f53e8d321f (type: security_group_rules) to 0
2026-04-07 01:14:51.305 10 INFO neutron.wsgi [None req-80ac1535-2d41-4fae-a7cc-d8be1ceec550 5b9a03d4a8354ccca441b53676adf122 2571f3b5c4474167b2b20a4a6d7a3127 - - default default] 10.0.0.154 "GET /v2.0/ports?device_id=aa578316-f8b7-4090-b65d-7de448733796 HTTP/1.1" status: 200 len: 1404 time: 0.0571439
2026-04-07 01:14:51.317 10 WARNING neutron_lib.context [None req-9960571b-f054-447e-b6e6-8fed83476d22 4a24d12921e6424a8204d32a8ef37a1c 99ae145b934b449b93c941285406725f - - default default] Method 'is_advsvc' is deprecated since 2023.2 release (neutron-lib 3.8.0) and will be removed once support for the old RBAC API policies will be removed from Neutron. Please use method 'is_service_role' instead.
2026-04-07 01:14:51.323 9 INFO neutron.db.ovn_revision_numbers_db [None req-797fa529-81da-461e-905c-bb5befc0b92f dc35760bae544eddadfd48d264f8e1e4 1e312ab7abc54abea284063e58060ebd - - default default] Successfully bumped revision number for resource 7abaa8b3-a9fc-4def-9e5c-d4f7a6c31dcb (type: security_group_rules) to 0
2026-04-07 01:14:51.347 9 INFO neutron.db.ovn_revision_numbers_db [None req-797fa529-81da-461e-905c-bb5befc0b92f dc35760bae544eddadfd48d264f8e1e4 1e312ab7abc54abea284063e58060ebd - - default default] Successfully bumped revision number for resource 916a93d1-4f7b-47c9-97e0-2c3b0fc6bcf6 (type: security_group_rules) to 0
2026-04-07 01:14:51.360 9 INFO neutron.db.ovn_revision_numbers_db [None req-797fa529-81da-461e-905c-bb5befc0b92f dc35760bae544eddadfd48d264f8e1e4 1e312ab7abc54abea284063e58060ebd - - default default] Successfully bumped revision number for resource a24b443a-3877-4954-a3bb-c46900ed9d59 (type: security_group_rules) to 0
2026-04-07 01:14:51.386 9 INFO neutron.wsgi [None req-797fa529-81da-461e-905c-bb5befc0b92f dc35760bae544eddadfd48d264f8e1e4 1e312ab7abc54abea284063e58060ebd - - default default] 10.0.0.154 "GET /v2.0/security-groups?tenant_id=0792505c908e4d45ba11d872909be137&name=default HTTP/1.1" status: 200 len: 3120 time: 0.2979836
