2026-04-07 01:13:58.034 10 INFO neutron.wsgi [None req-d33094b9-f566-49ca-a54c-671f430fc821 a1d6b376be97448eb090249a17a14081 37f3a50e852e4926b6da8b031aca7b77 - - default default] 10.0.0.154 "GET /v2.0/security-group-rules/a92c234a-ea83-46b6-b276-5c72e41999a6 HTTP/1.1" status: 200 len: 795 time: 0.0331285
2026-04-07 01:13:58.037 9 INFO neutron.wsgi [None req-aeff2c15-69f9-46ca-9cd1-9a5c4653a481 a341189bdb5a4caca2a0d7322045997b 8352deade5f04ca895c53c75cd19fbdb - - default default] 10.0.0.154 "DELETE /v2.0/ports/442eb145-b48e-4220-83f8-86e6120a1e72 HTTP/1.1" status: 204 len: 168 time: 0.3989997
2026-04-07 01:13:58.120 9 INFO neutron.wsgi [req-7d8c95e3-1577-4d94-ab5a-c55545fbba64 req-4857cb31-3007-4019-b71f-80142a7eb8f8 38aed9cece244be59607671521bf4500 2173d2658256486f80bf9125a57210cd - - default default] 10.0.0.136 "GET /v2.0/ports?device_id=11324e9c-c149-4d1c-9224-8337402a247c HTTP/1.1" status: 200 len: 210 time: 0.0524209
2026-04-07 01:13:58.132 10 INFO neutron.wsgi [None req-dc380f98-6b3e-418e-bf7b-f004ee95d841 a1d6b376be97448eb090249a17a14081 37f3a50e852e4926b6da8b031aca7b77 - - default default] 10.0.0.154 "GET /v2.0/security-group-rules HTTP/1.1" status: 200 len: 4333 time: 0.0920062
2026-04-07 01:13:58.262 10 INFO neutron.wsgi [None req-f633c752-2663-4554-8435-4a4dc323a0f8 a1d6b376be97448eb090249a17a14081 37f3a50e852e4926b6da8b031aca7b77 - - default default] 10.0.0.154 "DELETE /v2.0/security-group-rules/a92c234a-ea83-46b6-b276-5c72e41999a6 HTTP/1.1" status: 204 len: 168 time: 0.1249559
2026-04-07 01:13:58.296 9 INFO neutron.services.segments.plugin [-] Segment c0807356-b09b-42cd-b963-fca1ddd8f902 resource provider aggregate not found
2026-04-07 01:13:58.300 9 INFO neutron.services.segments.plugin [-] Segment c0807356-b09b-42cd-b963-fca1ddd8f902 resource provider aggregate not found
2026-04-07 01:13:58.317 9 INFO neutron.services.segments.plugin [-] Segment c0807356-b09b-42cd-b963-fca1ddd8f902 resource provider not found; error: Placement Client Error (4xx): {"errors": [{"status": 404, "title": "Not Found", "detail": "The resource could not be found.\n\n No resource provider with uuid c0807356-b09b-42cd-b963-fca1ddd8f902 found for delete ", "request_id": "req-19a72e89-792e-4031-a8c1-e763db22c810"}]}
2026-04-07 01:13:58.328 9 INFO neutron.services.segments.plugin [-] Segment c0807356-b09b-42cd-b963-fca1ddd8f902 resource provider not found; error: Placement Client Error (4xx): {"errors": [{"status": 404, "title": "Not Found", "detail": "The resource could not be found.\n\n No resource provider with uuid c0807356-b09b-42cd-b963-fca1ddd8f902 found for delete ", "request_id": "req-c1d2e7bf-5df1-4e0b-85a2-00467a20f7a5"}]}
2026-04-07 01:13:58.333 10 INFO neutron.wsgi [None req-dffc477f-12c0-427d-aa14-ade5a7975692 a1d6b376be97448eb090249a17a14081 37f3a50e852e4926b6da8b031aca7b77 - - default default] 10.0.0.154 "GET /v2.0/security-group-rules HTTP/1.1" status: 200 len: 3755 time: 0.0666358
2026-04-07 01:13:58.343 10 WARNING neutron_lib.context [None req-fc728721-0f00-40de-8984-cfadf1617b82 a1d6b376be97448eb090249a17a14081 37f3a50e852e4926b6da8b031aca7b77 - - default default] Method 'is_advsvc' is deprecated since 2023.2 release (neutron-lib 3.8.0) and will be removed once support for the old RBAC API policies will be removed from Neutron. Please use method 'is_service_role' instead.
2026-04-07 01:13:58.361 9 INFO neutron.wsgi [None req-561ce6ed-26e0-41da-ac34-19e8a9a54a97 45056ae8747e40488593ce1803da40dd be336696ee724998aaa8b13f11bc6306 - - default default] 10.0.0.154 "DELETE /v2.0/networks/6057bee0-cb4d-4cfc-a642-234e45fd8a23 HTTP/1.1" status: 204 len: 168 time: 0.6495242
2026-04-07 01:13:58.375 10 WARNING neutron_lib.context [None req-613dc451-0df6-4475-8e0e-104c1b704112 45056ae8747e40488593ce1803da40dd be336696ee724998aaa8b13f11bc6306 - - default default] Method 'is_advsvc' is deprecated since 2023.2 release (neutron-lib 3.8.0) and will be removed once support for the old RBAC API policies will be removed from Neutron. Please use method 'is_service_role' instead.
2026-04-07 01:13:58.411 9 INFO neutron.wsgi [None req-5878c840-2b11-4f04-b6d0-563bdea02130 a341189bdb5a4caca2a0d7322045997b 8352deade5f04ca895c53c75cd19fbdb - - default default] 10.0.0.154 "DELETE /v2.0/ports/37b2fe4f-d5ae-4e3a-8792-a79cc2719052 HTTP/1.1" status: 204 len: 168 time: 0.3678644
2026-04-07 01:13:58.541 10 INFO neutron.db.ovn_revision_numbers_db [None req-fc728721-0f00-40de-8984-cfadf1617b82 a1d6b376be97448eb090249a17a14081 37f3a50e852e4926b6da8b031aca7b77 - - default default] Successfully bumped revision number for resource 2e8f992f-48f4-4cbb-b4e5-e8997270eb75 (type: security_group_rules) to 0
2026-04-07 01:13:58.579 10 INFO neutron.wsgi [None req-fc728721-0f00-40de-8984-cfadf1617b82 a1d6b376be97448eb090249a17a14081 37f3a50e852e4926b6da8b031aca7b77 - - default default] 10.0.0.154 "POST /v2.0/security-group-rules HTTP/1.1" status: 201 len: 800 time: 0.2409079
2026-04-07 01:13:58.611 10 INFO neutron.wsgi [None req-03e50a0f-f31a-4a1c-8e70-13eb0bfc8de7 a1d6b376be97448eb090249a17a14081 37f3a50e852e4926b6da8b031aca7b77 - - default default] 10.0.0.154 "GET /v2.0/security-group-rules/2e8f992f-48f4-4cbb-b4e5-e8997270eb75 HTTP/1.1" status: 200 len: 795 time: 0.0261276
2026-04-07 01:13:58.678 9 INFO neutron.wsgi [None req-18f841b7-a265-4e62-9e5c-dcf287cc4821 a341189bdb5a4caca2a0d7322045997b 8352deade5f04ca895c53c75cd19fbdb - - default default] 10.0.0.154 "DELETE /v2.0/ports/e88f91bf-8185-4967-be8a-9a7370424dad HTTP/1.1" status: 204 len: 168 time: 0.2620647
2026-04-07 01:13:58.723 9 INFO neutron.notifiers.nova [-] Nova event matching ['req-6c17f423-b239-44ee-bc80-bcf22243050b'] response: {'server_uuid': '11324e9c-c149-4d1c-9224-8337402a247c', 'name': 'network-vif-unplugged', 'status': 'completed', 'tag': '47a7dc8d-6880-4ee3-8383-ce3b92910a1f', 'code': 200}
2026-04-07 01:13:58.723 9 INFO neutron.notifiers.nova [-] Nova event matching ['req-6c17f423-b239-44ee-bc80-bcf22243050b'] response: {'server_uuid': '11324e9c-c149-4d1c-9224-8337402a247c', 'name': 'network-vif-unplugged', 'status': 'completed', 'tag': '47a7dc8d-6880-4ee3-8383-ce3b92910a1f', 'code': 200}
2026-04-07 01:13:58.729 10 INFO neutron.wsgi [None req-e01b128a-c47e-43e8-85f3-440c3d6bfed7 a1d6b376be97448eb090249a17a14081 37f3a50e852e4926b6da8b031aca7b77 - - default default] 10.0.0.154 "GET /v2.0/security-group-rules HTTP/1.1" status: 200 len: 4333 time: 0.1132114
2026-04-07 01:13:58.948 9 INFO neutron.wsgi [None req-40df66ef-94e5-4601-8aa3-4e9f6a1a0bc9 a341189bdb5a4caca2a0d7322045997b 8352deade5f04ca895c53c75cd19fbdb - - default default] 10.0.0.154 "DELETE /v2.0/ports/93d8e07c-2a47-4c3c-aef6-f3e1486b3055 HTTP/1.1" status: 204 len: 168 time: 0.2654228
2026-04-07 01:13:59.208 10 INFO neutron.wsgi [None req-df0d19f1-e43b-4cee-8e18-2a404abfdc18 a1d6b376be97448eb090249a17a14081 37f3a50e852e4926b6da8b031aca7b77 - - default default] 10.0.0.154 "DELETE /v2.0/security-group-rules/2e8f992f-48f4-4cbb-b4e5-e8997270eb75 HTTP/1.1" status: 204 len: 168 time: 0.4740684
2026-04-07 01:13:59.223 9 INFO neutron.wsgi [None req-9b6d87a2-cdc9-4454-ae45-3a76c483778a a341189bdb5a4caca2a0d7322045997b 8352deade5f04ca895c53c75cd19fbdb - - default default] 10.0.0.154 "DELETE /v2.0/ports/e2d2e3f1-c8f9-43bd-ad85-3970b599bf23 HTTP/1.1" status: 204 len: 168 time: 0.2694404
2026-04-07 01:13:59.258 10 WARNING neutron.scheduler.dhcp_agent_scheduler [None req-613dc451-0df6-4475-8e0e-104c1b704112 45056ae8747e40488593ce1803da40dd be336696ee724998aaa8b13f11bc6306 - - default default] No more DHCP agents
2026-04-07 01:13:59.263 10 WARNING neutron.api.rpc.agentnotifiers.dhcp_rpc_agent_api [None req-613dc451-0df6-4475-8e0e-104c1b704112 45056ae8747e40488593ce1803da40dd be336696ee724998aaa8b13f11bc6306 - - default default] Unable to schedule network 543c9a89-0820-4f46-bd87-04b90bfd4ca5: no agents available; will retry on subsequent port and subnet creation events.
2026-04-07 01:13:59.325 10 INFO neutron.wsgi [None req-6fcc9988-b001-4724-8658-f8ae7c0a0cb1 a1d6b376be97448eb090249a17a14081 37f3a50e852e4926b6da8b031aca7b77 - - default default] 10.0.0.154 "GET /v2.0/security-group-rules HTTP/1.1" status: 200 len: 3755 time: 0.1114972
2026-04-07 01:13:59.334 9 WARNING neutron_lib.context [None req-1a1c1229-ac93-4c83-8a1b-6e728393d4dc a1d6b376be97448eb090249a17a14081 37f3a50e852e4926b6da8b031aca7b77 - - default default] Method 'is_advsvc' is deprecated since 2023.2 release (neutron-lib 3.8.0) and will be removed once support for the old RBAC API policies will be removed from Neutron. Please use method 'is_service_role' instead.
2026-04-07 01:13:59.444 10 INFO neutron.db.ovn_revision_numbers_db [None req-613dc451-0df6-4475-8e0e-104c1b704112 45056ae8747e40488593ce1803da40dd be336696ee724998aaa8b13f11bc6306 - - default default] Successfully bumped revision number for resource 973e73d2-8eab-4183-9e13-21cd03cc0389 (type: ports) to 1
2026-04-07 01:13:59.533 9 INFO neutron.db.ovn_revision_numbers_db [None req-1a1c1229-ac93-4c83-8a1b-6e728393d4dc a1d6b376be97448eb090249a17a14081 37f3a50e852e4926b6da8b031aca7b77 - - default default] Successfully bumped revision number for resource 92532837-eeb9-4edd-b669-2a1d7498523b (type: security_group_rules) to 0
2026-04-07 01:13:59.575 9 INFO neutron.wsgi [None req-1a1c1229-ac93-4c83-8a1b-6e728393d4dc a1d6b376be97448eb090249a17a14081 37f3a50e852e4926b6da8b031aca7b77 - - default default] 10.0.0.154 "POST /v2.0/security-group-rules HTTP/1.1" status: 201 len: 801 time: 0.2457905
2026-04-07 01:13:59.598 9 INFO neutron.wsgi [None req-965d155f-9d13-427c-8b35-f7b1fd9dcef9 a1d6b376be97448eb090249a17a14081 37f3a50e852e4926b6da8b031aca7b77 - - default default] 10.0.0.154 "GET /v2.0/security-group-rules/92532837-eeb9-4edd-b669-2a1d7498523b HTTP/1.1" status: 200 len: 796 time: 0.0184216
2026-04-07 01:13:59.692 10 INFO neutron.wsgi [None req-e41063a7-85f0-4c8e-ab5c-fca7e36b6cb5 a1d6b376be97448eb090249a17a14081 37f3a50e852e4926b6da8b031aca7b77 - - default default] 10.0.0.154 "GET /v2.0/security-group-rules HTTP/1.1" status: 200 len: 4334 time: 0.0867021
2026-04-07 01:13:59.753 9 INFO neutron.wsgi [None req-e7ef778f-88ca-4f79-b7e3-121b4baceb36 a341189bdb5a4caca2a0d7322045997b 8352deade5f04ca895c53c75cd19fbdb - - default default] 10.0.0.154 "DELETE /v2.0/networks/10d217df-02e8-48ff-a201-c2443358fe9c HTTP/1.1" status: 204 len: 168 time: 0.5246675
2026-04-07 01:13:59.901 10 INFO neutron.wsgi [None req-da6193f5-98fd-4250-86de-590556e3827a a1d6b376be97448eb090249a17a14081 37f3a50e852e4926b6da8b031aca7b77 - - default default] 10.0.0.154 "DELETE /v2.0/security-group-rules/92532837-eeb9-4edd-b669-2a1d7498523b HTTP/1.1" status: 204 len: 168 time: 0.2023044
2026-04-07 01:13:59.989 10 INFO neutron.wsgi [None req-fe4a0e8f-591a-4b27-9df2-cfe53025bb78 a1d6b376be97448eb090249a17a14081 37f3a50e852e4926b6da8b031aca7b77 - - default default] 10.0.0.154 "GET /v2.0/security-group-rules HTTP/1.1" status: 200 len: 3755 time: 0.0818472
2026-04-07 01:14:00.164 10 INFO neutron.wsgi [None req-4a153f3b-9a8e-468d-be2c-980424f44f53 a1d6b376be97448eb090249a17a14081 37f3a50e852e4926b6da8b031aca7b77 - - default default] 10.0.0.154 "DELETE /v2.0/security-groups/b4f95e6a-b935-4fc2-8380-4a1c779b6874 HTTP/1.1" status: 204 len: 168 time: 0.1682255
2026-04-07 01:14:00.186 9 INFO neutron.wsgi [None req-bf6d63d1-399a-4a8c-a4d8-bfe47723c68f a341189bdb5a4caca2a0d7322045997b 8352deade5f04ca895c53c75cd19fbdb - - default default] 10.0.0.154 "DELETE /v2.0/networks/7cc7d172-b148-42eb-872b-0c1e47632708 HTTP/1.1" status: 204 len: 168 time: 0.4233716
2026-04-07 01:14:00.220 9 INFO neutron.wsgi [None req-b4a02e40-a57e-4fdf-83f1-33d3232b2203 a1d6b376be97448eb090249a17a14081 37f3a50e852e4926b6da8b031aca7b77 - - default default] 10.0.0.154 "GET /v2.0/security-groups HTTP/1.1" status: 200 len: 3120 time: 0.0497739
2026-04-07 01:14:00.289 9 INFO neutron.wsgi [None req-e556b185-5d33-41dd-bd58-5c1ad5dec778 a1d6b376be97448eb090249a17a14081 37f3a50e852e4926b6da8b031aca7b77 - - default default] 10.0.0.154 "GET /v2.0/security-groups HTTP/1.1" status: 200 len: 3120 time: 0.0599170
2026-04-07 01:14:00.296 10 INFO neutron.plugins.ml2.drivers.ovn.mech_driver.ovsdb.commands [None req-4048a409-b043-41c0-b955-f1ea33b8ea7e - - - - - -] Schedule LRP lrp-973e73d2-8eab-4183-9e13-21cd03cc0389 on gateway ff0c512b-8400-4dc3-a36c-93156c090eba with priority 1
2026-04-07 01:14:00.306 9 INFO neutron.plugins.ml2.drivers.ovn.mech_driver.mech_driver [None req-f9543b37-866a-4dad-8baa-eb3fbf3e386f - - - - - -] OVN reports status up for port: 973e73d2-8eab-4183-9e13-21cd03cc0389
2026-04-07 01:14:00.313 9 INFO neutron.plugins.ml2.plugin [None req-f9543b37-866a-4dad-8baa-eb3fbf3e386f - - - - - -] Attempt 1 to provision port 973e73d2-8eab-4183-9e13-21cd03cc0389
2026-04-07 01:14:00.353 9 INFO neutron.services.segments.plugin [-] Segment bfe38c4c-096e-462c-8c0c-3682daebdb4c resource provider aggregate not found
2026-04-07 01:14:00.357 9 INFO neutron.services.segments.plugin [-] Segment bfe38c4c-096e-462c-8c0c-3682daebdb4c resource provider aggregate not found
2026-04-07 01:14:00.362 10 INFO neutron.db.ovn_revision_numbers_db [None req-613dc451-0df6-4475-8e0e-104c1b704112 45056ae8747e40488593ce1803da40dd be336696ee724998aaa8b13f11bc6306 - - default default] Successfully bumped revision number for resource 973e73d2-8eab-4183-9e13-21cd03cc0389 (type: router_ports) to 1
2026-04-07 01:14:00.376 9 INFO neutron.services.segments.plugin [-] Segment bfe38c4c-096e-462c-8c0c-3682daebdb4c resource provider not found; error: Placement Client Error (4xx): {"errors": [{"status": 404, "title": "Not Found", "detail": "The resource could not be found.\n\n No resource provider with uuid bfe38c4c-096e-462c-8c0c-3682daebdb4c found for delete ", "request_id": "req-72ff19fe-bca2-4077-9d2d-c7389a51937f"}]}
2026-04-07 01:14:00.381 9 INFO neutron.services.segments.plugin [-] Segment bfe38c4c-096e-462c-8c0c-3682daebdb4c resource provider not found; error: Placement Client Error (4xx): {"errors": [{"status": 404, "title": "Not Found", "detail": "The resource could not be found.\n\n No resource provider with uuid bfe38c4c-096e-462c-8c0c-3682daebdb4c found for delete ", "request_id": "req-7372734d-672f-4aa0-99b7-73c939d6ba27"}]}
2026-04-07 01:14:00.415 9 INFO neutron.services.segments.plugin [-] Segment 07dfd4d2-3381-44af-a7d4-45c579ca3d6f resource provider aggregate not found
2026-04-07 01:14:00.421 9 INFO neutron.services.segments.plugin [-] Segment 07dfd4d2-3381-44af-a7d4-45c579ca3d6f resource provider aggregate not found
2026-04-07 01:14:00.428 9 INFO neutron.services.segments.plugin [-] Segment 07dfd4d2-3381-44af-a7d4-45c579ca3d6f resource provider not found; error: Placement Client Error (4xx): {"errors": [{"status": 404, "title": "Not Found", "detail": "The resource could not be found.\n\n No resource provider with uuid 07dfd4d2-3381-44af-a7d4-45c579ca3d6f found for delete ", "request_id": "req-b7d7d18f-ad4a-4fa7-bda0-8123ffb0fc9b"}]}
2026-04-07 01:14:00.438 9 INFO neutron.services.segments.plugin [-] Segment 07dfd4d2-3381-44af-a7d4-45c579ca3d6f resource provider not found; error: Placement Client Error (4xx): {"errors": [{"status": 404, "title": "Not Found", "detail": "The resource could not be found.\n\n No resource provider with uuid 07dfd4d2-3381-44af-a7d4-45c579ca3d6f found for delete ", "request_id": "req-22b51f53-1486-4c2c-ad38-e1e01174a5af"}]}
2026-04-07 01:14:00.488 10 INFO neutron.db.ovn_revision_numbers_db [None req-613dc451-0df6-4475-8e0e-104c1b704112 45056ae8747e40488593ce1803da40dd be336696ee724998aaa8b13f11bc6306 - - default default] Successfully bumped revision number for resource cfc4d84c-df28-4b7a-b6ae-7fd6dbb0cb60 (type: routers) to 2
2026-04-07 01:14:00.505 10 INFO neutron.wsgi [None req-613dc451-0df6-4475-8e0e-104c1b704112 45056ae8747e40488593ce1803da40dd be336696ee724998aaa8b13f11bc6306 - - default default] 10.0.0.154 "POST /v2.0/routers HTTP/1.1" status: 201 len: 1151 time: 2.1353848
2026-04-07 01:14:00.612 10 INFO neutron.wsgi [None req-eea9ccc2-75dc-4b81-b679-990fb3a4cc76 45056ae8747e40488593ce1803da40dd be336696ee724998aaa8b13f11bc6306 - - default default] 10.0.0.154 "GET /v2.0/routers/cfc4d84c-df28-4b7a-b6ae-7fd6dbb0cb60 HTTP/1.1" status: 200 len: 1152 time: 0.1030948
2026-04-07 01:14:00.669 10 WARNING neutron.plugins.ml2.drivers.ovn.mech_driver.ovsdb.ovn_client [None req-7f8db63c-a6c3-4e2c-bd8a-ef44ef7ee712 - - - - - -] No port found with ID 3366d6be-d901-458b-bf93-23ac784464fd: RuntimeError: No port found with ID 3366d6be-d901-458b-bf93-23ac784464fd
2026-04-07 01:14:00.669 10 INFO neutron.plugins.ml2.drivers.ovn.mech_driver.mech_driver [None req-7f8db63c-a6c3-4e2c-bd8a-ef44ef7ee712 - - - - - -] OVN reports status down for port: 4ddd7afa-3be9-421c-97fe-34d56b0feaf1
2026-04-07 01:14:00.755 9 INFO neutron.wsgi [None req-6ac47db3-4900-4ec5-88fd-f3d9fc553e16 45056ae8747e40488593ce1803da40dd be336696ee724998aaa8b13f11bc6306 - - default default] 10.0.0.154 "GET /v2.0/routers HTTP/1.1" status: 200 len: 1155 time: 0.1387327
2026-04-07 01:14:00.768 10 INFO neutron.services.segments.plugin [-] Segment 00ed3236-c02a-44bc-acde-9b7776a7ef16 resource provider aggregate not found
2026-04-07 01:14:00.773 10 INFO neutron.services.segments.plugin [-] Segment 00ed3236-c02a-44bc-acde-9b7776a7ef16 resource provider aggregate not found
2026-04-07 01:14:00.781 10 INFO neutron.services.segments.plugin [-] Segment 00ed3236-c02a-44bc-acde-9b7776a7ef16 resource provider not found; error: Placement Client Error (4xx): {"errors": [{"status": 404, "title": "Not Found", "detail": "The resource could not be found.\n\n No resource provider with uuid 00ed3236-c02a-44bc-acde-9b7776a7ef16 found for delete ", "request_id": "req-411cd824-8dad-4688-87e4-6962d2c8e951"}]}
2026-04-07 01:14:00.792 10 INFO neutron.wsgi [None req-a5a7a4bd-c9ba-45ad-9285-94ee2a1f80a9 a341189bdb5a4caca2a0d7322045997b 8352deade5f04ca895c53c75cd19fbdb - - default default] 10.0.0.154 "DELETE /v2.0/networks/b7a29f7a-94f9-4dff-b25f-9722aace3877 HTTP/1.1" status: 204 len: 168 time: 0.5995376
2026-04-07 01:14:00.793 10 INFO neutron.services.segments.plugin [-] Segment 00ed3236-c02a-44bc-acde-9b7776a7ef16 resource provider not found; error: Placement Client Error (4xx): {"errors": [{"status": 404, "title": "Not Found", "detail": "The resource could not be found.\n\n No resource provider with uuid 00ed3236-c02a-44bc-acde-9b7776a7ef16 found for delete ", "request_id": "req-06ffd70e-3997-4fa9-88fc-3c9893252a2c"}]}
2026-04-07 01:14:01.221 9 INFO neutron.wsgi [None req-fbc27549-61e0-460d-b599-dc6bf1fae15b dc35760bae544eddadfd48d264f8e1e4 1e312ab7abc54abea284063e58060ebd - - default default] 10.0.0.154 "GET /v2.0/security-groups?tenant_id=37f3a50e852e4926b6da8b031aca7b77&name=default HTTP/1.1" status: 200 len: 3120 time: 0.1861210
2026-04-07 01:14:01.463 10 INFO neutron.wsgi [None req-5a0e3f87-865d-47f7-b340-1b7596b75366 a341189bdb5a4caca2a0d7322045997b 8352deade5f04ca895c53c75cd19fbdb - - default default] 10.0.0.154 "DELETE /v2.0/networks/da2250dc-6fce-4fe5-a4b1-9ae80194f93a HTTP/1.1" status: 204 len: 168 time: 0.6638932
2026-04-07 01:14:01.558 10 INFO neutron.wsgi [None req-eaa87cc5-193a-4876-9523-3a73de4d3e85 dc35760bae544eddadfd48d264f8e1e4 1e312ab7abc54abea284063e58060ebd - - default default] 10.0.0.154 "DELETE /v2.0/security-groups/98fa3ba2-16b4-448d-a718-f6c326847a00 HTTP/1.1" status: 204 len: 168 time: 0.3305392
2026-04-07 01:14:01.668 9 INFO neutron.db.ovn_revision_numbers_db [None req-f1afd7c1-5b01-4058-b2c0-d28a5bc65acf 45056ae8747e40488593ce1803da40dd be336696ee724998aaa8b13f11bc6306 - - default default] Successfully bumped revision number for resource cfc4d84c-df28-4b7a-b6ae-7fd6dbb0cb60 (type: routers) to 3
2026-04-07 01:14:01.676 9 INFO neutron.wsgi [None req-f1afd7c1-5b01-4058-b2c0-d28a5bc65acf 45056ae8747e40488593ce1803da40dd be336696ee724998aaa8b13f11bc6306 - - default default] 10.0.0.154 "PUT /v2.0/routers/cfc4d84c-df28-4b7a-b6ae-7fd6dbb0cb60 HTTP/1.1" status: 200 len: 1159 time: 0.9119470
2026-04-07 01:14:01.782 9 INFO neutron.wsgi [None req-4df0bbb5-03c1-44a0-a3a8-2fe1668350e3 45056ae8747e40488593ce1803da40dd be336696ee724998aaa8b13f11bc6306 - - default default] 10.0.0.154 "GET /v2.0/routers/cfc4d84c-df28-4b7a-b6ae-7fd6dbb0cb60 HTTP/1.1" status: 200 len: 1159 time: 0.1010890
2026-04-07 01:14:01.814 9 INFO neutron.wsgi [None req-6f22596a-4023-4f6e-a1da-eb5871205596 45056ae8747e40488593ce1803da40dd be336696ee724998aaa8b13f11bc6306 - - default default] 10.0.0.154 "GET /v2.0/ports?device_id=cfc4d84c-df28-4b7a-b6ae-7fd6dbb0cb60 HTTP/1.1" status: 200 len: 205 time: 0.0271485
2026-04-07 01:14:01.879 10 INFO neutron.wsgi [None req-fc590031-40ef-4822-975f-2eb4eb14a377 a341189bdb5a4caca2a0d7322045997b 8352deade5f04ca895c53c75cd19fbdb - - default default] 10.0.0.154 "DELETE /v2.0/networks/77710028-5dca-47fa-ab2f-0a38042ea8b0 HTTP/1.1" status: 204 len: 168 time: 0.4108105
2026-04-07 01:14:02.102 9 INFO neutron.wsgi [None req-e374dcf6-3284-4b98-ae63-60b3567fe76d dc35760bae544eddadfd48d264f8e1e4 1e312ab7abc54abea284063e58060ebd - - default default] 10.0.0.154 "PUT /v2.0/routers/aa034b43-0555-4a43-92c2-2c37c02696a3/remove_router_interface HTTP/1.1" status: 200 len: 503 time: 1.7155259 /var/lib/openstack/lib/python3.10/site-packages/pycadf/identifier.py:71: UserWarning: Invalid uuid: neutron. To ensure interoperability, identifiers should be a valid uuid. warnings.warn(('Invalid uuid: %s. To ensure interoperability, '
2026-04-07 01:14:02.669 10 INFO neutron.wsgi [None req-38445072-8805-4a86-a227-36cc839ba90f 45056ae8747e40488593ce1803da40dd be336696ee724998aaa8b13f11bc6306 - - default default] 10.0.0.154 "DELETE /v2.0/routers/cfc4d84c-df28-4b7a-b6ae-7fd6dbb0cb60 HTTP/1.1" status: 204 len: 168 time: 0.8504066
2026-04-07 01:14:02.698 10 INFO neutron.wsgi [None req-3aec3422-66cc-4023-bfb8-a5daeefb1770 45056ae8747e40488593ce1803da40dd be336696ee724998aaa8b13f11bc6306 - - default default] 10.0.0.154 "GET /v2.0/ports?device_id=cfc4d84c-df28-4b7a-b6ae-7fd6dbb0cb60 HTTP/1.1" status: 200 len: 205 time: 0.0226548
2026-04-07 01:14:02.728 9 INFO neutron.api.v2.resource [None req-ff2a308c-37d2-4425-a37c-c7a5d37e8537 45056ae8747e40488593ce1803da40dd be336696ee724998aaa8b13f11bc6306 - - default default] delete failed (client error): The resource could not be found.
2026-04-07 01:14:02.729 9 INFO neutron.wsgi [None req-ff2a308c-37d2-4425-a37c-c7a5d37e8537 45056ae8747e40488593ce1803da40dd be336696ee724998aaa8b13f11bc6306 - - default default] 10.0.0.154 "DELETE /v2.0/routers/cfc4d84c-df28-4b7a-b6ae-7fd6dbb0cb60 HTTP/1.1" status: 404 len: 336 time: 0.0267007
2026-04-07 01:14:02.758 10 INFO neutron.wsgi [None req-67a50f48-2e0a-4bc3-8811-454e29419464 45056ae8747e40488593ce1803da40dd be336696ee724998aaa8b13f11bc6306 - - default default] 10.0.0.154 "GET /v2.0/ports?device_id=132e2d81-d90e-46e9-ad6c-d235df9ae359 HTTP/1.1" status: 200 len: 205 time: 0.0235810
2026-04-07 01:14:02.798 10 INFO neutron.api.v2.resource [None req-33629b39-6fbb-41e3-a746-26e5ff12aa36 45056ae8747e40488593ce1803da40dd be336696ee724998aaa8b13f11bc6306 - - default default] delete failed (client error): The resource could not be found.
2026-04-07 01:14:02.800 10 INFO neutron.wsgi [None req-33629b39-6fbb-41e3-a746-26e5ff12aa36 45056ae8747e40488593ce1803da40dd be336696ee724998aaa8b13f11bc6306 - - default default] 10.0.0.154 "DELETE /v2.0/routers/132e2d81-d90e-46e9-ad6c-d235df9ae359 HTTP/1.1" status: 404 len: 336 time: 0.0371413
2026-04-07 01:14:02.807 10 INFO neutron.services.segments.plugin [-] Segment 45a30474-646a-4edc-b679-5a2c49dc340f resource provider aggregate not found
2026-04-07 01:14:02.818 10 INFO neutron.services.segments.plugin [-] Segment 45a30474-646a-4edc-b679-5a2c49dc340f resource provider aggregate not found
2026-04-07 01:14:02.828 10 INFO neutron.services.segments.plugin [-] Segment 45a30474-646a-4edc-b679-5a2c49dc340f resource provider not found; error: Placement Client Error (4xx): {"errors": [{"status": 404, "title": "Not Found", "detail": "The resource could not be found.\n\n No resource provider with uuid 45a30474-646a-4edc-b679-5a2c49dc340f found for delete ", "request_id": "req-15218908-05e0-4e51-b441-68c04482cbf5"}]}
2026-04-07 01:14:02.847 10 INFO neutron.pecan_wsgi.hooks.translation [None req-b950b5c4-8f6e-45d0-9d66-d7f9831658e2 45056ae8747e40488593ce1803da40dd be336696ee724998aaa8b13f11bc6306 - - default default] DELETE failed (client error): The resource could not be found.
2026-04-07 01:14:02.852 10 INFO neutron.wsgi [None req-b950b5c4-8f6e-45d0-9d66-d7f9831658e2 45056ae8747e40488593ce1803da40dd be336696ee724998aaa8b13f11bc6306 - - default default] 10.0.0.154 "DELETE /v2.0/subnets/d5f12249-c4c5-4e9e-a70e-d9b146c9c256 HTTP/1.1" status: 404 len: 337 time: 0.0459747
2026-04-07 01:14:02.853 10 INFO neutron.services.segments.plugin [-] Segment 45a30474-646a-4edc-b679-5a2c49dc340f resource provider not found; error: Placement Client Error (4xx): {"errors": [{"status": 404, "title": "Not Found", "detail": "The resource could not be found.\n\n No resource provider with uuid 45a30474-646a-4edc-b679-5a2c49dc340f found for delete ", "request_id": "req-d771b5e4-4db7-48fc-a089-a820fdb1cd70"}]}
2026-04-07 01:14:02.858 10 INFO neutron.services.segments.plugin [-] Segment c2e77704-6169-47ce-9152-5424fe8647ad resource provider aggregate not found
2026-04-07 01:14:02.875 10 INFO neutron.services.segments.plugin [-] Segment c2e77704-6169-47ce-9152-5424fe8647ad resource provider aggregate not found
2026-04-07 01:14:02.880 10 INFO neutron.services.segments.plugin [-] Segment c2e77704-6169-47ce-9152-5424fe8647ad resource provider not found; error: Placement Client Error (4xx): {"errors": [{"status": 404, "title": "Not Found", "detail": "The resource could not be found.\n\n No resource provider with uuid c2e77704-6169-47ce-9152-5424fe8647ad found for delete ", "request_id": "req-e295bd02-41d3-4919-9019-fe8bf7b7caa8"}]}
2026-04-07 01:14:02.890 10 INFO neutron.services.segments.plugin [-] Segment c2e77704-6169-47ce-9152-5424fe8647ad resource provider not found; error: Placement Client Error (4xx): {"errors": [{"status": 404, "title": "Not Found", "detail": "The resource could not be found.\n\n No resource provider with uuid c2e77704-6169-47ce-9152-5424fe8647ad found for delete ", "request_id": "req-6883a37b-5d63-4184-b333-f9a1a4b71802"}]}
2026-04-07 01:14:02.894 9 INFO neutron.wsgi [None req-1093e0ef-5dcf-40a6-b1a1-b6b42339a1eb 45056ae8747e40488593ce1803da40dd be336696ee724998aaa8b13f11bc6306 - - default default] 10.0.0.154 "GET /v2.0/ports?device_id=d33c9618-abb2-4ece-b5a2-026cf447d2f4 HTTP/1.1" status: 200 len: 205 time: 0.0313275
2026-04-07 01:14:02.930 10 INFO neutron.api.v2.resource [None req-9cd3c8a0-2c3a-46dd-9001-b62cf1ec8411 45056ae8747e40488593ce1803da40dd be336696ee724998aaa8b13f11bc6306 - - default default] delete failed (client error): The resource could not be found.
2026-04-07 01:14:02.932 10 INFO neutron.wsgi [None req-9cd3c8a0-2c3a-46dd-9001-b62cf1ec8411 45056ae8747e40488593ce1803da40dd be336696ee724998aaa8b13f11bc6306 - - default default] 10.0.0.154 "DELETE /v2.0/routers/d33c9618-abb2-4ece-b5a2-026cf447d2f4 HTTP/1.1" status: 404 len: 336 time: 0.0325091
2026-04-07 01:14:02.951 10 INFO neutron.pecan_wsgi.hooks.translation [None req-69871223-e69d-4b70-990c-f349276d678c 45056ae8747e40488593ce1803da40dd be336696ee724998aaa8b13f11bc6306 - - default default] DELETE failed (client error): The resource could not be found.
2026-04-07 01:14:02.953 10 INFO neutron.wsgi [None req-69871223-e69d-4b70-990c-f349276d678c 45056ae8747e40488593ce1803da40dd be336696ee724998aaa8b13f11bc6306 - - default default] 10.0.0.154 "DELETE /v2.0/subnets/3a3b9073-2c2b-47a5-9bde-c2a436236406 HTTP/1.1" status: 404 len: 337 time: 0.0172536
2026-04-07 01:14:02.981 10 INFO neutron.wsgi [None req-fd855fad-36e4-48fe-b3cc-7dc4fa86b927 45056ae8747e40488593ce1803da40dd be336696ee724998aaa8b13f11bc6306 - - default default] 10.0.0.154 "GET /v2.0/ports?device_id=2bed232c-cdd8-4d4a-be53-9f28692c3bed HTTP/1.1" status: 200 len: 205 time: 0.0237763
2026-04-07 01:14:03.018 10 INFO neutron.api.v2.resource [None req-833939da-7a9d-4975-8623-537d7d65256c 45056ae8747e40488593ce1803da40dd be336696ee724998aaa8b13f11bc6306 - - default default] delete failed (client error): The resource could not be found.
2026-04-07 01:14:03.020 10 INFO neutron.wsgi [None req-833939da-7a9d-4975-8623-537d7d65256c 45056ae8747e40488593ce1803da40dd be336696ee724998aaa8b13f11bc6306 - - default default] 10.0.0.154 "DELETE /v2.0/routers/2bed232c-cdd8-4d4a-be53-9f28692c3bed HTTP/1.1" status: 404 len: 336 time: 0.0327997
2026-04-07 01:14:03.047 10 INFO neutron.pecan_wsgi.hooks.translation [None req-7a2a208d-67cd-49da-8113-a3569d6f8328 45056ae8747e40488593ce1803da40dd be336696ee724998aaa8b13f11bc6306 - - default default] DELETE failed (client error): The resource could not be found.
2026-04-07 01:14:03.049 10 INFO neutron.wsgi [None req-7a2a208d-67cd-49da-8113-a3569d6f8328 45056ae8747e40488593ce1803da40dd be336696ee724998aaa8b13f11bc6306 - - default default] 10.0.0.154 "DELETE /v2.0/subnets/329b4418-9d34-4053-bbcf-c911d8c254a5 HTTP/1.1" status: 404 len: 337 time: 0.0241811
2026-04-07 01:14:03.076 10 INFO neutron.pecan_wsgi.hooks.translation [None req-487207e6-922c-46fb-bb50-9b57e148a9cb 45056ae8747e40488593ce1803da40dd be336696ee724998aaa8b13f11bc6306 - - default default] DELETE failed (client error): The resource could not be found.
2026-04-07 01:14:03.079 10 INFO neutron.wsgi [None req-487207e6-922c-46fb-bb50-9b57e148a9cb 45056ae8747e40488593ce1803da40dd be336696ee724998aaa8b13f11bc6306 - - default default] 10.0.0.154 "DELETE /v2.0/subnets/d740b4ec-fe7c-423b-86fb-89bab6f6e892 HTTP/1.1" status: 404 len: 337 time: 0.0252509
2026-04-07 01:14:03.090 9 INFO neutron.db.ovn_revision_numbers_db [None req-7476e538-7ebd-489b-a94f-466fdbd67549 dc35760bae544eddadfd48d264f8e1e4 1e312ab7abc54abea284063e58060ebd - - default default] Successfully bumped revision number for resource 109df70c-fa61-4c2a-a8ea-b0a20f0c07ee (type: security_groups) to 1
2026-04-07 01:14:03.123 9 INFO neutron.db.ovn_revision_numbers_db [None req-7476e538-7ebd-489b-a94f-466fdbd67549 dc35760bae544eddadfd48d264f8e1e4 1e312ab7abc54abea284063e58060ebd - - default default] Successfully bumped revision number for resource 38edb7d9-90e3-4cd6-88b3-c3733aa39bc5 (type: security_group_rules) to 0
2026-04-07 01:14:03.173 9 INFO neutron.db.ovn_revision_numbers_db [None req-7476e538-7ebd-489b-a94f-466fdbd67549 dc35760bae544eddadfd48d264f8e1e4 1e312ab7abc54abea284063e58060ebd - - default default] Successfully bumped revision number for resource 8885a908-cb5e-4153-9aeb-8467fd178635 (type: security_group_rules) to 0
2026-04-07 01:14:03.213 9 INFO neutron.db.ovn_revision_numbers_db [None req-7476e538-7ebd-489b-a94f-466fdbd67549 dc35760bae544eddadfd48d264f8e1e4 1e312ab7abc54abea284063e58060ebd - - default default] Successfully bumped revision number for resource 8db03b3d-9edb-4226-bbd8-fe9d4b32fab8 (type: security_group_rules) to 0
2026-04-07 01:14:03.261 9 INFO neutron.db.ovn_revision_numbers_db [None req-7476e538-7ebd-489b-a94f-466fdbd67549 dc35760bae544eddadfd48d264f8e1e4 1e312ab7abc54abea284063e58060ebd - - default default] Successfully bumped revision number for resource a94914bf-1382-45f9-ab76-b3610178d499 (type: security_group_rules) to 0
2026-04-07 01:14:03.298 9 INFO neutron.wsgi [None req-7476e538-7ebd-489b-a94f-466fdbd67549 dc35760bae544eddadfd48d264f8e1e4 1e312ab7abc54abea284063e58060ebd - - default default] 10.0.0.154 "GET /v2.0/security-groups?tenant_id=e9b0d784a23e41378685a94c09da329c&name=default HTTP/1.1" status: 200 len: 3120 time: 0.5945210
2026-04-07 01:14:03.326 9 INFO neutron.wsgi [None req-b9c622f4-4c5f-4ba7-b685-599c03af7b3e dc35760bae544eddadfd48d264f8e1e4 1e312ab7abc54abea284063e58060ebd - - default default] 10.0.0.154 "DELETE /v2.0/routers/aa034b43-0555-4a43-92c2-2c37c02696a3 HTTP/1.1" status: 204 len: 168 time: 1.2199965
2026-04-07 01:14:03.586 10 INFO neutron.wsgi [None req-eb9fc690-536b-4a7c-b7a5-77d6093ab5bc dc35760bae544eddadfd48d264f8e1e4 1e312ab7abc54abea284063e58060ebd - - default default] 10.0.0.154 "DELETE /v2.0/subnets/3b3d47a7-b517-472e-bfae-2d19953ab805 HTTP/1.1" status: 204 len: 168 time: 0.2559986
2026-04-07 01:14:03.632 10 INFO neutron.wsgi [None req-deff9507-412a-430c-83a6-646bdb95db04 dc35760bae544eddadfd48d264f8e1e4 1e312ab7abc54abea284063e58060ebd - - default default] 10.0.0.154 "DELETE /v2.0/security-groups/109df70c-fa61-4c2a-a8ea-b0a20f0c07ee HTTP/1.1" status: 204 len: 168 time: 0.3267944
2026-04-07 01:14:03.804 10 INFO neutron.wsgi [None req-f8ed86a1-853b-4476-918e-50ae1024ba75 dc35760bae544eddadfd48d264f8e1e4 1e312ab7abc54abea284063e58060ebd - - default default] 10.0.0.154 "GET /v2.0/security-groups?tenant_id=8352deade5f04ca895c53c75cd19fbdb&name=default HTTP/1.1" status: 200 len: 3120 time: 0.0568256
2026-04-07 01:14:03.859 9 INFO neutron.wsgi [None req-a836c3ce-62cd-441b-9a20-dbd07caf9357 dc35760bae544eddadfd48d264f8e1e4 1e312ab7abc54abea284063e58060ebd - - default default] 10.0.0.154 "GET /v2.0/security-groups?tenant_id=be336696ee724998aaa8b13f11bc6306&name=default HTTP/1.1" status: 200 len: 3120 time: 0.2512584
2026-04-07 01:14:04.050 10 INFO neutron.wsgi [None req-8be19ee6-6270-4f0a-9d89-1444acf87ab8 dc35760bae544eddadfd48d264f8e1e4 1e312ab7abc54abea284063e58060ebd - - default default] 10.0.0.154 "DELETE /v2.0/networks/12f7fc82-f123-4e5f-8690-6b63a7e98c5c HTTP/1.1" status: 204 len: 168 time: 0.4571941
2026-04-07 01:14:04.093 10 INFO neutron.wsgi [None req-8dbfe2f3-bd1e-4d0f-b0c9-6f88707f53cb dc35760bae544eddadfd48d264f8e1e4 1e312ab7abc54abea284063e58060ebd - - default default] 10.0.0.154 "DELETE /v2.0/security-groups/0298907a-e32e-4c8c-8297-79c09f0e4212 HTTP/1.1" status: 204 len: 168 time: 0.2824090
2026-04-07 01:14:04.101 9 INFO neutron.wsgi [None req-cc093445-11ac-4686-89fb-e94f7186b93d dc35760bae544eddadfd48d264f8e1e4 1e312ab7abc54abea284063e58060ebd - - default default] 10.0.0.154 "DELETE /v2.0/security-groups/6c182143-d2c8-4e19-98b5-c8754e793ac5 HTTP/1.1" status: 204 len: 168 time: 0.2365320
2026-04-07 01:14:04.262 9 INFO neutron.wsgi [None req-72ef590c-8dac-48a9-bb8e-3511ebd4e6c4 dc35760bae544eddadfd48d264f8e1e4 1e312ab7abc54abea284063e58060ebd - - default default] 10.0.0.154 "GET /v2.0/security-groups?tenant_id=2173d2658256486f80bf9125a57210cd&name=default HTTP/1.1" status: 200 len: 3120 time: 0.0437167
2026-04-07 01:14:04.465 10 INFO neutron.db.ovn_revision_numbers_db [None req-d30b9b8e-b35b-4906-ab11-56ff47befb65 dc35760bae544eddadfd48d264f8e1e4 1e312ab7abc54abea284063e58060ebd - - default default] Successfully bumped revision number for resource 37bb412e-1c4f-4db0-958d-dbfb914915d0 (type: security_groups) to 1
2026-04-07 01:14:04.486 10 INFO neutron.db.ovn_revision_numbers_db [None req-d30b9b8e-b35b-4906-ab11-56ff47befb65 dc35760bae544eddadfd48d264f8e1e4 1e312ab7abc54abea284063e58060ebd - - default default] Successfully bumped revision number for resource 824d1d01-e958-4e8c-8c73-da365d3b52a1 (type: security_group_rules) to 0
2026-04-07 01:14:04.513 10 INFO neutron.db.ovn_revision_numbers_db [None req-d30b9b8e-b35b-4906-ab11-56ff47befb65 dc35760bae544eddadfd48d264f8e1e4 1e312ab7abc54abea284063e58060ebd - - default default] Successfully bumped revision number for resource 9e9e21a6-2b91-4559-8955-edb5a3deb363 (type: security_group_rules) to 0
2026-04-07 01:14:04.519 9 INFO neutron.wsgi [None req-a596c5c3-8c95-4a09-a9bc-771e7e8fb525 dc35760bae544eddadfd48d264f8e1e4 1e312ab7abc54abea284063e58060ebd - - default default] 10.0.0.154 "DELETE /v2.0/security-groups/90db9e61-e386-4d01-827d-bf29b7bfc960 HTTP/1.1" status: 204 len: 168 time: 0.2521093
2026-04-07 01:14:04.543 10 INFO neutron.db.ovn_revision_numbers_db [None req-d30b9b8e-b35b-4906-ab11-56ff47befb65 dc35760bae544eddadfd48d264f8e1e4 1e312ab7abc54abea284063e58060ebd - - default default] Successfully bumped revision number for resource a5c454b8-a4d9-4569-bf99-9d94039f30d6 (type: security_group_rules) to 0
2026-04-07 01:14:04.561 10 INFO neutron.db.ovn_revision_numbers_db [None req-d30b9b8e-b35b-4906-ab11-56ff47befb65 dc35760bae544eddadfd48d264f8e1e4 1e312ab7abc54abea284063e58060ebd - - default default] Successfully bumped revision number for resource dea6c3ae-ac48-4f3d-a6fa-f7a95ce35aa2 (type: security_group_rules) to 0
2026-04-07 01:14:04.592 10 INFO neutron.wsgi [None req-d30b9b8e-b35b-4906-ab11-56ff47befb65 dc35760bae544eddadfd48d264f8e1e4 1e312ab7abc54abea284063e58060ebd - - default default] 10.0.0.154 "GET /v2.0/security-groups?tenant_id=27a60448db6a4e70a70ba53d0164bd53&name=default HTTP/1.1" status: 200 len: 3120 time: 0.2847805
2026-04-07 01:14:04.826 9 INFO neutron.wsgi [None req-a5c452b9-fc06-4b2e-be19-ca426ad0bd96 dc35760bae544eddadfd48d264f8e1e4 1e312ab7abc54abea284063e58060ebd - - default default] 10.0.0.154 "DELETE /v2.0/security-groups/37bb412e-1c4f-4db0-958d-dbfb914915d0 HTTP/1.1" status: 204 len: 168 time: 0.2295861
2026-04-07 01:14:04.905 10 INFO neutron.services.segments.plugin [-] Segment b177e739-a499-4be5-826b-6201bd7f3dd7 resource provider aggregate not found
2026-04-07 01:14:04.914 10 INFO neutron.services.segments.plugin [-] Segment b177e739-a499-4be5-826b-6201bd7f3dd7 resource provider aggregate not found
2026-04-07 01:14:04.926 10 INFO neutron.services.segments.plugin [-] Segment b177e739-a499-4be5-826b-6201bd7f3dd7 resource provider not found; error: Placement Client Error (4xx): {"errors": [{"status": 404, "title": "Not Found", "detail": "The resource could not be found.\n\n No resource provider with uuid b177e739-a499-4be5-826b-6201bd7f3dd7 found for delete ", "request_id": "req-a2a3f9d0-d905-49df-b985-66204a6dd4d8"}]}
2026-04-07 01:14:04.929 10 INFO neutron.services.segments.plugin [-] Segment b177e739-a499-4be5-826b-6201bd7f3dd7 resource provider not found; error: Placement Client Error (4xx): {"errors": [{"status": 404, "title": "Not Found", "detail": "The resource could not be found.\n\n No resource provider with uuid b177e739-a499-4be5-826b-6201bd7f3dd7 found for delete ", "request_id": "req-4587440f-fb2f-47ef-ba5d-b804b9da1de5"}]}
2026-04-07 01:14:05.465 9 WARNING neutron.plugins.ml2.drivers.ovn.mech_driver.ovsdb.ovn_client [None req-f9543b37-866a-4dad-8baa-eb3fbf3e386f - - - - - -] No port found with ID 973e73d2-8eab-4183-9e13-21cd03cc0389: RuntimeError: No port found with ID 973e73d2-8eab-4183-9e13-21cd03cc0389
2026-04-07 01:14:06.336 9 WARNING neutron_lib.context [None req-825ef392-ca70-4981-ac51-5a84766b2c54 15dbf3282d694d0bb306f133ee4bc832 8f51ae31a6fb41d7b4e926dee2ba88d3 - - default default] Method 'is_advsvc' is deprecated since 2023.2 release (neutron-lib 3.8.0) and will be removed once support for the old RBAC API policies will be removed from Neutron. Please use method 'is_service_role' instead.
2026-04-07 01:14:06.389 9 INFO neutron.wsgi [None req-825ef392-ca70-4981-ac51-5a84766b2c54 15dbf3282d694d0bb306f133ee4bc832 8f51ae31a6fb41d7b4e926dee2ba88d3 - - default default] 10.0.0.154 "POST /v2.0/subnetpools HTTP/1.1" status: 201 len: 748 time: 0.2747922
2026-04-07 01:14:06.421 9 INFO neutron.wsgi [None req-c60e902d-4d63-432f-a033-0ecb42f636fa 15dbf3282d694d0bb306f133ee4bc832 8f51ae31a6fb41d7b4e926dee2ba88d3 - - default default] 10.0.0.154 "GET /v2.0/subnetpools/4868dcbd-fb3f-4696-b24e-d89b5ecdf1b0 HTTP/1.1" status: 200 len: 743 time: 0.0260072
2026-04-07 01:14:06.493 9 INFO neutron.wsgi [None req-fdccdf6f-c3a8-4771-a5e6-50ea68f3614c 15dbf3282d694d0bb306f133ee4bc832 8f51ae31a6fb41d7b4e926dee2ba88d3 - - default default] 10.0.0.154 "PUT /v2.0/subnetpools/4868dcbd-fb3f-4696-b24e-d89b5ecdf1b0 HTTP/1.1" status: 200 len: 694 time: 0.0667238
2026-04-07 01:14:06.568 9 INFO neutron.wsgi [None req-cea830b6-495c-44c8-945e-bd69b6da74ba 15dbf3282d694d0bb306f133ee4bc832 8f51ae31a6fb41d7b4e926dee2ba88d3 - - default default] 10.0.0.154 "DELETE /v2.0/subnetpools/4868dcbd-fb3f-4696-b24e-d89b5ecdf1b0 HTTP/1.1" status: 204 len: 168 time: 0.0694978
2026-04-07 01:14:06.587 9 INFO neutron.api.v2.resource [None req-02fffb12-86db-4d49-b13b-1a96198e963d 15dbf3282d694d0bb306f133ee4bc832 8f51ae31a6fb41d7b4e926dee2ba88d3 - - default default] show failed (client error): The resource could not be found.
2026-04-07 01:14:06.588 9 INFO neutron.wsgi [None req-02fffb12-86db-4d49-b13b-1a96198e963d 15dbf3282d694d0bb306f133ee4bc832 8f51ae31a6fb41d7b4e926dee2ba88d3 - - default default] 10.0.0.154 "GET /v2.0/subnetpools/4868dcbd-fb3f-4696-b24e-d89b5ecdf1b0 HTTP/1.1" status: 404 len: 346 time: 0.0124879
2026-04-07 01:14:06.610 9 INFO neutron.api.v2.resource [None req-bab27b61-5de1-4ac4-8db7-a3d27abf9484 15dbf3282d694d0bb306f133ee4bc832 8f51ae31a6fb41d7b4e926dee2ba88d3 - - default default] delete failed (client error): The resource could not be found.
2026-04-07 01:14:06.611 9 INFO neutron.wsgi [None req-bab27b61-5de1-4ac4-8db7-a3d27abf9484 15dbf3282d694d0bb306f133ee4bc832 8f51ae31a6fb41d7b4e926dee2ba88d3 - - default default] 10.0.0.154 "DELETE /v2.0/subnetpools/4868dcbd-fb3f-4696-b24e-d89b5ecdf1b0 HTTP/1.1" status: 404 len: 346 time: 0.0173702
2026-04-07 01:14:07.070 10 INFO neutron.db.ovn_revision_numbers_db [None req-e9f7b395-4ff2-4250-bd6a-78227a867d7f dc35760bae544eddadfd48d264f8e1e4 1e312ab7abc54abea284063e58060ebd - - default default] Successfully bumped revision number for resource b60d4faf-d8bf-462f-9713-971cc78536e0 (type: security_groups) to 1
2026-04-07 01:14:07.087 10 INFO neutron.db.ovn_revision_numbers_db [None req-e9f7b395-4ff2-4250-bd6a-78227a867d7f dc35760bae544eddadfd48d264f8e1e4 1e312ab7abc54abea284063e58060ebd - - default default] Successfully bumped revision number for resource 10d64c0a-b0ef-477c-ba78-bc8557efdd8a (type: security_group_rules) to 0
2026-04-07 01:14:07.104 10 INFO neutron.db.ovn_revision_numbers_db [None req-e9f7b395-4ff2-4250-bd6a-78227a867d7f dc35760bae544eddadfd48d264f8e1e4 1e312ab7abc54abea284063e58060ebd - - default default] Successfully bumped revision number for resource a770ad56-6dda-4379-9a1c-917b7c239973 (type: security_group_rules) to 0
2026-04-07 01:14:07.125 10 INFO neutron.db.ovn_revision_numbers_db [None req-e9f7b395-4ff2-4250-bd6a-78227a867d7f dc35760bae544eddadfd48d264f8e1e4 1e312ab7abc54abea284063e58060ebd - - default default] Successfully bumped revision number for resource b7cc7ce2-364e-4c72-bc36-3921bd01ce89 (type: security_group_rules) to 0
2026-04-07 01:14:07.146 10 INFO neutron.db.ovn_revision_numbers_db [None req-e9f7b395-4ff2-4250-bd6a-78227a867d7f dc35760bae544eddadfd48d264f8e1e4 1e312ab7abc54abea284063e58060ebd - - default default] Successfully bumped revision number for resource f3028b06-b94e-4ef6-ae77-f176fb5e245a (type: security_group_rules) to 0
2026-04-07 01:14:07.176 10 INFO neutron.wsgi [None req-e9f7b395-4ff2-4250-bd6a-78227a867d7f dc35760bae544eddadfd48d264f8e1e4 1e312ab7abc54abea284063e58060ebd - - default default] 10.0.0.154 "GET /v2.0/security-groups?tenant_id=8c71f8e5f56d40cf8de18b2dfc502f0e&name=default HTTP/1.1" status: 200 len: 3120 time: 0.4905026
2026-04-07 01:14:07.256 9 INFO neutron.db.ovn_revision_numbers_db [None req-8215d3bb-9cdc-4c29-a0a6-29861c220c04 dc35760bae544eddadfd48d264f8e1e4 1e312ab7abc54abea284063e58060ebd - - default default] Successfully bumped revision number for resource f67f0476-f937-4db9-af41-5967884e5fa2 (type: security_groups) to 1
2026-04-07 01:14:07.274 9 INFO neutron.db.ovn_revision_numbers_db [None req-8215d3bb-9cdc-4c29-a0a6-29861c220c04 dc35760bae544eddadfd48d264f8e1e4 1e312ab7abc54abea284063e58060ebd - - default default] Successfully bumped revision number for resource 739665cf-a9cb-40f4-9293-8d1ccfbcfcec (type: security_group_rules) to 0
2026-04-07 01:14:07.288 9 INFO neutron.db.ovn_revision_numbers_db [None req-8215d3bb-9cdc-4c29-a0a6-29861c220c04 dc35760bae544eddadfd48d264f8e1e4 1e312ab7abc54abea284063e58060ebd - - default default] Successfully bumped revision number for resource 91de04c0-e89c-485f-ae7e-67eb793156cf (type: security_group_rules) to 0
2026-04-07 01:14:07.301 9 INFO neutron.db.ovn_revision_numbers_db [None req-8215d3bb-9cdc-4c29-a0a6-29861c220c04 dc35760bae544eddadfd48d264f8e1e4 1e312ab7abc54abea284063e58060ebd - - default default] Successfully bumped revision number for resource b50321e3-ffae-4ebb-bf57-5d232fef7cb1 (type: security_group_rules) to 0
2026-04-07 01:14:07.316 9 INFO neutron.db.ovn_revision_numbers_db [None req-8215d3bb-9cdc-4c29-a0a6-29861c220c04 dc35760bae544eddadfd48d264f8e1e4 1e312ab7abc54abea284063e58060ebd - - default default] Successfully bumped revision number for resource d6ce6361-f18c-4f3c-a199-a88f9d928a1b (type: security_group_rules) to 0
2026-04-07 01:14:07.340 9 INFO neutron.wsgi [None req-8215d3bb-9cdc-4c29-a0a6-29861c220c04 dc35760bae544eddadfd48d264f8e1e4 1e312ab7abc54abea284063e58060ebd - - default default] 10.0.0.154 "GET /v2.0/security-groups?tenant_id=8f51ae31a6fb41d7b4e926dee2ba88d3&name=default HTTP/1.1" status: 200 len: 3120 time: 0.2511013
2026-04-07 01:14:07.453 10 INFO neutron.wsgi [None req-6d5ca4f3-dd7b-470e-95c1-421d50dc0dd3 dc35760bae544eddadfd48d264f8e1e4 1e312ab7abc54abea284063e58060ebd - - default default] 10.0.0.154 "DELETE /v2.0/security-groups/b60d4faf-d8bf-462f-9713-971cc78536e0 HTTP/1.1" status: 204 len: 168 time: 0.2716608
2026-04-07 01:14:07.615 10 INFO neutron.wsgi [None req-62dc9b6e-d764-46bb-bf72-8988ea4d606b dc35760bae544eddadfd48d264f8e1e4 1e312ab7abc54abea284063e58060ebd - - default default] 10.0.0.154 "DELETE /v2.0/security-groups/f67f0476-f937-4db9-af41-5967884e5fa2 HTTP/1.1" status: 204 len: 168 time: 0.2624123
2026-04-07 01:14:07.728 9 INFO neutron.db.ovn_revision_numbers_db [None req-b4180243-88da-4e31-85cf-87526ce10e36 dc35760bae544eddadfd48d264f8e1e4 1e312ab7abc54abea284063e58060ebd - - default default] Successfully bumped revision number for resource 2db8b1bd-732f-479c-bd1f-f6c4067906de (type: security_groups) to 1
2026-04-07 01:14:07.743 9 INFO neutron.db.ovn_revision_numbers_db [None req-b4180243-88da-4e31-85cf-87526ce10e36 dc35760bae544eddadfd48d264f8e1e4 1e312ab7abc54abea284063e58060ebd - - default default] Successfully bumped revision number for resource 2c939be6-e00c-48be-a610-61801548570d (type: security_group_rules) to 0
2026-04-07 01:14:07.757 9 INFO neutron.db.ovn_revision_numbers_db [None req-b4180243-88da-4e31-85cf-87526ce10e36 dc35760bae544eddadfd48d264f8e1e4 1e312ab7abc54abea284063e58060ebd - - default default] Successfully bumped revision number for resource 78d3634d-ed8c-4a65-aebc-804d61aff00c (type: security_group_rules) to 0
2026-04-07 01:14:07.773 9 INFO neutron.db.ovn_revision_numbers_db [None req-b4180243-88da-4e31-85cf-87526ce10e36 dc35760bae544eddadfd48d264f8e1e4 1e312ab7abc54abea284063e58060ebd - - default default] Successfully bumped revision number for resource d4557529-b8b3-47ca-a45c-02aeafbe6d1d (type: security_group_rules) to 0
2026-04-07 01:14:07.788 9 INFO neutron.db.ovn_revision_numbers_db [None req-b4180243-88da-4e31-85cf-87526ce10e36 dc35760bae544eddadfd48d264f8e1e4 1e312ab7abc54abea284063e58060ebd - - default default] Successfully bumped revision number for resource ea22838b-737f-4c2b-8de3-0a8ae669c68a (type: security_group_rules) to 0
2026-04-07 01:14:07.812 9 INFO neutron.wsgi [None req-b4180243-88da-4e31-85cf-87526ce10e36 dc35760bae544eddadfd48d264f8e1e4 1e312ab7abc54abea284063e58060ebd - - default default] 10.0.0.154 "GET /v2.0/security-groups?tenant_id=1cdd5fd6a40b49a2828f6a1a50f905c9&name=default HTTP/1.1" status: 200 len: 3120 time: 0.2104833
2026-04-07 01:14:08.042 10 INFO neutron.wsgi [None req-c4631e98-fba0-4bb9-8294-0a880deca50a dc35760bae544eddadfd48d264f8e1e4 1e312ab7abc54abea284063e58060ebd - - default default] 10.0.0.154 "DELETE /v2.0/security-groups/2db8b1bd-732f-479c-bd1f-f6c4067906de HTTP/1.1" status: 204 len: 168 time: 0.2246110
2026-04-07 01:14:08.180 10 INFO neutron.wsgi [-] 10.0.0.184 "GET / HTTP/1.1" status: 200 len: 246 time: 0.0028625
2026-04-07 01:14:08.180 9 INFO neutron.wsgi [-] 10.0.0.184 "GET / HTTP/1.1" status: 200 len: 246 time: 0.0028441
2026-04-07 01:14:09.365 10 WARNING neutron_lib.context [None req-5a2d383c-7e92-4efa-ba76-b43c8bb48b96 28f747e546134621bc46ca0e432c49e2 97f82e7692984decbadd458ff2fa6e6e - - default default] Method 'is_advsvc' is deprecated since 2023.2 release (neutron-lib 3.8.0) and will be removed once support for the old RBAC API policies will be removed from Neutron. Please use method 'is_service_role' instead.
2026-04-07 01:14:09.509 10 INFO neutron.db.ovn_revision_numbers_db [None req-5a2d383c-7e92-4efa-ba76-b43c8bb48b96 28f747e546134621bc46ca0e432c49e2 97f82e7692984decbadd458ff2fa6e6e - - default default] Successfully bumped revision number for resource 0f2adc0a-9be3-4ec5-8844-479fd1c47b86 (type: routers) to 1
2026-04-07 01:14:09.530 10 INFO neutron.wsgi [None req-5a2d383c-7e92-4efa-ba76-b43c8bb48b96 28f747e546134621bc46ca0e432c49e2 97f82e7692984decbadd458ff2fa6e6e - - default default] 10.0.0.154 "POST /v2.0/routers HTTP/1.1" status: 201 len: 769 time: 0.2663145
2026-04-07 01:14:09.543 10 WARNING neutron_lib.context [None req-b9e82d02-5533-4239-bba6-e31e80056350 28f747e546134621bc46ca0e432c49e2 97f82e7692984decbadd458ff2fa6e6e - - default default] Method 'is_advsvc' is deprecated since 2023.2 release (neutron-lib 3.8.0) and will be removed once support for the old RBAC API policies will be removed from Neutron. Please use method 'is_service_role' instead.
2026-04-07 01:14:09.919 10 INFO neutron.db.ovn_revision_numbers_db [None req-b9e82d02-5533-4239-bba6-e31e80056350 28f747e546134621bc46ca0e432c49e2 97f82e7692984decbadd458ff2fa6e6e - - default default] Successfully bumped revision number for resource 69ffb7fa-5c83-4f41-9628-1d8772aac37f (type: routers) to 1
2026-04-07 01:14:09.959 10 INFO neutron.wsgi [None req-b9e82d02-5533-4239-bba6-e31e80056350 28f747e546134621bc46ca0e432c49e2 97f82e7692984decbadd458ff2fa6e6e - - default default] 10.0.0.154 "POST /v2.0/routers HTTP/1.1" status: 201 len: 769 time: 0.4219971
