2026-04-07 01:13:03.801 9 INFO neutron.db.ovn_revision_numbers_db [None req-ccf21dbf-0bcd-4520-9552-850fd2a7001e 47e66169c00a4bc68fcddad7a89d719f 7fd64088d16c4a4a8710a907fe3579ea - - default default] Successfully bumped revision number for resource 395ee926-0de8-4f11-a95a-56ace1a1a5a8 (type: security_group_rules) to 0
2026-04-07 01:13:03.819 9 INFO neutron.db.ovn_revision_numbers_db [None req-ccf21dbf-0bcd-4520-9552-850fd2a7001e 47e66169c00a4bc68fcddad7a89d719f 7fd64088d16c4a4a8710a907fe3579ea - - default default] Successfully bumped revision number for resource 6a978526-2b01-44f0-8e63-1714a08b2eee (type: security_group_rules) to 0
2026-04-07 01:13:03.839 9 INFO neutron.db.ovn_revision_numbers_db [None req-ccf21dbf-0bcd-4520-9552-850fd2a7001e 47e66169c00a4bc68fcddad7a89d719f 7fd64088d16c4a4a8710a907fe3579ea - - default default] Successfully bumped revision number for resource 6cdfb02e-f626-49fe-beec-07c18c564ce3 (type: security_group_rules) to 0
2026-04-07 01:13:03.860 9 INFO neutron.db.ovn_revision_numbers_db [None req-ccf21dbf-0bcd-4520-9552-850fd2a7001e 47e66169c00a4bc68fcddad7a89d719f 7fd64088d16c4a4a8710a907fe3579ea - - default default] Successfully bumped revision number for resource c3d26e80-d8fa-4116-93be-6ac2179af60c (type: security_group_rules) to 0
2026-04-07 01:13:03.960 9 INFO neutron.db.segments_db [None req-ccf21dbf-0bcd-4520-9552-850fd2a7001e 47e66169c00a4bc68fcddad7a89d719f 7fd64088d16c4a4a8710a907fe3579ea - - default default] Added segment 4a635630-c10d-4b47-a65b-4574f852e3a3 of type geneve for network 79ace263-4482-4abc-853b-57fe11a9e69d
2026-04-07 01:13:04.010 10 WARNING neutron.plugins.ml2.drivers.ovn.mech_driver.ovsdb.ovn_client [None req-7f8db63c-a6c3-4e2c-bd8a-ef44ef7ee712 - - - - - -] No port found with ID f3335592-ac31-4622-9bb0-06727f7f03b0: RuntimeError: No port found with ID f3335592-ac31-4622-9bb0-06727f7f03b0
2026-04-07 01:13:04.010 10 INFO neutron.plugins.ml2.drivers.ovn.mech_driver.mech_driver [None req-7f8db63c-a6c3-4e2c-bd8a-ef44ef7ee712 - - - - - -] OVN reports status up for port: 2e4e78fd-0acb-4367-9e01-108c84c75fe7
2026-04-07 01:13:04.023 10 INFO neutron.plugins.ml2.drivers.ovn.mech_driver.mech_driver [None req-7f8db63c-a6c3-4e2c-bd8a-ef44ef7ee712 - - - - - -] OVN reports status up for port: 30d69a48-cb8b-4ca9-862c-fac8d58e2e28
2026-04-07 01:13:04.033 10 INFO neutron.plugins.ml2.plugin [None req-7f8db63c-a6c3-4e2c-bd8a-ef44ef7ee712 - - - - - -] Attempt 1 to provision port 30d69a48-cb8b-4ca9-862c-fac8d58e2e28
2026-04-07 01:13:04.138 9 INFO neutron.db.segments_db [None req-ccf21dbf-0bcd-4520-9552-850fd2a7001e 47e66169c00a4bc68fcddad7a89d719f 7fd64088d16c4a4a8710a907fe3579ea - - default default] Added segment dd869d2c-c92d-4506-81d0-42ff06851956 of type geneve for network f70caf65-490b-4b01-a0ae-734750776ded
2026-04-07 01:13:04.180 10 INFO neutron.notifiers.nova [-] Nova event matching ['req-a08c8867-7006-4a62-85ed-04e8297d2cda'] response: {'server_uuid': '761b4b7f-76ee-4496-a0e2-43306d872009', 'name': 'network-vif-plugged', 'status': 'completed', 'tag': '30d69a48-cb8b-4ca9-862c-fac8d58e2e28', 'code': 200}
2026-04-07 01:13:04.251 9 INFO neutron.db.ovn_revision_numbers_db [None req-e0dad14a-5dee-4a87-b8be-8879c8cd2602 daa516f394d24a759331b9959f2efb45 dfc25c7012344b62ba9e285f854c66e6 - - default default] Successfully bumped revision number for resource 2d372391-b7df-4744-94aa-090a8fe1d8af (type: ports) to 2
2026-04-07 01:13:04.341 9 INFO neutron.db.ovn_revision_numbers_db [None req-e0dad14a-5dee-4a87-b8be-8879c8cd2602 daa516f394d24a759331b9959f2efb45 dfc25c7012344b62ba9e285f854c66e6 - - default default] Successfully bumped revision number for resource 1cef38f7-7f23-4366-8045-05cb639bb265 (type: subnets) to 0
2026-04-07 01:13:04.375 9 INFO neutron.wsgi [None req-e0dad14a-5dee-4a87-b8be-8879c8cd2602 daa516f394d24a759331b9959f2efb45 dfc25c7012344b62ba9e285f854c66e6 - - default default] 10.0.0.154 "POST /v2.0/subnets HTTP/1.1" status: 201 len: 801 time: 1.0601237
2026-04-07 01:13:04.378 10 INFO neutron.db.ovn_revision_numbers_db [None req-7f8db63c-a6c3-4e2c-bd8a-ef44ef7ee712 - - - - - -] Successfully bumped revision number for resource 30d69a48-cb8b-4ca9-862c-fac8d58e2e28 (type: ports) to 4
2026-04-07 01:13:04.390 10 WARNING neutron_lib.context [None req-ba17c6a3-ad12-4dc0-afac-51d91861256a daa516f394d24a759331b9959f2efb45 dfc25c7012344b62ba9e285f854c66e6 - - default default] Method 'is_advsvc' is deprecated since 2023.2 release (neutron-lib 3.8.0) and will be removed once support for the old RBAC API policies will be removed from Neutron. Please use method 'is_service_role' instead.
2026-04-07 01:13:04.396 9 INFO neutron.db.ovn_revision_numbers_db [None req-ccf21dbf-0bcd-4520-9552-850fd2a7001e 47e66169c00a4bc68fcddad7a89d719f 7fd64088d16c4a4a8710a907fe3579ea - - default default] Successfully bumped revision number for resource 79ace263-4482-4abc-853b-57fe11a9e69d (type: networks) to 1
2026-04-07 01:13:04.462 10 INFO neutron.plugins.ml2.drivers.ovn.mech_driver.mech_driver [None req-7f8db63c-a6c3-4e2c-bd8a-ef44ef7ee712 - - - - - -] OVN reports status down for port: 80f139df-eb63-4acb-a2e3-2798394c744a
2026-04-07 01:13:04.605 9 WARNING neutron.scheduler.dhcp_agent_scheduler [None req-ccf21dbf-0bcd-4520-9552-850fd2a7001e 47e66169c00a4bc68fcddad7a89d719f 7fd64088d16c4a4a8710a907fe3579ea - - default default] No more DHCP agents
2026-04-07 01:13:04.608 9 WARNING neutron.api.rpc.agentnotifiers.dhcp_rpc_agent_api [None req-ccf21dbf-0bcd-4520-9552-850fd2a7001e 47e66169c00a4bc68fcddad7a89d719f 7fd64088d16c4a4a8710a907fe3579ea - - default default] Unable to schedule network 79ace263-4482-4abc-853b-57fe11a9e69d: no agents available; will retry on subsequent port and subnet creation events.
2026-04-07 01:13:04.694 9 INFO neutron.db.ovn_revision_numbers_db [None req-ccf21dbf-0bcd-4520-9552-850fd2a7001e 47e66169c00a4bc68fcddad7a89d719f 7fd64088d16c4a4a8710a907fe3579ea - - default default] Successfully bumped revision number for resource c347aedd-1c81-4b2e-b207-4672b895f15c (type: ports) to 1
2026-04-07 01:13:04.698 10 INFO neutron.db.ovn_revision_numbers_db [None req-ba17c6a3-ad12-4dc0-afac-51d91861256a daa516f394d24a759331b9959f2efb45 dfc25c7012344b62ba9e285f854c66e6 - - default default] Successfully bumped revision number for resource c082f267-2d95-4705-9374-17aba3ecca22 (type: routers) to 1
2026-04-07 01:13:04.721 10 INFO neutron.wsgi [None req-ba17c6a3-ad12-4dc0-afac-51d91861256a daa516f394d24a759331b9959f2efb45 dfc25c7012344b62ba9e285f854c66e6 - - default default] 10.0.0.154 "POST /v2.0/routers HTTP/1.1" status: 201 len: 801 time: 0.3363752 /var/lib/openstack/lib/python3.10/site-packages/pycadf/identifier.py:71: UserWarning: Invalid uuid: neutron. To ensure interoperability, identifiers should be a valid uuid. warnings.warn(('Invalid uuid: %s. To ensure interoperability, '
2026-04-07 01:13:04.734 10 WARNING neutron_lib.context [None req-ac02755d-b1f6-489d-b59a-0fab5394ddcc daa516f394d24a759331b9959f2efb45 dfc25c7012344b62ba9e285f854c66e6 - - default default] Method 'is_advsvc' is deprecated since 2023.2 release (neutron-lib 3.8.0) and will be removed once support for the old RBAC API policies will be removed from Neutron. Please use method 'is_service_role' instead.
2026-04-07 01:13:04.777 9 INFO neutron.db.ovn_revision_numbers_db [None req-ccf21dbf-0bcd-4520-9552-850fd2a7001e 47e66169c00a4bc68fcddad7a89d719f 7fd64088d16c4a4a8710a907fe3579ea - - default default] Successfully bumped revision number for resource f70caf65-490b-4b01-a0ae-734750776ded (type: networks) to 1
2026-04-07 01:13:04.818 10 INFO neutron.wsgi [req-c13b92ea-09b4-47e7-88c9-56f68112e9cc req-a3b2178d-b5ae-49be-904c-013e1d662132 c2945e55e1604606a259abb05e2974c1 6b821195bb90456f9df4d4234073d017 - - default default] 10.0.0.136 "GET /v2.0/ports?device_id=761b4b7f-76ee-4496-a0e2-43306d872009 HTTP/1.1" status: 200 len: 1170 time: 0.0585134
2026-04-07 01:13:04.876 10 INFO neutron.wsgi [req-c13b92ea-09b4-47e7-88c9-56f68112e9cc req-af3e856b-9c29-46d7-8fd4-9ea94d9628c8 c2945e55e1604606a259abb05e2974c1 6b821195bb90456f9df4d4234073d017 - - default default] 10.0.0.136 "GET /v2.0/security-groups?id=ed3afe91-64a5-4a23-9e7d-1a9ccf748cd3&fields=id&fields=name HTTP/1.1" status: 200 len: 313 time: 0.0502892
2026-04-07 01:13:04.989 9 WARNING neutron.scheduler.dhcp_agent_scheduler [None req-ccf21dbf-0bcd-4520-9552-850fd2a7001e 47e66169c00a4bc68fcddad7a89d719f 7fd64088d16c4a4a8710a907fe3579ea - - default default] No more DHCP agents
2026-04-07 01:13:04.993 9 WARNING neutron.api.rpc.agentnotifiers.dhcp_rpc_agent_api [None req-ccf21dbf-0bcd-4520-9552-850fd2a7001e 47e66169c00a4bc68fcddad7a89d719f 7fd64088d16c4a4a8710a907fe3579ea - - default default] Unable to schedule network f70caf65-490b-4b01-a0ae-734750776ded: no agents available; will retry on subsequent port and subnet creation events.
2026-04-07 01:13:05.009 9 INFO neutron.wsgi [req-907d46a9-96c5-451d-8058-49443a909670 req-fdc2fafe-e9ce-4a9a-bb06-af6cc094a9ae c2945e55e1604606a259abb05e2974c1 6b821195bb90456f9df4d4234073d017 - - default default] 10.0.0.136 "GET /v2.0/ports?device_id=761b4b7f-76ee-4496-a0e2-43306d872009 HTTP/1.1" status: 200 len: 1170 time: 0.0575190
2026-04-07 01:13:05.099 9 INFO neutron.db.ovn_revision_numbers_db [None req-ccf21dbf-0bcd-4520-9552-850fd2a7001e 47e66169c00a4bc68fcddad7a89d719f 7fd64088d16c4a4a8710a907fe3579ea - - default default] Successfully bumped revision number for resource 4623a0e0-3781-4115-a30c-4ee50825fddf (type: ports) to 1
2026-04-07 01:13:05.127 9 INFO neutron.wsgi [None req-ccf21dbf-0bcd-4520-9552-850fd2a7001e 47e66169c00a4bc68fcddad7a89d719f 7fd64088d16c4a4a8710a907fe3579ea - - default default] 10.0.0.154 "POST /v2.0/networks HTTP/1.1" status: 201 len: 1444 time: 1.7400625
2026-04-07 01:13:05.250 9 INFO neutron.wsgi [None req-93a580b6-70b2-469d-af7d-5df60cab4e32 47e66169c00a4bc68fcddad7a89d719f 7fd64088d16c4a4a8710a907fe3579ea - - default default] 10.0.0.154 "GET /v2.0/networks HTTP/1.1" status: 200 len: 2050 time: 0.1157067
2026-04-07 01:13:05.312 10 WARNING neutron.scheduler.dhcp_agent_scheduler [None req-ac02755d-b1f6-489d-b59a-0fab5394ddcc daa516f394d24a759331b9959f2efb45 dfc25c7012344b62ba9e285f854c66e6 - - default default] No more DHCP agents
2026-04-07 01:13:05.316 10 WARNING neutron.api.rpc.agentnotifiers.dhcp_rpc_agent_api [None req-ac02755d-b1f6-489d-b59a-0fab5394ddcc daa516f394d24a759331b9959f2efb45 dfc25c7012344b62ba9e285f854c66e6 - - default default] Unable to schedule network f7e6cd34-2803-44af-a402-4b4029a8c8a9: no agents available; will retry on subsequent port and subnet creation events.
2026-04-07 01:13:05.556 10 INFO neutron.db.ovn_revision_numbers_db [None req-ac02755d-b1f6-489d-b59a-0fab5394ddcc daa516f394d24a759331b9959f2efb45 dfc25c7012344b62ba9e285f854c66e6 - - default default] Successfully bumped revision number for resource 966410a5-f86e-4084-92b5-0a8e926b02df (type: ports) to 1
2026-04-07 01:13:05.588 10 INFO neutron.wsgi [None req-ac02755d-b1f6-489d-b59a-0fab5394ddcc daa516f394d24a759331b9959f2efb45 dfc25c7012344b62ba9e285f854c66e6 - - default default] 10.0.0.154 "POST /v2.0/ports HTTP/1.1" status: 201 len: 1146 time: 0.8616447 /var/lib/openstack/lib/python3.10/site-packages/pycadf/identifier.py:71: UserWarning: Invalid uuid: neutron. To ensure interoperability, identifiers should be a valid uuid. warnings.warn(('Invalid uuid: %s. To ensure interoperability, '
2026-04-07 01:13:05.671 9 INFO neutron.services.segments.plugin [-] Segment 4a635630-c10d-4b47-a65b-4574f852e3a3 resource provider aggregate not found
2026-04-07 01:13:05.676 9 INFO neutron.services.segments.plugin [-] Segment 4a635630-c10d-4b47-a65b-4574f852e3a3 resource provider aggregate not found
2026-04-07 01:13:05.690 9 INFO neutron.services.segments.plugin [-] Segment 4a635630-c10d-4b47-a65b-4574f852e3a3 resource provider not found; error: Placement Client Error (4xx): {"errors": [{"status": 404, "title": "Not Found", "detail": "The resource could not be found.\n\n No resource provider with uuid 4a635630-c10d-4b47-a65b-4574f852e3a3 found for delete ", "request_id": "req-f8cd4297-d5a6-469d-a64b-6bf4f8d7f8fd"}]}
2026-04-07 01:13:05.694 9 INFO neutron.services.segments.plugin [-] Segment 4a635630-c10d-4b47-a65b-4574f852e3a3 resource provider not found; error: Placement Client Error (4xx): {"errors": [{"status": 404, "title": "Not Found", "detail": "The resource could not be found.\n\n No resource provider with uuid 4a635630-c10d-4b47-a65b-4574f852e3a3 found for delete ", "request_id": "req-3dc629d6-cc2b-4745-951d-695efde0d9cc"}]}
2026-04-07 01:13:05.716 9 INFO neutron.wsgi [None req-3da1b048-4cc1-4c6d-9320-e487efe0fa66 47e66169c00a4bc68fcddad7a89d719f 7fd64088d16c4a4a8710a907fe3579ea - - default default] 10.0.0.154 "DELETE /v2.0/networks/79ace263-4482-4abc-853b-57fe11a9e69d HTTP/1.1" status: 204 len: 168 time: 0.4577255
2026-04-07 01:13:06.078 10 INFO neutron.db.ovn_revision_numbers_db [None req-ba184209-c0da-4468-8c6e-a7854b28d817 c2945e55e1604606a259abb05e2974c1 6b821195bb90456f9df4d4234073d017 - - default default] Successfully bumped revision number for resource 39f426b8-5664-4fec-a32d-af29f5af0481 (type: floatingips) to 1
2026-04-07 01:13:06.171 9 INFO neutron.wsgi [None req-d0d65c5e-e34d-488e-99ad-f939a785e9e5 47e66169c00a4bc68fcddad7a89d719f 7fd64088d16c4a4a8710a907fe3579ea - - default default] 10.0.0.154 "DELETE /v2.0/networks/f70caf65-490b-4b01-a0ae-734750776ded HTTP/1.1" status: 204 len: 168 time: 0.4482274 /var/lib/openstack/lib/python3.10/site-packages/pycadf/identifier.py:71: UserWarning: Invalid uuid: neutron. To ensure interoperability, identifiers should be a valid uuid. warnings.warn(('Invalid uuid: %s. To ensure interoperability, '
2026-04-07 01:13:06.217 10 INFO neutron.notifiers.nova [-] Nova event matching ['req-b134c691-0e44-4d77-a5e0-cb7172cdae9f'] response: {'server_uuid': '761b4b7f-76ee-4496-a0e2-43306d872009', 'name': 'network-vif-plugged', 'status': 'completed', 'tag': '30d69a48-cb8b-4ca9-862c-fac8d58e2e28', 'code': 200}
2026-04-07 01:13:06.258 9 INFO neutron.wsgi [None req-2f675dbd-2e48-4932-97b1-e3f70caa35ab 47e66169c00a4bc68fcddad7a89d719f 7fd64088d16c4a4a8710a907fe3579ea - - default default] 10.0.0.154 "GET /v2.0/networks HTTP/1.1" status: 200 len: 845 time: 0.0806856
2026-04-07 01:13:06.269 10 INFO neutron.db.ovn_revision_numbers_db [None req-ba184209-c0da-4468-8c6e-a7854b28d817 c2945e55e1604606a259abb05e2974c1 6b821195bb90456f9df4d4234073d017 - - default default] Successfully bumped revision number for resource 39f426b8-5664-4fec-a32d-af29f5af0481 (type: floatingips) to 2
2026-04-07 01:13:06.269 10 INFO neutron.db.l3_db [None req-ba184209-c0da-4468-8c6e-a7854b28d817 c2945e55e1604606a259abb05e2974c1 6b821195bb90456f9df4d4234073d017 - - default default] Floating IP 39f426b8-5664-4fec-a32d-af29f5af0481 associated. External IP: 10.96.250.214, port: 30d69a48-cb8b-4ca9-862c-fac8d58e2e28.
2026-04-07 01:13:06.273 9 WARNING neutron_lib.context [None req-1d3142ee-a3e0-4622-af10-0062e221992a 47e66169c00a4bc68fcddad7a89d719f 7fd64088d16c4a4a8710a907fe3579ea - - default default] Method 'is_advsvc' is deprecated since 2023.2 release (neutron-lib 3.8.0) and will be removed once support for the old RBAC API policies will be removed from Neutron. Please use method 'is_service_role' instead.
2026-04-07 01:13:06.307 10 INFO neutron.wsgi [None req-ba184209-c0da-4468-8c6e-a7854b28d817 c2945e55e1604606a259abb05e2974c1 6b821195bb90456f9df4d4234073d017 - - default default] 10.0.0.154 "PUT /v2.0/floatingips/39f426b8-5664-4fec-a32d-af29f5af0481 HTTP/1.1" status: 200 len: 1049 time: 1.2840519
2026-04-07 01:13:06.385 9 INFO neutron.db.segments_db [None req-1d3142ee-a3e0-4622-af10-0062e221992a 47e66169c00a4bc68fcddad7a89d719f 7fd64088d16c4a4a8710a907fe3579ea - - default default] Added segment 2684053f-7891-4564-b7ad-5968450d4244 of type geneve for network 9775109b-4169-4d86-b554-52745fde705a
2026-04-07 01:13:06.412 9 INFO neutron.wsgi [req-fa14daad-6ce9-4609-a118-5998c84f7c63 req-59d1caac-3078-4b94-9164-e8e8f7603482 c2945e55e1604606a259abb05e2974c1 6b821195bb90456f9df4d4234073d017 - - default default] 10.0.0.136 "GET /v2.0/ports?device_id=761b4b7f-76ee-4496-a0e2-43306d872009 HTTP/1.1" status: 200 len: 1170 time: 0.0583110
2026-04-07 01:13:06.435 10 ERROR ovsdbapp.backend.ovs_idl.command [None req-63fcb7b2-6448-4880-99dc-6303f288c183 daa516f394d24a759331b9959f2efb45 dfc25c7012344b62ba9e285f854c66e6 - - default default] Error executing command (DbGetCommand): ovsdbapp.backend.ovs_idl.idlutils.RowNotFound: Cannot find Logical_Router_Port with name=lrp-966410a5-f86e-4084-92b5-0a8e926b02df
2026-04-07 01:13:06.435 10 ERROR ovsdbapp.backend.ovs_idl.command
Traceback (most recent call last):
2026-04-07 01:13:06.435 10 ERROR ovsdbapp.backend.ovs_idl.command
File "/var/lib/openstack/lib/python3.10/site-packages/ovsdbapp/backend/ovs_idl/command.py", line 47, in execute
2026-04-07 01:13:06.435 10 ERROR ovsdbapp.backend.ovs_idl.command self.run_idl(None)
2026-04-07 01:13:06.435 10 ERROR ovsdbapp.backend.ovs_idl.command
File "/var/lib/openstack/lib/python3.10/site-packages/ovsdbapp/backend/ovs_idl/command.py", line 235, in run_idl
2026-04-07 01:13:06.435 10 ERROR ovsdbapp.backend.ovs_idl.command record = self.api.lookup(self.table, self.record)
2026-04-07 01:13:06.435 10 ERROR ovsdbapp.backend.ovs_idl.command
File "/var/lib/openstack/lib/python3.10/site-packages/ovsdbapp/backend/ovs_idl/__init__.py", line 184, in lookup
2026-04-07 01:13:06.435 10 ERROR ovsdbapp.backend.ovs_idl.command return self._lookup(table, record)
2026-04-07 01:13:06.435 10 ERROR ovsdbapp.backend.ovs_idl.command
File "/var/lib/openstack/lib/python3.10/site-packages/ovsdbapp/backend/ovs_idl/__init__.py", line 235, in _lookup
2026-04-07 01:13:06.435 10 ERROR ovsdbapp.backend.ovs_idl.command row = idlutils.row_by_value(self, rl.table, rl.column, record)
2026-04-07 01:13:06.435 10 ERROR ovsdbapp.backend.ovs_idl.command
File "/var/lib/openstack/lib/python3.10/site-packages/ovsdbapp/backend/ovs_idl/idlutils.py", line 114, in row_by_value
2026-04-07 01:13:06.435 10 ERROR ovsdbapp.backend.ovs_idl.command raise RowNotFound(table=table, col=column, match=match)
2026-04-07 01:13:06.435 10 ERROR ovsdbapp.backend.ovs_idl.command ovsdbapp.backend.ovs_idl.idlutils.RowNotFound: Cannot find Logical_Router_Port with name=lrp-966410a5-f86e-4084-92b5-0a8e926b02df
2026-04-07 01:13:06.435 10 ERROR ovsdbapp.backend.ovs_idl.command 
2026-04-07 01:13:06.436 10 ERROR neutron_lib.callbacks.manager [None req-63fcb7b2-6448-4880-99dc-6303f288c183 daa516f394d24a759331b9959f2efb45 dfc25c7012344b62ba9e285f854c66e6 - - default default] Error during notification for neutron.services.ovn_l3.plugin.OVNL3RouterPlugin._port_update-8757716897510 port, after_update: ovsdbapp.backend.ovs_idl.idlutils.RowNotFound: Cannot find Logical_Router_Port with name=lrp-966410a5-f86e-4084-92b5-0a8e926b02df
2026-04-07 01:13:06.436 10 ERROR neutron_lib.callbacks.manager
Traceback (most recent call last):
2026-04-07 01:13:06.436 10 ERROR neutron_lib.callbacks.manager
File "/var/lib/openstack/lib/python3.10/site-packages/neutron_lib/callbacks/manager.py", line 189, in _notify_loop
2026-04-07 01:13:06.436 10 ERROR neutron_lib.callbacks.manager callback.method(resource, event, trigger, payload=payload)
2026-04-07 01:13:06.436 10 ERROR neutron_lib.callbacks.manager
File "/var/lib/openstack/lib/python3.10/site-packages/neutron/services/ovn_l3/plugin.py", line 391, in _port_update
2026-04-07 01:13:06.436 10 ERROR neutron_lib.callbacks.manager l3plugin._ovn_client.update_router_port(context,
2026-04-07 01:13:06.436 10 ERROR neutron_lib.callbacks.manager
File "/var/lib/openstack/lib/python3.10/site-packages/neutron/plugins/ml2/drivers/ovn/mech_driver/ovsdb/ovn_client.py", line 1878, in update_router_port
2026-04-07 01:13:06.436 10 ERROR neutron_lib.callbacks.manager self._update_lrouter_port(context, port, if_exists=if_exists,
2026-04-07 01:13:06.436 10 ERROR neutron_lib.callbacks.manager
File "/var/lib/openstack/lib/python3.10/site-packages/neutron/plugins/ml2/drivers/ovn/mech_driver/ovsdb/ovn_client.py", line 1855, in _update_lrouter_port
2026-04-07 01:13:06.436 10 ERROR neutron_lib.callbacks.manager external_ids = self._nb_idl.db_get(
2026-04-07 01:13:06.436 10 ERROR neutron_lib.callbacks.manager
File "/var/lib/openstack/lib/python3.10/site-packages/ovsdbapp/backend/ovs_idl/command.py", line 47, in execute
2026-04-07 01:13:06.436 10 ERROR neutron_lib.callbacks.manager self.run_idl(None)
2026-04-07 01:13:06.436 10 ERROR neutron_lib.callbacks.manager
File "/var/lib/openstack/lib/python3.10/site-packages/ovsdbapp/backend/ovs_idl/command.py", line 235, in run_idl
2026-04-07 01:13:06.436 10 ERROR neutron_lib.callbacks.manager record = self.api.lookup(self.table, self.record)
2026-04-07 01:13:06.436 10 ERROR neutron_lib.callbacks.manager
File "/var/lib/openstack/lib/python3.10/site-packages/ovsdbapp/backend/ovs_idl/__init__.py", line 184, in lookup
2026-04-07 01:13:06.436 10 ERROR neutron_lib.callbacks.manager return self._lookup(table, record)
2026-04-07 01:13:06.436 10 ERROR neutron_lib.callbacks.manager
File "/var/lib/openstack/lib/python3.10/site-packages/ovsdbapp/backend/ovs_idl/__init__.py", line 235, in _lookup
2026-04-07 01:13:06.436 10 ERROR neutron_lib.callbacks.manager row = idlutils.row_by_value(self, rl.table, rl.column, record)
2026-04-07 01:13:06.436 10 ERROR neutron_lib.callbacks.manager
File "/var/lib/openstack/lib/python3.10/site-packages/ovsdbapp/backend/ovs_idl/idlutils.py", line 114, in row_by_value
2026-04-07 01:13:06.436 10 ERROR neutron_lib.callbacks.manager raise RowNotFound(table=table, col=column, match=match)
2026-04-07 01:13:06.436 10 ERROR neutron_lib.callbacks.manager ovsdbapp.backend.ovs_idl.idlutils.RowNotFound: Cannot find Logical_Router_Port with name=lrp-966410a5-f86e-4084-92b5-0a8e926b02df
2026-04-07 01:13:06.436 10 ERROR neutron_lib.callbacks.manager 
2026-04-07 01:13:06.486 9 INFO neutron.wsgi [req-fa14daad-6ce9-4609-a118-5998c84f7c63 req-0aecf883-a8d9-47e3-a6a0-ea6821e58e74 c2945e55e1604606a259abb05e2974c1 6b821195bb90456f9df4d4234073d017 - - default default] 10.0.0.136 "GET /v2.0/security-groups?id=ed3afe91-64a5-4a23-9e7d-1a9ccf748cd3&fields=id&fields=name HTTP/1.1" status: 200 len: 313 time: 0.0625663
2026-04-07 01:13:06.557 9 INFO neutron.db.ovn_revision_numbers_db [None req-1d3142ee-a3e0-4622-af10-0062e221992a 47e66169c00a4bc68fcddad7a89d719f 7fd64088d16c4a4a8710a907fe3579ea - - default default] Successfully bumped revision number for resource 9775109b-4169-4d86-b554-52745fde705a (type: networks) to 1
2026-04-07 01:13:06.689 9 INFO neutron.plugins.ml2.drivers.ovn.mech_driver.mech_driver [None req-f9543b37-866a-4dad-8baa-eb3fbf3e386f - - - - - -] OVN reports status up for port: 966410a5-f86e-4084-92b5-0a8e926b02df
2026-04-07 01:13:06.711 9 INFO neutron.plugins.ml2.plugin [None req-f9543b37-866a-4dad-8baa-eb3fbf3e386f - - - - - -] Attempt 1 to provision port 966410a5-f86e-4084-92b5-0a8e926b02df
2026-04-07 01:13:06.719 10 INFO neutron.db.ovn_revision_numbers_db [None req-63fcb7b2-6448-4880-99dc-6303f288c183 daa516f394d24a759331b9959f2efb45 dfc25c7012344b62ba9e285f854c66e6 - - default default] Successfully bumped revision number for resource 966410a5-f86e-4084-92b5-0a8e926b02df (type: ports) to 2 /var/lib/openstack/lib/python3.10/site-packages/pycadf/identifier.py:71: UserWarning: Invalid uuid: neutron. To ensure interoperability, identifiers should be a valid uuid. warnings.warn(('Invalid uuid: %s. To ensure interoperability, '
2026-04-07 01:13:06.812 10 INFO neutron.plugins.ml2.drivers.ovn.mech_driver.mech_driver [None req-7f8db63c-a6c3-4e2c-bd8a-ef44ef7ee712 - - - - - -] OVN reports status down for port: 30d69a48-cb8b-4ca9-862c-fac8d58e2e28
2026-04-07 01:13:06.848 9 INFO neutron.db.ovn_revision_numbers_db [None req-f3816346-c246-4454-9810-b92d1707e9a7 dc35760bae544eddadfd48d264f8e1e4 1e312ab7abc54abea284063e58060ebd - - default default] Successfully bumped revision number for resource 08ab7fc5-571d-46a6-b58f-e9955d66f7e0 (type: security_groups) to 1
2026-04-07 01:13:06.864 10 INFO neutron.wsgi [req-4132e70d-10d1-4ea3-9c98-485e9fda3957 req-55564aa1-4f36-48ab-8525-7fd1a231a19a c2945e55e1604606a259abb05e2974c1 6b821195bb90456f9df4d4234073d017 - - default default] 10.0.0.136 "GET /v2.0/ports?device_id=761b4b7f-76ee-4496-a0e2-43306d872009 HTTP/1.1" status: 200 len: 1170 time: 0.1054115
2026-04-07 01:13:06.886 9 INFO neutron.db.ovn_revision_numbers_db [None req-f3816346-c246-4454-9810-b92d1707e9a7 dc35760bae544eddadfd48d264f8e1e4 1e312ab7abc54abea284063e58060ebd - - default default] Successfully bumped revision number for resource 8d785c18-88d4-4783-a42d-64b873df7156 (type: security_group_rules) to 0
2026-04-07 01:13:06.889 9 WARNING neutron.scheduler.dhcp_agent_scheduler [None req-1d3142ee-a3e0-4622-af10-0062e221992a 47e66169c00a4bc68fcddad7a89d719f 7fd64088d16c4a4a8710a907fe3579ea - - default default] No more DHCP agents
2026-04-07 01:13:06.896 9 WARNING neutron.api.rpc.agentnotifiers.dhcp_rpc_agent_api [None req-1d3142ee-a3e0-4622-af10-0062e221992a 47e66169c00a4bc68fcddad7a89d719f 7fd64088d16c4a4a8710a907fe3579ea - - default default] Unable to schedule network 9775109b-4169-4d86-b554-52745fde705a: no agents available; will retry on subsequent port and subnet creation events.
2026-04-07 01:13:06.921 9 INFO neutron.db.ovn_revision_numbers_db [None req-f3816346-c246-4454-9810-b92d1707e9a7 dc35760bae544eddadfd48d264f8e1e4 1e312ab7abc54abea284063e58060ebd - - default default] Successfully bumped revision number for resource 9e282030-486a-46ce-a550-16d75c680a86 (type: security_group_rules) to 0
2026-04-07 01:13:06.966 10 INFO neutron.wsgi [req-4132e70d-10d1-4ea3-9c98-485e9fda3957 req-cd603f01-e23c-4fd2-a0a4-0e9c82467d10 c2945e55e1604606a259abb05e2974c1 6b821195bb90456f9df4d4234073d017 - - default default] 10.0.0.136 "GET /v2.0/security-groups?id=ed3afe91-64a5-4a23-9e7d-1a9ccf748cd3&fields=id&fields=name HTTP/1.1" status: 200 len: 313 time: 0.0969234
2026-04-07 01:13:06.988 9 INFO neutron.db.ovn_revision_numbers_db [None req-f3816346-c246-4454-9810-b92d1707e9a7 dc35760bae544eddadfd48d264f8e1e4 1e312ab7abc54abea284063e58060ebd - - default default] Successfully bumped revision number for resource bae209b8-1e26-499c-a541-0a812a826eed (type: security_group_rules) to 0
2026-04-07 01:13:07.017 9 INFO neutron.db.ovn_revision_numbers_db [None req-f3816346-c246-4454-9810-b92d1707e9a7 dc35760bae544eddadfd48d264f8e1e4 1e312ab7abc54abea284063e58060ebd - - default default] Successfully bumped revision number for resource ffce360b-c152-4d9d-8c30-929fb2e3b451 (type: security_group_rules) to 0
2026-04-07 01:13:07.081 9 INFO neutron.wsgi [None req-f3816346-c246-4454-9810-b92d1707e9a7 dc35760bae544eddadfd48d264f8e1e4 1e312ab7abc54abea284063e58060ebd - - default default] 10.0.0.154 "GET /v2.0/security-groups?tenant_id=1d2c9680777a4c31b949b21309b04812&name=default HTTP/1.1" status: 200 len: 3120 time: 0.7031789
2026-04-07 01:13:07.114 9 INFO neutron.db.ovn_revision_numbers_db [None req-1d3142ee-a3e0-4622-af10-0062e221992a 47e66169c00a4bc68fcddad7a89d719f 7fd64088d16c4a4a8710a907fe3579ea - - default default] Successfully bumped revision number for resource 8244d7d5-7a26-43f9-ae53-d417800b8ab3 (type: ports) to 1
2026-04-07 01:13:07.205 10 INFO neutron.wsgi [req-457f8648-d18e-48d8-85fd-bfd7d8fb67f0 req-94d1c10c-523b-479d-b88b-75dc2f66f0a4 c2945e55e1604606a259abb05e2974c1 6b821195bb90456f9df4d4234073d017 - - default default] 199.204.45.122 "GET /v2.0/ports?device_id=761b4b7f-76ee-4496-a0e2-43306d872009 HTTP/1.1" status: 200 len: 1168 time: 0.0928407
2026-04-07 01:13:07.432 9 INFO neutron.wsgi [None req-1d3142ee-a3e0-4622-af10-0062e221992a 47e66169c00a4bc68fcddad7a89d719f 7fd64088d16c4a4a8710a907fe3579ea - - default default] 10.0.0.154 "POST /v2.0/networks HTTP/1.1" status: 201 len: 852 time: 1.1651194
2026-04-07 01:13:07.446 9 WARNING neutron_lib.context [None req-3d47cfce-c6fc-4643-83f0-c56e0b6f5740 47e66169c00a4bc68fcddad7a89d719f 7fd64088d16c4a4a8710a907fe3579ea - - default default] Method 'is_advsvc' is deprecated since 2023.2 release (neutron-lib 3.8.0) and will be removed once support for the old RBAC API policies will be removed from Neutron. Please use method 'is_service_role' instead.
2026-04-07 01:13:07.508 10 INFO neutron.db.ovn_revision_numbers_db [None req-7f8db63c-a6c3-4e2c-bd8a-ef44ef7ee712 - - - - - -] Successfully bumped revision number for resource 30d69a48-cb8b-4ca9-862c-fac8d58e2e28 (type: ports) to 5
2026-04-07 01:13:07.574 9 INFO neutron.db.segments_db [None req-3d47cfce-c6fc-4643-83f0-c56e0b6f5740 47e66169c00a4bc68fcddad7a89d719f 7fd64088d16c4a4a8710a907fe3579ea - - default default] Added segment 4ad2c76f-106d-441e-ba14-6e891cb70d0a of type geneve for network b3953628-0f2c-475f-9e58-2fbc3dc62b62
2026-04-07 01:13:07.712 9 INFO neutron.services.segments.plugin [-] Segment dd869d2c-c92d-4506-81d0-42ff06851956 resource provider aggregate not found
2026-04-07 01:13:07.721 9 INFO neutron.services.segments.plugin [-] Segment dd869d2c-c92d-4506-81d0-42ff06851956 resource provider aggregate not found
2026-04-07 01:13:07.737 9 INFO neutron.services.segments.plugin [-] Segment dd869d2c-c92d-4506-81d0-42ff06851956 resource provider not found; error: Placement Client Error (4xx): {"errors": [{"status": 404, "title": "Not Found", "detail": "The resource could not be found.\n\n No resource provider with uuid dd869d2c-c92d-4506-81d0-42ff06851956 found for delete ", "request_id": "req-48153fca-784c-44a8-80b6-6dc4776f895f"}]}
2026-04-07 01:13:07.747 9 INFO neutron.services.segments.plugin [-] Segment dd869d2c-c92d-4506-81d0-42ff06851956 resource provider not found; error: Placement Client Error (4xx): {"errors": [{"status": 404, "title": "Not Found", "detail": "The resource could not be found.\n\n No resource provider with uuid dd869d2c-c92d-4506-81d0-42ff06851956 found for delete ", "request_id": "req-e325d938-9b28-4918-9c4a-fc09d6ab1e73"}]}
2026-04-07 01:13:07.830 10 ERROR ovsdbapp.backend.ovs_idl.command [None req-63fcb7b2-6448-4880-99dc-6303f288c183 daa516f394d24a759331b9959f2efb45 dfc25c7012344b62ba9e285f854c66e6 - - default default] Error executing command (DbGetCommand): ovsdbapp.backend.ovs_idl.idlutils.RowNotFound: Cannot find Logical_Router_Port with name=lrp-966410a5-f86e-4084-92b5-0a8e926b02df
2026-04-07 01:13:07.830 10 ERROR ovsdbapp.backend.ovs_idl.command
Traceback (most recent call last):
2026-04-07 01:13:07.830 10 ERROR ovsdbapp.backend.ovs_idl.command
File "/var/lib/openstack/lib/python3.10/site-packages/ovsdbapp/backend/ovs_idl/command.py", line 47, in execute
2026-04-07 01:13:07.830 10 ERROR ovsdbapp.backend.ovs_idl.command self.run_idl(None)
2026-04-07 01:13:07.830 10 ERROR ovsdbapp.backend.ovs_idl.command
File "/var/lib/openstack/lib/python3.10/site-packages/ovsdbapp/backend/ovs_idl/command.py", line 235, in run_idl
2026-04-07 01:13:07.830 10 ERROR ovsdbapp.backend.ovs_idl.command record = self.api.lookup(self.table, self.record)
2026-04-07 01:13:07.830 10 ERROR ovsdbapp.backend.ovs_idl.command
File "/var/lib/openstack/lib/python3.10/site-packages/ovsdbapp/backend/ovs_idl/__init__.py", line 184, in lookup
2026-04-07 01:13:07.830 10 ERROR ovsdbapp.backend.ovs_idl.command return self._lookup(table, record)
2026-04-07 01:13:07.830 10 ERROR ovsdbapp.backend.ovs_idl.command
File "/var/lib/openstack/lib/python3.10/site-packages/ovsdbapp/backend/ovs_idl/__init__.py", line 235, in _lookup
2026-04-07 01:13:07.830 10 ERROR ovsdbapp.backend.ovs_idl.command row = idlutils.row_by_value(self, rl.table, rl.column, record)
2026-04-07 01:13:07.830 10 ERROR ovsdbapp.backend.ovs_idl.command
File "/var/lib/openstack/lib/python3.10/site-packages/ovsdbapp/backend/ovs_idl/idlutils.py", line 114, in row_by_value
2026-04-07 01:13:07.830 10 ERROR ovsdbapp.backend.ovs_idl.command raise RowNotFound(table=table, col=column, match=match)
2026-04-07 01:13:07.830 10 ERROR ovsdbapp.backend.ovs_idl.command ovsdbapp.backend.ovs_idl.idlutils.RowNotFound: Cannot find Logical_Router_Port with name=lrp-966410a5-f86e-4084-92b5-0a8e926b02df
2026-04-07 01:13:07.830 10 ERROR ovsdbapp.backend.ovs_idl.command 
2026-04-07 01:13:07.831 10 ERROR neutron_lib.callbacks.manager [None req-63fcb7b2-6448-4880-99dc-6303f288c183 daa516f394d24a759331b9959f2efb45 dfc25c7012344b62ba9e285f854c66e6 - - default default] Error during notification for neutron.services.ovn_l3.plugin.OVNL3RouterPlugin._port_update-8757716897510 port, after_update: ovsdbapp.backend.ovs_idl.idlutils.RowNotFound: Cannot find Logical_Router_Port with name=lrp-966410a5-f86e-4084-92b5-0a8e926b02df
2026-04-07 01:13:07.831 10 ERROR neutron_lib.callbacks.manager
Traceback (most recent call last):
2026-04-07 01:13:07.831 10 ERROR neutron_lib.callbacks.manager
File "/var/lib/openstack/lib/python3.10/site-packages/neutron_lib/callbacks/manager.py", line 189, in _notify_loop
2026-04-07 01:13:07.831 10 ERROR neutron_lib.callbacks.manager callback.method(resource, event, trigger, payload=payload)
2026-04-07 01:13:07.831 10 ERROR neutron_lib.callbacks.manager
File "/var/lib/openstack/lib/python3.10/site-packages/neutron/services/ovn_l3/plugin.py", line 391, in _port_update
2026-04-07 01:13:07.831 10 ERROR neutron_lib.callbacks.manager l3plugin._ovn_client.update_router_port(context,
2026-04-07 01:13:07.831 10 ERROR neutron_lib.callbacks.manager
File "/var/lib/openstack/lib/python3.10/site-packages/neutron/plugins/ml2/drivers/ovn/mech_driver/ovsdb/ovn_client.py", line 1878, in update_router_port
2026-04-07 01:13:07.831 10 ERROR neutron_lib.callbacks.manager self._update_lrouter_port(context, port, if_exists=if_exists,
2026-04-07 01:13:07.831 10 ERROR neutron_lib.callbacks.manager
File "/var/lib/openstack/lib/python3.10/site-packages/neutron/plugins/ml2/drivers/ovn/mech_driver/ovsdb/ovn_client.py", line 1855, in _update_lrouter_port
2026-04-07 01:13:07.831 10 ERROR neutron_lib.callbacks.manager external_ids = self._nb_idl.db_get(
2026-04-07 01:13:07.831 10 ERROR neutron_lib.callbacks.manager
File "/var/lib/openstack/lib/python3.10/site-packages/ovsdbapp/backend/ovs_idl/command.py", line 47, in execute
2026-04-07 01:13:07.831 10 ERROR neutron_lib.callbacks.manager self.run_idl(None)
2026-04-07 01:13:07.831 10 ERROR neutron_lib.callbacks.manager
File "/var/lib/openstack/lib/python3.10/site-packages/ovsdbapp/backend/ovs_idl/command.py", line 235, in run_idl
2026-04-07 01:13:07.831 10 ERROR neutron_lib.callbacks.manager record = self.api.lookup(self.table, self.record)
2026-04-07 01:13:07.831 10 ERROR neutron_lib.callbacks.manager
File "/var/lib/openstack/lib/python3.10/site-packages/ovsdbapp/backend/ovs_idl/__init__.py", line 184, in lookup
2026-04-07 01:13:07.831 10 ERROR neutron_lib.callbacks.manager return self._lookup(table, record)
2026-04-07 01:13:07.831 10 ERROR neutron_lib.callbacks.manager
File "/var/lib/openstack/lib/python3.10/site-packages/ovsdbapp/backend/ovs_idl/__init__.py", line 235, in _lookup
2026-04-07 01:13:07.831 10 ERROR neutron_lib.callbacks.manager row = idlutils.row_by_value(self, rl.table, rl.column, record)
2026-04-07 01:13:07.831 10 ERROR neutron_lib.callbacks.manager
File "/var/lib/openstack/lib/python3.10/site-packages/ovsdbapp/backend/ovs_idl/idlutils.py", line 114, in row_by_value
2026-04-07 01:13:07.831 10 ERROR neutron_lib.callbacks.manager raise RowNotFound(table=table, col=column, match=match)
2026-04-07 01:13:07.831 10 ERROR neutron_lib.callbacks.manager ovsdbapp.backend.ovs_idl.idlutils.RowNotFound: Cannot find Logical_Router_Port with name=lrp-966410a5-f86e-4084-92b5-0a8e926b02df
2026-04-07 01:13:07.831 10 ERROR neutron_lib.callbacks.manager 
2026-04-07 01:13:07.838 9 INFO neutron.db.ovn_revision_numbers_db [None req-f9543b37-866a-4dad-8baa-eb3fbf3e386f - - - - - -] Successfully bumped revision number for resource 966410a5-f86e-4084-92b5-0a8e926b02df (type: ports) to 3
2026-04-07 01:13:07.841 9 INFO neutron.db.ovn_revision_numbers_db [None req-3d47cfce-c6fc-4643-83f0-c56e0b6f5740 47e66169c00a4bc68fcddad7a89d719f 7fd64088d16c4a4a8710a907fe3579ea - - default default] Successfully bumped revision number for resource b3953628-0f2c-475f-9e58-2fbc3dc62b62 (type: networks) to 1
2026-04-07 01:13:07.850 9 INFO neutron.wsgi [None req-c4565b3e-cbf2-4db8-8e2d-bebf02a14853 dc35760bae544eddadfd48d264f8e1e4 1e312ab7abc54abea284063e58060ebd - - default default] 10.0.0.154 "DELETE /v2.0/security-groups/08ab7fc5-571d-46a6-b58f-e9955d66f7e0 HTTP/1.1" status: 204 len: 168 time: 0.7593648
2026-04-07 01:13:07.939 10 INFO neutron.db.l3_db [req-457f8648-d18e-48d8-85fd-bfd7d8fb67f0 req-27b6dee6-54be-460c-a012-5dcfe6758981 c2945e55e1604606a259abb05e2974c1 6b821195bb90456f9df4d4234073d017 - - default default] Floating IP 39f426b8-5664-4fec-a32d-af29f5af0481 disassociated. External IP: 10.96.250.214, port: 30d69a48-cb8b-4ca9-862c-fac8d58e2e28. /var/lib/openstack/lib/python3.10/site-packages/pycadf/identifier.py:71: UserWarning: Invalid uuid: neutron. To ensure interoperability, identifiers should be a valid uuid. warnings.warn(('Invalid uuid: %s. To ensure interoperability, '
2026-04-07 01:13:08.013 9 ERROR ovsdbapp.backend.ovs_idl.command [None req-f9543b37-866a-4dad-8baa-eb3fbf3e386f - - - - - -] Error executing command (DbGetCommand): ovsdbapp.backend.ovs_idl.idlutils.RowNotFound: Cannot find Logical_Router_Port with name=lrp-966410a5-f86e-4084-92b5-0a8e926b02df
2026-04-07 01:13:08.013 9 ERROR ovsdbapp.backend.ovs_idl.command
Traceback (most recent call last):
2026-04-07 01:13:08.013 9 ERROR ovsdbapp.backend.ovs_idl.command
File "/var/lib/openstack/lib/python3.10/site-packages/ovsdbapp/backend/ovs_idl/command.py", line 47, in execute
2026-04-07 01:13:08.013 9 ERROR ovsdbapp.backend.ovs_idl.command self.run_idl(None)
2026-04-07 01:13:08.013 9 ERROR ovsdbapp.backend.ovs_idl.command
File "/var/lib/openstack/lib/python3.10/site-packages/ovsdbapp/backend/ovs_idl/command.py", line 235, in run_idl
2026-04-07 01:13:08.013 9 ERROR ovsdbapp.backend.ovs_idl.command record = self.api.lookup(self.table, self.record)
2026-04-07 01:13:08.013 9 ERROR ovsdbapp.backend.ovs_idl.command
File "/var/lib/openstack/lib/python3.10/site-packages/ovsdbapp/backend/ovs_idl/__init__.py", line 184, in lookup
2026-04-07 01:13:08.013 9 ERROR ovsdbapp.backend.ovs_idl.command return self._lookup(table, record)
2026-04-07 01:13:08.013 9 ERROR ovsdbapp.backend.ovs_idl.command
File "/var/lib/openstack/lib/python3.10/site-packages/ovsdbapp/backend/ovs_idl/__init__.py", line 235, in _lookup
2026-04-07 01:13:08.013 9 ERROR ovsdbapp.backend.ovs_idl.command row = idlutils.row_by_value(self, rl.table, rl.column, record)
2026-04-07 01:13:08.013 9 ERROR ovsdbapp.backend.ovs_idl.command
File "/var/lib/openstack/lib/python3.10/site-packages/ovsdbapp/backend/ovs_idl/idlutils.py", line 114, in row_by_value
2026-04-07 01:13:08.013 9 ERROR ovsdbapp.backend.ovs_idl.command raise RowNotFound(table=table, col=column, match=match)
2026-04-07 01:13:08.013 9 ERROR ovsdbapp.backend.ovs_idl.command ovsdbapp.backend.ovs_idl.idlutils.RowNotFound: Cannot find Logical_Router_Port with name=lrp-966410a5-f86e-4084-92b5-0a8e926b02df
2026-04-07 01:13:08.013 9 ERROR ovsdbapp.backend.ovs_idl.command 
2026-04-07 01:13:08.014 9 ERROR neutron_lib.callbacks.manager [None req-f9543b37-866a-4dad-8baa-eb3fbf3e386f - - - - - -] Error during notification for neutron.services.ovn_l3.plugin.OVNL3RouterPlugin._port_update-8757716897510 port, after_update: ovsdbapp.backend.ovs_idl.idlutils.RowNotFound: Cannot find Logical_Router_Port with name=lrp-966410a5-f86e-4084-92b5-0a8e926b02df
2026-04-07 01:13:08.014 9 ERROR neutron_lib.callbacks.manager
Traceback (most recent call last):
2026-04-07 01:13:08.014 9 ERROR neutron_lib.callbacks.manager
File "/var/lib/openstack/lib/python3.10/site-packages/neutron_lib/callbacks/manager.py", line 189, in _notify_loop
2026-04-07 01:13:08.014 9 ERROR neutron_lib.callbacks.manager callback.method(resource, event, trigger, payload=payload)
2026-04-07 01:13:08.014 9 ERROR neutron_lib.callbacks.manager
File "/var/lib/openstack/lib/python3.10/site-packages/neutron/services/ovn_l3/plugin.py", line 391, in _port_update
2026-04-07 01:13:08.014 9 ERROR neutron_lib.callbacks.manager l3plugin._ovn_client.update_router_port(context,
2026-04-07 01:13:08.014 9 ERROR neutron_lib.callbacks.manager
File "/var/lib/openstack/lib/python3.10/site-packages/neutron/plugins/ml2/drivers/ovn/mech_driver/ovsdb/ovn_client.py", line 1878, in update_router_port
2026-04-07 01:13:08.014 9 ERROR neutron_lib.callbacks.manager self._update_lrouter_port(context, port, if_exists=if_exists,
2026-04-07 01:13:08.014 9 ERROR neutron_lib.callbacks.manager
File "/var/lib/openstack/lib/python3.10/site-packages/neutron/plugins/ml2/drivers/ovn/mech_driver/ovsdb/ovn_client.py", line 1855, in _update_lrouter_port
2026-04-07 01:13:08.014 9 ERROR neutron_lib.callbacks.manager external_ids = self._nb_idl.db_get(
2026-04-07 01:13:08.014 9 ERROR neutron_lib.callbacks.manager
File "/var/lib/openstack/lib/python3.10/site-packages/ovsdbapp/backend/ovs_idl/command.py", line 47, in execute
2026-04-07 01:13:08.014 9 ERROR neutron_lib.callbacks.manager self.run_idl(None)
2026-04-07 01:13:08.014 9 ERROR neutron_lib.callbacks.manager
File "/var/lib/openstack/lib/python3.10/site-packages/ovsdbapp/backend/ovs_idl/command.py", line 235, in run_idl
2026-04-07 01:13:08.014 9 ERROR neutron_lib.callbacks.manager record = self.api.lookup(self.table, self.record)
2026-04-07 01:13:08.014 9 ERROR neutron_lib.callbacks.manager
File "/var/lib/openstack/lib/python3.10/site-packages/ovsdbapp/backend/ovs_idl/__init__.py", line 184, in lookup
2026-04-07 01:13:08.014 9 ERROR neutron_lib.callbacks.manager return self._lookup(table, record)
2026-04-07 01:13:08.014 9 ERROR neutron_lib.callbacks.manager
File "/var/lib/openstack/lib/python3.10/site-packages/ovsdbapp/backend/ovs_idl/__init__.py", line 235, in _lookup
2026-04-07 01:13:08.014 9 ERROR neutron_lib.callbacks.manager row = idlutils.row_by_value(self, rl.table, rl.column, record)
2026-04-07 01:13:08.014 9 ERROR neutron_lib.callbacks.manager
File "/var/lib/openstack/lib/python3.10/site-packages/ovsdbapp/backend/ovs_idl/idlutils.py", line 114, in row_by_value
2026-04-07 01:13:08.014 9 ERROR neutron_lib.callbacks.manager raise RowNotFound(table=table, col=column, match=match)
2026-04-07 01:13:08.014 9 ERROR neutron_lib.callbacks.manager ovsdbapp.backend.ovs_idl.idlutils.RowNotFound: Cannot find Logical_Router_Port with name=lrp-966410a5-f86e-4084-92b5-0a8e926b02df
2026-04-07 01:13:08.014 9 ERROR neutron_lib.callbacks.manager 
2026-04-07 01:13:08.138 10 INFO neutron.wsgi [req-457f8648-d18e-48d8-85fd-bfd7d8fb67f0 req-27b6dee6-54be-460c-a012-5dcfe6758981 c2945e55e1604606a259abb05e2974c1 6b821195bb90456f9df4d4234073d017 - - default default] 199.204.45.122 "DELETE /v2.0/ports/30d69a48-cb8b-4ca9-862c-fac8d58e2e28 HTTP/1.1" status: 204 len: 173 time: 0.9266040
2026-04-07 01:13:08.142 10 INFO neutron.db.ovn_revision_numbers_db [None req-63fcb7b2-6448-4880-99dc-6303f288c183 daa516f394d24a759331b9959f2efb45 dfc25c7012344b62ba9e285f854c66e6 - - default default] Successfully bumped revision number for resource 966410a5-f86e-4084-92b5-0a8e926b02df (type: ports) to 3
2026-04-07 01:13:08.180 10 INFO neutron.wsgi [-] 10.0.0.184 "GET / HTTP/1.1" status: 200 len: 246 time: 0.0019095
2026-04-07 01:13:08.182 10 INFO neutron.wsgi [-] 10.0.0.184 "GET / HTTP/1.1" status: 200 len: 246 time: 0.0012372
2026-04-07 01:13:08.217 9 WARNING neutron.scheduler.dhcp_agent_scheduler [None req-3d47cfce-c6fc-4643-83f0-c56e0b6f5740 47e66169c00a4bc68fcddad7a89d719f 7fd64088d16c4a4a8710a907fe3579ea - - default default] No more DHCP agents
2026-04-07 01:13:08.224 9 WARNING neutron.api.rpc.agentnotifiers.dhcp_rpc_agent_api [None req-3d47cfce-c6fc-4643-83f0-c56e0b6f5740 47e66169c00a4bc68fcddad7a89d719f 7fd64088d16c4a4a8710a907fe3579ea - - default default] Unable to schedule network b3953628-0f2c-475f-9e58-2fbc3dc62b62: no agents available; will retry on subsequent port and subnet creation events.
2026-04-07 01:13:08.244 10 WARNING neutron.scheduler.dhcp_agent_scheduler [None req-63fcb7b2-6448-4880-99dc-6303f288c183 daa516f394d24a759331b9959f2efb45 dfc25c7012344b62ba9e285f854c66e6 - - default default] No more DHCP agents
2026-04-07 01:13:08.245 10 WARNING neutron.api.rpc.agentnotifiers.dhcp_rpc_agent_api [None req-63fcb7b2-6448-4880-99dc-6303f288c183 daa516f394d24a759331b9959f2efb45 dfc25c7012344b62ba9e285f854c66e6 - - default default] Unable to schedule network f7e6cd34-2803-44af-a402-4b4029a8c8a9: no agents available; will retry on subsequent port and subnet creation events.
2026-04-07 01:13:08.271 9 INFO neutron.wsgi [req-47d29ae7-b4c5-49e9-be13-3596b324a2da req-cbe2a0a3-ca50-4d2c-ab43-b93535c1234f c2945e55e1604606a259abb05e2974c1 6b821195bb90456f9df4d4234073d017 - - default default] 10.0.0.136 "GET /v2.0/ports?device_id=761b4b7f-76ee-4496-a0e2-43306d872009 HTTP/1.1" status: 200 len: 1168 time: 0.2295923
2026-04-07 01:13:08.287 9 INFO neutron.db.ovn_revision_numbers_db [None req-489fc4a1-18bc-4eed-ba83-888c2eadd8bf dc35760bae544eddadfd48d264f8e1e4 1e312ab7abc54abea284063e58060ebd - - default default] Successfully bumped revision number for resource 9b465a01-3daa-4201-b5eb-2e86b5da1364 (type: security_groups) to 1
2026-04-07 01:13:08.294 10 INFO neutron.notifiers.nova [-] Nova event matching ['req-69fe1b4d-52c8-4e82-b21f-090cc2d3ee94'] response: {'name': 'network-changed', 'server_uuid': '761b4b7f-76ee-4496-a0e2-43306d872009', 'tag': '30d69a48-cb8b-4ca9-862c-fac8d58e2e28', 'status': 'completed', 'code': 200}
2026-04-07 01:13:08.294 10 INFO neutron.notifiers.nova [-] Nova event matching ['req-69fe1b4d-52c8-4e82-b21f-090cc2d3ee94'] response: {'server_uuid': '761b4b7f-76ee-4496-a0e2-43306d872009', 'name': 'network-vif-unplugged', 'status': 'completed', 'tag': '30d69a48-cb8b-4ca9-862c-fac8d58e2e28', 'code': 200}
2026-04-07 01:13:08.294 10 INFO neutron.notifiers.nova [-] Nova event matching ['req-69fe1b4d-52c8-4e82-b21f-090cc2d3ee94'] response: {'server_uuid': '761b4b7f-76ee-4496-a0e2-43306d872009', 'name': 'network-vif-unplugged', 'status': 'completed', 'tag': '30d69a48-cb8b-4ca9-862c-fac8d58e2e28', 'code': 200}
2026-04-07 01:13:08.295 10 INFO neutron.notifiers.nova [-] Nova event matching ['req-69fe1b4d-52c8-4e82-b21f-090cc2d3ee94'] response: {'server_uuid': '761b4b7f-76ee-4496-a0e2-43306d872009', 'name': 'network-vif-deleted', 'tag': '30d69a48-cb8b-4ca9-862c-fac8d58e2e28', 'status': 'completed', 'code': 200}
2026-04-07 01:13:08.317 9 INFO neutron.db.ovn_revision_numbers_db [None req-489fc4a1-18bc-4eed-ba83-888c2eadd8bf dc35760bae544eddadfd48d264f8e1e4 1e312ab7abc54abea284063e58060ebd - - default default] Successfully bumped revision number for resource 4469363f-52ef-4afb-9d88-33cacb253af3 (type: security_group_rules) to 0 /var/lib/openstack/lib/python3.10/site-packages/pycadf/identifier.py:71: UserWarning: Invalid uuid: neutron. To ensure interoperability, identifiers should be a valid uuid. warnings.warn(('Invalid uuid: %s. To ensure interoperability, '
2026-04-07 01:13:08.342 10 INFO neutron.wsgi [req-068922bd-8961-4f02-a6ce-53f9039f7e10 req-d8166dda-5b3c-4100-9183-8708a498d63a 2426283c74ff431aa9164d5fcca4c91d 2e50f0f865df492ba6e9176720962798 - - 94fea3911c3249d7b72d093d27ede76e 94fea3911c3249d7b72d093d27ede76e] 199.204.45.122 "GET /v2.0/ports?tenant_id=6b821195bb90456f9df4d4234073d017&device_id=761b4b7f-76ee-4496-a0e2-43306d872009 HTTP/1.1" status: 200 len: 210 time: 0.0266759
2026-04-07 01:13:08.344 9 INFO neutron.wsgi [req-47d29ae7-b4c5-49e9-be13-3596b324a2da req-d9473d0e-4efd-4603-a2fc-a77d6dce2453 c2945e55e1604606a259abb05e2974c1 6b821195bb90456f9df4d4234073d017 - - default default] 10.0.0.136 "GET /v2.0/security-groups?id=ed3afe91-64a5-4a23-9e7d-1a9ccf748cd3&fields=id&fields=name HTTP/1.1" status: 200 len: 313 time: 0.0636902
2026-04-07 01:13:08.346 9 INFO neutron.db.ovn_revision_numbers_db [None req-489fc4a1-18bc-4eed-ba83-888c2eadd8bf dc35760bae544eddadfd48d264f8e1e4 1e312ab7abc54abea284063e58060ebd - - default default] Successfully bumped revision number for resource 835b7689-1bb9-4bf6-8538-8df56550bcf1 (type: security_group_rules) to 0
2026-04-07 01:13:08.359 9 INFO neutron.db.ovn_revision_numbers_db [None req-3d47cfce-c6fc-4643-83f0-c56e0b6f5740 47e66169c00a4bc68fcddad7a89d719f 7fd64088d16c4a4a8710a907fe3579ea - - default default] Successfully bumped revision number for resource 0fffe9b9-8454-4823-ae0b-157f7ee7266c (type: ports) to 1
2026-04-07 01:13:08.365 9 INFO neutron.db.ovn_revision_numbers_db [None req-489fc4a1-18bc-4eed-ba83-888c2eadd8bf dc35760bae544eddadfd48d264f8e1e4 1e312ab7abc54abea284063e58060ebd - - default default] Successfully bumped revision number for resource b5cdbce4-5ecf-48ea-9f92-b057b5d1d1b6 (type: security_group_rules) to 0
2026-04-07 01:13:08.384 9 INFO neutron.db.ovn_revision_numbers_db [None req-489fc4a1-18bc-4eed-ba83-888c2eadd8bf dc35760bae544eddadfd48d264f8e1e4 1e312ab7abc54abea284063e58060ebd - - default default] Successfully bumped revision number for resource d59ba4e6-acaa-4d71-ad04-bd2f47f56a22 (type: security_group_rules) to 0
2026-04-07 01:13:08.391 9 INFO neutron.wsgi [None req-3d47cfce-c6fc-4643-83f0-c56e0b6f5740 47e66169c00a4bc68fcddad7a89d719f 7fd64088d16c4a4a8710a907fe3579ea - - default default] 10.0.0.154 "POST /v2.0/networks HTTP/1.1" status: 201 len: 853 time: 0.9503121
2026-04-07 01:13:08.407 9 WARNING neutron_lib.context [None req-dedf48db-4437-497a-b31c-23ca7e36d4c2 47e66169c00a4bc68fcddad7a89d719f 7fd64088d16c4a4a8710a907fe3579ea - - default default] Method 'is_advsvc' is deprecated since 2023.2 release (neutron-lib 3.8.0) and will be removed once support for the old RBAC API policies will be removed from Neutron. Please use method 'is_service_role' instead.
2026-04-07 01:13:08.425 9 INFO neutron.wsgi [None req-489fc4a1-18bc-4eed-ba83-888c2eadd8bf dc35760bae544eddadfd48d264f8e1e4 1e312ab7abc54abea284063e58060ebd - - default default] 10.0.0.154 "GET /v2.0/security-groups?tenant_id=0722663fcd914b34bbba343d66568f03&name=default HTTP/1.1" status: 200 len: 3120 time: 0.4823565
