2026-04-07 01:12:50.378 10 WARNING neutron.api.rpc.agentnotifiers.dhcp_rpc_agent_api [None req-d3861003-2bca-43c8-8094-1047a4423342 0818ee7b38924554996bfd1958c23983 1b55cde64d7643908ad6283410ea79e9 - - default default] Unable to schedule network 887f26e6-7a31-4e15-ae96-239cb4a21c3e: no agents available; will retry on subsequent port and subnet creation events.
2026-04-07 01:12:50.589 10 INFO neutron.db.ovn_revision_numbers_db [None req-d3861003-2bca-43c8-8094-1047a4423342 0818ee7b38924554996bfd1958c23983 1b55cde64d7643908ad6283410ea79e9 - - default default] Successfully bumped revision number for resource 0e8ab297-17a2-4740-b58e-4d61df1f9f7b (type: ports) to 1
2026-04-07 01:12:50.619 10 INFO neutron.wsgi [None req-d3861003-2bca-43c8-8094-1047a4423342 0818ee7b38924554996bfd1958c23983 1b55cde64d7643908ad6283410ea79e9 - - default default] 10.0.0.154 "POST /v2.0/ports HTTP/1.1" status: 201 len: 1158 time: 0.6140840 /var/lib/openstack/lib/python3.10/site-packages/pycadf/identifier.py:71: UserWarning: Invalid uuid: neutron. To ensure interoperability, identifiers should be a valid uuid. warnings.warn(('Invalid uuid: %s. To ensure interoperability, '
2026-04-07 01:12:50.630 10 WARNING neutron_lib.context [None req-84c85e93-de9f-45d9-8f76-7b21cb0c779a 0818ee7b38924554996bfd1958c23983 1b55cde64d7643908ad6283410ea79e9 - - default default] Method 'is_advsvc' is deprecated since 2023.2 release (neutron-lib 3.8.0) and will be removed once support for the old RBAC API policies will be removed from Neutron. Please use method 'is_service_role' instead.
2026-04-07 01:12:50.715 10 INFO neutron.wsgi [None req-4f2499e0-801f-4f51-87d5-41649a5e4ab1 daa516f394d24a759331b9959f2efb45 dfc25c7012344b62ba9e285f854c66e6 - - default default] 10.0.0.154 "GET /v2.0/ports/f3335592-ac31-4622-9bb0-06727f7f03b0 HTTP/1.1" status: 200 len: 1135 time: 0.0499740
2026-04-07 01:12:50.945 10 WARNING neutron.scheduler.dhcp_agent_scheduler [None req-84c85e93-de9f-45d9-8f76-7b21cb0c779a 0818ee7b38924554996bfd1958c23983 1b55cde64d7643908ad6283410ea79e9 - - default default] No more DHCP agents
2026-04-07 01:12:50.947 10 WARNING neutron.api.rpc.agentnotifiers.dhcp_rpc_agent_api [None req-84c85e93-de9f-45d9-8f76-7b21cb0c779a 0818ee7b38924554996bfd1958c23983 1b55cde64d7643908ad6283410ea79e9 - - default default] Unable to schedule network 543c9a89-0820-4f46-bd87-04b90bfd4ca5: no agents available; will retry on subsequent port and subnet creation events.
2026-04-07 01:12:51.106 9 INFO neutron.wsgi [req-ddb1e9ff-d015-496f-9168-c2b3d7acdeb1 req-5737fca5-fac0-41e8-a19c-c04fc2e02291 c2945e55e1604606a259abb05e2974c1 6b821195bb90456f9df4d4234073d017 - - default default] 10.0.0.136 "GET /v2.0/ports?device_id=761b4b7f-76ee-4496-a0e2-43306d872009 HTTP/1.1" status: 200 len: 1168 time: 0.0907228
2026-04-07 01:12:51.155 9 INFO neutron.wsgi [req-ddb1e9ff-d015-496f-9168-c2b3d7acdeb1 req-e0dd770b-de2d-445d-a3cb-f57f02ee7af4 c2945e55e1604606a259abb05e2974c1 6b821195bb90456f9df4d4234073d017 - - default default] 10.0.0.136 "GET /v2.0/security-groups?id=ed3afe91-64a5-4a23-9e7d-1a9ccf748cd3&fields=id&fields=name HTTP/1.1" status: 200 len: 313 time: 0.0413260
2026-04-07 01:12:51.569 10 INFO neutron.wsgi [req-5db9257f-2315-44ef-9920-bbc74e7588c9 req-149406ce-a01f-4acd-b4ee-ef081d334971 bb39991f475b4cabbeaaa6b815a152fc 9719024759894418970a7b3dbfa6e060 - - default default] 10.0.0.136 "GET /v2.0/ports?device_id=b2232dc2-841f-4338-bab1-473826d14c88 HTTP/1.1" status: 200 len: 1170 time: 0.1264050
2026-04-07 01:12:51.632 10 INFO neutron.wsgi [req-5db9257f-2315-44ef-9920-bbc74e7588c9 req-c2af2098-ba29-4243-bae8-4cbb45439be5 bb39991f475b4cabbeaaa6b815a152fc 9719024759894418970a7b3dbfa6e060 - - default default] 10.0.0.136 "GET /v2.0/security-groups?id=1ba5f8b6-11aa-4211-a662-007b0cca40f9&fields=id&fields=name HTTP/1.1" status: 200 len: 313 time: 0.0525854
2026-04-07 01:12:51.769 10 INFO neutron.wsgi [None req-c2315fc3-8094-44a2-8010-bfc54b56765f daa516f394d24a759331b9959f2efb45 dfc25c7012344b62ba9e285f854c66e6 - - default default] 10.0.0.154 "GET /v2.0/ports/f3335592-ac31-4622-9bb0-06727f7f03b0 HTTP/1.1" status: 200 len: 1135 time: 0.0445571
2026-04-07 01:12:51.770 10 INFO neutron.db.ovn_revision_numbers_db [None req-84c85e93-de9f-45d9-8f76-7b21cb0c779a 0818ee7b38924554996bfd1958c23983 1b55cde64d7643908ad6283410ea79e9 - - default default] Successfully bumped revision number for resource d570fca2-ac47-4e65-b9ff-aca879465a92 (type: floatingips) to -1
2026-04-07 01:12:51.816 9 INFO neutron.wsgi [None req-fa4297b7-d454-44d8-8a6b-1530cd86039f dc35760bae544eddadfd48d264f8e1e4 1e312ab7abc54abea284063e58060ebd - - default default] 10.0.0.165 "GET /v2.0/ports HTTP/1.1" status: 200 len: 26453 time: 0.2045455 /var/lib/openstack/lib/python3.10/site-packages/pycadf/identifier.py:71: UserWarning: Invalid uuid: neutron. To ensure interoperability, identifiers should be a valid uuid. warnings.warn(('Invalid uuid: %s. To ensure interoperability, '
2026-04-07 01:12:51.862 10 INFO neutron.wsgi [req-e769cb1f-340c-4450-80f2-d3b6b139fb38 req-61d35587-2073-4583-8aae-38f823f4c0bb bb39991f475b4cabbeaaa6b815a152fc 9719024759894418970a7b3dbfa6e060 - - default default] 10.0.0.136 "GET /v2.0/ports?device_id=b2232dc2-841f-4338-bab1-473826d14c88 HTTP/1.1" status: 200 len: 1170 time: 0.0519392
2026-04-07 01:12:51.927 10 INFO neutron.wsgi [req-e769cb1f-340c-4450-80f2-d3b6b139fb38 req-5c15c4e7-b9b6-45d9-b5ac-50083819e771 bb39991f475b4cabbeaaa6b815a152fc 9719024759894418970a7b3dbfa6e060 - - default default] 10.0.0.136 "GET /v2.0/security-groups?id=1ba5f8b6-11aa-4211-a662-007b0cca40f9&fields=id&fields=name HTTP/1.1" status: 200 len: 313 time: 0.0503352
2026-04-07 01:12:51.967 10 INFO neutron.db.ovn_revision_numbers_db [None req-84c85e93-de9f-45d9-8f76-7b21cb0c779a 0818ee7b38924554996bfd1958c23983 1b55cde64d7643908ad6283410ea79e9 - - default default] Successfully bumped revision number for resource d570fca2-ac47-4e65-b9ff-aca879465a92 (type: floatingips) to 1
2026-04-07 01:12:51.967 10 INFO neutron.db.l3_db [None req-84c85e93-de9f-45d9-8f76-7b21cb0c779a 0818ee7b38924554996bfd1958c23983 1b55cde64d7643908ad6283410ea79e9 - - default default] Floating IP d570fca2-ac47-4e65-b9ff-aca879465a92 associated. External IP: 10.96.250.215, port: 0e8ab297-17a2-4740-b58e-4d61df1f9f7b.
2026-04-07 01:12:52.014 9 INFO neutron.wsgi [None req-bab6e6b4-b7a6-4ce1-a6c4-b0eedc673437 dc35760bae544eddadfd48d264f8e1e4 1e312ab7abc54abea284063e58060ebd - - default default] 10.0.0.165 "GET /v2.0/networks HTTP/1.1" status: 200 len: 6120 time: 0.1850989
2026-04-07 01:12:52.038 10 INFO neutron.wsgi [None req-84c85e93-de9f-45d9-8f76-7b21cb0c779a 0818ee7b38924554996bfd1958c23983 1b55cde64d7643908ad6283410ea79e9 - - default default] 10.0.0.154 "POST /v2.0/floatingips HTTP/1.1" status: 201 len: 1042 time: 1.4140067
2026-04-07 01:12:52.057 9 INFO neutron.wsgi [None req-cd5aa41e-ed1c-4d6f-8820-a6c749ae0ca5 dc35760bae544eddadfd48d264f8e1e4 1e312ab7abc54abea284063e58060ebd - - default default] 10.0.0.165 "GET /v2.0/agents HTTP/1.1" status: 200 len: 1390 time: 0.0278621
2026-04-07 01:12:52.125 9 INFO neutron.wsgi [None req-a272afc7-d4a3-4632-8648-ef736987afd6 dc35760bae544eddadfd48d264f8e1e4 1e312ab7abc54abea284063e58060ebd - - default default] 10.0.0.165 "GET /v2.0/security-groups HTTP/1.1" status: 200 len: 34925 time: 0.0643229
2026-04-07 01:12:52.184 9 INFO neutron.wsgi [None req-e34ce631-02ce-48d1-ad00-f77398097bf8 dc35760bae544eddadfd48d264f8e1e4 1e312ab7abc54abea284063e58060ebd - - default default] 10.0.0.165 "GET /v2.0/subnets HTTP/1.1" status: 200 len: 4582 time: 0.0531287
2026-04-07 01:12:52.212 10 INFO neutron.wsgi [req-9f6258c6-35a6-4cc1-acd5-4e93114442b5 req-43ee9e85-c290-4944-a4aa-393877b187f7 bb39991f475b4cabbeaaa6b815a152fc 9719024759894418970a7b3dbfa6e060 - - default default] 199.204.45.122 "GET /v2.0/ports?device_id=b2232dc2-841f-4338-bab1-473826d14c88 HTTP/1.1" status: 200 len: 1170 time: 0.0613081
2026-04-07 01:12:52.227 9 INFO neutron.wsgi [None req-be669820-baa1-4b32-aaca-f31b4481151a dc35760bae544eddadfd48d264f8e1e4 1e312ab7abc54abea284063e58060ebd - - default default] 10.0.0.165 "GET /v2.0/subnets HTTP/1.1" status: 200 len: 4582 time: 0.0424170
2026-04-07 01:12:52.279 9 INFO neutron.wsgi [None req-ff9d5f71-a504-4b91-9eee-de944abc36a3 dc35760bae544eddadfd48d264f8e1e4 1e312ab7abc54abea284063e58060ebd - - default default] 10.0.0.165 "GET /v2.0/subnetpools HTTP/1.1" status: 200 len: 193 time: 0.0482769
2026-04-07 01:12:52.282 10 INFO neutron.db.ovn_revision_numbers_db [None req-5a0d38c8-340e-411a-813a-e9d447db9d03 0818ee7b38924554996bfd1958c23983 1b55cde64d7643908ad6283410ea79e9 - - default default] Successfully bumped revision number for resource d570fca2-ac47-4e65-b9ff-aca879465a92 (type: floatingips) to 2 /var/lib/openstack/lib/python3.10/site-packages/pycadf/identifier.py:71: UserWarning: Invalid uuid: neutron. To ensure interoperability, identifiers should be a valid uuid. warnings.warn(('Invalid uuid: %s. To ensure interoperability, '
2026-04-07 01:12:52.303 10 WARNING neutron.plugins.ml2.drivers.ovn.mech_driver.ovsdb.ovn_client [None req-7f8db63c-a6c3-4e2c-bd8a-ef44ef7ee712 - - - - - -] No hosting information found for port e2f6e15f-9e13-4f21-8955-4725a2ef23b7: RuntimeError: No hosting information found for port e2f6e15f-9e13-4f21-8955-4725a2ef23b7
2026-04-07 01:12:52.303 10 INFO neutron.plugins.ml2.drivers.ovn.mech_driver.mech_driver [None req-7f8db63c-a6c3-4e2c-bd8a-ef44ef7ee712 - - - - - -] OVN reports status up for port: 78621061-19ad-4ff1-8f1d-88848bfa51a9
2026-04-07 01:12:52.327 9 INFO neutron.wsgi [req-bda26216-d8be-4620-bce7-200069de5050 req-59b83f5b-4010-4c8f-add1-792d4e22a02f c2945e55e1604606a259abb05e2974c1 6b821195bb90456f9df4d4234073d017 - - default default] 10.0.0.136 "GET /v2.0/ports?device_id=761b4b7f-76ee-4496-a0e2-43306d872009 HTTP/1.1" status: 200 len: 1168 time: 0.0975382
2026-04-07 01:12:52.337 10 INFO neutron.plugins.ml2.plugin [None req-7f8db63c-a6c3-4e2c-bd8a-ef44ef7ee712 - - - - - -] Attempt 1 to provision port 78621061-19ad-4ff1-8f1d-88848bfa51a9
2026-04-07 01:12:52.359 9 INFO neutron.wsgi [None req-b93e066b-f5ea-41b0-a0de-18e62500443d dc35760bae544eddadfd48d264f8e1e4 1e312ab7abc54abea284063e58060ebd - - default default] 10.0.0.165 "GET /v2.0/floatingips HTTP/1.1" status: 200 len: 2114 time: 0.0778067
2026-04-07 01:12:52.384 10 INFO neutron.db.l3_db [None req-5a0d38c8-340e-411a-813a-e9d447db9d03 0818ee7b38924554996bfd1958c23983 1b55cde64d7643908ad6283410ea79e9 - - default default] Floating IP d570fca2-ac47-4e65-b9ff-aca879465a92 disassociated. External IP: 10.96.250.215, port: 0e8ab297-17a2-4740-b58e-4d61df1f9f7b.
2026-04-07 01:12:52.410 9 INFO neutron.wsgi [req-bda26216-d8be-4620-bce7-200069de5050 req-27923671-bf28-44f3-bfe6-93d4c5847eb6 c2945e55e1604606a259abb05e2974c1 6b821195bb90456f9df4d4234073d017 - - default default] 10.0.0.136 "GET /v2.0/security-groups?id=ed3afe91-64a5-4a23-9e7d-1a9ccf748cd3&fields=id&fields=name HTTP/1.1" status: 200 len: 313 time: 0.0756228
2026-04-07 01:12:52.454 10 INFO neutron.wsgi [None req-5a0d38c8-340e-411a-813a-e9d447db9d03 0818ee7b38924554996bfd1958c23983 1b55cde64d7643908ad6283410ea79e9 - - default default] 10.0.0.154 "PUT /v2.0/floatingips/d570fca2-ac47-4e65-b9ff-aca879465a92 HTTP/1.1" status: 200 len: 748 time: 0.4097195
2026-04-07 01:12:52.509 9 INFO neutron.wsgi [None req-55769193-815b-4f65-856d-0a8ce4e91644 dc35760bae544eddadfd48d264f8e1e4 1e312ab7abc54abea284063e58060ebd - - default default] 10.0.0.165 "GET /v2.0/routers HTTP/1.1" status: 200 len: 3690 time: 0.1480873
2026-04-07 01:12:52.533 9 INFO neutron.wsgi [None req-fb014726-5862-430a-ab52-a9ccaa88c4fd dc35760bae544eddadfd48d264f8e1e4 1e312ab7abc54abea284063e58060ebd - - default default] 10.0.0.165 "GET /v2.0/agents?binary=ovn-controller HTTP/1.1" status: 200 len: 591 time: 0.0142329
2026-04-07 01:12:52.556 9 INFO neutron.wsgi [None req-c9e53222-23f5-4ffc-9507-25db4acb0425 dc35760bae544eddadfd48d264f8e1e4 1e312ab7abc54abea284063e58060ebd - - default default] 10.0.0.165 "GET /v2.0/network-ip-availabilities HTTP/1.1" status: 200 len: 3495 time: 0.0212619 /var/lib/openstack/lib/python3.10/site-packages/pycadf/identifier.py:71: UserWarning: Invalid uuid: neutron. To ensure interoperability, identifiers should be a valid uuid. warnings.warn(('Invalid uuid: %s. To ensure interoperability, '
2026-04-07 01:12:52.975 10 INFO neutron.db.l3_db [req-9f6258c6-35a6-4cc1-acd5-4e93114442b5 req-8762dfa1-f91d-4e9f-a5a7-fe7192574cad bb39991f475b4cabbeaaa6b815a152fc 9719024759894418970a7b3dbfa6e060 - - default default] Floating IP be119a89-9e71-4726-b8e8-2684383e6ae2 disassociated. External IP: 10.96.250.201, port: 80f139df-eb63-4acb-a2e3-2798394c744a.
2026-04-07 01:12:53.047 10 INFO neutron.wsgi [req-c4e28583-adb2-4c0f-90b6-d81a680d788c req-d9704bc2-b7c9-4b0b-8a33-c559d81d2a34 bb39991f475b4cabbeaaa6b815a152fc 9719024759894418970a7b3dbfa6e060 - - default default] 10.0.0.136 "GET /v2.0/ports?device_id=b2232dc2-841f-4338-bab1-473826d14c88 HTTP/1.1" status: 200 len: 1170 time: 0.0480471
2026-04-07 01:12:53.085 9 INFO neutron.wsgi [None req-44ca5fac-8947-4a26-83b6-c315d93ec102 daa516f394d24a759331b9959f2efb45 dfc25c7012344b62ba9e285f854c66e6 - - default default] 10.0.0.154 "GET /v2.0/ports/f3335592-ac31-4622-9bb0-06727f7f03b0 HTTP/1.1" status: 200 len: 1135 time: 0.3097632
2026-04-07 01:12:53.094 9 INFO neutron.wsgi [None req-fc55ae7e-4106-4241-bc1b-8afdb2de047c 0818ee7b38924554996bfd1958c23983 1b55cde64d7643908ad6283410ea79e9 - - default default] 10.0.0.154 "DELETE /v2.0/floatingips/d570fca2-ac47-4e65-b9ff-aca879465a92 HTTP/1.1" status: 204 len: 168 time: 0.6345930
2026-04-07 01:12:53.107 9 WARNING neutron_lib.context [None req-4c75bc93-a9ee-4a09-943d-807623ae2a04 0818ee7b38924554996bfd1958c23983 1b55cde64d7643908ad6283410ea79e9 - - default default] Method 'is_advsvc' is deprecated since 2023.2 release (neutron-lib 3.8.0) and will be removed once support for the old RBAC API policies will be removed from Neutron. Please use method 'is_service_role' instead.
2026-04-07 01:12:53.113 10 INFO neutron.wsgi [req-c4e28583-adb2-4c0f-90b6-d81a680d788c req-cecbf222-aae5-4ca9-9547-a471f485a40a bb39991f475b4cabbeaaa6b815a152fc 9719024759894418970a7b3dbfa6e060 - - default default] 10.0.0.136 "GET /v2.0/security-groups?id=1ba5f8b6-11aa-4211-a662-007b0cca40f9&fields=id&fields=name HTTP/1.1" status: 200 len: 313 time: 0.0580976
2026-04-07 01:12:53.134 10 INFO neutron.wsgi [req-9f6258c6-35a6-4cc1-acd5-4e93114442b5 req-8762dfa1-f91d-4e9f-a5a7-fe7192574cad bb39991f475b4cabbeaaa6b815a152fc 9719024759894418970a7b3dbfa6e060 - - default default] 199.204.45.122 "DELETE /v2.0/ports/80f139df-eb63-4acb-a2e3-2798394c744a HTTP/1.1" status: 204 len: 173 time: 0.9152136
2026-04-07 01:12:53.180 10 INFO neutron.wsgi [-] 10.0.0.184 "GET / HTTP/1.1" status: 200 len: 246 time: 0.0025394
2026-04-07 01:12:53.181 9 INFO neutron.wsgi [-] 10.0.0.184 "GET / HTTP/1.1" status: 200 len: 246 time: 0.0023665
2026-04-07 01:12:53.182 10 INFO neutron.notifiers.nova [-] Nova event matching ['req-5e0b8a5a-c856-4e60-b5c1-7ee21a8df970'] response: {'server_uuid': 'b2232dc2-841f-4338-bab1-473826d14c88', 'name': 'network-vif-deleted', 'tag': '80f139df-eb63-4acb-a2e3-2798394c744a', 'status': 'completed', 'code': 200}
2026-04-07 01:12:53.427 9 WARNING neutron.scheduler.dhcp_agent_scheduler [None req-4c75bc93-a9ee-4a09-943d-807623ae2a04 0818ee7b38924554996bfd1958c23983 1b55cde64d7643908ad6283410ea79e9 - - default default] No more DHCP agents
2026-04-07 01:12:53.430 9 WARNING neutron.api.rpc.agentnotifiers.dhcp_rpc_agent_api [None req-4c75bc93-a9ee-4a09-943d-807623ae2a04 0818ee7b38924554996bfd1958c23983 1b55cde64d7643908ad6283410ea79e9 - - default default] Unable to schedule network 543c9a89-0820-4f46-bd87-04b90bfd4ca5: no agents available; will retry on subsequent port and subnet creation events.
2026-04-07 01:12:53.522 10 INFO neutron.wsgi [req-3ec9b2be-263b-4e9e-a70a-08ac02da631d req-08ca94e7-f031-441e-8eb5-8e384c2afdda c2945e55e1604606a259abb05e2974c1 6b821195bb90456f9df4d4234073d017 - - default default] 10.0.0.136 "GET /v2.0/ports?device_id=761b4b7f-76ee-4496-a0e2-43306d872009 HTTP/1.1" status: 200 len: 1168 time: 0.0407507
2026-04-07 01:12:53.574 10 INFO neutron.wsgi [req-3ec9b2be-263b-4e9e-a70a-08ac02da631d req-06bfa1cb-7b24-4acb-8038-f2b2914bbdeb c2945e55e1604606a259abb05e2974c1 6b821195bb90456f9df4d4234073d017 - - default default] 10.0.0.136 "GET /v2.0/security-groups?id=ed3afe91-64a5-4a23-9e7d-1a9ccf748cd3&fields=id&fields=name HTTP/1.1" status: 200 len: 313 time: 0.0440271
2026-04-07 01:12:54.184 10 INFO neutron.wsgi [None req-0ab70ee0-12b5-4103-a798-d7071fc82bab daa516f394d24a759331b9959f2efb45 dfc25c7012344b62ba9e285f854c66e6 - - default default] 10.0.0.154 "GET /v2.0/ports/f3335592-ac31-4622-9bb0-06727f7f03b0 HTTP/1.1" status: 200 len: 1135 time: 0.0919526
2026-04-07 01:12:54.230 9 INFO neutron.db.ovn_revision_numbers_db [None req-4c75bc93-a9ee-4a09-943d-807623ae2a04 0818ee7b38924554996bfd1958c23983 1b55cde64d7643908ad6283410ea79e9 - - default default] Successfully bumped revision number for resource e4ec417d-d54c-4a8a-ad28-b499f0406126 (type: floatingips) to -1
2026-04-07 01:12:54.354 10 INFO neutron.wsgi [None req-999458c7-3231-42c4-a4e0-bdbecb6d9a4c bb39991f475b4cabbeaaa6b815a152fc 9719024759894418970a7b3dbfa6e060 - - default default] 10.0.0.154 "DELETE /v2.0/security-groups/1ba5f8b6-11aa-4211-a662-007b0cca40f9 HTTP/1.1" status: 204 len: 168 time: 0.1360898
2026-04-07 01:12:54.362 9 INFO neutron.db.ovn_revision_numbers_db [None req-4c75bc93-a9ee-4a09-943d-807623ae2a04 0818ee7b38924554996bfd1958c23983 1b55cde64d7643908ad6283410ea79e9 - - default default] Successfully bumped revision number for resource e4ec417d-d54c-4a8a-ad28-b499f0406126 (type: floatingips) to 1
2026-04-07 01:12:54.362 9 INFO neutron.db.l3_db [None req-4c75bc93-a9ee-4a09-943d-807623ae2a04 0818ee7b38924554996bfd1958c23983 1b55cde64d7643908ad6283410ea79e9 - - default default] Floating IP e4ec417d-d54c-4a8a-ad28-b499f0406126 associated. External IP: 10.96.250.210, port: edbd5cf0-d8ff-4f40-a0f3-f3dd8bc84f8b.
2026-04-07 01:12:54.369 10 INFO neutron.api.v2.resource [None req-8799d8cc-4065-471a-8d5b-0f966e457bc0 bb39991f475b4cabbeaaa6b815a152fc 9719024759894418970a7b3dbfa6e060 - - default default] show failed (client error): The resource could not be found.
2026-04-07 01:12:54.370 10 INFO neutron.wsgi [None req-8799d8cc-4065-471a-8d5b-0f966e457bc0 bb39991f475b4cabbeaaa6b815a152fc 9719024759894418970a7b3dbfa6e060 - - default default] 10.0.0.154 "GET /v2.0/security-groups/1ba5f8b6-11aa-4211-a662-007b0cca40f9 HTTP/1.1" status: 404 len: 347 time: 0.0114856
2026-04-07 01:12:54.408 9 INFO neutron.wsgi [None req-4c75bc93-a9ee-4a09-943d-807623ae2a04 0818ee7b38924554996bfd1958c23983 1b55cde64d7643908ad6283410ea79e9 - - default default] 10.0.0.154 "POST /v2.0/floatingips HTTP/1.1" status: 201 len: 1040 time: 1.3057840
2026-04-07 01:12:54.478 9 INFO neutron.wsgi [None req-6930d3d3-cdb0-4a70-b5e7-bd0e84bf1929 0818ee7b38924554996bfd1958c23983 1b55cde64d7643908ad6283410ea79e9 - - default default] 10.0.0.154 "GET /v2.0/floatingips/e4ec417d-d54c-4a8a-ad28-b499f0406126 HTTP/1.1" status: 200 len: 1037 time: 0.0652685
2026-04-07 01:12:54.549 9 INFO neutron.wsgi [None req-5d33dc46-45c4-4b87-8769-bcf98c8232cf 0818ee7b38924554996bfd1958c23983 1b55cde64d7643908ad6283410ea79e9 - - default default] 10.0.0.154 "GET /v2.0/floatingips HTTP/1.1" status: 200 len: 1040 time: 0.0661116
2026-04-07 01:12:54.682 9 INFO neutron.wsgi [req-3e47b859-cce1-46ad-9dad-6bca7856d439 req-9676981b-3bfa-4b5c-ac2b-12b76aa0683b c2945e55e1604606a259abb05e2974c1 6b821195bb90456f9df4d4234073d017 - - default default] 10.0.0.136 "GET /v2.0/ports?device_id=761b4b7f-76ee-4496-a0e2-43306d872009 HTTP/1.1" status: 200 len: 1168 time: 0.0444913
2026-04-07 01:12:54.715 10 INFO neutron.wsgi [None req-fa7f0003-080e-4b11-a176-1e1b9fbcb2a9 bb39991f475b4cabbeaaa6b815a152fc 9719024759894418970a7b3dbfa6e060 - - default default] 10.0.0.154 "DELETE /v2.0/floatingips/be119a89-9e71-4726-b8e8-2684383e6ae2 HTTP/1.1" status: 204 len: 168 time: 0.3396103
2026-04-07 01:12:54.742 9 INFO neutron.wsgi [req-3e47b859-cce1-46ad-9dad-6bca7856d439 req-c8b489a0-a9ac-4a05-8e69-74f4d94c9f39 c2945e55e1604606a259abb05e2974c1 6b821195bb90456f9df4d4234073d017 - - default default] 10.0.0.136 "GET /v2.0/security-groups?id=ed3afe91-64a5-4a23-9e7d-1a9ccf748cd3&fields=id&fields=name HTTP/1.1" status: 200 len: 313 time: 0.0530381
2026-04-07 01:12:55.241 10 INFO neutron.wsgi [None req-a855407d-eb4c-4075-800f-4f9a5f5c4004 daa516f394d24a759331b9959f2efb45 dfc25c7012344b62ba9e285f854c66e6 - - default default] 10.0.0.154 "GET /v2.0/ports/f3335592-ac31-4622-9bb0-06727f7f03b0 HTTP/1.1" status: 200 len: 1135 time: 0.0487595
2026-04-07 01:12:55.379 9 INFO neutron.db.ovn_revision_numbers_db [None req-092da1b1-df6b-4e7b-b355-0d04411ad153 0818ee7b38924554996bfd1958c23983 1b55cde64d7643908ad6283410ea79e9 - - default default] Successfully bumped revision number for resource e4ec417d-d54c-4a8a-ad28-b499f0406126 (type: floatingips) to 2
2026-04-07 01:12:55.500 9 INFO neutron.db.ovn_revision_numbers_db [None req-092da1b1-df6b-4e7b-b355-0d04411ad153 0818ee7b38924554996bfd1958c23983 1b55cde64d7643908ad6283410ea79e9 - - default default] Successfully bumped revision number for resource e4ec417d-d54c-4a8a-ad28-b499f0406126 (type: floatingips) to 2
2026-04-07 01:12:55.501 9 INFO neutron.db.l3_db [None req-092da1b1-df6b-4e7b-b355-0d04411ad153 0818ee7b38924554996bfd1958c23983 1b55cde64d7643908ad6283410ea79e9 - - default default] Floating IP e4ec417d-d54c-4a8a-ad28-b499f0406126 associated. External IP: 10.96.250.210, port: edbd5cf0-d8ff-4f40-a0f3-f3dd8bc84f8b.
2026-04-07 01:12:55.552 9 INFO neutron.wsgi [None req-092da1b1-df6b-4e7b-b355-0d04411ad153 0818ee7b38924554996bfd1958c23983 1b55cde64d7643908ad6283410ea79e9 - - default default] 10.0.0.154 "PUT /v2.0/floatingips/e4ec417d-d54c-4a8a-ad28-b499f0406126 HTTP/1.1" status: 200 len: 1039 time: 0.9977307
2026-04-07 01:12:55.761 9 INFO neutron.db.ovn_revision_numbers_db [None req-cf56d4ab-d1af-4ab5-8d0b-4acb068c8f77 0818ee7b38924554996bfd1958c23983 1b55cde64d7643908ad6283410ea79e9 - - default default] Successfully bumped revision number for resource e4ec417d-d54c-4a8a-ad28-b499f0406126 (type: floatingips) to 3
2026-04-07 01:12:55.828 9 INFO neutron.db.l3_db [None req-cf56d4ab-d1af-4ab5-8d0b-4acb068c8f77 0818ee7b38924554996bfd1958c23983 1b55cde64d7643908ad6283410ea79e9 - - default default] Floating IP e4ec417d-d54c-4a8a-ad28-b499f0406126 disassociated. External IP: 10.96.250.210, port: 0e8ab297-17a2-4740-b58e-4d61df1f9f7b.
2026-04-07 01:12:55.853 9 INFO neutron.wsgi [None req-cf56d4ab-d1af-4ab5-8d0b-4acb068c8f77 0818ee7b38924554996bfd1958c23983 1b55cde64d7643908ad6283410ea79e9 - - default default] 10.0.0.154 "PUT /v2.0/floatingips/e4ec417d-d54c-4a8a-ad28-b499f0406126 HTTP/1.1" status: 200 len: 748 time: 0.2960787
2026-04-07 01:12:55.932 10 INFO neutron.wsgi [req-815c500d-2ab0-4a17-92d0-b00be3755f31 req-8667ce4b-01d5-4a96-b0ca-06fa04de8473 c2945e55e1604606a259abb05e2974c1 6b821195bb90456f9df4d4234073d017 - - default default] 10.0.0.136 "GET /v2.0/ports?device_id=761b4b7f-76ee-4496-a0e2-43306d872009 HTTP/1.1" status: 200 len: 1168 time: 0.1150930
2026-04-07 01:12:56.001 10 INFO neutron.wsgi [req-815c500d-2ab0-4a17-92d0-b00be3755f31 req-dcd2e00c-d934-4cb8-baed-02bb75990ccc c2945e55e1604606a259abb05e2974c1 6b821195bb90456f9df4d4234073d017 - - default default] 10.0.0.136 "GET /v2.0/security-groups?id=ed3afe91-64a5-4a23-9e7d-1a9ccf748cd3&fields=id&fields=name HTTP/1.1" status: 200 len: 313 time: 0.0621011
2026-04-07 01:12:56.092 10 INFO neutron.wsgi [None req-3406e6d3-dd88-44b3-92dd-8868bdb18c95 dc35760bae544eddadfd48d264f8e1e4 1e312ab7abc54abea284063e58060ebd - - default default] 10.0.0.154 "PUT /v2.0/routers/67f0c0ce-3892-4a2a-8bb2-2fb5edf7cd61/remove_router_interface HTTP/1.1" status: 200 len: 503 time: 1.3723376 /var/lib/openstack/lib/python3.10/site-packages/pycadf/identifier.py:71: UserWarning: Invalid uuid: neutron. To ensure interoperability, identifiers should be a valid uuid. warnings.warn(('Invalid uuid: %s. To ensure interoperability, '
2026-04-07 01:12:56.201 9 INFO neutron.wsgi [None req-ff9e504e-20a2-4b0a-84a2-40891661fe7e 0818ee7b38924554996bfd1958c23983 1b55cde64d7643908ad6283410ea79e9 - - default default] 10.0.0.154 "DELETE /v2.0/floatingips/e4ec417d-d54c-4a8a-ad28-b499f0406126 HTTP/1.1" status: 204 len: 168 time: 0.3432336
2026-04-07 01:12:56.231 9 INFO neutron.api.v2.resource [None req-76182dec-592b-491e-8952-b4e8f81c0cc7 0818ee7b38924554996bfd1958c23983 1b55cde64d7643908ad6283410ea79e9 - - default default] delete failed (client error): The resource could not be found.
2026-04-07 01:12:56.233 9 INFO neutron.wsgi [None req-76182dec-592b-491e-8952-b4e8f81c0cc7 0818ee7b38924554996bfd1958c23983 1b55cde64d7643908ad6283410ea79e9 - - default default] 10.0.0.154 "DELETE /v2.0/floatingips/e4ec417d-d54c-4a8a-ad28-b499f0406126 HTTP/1.1" status: 404 len: 345 time: 0.0273571
2026-04-07 01:12:56.295 9 INFO neutron.wsgi [None req-c20681f5-8458-4ac1-95aa-27b0a93c6072 daa516f394d24a759331b9959f2efb45 dfc25c7012344b62ba9e285f854c66e6 - - default default] 10.0.0.154 "GET /v2.0/ports/f3335592-ac31-4622-9bb0-06727f7f03b0 HTTP/1.1" status: 200 len: 1135 time: 0.0484538
2026-04-07 01:12:56.687 9 INFO neutron.wsgi [None req-d2c34888-a4b9-4139-922a-5984c9696094 0818ee7b38924554996bfd1958c23983 1b55cde64d7643908ad6283410ea79e9 - - default default] 10.0.0.154 "DELETE /v2.0/ports/0e8ab297-17a2-4740-b58e-4d61df1f9f7b HTTP/1.1" status: 204 len: 168 time: 0.4478831
2026-04-07 01:12:57.140 9 INFO neutron.wsgi [None req-3ac1acbe-fbaa-4acd-be22-a1e0caa188e4 0818ee7b38924554996bfd1958c23983 1b55cde64d7643908ad6283410ea79e9 - - default default] 10.0.0.154 "DELETE /v2.0/ports/edbd5cf0-d8ff-4f40-a0f3-f3dd8bc84f8b HTTP/1.1" status: 204 len: 168 time: 0.4472229
2026-04-07 01:12:57.184 9 INFO neutron.wsgi [None req-186697a3-7444-4e48-8297-3a34c9ede8be 0818ee7b38924554996bfd1958c23983 1b55cde64d7643908ad6283410ea79e9 - - default default] 10.0.0.154 "GET /v2.0/ports?device_id=4b298380-f184-4485-a4e5-afa52428a1b8 HTTP/1.1" status: 200 len: 1138 time: 0.0397449
2026-04-07 01:12:57.194 9 INFO neutron.wsgi [req-a720c675-65b4-4085-bdfe-ce5a9906705b req-91a7c55a-067c-471b-9343-2177918af4be c2945e55e1604606a259abb05e2974c1 6b821195bb90456f9df4d4234073d017 - - default default] 10.0.0.136 "GET /v2.0/ports?device_id=761b4b7f-76ee-4496-a0e2-43306d872009 HTTP/1.1" status: 200 len: 1168 time: 0.1212690
2026-04-07 01:12:57.227 10 INFO neutron.wsgi [None req-f795bc50-4aa3-47f2-891b-17abea877d48 dc35760bae544eddadfd48d264f8e1e4 1e312ab7abc54abea284063e58060ebd - - default default] 10.0.0.154 "DELETE /v2.0/routers/67f0c0ce-3892-4a2a-8bb2-2fb5edf7cd61 HTTP/1.1" status: 204 len: 168 time: 1.1311426
2026-04-07 01:12:57.257 9 INFO neutron.wsgi [req-a720c675-65b4-4085-bdfe-ce5a9906705b req-7e6d6cf2-9985-4b10-90d1-0da07d2ee046 c2945e55e1604606a259abb05e2974c1 6b821195bb90456f9df4d4234073d017 - - default default] 10.0.0.136 "GET /v2.0/security-groups?id=ed3afe91-64a5-4a23-9e7d-1a9ccf748cd3&fields=id&fields=name HTTP/1.1" status: 200 len: 313 time: 0.0547187
2026-04-07 01:12:57.352 9 INFO neutron.wsgi [None req-18250e6a-0a30-4ac0-8f13-7465da4442ab daa516f394d24a759331b9959f2efb45 dfc25c7012344b62ba9e285f854c66e6 - - default default] 10.0.0.154 "GET /v2.0/ports/f3335592-ac31-4622-9bb0-06727f7f03b0 HTTP/1.1" status: 200 len: 1135 time: 0.0507276
2026-04-07 01:12:57.478 9 INFO neutron.wsgi [None req-a38f8aa6-dced-4d10-b6ab-a7ae98fb9176 dc35760bae544eddadfd48d264f8e1e4 1e312ab7abc54abea284063e58060ebd - - default default] 10.0.0.154 "DELETE /v2.0/subnets/782c3ec0-2c49-4cff-8416-a836cdb7b346 HTTP/1.1" status: 204 len: 168 time: 0.2454801
2026-04-07 01:12:57.822 10 WARNING neutron.plugins.ml2.drivers.ovn.mech_driver.ovsdb.ovn_client [None req-7f8db63c-a6c3-4e2c-bd8a-ef44ef7ee712 - - - - - -] No hosting information found for port 78621061-19ad-4ff1-8f1d-88848bfa51a9: RuntimeError: No hosting information found for port 78621061-19ad-4ff1-8f1d-88848bfa51a9
2026-04-07 01:12:57.822 10 INFO neutron.plugins.ml2.drivers.ovn.mech_driver.mech_driver [None req-7f8db63c-a6c3-4e2c-bd8a-ef44ef7ee712 - - - - - -] OVN reports status up for port: f3335592-ac31-4622-9bb0-06727f7f03b0
2026-04-07 01:12:57.829 10 INFO neutron.plugins.ml2.plugin [None req-7f8db63c-a6c3-4e2c-bd8a-ef44ef7ee712 - - - - - -] Attempt 1 to provision port f3335592-ac31-4622-9bb0-06727f7f03b0
2026-04-07 01:12:57.893 9 INFO neutron.services.segments.plugin [-] Segment fdca5b18-35ae-466a-a318-c2567564f4e2 resource provider aggregate not found
2026-04-07 01:12:57.902 9 INFO neutron.services.segments.plugin [-] Segment fdca5b18-35ae-466a-a318-c2567564f4e2 resource provider aggregate not found
2026-04-07 01:12:57.912 9 INFO neutron.services.segments.plugin [-] Segment fdca5b18-35ae-466a-a318-c2567564f4e2 resource provider not found; error: Placement Client Error (4xx): {"errors": [{"status": 404, "title": "Not Found", "detail": "The resource could not be found.\n\n No resource provider with uuid fdca5b18-35ae-466a-a318-c2567564f4e2 found for delete ", "request_id": "req-6c2fa6b7-284b-4041-be9e-edc92e73dcff"}]}
2026-04-07 01:12:57.927 9 INFO neutron.wsgi [None req-1d4da771-8964-47d2-81b5-5f640383bf90 dc35760bae544eddadfd48d264f8e1e4 1e312ab7abc54abea284063e58060ebd - - default default] 10.0.0.154 "DELETE /v2.0/networks/2f43fc66-2d2f-438e-a0b1-d45337bbfea4 HTTP/1.1" status: 204 len: 168 time: 0.4442570
2026-04-07 01:12:57.929 9 INFO neutron.services.segments.plugin [-] Segment fdca5b18-35ae-466a-a318-c2567564f4e2 resource provider not found; error: Placement Client Error (4xx): {"errors": [{"status": 404, "title": "Not Found", "detail": "The resource could not be found.\n\n No resource provider with uuid fdca5b18-35ae-466a-a318-c2567564f4e2 found for delete ", "request_id": "req-07b2fe23-2c3f-4de7-8958-f8d722d235a4"}]}
2026-04-07 01:12:58.075 9 INFO neutron.wsgi [None req-ba491943-dd6c-47c9-afcd-8c5b7031bf1f dc35760bae544eddadfd48d264f8e1e4 1e312ab7abc54abea284063e58060ebd - - default default] 10.0.0.154 "GET /v2.0/security-groups?tenant_id=9719024759894418970a7b3dbfa6e060&name=default HTTP/1.1" status: 200 len: 3120 time: 0.0467148
2026-04-07 01:12:58.281 9 INFO neutron.wsgi [None req-18142b57-38f0-4e72-90f8-de8bf45f7a0e dc35760bae544eddadfd48d264f8e1e4 1e312ab7abc54abea284063e58060ebd - - default default] 10.0.0.154 "DELETE /v2.0/security-groups/05f31554-f3f9-4b8c-9272-dc22c5a158bf HTTP/1.1" status: 204 len: 168 time: 0.2019095 /var/lib/openstack/lib/python3.10/site-packages/pycadf/identifier.py:71: UserWarning: Invalid uuid: neutron. To ensure interoperability, identifiers should be a valid uuid. warnings.warn(('Invalid uuid: %s. To ensure interoperability, '
2026-04-07 01:12:58.382 10 INFO neutron.wsgi [None req-55aa98a6-cf9d-4663-8e44-cedd412f9c4c 0818ee7b38924554996bfd1958c23983 1b55cde64d7643908ad6283410ea79e9 - - default default] 10.0.0.154 "PUT /v2.0/routers/4b298380-f184-4485-a4e5-afa52428a1b8/remove_router_interface HTTP/1.1" status: 200 len: 503 time: 1.1886559
2026-04-07 01:12:58.415 10 INFO neutron.wsgi [req-e1ed5880-b574-483a-b7ec-280a9ca31864 req-b7b0b1f2-b4a2-467a-96b1-55753c424048 c2945e55e1604606a259abb05e2974c1 6b821195bb90456f9df4d4234073d017 - - default default] 10.0.0.136 "GET /v2.0/ports?device_id=761b4b7f-76ee-4496-a0e2-43306d872009 HTTP/1.1" status: 200 len: 1168 time: 0.0660934
2026-04-07 01:12:58.478 10 INFO neutron.db.ovn_revision_numbers_db [None req-7f8db63c-a6c3-4e2c-bd8a-ef44ef7ee712 - - - - - -] Successfully bumped revision number for resource f3335592-ac31-4622-9bb0-06727f7f03b0 (type: ports) to 2
2026-04-07 01:12:58.484 10 INFO neutron.wsgi [req-e1ed5880-b574-483a-b7ec-280a9ca31864 req-4cb70584-e02d-4b5e-b904-23b3ba85ab84 c2945e55e1604606a259abb05e2974c1 6b821195bb90456f9df4d4234073d017 - - default default] 10.0.0.136 "GET /v2.0/security-groups?id=ed3afe91-64a5-4a23-9e7d-1a9ccf748cd3&fields=id&fields=name HTTP/1.1" status: 200 len: 313 time: 0.0605283
2026-04-07 01:12:58.532 9 INFO neutron.wsgi [None req-3a3b4897-32fc-4895-8c32-169c954d65f1 daa516f394d24a759331b9959f2efb45 dfc25c7012344b62ba9e285f854c66e6 - - default default] 10.0.0.154 "GET /v2.0/ports/f3335592-ac31-4622-9bb0-06727f7f03b0 HTTP/1.1" status: 200 len: 1137 time: 0.1724644
2026-04-07 01:12:58.694 10 INFO neutron.db.ovn_revision_numbers_db [None req-7f8db63c-a6c3-4e2c-bd8a-ef44ef7ee712 - - - - - -] Successfully bumped revision number for resource f3335592-ac31-4622-9bb0-06727f7f03b0 (type: router_ports) to 2
2026-04-07 01:12:59.378 9 INFO neutron.wsgi [None req-3b3af93e-1ac4-4204-a438-a0de5bbf27ed 0818ee7b38924554996bfd1958c23983 1b55cde64d7643908ad6283410ea79e9 - - default default] 10.0.0.154 "DELETE /v2.0/routers/4b298380-f184-4485-a4e5-afa52428a1b8 HTTP/1.1" status: 204 len: 168 time: 0.9870188
2026-04-07 01:12:59.385 10 INFO neutron.wsgi [None req-f24b6f99-2a74-455f-911b-182252eea6f4 daa516f394d24a759331b9959f2efb45 dfc25c7012344b62ba9e285f854c66e6 - - default default] 10.0.0.154 "PUT /v2.0/routers/d4c41758-031b-4c0f-a7f5-3083077236c6/remove_router_interface HTTP/1.1" status: 200 len: 503 time: 0.8475404 /var/lib/openstack/lib/python3.10/site-packages/pycadf/identifier.py:71: UserWarning: Invalid uuid: neutron. To ensure interoperability, identifiers should be a valid uuid. warnings.warn(('Invalid uuid: %s. To ensure interoperability, '
2026-04-07 01:12:59.498 10 INFO neutron.wsgi [None req-ea640319-d38f-41e2-9d93-06a76a4849c7 daa516f394d24a759331b9959f2efb45 dfc25c7012344b62ba9e285f854c66e6 - - default default] 10.0.0.154 "GET /v2.0/ports/e2f6e15f-9e13-4f21-8955-4725a2ef23b7 HTTP/1.1" status: 200 len: 1137 time: 0.1086459
2026-04-07 01:12:59.574 9 INFO neutron.wsgi [None req-3990c07a-0f3d-4b24-a6a1-ff23d0f96ed4 0818ee7b38924554996bfd1958c23983 1b55cde64d7643908ad6283410ea79e9 - - default default] 10.0.0.154 "DELETE /v2.0/subnets/a2399337-a0f5-4783-b3ec-230a694b0a99 HTTP/1.1" status: 204 len: 168 time: 0.1902924
2026-04-07 01:12:59.615 9 INFO neutron.wsgi [req-464e3777-cb21-4ba5-a950-d15d880ee390 req-f3fde5b0-11a4-46a6-ab5c-f716848c24d5 c2945e55e1604606a259abb05e2974c1 6b821195bb90456f9df4d4234073d017 - - default default] 10.0.0.136 "GET /v2.0/ports?device_id=761b4b7f-76ee-4496-a0e2-43306d872009 HTTP/1.1" status: 200 len: 1168 time: 0.0450716
2026-04-07 01:12:59.674 9 INFO neutron.wsgi [req-464e3777-cb21-4ba5-a950-d15d880ee390 req-02c2987f-2e8c-4cff-b5f7-c6f671ab06f9 c2945e55e1604606a259abb05e2974c1 6b821195bb90456f9df4d4234073d017 - - default default] 10.0.0.136 "GET /v2.0/security-groups?id=ed3afe91-64a5-4a23-9e7d-1a9ccf748cd3&fields=id&fields=name HTTP/1.1" status: 200 len: 313 time: 0.0502727
2026-04-07 01:13:00.461 10 INFO neutron.services.segments.plugin [-] Segment 2d7ba9df-ca38-4447-8dc6-da69e902201e resource provider aggregate not found
2026-04-07 01:13:00.465 10 INFO neutron.services.segments.plugin [-] Segment 2d7ba9df-ca38-4447-8dc6-da69e902201e resource provider aggregate not found
2026-04-07 01:13:00.480 10 INFO neutron.wsgi [None req-5753c550-a904-4517-bff2-9f045f41ca38 0818ee7b38924554996bfd1958c23983 1b55cde64d7643908ad6283410ea79e9 - - default default] 10.0.0.154 "DELETE /v2.0/networks/887f26e6-7a31-4e15-ae96-239cb4a21c3e HTTP/1.1" status: 204 len: 168 time: 0.8994589
2026-04-07 01:13:00.483 10 INFO neutron.services.segments.plugin [-] Segment 2d7ba9df-ca38-4447-8dc6-da69e902201e resource provider not found; error: Placement Client Error (4xx): {"errors": [{"status": 404, "title": "Not Found", "detail": "The resource could not be found.\n\n No resource provider with uuid 2d7ba9df-ca38-4447-8dc6-da69e902201e found for delete ", "request_id": "req-3d0b35e5-9b73-48fd-ac99-eef7fde3f03e"}]}
2026-04-07 01:13:00.484 10 INFO neutron.services.segments.plugin [-] Segment 2d7ba9df-ca38-4447-8dc6-da69e902201e resource provider not found; error: Placement Client Error (4xx): {"errors": [{"status": 404, "title": "Not Found", "detail": "The resource could not be found.\n\n No resource provider with uuid 2d7ba9df-ca38-4447-8dc6-da69e902201e found for delete ", "request_id": "req-e586118a-276b-4a58-afc2-67b7d3796f2a"}]}
2026-04-07 01:13:00.719 10 INFO neutron.wsgi [None req-56301623-d968-4469-a68b-a69159771382 daa516f394d24a759331b9959f2efb45 dfc25c7012344b62ba9e285f854c66e6 - - default default] 10.0.0.154 "PUT /v2.0/routers/d4c41758-031b-4c0f-a7f5-3083077236c6/remove_router_interface HTTP/1.1" status: 200 len: 503 time: 1.2156107 /var/lib/openstack/lib/python3.10/site-packages/pycadf/identifier.py:71: UserWarning: Invalid uuid: neutron. To ensure interoperability, identifiers should be a valid uuid. warnings.warn(('Invalid uuid: %s. To ensure interoperability, '
2026-04-07 01:13:00.762 10 INFO neutron.wsgi [None req-7f4e6ce8-610d-4026-bd4d-ed9ff0d7045c daa516f394d24a759331b9959f2efb45 dfc25c7012344b62ba9e285f854c66e6 - - default default] 10.0.0.154 "GET /v2.0/ports?device_id=d4c41758-031b-4c0f-a7f5-3083077236c6 HTTP/1.1" status: 200 len: 205 time: 0.0301657
2026-04-07 01:13:00.849 10 INFO neutron.wsgi [req-5849837a-86f5-414e-a9ec-203beadb635c req-c0d54ed2-043c-499e-af5f-85762c72bd9c c2945e55e1604606a259abb05e2974c1 6b821195bb90456f9df4d4234073d017 - - default default] 10.0.0.136 "GET /v2.0/ports?device_id=761b4b7f-76ee-4496-a0e2-43306d872009 HTTP/1.1" status: 200 len: 1168 time: 0.0746119
2026-04-07 01:13:00.951 10 INFO neutron.wsgi [req-5849837a-86f5-414e-a9ec-203beadb635c req-28c518ca-e417-4999-9829-4b7ec17a3c82 c2945e55e1604606a259abb05e2974c1 6b821195bb90456f9df4d4234073d017 - - default default] 10.0.0.136 "GET /v2.0/security-groups?id=ed3afe91-64a5-4a23-9e7d-1a9ccf748cd3&fields=id&fields=name HTTP/1.1" status: 200 len: 313 time: 0.0857835
2026-04-07 01:13:01.083 10 INFO neutron.wsgi [None req-8c661c43-63b7-43b2-986d-998a55021ff0 daa516f394d24a759331b9959f2efb45 dfc25c7012344b62ba9e285f854c66e6 - - default default] 10.0.0.154 "DELETE /v2.0/routers/d4c41758-031b-4c0f-a7f5-3083077236c6 HTTP/1.1" status: 204 len: 168 time: 0.3163166
2026-04-07 01:13:01.317 9 INFO neutron.wsgi [None req-d3809842-aaaa-40cc-92a3-b694c11b6dd5 dc35760bae544eddadfd48d264f8e1e4 1e312ab7abc54abea284063e58060ebd - - default default] 10.0.0.154 "GET /v2.0/security-groups?tenant_id=1b55cde64d7643908ad6283410ea79e9&name=default HTTP/1.1" status: 200 len: 3120 time: 0.2355464
2026-04-07 01:13:01.323 10 INFO neutron.wsgi [None req-64be6779-4069-4aa2-8c68-c85ec74690fd daa516f394d24a759331b9959f2efb45 dfc25c7012344b62ba9e285f854c66e6 - - default default] 10.0.0.154 "DELETE /v2.0/subnets/e9d6ab18-7a9e-47a2-906f-2a1ebee47172 HTTP/1.1" status: 204 len: 168 time: 0.2364669
2026-04-07 01:13:01.480 9 INFO neutron.db.ovn_revision_numbers_db [None req-c523c578-ebd1-4be2-9f38-99e6b8c59163 dc35760bae544eddadfd48d264f8e1e4 1e312ab7abc54abea284063e58060ebd - - default default] Successfully bumped revision number for resource 618d1237-6e04-410c-9d70-da2fb223aebc (type: security_groups) to 1
2026-04-07 01:13:01.503 9 INFO neutron.db.ovn_revision_numbers_db [None req-c523c578-ebd1-4be2-9f38-99e6b8c59163 dc35760bae544eddadfd48d264f8e1e4 1e312ab7abc54abea284063e58060ebd - - default default] Successfully bumped revision number for resource 2d7f580d-78cb-4bd3-a507-9cecd502ebcb (type: security_group_rules) to 0
2026-04-07 01:13:01.528 9 INFO neutron.db.ovn_revision_numbers_db [None req-c523c578-ebd1-4be2-9f38-99e6b8c59163 dc35760bae544eddadfd48d264f8e1e4 1e312ab7abc54abea284063e58060ebd - - default default] Successfully bumped revision number for resource 4a28bdf6-b957-46c5-8d79-b34daedcb677 (type: security_group_rules) to 0
2026-04-07 01:13:01.550 9 INFO neutron.db.ovn_revision_numbers_db [None req-c523c578-ebd1-4be2-9f38-99e6b8c59163 dc35760bae544eddadfd48d264f8e1e4 1e312ab7abc54abea284063e58060ebd - - default default] Successfully bumped revision number for resource ca1e1550-115f-433c-aea0-7e7093e25263 (type: security_group_rules) to 0
2026-04-07 01:13:01.557 10 INFO neutron.wsgi [None req-3f098115-e5e2-4351-aa4a-3b5e3c71317d daa516f394d24a759331b9959f2efb45 dfc25c7012344b62ba9e285f854c66e6 - - default default] 10.0.0.154 "DELETE /v2.0/subnets/d5647c49-b90b-4e5e-9d2c-ea8315585e2f HTTP/1.1" status: 204 len: 168 time: 0.2265625
2026-04-07 01:13:01.563 9 INFO neutron.db.ovn_revision_numbers_db [None req-c523c578-ebd1-4be2-9f38-99e6b8c59163 dc35760bae544eddadfd48d264f8e1e4 1e312ab7abc54abea284063e58060ebd - - default default] Successfully bumped revision number for resource fff84f68-18f2-460c-806d-4e8c11a1a9f9 (type: security_group_rules) to 0
2026-04-07 01:13:01.589 9 INFO neutron.wsgi [None req-c523c578-ebd1-4be2-9f38-99e6b8c59163 dc35760bae544eddadfd48d264f8e1e4 1e312ab7abc54abea284063e58060ebd - - default default] 10.0.0.154 "GET /v2.0/security-groups?tenant_id=ecd62b7fa0134fb09dab542e272a6e7f&name=default HTTP/1.1" status: 200 len: 3120 time: 0.3457892
2026-04-07 01:13:01.629 9 INFO neutron.wsgi [None req-b243f4a9-5d4d-4bbf-802d-68aded55b041 dc35760bae544eddadfd48d264f8e1e4 1e312ab7abc54abea284063e58060ebd - - default default] 10.0.0.154 "DELETE /v2.0/security-groups/89aff8f5-4887-42b0-a1db-fd1e0c9bb816 HTTP/1.1" status: 204 len: 168 time: 0.3058245
2026-04-07 01:13:01.849 9 INFO neutron.wsgi [None req-f2335c6b-8149-4031-849e-60a3e2b93c84 dc35760bae544eddadfd48d264f8e1e4 1e312ab7abc54abea284063e58060ebd - - default default] 10.0.0.154 "DELETE /v2.0/security-groups/618d1237-6e04-410c-9d70-da2fb223aebc HTTP/1.1" status: 204 len: 168 time: 0.2477653
2026-04-07 01:13:01.996 10 INFO neutron.wsgi [None req-2854b4e3-9703-47ee-ba1a-d5aa358c5506 daa516f394d24a759331b9959f2efb45 dfc25c7012344b62ba9e285f854c66e6 - - default default] 10.0.0.154 "DELETE /v2.0/networks/a0157438-24b9-4a80-aa17-6f64b88f024a HTTP/1.1" status: 204 len: 168 time: 0.4331784
2026-04-07 01:13:02.364 9 INFO neutron.wsgi [req-b9508623-36f2-4ee7-bff5-b0a1eb18c379 req-c18bbb95-de22-4887-96a7-0d2504cc47f4 c2945e55e1604606a259abb05e2974c1 6b821195bb90456f9df4d4234073d017 - - default default] 10.0.0.136 "GET /v2.0/ports?device_id=761b4b7f-76ee-4496-a0e2-43306d872009 HTTP/1.1" status: 200 len: 1168 time: 0.1113036
2026-04-07 01:13:02.440 9 INFO neutron.wsgi [req-b9508623-36f2-4ee7-bff5-b0a1eb18c379 req-fc8bcda0-a3e0-4620-be1d-d8fa68e2b29d c2945e55e1604606a259abb05e2974c1 6b821195bb90456f9df4d4234073d017 - - default default] 10.0.0.136 "GET /v2.0/security-groups?id=ed3afe91-64a5-4a23-9e7d-1a9ccf748cd3&fields=id&fields=name HTTP/1.1" status: 200 len: 313 time: 0.0684536
2026-04-07 01:13:02.499 10 INFO neutron.services.segments.plugin [-] Segment bd7ca036-1543-46e0-a5d1-41cacf664fa6 resource provider aggregate not found
2026-04-07 01:13:02.505 10 INFO neutron.services.segments.plugin [-] Segment bd7ca036-1543-46e0-a5d1-41cacf664fa6 resource provider aggregate not found
2026-04-07 01:13:02.518 10 INFO neutron.services.segments.plugin [-] Segment bd7ca036-1543-46e0-a5d1-41cacf664fa6 resource provider not found; error: Placement Client Error (4xx): {"errors": [{"status": 404, "title": "Not Found", "detail": "The resource could not be found.\n\n No resource provider with uuid bd7ca036-1543-46e0-a5d1-41cacf664fa6 found for delete ", "request_id": "req-6261de1d-fb6f-414d-9b0c-8e43f4314fa7"}]}
2026-04-07 01:13:02.520 10 INFO neutron.services.segments.plugin [-] Segment bd7ca036-1543-46e0-a5d1-41cacf664fa6 resource provider not found; error: Placement Client Error (4xx): {"errors": [{"status": 404, "title": "Not Found", "detail": "The resource could not be found.\n\n No resource provider with uuid bd7ca036-1543-46e0-a5d1-41cacf664fa6 found for delete ", "request_id": "req-04e6b15c-9bb1-45fe-b4a6-76c1a7b2b4bc"}]}
2026-04-07 01:13:02.674 9 INFO neutron.services.segments.plugin [-] Segment f41f6a9b-928d-4a9b-9845-5c51423695d0 resource provider aggregate not found
2026-04-07 01:13:02.678 9 INFO neutron.services.segments.plugin [-] Segment f41f6a9b-928d-4a9b-9845-5c51423695d0 resource provider aggregate not found
2026-04-07 01:13:02.692 9 INFO neutron.services.segments.plugin [-] Segment f41f6a9b-928d-4a9b-9845-5c51423695d0 resource provider not found; error: Placement Client Error (4xx): {"errors": [{"status": 404, "title": "Not Found", "detail": "The resource could not be found.\n\n No resource provider with uuid f41f6a9b-928d-4a9b-9845-5c51423695d0 found for delete ", "request_id": "req-9fbdf722-c472-483e-92d4-b0712b3deeb8"}]}
2026-04-07 01:13:02.692 9 INFO neutron.services.segments.plugin [-] Segment f41f6a9b-928d-4a9b-9845-5c51423695d0 resource provider not found; error: Placement Client Error (4xx): {"errors": [{"status": 404, "title": "Not Found", "detail": "The resource could not be found.\n\n No resource provider with uuid f41f6a9b-928d-4a9b-9845-5c51423695d0 found for delete ", "request_id": "req-a30db604-7cfb-4548-aea8-8230f0d2bc8d"}]}
2026-04-07 01:13:02.718 9 INFO neutron.wsgi [None req-eb57eae1-3bc3-4abb-be54-232d33e13fad daa516f394d24a759331b9959f2efb45 dfc25c7012344b62ba9e285f854c66e6 - - default default] 10.0.0.154 "DELETE /v2.0/networks/d1303db3-53f9-49cb-b5a2-68722641b2a5 HTTP/1.1" status: 204 len: 168 time: 0.7160654
2026-04-07 01:13:02.732 9 WARNING neutron_lib.context [None req-0a6d376c-9804-4d1c-87a8-d8cdbfcc69eb daa516f394d24a759331b9959f2efb45 dfc25c7012344b62ba9e285f854c66e6 - - default default] Method 'is_advsvc' is deprecated since 2023.2 release (neutron-lib 3.8.0) and will be removed once support for the old RBAC API policies will be removed from Neutron. Please use method 'is_service_role' instead.
2026-04-07 01:13:02.827 9 INFO neutron.db.segments_db [None req-0a6d376c-9804-4d1c-87a8-d8cdbfcc69eb daa516f394d24a759331b9959f2efb45 dfc25c7012344b62ba9e285f854c66e6 - - default default] Added segment a5a49959-ca09-4f68-9fb5-60f0d6c6db2d of type geneve for network f7e6cd34-2803-44af-a402-4b4029a8c8a9
2026-04-07 01:13:02.977 9 INFO neutron.db.ovn_revision_numbers_db [None req-0a6d376c-9804-4d1c-87a8-d8cdbfcc69eb daa516f394d24a759331b9959f2efb45 dfc25c7012344b62ba9e285f854c66e6 - - default default] Successfully bumped revision number for resource f7e6cd34-2803-44af-a402-4b4029a8c8a9 (type: networks) to 1
2026-04-07 01:13:03.177 9 WARNING neutron.scheduler.dhcp_agent_scheduler [None req-0a6d376c-9804-4d1c-87a8-d8cdbfcc69eb daa516f394d24a759331b9959f2efb45 dfc25c7012344b62ba9e285f854c66e6 - - default default] No more DHCP agents
2026-04-07 01:13:03.179 9 WARNING neutron.api.rpc.agentnotifiers.dhcp_rpc_agent_api [None req-0a6d376c-9804-4d1c-87a8-d8cdbfcc69eb daa516f394d24a759331b9959f2efb45 dfc25c7012344b62ba9e285f854c66e6 - - default default] Unable to schedule network f7e6cd34-2803-44af-a402-4b4029a8c8a9: no agents available; will retry on subsequent port and subnet creation events.
2026-04-07 01:13:03.287 9 INFO neutron.db.ovn_revision_numbers_db [None req-0a6d376c-9804-4d1c-87a8-d8cdbfcc69eb daa516f394d24a759331b9959f2efb45 dfc25c7012344b62ba9e285f854c66e6 - - default default] Successfully bumped revision number for resource 2d372391-b7df-4744-94aa-090a8fe1d8af (type: ports) to 1
2026-04-07 01:13:03.308 9 INFO neutron.wsgi [None req-0a6d376c-9804-4d1c-87a8-d8cdbfcc69eb daa516f394d24a759331b9959f2efb45 dfc25c7012344b62ba9e285f854c66e6 - - default default] 10.0.0.154 "POST /v2.0/networks HTTP/1.1" status: 201 len: 829 time: 0.5801919
2026-04-07 01:13:03.320 9 WARNING neutron_lib.context [None req-e0dad14a-5dee-4a87-b8be-8879c8cd2602 daa516f394d24a759331b9959f2efb45 dfc25c7012344b62ba9e285f854c66e6 - - default default] Method 'is_advsvc' is deprecated since 2023.2 release (neutron-lib 3.8.0) and will be removed once support for the old RBAC API policies will be removed from Neutron. Please use method 'is_service_role' instead.
2026-04-07 01:13:03.553 9 WARNING neutron.scheduler.dhcp_agent_scheduler [None req-e0dad14a-5dee-4a87-b8be-8879c8cd2602 daa516f394d24a759331b9959f2efb45 dfc25c7012344b62ba9e285f854c66e6 - - default default] No more DHCP agents
2026-04-07 01:13:03.556 9 WARNING neutron.api.rpc.agentnotifiers.dhcp_rpc_agent_api [None req-e0dad14a-5dee-4a87-b8be-8879c8cd2602 daa516f394d24a759331b9959f2efb45 dfc25c7012344b62ba9e285f854c66e6 - - default default] Unable to schedule network f7e6cd34-2803-44af-a402-4b4029a8c8a9: no agents available; will retry on subsequent port and subnet creation events.
2026-04-07 01:13:03.585 9 WARNING neutron_lib.context [None req-ccf21dbf-0bcd-4520-9552-850fd2a7001e 47e66169c00a4bc68fcddad7a89d719f 7fd64088d16c4a4a8710a907fe3579ea - - default default] Method 'is_advsvc' is deprecated since 2023.2 release (neutron-lib 3.8.0) and will be removed once support for the old RBAC API policies will be removed from Neutron. Please use method 'is_service_role' instead.
2026-04-07 01:13:03.586 9 WARNING neutron_lib.context [None req-ccf21dbf-0bcd-4520-9552-850fd2a7001e 47e66169c00a4bc68fcddad7a89d719f 7fd64088d16c4a4a8710a907fe3579ea - - default default] Method 'is_advsvc' is deprecated since 2023.2 release (neutron-lib 3.8.0) and will be removed once support for the old RBAC API policies will be removed from Neutron. Please use method 'is_service_role' instead.
2026-04-07 01:13:03.622 10 INFO neutron.wsgi [req-fd96ea6d-37d0-481c-a9a2-9c7a811d2c30 req-915b0b54-2d92-4ec6-845c-4921450b91d6 c2945e55e1604606a259abb05e2974c1 6b821195bb90456f9df4d4234073d017 - - default default] 10.0.0.136 "GET /v2.0/ports?device_id=761b4b7f-76ee-4496-a0e2-43306d872009 HTTP/1.1" status: 200 len: 1168 time: 0.1039245
2026-04-07 01:13:03.677 10 INFO neutron.wsgi [req-fd96ea6d-37d0-481c-a9a2-9c7a811d2c30 req-76503c76-1689-47c0-b35c-aeeeae5440de c2945e55e1604606a259abb05e2974c1 6b821195bb90456f9df4d4234073d017 - - default default] 10.0.0.136 "GET /v2.0/security-groups?id=ed3afe91-64a5-4a23-9e7d-1a9ccf748cd3&fields=id&fields=name HTTP/1.1" status: 200 len: 313 time: 0.0423098
2026-04-07 01:13:03.768 9 INFO neutron.db.ovn_revision_numbers_db [None req-ccf21dbf-0bcd-4520-9552-850fd2a7001e 47e66169c00a4bc68fcddad7a89d719f 7fd64088d16c4a4a8710a907fe3579ea - - default default] Successfully bumped revision number for resource 591b7215-95af-4c5e-9aae-eecbd2cdd722 (type: security_groups) to 1
