File "/var/lib/openstack/lib/python3.10/site-packages/ovsdbapp/backend/ovs_idl/__init__.py", line 184, in lookup
2026-04-07 01:16:15.331 9 ERROR neutron_lib.callbacks.manager return self._lookup(table, record)
2026-04-07 01:16:15.331 9 ERROR neutron_lib.callbacks.manager
File "/var/lib/openstack/lib/python3.10/site-packages/ovsdbapp/backend/ovs_idl/__init__.py", line 235, in _lookup
2026-04-07 01:16:15.331 9 ERROR neutron_lib.callbacks.manager row = idlutils.row_by_value(self, rl.table, rl.column, record)
2026-04-07 01:16:15.331 9 ERROR neutron_lib.callbacks.manager
File "/var/lib/openstack/lib/python3.10/site-packages/ovsdbapp/backend/ovs_idl/idlutils.py", line 114, in row_by_value
2026-04-07 01:16:15.331 9 ERROR neutron_lib.callbacks.manager raise RowNotFound(table=table, col=column, match=match)
2026-04-07 01:16:15.331 9 ERROR neutron_lib.callbacks.manager ovsdbapp.backend.ovs_idl.idlutils.RowNotFound: Cannot find Logical_Router_Port with name=lrp-df2ce483-cd38-41dd-ad3d-a48572d906d3
2026-04-07 01:16:15.331 9 ERROR neutron_lib.callbacks.manager 
2026-04-07 01:16:15.451 10 INFO neutron.db.ovn_revision_numbers_db [None req-7f8db63c-a6c3-4e2c-bd8a-ef44ef7ee712 - - - - - -] Successfully bumped revision number for resource f734a93d-8815-4039-9a5c-129efee9cfbf (type: ports) to 4
2026-04-07 01:16:15.563 10 INFO neutron.plugins.ml2.drivers.ovn.mech_driver.mech_driver [None req-7f8db63c-a6c3-4e2c-bd8a-ef44ef7ee712 - - - - - -] OVN reports status up for port: df2ce483-cd38-41dd-ad3d-a48572d906d3
2026-04-07 01:16:15.578 9 INFO neutron.db.ovn_revision_numbers_db [None req-30df32c1-0a2d-42a5-b52d-7a8cea9c7232 4abdb147bb2a43febe1f865019b9e104 4c03111cca7148f7b467b6f257f413c1 - - default default] Successfully bumped revision number for resource df2ce483-cd38-41dd-ad3d-a48572d906d3 (type: ports) to 1
2026-04-07 01:16:15.579 10 INFO neutron.plugins.ml2.plugin [None req-7f8db63c-a6c3-4e2c-bd8a-ef44ef7ee712 - - - - - -] Attempt 1 to provision port df2ce483-cd38-41dd-ad3d-a48572d906d3
2026-04-07 01:16:15.656 9 WARNING neutron.scheduler.dhcp_agent_scheduler [None req-30df32c1-0a2d-42a5-b52d-7a8cea9c7232 4abdb147bb2a43febe1f865019b9e104 4c03111cca7148f7b467b6f257f413c1 - - default default] No more DHCP agents
2026-04-07 01:16:15.657 9 WARNING neutron.api.rpc.agentnotifiers.dhcp_rpc_agent_api [None req-30df32c1-0a2d-42a5-b52d-7a8cea9c7232 4abdb147bb2a43febe1f865019b9e104 4c03111cca7148f7b467b6f257f413c1 - - default default] Unable to schedule network 611ba549-96f5-4797-9c79-4ef9c62b8ef2: no agents available; will retry on subsequent port and subnet creation events.
2026-04-07 01:16:15.973 9 INFO neutron.db.ovn_revision_numbers_db [None req-30df32c1-0a2d-42a5-b52d-7a8cea9c7232 4abdb147bb2a43febe1f865019b9e104 4c03111cca7148f7b467b6f257f413c1 - - default default] Successfully bumped revision number for resource df2ce483-cd38-41dd-ad3d-a48572d906d3 (type: router_ports) to 1
2026-04-07 01:16:15.982 9 INFO neutron.wsgi [None req-30df32c1-0a2d-42a5-b52d-7a8cea9c7232 4abdb147bb2a43febe1f865019b9e104 4c03111cca7148f7b467b6f257f413c1 - - default default] 10.0.0.154 "PUT /v2.0/routers/13ba122b-7611-4a72-a760-0699042debe7/add_router_interface HTTP/1.1" status: 200 len: 503 time: 2.3271015
2026-04-07 01:16:15.999 9 WARNING neutron_lib.context [None req-834164ec-c4b5-48f9-ac02-1d058256e707 4abdb147bb2a43febe1f865019b9e104 4c03111cca7148f7b467b6f257f413c1 - - default default] Method 'is_advsvc' is deprecated since 2023.2 release (neutron-lib 3.8.0) and will be removed once support for the old RBAC API policies will be removed from Neutron. Please use method 'is_service_role' instead.
2026-04-07 01:16:16.268 10 INFO neutron.db.ovn_revision_numbers_db [None req-7f8db63c-a6c3-4e2c-bd8a-ef44ef7ee712 - - - - - -] Successfully bumped revision number for resource df2ce483-cd38-41dd-ad3d-a48572d906d3 (type: ports) to 2
2026-04-07 01:16:16.423 10 INFO neutron.db.ovn_revision_numbers_db [None req-7f8db63c-a6c3-4e2c-bd8a-ef44ef7ee712 - - - - - -] Successfully bumped revision number for resource df2ce483-cd38-41dd-ad3d-a48572d906d3 (type: router_ports) to 2
2026-04-07 01:16:16.643 9 INFO neutron.wsgi [req-455f83a1-5309-4eab-97f2-e19f714fd56a req-1a1eab56-cff3-4c66-ae89-7643ba982d78 56b4317c775c48b9ba5814b7e0a2fcdf a334445c55f3454baa65533668ced05c - - default default] 10.0.0.136 "GET /v2.0/ports?device_id=b8b7d0b5-c1af-4688-bfc4-aa188619ca89 HTTP/1.1" status: 200 len: 1400 time: 0.1122286
2026-04-07 01:16:16.700 9 INFO neutron.wsgi [req-455f83a1-5309-4eab-97f2-e19f714fd56a req-262ea87f-9db0-450b-afd9-c292ac2b53b9 56b4317c775c48b9ba5814b7e0a2fcdf a334445c55f3454baa65533668ced05c - - default default] 10.0.0.136 "GET /v2.0/security-groups?id=8a005c4f-a1f6-4c4d-9b6f-7d195969a53a&fields=id&fields=name HTTP/1.1" status: 200 len: 310 time: 0.0488763
2026-04-07 01:16:16.706 9 WARNING neutron.scheduler.dhcp_agent_scheduler [None req-834164ec-c4b5-48f9-ac02-1d058256e707 4abdb147bb2a43febe1f865019b9e104 4c03111cca7148f7b467b6f257f413c1 - - default default] No more DHCP agents
2026-04-07 01:16:16.708 9 WARNING neutron.api.rpc.agentnotifiers.dhcp_rpc_agent_api [None req-834164ec-c4b5-48f9-ac02-1d058256e707 4abdb147bb2a43febe1f865019b9e104 4c03111cca7148f7b467b6f257f413c1 - - default default] Unable to schedule network 543c9a89-0820-4f46-bd87-04b90bfd4ca5: no agents available; will retry on subsequent port and subnet creation events. /var/lib/openstack/lib/python3.10/site-packages/pycadf/identifier.py:71: UserWarning: Invalid uuid: neutron. To ensure interoperability, identifiers should be a valid uuid. warnings.warn(('Invalid uuid: %s. To ensure interoperability, '
2026-04-07 01:16:16.829 10 INFO neutron.wsgi [None req-415ddf13-709f-4f48-9951-490dcbe1e580 56b4317c775c48b9ba5814b7e0a2fcdf a334445c55f3454baa65533668ced05c - - default default] 10.0.0.154 "GET /v2.0/ports?network_id=7a9a22de-ed79-465a-8316-c3a526896b29&mac_address=fa%3A16%3A3e%3Aeb%3A2f%3A13 HTTP/1.1" status: 200 len: 1395 time: 0.1050863
2026-04-07 01:16:16.840 10 WARNING neutron_lib.context [None req-ee2c8bc6-1233-4bc0-99f7-7c4aaf24247c 56b4317c775c48b9ba5814b7e0a2fcdf a334445c55f3454baa65533668ced05c - - default default] Method 'is_advsvc' is deprecated since 2023.2 release (neutron-lib 3.8.0) and will be removed once support for the old RBAC API policies will be removed from Neutron. Please use method 'is_service_role' instead.
2026-04-07 01:16:16.864 9 INFO neutron.db.ovn_revision_numbers_db [None req-834164ec-c4b5-48f9-ac02-1d058256e707 4abdb147bb2a43febe1f865019b9e104 4c03111cca7148f7b467b6f257f413c1 - - default default] Successfully bumped revision number for resource c8770572-1db3-446f-b19c-078bae62967e (type: ports) to 1
2026-04-07 01:16:17.137 10 WARNING neutron.scheduler.dhcp_agent_scheduler [None req-ee2c8bc6-1233-4bc0-99f7-7c4aaf24247c 56b4317c775c48b9ba5814b7e0a2fcdf a334445c55f3454baa65533668ced05c - - default default] No more DHCP agents
2026-04-07 01:16:17.139 10 WARNING neutron.api.rpc.agentnotifiers.dhcp_rpc_agent_api [None req-ee2c8bc6-1233-4bc0-99f7-7c4aaf24247c 56b4317c775c48b9ba5814b7e0a2fcdf a334445c55f3454baa65533668ced05c - - default default] Unable to schedule network 543c9a89-0820-4f46-bd87-04b90bfd4ca5: no agents available; will retry on subsequent port and subnet creation events.
2026-04-07 01:16:17.317 10 INFO neutron.notifiers.nova [-] Nova event matching ['req-fc76602f-43ea-4624-a614-fe4e4c1de75f'] response: {'server_uuid': 'b8b7d0b5-c1af-4688-bfc4-aa188619ca89', 'name': 'network-vif-plugged', 'status': 'completed', 'tag': 'f734a93d-8815-4039-9a5c-129efee9cfbf', 'code': 200}
2026-04-07 01:16:17.375 9 INFO neutron.db.ovn_revision_numbers_db [None req-834164ec-c4b5-48f9-ac02-1d058256e707 4abdb147bb2a43febe1f865019b9e104 4c03111cca7148f7b467b6f257f413c1 - - default default] Successfully bumped revision number for resource c8770572-1db3-446f-b19c-078bae62967e (type: ports) to 1
2026-04-07 01:16:17.444 9 INFO neutron.db.segments_db [None req-834164ec-c4b5-48f9-ac02-1d058256e707 4abdb147bb2a43febe1f865019b9e104 4c03111cca7148f7b467b6f257f413c1 - - default default] Added segment 829fb844-f7bd-4531-b888-bb4ff31643d8 of type geneve for network d8ec3a12-37f7-46d5-a30c-f28bf01d0b41
2026-04-07 01:16:17.631 9 INFO neutron.db.ovn_revision_numbers_db [None req-834164ec-c4b5-48f9-ac02-1d058256e707 4abdb147bb2a43febe1f865019b9e104 4c03111cca7148f7b467b6f257f413c1 - - default default] Successfully bumped revision number for resource d8ec3a12-37f7-46d5-a30c-f28bf01d0b41 (type: networks) to 1
2026-04-07 01:16:17.847 9 WARNING neutron.scheduler.dhcp_agent_scheduler [None req-834164ec-c4b5-48f9-ac02-1d058256e707 4abdb147bb2a43febe1f865019b9e104 4c03111cca7148f7b467b6f257f413c1 - - default default] No more DHCP agents
2026-04-07 01:16:17.849 9 WARNING neutron.api.rpc.agentnotifiers.dhcp_rpc_agent_api [None req-834164ec-c4b5-48f9-ac02-1d058256e707 4abdb147bb2a43febe1f865019b9e104 4c03111cca7148f7b467b6f257f413c1 - - default default] Unable to schedule network d8ec3a12-37f7-46d5-a30c-f28bf01d0b41: no agents available; will retry on subsequent port and subnet creation events.
2026-04-07 01:16:17.955 9 INFO neutron.db.ovn_revision_numbers_db [None req-834164ec-c4b5-48f9-ac02-1d058256e707 4abdb147bb2a43febe1f865019b9e104 4c03111cca7148f7b467b6f257f413c1 - - default default] Successfully bumped revision number for resource 7de7db8a-76b7-4b27-8c98-70ac1c3e9fdb (type: ports) to 1
2026-04-07 01:16:18.131 10 INFO neutron.db.ovn_revision_numbers_db [None req-ee2c8bc6-1233-4bc0-99f7-7c4aaf24247c 56b4317c775c48b9ba5814b7e0a2fcdf a334445c55f3454baa65533668ced05c - - default default] Successfully bumped revision number for resource 9929c4f0-5a19-42c4-81b7-a8e55d7b9de8 (type: floatingips) to -1
2026-04-07 01:16:18.144 9 WARNING neutron.scheduler.dhcp_agent_scheduler [None req-834164ec-c4b5-48f9-ac02-1d058256e707 4abdb147bb2a43febe1f865019b9e104 4c03111cca7148f7b467b6f257f413c1 - - default default] No more DHCP agents
2026-04-07 01:16:18.147 9 WARNING neutron.api.rpc.agentnotifiers.dhcp_rpc_agent_api [None req-834164ec-c4b5-48f9-ac02-1d058256e707 4abdb147bb2a43febe1f865019b9e104 4c03111cca7148f7b467b6f257f413c1 - - default default] Unable to schedule network d8ec3a12-37f7-46d5-a30c-f28bf01d0b41: no agents available; will retry on subsequent port and subnet creation events.
2026-04-07 01:16:18.188 9 INFO neutron.db.ovn_revision_numbers_db [None req-834164ec-c4b5-48f9-ac02-1d058256e707 4abdb147bb2a43febe1f865019b9e104 4c03111cca7148f7b467b6f257f413c1 - - default default] Successfully bumped revision number for resource 58d8afa6-a702-4576-9059-59ba3a4add28 (type: subnets) to 0
2026-04-07 01:16:18.292 10 INFO neutron.db.ovn_revision_numbers_db [None req-ee2c8bc6-1233-4bc0-99f7-7c4aaf24247c 56b4317c775c48b9ba5814b7e0a2fcdf a334445c55f3454baa65533668ced05c - - default default] Successfully bumped revision number for resource 9929c4f0-5a19-42c4-81b7-a8e55d7b9de8 (type: floatingips) to 1
2026-04-07 01:16:18.293 10 INFO neutron.db.l3_db [None req-ee2c8bc6-1233-4bc0-99f7-7c4aaf24247c 56b4317c775c48b9ba5814b7e0a2fcdf a334445c55f3454baa65533668ced05c - - default default] Floating IP 9929c4f0-5a19-42c4-81b7-a8e55d7b9de8 associated. External IP: 10.96.250.212, port: f734a93d-8815-4039-9a5c-129efee9cfbf.
2026-04-07 01:16:18.340 10 INFO neutron.wsgi [None req-ee2c8bc6-1233-4bc0-99f7-7c4aaf24247c 56b4317c775c48b9ba5814b7e0a2fcdf a334445c55f3454baa65533668ced05c - - default default] 10.0.0.154 "POST /v2.0/floatingips HTTP/1.1" status: 201 len: 1054 time: 1.5043905
2026-04-07 01:16:18.503 9 INFO neutron.wsgi [req-4e8cd6c7-e5a9-48bd-a96a-b7576a1be4b5 req-bbbcb0ba-7f0a-4b4b-bb23-85a76f792bb0 56b4317c775c48b9ba5814b7e0a2fcdf a334445c55f3454baa65533668ced05c - - default default] 10.0.0.136 "GET /v2.0/security-groups?name=tempest-lb_member_SG-677077956&fields=id&tenant_id=a334445c55f3454baa65533668ced05c HTTP/1.1" status: 200 len: 267 time: 0.0710216
2026-04-07 01:16:18.627 9 INFO neutron.wsgi [req-4e8cd6c7-e5a9-48bd-a96a-b7576a1be4b5 req-d95c3db4-3f49-40aa-9cd6-b040a1bd9cf7 56b4317c775c48b9ba5814b7e0a2fcdf a334445c55f3454baa65533668ced05c - - default default] 10.0.0.136 "GET /v2.0/networks?id=f7d3aa29-81d3-4092-b936-5da04cb8d2ed HTTP/1.1" status: 200 len: 904 time: 0.1144631
2026-04-07 01:16:18.662 9 INFO neutron.wsgi [req-4e8cd6c7-e5a9-48bd-a96a-b7576a1be4b5 req-2fd45bee-5f6d-41d6-9926-e6cc7960b2e0 56b4317c775c48b9ba5814b7e0a2fcdf a334445c55f3454baa65533668ced05c - - default default] 10.0.0.136 "GET /v2.0/quotas/a334445c55f3454baa65533668ced05c HTTP/1.1" status: 200 len: 491 time: 0.0265076
2026-04-07 01:16:18.875 9 WARNING neutron.scheduler.dhcp_agent_scheduler [None req-834164ec-c4b5-48f9-ac02-1d058256e707 4abdb147bb2a43febe1f865019b9e104 4c03111cca7148f7b467b6f257f413c1 - - default default] No more DHCP agents
2026-04-07 01:16:18.880 9 WARNING neutron.api.rpc.agentnotifiers.dhcp_rpc_agent_api [None req-834164ec-c4b5-48f9-ac02-1d058256e707 4abdb147bb2a43febe1f865019b9e104 4c03111cca7148f7b467b6f257f413c1 - - default default] Unable to schedule network d8ec3a12-37f7-46d5-a30c-f28bf01d0b41: no agents available; will retry on subsequent port and subnet creation events.
2026-04-07 01:16:18.917 9 INFO neutron.wsgi [req-4e8cd6c7-e5a9-48bd-a96a-b7576a1be4b5 req-c4861d47-e606-4652-8b83-c33db363e70d 56b4317c775c48b9ba5814b7e0a2fcdf a334445c55f3454baa65533668ced05c - - default default] 10.0.0.136 "GET /v2.0/ports?tenant_id=a334445c55f3454baa65533668ced05c&fields=id HTTP/1.1" status: 200 len: 532 time: 0.2464061
2026-04-07 01:16:18.936 9 WARNING neutron.plugins.ml2.drivers.ovn.mech_driver.ovsdb.ovn_client [None req-f9543b37-866a-4dad-8baa-eb3fbf3e386f - - - - - -] No hosting information found for port 3dfbbc25-e6ee-4c92-a2ab-0d41e171814e: RuntimeError: No hosting information found for port 3dfbbc25-e6ee-4c92-a2ab-0d41e171814e /var/lib/openstack/lib/python3.10/site-packages/pycadf/identifier.py:71: UserWarning: Invalid uuid: neutron. To ensure interoperability, identifiers should be a valid uuid. warnings.warn(('Invalid uuid: %s. To ensure interoperability, '
2026-04-07 01:16:19.040 9 INFO neutron.wsgi [req-4e8cd6c7-e5a9-48bd-a96a-b7576a1be4b5 req-393c67a7-b27d-443c-b9d6-e66e77b58cb9 2426283c74ff431aa9164d5fcca4c91d 2e50f0f865df492ba6e9176720962798 - - 94fea3911c3249d7b72d093d27ede76e 94fea3911c3249d7b72d093d27ede76e] 10.0.0.136 "GET /v2.0/networks/f7d3aa29-81d3-4092-b936-5da04cb8d2ed?fields=segments HTTP/1.1" status: 200 len: 212 time: 0.1062818
2026-04-07 01:16:19.128 9 INFO neutron.wsgi [req-4e8cd6c7-e5a9-48bd-a96a-b7576a1be4b5 req-498b1852-6388-4763-aca2-f51f123c876a 2426283c74ff431aa9164d5fcca4c91d 2e50f0f865df492ba6e9176720962798 - - 94fea3911c3249d7b72d093d27ede76e 94fea3911c3249d7b72d093d27ede76e] 10.0.0.136 "GET /v2.0/networks/f7d3aa29-81d3-4092-b936-5da04cb8d2ed?fields=provider%3Aphysical_network&fields=provider%3Anetwork_type HTTP/1.1" status: 200 len: 277 time: 0.0796905
2026-04-07 01:16:19.136 9 INFO neutron.db.ovn_revision_numbers_db [None req-834164ec-c4b5-48f9-ac02-1d058256e707 4abdb147bb2a43febe1f865019b9e104 4c03111cca7148f7b467b6f257f413c1 - - default default] Successfully bumped revision number for resource b74d2a59-64f8-4a2a-ba2f-12d307f37890 (type: ports) to 1
2026-04-07 01:16:19.294 10 INFO neutron.wsgi [req-ab24b1fe-9778-419f-b374-7f0d20dd197f req-956c3d85-b9e9-4599-b595-769f654736dc 56b4317c775c48b9ba5814b7e0a2fcdf a334445c55f3454baa65533668ced05c - - default default] 10.0.0.136 "GET /v2.0/ports?device_id=98add5fb-9325-49a9-8d24-8209d7288440 HTTP/1.1" status: 200 len: 210 time: 0.0444777
2026-04-07 01:16:19.357 10 INFO neutron.notifiers.nova [-] Nova event matching ['req-71a34099-c1b7-4440-b170-c7f64b65e167'] response: {'name': 'network-changed', 'server_uuid': 'b8b7d0b5-c1af-4688-bfc4-aa188619ca89', 'tag': 'f734a93d-8815-4039-9a5c-129efee9cfbf', 'status': 'completed', 'code': 200}
2026-04-07 01:16:19.423 10 INFO neutron.wsgi [req-54744753-afac-4646-a438-7ed131df8c9d req-ef6aabc9-1944-4cdb-b152-b4345e251912 2426283c74ff431aa9164d5fcca4c91d 2e50f0f865df492ba6e9176720962798 - - 94fea3911c3249d7b72d093d27ede76e 94fea3911c3249d7b72d093d27ede76e] 199.204.45.122 "GET /v2.0/ports?tenant_id=a334445c55f3454baa65533668ced05c&device_id=b8b7d0b5-c1af-4688-bfc4-aa188619ca89 HTTP/1.1" status: 200 len: 1638 time: 0.0440602
2026-04-07 01:16:19.483 10 INFO neutron.wsgi [req-54744753-afac-4646-a438-7ed131df8c9d req-66685835-ddb9-4d1e-8ab5-21a780949b4e 2426283c74ff431aa9164d5fcca4c91d 2e50f0f865df492ba6e9176720962798 - - 94fea3911c3249d7b72d093d27ede76e 94fea3911c3249d7b72d093d27ede76e] 199.204.45.122 "GET /v2.0/networks?id=7a9a22de-ed79-465a-8316-c3a526896b29 HTTP/1.1" status: 200 len: 1003 time: 0.0550113
2026-04-07 01:16:19.557 10 INFO neutron.wsgi [req-54744753-afac-4646-a438-7ed131df8c9d req-8c6f9639-53bc-4cb3-b7a9-13d6d29909a9 2426283c74ff431aa9164d5fcca4c91d 2e50f0f865df492ba6e9176720962798 - - 94fea3911c3249d7b72d093d27ede76e 94fea3911c3249d7b72d093d27ede76e] 199.204.45.122 "GET /v2.0/floatingips?fixed_ip_address=10.2.1.106&port_id=f734a93d-8815-4039-9a5c-129efee9cfbf HTTP/1.1" status: 200 len: 1059 time: 0.0682480
2026-04-07 01:16:19.589 10 INFO neutron.wsgi [req-54744753-afac-4646-a438-7ed131df8c9d req-70659ea3-28a8-414b-914b-94c16fc329d0 2426283c74ff431aa9164d5fcca4c91d 2e50f0f865df492ba6e9176720962798 - - 94fea3911c3249d7b72d093d27ede76e 94fea3911c3249d7b72d093d27ede76e] 199.204.45.122 "GET /v2.0/floatingips?fixed_ip_address=fd7b%3Af9f7%3Afff%3A4eca%3A%3A2aa&port_id=f734a93d-8815-4039-9a5c-129efee9cfbf HTTP/1.1" status: 200 len: 217 time: 0.0252001
2026-04-07 01:16:19.639 10 INFO neutron.wsgi [req-54744753-afac-4646-a438-7ed131df8c9d req-0d6d76ef-aaa1-4ded-8fdc-0444a85450e0 2426283c74ff431aa9164d5fcca4c91d 2e50f0f865df492ba6e9176720962798 - - 94fea3911c3249d7b72d093d27ede76e 94fea3911c3249d7b72d093d27ede76e] 199.204.45.122 "GET /v2.0/subnets?id=438ab769-02aa-4fcc-8bac-541014da9ba6&id=fdc868f3-ed82-4289-b481-3f8b428c3ed2 HTTP/1.1" status: 200 len: 1562 time: 0.0439138
2026-04-07 01:16:19.671 10 INFO neutron.wsgi [req-54744753-afac-4646-a438-7ed131df8c9d req-30a71611-821f-438b-bc4a-8bba5be7541d 2426283c74ff431aa9164d5fcca4c91d 2e50f0f865df492ba6e9176720962798 - - 94fea3911c3249d7b72d093d27ede76e 94fea3911c3249d7b72d093d27ede76e] 199.204.45.122 "GET /v2.0/ports?network_id=7a9a22de-ed79-465a-8316-c3a526896b29&device_owner=network%3Adhcp HTTP/1.1" status: 200 len: 210 time: 0.0220294
2026-04-07 01:16:19.693 9 ERROR ovsdbapp.backend.ovs_idl.command [None req-834164ec-c4b5-48f9-ac02-1d058256e707 4abdb147bb2a43febe1f865019b9e104 4c03111cca7148f7b467b6f257f413c1 - - default default] Error executing command (DbGetCommand): ovsdbapp.backend.ovs_idl.idlutils.RowNotFound: Cannot find Logical_Router_Port with name=lrp-b74d2a59-64f8-4a2a-ba2f-12d307f37890
2026-04-07 01:16:19.693 9 ERROR ovsdbapp.backend.ovs_idl.command
Traceback (most recent call last):
2026-04-07 01:16:19.693 9 ERROR ovsdbapp.backend.ovs_idl.command
File "/var/lib/openstack/lib/python3.10/site-packages/ovsdbapp/backend/ovs_idl/command.py", line 47, in execute
2026-04-07 01:16:19.693 9 ERROR ovsdbapp.backend.ovs_idl.command self.run_idl(None)
2026-04-07 01:16:19.693 9 ERROR ovsdbapp.backend.ovs_idl.command
File "/var/lib/openstack/lib/python3.10/site-packages/ovsdbapp/backend/ovs_idl/command.py", line 235, in run_idl
2026-04-07 01:16:19.693 9 ERROR ovsdbapp.backend.ovs_idl.command record = self.api.lookup(self.table, self.record)
2026-04-07 01:16:19.693 9 ERROR ovsdbapp.backend.ovs_idl.command
File "/var/lib/openstack/lib/python3.10/site-packages/ovsdbapp/backend/ovs_idl/__init__.py", line 184, in lookup
2026-04-07 01:16:19.693 9 ERROR ovsdbapp.backend.ovs_idl.command return self._lookup(table, record)
2026-04-07 01:16:19.693 9 ERROR ovsdbapp.backend.ovs_idl.command
File "/var/lib/openstack/lib/python3.10/site-packages/ovsdbapp/backend/ovs_idl/__init__.py", line 235, in _lookup
2026-04-07 01:16:19.693 9 ERROR ovsdbapp.backend.ovs_idl.command row = idlutils.row_by_value(self, rl.table, rl.column, record)
2026-04-07 01:16:19.693 9 ERROR ovsdbapp.backend.ovs_idl.command
File "/var/lib/openstack/lib/python3.10/site-packages/ovsdbapp/backend/ovs_idl/idlutils.py", line 114, in row_by_value
2026-04-07 01:16:19.693 9 ERROR ovsdbapp.backend.ovs_idl.command raise RowNotFound(table=table, col=column, match=match)
2026-04-07 01:16:19.693 9 ERROR ovsdbapp.backend.ovs_idl.command ovsdbapp.backend.ovs_idl.idlutils.RowNotFound: Cannot find Logical_Router_Port with name=lrp-b74d2a59-64f8-4a2a-ba2f-12d307f37890
2026-04-07 01:16:19.693 9 ERROR ovsdbapp.backend.ovs_idl.command 
2026-04-07 01:16:19.694 9 ERROR neutron_lib.callbacks.manager [None req-834164ec-c4b5-48f9-ac02-1d058256e707 4abdb147bb2a43febe1f865019b9e104 4c03111cca7148f7b467b6f257f413c1 - - default default] Error during notification for neutron.services.ovn_l3.plugin.OVNL3RouterPlugin._port_update-8757716897510 port, after_update: ovsdbapp.backend.ovs_idl.idlutils.RowNotFound: Cannot find Logical_Router_Port with name=lrp-b74d2a59-64f8-4a2a-ba2f-12d307f37890
2026-04-07 01:16:19.694 9 ERROR neutron_lib.callbacks.manager
Traceback (most recent call last):
2026-04-07 01:16:19.694 9 ERROR neutron_lib.callbacks.manager
File "/var/lib/openstack/lib/python3.10/site-packages/neutron_lib/callbacks/manager.py", line 189, in _notify_loop
2026-04-07 01:16:19.694 9 ERROR neutron_lib.callbacks.manager callback.method(resource, event, trigger, payload=payload)
2026-04-07 01:16:19.694 9 ERROR neutron_lib.callbacks.manager
File "/var/lib/openstack/lib/python3.10/site-packages/neutron/services/ovn_l3/plugin.py", line 391, in _port_update
2026-04-07 01:16:19.694 9 ERROR neutron_lib.callbacks.manager l3plugin._ovn_client.update_router_port(context,
2026-04-07 01:16:19.694 9 ERROR neutron_lib.callbacks.manager
File "/var/lib/openstack/lib/python3.10/site-packages/neutron/plugins/ml2/drivers/ovn/mech_driver/ovsdb/ovn_client.py", line 1878, in update_router_port
2026-04-07 01:16:19.694 9 ERROR neutron_lib.callbacks.manager self._update_lrouter_port(context, port, if_exists=if_exists,
2026-04-07 01:16:19.694 9 ERROR neutron_lib.callbacks.manager
File "/var/lib/openstack/lib/python3.10/site-packages/neutron/plugins/ml2/drivers/ovn/mech_driver/ovsdb/ovn_client.py", line 1855, in _update_lrouter_port
2026-04-07 01:16:19.694 9 ERROR neutron_lib.callbacks.manager external_ids = self._nb_idl.db_get(
2026-04-07 01:16:19.694 9 ERROR neutron_lib.callbacks.manager
File "/var/lib/openstack/lib/python3.10/site-packages/ovsdbapp/backend/ovs_idl/command.py", line 47, in execute
2026-04-07 01:16:19.694 9 ERROR neutron_lib.callbacks.manager self.run_idl(None)
2026-04-07 01:16:19.694 9 ERROR neutron_lib.callbacks.manager
File "/var/lib/openstack/lib/python3.10/site-packages/ovsdbapp/backend/ovs_idl/command.py", line 235, in run_idl
2026-04-07 01:16:19.694 9 ERROR neutron_lib.callbacks.manager record = self.api.lookup(self.table, self.record)
2026-04-07 01:16:19.694 9 ERROR neutron_lib.callbacks.manager
File "/var/lib/openstack/lib/python3.10/site-packages/ovsdbapp/backend/ovs_idl/__init__.py", line 184, in lookup
2026-04-07 01:16:19.694 9 ERROR neutron_lib.callbacks.manager return self._lookup(table, record)
2026-04-07 01:16:19.694 9 ERROR neutron_lib.callbacks.manager
File "/var/lib/openstack/lib/python3.10/site-packages/ovsdbapp/backend/ovs_idl/__init__.py", line 235, in _lookup
2026-04-07 01:16:19.694 9 ERROR neutron_lib.callbacks.manager row = idlutils.row_by_value(self, rl.table, rl.column, record)
2026-04-07 01:16:19.694 9 ERROR neutron_lib.callbacks.manager
File "/var/lib/openstack/lib/python3.10/site-packages/ovsdbapp/backend/ovs_idl/idlutils.py", line 114, in row_by_value
2026-04-07 01:16:19.694 9 ERROR neutron_lib.callbacks.manager raise RowNotFound(table=table, col=column, match=match)
2026-04-07 01:16:19.694 9 ERROR neutron_lib.callbacks.manager ovsdbapp.backend.ovs_idl.idlutils.RowNotFound: Cannot find Logical_Router_Port with name=lrp-b74d2a59-64f8-4a2a-ba2f-12d307f37890
2026-04-07 01:16:19.694 9 ERROR neutron_lib.callbacks.manager 
2026-04-07 01:16:19.706 10 INFO neutron.wsgi [req-54744753-afac-4646-a438-7ed131df8c9d req-8d7f9e0a-525c-4258-8c6f-1c713c964cfb 2426283c74ff431aa9164d5fcca4c91d 2e50f0f865df492ba6e9176720962798 - - 94fea3911c3249d7b72d093d27ede76e 94fea3911c3249d7b72d093d27ede76e] 199.204.45.122 "GET /v2.0/ports?network_id=7a9a22de-ed79-465a-8316-c3a526896b29&device_owner=network%3Adhcp HTTP/1.1" status: 200 len: 210 time: 0.0284975
2026-04-07 01:16:19.772 10 INFO neutron.wsgi [req-54744753-afac-4646-a438-7ed131df8c9d req-c907e84c-e550-4a5d-b12c-5d29fd07ccbd 2426283c74ff431aa9164d5fcca4c91d 2e50f0f865df492ba6e9176720962798 - - 94fea3911c3249d7b72d093d27ede76e 94fea3911c3249d7b72d093d27ede76e] 199.204.45.122 "GET /v2.0/networks/7a9a22de-ed79-465a-8316-c3a526896b29?fields=segments HTTP/1.1" status: 200 len: 212 time: 0.0575960
2026-04-07 01:16:19.865 10 INFO neutron.wsgi [req-54744753-afac-4646-a438-7ed131df8c9d req-eb35e6fa-f871-499a-8f01-aa34428efe65 2426283c74ff431aa9164d5fcca4c91d 2e50f0f865df492ba6e9176720962798 - - 94fea3911c3249d7b72d093d27ede76e 94fea3911c3249d7b72d093d27ede76e] 199.204.45.122 "GET /v2.0/networks/7a9a22de-ed79-465a-8316-c3a526896b29?fields=provider%3Aphysical_network&fields=provider%3Anetwork_type HTTP/1.1" status: 200 len: 277 time: 0.0797698
2026-04-07 01:16:19.923 9 INFO neutron.plugins.ml2.drivers.ovn.mech_driver.mech_driver [None req-f9543b37-866a-4dad-8baa-eb3fbf3e386f - - - - - -] OVN reports status up for port: b74d2a59-64f8-4a2a-ba2f-12d307f37890
2026-04-07 01:16:19.932 9 INFO neutron.plugins.ml2.plugin [None req-f9543b37-866a-4dad-8baa-eb3fbf3e386f - - - - - -] Attempt 1 to provision port b74d2a59-64f8-4a2a-ba2f-12d307f37890
2026-04-07 01:16:19.945 9 INFO neutron.db.ovn_revision_numbers_db [None req-834164ec-c4b5-48f9-ac02-1d058256e707 4abdb147bb2a43febe1f865019b9e104 4c03111cca7148f7b467b6f257f413c1 - - default default] Successfully bumped revision number for resource b74d2a59-64f8-4a2a-ba2f-12d307f37890 (type: ports) to 1
2026-04-07 01:16:20.016 10 INFO neutron.wsgi [req-4e8cd6c7-e5a9-48bd-a96a-b7576a1be4b5 req-c4515f01-eb56-4497-8e6b-976c17ebc816 56b4317c775c48b9ba5814b7e0a2fcdf a334445c55f3454baa65533668ced05c - - default default] 199.204.45.122 "GET /v2.0/networks?id=f7d3aa29-81d3-4092-b936-5da04cb8d2ed HTTP/1.1" status: 200 len: 904 time: 0.0711014
2026-04-07 01:16:20.034 9 WARNING neutron.scheduler.dhcp_agent_scheduler [None req-834164ec-c4b5-48f9-ac02-1d058256e707 4abdb147bb2a43febe1f865019b9e104 4c03111cca7148f7b467b6f257f413c1 - - default default] No more DHCP agents
2026-04-07 01:16:20.036 9 WARNING neutron.api.rpc.agentnotifiers.dhcp_rpc_agent_api [None req-834164ec-c4b5-48f9-ac02-1d058256e707 4abdb147bb2a43febe1f865019b9e104 4c03111cca7148f7b467b6f257f413c1 - - default default] Unable to schedule network d8ec3a12-37f7-46d5-a30c-f28bf01d0b41: no agents available; will retry on subsequent port and subnet creation events.
2026-04-07 01:16:20.067 10 INFO neutron.wsgi [req-4e8cd6c7-e5a9-48bd-a96a-b7576a1be4b5 req-0768d196-0ef3-40d5-9bea-5db8044b4687 56b4317c775c48b9ba5814b7e0a2fcdf a334445c55f3454baa65533668ced05c - - default default] 199.204.45.122 "GET /v2.0/security-groups?fields=id&fields=name&tenant_id=a334445c55f3454baa65533668ced05c HTTP/1.1" status: 200 len: 377 time: 0.0464046
2026-04-07 01:16:20.079 10 WARNING neutron_lib.context [req-4e8cd6c7-e5a9-48bd-a96a-b7576a1be4b5 req-5506d8a3-5ddd-483d-8807-1c932b712cc9 56b4317c775c48b9ba5814b7e0a2fcdf a334445c55f3454baa65533668ced05c - - default default] Method 'is_advsvc' is deprecated since 2023.2 release (neutron-lib 3.8.0) and will be removed once support for the old RBAC API policies will be removed from Neutron. Please use method 'is_service_role' instead.
2026-04-07 01:16:20.473 10 WARNING neutron.scheduler.dhcp_agent_scheduler [req-4e8cd6c7-e5a9-48bd-a96a-b7576a1be4b5 req-5506d8a3-5ddd-483d-8807-1c932b712cc9 56b4317c775c48b9ba5814b7e0a2fcdf a334445c55f3454baa65533668ced05c - - default default] No more DHCP agents
2026-04-07 01:16:20.474 10 WARNING neutron.api.rpc.agentnotifiers.dhcp_rpc_agent_api [req-4e8cd6c7-e5a9-48bd-a96a-b7576a1be4b5 req-5506d8a3-5ddd-483d-8807-1c932b712cc9 56b4317c775c48b9ba5814b7e0a2fcdf a334445c55f3454baa65533668ced05c - - default default] Unable to schedule network f7d3aa29-81d3-4092-b936-5da04cb8d2ed: no agents available; will retry on subsequent port and subnet creation events.
2026-04-07 01:16:20.677 10 INFO neutron.db.ovn_revision_numbers_db [req-4e8cd6c7-e5a9-48bd-a96a-b7576a1be4b5 req-5506d8a3-5ddd-483d-8807-1c932b712cc9 56b4317c775c48b9ba5814b7e0a2fcdf a334445c55f3454baa65533668ced05c - - default default] Successfully bumped revision number for resource 7df02a45-81b1-44d4-b399-74cd9913155d (type: ports) to 1
2026-04-07 01:16:20.746 10 INFO neutron.wsgi [req-4e8cd6c7-e5a9-48bd-a96a-b7576a1be4b5 req-5506d8a3-5ddd-483d-8807-1c932b712cc9 56b4317c775c48b9ba5814b7e0a2fcdf a334445c55f3454baa65533668ced05c - - default default] 199.204.45.122 "POST /v2.0/ports HTTP/1.1" status: 201 len: 1388 time: 0.6731880 /var/lib/openstack/lib/python3.10/site-packages/pycadf/identifier.py:71: UserWarning: Invalid uuid: neutron. To ensure interoperability, identifiers should be a valid uuid. warnings.warn(('Invalid uuid: %s. To ensure interoperability, '
2026-04-07 01:16:20.890 9 INFO neutron.db.ovn_revision_numbers_db [None req-f9543b37-866a-4dad-8baa-eb3fbf3e386f - - - - - -] Successfully bumped revision number for resource b74d2a59-64f8-4a2a-ba2f-12d307f37890 (type: ports) to 2
2026-04-07 01:16:21.028 9 ERROR ovsdbapp.backend.ovs_idl.command [None req-f9543b37-866a-4dad-8baa-eb3fbf3e386f - - - - - -] Error executing command (DbGetCommand): ovsdbapp.backend.ovs_idl.idlutils.RowNotFound: Cannot find Logical_Router_Port with name=lrp-b74d2a59-64f8-4a2a-ba2f-12d307f37890
2026-04-07 01:16:21.028 9 ERROR ovsdbapp.backend.ovs_idl.command
Traceback (most recent call last):
2026-04-07 01:16:21.028 9 ERROR ovsdbapp.backend.ovs_idl.command
File "/var/lib/openstack/lib/python3.10/site-packages/ovsdbapp/backend/ovs_idl/command.py", line 47, in execute
2026-04-07 01:16:21.028 9 ERROR ovsdbapp.backend.ovs_idl.command self.run_idl(None)
2026-04-07 01:16:21.028 9 ERROR ovsdbapp.backend.ovs_idl.command
File "/var/lib/openstack/lib/python3.10/site-packages/ovsdbapp/backend/ovs_idl/command.py", line 235, in run_idl
2026-04-07 01:16:21.028 9 ERROR ovsdbapp.backend.ovs_idl.command record = self.api.lookup(self.table, self.record)
2026-04-07 01:16:21.028 9 ERROR ovsdbapp.backend.ovs_idl.command
File "/var/lib/openstack/lib/python3.10/site-packages/ovsdbapp/backend/ovs_idl/__init__.py", line 184, in lookup
2026-04-07 01:16:21.028 9 ERROR ovsdbapp.backend.ovs_idl.command return self._lookup(table, record)
2026-04-07 01:16:21.028 9 ERROR ovsdbapp.backend.ovs_idl.command
File "/var/lib/openstack/lib/python3.10/site-packages/ovsdbapp/backend/ovs_idl/__init__.py", line 235, in _lookup
2026-04-07 01:16:21.028 9 ERROR ovsdbapp.backend.ovs_idl.command row = idlutils.row_by_value(self, rl.table, rl.column, record)
2026-04-07 01:16:21.028 9 ERROR ovsdbapp.backend.ovs_idl.command
File "/var/lib/openstack/lib/python3.10/site-packages/ovsdbapp/backend/ovs_idl/idlutils.py", line 114, in row_by_value
2026-04-07 01:16:21.028 9 ERROR ovsdbapp.backend.ovs_idl.command raise RowNotFound(table=table, col=column, match=match)
2026-04-07 01:16:21.028 9 ERROR ovsdbapp.backend.ovs_idl.command ovsdbapp.backend.ovs_idl.idlutils.RowNotFound: Cannot find Logical_Router_Port with name=lrp-b74d2a59-64f8-4a2a-ba2f-12d307f37890
2026-04-07 01:16:21.028 9 ERROR ovsdbapp.backend.ovs_idl.command 
2026-04-07 01:16:21.029 9 ERROR neutron_lib.callbacks.manager [None req-f9543b37-866a-4dad-8baa-eb3fbf3e386f - - - - - -] Error during notification for neutron.services.ovn_l3.plugin.OVNL3RouterPlugin._port_update-8757716897510 port, after_update: ovsdbapp.backend.ovs_idl.idlutils.RowNotFound: Cannot find Logical_Router_Port with name=lrp-b74d2a59-64f8-4a2a-ba2f-12d307f37890
2026-04-07 01:16:21.029 9 ERROR neutron_lib.callbacks.manager
Traceback (most recent call last):
2026-04-07 01:16:21.029 9 ERROR neutron_lib.callbacks.manager
File "/var/lib/openstack/lib/python3.10/site-packages/neutron_lib/callbacks/manager.py", line 189, in _notify_loop
2026-04-07 01:16:21.029 9 ERROR neutron_lib.callbacks.manager callback.method(resource, event, trigger, payload=payload)
2026-04-07 01:16:21.029 9 ERROR neutron_lib.callbacks.manager
File "/var/lib/openstack/lib/python3.10/site-packages/neutron/services/ovn_l3/plugin.py", line 391, in _port_update
2026-04-07 01:16:21.029 9 ERROR neutron_lib.callbacks.manager l3plugin._ovn_client.update_router_port(context,
2026-04-07 01:16:21.029 9 ERROR neutron_lib.callbacks.manager
File "/var/lib/openstack/lib/python3.10/site-packages/neutron/plugins/ml2/drivers/ovn/mech_driver/ovsdb/ovn_client.py", line 1878, in update_router_port
2026-04-07 01:16:21.029 9 ERROR neutron_lib.callbacks.manager self._update_lrouter_port(context, port, if_exists=if_exists,
2026-04-07 01:16:21.029 9 ERROR neutron_lib.callbacks.manager
File "/var/lib/openstack/lib/python3.10/site-packages/neutron/plugins/ml2/drivers/ovn/mech_driver/ovsdb/ovn_client.py", line 1855, in _update_lrouter_port
2026-04-07 01:16:21.029 9 ERROR neutron_lib.callbacks.manager external_ids = self._nb_idl.db_get(
2026-04-07 01:16:21.029 9 ERROR neutron_lib.callbacks.manager
File "/var/lib/openstack/lib/python3.10/site-packages/ovsdbapp/backend/ovs_idl/command.py", line 47, in execute
2026-04-07 01:16:21.029 9 ERROR neutron_lib.callbacks.manager self.run_idl(None)
2026-04-07 01:16:21.029 9 ERROR neutron_lib.callbacks.manager
File "/var/lib/openstack/lib/python3.10/site-packages/ovsdbapp/backend/ovs_idl/command.py", line 235, in run_idl
2026-04-07 01:16:21.029 9 ERROR neutron_lib.callbacks.manager record = self.api.lookup(self.table, self.record)
2026-04-07 01:16:21.029 9 ERROR neutron_lib.callbacks.manager
File "/var/lib/openstack/lib/python3.10/site-packages/ovsdbapp/backend/ovs_idl/__init__.py", line 184, in lookup
2026-04-07 01:16:21.029 9 ERROR neutron_lib.callbacks.manager return self._lookup(table, record)
2026-04-07 01:16:21.029 9 ERROR neutron_lib.callbacks.manager
File "/var/lib/openstack/lib/python3.10/site-packages/ovsdbapp/backend/ovs_idl/__init__.py", line 235, in _lookup
2026-04-07 01:16:21.029 9 ERROR neutron_lib.callbacks.manager row = idlutils.row_by_value(self, rl.table, rl.column, record)
2026-04-07 01:16:21.029 9 ERROR neutron_lib.callbacks.manager
File "/var/lib/openstack/lib/python3.10/site-packages/ovsdbapp/backend/ovs_idl/idlutils.py", line 114, in row_by_value
2026-04-07 01:16:21.029 9 ERROR neutron_lib.callbacks.manager raise RowNotFound(table=table, col=column, match=match)
2026-04-07 01:16:21.029 9 ERROR neutron_lib.callbacks.manager ovsdbapp.backend.ovs_idl.idlutils.RowNotFound: Cannot find Logical_Router_Port with name=lrp-b74d2a59-64f8-4a2a-ba2f-12d307f37890
2026-04-07 01:16:21.029 9 ERROR neutron_lib.callbacks.manager 
2026-04-07 01:16:21.142 9 INFO neutron.db.ovn_revision_numbers_db [None req-834164ec-c4b5-48f9-ac02-1d058256e707 4abdb147bb2a43febe1f865019b9e104 4c03111cca7148f7b467b6f257f413c1 - - default default] Successfully bumped revision number for resource b74d2a59-64f8-4a2a-ba2f-12d307f37890 (type: router_ports) to 1
2026-04-07 01:16:21.302 10 INFO neutron.db.ovn_revision_numbers_db [req-4e8cd6c7-e5a9-48bd-a96a-b7576a1be4b5 req-d647ccc2-7cc9-4017-9cf7-c4d05c5b6f25 2426283c74ff431aa9164d5fcca4c91d 2e50f0f865df492ba6e9176720962798 - - 94fea3911c3249d7b72d093d27ede76e 94fea3911c3249d7b72d093d27ede76e] Successfully bumped revision number for resource 7df02a45-81b1-44d4-b399-74cd9913155d (type: ports) to 2
2026-04-07 01:16:21.362 10 WARNING neutron.plugins.ml2.drivers.ovn.mech_driver.ovsdb.ovn_client [None req-7f8db63c-a6c3-4e2c-bd8a-ef44ef7ee712 - - - - - -] No hosting information found for port df2ce483-cd38-41dd-ad3d-a48572d906d3: RuntimeError: No hosting information found for port df2ce483-cd38-41dd-ad3d-a48572d906d3
2026-04-07 01:16:21.518 9 WARNING neutron.scheduler.dhcp_agent_scheduler [None req-6599a00f-f557-4161-8f17-43b767868da5 - - - - - -] No more DHCP agents
2026-04-07 01:16:21.520 9 WARNING neutron.api.rpc.agentnotifiers.dhcp_rpc_agent_api [None req-6599a00f-f557-4161-8f17-43b767868da5 - - - - - -] Unable to schedule network d8ec3a12-37f7-46d5-a30c-f28bf01d0b41: no agents available; will retry on subsequent port and subnet creation events.
2026-04-07 01:16:21.639 10 INFO neutron.db.ovn_revision_numbers_db [req-4e8cd6c7-e5a9-48bd-a96a-b7576a1be4b5 req-d647ccc2-7cc9-4017-9cf7-c4d05c5b6f25 2426283c74ff431aa9164d5fcca4c91d 2e50f0f865df492ba6e9176720962798 - - 94fea3911c3249d7b72d093d27ede76e 94fea3911c3249d7b72d093d27ede76e] Successfully bumped revision number for resource 7df02a45-81b1-44d4-b399-74cd9913155d (type: ports) to 2
2026-04-07 01:16:21.658 10 INFO neutron.wsgi [req-4e8cd6c7-e5a9-48bd-a96a-b7576a1be4b5 req-d647ccc2-7cc9-4017-9cf7-c4d05c5b6f25 2426283c74ff431aa9164d5fcca4c91d 2e50f0f865df492ba6e9176720962798 - - 94fea3911c3249d7b72d093d27ede76e 94fea3911c3249d7b72d093d27ede76e] 199.204.45.122 "PUT /v2.0/ports/7df02a45-81b1-44d4-b399-74cd9913155d HTTP/1.1" status: 200 len: 1605 time: 0.9029551
2026-04-07 01:16:21.672 9 INFO neutron.db.ovn_revision_numbers_db [None req-6599a00f-f557-4161-8f17-43b767868da5 - - - - - -] Successfully bumped revision number for resource 1dc72e5b-b5b1-473c-a75a-c6f3b50e0fc0 (type: ports) to 1
2026-04-07 01:16:21.692 10 INFO neutron.notifiers.nova [-] Nova event matching ['req-b21de9d0-80e4-452b-af18-0d25b88e90ef'] response: {'name': 'network-changed', 'server_uuid': '98add5fb-9325-49a9-8d24-8209d7288440', 'tag': '7df02a45-81b1-44d4-b399-74cd9913155d', 'status': 'completed', 'code': 200} /var/lib/openstack/lib/python3.10/site-packages/pycadf/identifier.py:71: UserWarning: Invalid uuid: neutron. To ensure interoperability, identifiers should be a valid uuid. warnings.warn(('Invalid uuid: %s. To ensure interoperability, '
2026-04-07 01:16:21.739 10 INFO neutron.wsgi [req-4e8cd6c7-e5a9-48bd-a96a-b7576a1be4b5 req-eb917eab-fde5-44e6-8e43-2f30fe7cb84d 2426283c74ff431aa9164d5fcca4c91d 2e50f0f865df492ba6e9176720962798 - - 94fea3911c3249d7b72d093d27ede76e 94fea3911c3249d7b72d093d27ede76e] 199.204.45.122 "GET /v2.0/ports?tenant_id=a334445c55f3454baa65533668ced05c&device_id=98add5fb-9325-49a9-8d24-8209d7288440 HTTP/1.1" status: 200 len: 1636 time: 0.0408437
2026-04-07 01:16:21.776 10 INFO neutron.wsgi [req-4e8cd6c7-e5a9-48bd-a96a-b7576a1be4b5 req-63d10e8c-49a9-4d66-938b-5567d855fb82 2426283c74ff431aa9164d5fcca4c91d 2e50f0f865df492ba6e9176720962798 - - 94fea3911c3249d7b72d093d27ede76e 94fea3911c3249d7b72d093d27ede76e] 199.204.45.122 "GET /v2.0/floatingips?fixed_ip_address=10.2.2.158&port_id=7df02a45-81b1-44d4-b399-74cd9913155d HTTP/1.1" status: 200 len: 217 time: 0.0292017
2026-04-07 01:16:21.807 10 INFO neutron.wsgi [req-4e8cd6c7-e5a9-48bd-a96a-b7576a1be4b5 req-62c576eb-c140-4d97-9250-8cba27c9edae 2426283c74ff431aa9164d5fcca4c91d 2e50f0f865df492ba6e9176720962798 - - 94fea3911c3249d7b72d093d27ede76e 94fea3911c3249d7b72d093d27ede76e] 199.204.45.122 "GET /v2.0/floatingips?fixed_ip_address=fd77%3A1457%3A4cf0%3A26a8%3A%3A3c&port_id=7df02a45-81b1-44d4-b399-74cd9913155d HTTP/1.1" status: 200 len: 217 time: 0.0254648
2026-04-07 01:16:21.847 10 INFO neutron.wsgi [req-4e8cd6c7-e5a9-48bd-a96a-b7576a1be4b5 req-095c3623-5158-4628-bcf7-9eb14f3cdf23 2426283c74ff431aa9164d5fcca4c91d 2e50f0f865df492ba6e9176720962798 - - 94fea3911c3249d7b72d093d27ede76e 94fea3911c3249d7b72d093d27ede76e] 199.204.45.122 "GET /v2.0/subnets?id=d507a039-e255-4d6e-b2fa-b55ea7e68385&id=d1422d0d-158f-4b59-bce0-2f840c67d8d5 HTTP/1.1" status: 200 len: 1565 time: 0.0348926
2026-04-07 01:16:21.873 10 INFO neutron.wsgi [req-4e8cd6c7-e5a9-48bd-a96a-b7576a1be4b5 req-784c8520-8eb4-43c4-9c8a-784748580a98 2426283c74ff431aa9164d5fcca4c91d 2e50f0f865df492ba6e9176720962798 - - 94fea3911c3249d7b72d093d27ede76e 94fea3911c3249d7b72d093d27ede76e] 199.204.45.122 "GET /v2.0/ports?network_id=f7d3aa29-81d3-4092-b936-5da04cb8d2ed&device_owner=network%3Adhcp HTTP/1.1" status: 200 len: 210 time: 0.0202394
2026-04-07 01:16:21.905 10 INFO neutron.wsgi [req-4e8cd6c7-e5a9-48bd-a96a-b7576a1be4b5 req-f07c41bd-53a1-4b2f-96c6-fc622f9ef5b3 2426283c74ff431aa9164d5fcca4c91d 2e50f0f865df492ba6e9176720962798 - - 94fea3911c3249d7b72d093d27ede76e 94fea3911c3249d7b72d093d27ede76e] 199.204.45.122 "GET /v2.0/ports?network_id=f7d3aa29-81d3-4092-b936-5da04cb8d2ed&device_owner=network%3Adhcp HTTP/1.1" status: 200 len: 210 time: 0.0248890
2026-04-07 01:16:21.910 9 INFO neutron.db.ovn_revision_numbers_db [None req-6599a00f-f557-4161-8f17-43b767868da5 - - - - - -] Successfully bumped revision number for resource 1dc72e5b-b5b1-473c-a75a-c6f3b50e0fc0 (type: ports) to 1
2026-04-07 01:16:21.975 10 INFO neutron.wsgi [req-4e8cd6c7-e5a9-48bd-a96a-b7576a1be4b5 req-0ae2f5c4-c6a4-4b14-8a30-f20b33886131 2426283c74ff431aa9164d5fcca4c91d 2e50f0f865df492ba6e9176720962798 - - 94fea3911c3249d7b72d093d27ede76e 94fea3911c3249d7b72d093d27ede76e] 199.204.45.122 "GET /v2.0/networks/f7d3aa29-81d3-4092-b936-5da04cb8d2ed?fields=segments HTTP/1.1" status: 200 len: 212 time: 0.0621624
2026-04-07 01:16:22.063 10 INFO neutron.wsgi [req-4e8cd6c7-e5a9-48bd-a96a-b7576a1be4b5 req-592f590d-eb88-4434-a62d-433f3aa51e72 2426283c74ff431aa9164d5fcca4c91d 2e50f0f865df492ba6e9176720962798 - - 94fea3911c3249d7b72d093d27ede76e 94fea3911c3249d7b72d093d27ede76e] 199.204.45.122 "GET /v2.0/networks/f7d3aa29-81d3-4092-b936-5da04cb8d2ed?fields=provider%3Aphysical_network&fields=provider%3Anetwork_type HTTP/1.1" status: 200 len: 277 time: 0.0808189
2026-04-07 01:16:22.151 10 INFO neutron.wsgi [req-b40d14dc-fe39-48f6-a245-116fe3f2ce17 req-0835f342-c77e-4485-9f43-c6c392c364a0 2426283c74ff431aa9164d5fcca4c91d 2e50f0f865df492ba6e9176720962798 - - 94fea3911c3249d7b72d093d27ede76e 94fea3911c3249d7b72d093d27ede76e] 199.204.45.122 "GET /v2.0/ports?tenant_id=a334445c55f3454baa65533668ced05c&device_id=98add5fb-9325-49a9-8d24-8209d7288440 HTTP/1.1" status: 200 len: 1636 time: 0.0441089
2026-04-07 01:16:22.183 9 INFO neutron.wsgi [None req-834164ec-c4b5-48f9-ac02-1d058256e707 4abdb147bb2a43febe1f865019b9e104 4c03111cca7148f7b467b6f257f413c1 - - default default] 10.0.0.154 "POST /v2.0/vpn/vpnservices HTTP/1.1" status: 201 len: 656 time: 6.1942115
2026-04-07 01:16:22.196 9 WARNING neutron_lib.context [None req-66b8e4f3-b1a4-4cdd-b5a2-be898e3673e2 4abdb147bb2a43febe1f865019b9e104 4c03111cca7148f7b467b6f257f413c1 - - default default] Method 'is_advsvc' is deprecated since 2023.2 release (neutron-lib 3.8.0) and will be removed once support for the old RBAC API policies will be removed from Neutron. Please use method 'is_service_role' instead.
2026-04-07 01:16:22.576 10 INFO neutron.plugins.ml2.drivers.ovn.mech_driver.mech_driver [None req-7f8db63c-a6c3-4e2c-bd8a-ef44ef7ee712 - - - - - -] OVN reports status up for port: 7df02a45-81b1-44d4-b399-74cd9913155d
2026-04-07 01:16:22.594 9 INFO neutron.wsgi [None req-66b8e4f3-b1a4-4cdd-b5a2-be898e3673e2 4abdb147bb2a43febe1f865019b9e104 4c03111cca7148f7b467b6f257f413c1 - - default default] 10.0.0.154 "POST /v2.0/vpn/vpnservices HTTP/1.1" status: 201 len: 622 time: 0.4034722
2026-04-07 01:16:22.621 10 INFO neutron.wsgi [req-b40d14dc-fe39-48f6-a245-116fe3f2ce17 req-9311c0a8-80a0-4f7c-9f2f-7c40fdaec1aa 2426283c74ff431aa9164d5fcca4c91d 2e50f0f865df492ba6e9176720962798 - - 94fea3911c3249d7b72d093d27ede76e 94fea3911c3249d7b72d093d27ede76e] 199.204.45.122 "GET /v2.0/networks?id=f7d3aa29-81d3-4092-b936-5da04cb8d2ed HTTP/1.1" status: 200 len: 1003 time: 0.4638059
2026-04-07 01:16:22.630 10 WARNING neutron_lib.context [None req-aa69e792-22df-4c91-8886-4392a54522f7 4abdb147bb2a43febe1f865019b9e104 4c03111cca7148f7b467b6f257f413c1 - - default default] Method 'is_advsvc' is deprecated since 2023.2 release (neutron-lib 3.8.0) and will be removed once support for the old RBAC API policies will be removed from Neutron. Please use method 'is_service_role' instead.
2026-04-07 01:16:22.661 10 INFO neutron.plugins.ml2.plugin [None req-7f8db63c-a6c3-4e2c-bd8a-ef44ef7ee712 - - - - - -] Attempt 1 to provision port 7df02a45-81b1-44d4-b399-74cd9913155d
2026-04-07 01:16:22.666 10 INFO neutron.wsgi [req-b40d14dc-fe39-48f6-a245-116fe3f2ce17 req-4cdd9958-7428-4020-823d-8da5b9024939 2426283c74ff431aa9164d5fcca4c91d 2e50f0f865df492ba6e9176720962798 - - 94fea3911c3249d7b72d093d27ede76e 94fea3911c3249d7b72d093d27ede76e] 199.204.45.122 "GET /v2.0/floatingips?fixed_ip_address=10.2.2.158&port_id=7df02a45-81b1-44d4-b399-74cd9913155d HTTP/1.1" status: 200 len: 217 time: 0.0297613
2026-04-07 01:16:22.701 10 INFO neutron.wsgi [req-b40d14dc-fe39-48f6-a245-116fe3f2ce17 req-ca53226f-c3f0-408b-b0e3-965febe3bb74 2426283c74ff431aa9164d5fcca4c91d 2e50f0f865df492ba6e9176720962798 - - 94fea3911c3249d7b72d093d27ede76e 94fea3911c3249d7b72d093d27ede76e] 199.204.45.122 "GET /v2.0/floatingips?fixed_ip_address=fd77%3A1457%3A4cf0%3A26a8%3A%3A3c&port_id=7df02a45-81b1-44d4-b399-74cd9913155d HTTP/1.1" status: 200 len: 217 time: 0.0264695
2026-04-07 01:16:22.716 10 INFO neutron.wsgi [None req-aa69e792-22df-4c91-8886-4392a54522f7 4abdb147bb2a43febe1f865019b9e104 4c03111cca7148f7b467b6f257f413c1 - - default default] 10.0.0.154 "POST /v2.0/vpn/ikepolicies HTTP/1.1" status: 201 len: 603 time: 0.0921974
2026-04-07 01:16:22.732 9 WARNING neutron_lib.context [None req-07238153-488e-49f8-9abb-9dca40e6c4f8 4abdb147bb2a43febe1f865019b9e104 4c03111cca7148f7b467b6f257f413c1 - - default default] Method 'is_advsvc' is deprecated since 2023.2 release (neutron-lib 3.8.0) and will be removed once support for the old RBAC API policies will be removed from Neutron. Please use method 'is_service_role' instead.
2026-04-07 01:16:22.762 10 INFO neutron.wsgi [req-b40d14dc-fe39-48f6-a245-116fe3f2ce17 req-7b213726-a121-42ce-8d8b-9a1a06368881 2426283c74ff431aa9164d5fcca4c91d 2e50f0f865df492ba6e9176720962798 - - 94fea3911c3249d7b72d093d27ede76e 94fea3911c3249d7b72d093d27ede76e] 199.204.45.122 "GET /v2.0/subnets?id=d507a039-e255-4d6e-b2fa-b55ea7e68385&id=d1422d0d-158f-4b59-bce0-2f840c67d8d5 HTTP/1.1" status: 200 len: 1565 time: 0.0444119
2026-04-07 01:16:22.780 9 INFO neutron.wsgi [None req-07238153-488e-49f8-9abb-9dca40e6c4f8 4abdb147bb2a43febe1f865019b9e104 4c03111cca7148f7b467b6f257f413c1 - - default default] 10.0.0.154 "POST /v2.0/vpn/ipsecpolicies HTTP/1.1" status: 201 len: 611 time: 0.0576332
2026-04-07 01:16:22.791 10 INFO neutron.wsgi [req-b40d14dc-fe39-48f6-a245-116fe3f2ce17 req-88c3900e-5339-4e20-a47d-57de7d60a20b 2426283c74ff431aa9164d5fcca4c91d 2e50f0f865df492ba6e9176720962798 - - 94fea3911c3249d7b72d093d27ede76e 94fea3911c3249d7b72d093d27ede76e] 199.204.45.122 "GET /v2.0/ports?network_id=f7d3aa29-81d3-4092-b936-5da04cb8d2ed&device_owner=network%3Adhcp HTTP/1.1" status: 200 len: 210 time: 0.0205388
2026-04-07 01:16:22.791 9 WARNING neutron_lib.context [None req-50a4393b-75e3-4bcc-875a-34cefa2cb6a4 4abdb147bb2a43febe1f865019b9e104 4c03111cca7148f7b467b6f257f413c1 - - default default] Method 'is_advsvc' is deprecated since 2023.2 release (neutron-lib 3.8.0) and will be removed once support for the old RBAC API policies will be removed from Neutron. Please use method 'is_service_role' instead.
2026-04-07 01:16:22.822 10 INFO neutron.wsgi [req-b40d14dc-fe39-48f6-a245-116fe3f2ce17 req-da5a2e7f-c7a9-4889-803c-46b8ddf3f897 2426283c74ff431aa9164d5fcca4c91d 2e50f0f865df492ba6e9176720962798 - - 94fea3911c3249d7b72d093d27ede76e 94fea3911c3249d7b72d093d27ede76e] 199.204.45.122 "GET /v2.0/ports?network_id=f7d3aa29-81d3-4092-b936-5da04cb8d2ed&device_owner=network%3Adhcp HTTP/1.1" status: 200 len: 210 time: 0.0229523
2026-04-07 01:16:22.909 10 INFO neutron.wsgi [req-b40d14dc-fe39-48f6-a245-116fe3f2ce17 req-cc536e27-abe8-4b00-831e-bf05bea3c35c 2426283c74ff431aa9164d5fcca4c91d 2e50f0f865df492ba6e9176720962798 - - 94fea3911c3249d7b72d093d27ede76e 94fea3911c3249d7b72d093d27ede76e] 199.204.45.122 "GET /v2.0/networks/f7d3aa29-81d3-4092-b936-5da04cb8d2ed?fields=segments HTTP/1.1" status: 200 len: 212 time: 0.0736105
2026-04-07 01:16:22.931 9 INFO neutron.wsgi [None req-50a4393b-75e3-4bcc-875a-34cefa2cb6a4 4abdb147bb2a43febe1f865019b9e104 4c03111cca7148f7b467b6f257f413c1 - - default default] 10.0.0.154 "POST /v2.0/vpn/endpoint-groups HTTP/1.1" status: 201 len: 526 time: 0.1457841
2026-04-07 01:16:22.941 9 WARNING neutron_lib.context [None req-307378fb-902b-4252-9b92-12186a6ee470 4abdb147bb2a43febe1f865019b9e104 4c03111cca7148f7b467b6f257f413c1 - - default default] Method 'is_advsvc' is deprecated since 2023.2 release (neutron-lib 3.8.0) and will be removed once support for the old RBAC API policies will be removed from Neutron. Please use method 'is_service_role' instead.
2026-04-07 01:16:22.978 9 INFO neutron.wsgi [None req-307378fb-902b-4252-9b92-12186a6ee470 4abdb147bb2a43febe1f865019b9e104 4c03111cca7148f7b467b6f257f413c1 - - default default] 10.0.0.154 "POST /v2.0/vpn/endpoint-groups HTTP/1.1" status: 201 len: 519 time: 0.0416477
2026-04-07 01:16:22.989 9 WARNING neutron_lib.context [None req-6d7fc99e-3388-4a5c-8f1c-c43ab38bc2f6 4abdb147bb2a43febe1f865019b9e104 4c03111cca7148f7b467b6f257f413c1 - - default default] Method 'is_advsvc' is deprecated since 2023.2 release (neutron-lib 3.8.0) and will be removed once support for the old RBAC API policies will be removed from Neutron. Please use method 'is_service_role' instead.
2026-04-07 01:16:22.998 10 INFO neutron.wsgi [req-b40d14dc-fe39-48f6-a245-116fe3f2ce17 req-c591dd62-2630-470a-b8c9-7346e162daff 2426283c74ff431aa9164d5fcca4c91d 2e50f0f865df492ba6e9176720962798 - - 94fea3911c3249d7b72d093d27ede76e 94fea3911c3249d7b72d093d27ede76e] 199.204.45.122 "GET /v2.0/networks/f7d3aa29-81d3-4092-b936-5da04cb8d2ed?fields=provider%3Aphysical_network&fields=provider%3Anetwork_type HTTP/1.1" status: 200 len: 277 time: 0.0764399
