2026-04-07 01:11:58.249 9 INFO neutron.wsgi [req-0db1acc1-aba1-4cba-a25e-529e96ff25c4 req-41b05afb-ae16-4368-9640-663a6186f39c 8c3333eaa1a1404c85c410760cfd18c2 d654dcdea8894a8a99af0b0c6cbc329b - - default default] 10.0.0.136 "GET /v2.0/ports?device_id=9b01c598-fa6d-417f-91fa-8e9988b01c87 HTTP/1.1" status: 200 len: 1170 time: 0.0432265
2026-04-07 01:11:58.276 9 INFO neutron.plugins.ml2.drivers.ovn.mech_driver.mech_driver [None req-f9543b37-866a-4dad-8baa-eb3fbf3e386f - - - - - -] OVN reports status down for port: 10927068-4cd6-4d65-9938-d1a4c18b125f
2026-04-07 01:11:58.337 9 INFO neutron.wsgi [req-0db1acc1-aba1-4cba-a25e-529e96ff25c4 req-2a4f5659-ef9e-4570-a2b1-9fe57831847b 8c3333eaa1a1404c85c410760cfd18c2 d654dcdea8894a8a99af0b0c6cbc329b - - default default] 10.0.0.136 "GET /v2.0/security-groups?id=4706afaa-4c23-4b4e-936d-2f842e93e422&fields=id&fields=name HTTP/1.1" status: 200 len: 286 time: 0.0796299 /var/lib/openstack/lib/python3.10/site-packages/pycadf/identifier.py:71: UserWarning: Invalid uuid: neutron. To ensure interoperability, identifiers should be a valid uuid. warnings.warn(('Invalid uuid: %s. To ensure interoperability, '
2026-04-07 01:11:58.541 9 INFO neutron.wsgi [None req-c9fc55ad-d060-4df6-8238-86485b8e13e9 dc35760bae544eddadfd48d264f8e1e4 1e312ab7abc54abea284063e58060ebd - - default default] 10.0.0.154 "DELETE /v2.0/routers/4d422fe8-3306-4013-82e7-da77d121578c HTTP/1.1" status: 204 len: 168 time: 1.3064954
2026-04-07 01:11:58.758 9 INFO neutron.db.ovn_revision_numbers_db [None req-f9543b37-866a-4dad-8baa-eb3fbf3e386f - - - - - -] Successfully bumped revision number for resource 10927068-4cd6-4d65-9938-d1a4c18b125f (type: ports) to 5
2026-04-07 01:11:58.778 10 INFO neutron.wsgi [req-059b1680-e5da-4652-9fd3-97d3b24d773d req-69d903c8-47ef-416e-9081-0eb9e1fa3de9 8c3333eaa1a1404c85c410760cfd18c2 d654dcdea8894a8a99af0b0c6cbc329b - - default default] 199.204.45.122 "GET /v2.0/ports?device_id=9b01c598-fa6d-417f-91fa-8e9988b01c87 HTTP/1.1" status: 200 len: 1168 time: 0.2705069
2026-04-07 01:11:58.860 9 INFO neutron.wsgi [None req-efe7da2f-a96a-4ef1-a02f-5c04adba0ec0 dc35760bae544eddadfd48d264f8e1e4 1e312ab7abc54abea284063e58060ebd - - default default] 10.0.0.154 "DELETE /v2.0/subnets/b34951da-510f-48a2-a854-4d35e88a9e93 HTTP/1.1" status: 204 len: 168 time: 0.3099835
2026-04-07 01:11:58.861 10 INFO neutron.wsgi [req-112f3a6f-730c-4bc6-b906-dedd97948800 req-11329719-ed14-4afb-955d-f989d56b587b d3cde9e97c06400182770a4e17a73c19 731aa22ff3f647fb9ba719cfa10f124a - - default default] 10.0.0.136 "GET /v2.0/ports?device_id=9bdbf1a2-9413-4ff8-a625-50de7ee0f010 HTTP/1.1" status: 200 len: 1168 time: 0.0664828 /var/lib/openstack/lib/python3.10/site-packages/pycadf/identifier.py:71: UserWarning: Invalid uuid: neutron. To ensure interoperability, identifiers should be a valid uuid. warnings.warn(('Invalid uuid: %s. To ensure interoperability, '
2026-04-07 01:11:58.921 10 INFO neutron.db.ovn_revision_numbers_db [req-886c7758-a3d7-4f92-a412-d21a08df73f2 req-f8cc383d-3511-4fae-9815-10ecc13c71d1 2426283c74ff431aa9164d5fcca4c91d 2e50f0f865df492ba6e9176720962798 - - 94fea3911c3249d7b72d093d27ede76e 94fea3911c3249d7b72d093d27ede76e] Successfully bumped revision number for resource 4869dab2-a7c9-4cea-aab2-2c76db5da3f5 (type: ports) to 2
2026-04-07 01:11:58.944 10 INFO neutron.wsgi [req-112f3a6f-730c-4bc6-b906-dedd97948800 req-7ae2b36e-f44b-4be4-8c9c-b99aeb017845 d3cde9e97c06400182770a4e17a73c19 731aa22ff3f647fb9ba719cfa10f124a - - default default] 10.0.0.136 "GET /v2.0/security-groups?id=94b69a6f-19ca-4910-9af4-5aa1f66c0ccd&fields=id&fields=name HTTP/1.1" status: 200 len: 312 time: 0.0745432
2026-04-07 01:11:59.237 10 INFO neutron.wsgi [req-059b1680-e5da-4652-9fd3-97d3b24d773d req-98a358f5-54fd-4dbb-bbc1-2261032fe4ed 8c3333eaa1a1404c85c410760cfd18c2 d654dcdea8894a8a99af0b0c6cbc329b - - default default] 199.204.45.122 "DELETE /v2.0/ports/10927068-4cd6-4d65-9938-d1a4c18b125f HTTP/1.1" status: 204 len: 173 time: 0.4542394
2026-04-07 01:11:59.251 9 INFO neutron.services.segments.plugin [-] Segment 536acf7f-2244-470c-8d18-77635151a436 resource provider aggregate not found
2026-04-07 01:11:59.252 10 INFO neutron.db.ovn_revision_numbers_db [req-886c7758-a3d7-4f92-a412-d21a08df73f2 req-f8cc383d-3511-4fae-9815-10ecc13c71d1 2426283c74ff431aa9164d5fcca4c91d 2e50f0f865df492ba6e9176720962798 - - 94fea3911c3249d7b72d093d27ede76e 94fea3911c3249d7b72d093d27ede76e] Successfully bumped revision number for resource 4869dab2-a7c9-4cea-aab2-2c76db5da3f5 (type: ports) to 2
2026-04-07 01:11:59.280 9 INFO neutron.services.segments.plugin [-] Segment 536acf7f-2244-470c-8d18-77635151a436 resource provider aggregate not found
2026-04-07 01:11:59.288 9 INFO neutron.services.segments.plugin [-] Segment 536acf7f-2244-470c-8d18-77635151a436 resource provider not found; error: Placement Client Error (4xx): {"errors": [{"status": 404, "title": "Not Found", "detail": "The resource could not be found.\n\n No resource provider with uuid 536acf7f-2244-470c-8d18-77635151a436 found for delete ", "request_id": "req-61f7921a-bdda-46fb-80f3-235a444eadc5"}]}
2026-04-07 01:11:59.290 9 INFO neutron.notifiers.nova [-] Nova event matching ['req-c070d3e8-1851-4e0d-b87a-20b82529f4f5'] response: {'server_uuid': '9b01c598-fa6d-417f-91fa-8e9988b01c87', 'name': 'network-vif-plugged', 'status': 'completed', 'tag': '10927068-4cd6-4d65-9938-d1a4c18b125f', 'code': 200}
2026-04-07 01:11:59.290 9 INFO neutron.notifiers.nova [-] Nova event matching ['req-c070d3e8-1851-4e0d-b87a-20b82529f4f5'] response: {'server_uuid': '9b01c598-fa6d-417f-91fa-8e9988b01c87', 'name': 'network-vif-unplugged', 'status': 'completed', 'tag': '10927068-4cd6-4d65-9938-d1a4c18b125f', 'code': 200}
2026-04-07 01:11:59.291 9 INFO neutron.notifiers.nova [-] Nova event matching ['req-c070d3e8-1851-4e0d-b87a-20b82529f4f5'] response: {'server_uuid': '9b01c598-fa6d-417f-91fa-8e9988b01c87', 'name': 'network-vif-unplugged', 'status': 'completed', 'tag': '10927068-4cd6-4d65-9938-d1a4c18b125f', 'code': 200}
2026-04-07 01:11:59.291 10 INFO neutron.wsgi [req-886c7758-a3d7-4f92-a412-d21a08df73f2 req-f8cc383d-3511-4fae-9815-10ecc13c71d1 2426283c74ff431aa9164d5fcca4c91d 2e50f0f865df492ba6e9176720962798 - - 94fea3911c3249d7b72d093d27ede76e 94fea3911c3249d7b72d093d27ede76e] 199.204.45.122 "PUT /v2.0/ports/4869dab2-a7c9-4cea-aab2-2c76db5da3f5 HTTP/1.1" status: 200 len: 1376 time: 1.1750214
2026-04-07 01:11:59.293 10 INFO neutron.notifiers.nova [-] Nova event matching ['req-1d01582e-b29b-4882-89fd-516c399bd5bd'] response: {'server_uuid': '9b01c598-fa6d-417f-91fa-8e9988b01c87', 'name': 'network-vif-deleted', 'tag': '10927068-4cd6-4d65-9938-d1a4c18b125f', 'status': 'completed', 'code': 200}
2026-04-07 01:11:59.301 9 INFO neutron.services.segments.plugin [-] Segment 536acf7f-2244-470c-8d18-77635151a436 resource provider not found; error: Placement Client Error (4xx): {"errors": [{"status": 404, "title": "Not Found", "detail": "The resource could not be found.\n\n No resource provider with uuid 536acf7f-2244-470c-8d18-77635151a436 found for delete ", "request_id": "req-43c1229c-69af-4bf8-906d-046ec30a09be"}]}
2026-04-07 01:11:59.331 9 INFO neutron.wsgi [None req-ac33b3fe-12e4-4cba-9b6a-de7148a128bb dc35760bae544eddadfd48d264f8e1e4 1e312ab7abc54abea284063e58060ebd - - default default] 10.0.0.154 "DELETE /v2.0/networks/eb61125f-82d2-452a-91fe-c667ccd3a6a7 HTTP/1.1" status: 204 len: 168 time: 0.4664378 /var/lib/openstack/lib/python3.10/site-packages/pycadf/identifier.py:71: UserWarning: Invalid uuid: neutron. To ensure interoperability, identifiers should be a valid uuid. warnings.warn(('Invalid uuid: %s. To ensure interoperability, '
2026-04-07 01:11:59.389 10 INFO neutron.wsgi [req-886c7758-a3d7-4f92-a412-d21a08df73f2 req-c47f23c5-e679-4b1e-9388-3d9edbdc153c 2426283c74ff431aa9164d5fcca4c91d 2e50f0f865df492ba6e9176720962798 - - 94fea3911c3249d7b72d093d27ede76e 94fea3911c3249d7b72d093d27ede76e] 199.204.45.122 "GET /v2.0/ports?tenant_id=731aa22ff3f647fb9ba719cfa10f124a&device_id=9bdbf1a2-9413-4ff8-a625-50de7ee0f010 HTTP/1.1" status: 200 len: 1407 time: 0.0604131
2026-04-07 01:11:59.424 10 INFO neutron.wsgi [req-886c7758-a3d7-4f92-a412-d21a08df73f2 req-d9b394c4-bc70-46fd-abf5-fbb639a1b5ca 2426283c74ff431aa9164d5fcca4c91d 2e50f0f865df492ba6e9176720962798 - - 94fea3911c3249d7b72d093d27ede76e 94fea3911c3249d7b72d093d27ede76e] 199.204.45.122 "GET /v2.0/floatingips?fixed_ip_address=10.100.0.5&port_id=4869dab2-a7c9-4cea-aab2-2c76db5da3f5 HTTP/1.1" status: 200 len: 217 time: 0.0279274
2026-04-07 01:11:59.462 10 INFO neutron.wsgi [req-886c7758-a3d7-4f92-a412-d21a08df73f2 req-b55e7b91-f68b-4414-8bb1-910b55fed03e 2426283c74ff431aa9164d5fcca4c91d 2e50f0f865df492ba6e9176720962798 - - 94fea3911c3249d7b72d093d27ede76e 94fea3911c3249d7b72d093d27ede76e] 199.204.45.122 "GET /v2.0/subnets?id=050e7b93-3223-4875-8184-ba3a212209d0 HTTP/1.1" status: 200 len: 876 time: 0.0316858
2026-04-07 01:11:59.465 9 INFO neutron.wsgi [req-3dfbafd7-4e3c-4ba6-add8-e057c78aa639 req-61939c8f-9d45-4bc7-b1bd-f0529549d633 8c3333eaa1a1404c85c410760cfd18c2 d654dcdea8894a8a99af0b0c6cbc329b - - default default] 10.0.0.136 "GET /v2.0/ports?device_id=9b01c598-fa6d-417f-91fa-8e9988b01c87 HTTP/1.1" status: 200 len: 210 time: 0.0198424
2026-04-07 01:11:59.500 10 INFO neutron.wsgi [req-886c7758-a3d7-4f92-a412-d21a08df73f2 req-8ead250b-72e2-4e0c-ac25-d22d525132d0 2426283c74ff431aa9164d5fcca4c91d 2e50f0f865df492ba6e9176720962798 - - 94fea3911c3249d7b72d093d27ede76e 94fea3911c3249d7b72d093d27ede76e] 199.204.45.122 "GET /v2.0/ports?network_id=406e9bd8-d0b7-446c-ae68-6b7675614acc&device_owner=network%3Adhcp HTTP/1.1" status: 200 len: 210 time: 0.0244992
2026-04-07 01:11:59.574 10 INFO neutron.wsgi [req-886c7758-a3d7-4f92-a412-d21a08df73f2 req-4971db32-9243-444f-bc1d-260d747bf2ef 2426283c74ff431aa9164d5fcca4c91d 2e50f0f865df492ba6e9176720962798 - - 94fea3911c3249d7b72d093d27ede76e 94fea3911c3249d7b72d093d27ede76e] 199.204.45.122 "GET /v2.0/networks/406e9bd8-d0b7-446c-ae68-6b7675614acc?fields=segments HTTP/1.1" status: 200 len: 212 time: 0.0620606
2026-04-07 01:11:59.599 9 INFO neutron.wsgi [None req-d8dd82fd-54fb-47c2-8c5f-0b8bd513694c dc35760bae544eddadfd48d264f8e1e4 1e312ab7abc54abea284063e58060ebd - - default default] 10.0.0.154 "GET /v2.0/security-groups?tenant_id=fba2abbbe52640508e36beb0823221a7&name=default HTTP/1.1" status: 200 len: 3116 time: 0.0579770
2026-04-07 01:11:59.680 10 INFO neutron.wsgi [req-886c7758-a3d7-4f92-a412-d21a08df73f2 req-342fdd9b-b023-425b-bf55-64c10105a558 2426283c74ff431aa9164d5fcca4c91d 2e50f0f865df492ba6e9176720962798 - - 94fea3911c3249d7b72d093d27ede76e 94fea3911c3249d7b72d093d27ede76e] 199.204.45.122 "GET /v2.0/networks/406e9bd8-d0b7-446c-ae68-6b7675614acc?fields=provider%3Aphysical_network&fields=provider%3Anetwork_type HTTP/1.1" status: 200 len: 277 time: 0.0986230
2026-04-07 01:11:59.873 9 INFO neutron.wsgi [None req-3480be69-6ea1-4b13-a446-6bc54ee996ec dc35760bae544eddadfd48d264f8e1e4 1e312ab7abc54abea284063e58060ebd - - default default] 10.0.0.154 "DELETE /v2.0/security-groups/94a1e3fb-5739-49ca-a272-e3d6198515ea HTTP/1.1" status: 204 len: 168 time: 0.2696033
2026-04-07 01:12:00.083 10 INFO neutron.wsgi [req-4cdedafc-70d5-46b2-94a7-df1aaa804e9d req-9ae11168-613b-4bcd-9f74-be39a84ed693 d3cde9e97c06400182770a4e17a73c19 731aa22ff3f647fb9ba719cfa10f124a - - default default] 10.0.0.136 "GET /v2.0/ports?device_id=9bdbf1a2-9413-4ff8-a625-50de7ee0f010 HTTP/1.1" status: 200 len: 1168 time: 0.0536447
2026-04-07 01:12:00.134 10 INFO neutron.wsgi [req-4cdedafc-70d5-46b2-94a7-df1aaa804e9d req-5c2c91d1-c6a1-4130-a30b-a194d3ad05f0 d3cde9e97c06400182770a4e17a73c19 731aa22ff3f647fb9ba719cfa10f124a - - default default] 10.0.0.136 "GET /v2.0/security-groups?id=94b69a6f-19ca-4910-9af4-5aa1f66c0ccd&fields=id&fields=name HTTP/1.1" status: 200 len: 312 time: 0.0466020
2026-04-07 01:12:00.277 10 WARNING neutron.plugins.ml2.drivers.ovn.mech_driver.ovsdb.ovn_client [None req-7f8db63c-a6c3-4e2c-bd8a-ef44ef7ee712 - - - - - -] No hosting information found for port 82d0b5c3-bf36-4fa6-a290-e85564817cf8: RuntimeError: No hosting information found for port 82d0b5c3-bf36-4fa6-a290-e85564817cf8
2026-04-07 01:12:00.329 10 INFO neutron.plugins.ml2.drivers.ovn.mech_driver.mech_driver [None req-7f8db63c-a6c3-4e2c-bd8a-ef44ef7ee712 - - - - - -] OVN reports status up for port: 4869dab2-a7c9-4cea-aab2-2c76db5da3f5
2026-04-07 01:12:00.349 10 INFO neutron.plugins.ml2.plugin [None req-7f8db63c-a6c3-4e2c-bd8a-ef44ef7ee712 - - - - - -] Attempt 1 to provision port 4869dab2-a7c9-4cea-aab2-2c76db5da3f5
2026-04-07 01:12:00.711 10 INFO neutron.db.ovn_revision_numbers_db [None req-7f8db63c-a6c3-4e2c-bd8a-ef44ef7ee712 - - - - - -] Successfully bumped revision number for resource 4869dab2-a7c9-4cea-aab2-2c76db5da3f5 (type: ports) to 4 /var/lib/openstack/lib/python3.10/site-packages/pycadf/identifier.py:71: UserWarning: Invalid uuid: neutron. To ensure interoperability, identifiers should be a valid uuid. warnings.warn(('Invalid uuid: %s. To ensure interoperability, '
2026-04-07 01:12:01.296 10 INFO neutron.wsgi [req-66a568a9-ab9a-474b-88a4-9653c1cd45f8 req-f5a64118-1eea-4f27-ae25-f91a9c434c0f d3cde9e97c06400182770a4e17a73c19 731aa22ff3f647fb9ba719cfa10f124a - - default default] 10.0.0.136 "GET /v2.0/ports?device_id=9bdbf1a2-9413-4ff8-a625-50de7ee0f010 HTTP/1.1" status: 200 len: 1170 time: 0.0965941
2026-04-07 01:12:01.341 10 INFO neutron.notifiers.nova [-] Nova event matching ['req-3722fb74-50fb-464d-94da-d8cb345d381c'] response: {'name': 'network-changed', 'server_uuid': '9bdbf1a2-9413-4ff8-a625-50de7ee0f010', 'tag': '4869dab2-a7c9-4cea-aab2-2c76db5da3f5', 'status': 'completed', 'code': 200}
2026-04-07 01:12:01.341 10 INFO neutron.notifiers.nova [-] Nova event matching ['req-3722fb74-50fb-464d-94da-d8cb345d381c'] response: {'server_uuid': '9bdbf1a2-9413-4ff8-a625-50de7ee0f010', 'name': 'network-vif-plugged', 'status': 'completed', 'tag': '4869dab2-a7c9-4cea-aab2-2c76db5da3f5', 'code': 200}
2026-04-07 01:12:01.341 10 INFO neutron.notifiers.nova [-] Nova event matching ['req-3722fb74-50fb-464d-94da-d8cb345d381c'] response: {'server_uuid': '9bdbf1a2-9413-4ff8-a625-50de7ee0f010', 'name': 'network-vif-plugged', 'status': 'completed', 'tag': '4869dab2-a7c9-4cea-aab2-2c76db5da3f5', 'code': 200}
2026-04-07 01:12:01.353 10 INFO neutron.wsgi [req-66a568a9-ab9a-474b-88a4-9653c1cd45f8 req-e39cad49-3989-443f-8a7c-c3c7896bf7d2 d3cde9e97c06400182770a4e17a73c19 731aa22ff3f647fb9ba719cfa10f124a - - default default] 10.0.0.136 "GET /v2.0/security-groups?id=94b69a6f-19ca-4910-9af4-5aa1f66c0ccd&fields=id&fields=name HTTP/1.1" status: 200 len: 312 time: 0.0508008
2026-04-07 01:12:01.389 10 INFO neutron.wsgi [req-ca047b3d-4a1d-4803-a7bb-6a3e6de6c9a6 req-cea6348b-a5f3-4ab8-b7ab-f03cdffac84c 2426283c74ff431aa9164d5fcca4c91d 2e50f0f865df492ba6e9176720962798 - - 94fea3911c3249d7b72d093d27ede76e 94fea3911c3249d7b72d093d27ede76e] 199.204.45.122 "GET /v2.0/ports?tenant_id=731aa22ff3f647fb9ba719cfa10f124a&device_id=9bdbf1a2-9413-4ff8-a625-50de7ee0f010 HTTP/1.1" status: 200 len: 1409 time: 0.0350695
2026-04-07 01:12:01.472 10 INFO neutron.wsgi [req-ca047b3d-4a1d-4803-a7bb-6a3e6de6c9a6 req-e64b8f15-6f26-4675-8021-869ddbde4634 2426283c74ff431aa9164d5fcca4c91d 2e50f0f865df492ba6e9176720962798 - - 94fea3911c3249d7b72d093d27ede76e 94fea3911c3249d7b72d093d27ede76e] 199.204.45.122 "GET /v2.0/networks?id=406e9bd8-d0b7-446c-ae68-6b7675614acc HTTP/1.1" status: 200 len: 981 time: 0.0751197
2026-04-07 01:12:01.506 10 INFO neutron.wsgi [req-ca047b3d-4a1d-4803-a7bb-6a3e6de6c9a6 req-087f749b-d4ec-430c-9912-68de7036dacc 2426283c74ff431aa9164d5fcca4c91d 2e50f0f865df492ba6e9176720962798 - - 94fea3911c3249d7b72d093d27ede76e 94fea3911c3249d7b72d093d27ede76e] 199.204.45.122 "GET /v2.0/floatingips?fixed_ip_address=10.100.0.5&port_id=4869dab2-a7c9-4cea-aab2-2c76db5da3f5 HTTP/1.1" status: 200 len: 217 time: 0.0278933
2026-04-07 01:12:01.543 10 INFO neutron.wsgi [req-ca047b3d-4a1d-4803-a7bb-6a3e6de6c9a6 req-2f4bbe3d-acc3-4f89-83c3-3d640ebcd032 2426283c74ff431aa9164d5fcca4c91d 2e50f0f865df492ba6e9176720962798 - - 94fea3911c3249d7b72d093d27ede76e 94fea3911c3249d7b72d093d27ede76e] 199.204.45.122 "GET /v2.0/subnets?id=050e7b93-3223-4875-8184-ba3a212209d0 HTTP/1.1" status: 200 len: 876 time: 0.0282917
2026-04-07 01:12:01.566 10 INFO neutron.wsgi [req-ca047b3d-4a1d-4803-a7bb-6a3e6de6c9a6 req-7e0dcd32-adda-4787-937c-7acc61c60ba5 2426283c74ff431aa9164d5fcca4c91d 2e50f0f865df492ba6e9176720962798 - - 94fea3911c3249d7b72d093d27ede76e 94fea3911c3249d7b72d093d27ede76e] 199.204.45.122 "GET /v2.0/ports?network_id=406e9bd8-d0b7-446c-ae68-6b7675614acc&device_owner=network%3Adhcp HTTP/1.1" status: 200 len: 210 time: 0.0184727
2026-04-07 01:12:01.630 10 INFO neutron.wsgi [req-ca047b3d-4a1d-4803-a7bb-6a3e6de6c9a6 req-990fc6ae-6aa3-4c87-b74a-75dbbbd3ad67 2426283c74ff431aa9164d5fcca4c91d 2e50f0f865df492ba6e9176720962798 - - 94fea3911c3249d7b72d093d27ede76e 94fea3911c3249d7b72d093d27ede76e] 199.204.45.122 "GET /v2.0/networks/406e9bd8-d0b7-446c-ae68-6b7675614acc?fields=segments HTTP/1.1" status: 200 len: 212 time: 0.0559268
2026-04-07 01:12:01.696 10 INFO neutron.wsgi [req-ca047b3d-4a1d-4803-a7bb-6a3e6de6c9a6 req-e2537d3f-1fee-4809-aac4-bcdd38f7c7ba 2426283c74ff431aa9164d5fcca4c91d 2e50f0f865df492ba6e9176720962798 - - 94fea3911c3249d7b72d093d27ede76e 94fea3911c3249d7b72d093d27ede76e] 199.204.45.122 "GET /v2.0/networks/406e9bd8-d0b7-446c-ae68-6b7675614acc?fields=provider%3Aphysical_network&fields=provider%3Anetwork_type HTTP/1.1" status: 200 len: 277 time: 0.0594952
2026-04-07 01:12:01.758 9 INFO neutron.wsgi [None req-cf89016f-8e63-434b-a853-181899d2d68f dc35760bae544eddadfd48d264f8e1e4 1e312ab7abc54abea284063e58060ebd - - default default] 10.0.0.154 "PUT /v2.0/routers/a665bff6-bc44-4c1c-a1a0-c628227f6b96/remove_router_interface HTTP/1.1" status: 200 len: 503 time: 1.2299354 /var/lib/openstack/lib/python3.10/site-packages/pycadf/identifier.py:71: UserWarning: Invalid uuid: neutron. To ensure interoperability, identifiers should be a valid uuid. warnings.warn(('Invalid uuid: %s. To ensure interoperability, '
2026-04-07 01:12:01.875 9 INFO neutron.db.ovn_revision_numbers_db [None req-11d7f2f9-3b8a-4b76-885e-138e84299c48 dc35760bae544eddadfd48d264f8e1e4 1e312ab7abc54abea284063e58060ebd - - default default] Successfully bumped revision number for resource 1016251f-dad9-4e75-b939-60be9e74e156 (type: security_groups) to 1
2026-04-07 01:12:01.911 9 INFO neutron.db.ovn_revision_numbers_db [None req-11d7f2f9-3b8a-4b76-885e-138e84299c48 dc35760bae544eddadfd48d264f8e1e4 1e312ab7abc54abea284063e58060ebd - - default default] Successfully bumped revision number for resource 334d2129-c71f-4cb3-89d3-0992f09e6e65 (type: security_group_rules) to 0
2026-04-07 01:12:02.077 10 INFO neutron.db.ovn_revision_numbers_db [None req-66266e32-aee3-4877-bfe8-15319e0cd0c7 dc35760bae544eddadfd48d264f8e1e4 1e312ab7abc54abea284063e58060ebd - - default default] Successfully bumped revision number for resource 05f31554-f3f9-4b8c-9272-dc22c5a158bf (type: security_groups) to 1
2026-04-07 01:12:02.091 10 INFO neutron.db.ovn_revision_numbers_db [None req-66266e32-aee3-4877-bfe8-15319e0cd0c7 dc35760bae544eddadfd48d264f8e1e4 1e312ab7abc54abea284063e58060ebd - - default default] Successfully bumped revision number for resource 4432bec9-4526-42ab-836d-ea064a8fc7ec (type: security_group_rules) to 0
2026-04-07 01:12:02.104 10 INFO neutron.db.ovn_revision_numbers_db [None req-66266e32-aee3-4877-bfe8-15319e0cd0c7 dc35760bae544eddadfd48d264f8e1e4 1e312ab7abc54abea284063e58060ebd - - default default] Successfully bumped revision number for resource 8a2d305f-3d5b-4a8c-a219-0a1782def142 (type: security_group_rules) to 0
2026-04-07 01:12:02.120 10 INFO neutron.db.ovn_revision_numbers_db [None req-66266e32-aee3-4877-bfe8-15319e0cd0c7 dc35760bae544eddadfd48d264f8e1e4 1e312ab7abc54abea284063e58060ebd - - default default] Successfully bumped revision number for resource c421ef06-074f-4e98-b581-eb854e9a87af (type: security_group_rules) to 0
2026-04-07 01:12:02.135 10 INFO neutron.db.ovn_revision_numbers_db [None req-66266e32-aee3-4877-bfe8-15319e0cd0c7 dc35760bae544eddadfd48d264f8e1e4 1e312ab7abc54abea284063e58060ebd - - default default] Successfully bumped revision number for resource fe5216d1-a9fd-4b2a-98bc-cdea05c581a2 (type: security_group_rules) to 0
2026-04-07 01:12:02.143 9 INFO neutron.db.ovn_revision_numbers_db [None req-11d7f2f9-3b8a-4b76-885e-138e84299c48 dc35760bae544eddadfd48d264f8e1e4 1e312ab7abc54abea284063e58060ebd - - default default] Successfully bumped revision number for resource ad2c4b4b-10f0-498f-8a1c-b733652c3109 (type: security_group_rules) to 0
2026-04-07 01:12:02.172 9 INFO neutron.db.ovn_revision_numbers_db [None req-11d7f2f9-3b8a-4b76-885e-138e84299c48 dc35760bae544eddadfd48d264f8e1e4 1e312ab7abc54abea284063e58060ebd - - default default] Successfully bumped revision number for resource c3d7b21d-56d1-4d15-b31c-9c4130b5f470 (type: security_group_rules) to 0
2026-04-07 01:12:02.188 10 INFO neutron.db.segments_db [None req-66266e32-aee3-4877-bfe8-15319e0cd0c7 dc35760bae544eddadfd48d264f8e1e4 1e312ab7abc54abea284063e58060ebd - - default default] Added segment fdca5b18-35ae-466a-a318-c2567564f4e2 of type geneve for network 2f43fc66-2d2f-438e-a0b1-d45337bbfea4
2026-04-07 01:12:02.198 9 INFO neutron.db.ovn_revision_numbers_db [None req-11d7f2f9-3b8a-4b76-885e-138e84299c48 dc35760bae544eddadfd48d264f8e1e4 1e312ab7abc54abea284063e58060ebd - - default default] Successfully bumped revision number for resource e7dadb2a-8a3f-4e9d-bdb9-07f42f331f1f (type: security_group_rules) to 0
2026-04-07 01:12:02.236 9 INFO neutron.wsgi [None req-11d7f2f9-3b8a-4b76-885e-138e84299c48 dc35760bae544eddadfd48d264f8e1e4 1e312ab7abc54abea284063e58060ebd - - default default] 10.0.0.154 "GET /v2.0/security-groups?tenant_id=d70652e164f549339ab5c94a1b9e77cd&name=default HTTP/1.1" status: 200 len: 3120 time: 0.7723000
2026-04-07 01:12:02.365 10 INFO neutron.db.ovn_revision_numbers_db [None req-66266e32-aee3-4877-bfe8-15319e0cd0c7 dc35760bae544eddadfd48d264f8e1e4 1e312ab7abc54abea284063e58060ebd - - default default] Successfully bumped revision number for resource 2f43fc66-2d2f-438e-a0b1-d45337bbfea4 (type: networks) to 1
2026-04-07 01:12:02.545 9 INFO neutron.wsgi [req-e60c38cf-0752-4a88-aca9-c23d30bc0b56 req-725c2849-d96f-4175-b6aa-b236ec38e4da d3cde9e97c06400182770a4e17a73c19 731aa22ff3f647fb9ba719cfa10f124a - - default default] 10.0.0.136 "GET /v2.0/ports?device_id=9bdbf1a2-9413-4ff8-a625-50de7ee0f010 HTTP/1.1" status: 200 len: 1170 time: 0.1182969
2026-04-07 01:12:02.562 10 WARNING neutron.scheduler.dhcp_agent_scheduler [None req-66266e32-aee3-4877-bfe8-15319e0cd0c7 dc35760bae544eddadfd48d264f8e1e4 1e312ab7abc54abea284063e58060ebd - - default default] No more DHCP agents
2026-04-07 01:12:02.565 10 WARNING neutron.api.rpc.agentnotifiers.dhcp_rpc_agent_api [None req-66266e32-aee3-4877-bfe8-15319e0cd0c7 dc35760bae544eddadfd48d264f8e1e4 1e312ab7abc54abea284063e58060ebd - - default default] Unable to schedule network 2f43fc66-2d2f-438e-a0b1-d45337bbfea4: no agents available; will retry on subsequent port and subnet creation events.
2026-04-07 01:12:02.599 10 INFO neutron.wsgi [None req-69c27e15-9adc-4493-a426-0cf2f2727044 dc35760bae544eddadfd48d264f8e1e4 1e312ab7abc54abea284063e58060ebd - - default default] 10.0.0.154 "DELETE /v2.0/security-groups/1016251f-dad9-4e75-b939-60be9e74e156 HTTP/1.1" status: 204 len: 168 time: 0.3582942
2026-04-07 01:12:02.617 9 INFO neutron.wsgi [req-e60c38cf-0752-4a88-aca9-c23d30bc0b56 req-7e2fce80-65de-4b86-b981-9a867d091611 d3cde9e97c06400182770a4e17a73c19 731aa22ff3f647fb9ba719cfa10f124a - - default default] 10.0.0.136 "GET /v2.0/security-groups?id=94b69a6f-19ca-4910-9af4-5aa1f66c0ccd&fields=id&fields=name HTTP/1.1" status: 200 len: 312 time: 0.0629008
2026-04-07 01:12:02.671 10 INFO neutron.db.ovn_revision_numbers_db [None req-66266e32-aee3-4877-bfe8-15319e0cd0c7 dc35760bae544eddadfd48d264f8e1e4 1e312ab7abc54abea284063e58060ebd - - default default] Successfully bumped revision number for resource ae6c3242-7436-4e56-8d85-c1e6fe36446a (type: ports) to 1
2026-04-07 01:12:02.719 10 INFO neutron.wsgi [None req-66266e32-aee3-4877-bfe8-15319e0cd0c7 dc35760bae544eddadfd48d264f8e1e4 1e312ab7abc54abea284063e58060ebd - - default default] 10.0.0.154 "POST /v2.0/networks HTTP/1.1" status: 201 len: 946 time: 0.9072974
2026-04-07 01:12:02.736 10 INFO neutron.wsgi [req-9afe0328-ca3f-4732-88b4-0344e23551c9 req-772fd991-1cc5-49a8-9574-39d44bdd433e d3cde9e97c06400182770a4e17a73c19 731aa22ff3f647fb9ba719cfa10f124a - - default default] 10.0.0.136 "GET /v2.0/ports?device_id=9bdbf1a2-9413-4ff8-a625-50de7ee0f010 HTTP/1.1" status: 200 len: 1170 time: 0.0575001
2026-04-07 01:12:02.959 9 INFO neutron.wsgi [None req-d88e6936-4640-4dc6-88ea-cdf5f60d411a dc35760bae544eddadfd48d264f8e1e4 1e312ab7abc54abea284063e58060ebd - - default default] 10.0.0.154 "DELETE /v2.0/routers/a665bff6-bc44-4c1c-a1a0-c628227f6b96 HTTP/1.1" status: 204 len: 168 time: 1.1957335
2026-04-07 01:12:03.025 10 WARNING neutron.scheduler.dhcp_agent_scheduler [None req-5c77d4d6-9447-42fc-b859-1aa185f9af2c dc35760bae544eddadfd48d264f8e1e4 1e312ab7abc54abea284063e58060ebd - - default default] No more DHCP agents
2026-04-07 01:12:03.026 10 INFO neutron.db.ovn_revision_numbers_db [None req-7f5f9503-2b46-434e-aed8-790fb868be79 dc35760bae544eddadfd48d264f8e1e4 1e312ab7abc54abea284063e58060ebd - - default default] Successfully bumped revision number for resource 6dda5921-4254-4176-ad50-4d9210f3bb78 (type: security_groups) to 1
2026-04-07 01:12:03.029 10 WARNING neutron.api.rpc.agentnotifiers.dhcp_rpc_agent_api [None req-5c77d4d6-9447-42fc-b859-1aa185f9af2c dc35760bae544eddadfd48d264f8e1e4 1e312ab7abc54abea284063e58060ebd - - default default] Unable to schedule network 2f43fc66-2d2f-438e-a0b1-d45337bbfea4: no agents available; will retry on subsequent port and subnet creation events.
2026-04-07 01:12:03.062 10 INFO neutron.db.ovn_revision_numbers_db [None req-7f5f9503-2b46-434e-aed8-790fb868be79 dc35760bae544eddadfd48d264f8e1e4 1e312ab7abc54abea284063e58060ebd - - default default] Successfully bumped revision number for resource 072b08d1-2dc5-41d8-87e1-7a6846d5dc8e (type: security_group_rules) to 0
2026-04-07 01:12:03.096 10 INFO neutron.db.ovn_revision_numbers_db [None req-7f5f9503-2b46-434e-aed8-790fb868be79 dc35760bae544eddadfd48d264f8e1e4 1e312ab7abc54abea284063e58060ebd - - default default] Successfully bumped revision number for resource 196822e7-50bb-4d89-bdcc-8cb1f754506b (type: security_group_rules) to 0
2026-04-07 01:12:03.122 10 INFO neutron.db.ovn_revision_numbers_db [None req-7f5f9503-2b46-434e-aed8-790fb868be79 dc35760bae544eddadfd48d264f8e1e4 1e312ab7abc54abea284063e58060ebd - - default default] Successfully bumped revision number for resource 6a488a67-c1df-46c8-850f-107f64dbd960 (type: security_group_rules) to 0
2026-04-07 01:12:03.166 9 INFO neutron.wsgi [None req-d036d7ff-3dd2-4f12-89ba-40c81b5739ac dc35760bae544eddadfd48d264f8e1e4 1e312ab7abc54abea284063e58060ebd - - default default] 10.0.0.154 "DELETE /v2.0/subnets/6fe5eecb-ef12-48ac-81e5-bb8153d83983 HTTP/1.1" status: 204 len: 168 time: 0.1975858
2026-04-07 01:12:03.170 10 INFO neutron.db.ovn_revision_numbers_db [None req-7f5f9503-2b46-434e-aed8-790fb868be79 dc35760bae544eddadfd48d264f8e1e4 1e312ab7abc54abea284063e58060ebd - - default default] Successfully bumped revision number for resource e98e87df-8f86-4752-b858-1d72ffe0c5e1 (type: security_group_rules) to 0
2026-04-07 01:12:03.213 10 INFO neutron.wsgi [None req-7f5f9503-2b46-434e-aed8-790fb868be79 dc35760bae544eddadfd48d264f8e1e4 1e312ab7abc54abea284063e58060ebd - - default default] 10.0.0.154 "GET /v2.0/security-groups?tenant_id=c9a8fc299d0048f8b2e150215e7cf1f4&name=default HTTP/1.1" status: 200 len: 3120 time: 0.4696088
2026-04-07 01:12:03.523 9 INFO neutron.wsgi [None req-39ef36e5-ab58-493f-b3b2-eab2413bffdf dc35760bae544eddadfd48d264f8e1e4 1e312ab7abc54abea284063e58060ebd - - default default] 10.0.0.154 "DELETE /v2.0/security-groups/6dda5921-4254-4176-ad50-4d9210f3bb78 HTTP/1.1" status: 204 len: 168 time: 0.3044631
2026-04-07 01:12:03.580 9 INFO neutron.services.segments.plugin [-] Segment f9f2f962-1334-4340-8178-3f1b708944c8 resource provider aggregate not found
2026-04-07 01:12:03.586 9 INFO neutron.services.segments.plugin [-] Segment f9f2f962-1334-4340-8178-3f1b708944c8 resource provider aggregate not found
2026-04-07 01:12:03.595 9 INFO neutron.services.segments.plugin [-] Segment f9f2f962-1334-4340-8178-3f1b708944c8 resource provider not found; error: Placement Client Error (4xx): {"errors": [{"status": 404, "title": "Not Found", "detail": "The resource could not be found.\n\n No resource provider with uuid f9f2f962-1334-4340-8178-3f1b708944c8 found for delete ", "request_id": "req-ba40168c-5548-4fb5-95ac-a26538775e0c"}]}
2026-04-07 01:12:03.608 9 INFO neutron.services.segments.plugin [-] Segment f9f2f962-1334-4340-8178-3f1b708944c8 resource provider not found; error: Placement Client Error (4xx): {"errors": [{"status": 404, "title": "Not Found", "detail": "The resource could not be found.\n\n No resource provider with uuid f9f2f962-1334-4340-8178-3f1b708944c8 found for delete ", "request_id": "req-b11aa40a-3b91-43d9-8add-fedd5f6f21cb"}]}
2026-04-07 01:12:03.624 9 INFO neutron.wsgi [None req-90cfb2de-7f24-4797-8e19-3917a8b96cad dc35760bae544eddadfd48d264f8e1e4 1e312ab7abc54abea284063e58060ebd - - default default] 10.0.0.154 "DELETE /v2.0/networks/bd4c3489-ea76-40fb-b097-8dc2822c79de HTTP/1.1" status: 204 len: 168 time: 0.4525616
2026-04-07 01:12:03.718 10 INFO neutron.db.ovn_revision_numbers_db [None req-f3aebcad-f6f3-4c84-8fad-90253939ee95 d3cde9e97c06400182770a4e17a73c19 731aa22ff3f647fb9ba719cfa10f124a - - default default] Successfully bumped revision number for resource 70481b1d-25ab-4df7-a699-4c170641def4 (type: floatingips) to 1
2026-04-07 01:12:03.845 9 INFO neutron.wsgi [None req-7f7c9910-b953-43e4-aea0-1768a05996ad dc35760bae544eddadfd48d264f8e1e4 1e312ab7abc54abea284063e58060ebd - - default default] 10.0.0.154 "GET /v2.0/security-groups?tenant_id=d654dcdea8894a8a99af0b0c6cbc329b&name=default HTTP/1.1" status: 200 len: 3120 time: 0.0513732
2026-04-07 01:12:03.897 10 INFO neutron.db.ovn_revision_numbers_db [None req-f3aebcad-f6f3-4c84-8fad-90253939ee95 d3cde9e97c06400182770a4e17a73c19 731aa22ff3f647fb9ba719cfa10f124a - - default default] Successfully bumped revision number for resource 70481b1d-25ab-4df7-a699-4c170641def4 (type: floatingips) to 2
2026-04-07 01:12:03.897 10 INFO neutron.db.l3_db [None req-f3aebcad-f6f3-4c84-8fad-90253939ee95 d3cde9e97c06400182770a4e17a73c19 731aa22ff3f647fb9ba719cfa10f124a - - default default] Floating IP 70481b1d-25ab-4df7-a699-4c170641def4 associated. External IP: 10.96.250.212, port: 4869dab2-a7c9-4cea-aab2-2c76db5da3f5.
2026-04-07 01:12:03.933 10 INFO neutron.wsgi [None req-f3aebcad-f6f3-4c84-8fad-90253939ee95 d3cde9e97c06400182770a4e17a73c19 731aa22ff3f647fb9ba719cfa10f124a - - default default] 10.0.0.154 "PUT /v2.0/floatingips/70481b1d-25ab-4df7-a699-4c170641def4 HTTP/1.1" status: 200 len: 1049 time: 1.1813791
2026-04-07 01:12:03.951 10 INFO neutron.db.ovn_revision_numbers_db [None req-5c77d4d6-9447-42fc-b859-1aa185f9af2c dc35760bae544eddadfd48d264f8e1e4 1e312ab7abc54abea284063e58060ebd - - default default] Successfully bumped revision number for resource ae6c3242-7436-4e56-8d85-c1e6fe36446a (type: ports) to 2
2026-04-07 01:12:03.978 10 INFO neutron.notifiers.nova [-] Nova event matching ['req-9b22b3a9-ad02-4a9d-91f3-6f20fb2cd81c'] response: {'name': 'network-changed', 'server_uuid': '9bdbf1a2-9413-4ff8-a625-50de7ee0f010', 'tag': '4869dab2-a7c9-4cea-aab2-2c76db5da3f5', 'status': 'completed', 'code': 200}
2026-04-07 01:12:04.000 10 INFO neutron.db.ovn_revision_numbers_db [None req-5c77d4d6-9447-42fc-b859-1aa185f9af2c dc35760bae544eddadfd48d264f8e1e4 1e312ab7abc54abea284063e58060ebd - - default default] Successfully bumped revision number for resource 782c3ec0-2c49-4cff-8416-a836cdb7b346 (type: subnets) to 0 /var/lib/openstack/lib/python3.10/site-packages/pycadf/identifier.py:71: UserWarning: Invalid uuid: neutron. To ensure interoperability, identifiers should be a valid uuid. warnings.warn(('Invalid uuid: %s. To ensure interoperability, '
2026-04-07 01:12:04.022 9 INFO neutron.wsgi [req-13f21bdf-ac68-4cc0-8732-8ee6dc86d686 req-2862454a-cf27-4fd7-9c35-1ffd238061f7 d3cde9e97c06400182770a4e17a73c19 731aa22ff3f647fb9ba719cfa10f124a - - default default] 10.0.0.136 "GET /v2.0/ports?device_id=9bdbf1a2-9413-4ff8-a625-50de7ee0f010 HTTP/1.1" status: 200 len: 1170 time: 0.0408213
2026-04-07 01:12:04.039 10 INFO neutron.wsgi [None req-5c77d4d6-9447-42fc-b859-1aa185f9af2c dc35760bae544eddadfd48d264f8e1e4 1e312ab7abc54abea284063e58060ebd - - default default] 10.0.0.154 "POST /v2.0/subnets HTTP/1.1" status: 201 len: 866 time: 1.3142300
2026-04-07 01:12:04.058 10 INFO neutron.wsgi [req-68b2378b-44ea-4687-8122-5538bf6d77f0 req-2b3cc71e-6e8f-4806-92d4-e011810f6e12 2426283c74ff431aa9164d5fcca4c91d 2e50f0f865df492ba6e9176720962798 - - 94fea3911c3249d7b72d093d27ede76e 94fea3911c3249d7b72d093d27ede76e] 199.204.45.122 "GET /v2.0/ports?tenant_id=731aa22ff3f647fb9ba719cfa10f124a&device_id=9bdbf1a2-9413-4ff8-a625-50de7ee0f010 HTTP/1.1" status: 200 len: 1409 time: 0.0478797
2026-04-07 01:12:04.095 9 INFO neutron.wsgi [req-13f21bdf-ac68-4cc0-8732-8ee6dc86d686 req-2c93592c-897e-4d99-a630-c64e715a0aea d3cde9e97c06400182770a4e17a73c19 731aa22ff3f647fb9ba719cfa10f124a - - default default] 10.0.0.136 "GET /v2.0/security-groups?id=94b69a6f-19ca-4910-9af4-5aa1f66c0ccd&fields=id&fields=name HTTP/1.1" status: 200 len: 312 time: 0.0670485
2026-04-07 01:12:04.152 10 INFO neutron.wsgi [req-68b2378b-44ea-4687-8122-5538bf6d77f0 req-fac9241f-0476-463a-955a-012a0aba37c7 2426283c74ff431aa9164d5fcca4c91d 2e50f0f865df492ba6e9176720962798 - - 94fea3911c3249d7b72d093d27ede76e 94fea3911c3249d7b72d093d27ede76e] 199.204.45.122 "GET /v2.0/networks?id=406e9bd8-d0b7-446c-ae68-6b7675614acc HTTP/1.1" status: 200 len: 981 time: 0.0869026
2026-04-07 01:12:04.211 10 INFO neutron.wsgi [req-68b2378b-44ea-4687-8122-5538bf6d77f0 req-b1126363-9ff7-4aae-8767-0a6363ab20e8 2426283c74ff431aa9164d5fcca4c91d 2e50f0f865df492ba6e9176720962798 - - 94fea3911c3249d7b72d093d27ede76e 94fea3911c3249d7b72d093d27ede76e] 199.204.45.122 "GET /v2.0/floatingips?fixed_ip_address=10.100.0.5&port_id=4869dab2-a7c9-4cea-aab2-2c76db5da3f5 HTTP/1.1" status: 200 len: 1059 time: 0.0517325
2026-04-07 01:12:04.212 9 INFO neutron.wsgi [None req-2a5934b1-39ee-4f61-a89d-982274bfc013 dc35760bae544eddadfd48d264f8e1e4 1e312ab7abc54abea284063e58060ebd - - default default] 10.0.0.154 "DELETE /v2.0/security-groups/4706afaa-4c23-4b4e-936d-2f842e93e422 HTTP/1.1" status: 204 len: 168 time: 0.3621891
2026-04-07 01:12:04.249 10 INFO neutron.wsgi [req-68b2378b-44ea-4687-8122-5538bf6d77f0 req-f4373de8-61d4-4bcc-b24f-cf9ab4944df4 2426283c74ff431aa9164d5fcca4c91d 2e50f0f865df492ba6e9176720962798 - - 94fea3911c3249d7b72d093d27ede76e 94fea3911c3249d7b72d093d27ede76e] 199.204.45.122 "GET /v2.0/subnets?id=050e7b93-3223-4875-8184-ba3a212209d0 HTTP/1.1" status: 200 len: 876 time: 0.0337465
2026-04-07 01:12:04.278 10 INFO neutron.wsgi [req-68b2378b-44ea-4687-8122-5538bf6d77f0 req-40a4dbb0-7020-4675-a22c-7b116e1e75eb 2426283c74ff431aa9164d5fcca4c91d 2e50f0f865df492ba6e9176720962798 - - 94fea3911c3249d7b72d093d27ede76e 94fea3911c3249d7b72d093d27ede76e] 199.204.45.122 "GET /v2.0/ports?network_id=406e9bd8-d0b7-446c-ae68-6b7675614acc&device_owner=network%3Adhcp HTTP/1.1" status: 200 len: 210 time: 0.0247765
2026-04-07 01:12:04.344 10 INFO neutron.wsgi [req-68b2378b-44ea-4687-8122-5538bf6d77f0 req-ae0d1e63-9678-4afc-a23c-e2e3ffd598e9 2426283c74ff431aa9164d5fcca4c91d 2e50f0f865df492ba6e9176720962798 - - 94fea3911c3249d7b72d093d27ede76e 94fea3911c3249d7b72d093d27ede76e] 199.204.45.122 "GET /v2.0/networks/406e9bd8-d0b7-446c-ae68-6b7675614acc?fields=segments HTTP/1.1" status: 200 len: 212 time: 0.0612884
2026-04-07 01:12:04.443 10 INFO neutron.wsgi [req-68b2378b-44ea-4687-8122-5538bf6d77f0 req-23244295-9123-4fb0-b466-32a5c330b1af 2426283c74ff431aa9164d5fcca4c91d 2e50f0f865df492ba6e9176720962798 - - 94fea3911c3249d7b72d093d27ede76e 94fea3911c3249d7b72d093d27ede76e] 199.204.45.122 "GET /v2.0/networks/406e9bd8-d0b7-446c-ae68-6b7675614acc?fields=provider%3Aphysical_network&fields=provider%3Anetwork_type HTTP/1.1" status: 200 len: 277 time: 0.0920978
2026-04-07 01:12:04.586 9 WARNING neutron.scheduler.dhcp_agent_scheduler [None req-488b364f-e2d5-4799-800c-03da6be36480 dc35760bae544eddadfd48d264f8e1e4 1e312ab7abc54abea284063e58060ebd - - default default] No more DHCP agents
2026-04-07 01:12:04.588 9 WARNING neutron.api.rpc.agentnotifiers.dhcp_rpc_agent_api [None req-488b364f-e2d5-4799-800c-03da6be36480 dc35760bae544eddadfd48d264f8e1e4 1e312ab7abc54abea284063e58060ebd - - default default] Unable to schedule network 543c9a89-0820-4f46-bd87-04b90bfd4ca5: no agents available; will retry on subsequent port and subnet creation events.
2026-04-07 01:12:04.746 9 INFO neutron.db.ovn_revision_numbers_db [None req-488b364f-e2d5-4799-800c-03da6be36480 dc35760bae544eddadfd48d264f8e1e4 1e312ab7abc54abea284063e58060ebd - - default default] Successfully bumped revision number for resource 32a027d1-5fb4-4557-bdd2-684b07301a6b (type: ports) to 1
2026-04-07 01:12:05.666 9 INFO neutron.plugins.ml2.drivers.ovn.mech_driver.ovsdb.commands [None req-56d5f84b-fdd8-41be-9707-94b6fd01423b - - - - - -] Schedule LRP lrp-32a027d1-5fb4-4557-bdd2-684b07301a6b on gateway ff0c512b-8400-4dc3-a36c-93156c090eba with priority 1
2026-04-07 01:12:05.676 9 INFO neutron.plugins.ml2.drivers.ovn.mech_driver.mech_driver [None req-f9543b37-866a-4dad-8baa-eb3fbf3e386f - - - - - -] OVN reports status up for port: 32a027d1-5fb4-4557-bdd2-684b07301a6b
2026-04-07 01:12:05.702 9 INFO neutron.plugins.ml2.drivers.ovn.mech_driver.ovsdb.ovsdb_monitor [None req-c1ea6576-589e-4ae1-bf9f-a7e0d32de9c7 - - - - - -] Router 67f0c0ce-3892-4a2a-8bb2-2fb5edf7cd61 is bound to host instance
2026-04-07 01:12:05.706 9 INFO neutron.plugins.ml2.plugin [None req-f9543b37-866a-4dad-8baa-eb3fbf3e386f - - - - - -] Attempt 1 to provision port 32a027d1-5fb4-4557-bdd2-684b07301a6b
2026-04-07 01:12:05.741 9 INFO neutron.db.ovn_revision_numbers_db [None req-488b364f-e2d5-4799-800c-03da6be36480 dc35760bae544eddadfd48d264f8e1e4 1e312ab7abc54abea284063e58060ebd - - default default] Successfully bumped revision number for resource 32a027d1-5fb4-4557-bdd2-684b07301a6b (type: router_ports) to 1
2026-04-07 01:12:05.884 9 INFO neutron.db.ovn_revision_numbers_db [None req-488b364f-e2d5-4799-800c-03da6be36480 dc35760bae544eddadfd48d264f8e1e4 1e312ab7abc54abea284063e58060ebd - - default default] Successfully bumped revision number for resource 67f0c0ce-3892-4a2a-8bb2-2fb5edf7cd61 (type: routers) to 2
2026-04-07 01:12:05.912 9 INFO neutron.wsgi [None req-488b364f-e2d5-4799-800c-03da6be36480 dc35760bae544eddadfd48d264f8e1e4 1e312ab7abc54abea284063e58060ebd - - default default] 10.0.0.154 "POST /v2.0/routers HTTP/1.1" status: 201 len: 1168 time: 1.8667951
2026-04-07 01:12:06.470 10 WARNING neutron.scheduler.dhcp_agent_scheduler [None req-2947518f-609a-4441-b3b0-b758a8f88a99 dc35760bae544eddadfd48d264f8e1e4 1e312ab7abc54abea284063e58060ebd - - default default] No more DHCP agents
2026-04-07 01:12:06.475 10 WARNING neutron.api.rpc.agentnotifiers.dhcp_rpc_agent_api [None req-2947518f-609a-4441-b3b0-b758a8f88a99 dc35760bae544eddadfd48d264f8e1e4 1e312ab7abc54abea284063e58060ebd - - default default] Unable to schedule network 2f43fc66-2d2f-438e-a0b1-d45337bbfea4: no agents available; will retry on subsequent port and subnet creation events.
2026-04-07 01:12:06.528 9 INFO neutron.db.ovn_revision_numbers_db [None req-c1ea6576-589e-4ae1-bf9f-a7e0d32de9c7 - - - - - -] Successfully bumped revision number for resource 32a027d1-5fb4-4557-bdd2-684b07301a6b (type: ports) to 1
2026-04-07 01:12:06.659 10 INFO neutron.db.ovn_revision_numbers_db [None req-2947518f-609a-4441-b3b0-b758a8f88a99 dc35760bae544eddadfd48d264f8e1e4 1e312ab7abc54abea284063e58060ebd - - default default] Successfully bumped revision number for resource c9c133fb-f80c-4ed4-90c1-677813a793c6 (type: ports) to 1
2026-04-07 01:12:06.998 9 INFO neutron.db.ovn_revision_numbers_db [None req-c1ea6576-589e-4ae1-bf9f-a7e0d32de9c7 - - - - - -] Successfully bumped revision number for resource 32a027d1-5fb4-4557-bdd2-684b07301a6b (type: router_ports) to 3
2026-04-07 01:12:07.281 9 INFO neutron.db.ovn_revision_numbers_db [None req-c1ea6576-589e-4ae1-bf9f-a7e0d32de9c7 - - - - - -] Successfully bumped revision number for resource 32a027d1-5fb4-4557-bdd2-684b07301a6b (type: ports) to 2
2026-04-07 01:12:07.303 10 ERROR ovsdbapp.backend.ovs_idl.command [None req-2947518f-609a-4441-b3b0-b758a8f88a99 dc35760bae544eddadfd48d264f8e1e4 1e312ab7abc54abea284063e58060ebd - - default default] Error executing command (DbGetCommand): ovsdbapp.backend.ovs_idl.idlutils.RowNotFound: Cannot find Logical_Router_Port with name=lrp-c9c133fb-f80c-4ed4-90c1-677813a793c6
2026-04-07 01:12:07.303 10 ERROR ovsdbapp.backend.ovs_idl.command
Traceback (most recent call last):
2026-04-07 01:12:07.303 10 ERROR ovsdbapp.backend.ovs_idl.command
File "/var/lib/openstack/lib/python3.10/site-packages/ovsdbapp/backend/ovs_idl/command.py", line 47, in execute
2026-04-07 01:12:07.303 10 ERROR ovsdbapp.backend.ovs_idl.command self.run_idl(None)
2026-04-07 01:12:07.303 10 ERROR ovsdbapp.backend.ovs_idl.command
File "/var/lib/openstack/lib/python3.10/site-packages/ovsdbapp/backend/ovs_idl/command.py", line 235, in run_idl
2026-04-07 01:12:07.303 10 ERROR ovsdbapp.backend.ovs_idl.command record = self.api.lookup(self.table, self.record)
2026-04-07 01:12:07.303 10 ERROR ovsdbapp.backend.ovs_idl.command
File "/var/lib/openstack/lib/python3.10/site-packages/ovsdbapp/backend/ovs_idl/__init__.py", line 184, in lookup
2026-04-07 01:12:07.303 10 ERROR ovsdbapp.backend.ovs_idl.command return self._lookup(table, record)
2026-04-07 01:12:07.303 10 ERROR ovsdbapp.backend.ovs_idl.command
File "/var/lib/openstack/lib/python3.10/site-packages/ovsdbapp/backend/ovs_idl/__init__.py", line 235, in _lookup
2026-04-07 01:12:07.303 10 ERROR ovsdbapp.backend.ovs_idl.command row = idlutils.row_by_value(self, rl.table, rl.column, record)
2026-04-07 01:12:07.303 10 ERROR ovsdbapp.backend.ovs_idl.command
File "/var/lib/openstack/lib/python3.10/site-packages/ovsdbapp/backend/ovs_idl/idlutils.py", line 114, in row_by_value
2026-04-07 01:12:07.303 10 ERROR ovsdbapp.backend.ovs_idl.command raise RowNotFound(table=table, col=column, match=match)
2026-04-07 01:12:07.303 10 ERROR ovsdbapp.backend.ovs_idl.command ovsdbapp.backend.ovs_idl.idlutils.RowNotFound: Cannot find Logical_Router_Port with name=lrp-c9c133fb-f80c-4ed4-90c1-677813a793c6
2026-04-07 01:12:07.303 10 ERROR ovsdbapp.backend.ovs_idl.command 
2026-04-07 01:12:07.304 10 ERROR neutron_lib.callbacks.manager [None req-2947518f-609a-4441-b3b0-b758a8f88a99 dc35760bae544eddadfd48d264f8e1e4 1e312ab7abc54abea284063e58060ebd - - default default] Error during notification for neutron.services.ovn_l3.plugin.OVNL3RouterPlugin._port_update-8757716897510 port, after_update: ovsdbapp.backend.ovs_idl.idlutils.RowNotFound: Cannot find Logical_Router_Port with name=lrp-c9c133fb-f80c-4ed4-90c1-677813a793c6
2026-04-07 01:12:07.304 10 ERROR neutron_lib.callbacks.manager
Traceback (most recent call last):
2026-04-07 01:12:07.304 10 ERROR neutron_lib.callbacks.manager
File "/var/lib/openstack/lib/python3.10/site-packages/neutron_lib/callbacks/manager.py", line 189, in _notify_loop
2026-04-07 01:12:07.304 10 ERROR neutron_lib.callbacks.manager callback.method(resource, event, trigger, payload=payload)
2026-04-07 01:12:07.304 10 ERROR neutron_lib.callbacks.manager
File "/var/lib/openstack/lib/python3.10/site-packages/neutron/services/ovn_l3/plugin.py", line 391, in _port_update
2026-04-07 01:12:07.304 10 ERROR neutron_lib.callbacks.manager l3plugin._ovn_client.update_router_port(context,
2026-04-07 01:12:07.304 10 ERROR neutron_lib.callbacks.manager
File "/var/lib/openstack/lib/python3.10/site-packages/neutron/plugins/ml2/drivers/ovn/mech_driver/ovsdb/ovn_client.py", line 1878, in update_router_port
2026-04-07 01:12:07.304 10 ERROR neutron_lib.callbacks.manager self._update_lrouter_port(context, port, if_exists=if_exists,
2026-04-07 01:12:07.304 10 ERROR neutron_lib.callbacks.manager
File "/var/lib/openstack/lib/python3.10/site-packages/neutron/plugins/ml2/drivers/ovn/mech_driver/ovsdb/ovn_client.py", line 1855, in _update_lrouter_port
2026-04-07 01:12:07.304 10 ERROR neutron_lib.callbacks.manager external_ids = self._nb_idl.db_get(
2026-04-07 01:12:07.304 10 ERROR neutron_lib.callbacks.manager
File "/var/lib/openstack/lib/python3.10/site-packages/ovsdbapp/backend/ovs_idl/command.py", line 47, in execute
2026-04-07 01:12:07.304 10 ERROR neutron_lib.callbacks.manager self.run_idl(None)
2026-04-07 01:12:07.304 10 ERROR neutron_lib.callbacks.manager
File "/var/lib/openstack/lib/python3.10/site-packages/ovsdbapp/backend/ovs_idl/command.py", line 235, in run_idl
2026-04-07 01:12:07.304 10 ERROR neutron_lib.callbacks.manager record = self.api.lookup(self.table, self.record)
2026-04-07 01:12:07.304 10 ERROR neutron_lib.callbacks.manager
File "/var/lib/openstack/lib/python3.10/site-packages/ovsdbapp/backend/ovs_idl/__init__.py", line 184, in lookup
2026-04-07 01:12:07.304 10 ERROR neutron_lib.callbacks.manager return self._lookup(table, record)
2026-04-07 01:12:07.304 10 ERROR neutron_lib.callbacks.manager
File "/var/lib/openstack/lib/python3.10/site-packages/ovsdbapp/backend/ovs_idl/__init__.py", line 235, in _lookup
2026-04-07 01:12:07.304 10 ERROR neutron_lib.callbacks.manager row = idlutils.row_by_value(self, rl.table, rl.column, record)
2026-04-07 01:12:07.304 10 ERROR neutron_lib.callbacks.manager
File "/var/lib/openstack/lib/python3.10/site-packages/ovsdbapp/backend/ovs_idl/idlutils.py", line 114, in row_by_value
2026-04-07 01:12:07.304 10 ERROR neutron_lib.callbacks.manager raise RowNotFound(table=table, col=column, match=match)
2026-04-07 01:12:07.304 10 ERROR neutron_lib.callbacks.manager ovsdbapp.backend.ovs_idl.idlutils.RowNotFound: Cannot find Logical_Router_Port with name=lrp-c9c133fb-f80c-4ed4-90c1-677813a793c6
2026-04-07 01:12:07.304 10 ERROR neutron_lib.callbacks.manager 
2026-04-07 01:12:07.565 10 INFO neutron.db.ovn_revision_numbers_db [None req-2947518f-609a-4441-b3b0-b758a8f88a99 dc35760bae544eddadfd48d264f8e1e4 1e312ab7abc54abea284063e58060ebd - - default default] Successfully bumped revision number for resource c9c133fb-f80c-4ed4-90c1-677813a793c6 (type: ports) to 1
2026-04-07 01:12:07.639 10 WARNING neutron.scheduler.dhcp_agent_scheduler [None req-2947518f-609a-4441-b3b0-b758a8f88a99 dc35760bae544eddadfd48d264f8e1e4 1e312ab7abc54abea284063e58060ebd - - default default] No more DHCP agents
2026-04-07 01:12:07.640 10 WARNING neutron.api.rpc.agentnotifiers.dhcp_rpc_agent_api [None req-2947518f-609a-4441-b3b0-b758a8f88a99 dc35760bae544eddadfd48d264f8e1e4 1e312ab7abc54abea284063e58060ebd - - default default] Unable to schedule network 2f43fc66-2d2f-438e-a0b1-d45337bbfea4: no agents available; will retry on subsequent port and subnet creation events.
2026-04-07 01:12:07.691 9 INFO neutron.db.ovn_revision_numbers_db [None req-c1ea6576-589e-4ae1-bf9f-a7e0d32de9c7 - - - - - -] Successfully bumped revision number for resource 32a027d1-5fb4-4557-bdd2-684b07301a6b (type: ports) to 4
2026-04-07 01:12:08.001 9 INFO neutron.db.ovn_revision_numbers_db [None req-c1ea6576-589e-4ae1-bf9f-a7e0d32de9c7 - - - - - -] Successfully bumped revision number for resource 32a027d1-5fb4-4557-bdd2-684b07301a6b (type: router_ports) to 4
2026-04-07 01:12:08.127 9 INFO neutron.plugins.ml2.drivers.ovn.mech_driver.mech_driver [None req-f9543b37-866a-4dad-8baa-eb3fbf3e386f - - - - - -] OVN reports status up for port: c9c133fb-f80c-4ed4-90c1-677813a793c6
2026-04-07 01:12:08.133 9 INFO neutron.plugins.ml2.plugin [None req-f9543b37-866a-4dad-8baa-eb3fbf3e386f - - - - - -] Attempt 1 to provision port c9c133fb-f80c-4ed4-90c1-677813a793c6
2026-04-07 01:12:08.178 9 INFO neutron.wsgi [-] 10.0.0.184 "GET / HTTP/1.1" status: 200 len: 246 time: 0.0016139
2026-04-07 01:12:08.179 10 INFO neutron.wsgi [-] 10.0.0.184 "GET / HTTP/1.1" status: 200 len: 246 time: 0.0016379
2026-04-07 01:12:08.305 10 INFO neutron.db.ovn_revision_numbers_db [None req-2947518f-609a-4441-b3b0-b758a8f88a99 dc35760bae544eddadfd48d264f8e1e4 1e312ab7abc54abea284063e58060ebd - - default default] Successfully bumped revision number for resource c9c133fb-f80c-4ed4-90c1-677813a793c6 (type: router_ports) to 1
2026-04-07 01:12:08.312 10 INFO neutron.wsgi [None req-2947518f-609a-4441-b3b0-b758a8f88a99 dc35760bae544eddadfd48d264f8e1e4 1e312ab7abc54abea284063e58060ebd - - default default] 10.0.0.154 "PUT /v2.0/routers/67f0c0ce-3892-4a2a-8bb2-2fb5edf7cd61/add_router_interface HTTP/1.1" status: 200 len: 503 time: 2.3940277
2026-04-07 01:12:08.763 9 INFO neutron.db.ovn_revision_numbers_db [None req-f9543b37-866a-4dad-8baa-eb3fbf3e386f - - - - - -] Successfully bumped revision number for resource c9c133fb-f80c-4ed4-90c1-677813a793c6 (type: ports) to 2
2026-04-07 01:12:08.913 9 INFO neutron.db.ovn_revision_numbers_db [None req-f9543b37-866a-4dad-8baa-eb3fbf3e386f - - - - - -] Successfully bumped revision number for resource c9c133fb-f80c-4ed4-90c1-677813a793c6 (type: router_ports) to 2
2026-04-07 01:12:09.011 9 WARNING neutron_lib.context [None req-47ddf4ac-6bbe-4a5c-b42e-5310dfcbf647 bb39991f475b4cabbeaaa6b815a152fc 9719024759894418970a7b3dbfa6e060 - - default default] Method 'is_advsvc' is deprecated since 2023.2 release (neutron-lib 3.8.0) and will be removed once support for the old RBAC API policies will be removed from Neutron. Please use method 'is_service_role' instead.
