2026-04-07 01:15:30.405 9 WARNING neutron_lib.context [None req-d2aa5edf-8aab-451c-aa7e-11130cba18a2 e63d371e41174921b7a169dabc55cba2 ceeabce5cf0946f680d3b09232b6bb30 - - default default] Method 'is_advsvc' is deprecated since 2023.2 release (neutron-lib 3.8.0) and will be removed once support for the old RBAC API policies will be removed from Neutron. Please use method 'is_service_role' instead.
2026-04-07 01:15:30.743 9 WARNING neutron.scheduler.dhcp_agent_scheduler [None req-d2aa5edf-8aab-451c-aa7e-11130cba18a2 e63d371e41174921b7a169dabc55cba2 ceeabce5cf0946f680d3b09232b6bb30 - - default default] No more DHCP agents
2026-04-07 01:15:30.747 9 WARNING neutron.api.rpc.agentnotifiers.dhcp_rpc_agent_api [None req-d2aa5edf-8aab-451c-aa7e-11130cba18a2 e63d371e41174921b7a169dabc55cba2 ceeabce5cf0946f680d3b09232b6bb30 - - default default] Unable to schedule network 543c9a89-0820-4f46-bd87-04b90bfd4ca5: no agents available; will retry on subsequent port and subnet creation events.
2026-04-07 01:15:30.933 10 INFO neutron.wsgi [None req-402b31a8-256e-4b26-89ea-ef3aa9391d9a 4a24d12921e6424a8204d32a8ef37a1c 99ae145b934b449b93c941285406725f - - default default] 10.0.0.154 "PUT /v2.0/routers/96d914fb-dd4c-4265-b043-6f25488d0d0b/remove_router_interface HTTP/1.1" status: 200 len: 503 time: 1.4120612 /var/lib/openstack/lib/python3.10/site-packages/pycadf/identifier.py:71: UserWarning: Invalid uuid: neutron. To ensure interoperability, identifiers should be a valid uuid. warnings.warn(('Invalid uuid: %s. To ensure interoperability, '
2026-04-07 01:15:31.134 9 INFO neutron.wsgi [None req-d2aa5edf-8aab-451c-aa7e-11130cba18a2 e63d371e41174921b7a169dabc55cba2 ceeabce5cf0946f680d3b09232b6bb30 - - default default] 10.0.0.154 "POST /v2.0/floatingips HTTP/1.1" status: 201 len: 751 time: 0.9526320
2026-04-07 01:15:31.146 9 WARNING neutron_lib.context [None req-8e775ec3-0a67-4886-abaa-4f6dd7aa409f e63d371e41174921b7a169dabc55cba2 ceeabce5cf0946f680d3b09232b6bb30 - - default default] Method 'is_advsvc' is deprecated since 2023.2 release (neutron-lib 3.8.0) and will be removed once support for the old RBAC API policies will be removed from Neutron. Please use method 'is_service_role' instead.
2026-04-07 01:15:31.211 10 INFO neutron.wsgi [None req-06d64918-af20-4dd6-9a4a-4fd68f5c3961 4a24d12921e6424a8204d32a8ef37a1c 99ae145b934b449b93c941285406725f - - default default] 10.0.0.154 "DELETE /v2.0/subnets/e35e651d-75eb-4357-9683-d240d381eb83 HTTP/1.1" status: 204 len: 168 time: 0.2554560
2026-04-07 01:15:31.407 9 WARNING neutron.scheduler.dhcp_agent_scheduler [None req-8e775ec3-0a67-4886-abaa-4f6dd7aa409f e63d371e41174921b7a169dabc55cba2 ceeabce5cf0946f680d3b09232b6bb30 - - default default] No more DHCP agents
2026-04-07 01:15:31.409 9 WARNING neutron.api.rpc.agentnotifiers.dhcp_rpc_agent_api [None req-8e775ec3-0a67-4886-abaa-4f6dd7aa409f e63d371e41174921b7a169dabc55cba2 ceeabce5cf0946f680d3b09232b6bb30 - - default default] Unable to schedule network 543c9a89-0820-4f46-bd87-04b90bfd4ca5: no agents available; will retry on subsequent port and subnet creation events.
2026-04-07 01:15:31.503 10 INFO neutron.db.ovn_revision_numbers_db [None req-04d8bded-208c-4c7a-a5c0-0b7d3c42b602 dc35760bae544eddadfd48d264f8e1e4 1e312ab7abc54abea284063e58060ebd - - default default] Successfully bumped revision number for resource 236883ba-d491-4e0e-9216-801d58a70156 (type: security_groups) to 1
2026-04-07 01:15:31.519 10 INFO neutron.db.ovn_revision_numbers_db [None req-04d8bded-208c-4c7a-a5c0-0b7d3c42b602 dc35760bae544eddadfd48d264f8e1e4 1e312ab7abc54abea284063e58060ebd - - default default] Successfully bumped revision number for resource 4850c553-c91d-4481-b7f9-4a60b3ee72a5 (type: security_group_rules) to 0
2026-04-07 01:15:31.545 10 INFO neutron.db.ovn_revision_numbers_db [None req-04d8bded-208c-4c7a-a5c0-0b7d3c42b602 dc35760bae544eddadfd48d264f8e1e4 1e312ab7abc54abea284063e58060ebd - - default default] Successfully bumped revision number for resource a38cbdc0-fedc-440c-b415-c1f0ce99af9f (type: security_group_rules) to 0
2026-04-07 01:15:31.563 10 INFO neutron.db.ovn_revision_numbers_db [None req-04d8bded-208c-4c7a-a5c0-0b7d3c42b602 dc35760bae544eddadfd48d264f8e1e4 1e312ab7abc54abea284063e58060ebd - - default default] Successfully bumped revision number for resource b0a20584-c430-4170-b503-b55068541339 (type: security_group_rules) to 0
2026-04-07 01:15:31.586 10 INFO neutron.db.ovn_revision_numbers_db [None req-04d8bded-208c-4c7a-a5c0-0b7d3c42b602 dc35760bae544eddadfd48d264f8e1e4 1e312ab7abc54abea284063e58060ebd - - default default] Successfully bumped revision number for resource b1adf10f-1ece-411d-9ecb-8cb8334182ce (type: security_group_rules) to 0
2026-04-07 01:15:31.609 10 INFO neutron.wsgi [None req-04d8bded-208c-4c7a-a5c0-0b7d3c42b602 dc35760bae544eddadfd48d264f8e1e4 1e312ab7abc54abea284063e58060ebd - - default default] 10.0.0.154 "GET /v2.0/security-groups?tenant_id=d2da7bff75f248f381e2743e1b63e134&name=default HTTP/1.1" status: 200 len: 3120 time: 0.5117896
2026-04-07 01:15:31.714 9 INFO neutron.wsgi [None req-8e775ec3-0a67-4886-abaa-4f6dd7aa409f e63d371e41174921b7a169dabc55cba2 ceeabce5cf0946f680d3b09232b6bb30 - - default default] 10.0.0.154 "POST /v2.0/floatingips HTTP/1.1" status: 201 len: 751 time: 0.5732894
2026-04-07 01:15:31.725 9 WARNING neutron_lib.context [None req-12fce0b6-36fd-439d-b56c-4e08d467e8a2 e63d371e41174921b7a169dabc55cba2 ceeabce5cf0946f680d3b09232b6bb30 - - default default] Method 'is_advsvc' is deprecated since 2023.2 release (neutron-lib 3.8.0) and will be removed once support for the old RBAC API policies will be removed from Neutron. Please use method 'is_service_role' instead.
2026-04-07 01:15:31.942 10 INFO neutron.wsgi [None req-da7fac2b-b902-4296-acab-ee9b868ae753 dc35760bae544eddadfd48d264f8e1e4 1e312ab7abc54abea284063e58060ebd - - default default] 10.0.0.154 "DELETE /v2.0/security-groups/236883ba-d491-4e0e-9216-801d58a70156 HTTP/1.1" status: 204 len: 168 time: 0.3276515
2026-04-07 01:15:31.986 9 WARNING neutron.scheduler.dhcp_agent_scheduler [None req-12fce0b6-36fd-439d-b56c-4e08d467e8a2 e63d371e41174921b7a169dabc55cba2 ceeabce5cf0946f680d3b09232b6bb30 - - default default] No more DHCP agents
2026-04-07 01:15:31.988 9 WARNING neutron.api.rpc.agentnotifiers.dhcp_rpc_agent_api [None req-12fce0b6-36fd-439d-b56c-4e08d467e8a2 e63d371e41174921b7a169dabc55cba2 ceeabce5cf0946f680d3b09232b6bb30 - - default default] Unable to schedule network 543c9a89-0820-4f46-bd87-04b90bfd4ca5: no agents available; will retry on subsequent port and subnet creation events.
2026-04-07 01:15:32.238 9 INFO neutron.db.ovn_revision_numbers_db [None req-a9eb7a26-922d-44fd-948c-573b8efef9f4 dc35760bae544eddadfd48d264f8e1e4 1e312ab7abc54abea284063e58060ebd - - default default] Successfully bumped revision number for resource 26da61e2-b2a2-47f0-9a1a-551c8f0ea9d8 (type: security_groups) to 1
2026-04-07 01:15:32.238 10 INFO neutron.wsgi [None req-3a836ce3-32e1-4610-a93a-022c1ee617cf 4a24d12921e6424a8204d32a8ef37a1c 99ae145b934b449b93c941285406725f - - default default] 10.0.0.154 "DELETE /v2.0/routers/96d914fb-dd4c-4265-b043-6f25488d0d0b HTTP/1.1" status: 204 len: 168 time: 1.0219038
2026-04-07 01:15:32.259 9 INFO neutron.db.ovn_revision_numbers_db [None req-a9eb7a26-922d-44fd-948c-573b8efef9f4 dc35760bae544eddadfd48d264f8e1e4 1e312ab7abc54abea284063e58060ebd - - default default] Successfully bumped revision number for resource 333999d9-adfa-4632-a36a-c47e720e9a59 (type: security_group_rules) to 0
2026-04-07 01:15:32.293 9 INFO neutron.db.ovn_revision_numbers_db [None req-a9eb7a26-922d-44fd-948c-573b8efef9f4 dc35760bae544eddadfd48d264f8e1e4 1e312ab7abc54abea284063e58060ebd - - default default] Successfully bumped revision number for resource 7bb0bd4b-24a5-4944-85dc-d5c03d3509c4 (type: security_group_rules) to 0
2026-04-07 01:15:32.323 9 INFO neutron.db.ovn_revision_numbers_db [None req-a9eb7a26-922d-44fd-948c-573b8efef9f4 dc35760bae544eddadfd48d264f8e1e4 1e312ab7abc54abea284063e58060ebd - - default default] Successfully bumped revision number for resource 968fbce7-193e-4adb-9c24-00eb107b7668 (type: security_group_rules) to 0
2026-04-07 01:15:32.338 9 INFO neutron.db.ovn_revision_numbers_db [None req-a9eb7a26-922d-44fd-948c-573b8efef9f4 dc35760bae544eddadfd48d264f8e1e4 1e312ab7abc54abea284063e58060ebd - - default default] Successfully bumped revision number for resource ceed3133-ffee-46ce-8529-de6fe68e8766 (type: security_group_rules) to 0
2026-04-07 01:15:32.360 9 INFO neutron.wsgi [None req-a9eb7a26-922d-44fd-948c-573b8efef9f4 dc35760bae544eddadfd48d264f8e1e4 1e312ab7abc54abea284063e58060ebd - - default default] 10.0.0.154 "GET /v2.0/security-groups?tenant_id=1841e0719c8a4ac0a26fdedc0ec7b10b&name=default HTTP/1.1" status: 200 len: 3120 time: 0.3019037
2026-04-07 01:15:32.381 9 INFO neutron.wsgi [None req-12fce0b6-36fd-439d-b56c-4e08d467e8a2 e63d371e41174921b7a169dabc55cba2 ceeabce5cf0946f680d3b09232b6bb30 - - default default] 10.0.0.154 "POST /v2.0/floatingips HTTP/1.1" status: 201 len: 751 time: 0.6612246
2026-04-07 01:15:32.391 9 WARNING neutron_lib.context [None req-4813b127-4887-427e-844c-811858108212 e63d371e41174921b7a169dabc55cba2 ceeabce5cf0946f680d3b09232b6bb30 - - default default] Method 'is_advsvc' is deprecated since 2023.2 release (neutron-lib 3.8.0) and will be removed once support for the old RBAC API policies will be removed from Neutron. Please use method 'is_service_role' instead.
2026-04-07 01:15:32.653 9 WARNING neutron.scheduler.dhcp_agent_scheduler [None req-4813b127-4887-427e-844c-811858108212 e63d371e41174921b7a169dabc55cba2 ceeabce5cf0946f680d3b09232b6bb30 - - default default] No more DHCP agents
2026-04-07 01:15:32.656 9 WARNING neutron.api.rpc.agentnotifiers.dhcp_rpc_agent_api [None req-4813b127-4887-427e-844c-811858108212 e63d371e41174921b7a169dabc55cba2 ceeabce5cf0946f680d3b09232b6bb30 - - default default] Unable to schedule network 543c9a89-0820-4f46-bd87-04b90bfd4ca5: no agents available; will retry on subsequent port and subnet creation events.
2026-04-07 01:15:32.700 10 INFO neutron.services.segments.plugin [-] Segment f7d0ae04-94c5-44c9-aceb-42724aaebdd5 resource provider aggregate not found
2026-04-07 01:15:32.705 10 INFO neutron.services.segments.plugin [-] Segment f7d0ae04-94c5-44c9-aceb-42724aaebdd5 resource provider aggregate not found
2026-04-07 01:15:32.719 10 INFO neutron.wsgi [None req-86afbe58-4dbe-4626-bb81-9e975ee9b86e dc35760bae544eddadfd48d264f8e1e4 1e312ab7abc54abea284063e58060ebd - - default default] 10.0.0.154 "DELETE /v2.0/security-groups/26da61e2-b2a2-47f0-9a1a-551c8f0ea9d8 HTTP/1.1" status: 204 len: 168 time: 0.3549023
2026-04-07 01:15:32.725 10 INFO neutron.services.segments.plugin [-] Segment f7d0ae04-94c5-44c9-aceb-42724aaebdd5 resource provider not found; error: Placement Client Error (4xx): {"errors": [{"status": 404, "title": "Not Found", "detail": "The resource could not be found.\n\n No resource provider with uuid f7d0ae04-94c5-44c9-aceb-42724aaebdd5 found for delete ", "request_id": "req-219c3ded-8fca-48cf-9455-f51d87e705a3"}]}
2026-04-07 01:15:32.727 10 INFO neutron.services.segments.plugin [-] Segment f7d0ae04-94c5-44c9-aceb-42724aaebdd5 resource provider not found; error: Placement Client Error (4xx): {"errors": [{"status": 404, "title": "Not Found", "detail": "The resource could not be found.\n\n No resource provider with uuid f7d0ae04-94c5-44c9-aceb-42724aaebdd5 found for delete ", "request_id": "req-8da243ec-f236-4ac1-b7c2-67ccb81bdc62"}]}
2026-04-07 01:15:32.753 10 INFO neutron.wsgi [None req-cbba5cf6-8026-49f8-a67d-9324b5950ffd 4a24d12921e6424a8204d32a8ef37a1c 99ae145b934b449b93c941285406725f - - default default] 10.0.0.154 "DELETE /v2.0/networks/39e662c5-e3b2-404b-97cf-4c99b825d0dd HTTP/1.1" status: 204 len: 168 time: 0.5089259
2026-04-07 01:15:32.912 10 INFO neutron.wsgi [None req-aa1bfd82-dbdd-4466-b4ba-598c78e2845a dc35760bae544eddadfd48d264f8e1e4 1e312ab7abc54abea284063e58060ebd - - default default] 10.0.0.154 "GET /v2.0/security-groups?tenant_id=cb80d103ca384e5ea4bf9e21b86ed2e8&name=default HTTP/1.1" status: 200 len: 3120 time: 0.0436115
2026-04-07 01:15:33.023 9 INFO neutron.wsgi [None req-4813b127-4887-427e-844c-811858108212 e63d371e41174921b7a169dabc55cba2 ceeabce5cf0946f680d3b09232b6bb30 - - default default] 10.0.0.154 "POST /v2.0/floatingips HTTP/1.1" status: 201 len: 751 time: 0.6369259
2026-04-07 01:15:33.036 10 WARNING neutron_lib.context [None req-71b2fe7f-747d-4947-bfba-3fc9d312d6ce e63d371e41174921b7a169dabc55cba2 ceeabce5cf0946f680d3b09232b6bb30 - - default default] Method 'is_advsvc' is deprecated since 2023.2 release (neutron-lib 3.8.0) and will be removed once support for the old RBAC API policies will be removed from Neutron. Please use method 'is_service_role' instead.
2026-04-07 01:15:33.177 9 INFO neutron.wsgi [None req-d5ebfc0a-7f11-4daa-a893-159ebe84a409 dc35760bae544eddadfd48d264f8e1e4 1e312ab7abc54abea284063e58060ebd - - default default] 10.0.0.154 "DELETE /v2.0/security-groups/bd4e9e26-f2c1-4b0e-9afe-cad8ecc2c3e2 HTTP/1.1" status: 204 len: 168 time: 0.2614260
2026-04-07 01:15:33.334 10 WARNING neutron.scheduler.dhcp_agent_scheduler [None req-71b2fe7f-747d-4947-bfba-3fc9d312d6ce e63d371e41174921b7a169dabc55cba2 ceeabce5cf0946f680d3b09232b6bb30 - - default default] No more DHCP agents
2026-04-07 01:15:33.338 10 WARNING neutron.api.rpc.agentnotifiers.dhcp_rpc_agent_api [None req-71b2fe7f-747d-4947-bfba-3fc9d312d6ce e63d371e41174921b7a169dabc55cba2 ceeabce5cf0946f680d3b09232b6bb30 - - default default] Unable to schedule network 543c9a89-0820-4f46-bd87-04b90bfd4ca5: no agents available; will retry on subsequent port and subnet creation events.
2026-04-07 01:15:33.682 10 INFO neutron.wsgi [None req-71b2fe7f-747d-4947-bfba-3fc9d312d6ce e63d371e41174921b7a169dabc55cba2 ceeabce5cf0946f680d3b09232b6bb30 - - default default] 10.0.0.154 "POST /v2.0/floatingips HTTP/1.1" status: 201 len: 751 time: 0.6538990
2026-04-07 01:15:33.694 9 INFO neutron.wsgi [None req-3e0c4fc8-b111-4598-a150-5b72b5f5821f dc35760bae544eddadfd48d264f8e1e4 1e312ab7abc54abea284063e58060ebd - - default default] 10.0.0.154 "GET /v2.0/security-groups?tenant_id=99ae145b934b449b93c941285406725f&name=default HTTP/1.1" status: 200 len: 3120 time: 0.2990284
2026-04-07 01:15:33.735 10 INFO neutron.wsgi [None req-832b5f44-bdd9-46ab-99aa-dd83ee38bb0f e63d371e41174921b7a169dabc55cba2 ceeabce5cf0946f680d3b09232b6bb30 - - default default] 10.0.0.154 "PUT /v2.0/floatingips/da5464d7-fd2c-46f1-b480-be57469594cd/tags HTTP/1.1" status: 200 len: 210 time: 0.0471892
2026-04-07 01:15:33.787 10 INFO neutron.wsgi [None req-fec7a74e-5763-4ef6-91a4-0b958a8428ea e63d371e41174921b7a169dabc55cba2 ceeabce5cf0946f680d3b09232b6bb30 - - default default] 10.0.0.154 "PUT /v2.0/floatingips/11db7bfb-1f3e-4fdf-99de-cd636e0c3778/tags HTTP/1.1" status: 200 len: 218 time: 0.0454838
2026-04-07 01:15:33.854 9 INFO neutron.wsgi [None req-33eccc30-ee18-454b-b62f-6d7e15cfc35b e63d371e41174921b7a169dabc55cba2 ceeabce5cf0946f680d3b09232b6bb30 - - default default] 10.0.0.154 "PUT /v2.0/floatingips/96100031-2ad3-401c-af75-09ffac6d90b4/tags HTTP/1.1" status: 200 len: 227 time: 0.0610113
2026-04-07 01:15:33.907 10 INFO neutron.wsgi [None req-19b7455c-042c-4c3e-b8f8-09e5c1f906f4 e63d371e41174921b7a169dabc55cba2 ceeabce5cf0946f680d3b09232b6bb30 - - default default] 10.0.0.154 "PUT /v2.0/floatingips/5fd89805-69be-40bf-83a5-0ffa48491a0e/tags HTTP/1.1" status: 200 len: 212 time: 0.0473812
2026-04-07 01:15:33.939 9 INFO neutron.wsgi [None req-57132046-d308-4235-9f4f-94109f494dcd dc35760bae544eddadfd48d264f8e1e4 1e312ab7abc54abea284063e58060ebd - - default default] 10.0.0.154 "DELETE /v2.0/security-groups/fff41c64-b625-4a96-8c20-0a1ea190622b HTTP/1.1" status: 204 len: 168 time: 0.2390461
2026-04-07 01:15:33.965 10 INFO neutron.wsgi [None req-51039aa6-5a4d-4cc6-9596-21b25d955ad6 e63d371e41174921b7a169dabc55cba2 ceeabce5cf0946f680d3b09232b6bb30 - - default default] 10.0.0.154 "GET /v2.0/floatingips?tags=red HTTP/1.1" status: 200 len: 1866 time: 0.0508013
2026-04-07 01:15:34.012 10 INFO neutron.wsgi [None req-a282282f-e885-4fc8-a38d-444b2b760fd0 e63d371e41174921b7a169dabc55cba2 ceeabce5cf0946f680d3b09232b6bb30 - - default default] 10.0.0.154 "GET /v2.0/floatingips?tags=red%2Cblue HTTP/1.1" status: 200 len: 1323 time: 0.0428126
2026-04-07 01:15:34.063 10 INFO neutron.wsgi [None req-700cdba7-06c0-4648-b075-581370ae0a55 e63d371e41174921b7a169dabc55cba2 ceeabce5cf0946f680d3b09232b6bb30 - - default default] 10.0.0.154 "GET /v2.0/floatingips?tags-any=blue HTTP/1.1" status: 200 len: 1323 time: 0.0456481
2026-04-07 01:15:34.115 9 INFO neutron.wsgi [None req-152f34c6-a25b-4258-845e-599f57e2ef87 e63d371e41174921b7a169dabc55cba2 ceeabce5cf0946f680d3b09232b6bb30 - - default default] 10.0.0.154 "GET /v2.0/floatingips?tags-any=red%2Cblue HTTP/1.1" status: 200 len: 1866 time: 0.0449076
2026-04-07 01:15:34.179 10 INFO neutron.db.ovn_revision_numbers_db [None req-4a7d45df-91a2-4ac5-9fa9-e45ea2bae4c7 dc35760bae544eddadfd48d264f8e1e4 1e312ab7abc54abea284063e58060ebd - - default default] Successfully bumped revision number for resource 092dd5bd-8dea-4d50-bb02-09a2560891ee (type: security_groups) to 1
2026-04-07 01:15:34.197 10 INFO neutron.db.ovn_revision_numbers_db [None req-4a7d45df-91a2-4ac5-9fa9-e45ea2bae4c7 dc35760bae544eddadfd48d264f8e1e4 1e312ab7abc54abea284063e58060ebd - - default default] Successfully bumped revision number for resource 503432b3-f4e5-4c24-bf58-fb94b028c44a (type: security_group_rules) to 0
2026-04-07 01:15:34.213 10 INFO neutron.db.ovn_revision_numbers_db [None req-4a7d45df-91a2-4ac5-9fa9-e45ea2bae4c7 dc35760bae544eddadfd48d264f8e1e4 1e312ab7abc54abea284063e58060ebd - - default default] Successfully bumped revision number for resource a75d5bdd-0148-4b86-9bf5-0fcf7018f670 (type: security_group_rules) to 0
2026-04-07 01:15:34.231 10 INFO neutron.db.ovn_revision_numbers_db [None req-4a7d45df-91a2-4ac5-9fa9-e45ea2bae4c7 dc35760bae544eddadfd48d264f8e1e4 1e312ab7abc54abea284063e58060ebd - - default default] Successfully bumped revision number for resource cdf53339-7695-4c98-bbba-940d9f8e4093 (type: security_group_rules) to 0
2026-04-07 01:15:34.248 10 INFO neutron.db.ovn_revision_numbers_db [None req-4a7d45df-91a2-4ac5-9fa9-e45ea2bae4c7 dc35760bae544eddadfd48d264f8e1e4 1e312ab7abc54abea284063e58060ebd - - default default] Successfully bumped revision number for resource d34cf70f-8b01-482b-98ed-7b878c6c416d (type: security_group_rules) to 0
2026-04-07 01:15:34.273 10 INFO neutron.wsgi [None req-4a7d45df-91a2-4ac5-9fa9-e45ea2bae4c7 dc35760bae544eddadfd48d264f8e1e4 1e312ab7abc54abea284063e58060ebd - - default default] 10.0.0.154 "GET /v2.0/security-groups?tenant_id=2571f3b5c4474167b2b20a4a6d7a3127&name=default HTTP/1.1" status: 200 len: 3120 time: 0.2197847
2026-04-07 01:15:34.385 9 INFO neutron.wsgi [None req-6fce0b8b-eb6b-489b-a3a6-ecd5bb4da445 e63d371e41174921b7a169dabc55cba2 ceeabce5cf0946f680d3b09232b6bb30 - - default default] 10.0.0.154 "GET /v2.0/floatingips?not-tags=red HTTP/1.1" status: 200 len: 1295 time: 0.2651780
2026-04-07 01:15:34.430 9 INFO neutron.wsgi [None req-447d2ab4-b956-4243-8a50-940e56ea9464 e63d371e41174921b7a169dabc55cba2 ceeabce5cf0946f680d3b09232b6bb30 - - default default] 10.0.0.154 "GET /v2.0/floatingips?not-tags=red%2Cblue HTTP/1.1" status: 200 len: 1838 time: 0.0381339
2026-04-07 01:15:34.484 10 INFO neutron.wsgi [None req-125024ce-d104-4518-9e7b-a1d51631c26f e63d371e41174921b7a169dabc55cba2 ceeabce5cf0946f680d3b09232b6bb30 - - default default] 10.0.0.154 "GET /v2.0/floatingips?not-tags-any=blue HTTP/1.1" status: 200 len: 1838 time: 0.0494814
2026-04-07 01:15:34.533 9 INFO neutron.wsgi [None req-ab9977b7-75d9-42b6-82a8-601d8abf5329 e63d371e41174921b7a169dabc55cba2 ceeabce5cf0946f680d3b09232b6bb30 - - default default] 10.0.0.154 "GET /v2.0/floatingips?not-tags-any=red%2Cblue HTTP/1.1" status: 200 len: 1295 time: 0.0433888
2026-04-07 01:15:34.544 10 INFO neutron.wsgi [None req-520dbb11-5609-4f43-960e-2d6db988132f dc35760bae544eddadfd48d264f8e1e4 1e312ab7abc54abea284063e58060ebd - - default default] 10.0.0.154 "DELETE /v2.0/security-groups/092dd5bd-8dea-4d50-bb02-09a2560891ee HTTP/1.1" status: 204 len: 168 time: 0.2643914
2026-04-07 01:15:34.928 9 INFO neutron.wsgi [None req-8cc0783d-52a7-4b23-b9bf-880bf40cf649 e63d371e41174921b7a169dabc55cba2 ceeabce5cf0946f680d3b09232b6bb30 - - default default] 10.0.0.154 "DELETE /v2.0/floatingips/da5464d7-fd2c-46f1-b480-be57469594cd HTTP/1.1" status: 204 len: 168 time: 0.3894415
2026-04-07 01:15:35.271 9 INFO neutron.wsgi [None req-9d9a1571-1e3a-41bc-bd57-960eddf89798 e63d371e41174921b7a169dabc55cba2 ceeabce5cf0946f680d3b09232b6bb30 - - default default] 10.0.0.154 "DELETE /v2.0/floatingips/11db7bfb-1f3e-4fdf-99de-cd636e0c3778 HTTP/1.1" status: 204 len: 168 time: 0.3366766
2026-04-07 01:15:35.654 9 INFO neutron.wsgi [None req-e3f1375a-3009-4f2c-93ab-b1b0c7645ca1 e63d371e41174921b7a169dabc55cba2 ceeabce5cf0946f680d3b09232b6bb30 - - default default] 10.0.0.154 "DELETE /v2.0/floatingips/96100031-2ad3-401c-af75-09ffac6d90b4 HTTP/1.1" status: 204 len: 168 time: 0.3774621
2026-04-07 01:15:35.990 9 INFO neutron.wsgi [None req-e2cb91cd-e0f4-405e-b491-693151ef963b e63d371e41174921b7a169dabc55cba2 ceeabce5cf0946f680d3b09232b6bb30 - - default default] 10.0.0.154 "DELETE /v2.0/floatingips/5fd89805-69be-40bf-83a5-0ffa48491a0e HTTP/1.1" status: 204 len: 168 time: 0.3318312
2026-04-07 01:15:36.356 9 INFO neutron.wsgi [None req-d1487bbb-7636-415c-8e8d-e9d8a09b04f0 e63d371e41174921b7a169dabc55cba2 ceeabce5cf0946f680d3b09232b6bb30 - - default default] 10.0.0.154 "DELETE /v2.0/floatingips/59721de1-aefd-4bf2-bbee-0687dacba1c9 HTTP/1.1" status: 204 len: 168 time: 0.3617258
2026-04-07 01:15:36.725 10 WARNING neutron_lib.context [None req-7bdf31b7-8bc2-4fb6-a4fe-e83ff5ea9b2d db49a0c5c8ce48748435d418c25ff211 7d0ed39a52e646cb95985ff79acf221c - - default default] Method 'is_advsvc' is deprecated since 2023.2 release (neutron-lib 3.8.0) and will be removed once support for the old RBAC API policies will be removed from Neutron. Please use method 'is_service_role' instead.
2026-04-07 01:15:36.873 10 INFO neutron.db.ovn_revision_numbers_db [None req-7bdf31b7-8bc2-4fb6-a4fe-e83ff5ea9b2d db49a0c5c8ce48748435d418c25ff211 7d0ed39a52e646cb95985ff79acf221c - - default default] Successfully bumped revision number for resource a416deaa-cf44-4e91-b43f-6464d9c7ab45 (type: security_groups) to 1
2026-04-07 01:15:36.886 10 INFO neutron.db.ovn_revision_numbers_db [None req-7bdf31b7-8bc2-4fb6-a4fe-e83ff5ea9b2d db49a0c5c8ce48748435d418c25ff211 7d0ed39a52e646cb95985ff79acf221c - - default default] Successfully bumped revision number for resource 24a107b5-13bf-414a-800e-fad4233fef4e (type: security_group_rules) to 0
2026-04-07 01:15:36.901 10 INFO neutron.db.ovn_revision_numbers_db [None req-7bdf31b7-8bc2-4fb6-a4fe-e83ff5ea9b2d db49a0c5c8ce48748435d418c25ff211 7d0ed39a52e646cb95985ff79acf221c - - default default] Successfully bumped revision number for resource 2b91d5e2-5e8f-441a-abaa-b01df3f00f45 (type: security_group_rules) to 0
2026-04-07 01:15:36.914 10 INFO neutron.db.ovn_revision_numbers_db [None req-7bdf31b7-8bc2-4fb6-a4fe-e83ff5ea9b2d db49a0c5c8ce48748435d418c25ff211 7d0ed39a52e646cb95985ff79acf221c - - default default] Successfully bumped revision number for resource def9b0c5-4a3f-4df2-9b3f-0d33a7807f35 (type: security_group_rules) to 0
2026-04-07 01:15:36.929 10 INFO neutron.db.ovn_revision_numbers_db [None req-7bdf31b7-8bc2-4fb6-a4fe-e83ff5ea9b2d db49a0c5c8ce48748435d418c25ff211 7d0ed39a52e646cb95985ff79acf221c - - default default] Successfully bumped revision number for resource fa751e19-4ce7-47ed-9184-5a2131b71a83 (type: security_group_rules) to 0
2026-04-07 01:15:36.983 10 INFO neutron.db.segments_db [None req-7bdf31b7-8bc2-4fb6-a4fe-e83ff5ea9b2d db49a0c5c8ce48748435d418c25ff211 7d0ed39a52e646cb95985ff79acf221c - - default default] Added segment ccd89ab4-88d7-48aa-8915-82f919766bd8 of type geneve for network d7251479-f363-4de4-b138-b11e4b71e878
2026-04-07 01:15:37.363 10 INFO neutron.db.ovn_revision_numbers_db [None req-7bdf31b7-8bc2-4fb6-a4fe-e83ff5ea9b2d db49a0c5c8ce48748435d418c25ff211 7d0ed39a52e646cb95985ff79acf221c - - default default] Successfully bumped revision number for resource d7251479-f363-4de4-b138-b11e4b71e878 (type: networks) to 1
2026-04-07 01:15:37.597 10 WARNING neutron.scheduler.dhcp_agent_scheduler [None req-7bdf31b7-8bc2-4fb6-a4fe-e83ff5ea9b2d db49a0c5c8ce48748435d418c25ff211 7d0ed39a52e646cb95985ff79acf221c - - default default] No more DHCP agents
2026-04-07 01:15:37.600 10 WARNING neutron.api.rpc.agentnotifiers.dhcp_rpc_agent_api [None req-7bdf31b7-8bc2-4fb6-a4fe-e83ff5ea9b2d db49a0c5c8ce48748435d418c25ff211 7d0ed39a52e646cb95985ff79acf221c - - default default] Unable to schedule network d7251479-f363-4de4-b138-b11e4b71e878: no agents available; will retry on subsequent port and subnet creation events.
2026-04-07 01:15:37.680 10 INFO neutron.db.ovn_revision_numbers_db [None req-efb379f7-63f4-4652-895e-d1fd36d8b0e0 dc35760bae544eddadfd48d264f8e1e4 1e312ab7abc54abea284063e58060ebd - - default default] Successfully bumped revision number for resource be26832a-f49e-4b20-886c-8b1fc44affc9 (type: security_groups) to 1
2026-04-07 01:15:37.697 10 INFO neutron.db.ovn_revision_numbers_db [None req-efb379f7-63f4-4652-895e-d1fd36d8b0e0 dc35760bae544eddadfd48d264f8e1e4 1e312ab7abc54abea284063e58060ebd - - default default] Successfully bumped revision number for resource 4a6cc19c-3d91-48be-90d7-050a4e3a8b34 (type: security_group_rules) to 0
2026-04-07 01:15:37.701 10 INFO neutron.db.ovn_revision_numbers_db [None req-7bdf31b7-8bc2-4fb6-a4fe-e83ff5ea9b2d db49a0c5c8ce48748435d418c25ff211 7d0ed39a52e646cb95985ff79acf221c - - default default] Successfully bumped revision number for resource 7f978820-5d84-4977-9bd1-d19849f093ed (type: ports) to 1
2026-04-07 01:15:37.715 10 INFO neutron.db.ovn_revision_numbers_db [None req-efb379f7-63f4-4652-895e-d1fd36d8b0e0 dc35760bae544eddadfd48d264f8e1e4 1e312ab7abc54abea284063e58060ebd - - default default] Successfully bumped revision number for resource 69bdcf85-7c8f-4327-be9f-0b2b6e0eeb94 (type: security_group_rules) to 0
2026-04-07 01:15:37.728 10 INFO neutron.wsgi [None req-7bdf31b7-8bc2-4fb6-a4fe-e83ff5ea9b2d db49a0c5c8ce48748435d418c25ff211 7d0ed39a52e646cb95985ff79acf221c - - default default] 10.0.0.154 "POST /v2.0/networks HTTP/1.1" status: 201 len: 829 time: 1.2242000
2026-04-07 01:15:37.738 10 INFO neutron.db.ovn_revision_numbers_db [None req-efb379f7-63f4-4652-895e-d1fd36d8b0e0 dc35760bae544eddadfd48d264f8e1e4 1e312ab7abc54abea284063e58060ebd - - default default] Successfully bumped revision number for resource e189181f-4312-4a5d-9717-6790b80235e7 (type: security_group_rules) to 0
2026-04-07 01:15:37.764 10 INFO neutron.db.ovn_revision_numbers_db [None req-efb379f7-63f4-4652-895e-d1fd36d8b0e0 dc35760bae544eddadfd48d264f8e1e4 1e312ab7abc54abea284063e58060ebd - - default default] Successfully bumped revision number for resource eaeee9f6-d5e6-4280-aaa0-4ccbe30337ab (type: security_group_rules) to 0
2026-04-07 01:15:37.793 10 INFO neutron.wsgi [None req-efb379f7-63f4-4652-895e-d1fd36d8b0e0 dc35760bae544eddadfd48d264f8e1e4 1e312ab7abc54abea284063e58060ebd - - default default] 10.0.0.154 "GET /v2.0/security-groups?tenant_id=ceeabce5cf0946f680d3b09232b6bb30&name=default HTTP/1.1" status: 200 len: 3120 time: 0.4941754
2026-04-07 01:15:37.802 10 INFO neutron.wsgi [None req-ff8bc502-ff82-4588-bfe5-07770a6c9f89 db49a0c5c8ce48748435d418c25ff211 7d0ed39a52e646cb95985ff79acf221c - - default default] 10.0.0.154 "PUT /v2.0/networks/d7251479-f363-4de4-b138-b11e4b71e878/tags HTTP/1.1" status: 200 len: 218 time: 0.0685296
2026-04-07 01:15:37.859 10 INFO neutron.wsgi [None req-60f9dcb5-a12e-4b26-bea2-d20d494eb36d db49a0c5c8ce48748435d418c25ff211 7d0ed39a52e646cb95985ff79acf221c - - default default] 10.0.0.154 "GET /v2.0/networks/d7251479-f363-4de4-b138-b11e4b71e878/tags HTTP/1.1" status: 200 len: 218 time: 0.0500896
2026-04-07 01:15:37.923 10 INFO neutron.wsgi [None req-da97f352-619c-4ff6-ad6d-0c091c6c62a6 db49a0c5c8ce48748435d418c25ff211 7d0ed39a52e646cb95985ff79acf221c - - default default] 10.0.0.154 "PUT /v2.0/networks/d7251479-f363-4de4-b138-b11e4b71e878/tags/green HTTP/1.1" status: 201 len: 201 time: 0.0586224
2026-04-07 01:15:37.967 10 INFO neutron.wsgi [None req-05f6caf9-0705-4e73-9f77-12e187304c3e db49a0c5c8ce48748435d418c25ff211 7d0ed39a52e646cb95985ff79acf221c - - default default] 10.0.0.154 "GET /v2.0/networks/d7251479-f363-4de4-b138-b11e4b71e878/tags HTTP/1.1" status: 200 len: 227 time: 0.0390770
2026-04-07 01:15:38.013 9 INFO neutron.wsgi [None req-fb9a7619-0194-4ff0-8156-cea4cd121a05 dc35760bae544eddadfd48d264f8e1e4 1e312ab7abc54abea284063e58060ebd - - default default] 10.0.0.154 "DELETE /v2.0/security-groups/be26832a-f49e-4b20-886c-8b1fc44affc9 HTTP/1.1" status: 204 len: 168 time: 0.2134097
2026-04-07 01:15:38.018 10 INFO neutron.wsgi [None req-35b7e834-a79c-44ac-a3f0-90c8dd5c22c6 db49a0c5c8ce48748435d418c25ff211 7d0ed39a52e646cb95985ff79acf221c - - default default] 10.0.0.154 "PUT /v2.0/networks/d7251479-f363-4de4-b138-b11e4b71e878/tags/red HTTP/1.1" status: 201 len: 201 time: 0.0462563
2026-04-07 01:15:38.070 10 INFO neutron.wsgi [None req-695daa50-d251-4d1e-bbd9-383e427a6fe7 db49a0c5c8ce48748435d418c25ff211 7d0ed39a52e646cb95985ff79acf221c - - default default] 10.0.0.154 "GET /v2.0/networks/d7251479-f363-4de4-b138-b11e4b71e878/tags HTTP/1.1" status: 200 len: 227 time: 0.0464704
2026-04-07 01:15:38.145 10 INFO neutron.wsgi [None req-54de222a-774c-4ad0-99e6-b81c3a0c91ea db49a0c5c8ce48748435d418c25ff211 7d0ed39a52e646cb95985ff79acf221c - - default default] 10.0.0.154 "PUT /v2.0/networks/d7251479-f363-4de4-b138-b11e4b71e878/tags/black.or.white HTTP/1.1" status: 201 len: 201 time: 0.0665975
2026-04-07 01:15:38.178 9 INFO neutron.wsgi [-] 10.0.0.184 "GET / HTTP/1.1" status: 200 len: 246 time: 0.0018356
2026-04-07 01:15:38.180 9 INFO neutron.wsgi [-] 10.0.0.184 "GET / HTTP/1.1" status: 200 len: 246 time: 0.0012081
2026-04-07 01:15:38.196 10 INFO neutron.wsgi [None req-5f4c26d4-039f-4779-b47d-d784819ea8bb db49a0c5c8ce48748435d418c25ff211 7d0ed39a52e646cb95985ff79acf221c - - default default] 10.0.0.154 "GET /v2.0/networks/d7251479-f363-4de4-b138-b11e4b71e878/tags HTTP/1.1" status: 200 len: 245 time: 0.0458596
2026-04-07 01:15:38.255 10 INFO neutron.wsgi [None req-b5bf720c-3580-49da-9616-4e4e7160db0c db49a0c5c8ce48748435d418c25ff211 7d0ed39a52e646cb95985ff79acf221c - - default default] 10.0.0.154 "PUT /v2.0/networks/d7251479-f363-4de4-b138-b11e4b71e878/tags HTTP/1.1" status: 200 len: 230 time: 0.0538762
2026-04-07 01:15:38.284 9 INFO neutron.db.ovn_revision_numbers_db [None req-ecb53cc2-4146-42eb-8e78-a7e8a3a3ac83 dc35760bae544eddadfd48d264f8e1e4 1e312ab7abc54abea284063e58060ebd - - default default] Successfully bumped revision number for resource 20ebb68b-222d-4328-b5f4-24a5c2ee1959 (type: security_groups) to 1
2026-04-07 01:15:38.300 9 INFO neutron.db.ovn_revision_numbers_db [None req-ecb53cc2-4146-42eb-8e78-a7e8a3a3ac83 dc35760bae544eddadfd48d264f8e1e4 1e312ab7abc54abea284063e58060ebd - - default default] Successfully bumped revision number for resource 3de057c2-9032-415a-b22e-b8a7fcbf3012 (type: security_group_rules) to 0
2026-04-07 01:15:38.306 10 INFO neutron.wsgi [None req-9502cb77-239c-4ee9-aca5-1257e2578579 db49a0c5c8ce48748435d418c25ff211 7d0ed39a52e646cb95985ff79acf221c - - default default] 10.0.0.154 "GET /v2.0/networks/d7251479-f363-4de4-b138-b11e4b71e878/tags HTTP/1.1" status: 200 len: 230 time: 0.0447421
2026-04-07 01:15:38.315 9 INFO neutron.db.ovn_revision_numbers_db [None req-ecb53cc2-4146-42eb-8e78-a7e8a3a3ac83 dc35760bae544eddadfd48d264f8e1e4 1e312ab7abc54abea284063e58060ebd - - default default] Successfully bumped revision number for resource 96a3317d-382e-474e-b29b-00a833c151dd (type: security_group_rules) to 0
2026-04-07 01:15:38.332 9 INFO neutron.db.ovn_revision_numbers_db [None req-ecb53cc2-4146-42eb-8e78-a7e8a3a3ac83 dc35760bae544eddadfd48d264f8e1e4 1e312ab7abc54abea284063e58060ebd - - default default] Successfully bumped revision number for resource 99a41d36-538b-44e6-9209-c38e0bfe5cb3 (type: security_group_rules) to 0
2026-04-07 01:15:38.346 9 INFO neutron.db.ovn_revision_numbers_db [None req-ecb53cc2-4146-42eb-8e78-a7e8a3a3ac83 dc35760bae544eddadfd48d264f8e1e4 1e312ab7abc54abea284063e58060ebd - - default default] Successfully bumped revision number for resource a1fb04bb-65ba-465e-9718-2e3498dba55a (type: security_group_rules) to 0
2026-04-07 01:15:38.357 10 INFO neutron.wsgi [None req-65b70fbe-521a-4bee-b9b2-eb0300c45c19 db49a0c5c8ce48748435d418c25ff211 7d0ed39a52e646cb95985ff79acf221c - - default default] 10.0.0.154 "GET /v2.0/networks/d7251479-f363-4de4-b138-b11e4b71e878/tags/red HTTP/1.1" status: 204 len: 168 time: 0.0460129
2026-04-07 01:15:38.368 9 INFO neutron.wsgi [None req-ecb53cc2-4146-42eb-8e78-a7e8a3a3ac83 dc35760bae544eddadfd48d264f8e1e4 1e312ab7abc54abea284063e58060ebd - - default default] 10.0.0.154 "GET /v2.0/security-groups?tenant_id=0dd324b22aa74ce4bf1f05869daa8346&name=default HTTP/1.1" status: 200 len: 3120 time: 0.2298198
2026-04-07 01:15:38.408 10 INFO neutron.api.v2.resource [None req-c7929cfc-fec7-4e47-a62a-48d063cdb03a db49a0c5c8ce48748435d418c25ff211 7d0ed39a52e646cb95985ff79acf221c - - default default] show failed (client error): The resource could not be found.
2026-04-07 01:15:38.409 10 INFO neutron.wsgi [None req-c7929cfc-fec7-4e47-a62a-48d063cdb03a db49a0c5c8ce48748435d418c25ff211 7d0ed39a52e646cb95985ff79acf221c - - default default] 10.0.0.154 "GET /v2.0/networks/d7251479-f363-4de4-b138-b11e4b71e878/tags/green HTTP/1.1" status: 404 len: 299 time: 0.0461855
2026-04-07 01:15:38.511 9 INFO neutron.wsgi [None req-fe473466-aa28-4afc-a005-6b2fcf888ea1 db49a0c5c8ce48748435d418c25ff211 7d0ed39a52e646cb95985ff79acf221c - - default default] 10.0.0.154 "DELETE /v2.0/networks/d7251479-f363-4de4-b138-b11e4b71e878/tags/red HTTP/1.1" status: 204 len: 168 time: 0.0941541
2026-04-07 01:15:38.564 9 INFO neutron.wsgi [None req-d5166cdb-1257-4caf-ae00-7628cc6b4021 db49a0c5c8ce48748435d418c25ff211 7d0ed39a52e646cb95985ff79acf221c - - default default] 10.0.0.154 "GET /v2.0/networks/d7251479-f363-4de4-b138-b11e4b71e878/tags HTTP/1.1" status: 200 len: 223 time: 0.0475380
2026-04-07 01:15:38.641 9 INFO neutron.api.v2.resource [None req-b83eca6a-182b-41d1-9803-a570fb7bd5bc db49a0c5c8ce48748435d418c25ff211 7d0ed39a52e646cb95985ff79acf221c - - default default] delete failed (client error): The resource could not be found.
2026-04-07 01:15:38.643 9 INFO neutron.wsgi [None req-b83eca6a-182b-41d1-9803-a570fb7bd5bc db49a0c5c8ce48748435d418c25ff211 7d0ed39a52e646cb95985ff79acf221c - - default default] 10.0.0.154 "DELETE /v2.0/networks/d7251479-f363-4de4-b138-b11e4b71e878/tags/green HTTP/1.1" status: 404 len: 299 time: 0.0709777
2026-04-07 01:15:38.712 9 INFO neutron.wsgi [None req-26308d51-e1de-4be9-aa13-e744e2d8a9db db49a0c5c8ce48748435d418c25ff211 7d0ed39a52e646cb95985ff79acf221c - - default default] 10.0.0.154 "DELETE /v2.0/networks/d7251479-f363-4de4-b138-b11e4b71e878/tags HTTP/1.1" status: 204 len: 168 time: 0.0649416
2026-04-07 01:15:38.730 9 INFO neutron.wsgi [None req-f1833235-326a-42c8-af2f-72ca530869db dc35760bae544eddadfd48d264f8e1e4 1e312ab7abc54abea284063e58060ebd - - default default] 10.0.0.154 "DELETE /v2.0/security-groups/20ebb68b-222d-4328-b5f4-24a5c2ee1959 HTTP/1.1" status: 204 len: 168 time: 0.3502414
2026-04-07 01:15:38.766 10 INFO neutron.wsgi [None req-d4b2084e-b63d-476c-b1cb-2bc95c07b9b2 db49a0c5c8ce48748435d418c25ff211 7d0ed39a52e646cb95985ff79acf221c - - default default] 10.0.0.154 "GET /v2.0/networks/d7251479-f363-4de4-b138-b11e4b71e878/tags HTTP/1.1" status: 200 len: 205 time: 0.0483415
2026-04-07 01:15:38.966 9 INFO neutron.db.ovn_revision_numbers_db [None req-df40b12c-d264-4df8-b114-baad8407d0c2 dc35760bae544eddadfd48d264f8e1e4 1e312ab7abc54abea284063e58060ebd - - default default] Successfully bumped revision number for resource 29ae0eac-534e-4794-bd4c-a61245d61861 (type: security_groups) to 1
2026-04-07 01:15:38.981 9 INFO neutron.db.ovn_revision_numbers_db [None req-df40b12c-d264-4df8-b114-baad8407d0c2 dc35760bae544eddadfd48d264f8e1e4 1e312ab7abc54abea284063e58060ebd - - default default] Successfully bumped revision number for resource 43cced10-74cb-42f4-bb12-38277540e6be (type: security_group_rules) to 0
2026-04-07 01:15:38.996 9 INFO neutron.db.ovn_revision_numbers_db [None req-df40b12c-d264-4df8-b114-baad8407d0c2 dc35760bae544eddadfd48d264f8e1e4 1e312ab7abc54abea284063e58060ebd - - default default] Successfully bumped revision number for resource 6592ccb1-dc87-4913-a74e-455fbadf8291 (type: security_group_rules) to 0
2026-04-07 01:15:39.013 9 INFO neutron.db.ovn_revision_numbers_db [None req-df40b12c-d264-4df8-b114-baad8407d0c2 dc35760bae544eddadfd48d264f8e1e4 1e312ab7abc54abea284063e58060ebd - - default default] Successfully bumped revision number for resource 7a759425-dc55-4b48-8785-69703441024a (type: security_group_rules) to 0
2026-04-07 01:15:39.029 9 INFO neutron.db.ovn_revision_numbers_db [None req-df40b12c-d264-4df8-b114-baad8407d0c2 dc35760bae544eddadfd48d264f8e1e4 1e312ab7abc54abea284063e58060ebd - - default default] Successfully bumped revision number for resource 7f27f72f-f9aa-484d-a2c8-ecd9bd4df970 (type: security_group_rules) to 0
2026-04-07 01:15:39.054 9 INFO neutron.wsgi [None req-df40b12c-d264-4df8-b114-baad8407d0c2 dc35760bae544eddadfd48d264f8e1e4 1e312ab7abc54abea284063e58060ebd - - default default] 10.0.0.154 "GET /v2.0/security-groups?tenant_id=4ee88247f6774f50a31453bd1916591e&name=default HTTP/1.1" status: 200 len: 3120 time: 0.2257788
2026-04-07 01:15:39.142 10 INFO neutron.services.segments.plugin [-] Segment ccd89ab4-88d7-48aa-8915-82f919766bd8 resource provider aggregate not found
2026-04-07 01:15:39.147 10 INFO neutron.services.segments.plugin [-] Segment ccd89ab4-88d7-48aa-8915-82f919766bd8 resource provider aggregate not found
2026-04-07 01:15:39.167 10 INFO neutron.services.segments.plugin [-] Segment ccd89ab4-88d7-48aa-8915-82f919766bd8 resource provider not found; error: Placement Client Error (4xx): {"errors": [{"status": 404, "title": "Not Found", "detail": "The resource could not be found.\n\n No resource provider with uuid ccd89ab4-88d7-48aa-8915-82f919766bd8 found for delete ", "request_id": "req-4029328f-52bb-4133-93ae-a4be3d886cd7"}]}
2026-04-07 01:15:39.188 10 INFO neutron.wsgi [None req-97910d29-275a-4a5e-8d60-5f8e7c168f0b db49a0c5c8ce48748435d418c25ff211 7d0ed39a52e646cb95985ff79acf221c - - default default] 10.0.0.154 "DELETE /v2.0/networks/d7251479-f363-4de4-b138-b11e4b71e878 HTTP/1.1" status: 204 len: 168 time: 0.4149718
2026-04-07 01:15:39.217 10 INFO neutron.services.segments.plugin [-] Segment ccd89ab4-88d7-48aa-8915-82f919766bd8 resource provider not found; error: Placement Client Error (4xx): {"errors": [{"status": 404, "title": "Not Found", "detail": "The resource could not be found.\n\n No resource provider with uuid ccd89ab4-88d7-48aa-8915-82f919766bd8 found for delete ", "request_id": "req-0521ed5b-1790-485b-9af0-701c4b9f206c"}]}
2026-04-07 01:15:39.308 9 INFO neutron.wsgi [None req-ad0b7ba2-a152-46f7-99be-e6ae96dde8ff dc35760bae544eddadfd48d264f8e1e4 1e312ab7abc54abea284063e58060ebd - - default default] 10.0.0.154 "DELETE /v2.0/security-groups/29ae0eac-534e-4794-bd4c-a61245d61861 HTTP/1.1" status: 204 len: 168 time: 0.2483194
2026-04-07 01:15:40.034 10 INFO neutron.wsgi [None req-052d13c3-5459-4296-a3d8-f0168b2a4ede dc35760bae544eddadfd48d264f8e1e4 1e312ab7abc54abea284063e58060ebd - - default default] 10.0.0.154 "GET /v2.0/security-groups?tenant_id=7d0ed39a52e646cb95985ff79acf221c&name=default HTTP/1.1" status: 200 len: 3120 time: 0.1591713
2026-04-07 01:15:40.339 10 INFO neutron.wsgi [None req-7c642947-7bab-4b75-bda9-80a29327704d dc35760bae544eddadfd48d264f8e1e4 1e312ab7abc54abea284063e58060ebd - - default default] 10.0.0.154 "DELETE /v2.0/security-groups/a416deaa-cf44-4e91-b43f-6464d9c7ab45 HTTP/1.1" status: 204 len: 168 time: 0.3015110
2026-04-07 01:15:40.692 10 INFO neutron.db.ovn_revision_numbers_db [None req-9acf90fb-1851-4bf0-82f5-84eeaf5c0780 dc35760bae544eddadfd48d264f8e1e4 1e312ab7abc54abea284063e58060ebd - - default default] Successfully bumped revision number for resource f566e7ee-de63-4451-9fd5-98d651cc87b8 (type: security_groups) to 1
2026-04-07 01:15:40.708 10 INFO neutron.db.ovn_revision_numbers_db [None req-9acf90fb-1851-4bf0-82f5-84eeaf5c0780 dc35760bae544eddadfd48d264f8e1e4 1e312ab7abc54abea284063e58060ebd - - default default] Successfully bumped revision number for resource 360772b2-dd24-4af6-87cd-57cef7444fe9 (type: security_group_rules) to 0
2026-04-07 01:15:40.725 10 INFO neutron.db.ovn_revision_numbers_db [None req-9acf90fb-1851-4bf0-82f5-84eeaf5c0780 dc35760bae544eddadfd48d264f8e1e4 1e312ab7abc54abea284063e58060ebd - - default default] Successfully bumped revision number for resource 4d6d088c-edac-4d7d-92d9-a04471680b96 (type: security_group_rules) to 0
2026-04-07 01:15:40.739 10 INFO neutron.db.ovn_revision_numbers_db [None req-9acf90fb-1851-4bf0-82f5-84eeaf5c0780 dc35760bae544eddadfd48d264f8e1e4 1e312ab7abc54abea284063e58060ebd - - default default] Successfully bumped revision number for resource 75dc80c5-42b8-4932-ac0b-ecbca652b288 (type: security_group_rules) to 0
2026-04-07 01:15:40.752 10 INFO neutron.db.ovn_revision_numbers_db [None req-9acf90fb-1851-4bf0-82f5-84eeaf5c0780 dc35760bae544eddadfd48d264f8e1e4 1e312ab7abc54abea284063e58060ebd - - default default] Successfully bumped revision number for resource f58fd175-2c4f-4d78-a120-0d52c760ba42 (type: security_group_rules) to 0
2026-04-07 01:15:40.776 10 INFO neutron.wsgi [None req-9acf90fb-1851-4bf0-82f5-84eeaf5c0780 dc35760bae544eddadfd48d264f8e1e4 1e312ab7abc54abea284063e58060ebd - - default default] 10.0.0.154 "GET /v2.0/security-groups?tenant_id=a9f4261ed8494de4a18ffa771b84501c&name=default HTTP/1.1" status: 200 len: 3120 time: 0.2509110
2026-04-07 01:15:41.043 9 INFO neutron.wsgi [None req-e63f69ba-e3e5-44d8-86c3-a06d48064e75 dc35760bae544eddadfd48d264f8e1e4 1e312ab7abc54abea284063e58060ebd - - default default] 10.0.0.154 "DELETE /v2.0/security-groups/f566e7ee-de63-4451-9fd5-98d651cc87b8 HTTP/1.1" status: 204 len: 168 time: 0.2598755
2026-04-07 01:15:43.246 9 WARNING neutron_lib.context [None req-c81b4fb3-ef4a-4fa1-ad8c-4aa297000fc3 3823a733b30f4c61a832a2b4fb8c1e99 96eb963cfbdd4b68872b4f317d19d173 - - default default] Method 'is_advsvc' is deprecated since 2023.2 release (neutron-lib 3.8.0) and will be removed once support for the old RBAC API policies will be removed from Neutron. Please use method 'is_service_role' instead.
2026-04-07 01:15:43.392 9 INFO neutron.db.ovn_revision_numbers_db [None req-c81b4fb3-ef4a-4fa1-ad8c-4aa297000fc3 3823a733b30f4c61a832a2b4fb8c1e99 96eb963cfbdd4b68872b4f317d19d173 - - default default] Successfully bumped revision number for resource 2da850f2-6313-48d9-a1fd-d0512db24371 (type: security_groups) to 1
2026-04-07 01:15:43.405 9 INFO neutron.db.ovn_revision_numbers_db [None req-c81b4fb3-ef4a-4fa1-ad8c-4aa297000fc3 3823a733b30f4c61a832a2b4fb8c1e99 96eb963cfbdd4b68872b4f317d19d173 - - default default] Successfully bumped revision number for resource 2a7a2c5c-3e6d-4892-b33c-15a29a6a8abe (type: security_group_rules) to 0
2026-04-07 01:15:43.423 9 INFO neutron.db.ovn_revision_numbers_db [None req-c81b4fb3-ef4a-4fa1-ad8c-4aa297000fc3 3823a733b30f4c61a832a2b4fb8c1e99 96eb963cfbdd4b68872b4f317d19d173 - - default default] Successfully bumped revision number for resource 51f2e55d-00ef-4e16-954e-9ff3a8f01f88 (type: security_group_rules) to 0
2026-04-07 01:15:43.438 9 INFO neutron.db.ovn_revision_numbers_db [None req-c81b4fb3-ef4a-4fa1-ad8c-4aa297000fc3 3823a733b30f4c61a832a2b4fb8c1e99 96eb963cfbdd4b68872b4f317d19d173 - - default default] Successfully bumped revision number for resource 6050539a-ebf6-4185-b007-137ec0d95cb5 (type: security_group_rules) to 0
2026-04-07 01:15:43.452 9 INFO neutron.db.ovn_revision_numbers_db [None req-c81b4fb3-ef4a-4fa1-ad8c-4aa297000fc3 3823a733b30f4c61a832a2b4fb8c1e99 96eb963cfbdd4b68872b4f317d19d173 - - default default] Successfully bumped revision number for resource 6a562d36-b42d-4676-8b6e-63a01e84f6fc (type: security_group_rules) to 0
2026-04-07 01:15:43.510 9 INFO neutron.db.segments_db [None req-c81b4fb3-ef4a-4fa1-ad8c-4aa297000fc3 3823a733b30f4c61a832a2b4fb8c1e99 96eb963cfbdd4b68872b4f317d19d173 - - default default] Added segment c0de33e0-c0f4-4dea-b52c-37d1fe493911 of type geneve for network 51cbcfec-8e76-49ef-b27a-9b258a1a3c1d
2026-04-07 01:15:43.674 9 INFO neutron.db.ovn_revision_numbers_db [None req-c81b4fb3-ef4a-4fa1-ad8c-4aa297000fc3 3823a733b30f4c61a832a2b4fb8c1e99 96eb963cfbdd4b68872b4f317d19d173 - - default default] Successfully bumped revision number for resource 51cbcfec-8e76-49ef-b27a-9b258a1a3c1d (type: networks) to 1
2026-04-07 01:15:43.859 9 WARNING neutron.scheduler.dhcp_agent_scheduler [None req-c81b4fb3-ef4a-4fa1-ad8c-4aa297000fc3 3823a733b30f4c61a832a2b4fb8c1e99 96eb963cfbdd4b68872b4f317d19d173 - - default default] No more DHCP agents
2026-04-07 01:15:43.861 9 WARNING neutron.api.rpc.agentnotifiers.dhcp_rpc_agent_api [None req-c81b4fb3-ef4a-4fa1-ad8c-4aa297000fc3 3823a733b30f4c61a832a2b4fb8c1e99 96eb963cfbdd4b68872b4f317d19d173 - - default default] Unable to schedule network 51cbcfec-8e76-49ef-b27a-9b258a1a3c1d: no agents available; will retry on subsequent port and subnet creation events.
2026-04-07 01:15:43.948 9 INFO neutron.db.ovn_revision_numbers_db [None req-c81b4fb3-ef4a-4fa1-ad8c-4aa297000fc3 3823a733b30f4c61a832a2b4fb8c1e99 96eb963cfbdd4b68872b4f317d19d173 - - default default] Successfully bumped revision number for resource c5e3f050-61c2-4427-a815-6adda03e6def (type: ports) to 1
2026-04-07 01:15:43.971 9 INFO neutron.wsgi [None req-c81b4fb3-ef4a-4fa1-ad8c-4aa297000fc3 3823a733b30f4c61a832a2b4fb8c1e99 96eb963cfbdd4b68872b4f317d19d173 - - default default] 10.0.0.154 "POST /v2.0/networks HTTP/1.1" status: 201 len: 831 time: 0.9903910
2026-04-07 01:15:43.981 9 WARNING neutron_lib.context [None req-47d9db0e-6415-4f55-be8e-6365518f615d 3823a733b30f4c61a832a2b4fb8c1e99 96eb963cfbdd4b68872b4f317d19d173 - - default default] Method 'is_advsvc' is deprecated since 2023.2 release (neutron-lib 3.8.0) and will be removed once support for the old RBAC API policies will be removed from Neutron. Please use method 'is_service_role' instead.
2026-04-07 01:15:44.231 9 WARNING neutron.scheduler.dhcp_agent_scheduler [None req-47d9db0e-6415-4f55-be8e-6365518f615d 3823a733b30f4c61a832a2b4fb8c1e99 96eb963cfbdd4b68872b4f317d19d173 - - default default] No more DHCP agents
2026-04-07 01:15:44.233 9 WARNING neutron.api.rpc.agentnotifiers.dhcp_rpc_agent_api [None req-47d9db0e-6415-4f55-be8e-6365518f615d 3823a733b30f4c61a832a2b4fb8c1e99 96eb963cfbdd4b68872b4f317d19d173 - - default default] Unable to schedule network 51cbcfec-8e76-49ef-b27a-9b258a1a3c1d: no agents available; will retry on subsequent port and subnet creation events.
2026-04-07 01:15:44.326 9 INFO neutron.db.ovn_revision_numbers_db [None req-47d9db0e-6415-4f55-be8e-6365518f615d 3823a733b30f4c61a832a2b4fb8c1e99 96eb963cfbdd4b68872b4f317d19d173 - - default default] Successfully bumped revision number for resource 06a0287c-8a86-4bc9-836e-795d03db587b (type: ports) to 1
2026-04-07 01:15:44.350 9 INFO neutron.wsgi [None req-47d9db0e-6415-4f55-be8e-6365518f615d 3823a733b30f4c61a832a2b4fb8c1e99 96eb963cfbdd4b68872b4f317d19d173 - - default default] 10.0.0.154 "POST /v2.0/ports HTTP/1.1" status: 201 len: 942 time: 0.3736598 /var/lib/openstack/lib/python3.10/site-packages/pycadf/identifier.py:71: UserWarning: Invalid uuid: neutron. To ensure interoperability, identifiers should be a valid uuid. warnings.warn(('Invalid uuid: %s. To ensure interoperability, '
2026-04-07 01:15:44.399 9 INFO neutron.wsgi [None req-2d2c9222-4d58-4e75-8c59-8c38fe08238e 3823a733b30f4c61a832a2b4fb8c1e99 96eb963cfbdd4b68872b4f317d19d173 - - default default] 10.0.0.154 "PUT /v2.0/ports/06a0287c-8a86-4bc9-836e-795d03db587b/tags HTTP/1.1" status: 200 len: 218 time: 0.0430069
2026-04-07 01:15:44.429 9 WARNING neutron_lib.context [None req-cd8abcc1-6629-4ebf-bbdf-8020ba2d5f61 56b4317c775c48b9ba5814b7e0a2fcdf a334445c55f3454baa65533668ced05c - - default default] Method 'is_advsvc' is deprecated since 2023.2 release (neutron-lib 3.8.0) and will be removed once support for the old RBAC API policies will be removed from Neutron. Please use method 'is_service_role' instead.
2026-04-07 01:15:44.447 9 INFO neutron.wsgi [None req-05b3d2aa-1cf5-4a62-a03c-fec92ac34bd2 3823a733b30f4c61a832a2b4fb8c1e99 96eb963cfbdd4b68872b4f317d19d173 - - default default] 10.0.0.154 "GET /v2.0/ports/06a0287c-8a86-4bc9-836e-795d03db587b/tags HTTP/1.1" status: 200 len: 218 time: 0.0449142
2026-04-07 01:15:44.500 10 INFO neutron.wsgi [None req-edc6e38b-2522-4feb-81ba-e388363fcefd 3823a733b30f4c61a832a2b4fb8c1e99 96eb963cfbdd4b68872b4f317d19d173 - - default default] 10.0.0.154 "PUT /v2.0/ports/06a0287c-8a86-4bc9-836e-795d03db587b/tags/green HTTP/1.1" status: 201 len: 201 time: 0.0477550
2026-04-07 01:15:44.542 10 INFO neutron.wsgi [None req-83d38080-9f0e-47ac-bac1-bd123d7ac88c 3823a733b30f4c61a832a2b4fb8c1e99 96eb963cfbdd4b68872b4f317d19d173 - - default default] 10.0.0.154 "GET /v2.0/ports/06a0287c-8a86-4bc9-836e-795d03db587b/tags HTTP/1.1" status: 200 len: 227 time: 0.0373271
2026-04-07 01:15:44.556 9 WARNING neutron_lib.context [None req-3df79dc0-1bad-4863-9a91-f9e89ef04b56 3bb58996b26244de84521ed1414ff5f0 dd88c0448a43495aaf7fd8d4ee9e01df - - default default] Method 'is_advsvc' is deprecated since 2023.2 release (neutron-lib 3.8.0) and will be removed once support for the old RBAC API policies will be removed from Neutron. Please use method 'is_service_role' instead.
