2026-04-07 01:13:17.600 9 INFO neutron.wsgi [None req-8ddc19da-a765-4a7a-8eb9-1236f0af463f daa516f394d24a759331b9959f2efb45 dfc25c7012344b62ba9e285f854c66e6 - - default default] 10.0.0.154 "DELETE /v2.0/routers/ed7d203c-efff-4a26-9214-500f7d2420b1 HTTP/1.1" status: 204 len: 168 time: 0.4435773
2026-04-07 01:13:17.622 10 INFO neutron.db.ovn_revision_numbers_db [None req-52b481b6-0833-46fb-b380-f52626ad8ae9 dc35760bae544eddadfd48d264f8e1e4 1e312ab7abc54abea284063e58060ebd - - default default] Successfully bumped revision number for resource f60895b4-531b-4362-97cf-22afc095f565 (type: security_group_rules) to 0
2026-04-07 01:13:17.636 10 INFO neutron.db.ovn_revision_numbers_db [None req-52b481b6-0833-46fb-b380-f52626ad8ae9 dc35760bae544eddadfd48d264f8e1e4 1e312ab7abc54abea284063e58060ebd - - default default] Successfully bumped revision number for resource f9379408-40a0-4ef8-bfb7-2b4214794a7a (type: security_group_rules) to 0
2026-04-07 01:13:17.670 10 INFO neutron.wsgi [None req-52b481b6-0833-46fb-b380-f52626ad8ae9 dc35760bae544eddadfd48d264f8e1e4 1e312ab7abc54abea284063e58060ebd - - default default] 10.0.0.154 "GET /v2.0/security-groups?tenant_id=054ac673d93149028e0d3ebe50210745&name=default HTTP/1.1" status: 200 len: 3120 time: 0.3579431
2026-04-07 01:13:17.867 9 INFO neutron.wsgi [None req-3994dad4-b744-46c2-8105-55ec6819b12b daa516f394d24a759331b9959f2efb45 dfc25c7012344b62ba9e285f854c66e6 - - default default] 10.0.0.154 "DELETE /v2.0/subnets/80951002-2fff-4623-8fd3-92dc34268459 HTTP/1.1" status: 204 len: 168 time: 0.2608519
2026-04-07 01:13:17.954 9 INFO neutron.wsgi [None req-e702c62b-3f38-4fef-ba2e-9afccafa1276 dc35760bae544eddadfd48d264f8e1e4 1e312ab7abc54abea284063e58060ebd - - default default] 10.0.0.154 "DELETE /v2.0/security-groups/9c1bdd0f-c8a6-4c23-9d39-a688e65bc64d HTTP/1.1" status: 204 len: 168 time: 0.2771266
2026-04-07 01:13:18.242 10 INFO neutron.services.segments.plugin [-] Segment 4adeb077-0bce-4cc3-8718-86a893d158ac resource provider aggregate not found
2026-04-07 01:13:18.249 10 INFO neutron.services.segments.plugin [-] Segment 4adeb077-0bce-4cc3-8718-86a893d158ac resource provider aggregate not found
2026-04-07 01:13:18.258 10 INFO neutron.services.segments.plugin [-] Segment 4adeb077-0bce-4cc3-8718-86a893d158ac resource provider not found; error: Placement Client Error (4xx): {"errors": [{"status": 404, "title": "Not Found", "detail": "The resource could not be found.\n\n No resource provider with uuid 4adeb077-0bce-4cc3-8718-86a893d158ac found for delete ", "request_id": "req-44c4c29a-a1eb-48f8-8f25-b8cf61e5f1f5"}]}
2026-04-07 01:13:18.273 10 INFO neutron.wsgi [None req-a3481968-a7bc-423e-9909-98cce3040b37 daa516f394d24a759331b9959f2efb45 dfc25c7012344b62ba9e285f854c66e6 - - default default] 10.0.0.154 "DELETE /v2.0/networks/04731502-264d-4906-84f6-61d4017a16b7 HTTP/1.1" status: 204 len: 168 time: 0.4007008
2026-04-07 01:13:18.280 10 INFO neutron.services.segments.plugin [-] Segment 4adeb077-0bce-4cc3-8718-86a893d158ac resource provider not found; error: Placement Client Error (4xx): {"errors": [{"status": 404, "title": "Not Found", "detail": "The resource could not be found.\n\n No resource provider with uuid 4adeb077-0bce-4cc3-8718-86a893d158ac found for delete ", "request_id": "req-1a42c54b-48ad-4be6-b5ce-438d8b8dbe09"}]}
2026-04-07 01:13:18.288 9 WARNING neutron_lib.context [None req-dc1d927c-b3fb-46b9-ac71-38d1698113c1 daa516f394d24a759331b9959f2efb45 dfc25c7012344b62ba9e285f854c66e6 - - default default] Method 'is_advsvc' is deprecated since 2023.2 release (neutron-lib 3.8.0) and will be removed once support for the old RBAC API policies will be removed from Neutron. Please use method 'is_service_role' instead.
2026-04-07 01:13:18.786 9 WARNING neutron.scheduler.dhcp_agent_scheduler [None req-dc1d927c-b3fb-46b9-ac71-38d1698113c1 daa516f394d24a759331b9959f2efb45 dfc25c7012344b62ba9e285f854c66e6 - - default default] No more DHCP agents
2026-04-07 01:13:18.789 9 WARNING neutron.api.rpc.agentnotifiers.dhcp_rpc_agent_api [None req-dc1d927c-b3fb-46b9-ac71-38d1698113c1 daa516f394d24a759331b9959f2efb45 dfc25c7012344b62ba9e285f854c66e6 - - default default] Unable to schedule network 543c9a89-0820-4f46-bd87-04b90bfd4ca5: no agents available; will retry on subsequent port and subnet creation events.
2026-04-07 01:13:18.981 9 INFO neutron.db.ovn_revision_numbers_db [None req-dc1d927c-b3fb-46b9-ac71-38d1698113c1 daa516f394d24a759331b9959f2efb45 dfc25c7012344b62ba9e285f854c66e6 - - default default] Successfully bumped revision number for resource 65618a43-c5b0-44b0-9643-2d7aacf0dd8b (type: ports) to 1
2026-04-07 01:13:19.144 10 WARNING neutron_lib.context [None req-5c795c10-f601-4601-8bf7-a3b6cef75102 aaa2345a8428454ea78760fd7f0b084b 7ad6fc9df4d74814bf7cd35257aea725 - - default default] Method 'is_advsvc' is deprecated since 2023.2 release (neutron-lib 3.8.0) and will be removed once support for the old RBAC API policies will be removed from Neutron. Please use method 'is_service_role' instead.
2026-04-07 01:13:19.278 10 INFO neutron.db.ovn_revision_numbers_db [None req-5c795c10-f601-4601-8bf7-a3b6cef75102 aaa2345a8428454ea78760fd7f0b084b 7ad6fc9df4d74814bf7cd35257aea725 - - default default] Successfully bumped revision number for resource d1f7f8ea-5d08-44f4-b15a-149bd72f66cb (type: security_groups) to 1
2026-04-07 01:13:19.294 10 INFO neutron.db.ovn_revision_numbers_db [None req-5c795c10-f601-4601-8bf7-a3b6cef75102 aaa2345a8428454ea78760fd7f0b084b 7ad6fc9df4d74814bf7cd35257aea725 - - default default] Successfully bumped revision number for resource 07efd070-3fd0-4f87-8c07-75928797b106 (type: security_group_rules) to 0
2026-04-07 01:13:19.311 10 INFO neutron.db.ovn_revision_numbers_db [None req-5c795c10-f601-4601-8bf7-a3b6cef75102 aaa2345a8428454ea78760fd7f0b084b 7ad6fc9df4d74814bf7cd35257aea725 - - default default] Successfully bumped revision number for resource 9543b4ec-43be-4590-80ab-dd2e2d8cd7ce (type: security_group_rules) to 0
2026-04-07 01:13:19.324 10 INFO neutron.db.ovn_revision_numbers_db [None req-5c795c10-f601-4601-8bf7-a3b6cef75102 aaa2345a8428454ea78760fd7f0b084b 7ad6fc9df4d74814bf7cd35257aea725 - - default default] Successfully bumped revision number for resource 972794a1-7fec-485a-977c-c04c5b2f0308 (type: security_group_rules) to 0
2026-04-07 01:13:19.349 10 INFO neutron.db.ovn_revision_numbers_db [None req-5c795c10-f601-4601-8bf7-a3b6cef75102 aaa2345a8428454ea78760fd7f0b084b 7ad6fc9df4d74814bf7cd35257aea725 - - default default] Successfully bumped revision number for resource bad318e6-7710-4356-b8a5-7d714a413f37 (type: security_group_rules) to 0
2026-04-07 01:13:19.409 10 INFO neutron.db.segments_db [None req-5c795c10-f601-4601-8bf7-a3b6cef75102 aaa2345a8428454ea78760fd7f0b084b 7ad6fc9df4d74814bf7cd35257aea725 - - default default] Added segment 20a73c31-b667-4412-b0e2-acc68b210f15 of type geneve for network 098bafdc-41f0-4249-bc29-2e8e76c85a0f
2026-04-07 01:13:19.564 10 INFO neutron.db.ovn_revision_numbers_db [None req-5c795c10-f601-4601-8bf7-a3b6cef75102 aaa2345a8428454ea78760fd7f0b084b 7ad6fc9df4d74814bf7cd35257aea725 - - default default] Successfully bumped revision number for resource 098bafdc-41f0-4249-bc29-2e8e76c85a0f (type: networks) to 1
2026-04-07 01:13:19.731 9 INFO neutron.plugins.ml2.drivers.ovn.mech_driver.ovsdb.commands [None req-56d5f84b-fdd8-41be-9707-94b6fd01423b - - - - - -] Schedule LRP lrp-65618a43-c5b0-44b0-9643-2d7aacf0dd8b on gateway ff0c512b-8400-4dc3-a36c-93156c090eba with priority 1
2026-04-07 01:13:19.756 9 INFO neutron.plugins.ml2.drivers.ovn.mech_driver.mech_driver [None req-f9543b37-866a-4dad-8baa-eb3fbf3e386f - - - - - -] OVN reports status up for port: 65618a43-c5b0-44b0-9643-2d7aacf0dd8b
2026-04-07 01:13:19.765 9 INFO neutron.plugins.ml2.plugin [None req-f9543b37-866a-4dad-8baa-eb3fbf3e386f - - - - - -] Attempt 1 to provision port 65618a43-c5b0-44b0-9643-2d7aacf0dd8b
2026-04-07 01:13:19.788 9 INFO neutron.db.ovn_revision_numbers_db [None req-dc1d927c-b3fb-46b9-ac71-38d1698113c1 daa516f394d24a759331b9959f2efb45 dfc25c7012344b62ba9e285f854c66e6 - - default default] Successfully bumped revision number for resource 65618a43-c5b0-44b0-9643-2d7aacf0dd8b (type: router_ports) to 1
2026-04-07 01:13:19.808 10 WARNING neutron.scheduler.dhcp_agent_scheduler [None req-5c795c10-f601-4601-8bf7-a3b6cef75102 aaa2345a8428454ea78760fd7f0b084b 7ad6fc9df4d74814bf7cd35257aea725 - - default default] No more DHCP agents
2026-04-07 01:13:19.815 10 WARNING neutron.api.rpc.agentnotifiers.dhcp_rpc_agent_api [None req-5c795c10-f601-4601-8bf7-a3b6cef75102 aaa2345a8428454ea78760fd7f0b084b 7ad6fc9df4d74814bf7cd35257aea725 - - default default] Unable to schedule network 098bafdc-41f0-4249-bc29-2e8e76c85a0f: no agents available; will retry on subsequent port and subnet creation events.
2026-04-07 01:13:19.846 10 INFO neutron.db.ovn_revision_numbers_db [None req-71800666-ef11-42cc-b503-a00607420f9a dc35760bae544eddadfd48d264f8e1e4 1e312ab7abc54abea284063e58060ebd - - default default] Successfully bumped revision number for resource 40542848-b289-4aaa-aa7f-cfa34a1a7c70 (type: security_groups) to 1
2026-04-07 01:13:19.876 10 INFO neutron.db.ovn_revision_numbers_db [None req-71800666-ef11-42cc-b503-a00607420f9a dc35760bae544eddadfd48d264f8e1e4 1e312ab7abc54abea284063e58060ebd - - default default] Successfully bumped revision number for resource 297b9bc9-fd50-490b-9a12-92ccf52a3e87 (type: security_group_rules) to 0
2026-04-07 01:13:19.880 9 INFO neutron.db.ovn_revision_numbers_db [None req-dc1d927c-b3fb-46b9-ac71-38d1698113c1 daa516f394d24a759331b9959f2efb45 dfc25c7012344b62ba9e285f854c66e6 - - default default] Successfully bumped revision number for resource 2b6bd973-21fb-40d1-b238-fa5e83df57ec (type: routers) to 2
2026-04-07 01:13:19.904 9 INFO neutron.wsgi [None req-dc1d927c-b3fb-46b9-ac71-38d1698113c1 daa516f394d24a759331b9959f2efb45 dfc25c7012344b62ba9e285f854c66e6 - - default default] 10.0.0.154 "POST /v2.0/routers HTTP/1.1" status: 201 len: 1147 time: 1.6230388
2026-04-07 01:13:19.915 10 INFO neutron.db.ovn_revision_numbers_db [None req-71800666-ef11-42cc-b503-a00607420f9a dc35760bae544eddadfd48d264f8e1e4 1e312ab7abc54abea284063e58060ebd - - default default] Successfully bumped revision number for resource 60a1a098-14dc-4166-ace2-b728730e1a12 (type: security_group_rules) to 0
2026-04-07 01:13:19.934 10 INFO neutron.db.ovn_revision_numbers_db [None req-71800666-ef11-42cc-b503-a00607420f9a dc35760bae544eddadfd48d264f8e1e4 1e312ab7abc54abea284063e58060ebd - - default default] Successfully bumped revision number for resource cca96068-4801-483d-9e08-4cf8732a5f78 (type: security_group_rules) to 0
2026-04-07 01:13:19.936 10 INFO neutron.db.ovn_revision_numbers_db [None req-5c795c10-f601-4601-8bf7-a3b6cef75102 aaa2345a8428454ea78760fd7f0b084b 7ad6fc9df4d74814bf7cd35257aea725 - - default default] Successfully bumped revision number for resource 8ab1d7e9-55ed-401b-bbc2-bc2cfe47af04 (type: ports) to 1
2026-04-07 01:13:19.958 10 WARNING neutron_lib.context [None req-511eb017-82b5-4905-ab5b-7b605ba1b165 223d9153756341b388db7d026745986b c2780987c7d64480a0a446866f32f019 - - default default] Method 'is_advsvc' is deprecated since 2023.2 release (neutron-lib 3.8.0) and will be removed once support for the old RBAC API policies will be removed from Neutron. Please use method 'is_service_role' instead.
2026-04-07 01:13:19.962 10 INFO neutron.db.ovn_revision_numbers_db [None req-71800666-ef11-42cc-b503-a00607420f9a dc35760bae544eddadfd48d264f8e1e4 1e312ab7abc54abea284063e58060ebd - - default default] Successfully bumped revision number for resource fcea0df0-3ed5-4963-b951-5ec0c7ea9a8e (type: security_group_rules) to 0
2026-04-07 01:13:19.982 10 INFO neutron.wsgi [None req-5c795c10-f601-4601-8bf7-a3b6cef75102 aaa2345a8428454ea78760fd7f0b084b 7ad6fc9df4d74814bf7cd35257aea725 - - default default] 10.0.0.154 "POST /v2.0/networks HTTP/1.1" status: 201 len: 842 time: 1.1326394
2026-04-07 01:13:19.992 9 WARNING neutron_lib.context [None req-8190beed-56fa-41f8-a892-5b7e1dcea64e aaa2345a8428454ea78760fd7f0b084b 7ad6fc9df4d74814bf7cd35257aea725 - - default default] Method 'is_advsvc' is deprecated since 2023.2 release (neutron-lib 3.8.0) and will be removed once support for the old RBAC API policies will be removed from Neutron. Please use method 'is_service_role' instead.
2026-04-07 01:13:19.995 10 INFO neutron.wsgi [None req-71800666-ef11-42cc-b503-a00607420f9a dc35760bae544eddadfd48d264f8e1e4 1e312ab7abc54abea284063e58060ebd - - default default] 10.0.0.154 "GET /v2.0/security-groups?tenant_id=95ee3f9f56e848ccb4964f7fe62776d9&name=default HTTP/1.1" status: 200 len: 3120 time: 0.5986028
2026-04-07 01:13:19.996 9 INFO neutron.wsgi [None req-d0a46682-1bfc-4d25-9a69-3649cb989d2c daa516f394d24a759331b9959f2efb45 dfc25c7012344b62ba9e285f854c66e6 - - default default] 10.0.0.154 "GET /v2.0/routers/2b6bd973-21fb-40d1-b238-fa5e83df57ec HTTP/1.1" status: 200 len: 1148 time: 0.0864432
2026-04-07 01:13:20.138 10 INFO neutron.db.ovn_revision_numbers_db [None req-511eb017-82b5-4905-ab5b-7b605ba1b165 223d9153756341b388db7d026745986b c2780987c7d64480a0a446866f32f019 - - default default] Successfully bumped revision number for resource 4645b9b6-488a-447c-9dd1-4eb49a5d6d05 (type: security_groups) to 1
2026-04-07 01:13:20.153 10 INFO neutron.db.ovn_revision_numbers_db [None req-511eb017-82b5-4905-ab5b-7b605ba1b165 223d9153756341b388db7d026745986b c2780987c7d64480a0a446866f32f019 - - default default] Successfully bumped revision number for resource 35cd4351-0b37-452c-bbdb-6a6343199d29 (type: security_group_rules) to 0
2026-04-07 01:13:20.165 10 INFO neutron.db.ovn_revision_numbers_db [None req-511eb017-82b5-4905-ab5b-7b605ba1b165 223d9153756341b388db7d026745986b c2780987c7d64480a0a446866f32f019 - - default default] Successfully bumped revision number for resource 54056c75-26fa-4230-9f00-8e09b03cfaf6 (type: security_group_rules) to 0
2026-04-07 01:13:20.180 10 INFO neutron.db.ovn_revision_numbers_db [None req-511eb017-82b5-4905-ab5b-7b605ba1b165 223d9153756341b388db7d026745986b c2780987c7d64480a0a446866f32f019 - - default default] Successfully bumped revision number for resource 6fc1892c-33b8-46f1-9df2-79c811b3704a (type: security_group_rules) to 0
2026-04-07 01:13:20.197 10 INFO neutron.db.ovn_revision_numbers_db [None req-511eb017-82b5-4905-ab5b-7b605ba1b165 223d9153756341b388db7d026745986b c2780987c7d64480a0a446866f32f019 - - default default] Successfully bumped revision number for resource ebe413c8-73d2-441a-930f-9f3782203ce0 (type: security_group_rules) to 0
2026-04-07 01:13:20.252 10 INFO neutron.db.segments_db [None req-511eb017-82b5-4905-ab5b-7b605ba1b165 223d9153756341b388db7d026745986b c2780987c7d64480a0a446866f32f019 - - default default] Added segment ebe555b5-a49b-4b77-be2c-7bd0d1adacfd of type geneve for network ec226007-234b-4efa-9a1c-0eb4faf3fb3e
2026-04-07 01:13:20.369 9 INFO neutron.wsgi [None req-de564c6f-6a45-4d08-b06b-672ccdc31e4d daa516f394d24a759331b9959f2efb45 dfc25c7012344b62ba9e285f854c66e6 - - default default] 10.0.0.154 "GET /v2.0/routers HTTP/1.1" status: 200 len: 1151 time: 0.3664496
2026-04-07 01:13:20.457 10 INFO neutron.db.ovn_revision_numbers_db [None req-511eb017-82b5-4905-ab5b-7b605ba1b165 223d9153756341b388db7d026745986b c2780987c7d64480a0a446866f32f019 - - default default] Successfully bumped revision number for resource ec226007-234b-4efa-9a1c-0eb4faf3fb3e (type: networks) to 1
2026-04-07 01:13:20.578 9 WARNING neutron.scheduler.dhcp_agent_scheduler [None req-8190beed-56fa-41f8-a892-5b7e1dcea64e aaa2345a8428454ea78760fd7f0b084b 7ad6fc9df4d74814bf7cd35257aea725 - - default default] No more DHCP agents
2026-04-07 01:13:20.585 9 WARNING neutron.api.rpc.agentnotifiers.dhcp_rpc_agent_api [None req-8190beed-56fa-41f8-a892-5b7e1dcea64e aaa2345a8428454ea78760fd7f0b084b 7ad6fc9df4d74814bf7cd35257aea725 - - default default] Unable to schedule network 098bafdc-41f0-4249-bc29-2e8e76c85a0f: no agents available; will retry on subsequent port and subnet creation events.
2026-04-07 01:13:20.636 9 INFO neutron.wsgi [None req-b2b8549b-cd33-4dc8-8a0c-6af349b93093 dc35760bae544eddadfd48d264f8e1e4 1e312ab7abc54abea284063e58060ebd - - default default] 10.0.0.154 "DELETE /v2.0/security-groups/40542848-b289-4aaa-aa7f-cfa34a1a7c70 HTTP/1.1" status: 204 len: 168 time: 0.6340930
2026-04-07 01:13:20.686 9 INFO neutron.db.ovn_revision_numbers_db [None req-8190beed-56fa-41f8-a892-5b7e1dcea64e aaa2345a8428454ea78760fd7f0b084b 7ad6fc9df4d74814bf7cd35257aea725 - - default default] Successfully bumped revision number for resource 75cc33e9-2140-4d11-9a87-6eb44db2bb0a (type: ports) to 1
2026-04-07 01:13:20.712 9 INFO neutron.wsgi [None req-8190beed-56fa-41f8-a892-5b7e1dcea64e aaa2345a8428454ea78760fd7f0b084b 7ad6fc9df4d74814bf7cd35257aea725 - - default default] 10.0.0.154 "POST /v2.0/ports HTTP/1.1" status: 201 len: 974 time: 0.7250085
2026-04-07 01:13:20.713 10 WARNING neutron.scheduler.dhcp_agent_scheduler [None req-511eb017-82b5-4905-ab5b-7b605ba1b165 223d9153756341b388db7d026745986b c2780987c7d64480a0a446866f32f019 - - default default] No more DHCP agents
2026-04-07 01:13:20.716 10 WARNING neutron.api.rpc.agentnotifiers.dhcp_rpc_agent_api [None req-511eb017-82b5-4905-ab5b-7b605ba1b165 223d9153756341b388db7d026745986b c2780987c7d64480a0a446866f32f019 - - default default] Unable to schedule network ec226007-234b-4efa-9a1c-0eb4faf3fb3e: no agents available; will retry on subsequent port and subnet creation events. /var/lib/openstack/lib/python3.10/site-packages/pycadf/identifier.py:71: UserWarning: Invalid uuid: neutron. To ensure interoperability, identifiers should be a valid uuid. warnings.warn(('Invalid uuid: %s. To ensure interoperability, '
2026-04-07 01:13:20.725 9 WARNING neutron_lib.context [None req-0bec1923-56f1-4e4d-a232-1c7b1d96e81d aaa2345a8428454ea78760fd7f0b084b 7ad6fc9df4d74814bf7cd35257aea725 - - default default] Method 'is_advsvc' is deprecated since 2023.2 release (neutron-lib 3.8.0) and will be removed once support for the old RBAC API policies will be removed from Neutron. Please use method 'is_service_role' instead.
2026-04-07 01:13:20.816 9 INFO neutron.db.segments_db [None req-0bec1923-56f1-4e4d-a232-1c7b1d96e81d aaa2345a8428454ea78760fd7f0b084b 7ad6fc9df4d74814bf7cd35257aea725 - - default default] Added segment 942b8287-4d34-44e1-90eb-32cc3a64ef5c of type geneve for network d0150352-47da-45d8-a5fd-2aa5e41e2282
2026-04-07 01:13:20.827 10 INFO neutron.db.ovn_revision_numbers_db [None req-511eb017-82b5-4905-ab5b-7b605ba1b165 223d9153756341b388db7d026745986b c2780987c7d64480a0a446866f32f019 - - default default] Successfully bumped revision number for resource 28240803-041d-42fd-8260-e140c3d2704a (type: ports) to 1
2026-04-07 01:13:20.860 10 INFO neutron.wsgi [None req-511eb017-82b5-4905-ab5b-7b605ba1b165 223d9153756341b388db7d026745986b c2780987c7d64480a0a446866f32f019 - - default default] 10.0.0.154 "POST /v2.0/networks HTTP/1.1" status: 201 len: 845 time: 1.0216870
2026-04-07 01:13:20.952 9 INFO neutron.db.ovn_revision_numbers_db [None req-0bec1923-56f1-4e4d-a232-1c7b1d96e81d aaa2345a8428454ea78760fd7f0b084b 7ad6fc9df4d74814bf7cd35257aea725 - - default default] Successfully bumped revision number for resource d0150352-47da-45d8-a5fd-2aa5e41e2282 (type: networks) to 1
2026-04-07 01:13:20.982 10 INFO neutron.db.ovn_revision_numbers_db [None req-33b996d9-48b9-4b3a-a18a-afa5bda3930e daa516f394d24a759331b9959f2efb45 dfc25c7012344b62ba9e285f854c66e6 - - default default] Successfully bumped revision number for resource 2b6bd973-21fb-40d1-b238-fa5e83df57ec (type: routers) to 3
2026-04-07 01:13:20.992 10 INFO neutron.wsgi [None req-33b996d9-48b9-4b3a-a18a-afa5bda3930e daa516f394d24a759331b9959f2efb45 dfc25c7012344b62ba9e285f854c66e6 - - default default] 10.0.0.154 "PUT /v2.0/routers/2b6bd973-21fb-40d1-b238-fa5e83df57ec HTTP/1.1" status: 200 len: 1155 time: 0.6129234
2026-04-07 01:13:21.080 10 INFO neutron.wsgi [None req-50ec2093-9d62-4215-a322-bd84ec0b2f06 daa516f394d24a759331b9959f2efb45 dfc25c7012344b62ba9e285f854c66e6 - - default default] 10.0.0.154 "GET /v2.0/routers/2b6bd973-21fb-40d1-b238-fa5e83df57ec HTTP/1.1" status: 200 len: 1155 time: 0.0839663
2026-04-07 01:13:21.108 10 INFO neutron.wsgi [None req-64cc7ba5-fe75-46fb-b530-490268867990 daa516f394d24a759331b9959f2efb45 dfc25c7012344b62ba9e285f854c66e6 - - default default] 10.0.0.154 "GET /v2.0/ports?device_id=2b6bd973-21fb-40d1-b238-fa5e83df57ec HTTP/1.1" status: 200 len: 205 time: 0.0211537
2026-04-07 01:13:21.128 9 WARNING neutron.scheduler.dhcp_agent_scheduler [None req-0bec1923-56f1-4e4d-a232-1c7b1d96e81d aaa2345a8428454ea78760fd7f0b084b 7ad6fc9df4d74814bf7cd35257aea725 - - default default] No more DHCP agents
2026-04-07 01:13:21.131 9 WARNING neutron.api.rpc.agentnotifiers.dhcp_rpc_agent_api [None req-0bec1923-56f1-4e4d-a232-1c7b1d96e81d aaa2345a8428454ea78760fd7f0b084b 7ad6fc9df4d74814bf7cd35257aea725 - - default default] Unable to schedule network d0150352-47da-45d8-a5fd-2aa5e41e2282: no agents available; will retry on subsequent port and subnet creation events.
2026-04-07 01:13:21.214 9 INFO neutron.db.ovn_revision_numbers_db [None req-0bec1923-56f1-4e4d-a232-1c7b1d96e81d aaa2345a8428454ea78760fd7f0b084b 7ad6fc9df4d74814bf7cd35257aea725 - - default default] Successfully bumped revision number for resource 23c44f71-a006-4d24-88da-517d12bbdf38 (type: ports) to 1
2026-04-07 01:13:21.234 9 INFO neutron.wsgi [None req-0bec1923-56f1-4e4d-a232-1c7b1d96e81d aaa2345a8428454ea78760fd7f0b084b 7ad6fc9df4d74814bf7cd35257aea725 - - default default] 10.0.0.154 "POST /v2.0/networks HTTP/1.1" status: 201 len: 830 time: 0.5139160
2026-04-07 01:13:21.244 9 WARNING neutron_lib.context [None req-2ae5e273-e367-4135-9858-96aa209c1f0e aaa2345a8428454ea78760fd7f0b084b 7ad6fc9df4d74814bf7cd35257aea725 - - default default] Method 'is_advsvc' is deprecated since 2023.2 release (neutron-lib 3.8.0) and will be removed once support for the old RBAC API policies will be removed from Neutron. Please use method 'is_service_role' instead.
2026-04-07 01:13:21.354 10 WARNING neutron_lib.context [None req-bc9cd8d9-1dc0-4cb1-99d9-29c99023f8fe 223d9153756341b388db7d026745986b c2780987c7d64480a0a446866f32f019 - - default default] Method 'is_advsvc' is deprecated since 2023.2 release (neutron-lib 3.8.0) and will be removed once support for the old RBAC API policies will be removed from Neutron. Please use method 'is_service_role' instead.
2026-04-07 01:13:21.473 9 WARNING neutron.scheduler.dhcp_agent_scheduler [None req-2ae5e273-e367-4135-9858-96aa209c1f0e aaa2345a8428454ea78760fd7f0b084b 7ad6fc9df4d74814bf7cd35257aea725 - - default default] No more DHCP agents
2026-04-07 01:13:21.476 9 WARNING neutron.api.rpc.agentnotifiers.dhcp_rpc_agent_api [None req-2ae5e273-e367-4135-9858-96aa209c1f0e aaa2345a8428454ea78760fd7f0b084b 7ad6fc9df4d74814bf7cd35257aea725 - - default default] Unable to schedule network d0150352-47da-45d8-a5fd-2aa5e41e2282: no agents available; will retry on subsequent port and subnet creation events.
2026-04-07 01:13:21.604 10 WARNING neutron.plugins.ml2.drivers.ovn.mech_driver.ovsdb.ovn_client [None req-7f8db63c-a6c3-4e2c-bd8a-ef44ef7ee712 - - - - - -] No port found with ID 14a3f499-454e-4b09-a8a7-bc904b4f3eb5: RuntimeError: No port found with ID 14a3f499-454e-4b09-a8a7-bc904b4f3eb5
2026-04-07 01:13:21.865 10 WARNING neutron.scheduler.dhcp_agent_scheduler [None req-bc9cd8d9-1dc0-4cb1-99d9-29c99023f8fe 223d9153756341b388db7d026745986b c2780987c7d64480a0a446866f32f019 - - default default] No more DHCP agents
2026-04-07 01:13:21.879 10 WARNING neutron.api.rpc.agentnotifiers.dhcp_rpc_agent_api [None req-bc9cd8d9-1dc0-4cb1-99d9-29c99023f8fe 223d9153756341b388db7d026745986b c2780987c7d64480a0a446866f32f019 - - default default] Unable to schedule network ec226007-234b-4efa-9a1c-0eb4faf3fb3e: no agents available; will retry on subsequent port and subnet creation events.
2026-04-07 01:13:21.920 10 INFO neutron.db.ovn_revision_numbers_db [None req-bc9cd8d9-1dc0-4cb1-99d9-29c99023f8fe 223d9153756341b388db7d026745986b c2780987c7d64480a0a446866f32f019 - - default default] Successfully bumped revision number for resource c46d32fd-8234-4e98-a474-ed9e8eee651c (type: subnets) to 0
2026-04-07 01:13:21.937 10 INFO neutron.wsgi [None req-bc9cd8d9-1dc0-4cb1-99d9-29c99023f8fe 223d9153756341b388db7d026745986b c2780987c7d64480a0a446866f32f019 - - default default] 10.0.0.154 "POST /v2.0/subnets HTTP/1.1" status: 201 len: 848 time: 0.5881069
2026-04-07 01:13:21.949 9 WARNING neutron_lib.context [None req-aa75a2a2-ebed-4780-a32b-b166531db435 223d9153756341b388db7d026745986b c2780987c7d64480a0a446866f32f019 - - default default] Method 'is_advsvc' is deprecated since 2023.2 release (neutron-lib 3.8.0) and will be removed once support for the old RBAC API policies will be removed from Neutron. Please use method 'is_service_role' instead.
2026-04-07 01:13:21.952 9 INFO neutron.db.ovn_revision_numbers_db [None req-2ae5e273-e367-4135-9858-96aa209c1f0e aaa2345a8428454ea78760fd7f0b084b 7ad6fc9df4d74814bf7cd35257aea725 - - default default] Successfully bumped revision number for resource 23c44f71-a006-4d24-88da-517d12bbdf38 (type: ports) to 2
2026-04-07 01:13:21.992 9 INFO neutron.db.ovn_revision_numbers_db [None req-2ae5e273-e367-4135-9858-96aa209c1f0e aaa2345a8428454ea78760fd7f0b084b 7ad6fc9df4d74814bf7cd35257aea725 - - default default] Successfully bumped revision number for resource cb30715c-dbc9-448a-b89c-d96c13e29ace (type: subnets) to 0
2026-04-07 01:13:22.014 9 INFO neutron.wsgi [None req-2ae5e273-e367-4135-9858-96aa209c1f0e aaa2345a8428454ea78760fd7f0b084b 7ad6fc9df4d74814bf7cd35257aea725 - - default default] 10.0.0.154 "POST /v2.0/subnets HTTP/1.1" status: 201 len: 801 time: 0.7748804
2026-04-07 01:13:22.024 9 WARNING neutron_lib.context [None req-9d218f82-4546-49b3-bf39-0936edd24fc2 aaa2345a8428454ea78760fd7f0b084b 7ad6fc9df4d74814bf7cd35257aea725 - - default default] Method 'is_advsvc' is deprecated since 2023.2 release (neutron-lib 3.8.0) and will be removed once support for the old RBAC API policies will be removed from Neutron. Please use method 'is_service_role' instead.
2026-04-07 01:13:22.052 9 INFO neutron.db.segments_db [None req-aa75a2a2-ebed-4780-a32b-b166531db435 223d9153756341b388db7d026745986b c2780987c7d64480a0a446866f32f019 - - default default] Added segment 5988c4c2-cad4-4efc-b08d-7351440b7c02 of type geneve for network 829d5f72-bbdf-4596-b027-ccf6bb34c22a
2026-04-07 01:13:22.241 9 INFO neutron.db.ovn_revision_numbers_db [None req-aa75a2a2-ebed-4780-a32b-b166531db435 223d9153756341b388db7d026745986b c2780987c7d64480a0a446866f32f019 - - default default] Successfully bumped revision number for resource 829d5f72-bbdf-4596-b027-ccf6bb34c22a (type: networks) to 1
2026-04-07 01:13:22.266 10 INFO neutron.wsgi [None req-d7dbff9d-5740-437a-b21d-b30653667d6e daa516f394d24a759331b9959f2efb45 dfc25c7012344b62ba9e285f854c66e6 - - default default] 10.0.0.154 "DELETE /v2.0/routers/2b6bd973-21fb-40d1-b238-fa5e83df57ec HTTP/1.1" status: 204 len: 168 time: 1.1531959
2026-04-07 01:13:22.295 10 INFO neutron.wsgi [None req-079056f3-7783-4d62-ae44-2f6676b1a77c daa516f394d24a759331b9959f2efb45 dfc25c7012344b62ba9e285f854c66e6 - - default default] 10.0.0.154 "GET /v2.0/ports?device_id=2b6bd973-21fb-40d1-b238-fa5e83df57ec HTTP/1.1" status: 200 len: 205 time: 0.0225835
2026-04-07 01:13:22.326 10 INFO neutron.api.v2.resource [None req-152b1e9d-fe3a-4cc8-810b-e35989354b63 daa516f394d24a759331b9959f2efb45 dfc25c7012344b62ba9e285f854c66e6 - - default default] delete failed (client error): The resource could not be found.
2026-04-07 01:13:22.327 10 INFO neutron.wsgi [None req-152b1e9d-fe3a-4cc8-810b-e35989354b63 daa516f394d24a759331b9959f2efb45 dfc25c7012344b62ba9e285f854c66e6 - - default default] 10.0.0.154 "DELETE /v2.0/routers/2b6bd973-21fb-40d1-b238-fa5e83df57ec HTTP/1.1" status: 404 len: 336 time: 0.0282066
2026-04-07 01:13:22.357 10 INFO neutron.wsgi [None req-88ceffe2-9480-45ed-9f3c-29604517f412 daa516f394d24a759331b9959f2efb45 dfc25c7012344b62ba9e285f854c66e6 - - default default] 10.0.0.154 "GET /v2.0/ports?device_id=ed7d203c-efff-4a26-9214-500f7d2420b1 HTTP/1.1" status: 200 len: 205 time: 0.0218408
2026-04-07 01:13:22.395 9 INFO neutron.api.v2.resource [None req-275cd712-fa40-4ee7-a651-61fa838e21cb daa516f394d24a759331b9959f2efb45 dfc25c7012344b62ba9e285f854c66e6 - - default default] delete failed (client error): The resource could not be found.
2026-04-07 01:13:22.396 9 INFO neutron.wsgi [None req-275cd712-fa40-4ee7-a651-61fa838e21cb daa516f394d24a759331b9959f2efb45 dfc25c7012344b62ba9e285f854c66e6 - - default default] 10.0.0.154 "DELETE /v2.0/routers/ed7d203c-efff-4a26-9214-500f7d2420b1 HTTP/1.1" status: 404 len: 336 time: 0.0333416
2026-04-07 01:13:22.418 10 INFO neutron.pecan_wsgi.hooks.translation [None req-3ad7bc10-b3c5-4989-85f6-eb408d2a00f0 daa516f394d24a759331b9959f2efb45 dfc25c7012344b62ba9e285f854c66e6 - - default default] DELETE failed (client error): The resource could not be found.
2026-04-07 01:13:22.420 10 INFO neutron.wsgi [None req-3ad7bc10-b3c5-4989-85f6-eb408d2a00f0 daa516f394d24a759331b9959f2efb45 dfc25c7012344b62ba9e285f854c66e6 - - default default] 10.0.0.154 "DELETE /v2.0/subnets/80951002-2fff-4623-8fd3-92dc34268459 HTTP/1.1" status: 404 len: 337 time: 0.0180120
2026-04-07 01:13:22.442 10 INFO neutron.wsgi [None req-5fe8fba7-afe7-4838-bee4-8a295a1303ac daa516f394d24a759331b9959f2efb45 dfc25c7012344b62ba9e285f854c66e6 - - default default] 10.0.0.154 "GET /v2.0/ports?device_id=c082f267-2d95-4705-9374-17aba3ecca22 HTTP/1.1" status: 200 len: 205 time: 0.0158613
2026-04-07 01:13:22.470 10 INFO neutron.api.v2.resource [None req-677daf0b-2eb1-4a01-ac51-c8fe83b33d5c daa516f394d24a759331b9959f2efb45 dfc25c7012344b62ba9e285f854c66e6 - - default default] delete failed (client error): The resource could not be found.
2026-04-07 01:13:22.471 10 INFO neutron.wsgi [None req-677daf0b-2eb1-4a01-ac51-c8fe83b33d5c daa516f394d24a759331b9959f2efb45 dfc25c7012344b62ba9e285f854c66e6 - - default default] 10.0.0.154 "DELETE /v2.0/routers/c082f267-2d95-4705-9374-17aba3ecca22 HTTP/1.1" status: 404 len: 336 time: 0.0242310
2026-04-07 01:13:22.481 9 WARNING neutron.scheduler.dhcp_agent_scheduler [None req-9d218f82-4546-49b3-bf39-0936edd24fc2 aaa2345a8428454ea78760fd7f0b084b 7ad6fc9df4d74814bf7cd35257aea725 - - default default] No more DHCP agents
2026-04-07 01:13:22.487 9 WARNING neutron.api.rpc.agentnotifiers.dhcp_rpc_agent_api [None req-9d218f82-4546-49b3-bf39-0936edd24fc2 aaa2345a8428454ea78760fd7f0b084b 7ad6fc9df4d74814bf7cd35257aea725 - - default default] Unable to schedule network d0150352-47da-45d8-a5fd-2aa5e41e2282: no agents available; will retry on subsequent port and subnet creation events.
2026-04-07 01:13:22.488 10 INFO neutron.pecan_wsgi.hooks.translation [None req-4222e20b-b002-4f41-8154-37114930d089 daa516f394d24a759331b9959f2efb45 dfc25c7012344b62ba9e285f854c66e6 - - default default] DELETE failed (client error): The resource could not be found.
2026-04-07 01:13:22.491 10 INFO neutron.wsgi [None req-4222e20b-b002-4f41-8154-37114930d089 daa516f394d24a759331b9959f2efb45 dfc25c7012344b62ba9e285f854c66e6 - - default default] 10.0.0.154 "DELETE /v2.0/subnets/1cef38f7-7f23-4366-8045-05cb639bb265 HTTP/1.1" status: 404 len: 337 time: 0.0149672
2026-04-07 01:13:22.503 9 WARNING neutron.scheduler.dhcp_agent_scheduler [None req-aa75a2a2-ebed-4780-a32b-b166531db435 223d9153756341b388db7d026745986b c2780987c7d64480a0a446866f32f019 - - default default] No more DHCP agents
2026-04-07 01:13:22.506 9 WARNING neutron.api.rpc.agentnotifiers.dhcp_rpc_agent_api [None req-aa75a2a2-ebed-4780-a32b-b166531db435 223d9153756341b388db7d026745986b c2780987c7d64480a0a446866f32f019 - - default default] Unable to schedule network 829d5f72-bbdf-4596-b027-ccf6bb34c22a: no agents available; will retry on subsequent port and subnet creation events.
2026-04-07 01:13:22.513 10 INFO neutron.wsgi [None req-7322cf13-92fd-473a-ac78-c10f862e3c63 daa516f394d24a759331b9959f2efb45 dfc25c7012344b62ba9e285f854c66e6 - - default default] 10.0.0.154 "GET /v2.0/ports?device_id=d4c41758-031b-4c0f-a7f5-3083077236c6 HTTP/1.1" status: 200 len: 205 time: 0.0164280
2026-04-07 01:13:22.540 10 INFO neutron.api.v2.resource [None req-379990bc-3102-4d1d-b8e0-051ee27e5bd1 daa516f394d24a759331b9959f2efb45 dfc25c7012344b62ba9e285f854c66e6 - - default default] delete failed (client error): The resource could not be found.
2026-04-07 01:13:22.542 10 INFO neutron.wsgi [None req-379990bc-3102-4d1d-b8e0-051ee27e5bd1 daa516f394d24a759331b9959f2efb45 dfc25c7012344b62ba9e285f854c66e6 - - default default] 10.0.0.154 "DELETE /v2.0/routers/d4c41758-031b-4c0f-a7f5-3083077236c6 HTTP/1.1" status: 404 len: 336 time: 0.0220666
2026-04-07 01:13:22.549 10 WARNING neutron_lib.context [None req-689e228c-2ea1-468a-85b7-7dca77f8fbca 45056ae8747e40488593ce1803da40dd be336696ee724998aaa8b13f11bc6306 - - default default] Method 'is_advsvc' is deprecated since 2023.2 release (neutron-lib 3.8.0) and will be removed once support for the old RBAC API policies will be removed from Neutron. Please use method 'is_service_role' instead. /var/lib/openstack/lib/python3.10/site-packages/pycadf/identifier.py:71: UserWarning: Invalid uuid: neutron. To ensure interoperability, identifiers should be a valid uuid. warnings.warn(('Invalid uuid: %s. To ensure interoperability, '
2026-04-07 01:13:22.574 9 INFO neutron.pecan_wsgi.hooks.translation [None req-1b447341-3c81-4c3e-bcd6-eebb7953be54 daa516f394d24a759331b9959f2efb45 dfc25c7012344b62ba9e285f854c66e6 - - default default] DELETE failed (client error): The resource could not be found.
2026-04-07 01:13:22.577 9 INFO neutron.wsgi [None req-1b447341-3c81-4c3e-bcd6-eebb7953be54 daa516f394d24a759331b9959f2efb45 dfc25c7012344b62ba9e285f854c66e6 - - default default] 10.0.0.154 "DELETE /v2.0/subnets/e9d6ab18-7a9e-47a2-906f-2a1ebee47172 HTTP/1.1" status: 404 len: 337 time: 0.0255332
2026-04-07 01:13:22.602 10 INFO neutron.pecan_wsgi.hooks.translation [None req-fe374616-9cd6-44f2-a9ab-b4a5b52255a3 daa516f394d24a759331b9959f2efb45 dfc25c7012344b62ba9e285f854c66e6 - - default default] DELETE failed (client error): The resource could not be found.
2026-04-07 01:13:22.605 10 INFO neutron.wsgi [None req-fe374616-9cd6-44f2-a9ab-b4a5b52255a3 daa516f394d24a759331b9959f2efb45 dfc25c7012344b62ba9e285f854c66e6 - - default default] 10.0.0.154 "DELETE /v2.0/subnets/d5647c49-b90b-4e5e-9d2c-ea8315585e2f HTTP/1.1" status: 404 len: 337 time: 0.0232961
2026-04-07 01:13:22.665 9 INFO neutron.db.ovn_revision_numbers_db [None req-aa75a2a2-ebed-4780-a32b-b166531db435 223d9153756341b388db7d026745986b c2780987c7d64480a0a446866f32f019 - - default default] Successfully bumped revision number for resource fec9cbf0-1d67-45c7-8956-5f2a7edea99b (type: ports) to 1
2026-04-07 01:13:22.707 9 INFO neutron.wsgi [None req-aa75a2a2-ebed-4780-a32b-b166531db435 223d9153756341b388db7d026745986b c2780987c7d64480a0a446866f32f019 - - default default] 10.0.0.154 "POST /v2.0/networks HTTP/1.1" status: 201 len: 847 time: 0.7632604
2026-04-07 01:13:22.727 10 INFO neutron.db.ovn_revision_numbers_db [None req-689e228c-2ea1-468a-85b7-7dca77f8fbca 45056ae8747e40488593ce1803da40dd be336696ee724998aaa8b13f11bc6306 - - default default] Successfully bumped revision number for resource 6c182143-d2c8-4e19-98b5-c8754e793ac5 (type: security_groups) to 1
2026-04-07 01:13:22.749 9 INFO neutron.db.ovn_revision_numbers_db [None req-9d218f82-4546-49b3-bf39-0936edd24fc2 aaa2345a8428454ea78760fd7f0b084b 7ad6fc9df4d74814bf7cd35257aea725 - - default default] Successfully bumped revision number for resource 828ca5bc-f4da-4c43-9e3e-7bcb0570b5af (type: ports) to 1
2026-04-07 01:13:22.755 10 INFO neutron.db.ovn_revision_numbers_db [None req-689e228c-2ea1-468a-85b7-7dca77f8fbca 45056ae8747e40488593ce1803da40dd be336696ee724998aaa8b13f11bc6306 - - default default] Successfully bumped revision number for resource 4c86d17f-44ab-4051-b886-8e2c1c482ad3 (type: security_group_rules) to 0
2026-04-07 01:13:22.774 9 INFO neutron.wsgi [None req-9d218f82-4546-49b3-bf39-0936edd24fc2 aaa2345a8428454ea78760fd7f0b084b 7ad6fc9df4d74814bf7cd35257aea725 - - default default] 10.0.0.154 "POST /v2.0/ports HTTP/1.1" status: 201 len: 1149 time: 0.7542353
2026-04-07 01:13:22.775 10 INFO neutron.db.ovn_revision_numbers_db [None req-689e228c-2ea1-468a-85b7-7dca77f8fbca 45056ae8747e40488593ce1803da40dd be336696ee724998aaa8b13f11bc6306 - - default default] Successfully bumped revision number for resource 566cf3a4-2506-4f2d-9c1a-66b3601dbf4e (type: security_group_rules) to 0
2026-04-07 01:13:22.800 10 INFO neutron.db.ovn_revision_numbers_db [None req-689e228c-2ea1-468a-85b7-7dca77f8fbca 45056ae8747e40488593ce1803da40dd be336696ee724998aaa8b13f11bc6306 - - default default] Successfully bumped revision number for resource a2a9e8f7-31fc-4f06-9eae-5207f9413834 (type: security_group_rules) to 0
2026-04-07 01:13:22.823 10 INFO neutron.db.ovn_revision_numbers_db [None req-689e228c-2ea1-468a-85b7-7dca77f8fbca 45056ae8747e40488593ce1803da40dd be336696ee724998aaa8b13f11bc6306 - - default default] Successfully bumped revision number for resource c3bff67a-35e4-42c8-a327-dffe7b5732f2 (type: security_group_rules) to 0
2026-04-07 01:13:22.888 10 INFO neutron.db.segments_db [None req-689e228c-2ea1-468a-85b7-7dca77f8fbca 45056ae8747e40488593ce1803da40dd be336696ee724998aaa8b13f11bc6306 - - default default] Added segment c252641d-4c53-4423-b12f-e62ae9775f7b of type geneve for network 49d3a68b-5711-4e5a-b2c6-a2e43ca41909
2026-04-07 01:13:22.937 10 INFO neutron.db.ovn_revision_numbers_db [None req-5add7444-0c2e-4c6c-9f49-35518f0f2c1e 223d9153756341b388db7d026745986b c2780987c7d64480a0a446866f32f019 - - default default] Successfully bumped revision number for resource 829d5f72-bbdf-4596-b027-ccf6bb34c22a (type: networks) to 2
2026-04-07 01:13:22.941 10 INFO neutron.wsgi [None req-5add7444-0c2e-4c6c-9f49-35518f0f2c1e 223d9153756341b388db7d026745986b c2780987c7d64480a0a446866f32f019 - - default default] 10.0.0.154 "PUT /v2.0/networks/829d5f72-bbdf-4596-b027-ccf6bb34c22a HTTP/1.1" status: 200 len: 792 time: 0.2295210
2026-04-07 01:13:22.956 9 WARNING neutron_lib.context [None req-50421da0-06ec-4fdd-bfff-254cab6c6fe0 223d9153756341b388db7d026745986b c2780987c7d64480a0a446866f32f019 - - default default] Method 'is_advsvc' is deprecated since 2023.2 release (neutron-lib 3.8.0) and will be removed once support for the old RBAC API policies will be removed from Neutron. Please use method 'is_service_role' instead.
2026-04-07 01:13:23.063 10 INFO neutron.db.ovn_revision_numbers_db [None req-689e228c-2ea1-468a-85b7-7dca77f8fbca 45056ae8747e40488593ce1803da40dd be336696ee724998aaa8b13f11bc6306 - - default default] Successfully bumped revision number for resource 49d3a68b-5711-4e5a-b2c6-a2e43ca41909 (type: networks) to 1
2026-04-07 01:13:23.178 9 INFO neutron.wsgi [-] 10.0.0.184 "GET / HTTP/1.1" status: 200 len: 246 time: 0.0014400
2026-04-07 01:13:23.179 9 INFO neutron.wsgi [-] 10.0.0.184 "GET / HTTP/1.1" status: 200 len: 246 time: 0.0008574
2026-04-07 01:13:23.248 9 WARNING neutron.scheduler.dhcp_agent_scheduler [None req-50421da0-06ec-4fdd-bfff-254cab6c6fe0 223d9153756341b388db7d026745986b c2780987c7d64480a0a446866f32f019 - - default default] No more DHCP agents
2026-04-07 01:13:23.260 9 WARNING neutron.api.rpc.agentnotifiers.dhcp_rpc_agent_api [None req-50421da0-06ec-4fdd-bfff-254cab6c6fe0 223d9153756341b388db7d026745986b c2780987c7d64480a0a446866f32f019 - - default default] Unable to schedule network 829d5f72-bbdf-4596-b027-ccf6bb34c22a: no agents available; will retry on subsequent port and subnet creation events.
2026-04-07 01:13:23.288 10 WARNING neutron.scheduler.dhcp_agent_scheduler [None req-689e228c-2ea1-468a-85b7-7dca77f8fbca 45056ae8747e40488593ce1803da40dd be336696ee724998aaa8b13f11bc6306 - - default default] No more DHCP agents
2026-04-07 01:13:23.291 10 WARNING neutron.api.rpc.agentnotifiers.dhcp_rpc_agent_api [None req-689e228c-2ea1-468a-85b7-7dca77f8fbca 45056ae8747e40488593ce1803da40dd be336696ee724998aaa8b13f11bc6306 - - default default] Unable to schedule network 49d3a68b-5711-4e5a-b2c6-a2e43ca41909: no agents available; will retry on subsequent port and subnet creation events.
2026-04-07 01:13:23.292 9 INFO neutron.wsgi [None req-7d49c6d1-7cec-4f45-95ca-3cb5e59b05ee aaa2345a8428454ea78760fd7f0b084b 7ad6fc9df4d74814bf7cd35257aea725 - - default default] 10.0.0.154 "DELETE /v2.0/ports/828ca5bc-f4da-4c43-9e3e-7bcb0570b5af HTTP/1.1" status: 204 len: 168 time: 0.5135562
2026-04-07 01:13:23.315 9 INFO neutron.db.ovn_revision_numbers_db [None req-50421da0-06ec-4fdd-bfff-254cab6c6fe0 223d9153756341b388db7d026745986b c2780987c7d64480a0a446866f32f019 - - default default] Successfully bumped revision number for resource 53984a2d-e6d0-4ff0-bc1a-54db2410d7c3 (type: subnets) to 0
2026-04-07 01:13:23.318 9 INFO neutron.pecan_wsgi.hooks.translation [None req-759b4de0-f43e-43ad-b1e6-ea53a09081b4 aaa2345a8428454ea78760fd7f0b084b 7ad6fc9df4d74814bf7cd35257aea725 - - default default] DELETE failed (client error): The resource could not be found.
2026-04-07 01:13:23.320 9 INFO neutron.wsgi [None req-759b4de0-f43e-43ad-b1e6-ea53a09081b4 aaa2345a8428454ea78760fd7f0b084b 7ad6fc9df4d74814bf7cd35257aea725 - - default default] 10.0.0.154 "DELETE /v2.0/ports/828ca5bc-f4da-4c43-9e3e-7bcb0570b5af HTTP/1.1" status: 404 len: 333 time: 0.0215294
2026-04-07 01:13:23.322 9 INFO neutron.wsgi [None req-29cbbb52-64e5-4f76-a37f-b42f38405bb4 dc35760bae544eddadfd48d264f8e1e4 1e312ab7abc54abea284063e58060ebd - - default default] 10.0.0.154 "GET /v2.0/security-groups?tenant_id=dfc25c7012344b62ba9e285f854c66e6&name=default HTTP/1.1" status: 200 len: 3120 time: 0.1855321
2026-04-07 01:13:23.347 9 INFO neutron.wsgi [None req-50421da0-06ec-4fdd-bfff-254cab6c6fe0 223d9153756341b388db7d026745986b c2780987c7d64480a0a446866f32f019 - - default default] 10.0.0.154 "POST /v2.0/subnets HTTP/1.1" status: 201 len: 821 time: 0.3989220
2026-04-07 01:13:23.348 9 INFO neutron.pecan_wsgi.hooks.translation [None req-663fcb76-c742-4379-9c88-954a1d9ae149 aaa2345a8428454ea78760fd7f0b084b 7ad6fc9df4d74814bf7cd35257aea725 - - default default] GET failed (client error): The resource could not be found.
2026-04-07 01:13:23.349 9 INFO neutron.wsgi [None req-663fcb76-c742-4379-9c88-954a1d9ae149 aaa2345a8428454ea78760fd7f0b084b 7ad6fc9df4d74814bf7cd35257aea725 - - default default] 10.0.0.154 "GET /v2.0/ports/828ca5bc-f4da-4c43-9e3e-7bcb0570b5af HTTP/1.1" status: 404 len: 333 time: 0.0214238
2026-04-07 01:13:23.427 10 INFO neutron.db.ovn_revision_numbers_db [None req-689e228c-2ea1-468a-85b7-7dca77f8fbca 45056ae8747e40488593ce1803da40dd be336696ee724998aaa8b13f11bc6306 - - default default] Successfully bumped revision number for resource 1f92664c-81da-4e2e-a831-e920a09733e1 (type: ports) to 1
2026-04-07 01:13:23.482 10 INFO neutron.wsgi [None req-689e228c-2ea1-468a-85b7-7dca77f8fbca 45056ae8747e40488593ce1803da40dd be336696ee724998aaa8b13f11bc6306 - - default default] 10.0.0.154 "POST /v2.0/networks HTTP/1.1" status: 201 len: 833 time: 1.1082540
2026-04-07 01:13:23.497 10 WARNING neutron_lib.context [None req-f5a020da-4b01-48dc-8878-afa9ecaf312a 45056ae8747e40488593ce1803da40dd be336696ee724998aaa8b13f11bc6306 - - default default] Method 'is_advsvc' is deprecated since 2023.2 release (neutron-lib 3.8.0) and will be removed once support for the old RBAC API policies will be removed from Neutron. Please use method 'is_service_role' instead.
2026-04-07 01:13:23.661 10 INFO neutron.wsgi [None req-81df6fc6-b506-4eab-812a-d375242cd063 aaa2345a8428454ea78760fd7f0b084b 7ad6fc9df4d74814bf7cd35257aea725 - - default default] 10.0.0.154 "DELETE /v2.0/subnets/cb30715c-dbc9-448a-b89c-d96c13e29ace HTTP/1.1" status: 204 len: 168 time: 0.2980087
2026-04-07 01:13:23.664 10 INFO neutron.db.segments_db [None req-f5a020da-4b01-48dc-8878-afa9ecaf312a 45056ae8747e40488593ce1803da40dd be336696ee724998aaa8b13f11bc6306 - - default default] Added segment 370db158-bcec-4f39-8dea-d3b129db131d of type geneve for network 0fbb5c2b-124d-416a-aa99-fb3f68bf3b28
2026-04-07 01:13:23.739 10 INFO neutron.wsgi [None req-530f6c01-bdf9-4440-8127-af1928c47f0e dc35760bae544eddadfd48d264f8e1e4 1e312ab7abc54abea284063e58060ebd - - default default] 10.0.0.154 "DELETE /v2.0/security-groups/9224f266-1b3e-4905-8858-d3ecf90ef81e HTTP/1.1" status: 204 len: 168 time: 0.4083652
2026-04-07 01:13:23.855 10 INFO neutron.db.ovn_revision_numbers_db [None req-f5a020da-4b01-48dc-8878-afa9ecaf312a 45056ae8747e40488593ce1803da40dd be336696ee724998aaa8b13f11bc6306 - - default default] Successfully bumped revision number for resource 0fbb5c2b-124d-416a-aa99-fb3f68bf3b28 (type: networks) to 1
2026-04-07 01:13:24.112 10 WARNING neutron.scheduler.dhcp_agent_scheduler [None req-f5a020da-4b01-48dc-8878-afa9ecaf312a 45056ae8747e40488593ce1803da40dd be336696ee724998aaa8b13f11bc6306 - - default default] No more DHCP agents
2026-04-07 01:13:24.114 10 WARNING neutron.api.rpc.agentnotifiers.dhcp_rpc_agent_api [None req-f5a020da-4b01-48dc-8878-afa9ecaf312a 45056ae8747e40488593ce1803da40dd be336696ee724998aaa8b13f11bc6306 - - default default] Unable to schedule network 0fbb5c2b-124d-416a-aa99-fb3f68bf3b28: no agents available; will retry on subsequent port and subnet creation events.
2026-04-07 01:13:24.226 10 INFO neutron.db.ovn_revision_numbers_db [None req-f5a020da-4b01-48dc-8878-afa9ecaf312a 45056ae8747e40488593ce1803da40dd be336696ee724998aaa8b13f11bc6306 - - default default] Successfully bumped revision number for resource 67eff784-c0ad-47c9-bb66-f09c51d26710 (type: ports) to 1
2026-04-07 01:13:24.256 10 INFO neutron.services.segments.plugin [-] Segment 942b8287-4d34-44e1-90eb-32cc3a64ef5c resource provider aggregate not found
2026-04-07 01:13:24.261 10 INFO neutron.services.segments.plugin [-] Segment 942b8287-4d34-44e1-90eb-32cc3a64ef5c resource provider aggregate not found
2026-04-07 01:13:24.280 10 INFO neutron.wsgi [None req-f5a020da-4b01-48dc-8878-afa9ecaf312a 45056ae8747e40488593ce1803da40dd be336696ee724998aaa8b13f11bc6306 - - default default] 10.0.0.154 "POST /v2.0/networks HTTP/1.1" status: 201 len: 832 time: 0.7898288
2026-04-07 01:13:24.281 10 INFO neutron.services.segments.plugin [-] Segment 942b8287-4d34-44e1-90eb-32cc3a64ef5c resource provider not found; error: Placement Client Error (4xx): {"errors": [{"status": 404, "title": "Not Found", "detail": "The resource could not be found.\n\n No resource provider with uuid 942b8287-4d34-44e1-90eb-32cc3a64ef5c found for delete ", "request_id": "req-28a340dd-cf0f-4a58-ac61-179139c54ac3"}]}
2026-04-07 01:13:24.282 10 INFO neutron.services.segments.plugin [-] Segment 942b8287-4d34-44e1-90eb-32cc3a64ef5c resource provider not found; error: Placement Client Error (4xx): {"errors": [{"status": 404, "title": "Not Found", "detail": "The resource could not be found.\n\n No resource provider with uuid 942b8287-4d34-44e1-90eb-32cc3a64ef5c found for delete ", "request_id": "req-4f75e18a-d48b-40c1-9707-b24267aef827"}]}
2026-04-07 01:13:24.294 10 WARNING neutron_lib.context [None req-84129595-13be-494b-bd2a-d57c53dc3a3b 45056ae8747e40488593ce1803da40dd be336696ee724998aaa8b13f11bc6306 - - default default] Method 'is_advsvc' is deprecated since 2023.2 release (neutron-lib 3.8.0) and will be removed once support for the old RBAC API policies will be removed from Neutron. Please use method 'is_service_role' instead.
2026-04-07 01:13:24.324 10 INFO neutron.wsgi [None req-408ac47c-ff0f-46bb-aa35-f18928ad640c aaa2345a8428454ea78760fd7f0b084b 7ad6fc9df4d74814bf7cd35257aea725 - - default default] 10.0.0.154 "DELETE /v2.0/networks/d0150352-47da-45d8-a5fd-2aa5e41e2282 HTTP/1.1" status: 204 len: 168 time: 0.6584458
2026-04-07 01:13:24.336 10 WARNING neutron_lib.context [None req-27ad0690-5ed5-4d76-90f3-a71e96ff0c0a aaa2345a8428454ea78760fd7f0b084b 7ad6fc9df4d74814bf7cd35257aea725 - - default default] Method 'is_advsvc' is deprecated since 2023.2 release (neutron-lib 3.8.0) and will be removed once support for the old RBAC API policies will be removed from Neutron. Please use method 'is_service_role' instead.
2026-04-07 01:13:24.354 9 WARNING neutron.plugins.ml2.drivers.ovn.mech_driver.ovsdb.ovn_client [None req-f9543b37-866a-4dad-8baa-eb3fbf3e386f - - - - - -] No port found with ID 65618a43-c5b0-44b0-9643-2d7aacf0dd8b: RuntimeError: No port found with ID 65618a43-c5b0-44b0-9643-2d7aacf0dd8b
2026-04-07 01:13:24.390 9 INFO neutron.db.ovn_revision_numbers_db [None req-0dc4dd71-18b1-42b1-b59b-9a47d923e11b 223d9153756341b388db7d026745986b c2780987c7d64480a0a446866f32f019 - - default default] Successfully bumped revision number for resource fec9cbf0-1d67-45c7-8956-5f2a7edea99b (type: ports) to 2
2026-04-07 01:13:24.431 9 INFO neutron.db.ovn_revision_numbers_db [None req-0dc4dd71-18b1-42b1-b59b-9a47d923e11b 223d9153756341b388db7d026745986b c2780987c7d64480a0a446866f32f019 - - default default] Successfully bumped revision number for resource 53984a2d-e6d0-4ff0-bc1a-54db2410d7c3 (type: subnets) to 1
2026-04-07 01:13:24.436 9 INFO neutron.wsgi [None req-0dc4dd71-18b1-42b1-b59b-9a47d923e11b 223d9153756341b388db7d026745986b c2780987c7d64480a0a446866f32f019 - - default default] 10.0.0.154 "PUT /v2.0/subnets/53984a2d-e6d0-4ff0-bc1a-54db2410d7c3 HTTP/1.1" status: 200 len: 826 time: 1.0749645
2026-04-07 01:13:24.448 10 INFO neutron.db.segments_db [None req-27ad0690-5ed5-4d76-90f3-a71e96ff0c0a aaa2345a8428454ea78760fd7f0b084b 7ad6fc9df4d74814bf7cd35257aea725 - - default default] Added segment 21fa20ba-79ff-45f9-bcee-ea694a8695fd of type geneve for network 14cb5c09-7ca4-450a-9cee-7706225e271c
2026-04-07 01:13:24.621 10 WARNING neutron.scheduler.dhcp_agent_scheduler [None req-84129595-13be-494b-bd2a-d57c53dc3a3b 45056ae8747e40488593ce1803da40dd be336696ee724998aaa8b13f11bc6306 - - default default] No more DHCP agents
