2026-04-07 01:11:42.982 10 INFO neutron.db.ovn_revision_numbers_db [None req-057de260-ef99-4ea5-a888-fccdf2c36769 61dd50e63e5c4fdf9b6e04ca13eb43a5 a2566a4260634e3abbe1fb9c1c42919b - - default default] Successfully bumped revision number for resource 5a93f610-446b-4fa4-b68a-74620bad19f2 (type: floatingips) to 2
2026-04-07 01:11:42.983 10 INFO neutron.db.l3_db [None req-057de260-ef99-4ea5-a888-fccdf2c36769 61dd50e63e5c4fdf9b6e04ca13eb43a5 a2566a4260634e3abbe1fb9c1c42919b - - default default] Floating IP 5a93f610-446b-4fa4-b68a-74620bad19f2 associated. External IP: 10.96.250.202, port: 47a7062e-0045-4b7f-a31f-8f071db4270e.
2026-04-07 01:11:43.022 10 INFO neutron.wsgi [None req-057de260-ef99-4ea5-a888-fccdf2c36769 61dd50e63e5c4fdf9b6e04ca13eb43a5 a2566a4260634e3abbe1fb9c1c42919b - - default default] 10.0.0.154 "PUT /v2.0/floatingips/5a93f610-446b-4fa4-b68a-74620bad19f2 HTTP/1.1" status: 200 len: 1049 time: 1.2458379
2026-04-07 01:11:43.027 9 WARNING neutron.scheduler.dhcp_agent_scheduler [None req-109607ca-e71b-41c4-b1bf-77afff097b39 dc35760bae544eddadfd48d264f8e1e4 1e312ab7abc54abea284063e58060ebd - - default default] No more DHCP agents
2026-04-07 01:11:43.030 9 WARNING neutron.api.rpc.agentnotifiers.dhcp_rpc_agent_api [None req-109607ca-e71b-41c4-b1bf-77afff097b39 dc35760bae544eddadfd48d264f8e1e4 1e312ab7abc54abea284063e58060ebd - - default default] Unable to schedule network 543c9a89-0820-4f46-bd87-04b90bfd4ca5: no agents available; will retry on subsequent port and subnet creation events.
2026-04-07 01:11:43.214 9 INFO neutron.wsgi [req-ebfe0ece-0d19-4505-8ce1-3f18c437eca3 req-19edfa32-9c06-438a-b057-342312d3bb38 61dd50e63e5c4fdf9b6e04ca13eb43a5 a2566a4260634e3abbe1fb9c1c42919b - - default default] 10.0.0.136 "GET /v2.0/ports?device_id=215234f9-dcca-4dff-ab9a-b31912bacce1 HTTP/1.1" status: 200 len: 1170 time: 0.1461639 /var/lib/openstack/lib/python3.10/site-packages/pycadf/identifier.py:71: UserWarning: Invalid uuid: neutron. To ensure interoperability, identifiers should be a valid uuid. warnings.warn(('Invalid uuid: %s. To ensure interoperability, '
2026-04-07 01:11:43.293 9 INFO neutron.wsgi [req-ebfe0ece-0d19-4505-8ce1-3f18c437eca3 req-3e0df6fb-79c0-40de-8b39-d081f28cd68d 61dd50e63e5c4fdf9b6e04ca13eb43a5 a2566a4260634e3abbe1fb9c1c42919b - - default default] 10.0.0.136 "GET /v2.0/security-groups?id=75ff3fa0-5e30-4565-8ac8-a3c8348070e5&fields=id&fields=name HTTP/1.1" status: 200 len: 313 time: 0.0724843
2026-04-07 01:11:43.311 10 INFO neutron.wsgi [req-56042a36-7624-44da-9489-aa075f99262f req-502ab62c-33c6-4fbc-8704-a649eb7a11a0 8b02e7fe77bd4285bf18c4b63098e655 fba2abbbe52640508e36beb0823221a7 - - default default] 199.204.45.122 "GET /v2.0/networks?id=eb61125f-82d2-452a-91fe-c667ccd3a6a7 HTTP/1.1" status: 200 len: 878 time: 0.0849869
2026-04-07 01:11:43.331 9 INFO neutron.db.ovn_revision_numbers_db [None req-109607ca-e71b-41c4-b1bf-77afff097b39 dc35760bae544eddadfd48d264f8e1e4 1e312ab7abc54abea284063e58060ebd - - default default] Successfully bumped revision number for resource ab4e9b5c-b0bb-46c2-8a44-c862f875b318 (type: ports) to 1
2026-04-07 01:11:43.364 10 INFO neutron.wsgi [req-56042a36-7624-44da-9489-aa075f99262f req-89959792-b4e9-4942-a709-3c13d9f45bb1 8b02e7fe77bd4285bf18c4b63098e655 fba2abbbe52640508e36beb0823221a7 - - default default] 199.204.45.122 "GET /v2.0/security-groups?fields=id&fields=name&tenant_id=fba2abbbe52640508e36beb0823221a7 HTTP/1.1" status: 200 len: 379 time: 0.0463951
2026-04-07 01:11:43.374 10 WARNING neutron_lib.context [req-56042a36-7624-44da-9489-aa075f99262f req-328b881e-b14d-4ba2-b889-dafd42093e02 8b02e7fe77bd4285bf18c4b63098e655 fba2abbbe52640508e36beb0823221a7 - - default default] Method 'is_advsvc' is deprecated since 2023.2 release (neutron-lib 3.8.0) and will be removed once support for the old RBAC API policies will be removed from Neutron. Please use method 'is_service_role' instead.
2026-04-07 01:11:43.646 10 INFO neutron.wsgi [req-0e8a6bb3-98bf-44c6-9d60-0c5ca2a4e261 req-964d6697-11c1-4121-9009-a061cc8ab8fe 8b02e7fe77bd4285bf18c4b63098e655 fba2abbbe52640508e36beb0823221a7 - - default default] 10.0.0.136 "GET /v2.0/ports?device_id=a53fd870-1289-4ceb-b4b3-542fc442457f HTTP/1.1" status: 200 len: 210 time: 0.0321651
2026-04-07 01:11:43.741 10 WARNING neutron.scheduler.dhcp_agent_scheduler [req-56042a36-7624-44da-9489-aa075f99262f req-328b881e-b14d-4ba2-b889-dafd42093e02 8b02e7fe77bd4285bf18c4b63098e655 fba2abbbe52640508e36beb0823221a7 - - default default] No more DHCP agents
2026-04-07 01:11:43.746 10 WARNING neutron.api.rpc.agentnotifiers.dhcp_rpc_agent_api [req-56042a36-7624-44da-9489-aa075f99262f req-328b881e-b14d-4ba2-b889-dafd42093e02 8b02e7fe77bd4285bf18c4b63098e655 fba2abbbe52640508e36beb0823221a7 - - default default] Unable to schedule network eb61125f-82d2-452a-91fe-c667ccd3a6a7: no agents available; will retry on subsequent port and subnet creation events.
2026-04-07 01:11:43.765 10 INFO neutron.plugins.ml2.drivers.ovn.mech_driver.mech_driver [None req-7f8db63c-a6c3-4e2c-bd8a-ef44ef7ee712 - - - - - -] OVN reports status down for port: 47a7062e-0045-4b7f-a31f-8f071db4270e
2026-04-07 01:11:43.850 9 INFO neutron.wsgi [req-48e35a12-524d-4295-9f1f-7bacefd0a3e0 req-5766073a-44b7-4331-8572-23c448bb71dc 61dd50e63e5c4fdf9b6e04ca13eb43a5 a2566a4260634e3abbe1fb9c1c42919b - - default default] 10.0.0.136 "GET /v2.0/ports?device_id=215234f9-dcca-4dff-ab9a-b31912bacce1 HTTP/1.1" status: 200 len: 1170 time: 0.0814919
2026-04-07 01:11:43.852 9 WARNING neutron.scheduler.dhcp_agent_scheduler [None req-dfb5a980-8bd9-40b2-ba31-5e94925ee053 dc35760bae544eddadfd48d264f8e1e4 1e312ab7abc54abea284063e58060ebd - - default default] No more DHCP agents
2026-04-07 01:11:43.858 9 WARNING neutron.api.rpc.agentnotifiers.dhcp_rpc_agent_api [None req-dfb5a980-8bd9-40b2-ba31-5e94925ee053 dc35760bae544eddadfd48d264f8e1e4 1e312ab7abc54abea284063e58060ebd - - default default] Unable to schedule network 543c9a89-0820-4f46-bd87-04b90bfd4ca5: no agents available; will retry on subsequent port and subnet creation events.
2026-04-07 01:11:43.947 9 INFO neutron.wsgi [req-48e35a12-524d-4295-9f1f-7bacefd0a3e0 req-0cfb57dd-32e3-45a4-aeca-6f55a4f0170c 61dd50e63e5c4fdf9b6e04ca13eb43a5 a2566a4260634e3abbe1fb9c1c42919b - - default default] 10.0.0.136 "GET /v2.0/security-groups?id=75ff3fa0-5e30-4565-8ac8-a3c8348070e5&fields=id&fields=name HTTP/1.1" status: 200 len: 313 time: 0.0879359
2026-04-07 01:11:44.054 10 INFO neutron.db.ovn_revision_numbers_db [req-56042a36-7624-44da-9489-aa075f99262f req-328b881e-b14d-4ba2-b889-dafd42093e02 8b02e7fe77bd4285bf18c4b63098e655 fba2abbbe52640508e36beb0823221a7 - - default default] Successfully bumped revision number for resource b404c6a8-7c44-46cb-b238-931dd14738ff (type: ports) to 1
2026-04-07 01:11:44.062 9 INFO neutron.wsgi [req-d5b355a9-f300-44f8-8a4e-f16ca66c5a14 req-6e39cb4e-eceb-4137-bc02-d40c91687b6b 61dd50e63e5c4fdf9b6e04ca13eb43a5 a2566a4260634e3abbe1fb9c1c42919b - - default default] 199.204.45.122 "GET /v2.0/ports?device_id=215234f9-dcca-4dff-ab9a-b31912bacce1 HTTP/1.1" status: 200 len: 1168 time: 0.0444663
2026-04-07 01:11:44.084 10 INFO neutron.wsgi [req-56042a36-7624-44da-9489-aa075f99262f req-328b881e-b14d-4ba2-b889-dafd42093e02 8b02e7fe77bd4285bf18c4b63098e655 fba2abbbe52640508e36beb0823221a7 - - default default] 199.204.45.122 "POST /v2.0/ports HTTP/1.1" status: 201 len: 1158 time: 0.7157054 /var/lib/openstack/lib/python3.10/site-packages/pycadf/identifier.py:71: UserWarning: Invalid uuid: neutron. To ensure interoperability, identifiers should be a valid uuid. warnings.warn(('Invalid uuid: %s. To ensure interoperability, '
2026-04-07 01:11:44.198 9 INFO neutron.db.ovn_revision_numbers_db [None req-dfb5a980-8bd9-40b2-ba31-5e94925ee053 dc35760bae544eddadfd48d264f8e1e4 1e312ab7abc54abea284063e58060ebd - - default default] Successfully bumped revision number for resource 69654fa1-37f8-4952-b22d-4e75b6cf8322 (type: ports) to 1
2026-04-07 01:11:44.205 10 INFO neutron.db.ovn_revision_numbers_db [None req-7f8db63c-a6c3-4e2c-bd8a-ef44ef7ee712 - - - - - -] Successfully bumped revision number for resource 47a7062e-0045-4b7f-a31f-8f071db4270e (type: ports) to 5
2026-04-07 01:11:44.560 10 INFO neutron.db.ovn_revision_numbers_db [req-56042a36-7624-44da-9489-aa075f99262f req-90fefa13-ea5b-444e-8ef3-83880a84270b 2426283c74ff431aa9164d5fcca4c91d 2e50f0f865df492ba6e9176720962798 - - 94fea3911c3249d7b72d093d27ede76e 94fea3911c3249d7b72d093d27ede76e] Successfully bumped revision number for resource b404c6a8-7c44-46cb-b238-931dd14738ff (type: ports) to 2 /var/lib/openstack/lib/python3.10/site-packages/pycadf/identifier.py:71: UserWarning: Invalid uuid: neutron. To ensure interoperability, identifiers should be a valid uuid. warnings.warn(('Invalid uuid: %s. To ensure interoperability, '
2026-04-07 01:11:44.790 10 INFO neutron.notifiers.nova [-] Nova event matching ['req-e95f1df4-27a8-4fed-84d0-a8f951098c78'] response: {'name': 'network-changed', 'server_uuid': '215234f9-dcca-4dff-ab9a-b31912bacce1', 'tag': '47a7062e-0045-4b7f-a31f-8f071db4270e', 'status': 'completed', 'code': 200}
2026-04-07 01:11:44.790 10 INFO neutron.notifiers.nova [-] Nova event matching ['req-e95f1df4-27a8-4fed-84d0-a8f951098c78'] response: {'server_uuid': '215234f9-dcca-4dff-ab9a-b31912bacce1', 'name': 'network-vif-unplugged', 'status': 'completed', 'tag': '47a7062e-0045-4b7f-a31f-8f071db4270e', 'code': 200}
2026-04-07 01:11:44.791 10 INFO neutron.notifiers.nova [-] Nova event matching ['req-e95f1df4-27a8-4fed-84d0-a8f951098c78'] response: {'server_uuid': '215234f9-dcca-4dff-ab9a-b31912bacce1', 'name': 'network-vif-unplugged', 'status': 'completed', 'tag': '47a7062e-0045-4b7f-a31f-8f071db4270e', 'code': 200}
2026-04-07 01:11:44.803 10 INFO neutron.wsgi [req-e9b50a22-3be9-4a10-b997-b81d2a807f53 req-e51d03a8-4e23-4d68-97d7-4c154006049e 8b02e7fe77bd4285bf18c4b63098e655 fba2abbbe52640508e36beb0823221a7 - - default default] 10.0.0.136 "GET /v2.0/ports?device_id=a53fd870-1289-4ceb-b4b3-542fc442457f HTTP/1.1" status: 200 len: 1168 time: 0.0888932 /var/lib/openstack/lib/python3.10/site-packages/pycadf/identifier.py:71: UserWarning: Invalid uuid: neutron. To ensure interoperability, identifiers should be a valid uuid. warnings.warn(('Invalid uuid: %s. To ensure interoperability, '
2026-04-07 01:11:44.890 10 INFO neutron.wsgi [req-3ae14764-f2a0-4e75-91d2-379d99d57f23 req-d0517afc-772c-4daa-ba27-1fda0256daff 2426283c74ff431aa9164d5fcca4c91d 2e50f0f865df492ba6e9176720962798 - - 94fea3911c3249d7b72d093d27ede76e 94fea3911c3249d7b72d093d27ede76e] 199.204.45.122 "GET /v2.0/ports?tenant_id=a2566a4260634e3abbe1fb9c1c42919b&device_id=215234f9-dcca-4dff-ab9a-b31912bacce1 HTTP/1.1" status: 200 len: 1407 time: 0.0800078
2026-04-07 01:11:44.920 10 INFO neutron.wsgi [req-e9b50a22-3be9-4a10-b997-b81d2a807f53 req-aa83acb4-3140-42da-9e28-811c6b83c7f0 8b02e7fe77bd4285bf18c4b63098e655 fba2abbbe52640508e36beb0823221a7 - - default default] 10.0.0.136 "GET /v2.0/security-groups?id=2cb4f99c-44a6-4cb5-bf88-e03c60f65ffc&fields=id&fields=name HTTP/1.1" status: 200 len: 312 time: 0.1113029
2026-04-07 01:11:44.935 10 INFO neutron.db.ovn_revision_numbers_db [req-56042a36-7624-44da-9489-aa075f99262f req-90fefa13-ea5b-444e-8ef3-83880a84270b 2426283c74ff431aa9164d5fcca4c91d 2e50f0f865df492ba6e9176720962798 - - 94fea3911c3249d7b72d093d27ede76e 94fea3911c3249d7b72d093d27ede76e] Successfully bumped revision number for resource b404c6a8-7c44-46cb-b238-931dd14738ff (type: ports) to 2
2026-04-07 01:11:44.957 10 INFO neutron.wsgi [req-56042a36-7624-44da-9489-aa075f99262f req-90fefa13-ea5b-444e-8ef3-83880a84270b 2426283c74ff431aa9164d5fcca4c91d 2e50f0f865df492ba6e9176720962798 - - 94fea3911c3249d7b72d093d27ede76e 94fea3911c3249d7b72d093d27ede76e] 199.204.45.122 "PUT /v2.0/ports/b404c6a8-7c44-46cb-b238-931dd14738ff HTTP/1.1" status: 200 len: 1376 time: 0.8630772
2026-04-07 01:11:44.987 10 INFO neutron.wsgi [req-3ae14764-f2a0-4e75-91d2-379d99d57f23 req-56b008f1-4193-48cc-9c19-a9236e4b82fd 2426283c74ff431aa9164d5fcca4c91d 2e50f0f865df492ba6e9176720962798 - - 94fea3911c3249d7b72d093d27ede76e 94fea3911c3249d7b72d093d27ede76e] 199.204.45.122 "GET /v2.0/networks?id=4443e0a5-3f0c-48fe-a741-ebfb7cb767fb HTTP/1.1" status: 200 len: 968 time: 0.0847864
2026-04-07 01:11:45.057 9 INFO neutron.plugins.ml2.drivers.ovn.mech_driver.ovsdb.commands [None req-56d5f84b-fdd8-41be-9707-94b6fd01423b - - - - - -] Schedule LRP lrp-ab4e9b5c-b0bb-46c2-8a44-c862f875b318 on gateway ff0c512b-8400-4dc3-a36c-93156c090eba with priority 1
2026-04-07 01:11:45.095 9 INFO neutron.wsgi [req-50b9d9b8-6ada-4188-bba4-3b0ddefb4d55 req-7ef2daf7-dced-4f34-aba0-46d44848b4e7 61dd50e63e5c4fdf9b6e04ca13eb43a5 a2566a4260634e3abbe1fb9c1c42919b - - default default] 10.0.0.136 "GET /v2.0/ports?device_id=215234f9-dcca-4dff-ab9a-b31912bacce1 HTTP/1.1" status: 200 len: 1168 time: 0.0822868
2026-04-07 01:11:45.098 9 INFO neutron.plugins.ml2.drivers.ovn.mech_driver.ovsdb.ovsdb_monitor [None req-c1ea6576-589e-4ae1-bf9f-a7e0d32de9c7 - - - - - -] Router 104f2735-5639-4f8f-b5c2-717bf456b402 is bound to host instance
2026-04-07 01:11:45.114 10 INFO neutron.wsgi [req-56042a36-7624-44da-9489-aa075f99262f req-d89bed4d-5710-4739-9ca6-1ee5ae14770b 2426283c74ff431aa9164d5fcca4c91d 2e50f0f865df492ba6e9176720962798 - - 94fea3911c3249d7b72d093d27ede76e 94fea3911c3249d7b72d093d27ede76e] 199.204.45.122 "GET /v2.0/ports?tenant_id=fba2abbbe52640508e36beb0823221a7&device_id=a53fd870-1289-4ceb-b4b3-542fc442457f HTTP/1.1" status: 200 len: 1407 time: 0.1196678
2026-04-07 01:11:45.124 10 INFO neutron.plugins.ml2.drivers.ovn.mech_driver.mech_driver [None req-7f8db63c-a6c3-4e2c-bd8a-ef44ef7ee712 - - - - - -] OVN reports status up for port: ab4e9b5c-b0bb-46c2-8a44-c862f875b318
2026-04-07 01:11:45.131 10 INFO neutron.wsgi [req-3ae14764-f2a0-4e75-91d2-379d99d57f23 req-492ae131-90c1-4f84-a415-3a0f28577eed 2426283c74ff431aa9164d5fcca4c91d 2e50f0f865df492ba6e9176720962798 - - 94fea3911c3249d7b72d093d27ede76e 94fea3911c3249d7b72d093d27ede76e] 199.204.45.122 "GET /v2.0/floatingips?fixed_ip_address=10.100.0.4&port_id=47a7062e-0045-4b7f-a31f-8f071db4270e HTTP/1.1" status: 200 len: 1057 time: 0.1357245 /var/lib/openstack/lib/python3.10/site-packages/pycadf/identifier.py:71: UserWarning: Invalid uuid: neutron. To ensure interoperability, identifiers should be a valid uuid. warnings.warn(('Invalid uuid: %s. To ensure interoperability, '
2026-04-07 01:11:45.158 10 INFO neutron.wsgi [req-56042a36-7624-44da-9489-aa075f99262f req-2a7eb186-fdb1-4f8c-9dd3-3d06f441baf3 2426283c74ff431aa9164d5fcca4c91d 2e50f0f865df492ba6e9176720962798 - - 94fea3911c3249d7b72d093d27ede76e 94fea3911c3249d7b72d093d27ede76e] 199.204.45.122 "GET /v2.0/floatingips?fixed_ip_address=10.100.0.9&port_id=b404c6a8-7c44-46cb-b238-931dd14738ff HTTP/1.1" status: 200 len: 217 time: 0.0344074
2026-04-07 01:11:45.159 10 INFO neutron.plugins.ml2.plugin [None req-7f8db63c-a6c3-4e2c-bd8a-ef44ef7ee712 - - - - - -] Attempt 1 to provision port ab4e9b5c-b0bb-46c2-8a44-c862f875b318
2026-04-07 01:11:45.188 9 INFO neutron.db.l3_db [req-d5b355a9-f300-44f8-8a4e-f16ca66c5a14 req-34e7ec4f-a667-4915-b7ac-d3bba19802f2 61dd50e63e5c4fdf9b6e04ca13eb43a5 a2566a4260634e3abbe1fb9c1c42919b - - default default] Floating IP 5a93f610-446b-4fa4-b68a-74620bad19f2 disassociated. External IP: 10.96.250.202, port: 47a7062e-0045-4b7f-a31f-8f071db4270e.
2026-04-07 01:11:45.212 10 INFO neutron.wsgi [req-3ae14764-f2a0-4e75-91d2-379d99d57f23 req-b4066d3d-478e-4fd5-afbb-a7779e5f272e 2426283c74ff431aa9164d5fcca4c91d 2e50f0f865df492ba6e9176720962798 - - 94fea3911c3249d7b72d093d27ede76e 94fea3911c3249d7b72d093d27ede76e] 199.204.45.122 "GET /v2.0/subnets?id=49849648-3ec7-4a84-be54-de0f91757f31 HTTP/1.1" status: 200 len: 863 time: 0.0748150
2026-04-07 01:11:45.223 10 INFO neutron.wsgi [req-56042a36-7624-44da-9489-aa075f99262f req-722e579a-68c1-478e-98e9-60a7e4a451d3 2426283c74ff431aa9164d5fcca4c91d 2e50f0f865df492ba6e9176720962798 - - 94fea3911c3249d7b72d093d27ede76e 94fea3911c3249d7b72d093d27ede76e] 199.204.45.122 "GET /v2.0/subnets?id=b34951da-510f-48a2-a854-4d35e88a9e93 HTTP/1.1" status: 200 len: 872 time: 0.0467985
2026-04-07 01:11:45.245 9 INFO neutron.db.ovn_revision_numbers_db [None req-109607ca-e71b-41c4-b1bf-77afff097b39 dc35760bae544eddadfd48d264f8e1e4 1e312ab7abc54abea284063e58060ebd - - default default] Successfully bumped revision number for resource ab4e9b5c-b0bb-46c2-8a44-c862f875b318 (type: router_ports) to 1
2026-04-07 01:11:45.259 10 INFO neutron.wsgi [req-3ae14764-f2a0-4e75-91d2-379d99d57f23 req-293aef65-3115-40f1-9b2c-bea8a000e640 2426283c74ff431aa9164d5fcca4c91d 2e50f0f865df492ba6e9176720962798 - - 94fea3911c3249d7b72d093d27ede76e 94fea3911c3249d7b72d093d27ede76e] 199.204.45.122 "GET /v2.0/ports?network_id=4443e0a5-3f0c-48fe-a741-ebfb7cb767fb&device_owner=network%3Adhcp HTTP/1.1" status: 200 len: 210 time: 0.0408797
2026-04-07 01:11:45.281 10 INFO neutron.wsgi [req-56042a36-7624-44da-9489-aa075f99262f req-fcfb0c19-a5ff-48d8-8c50-b1921d494eb9 2426283c74ff431aa9164d5fcca4c91d 2e50f0f865df492ba6e9176720962798 - - 94fea3911c3249d7b72d093d27ede76e 94fea3911c3249d7b72d093d27ede76e] 199.204.45.122 "GET /v2.0/ports?network_id=eb61125f-82d2-452a-91fe-c667ccd3a6a7&device_owner=network%3Adhcp HTTP/1.1" status: 200 len: 210 time: 0.0448084
2026-04-07 01:11:45.289 9 INFO neutron.wsgi [req-50b9d9b8-6ada-4188-bba4-3b0ddefb4d55 req-a30245f2-9139-410b-81de-796f3c31ce89 61dd50e63e5c4fdf9b6e04ca13eb43a5 a2566a4260634e3abbe1fb9c1c42919b - - default default] 10.0.0.136 "GET /v2.0/security-groups?id=75ff3fa0-5e30-4565-8ac8-a3c8348070e5&fields=id&fields=name HTTP/1.1" status: 200 len: 313 time: 0.1835730
2026-04-07 01:11:45.382 10 INFO neutron.wsgi [req-3ae14764-f2a0-4e75-91d2-379d99d57f23 req-8e79ff57-4c8e-425f-a371-80790715cd44 2426283c74ff431aa9164d5fcca4c91d 2e50f0f865df492ba6e9176720962798 - - 94fea3911c3249d7b72d093d27ede76e 94fea3911c3249d7b72d093d27ede76e] 199.204.45.122 "GET /v2.0/networks/4443e0a5-3f0c-48fe-a741-ebfb7cb767fb?fields=segments HTTP/1.1" status: 200 len: 212 time: 0.1096492
2026-04-07 01:11:45.386 10 INFO neutron.wsgi [req-56042a36-7624-44da-9489-aa075f99262f req-fed71e42-63dd-496f-aabe-373647fe6075 2426283c74ff431aa9164d5fcca4c91d 2e50f0f865df492ba6e9176720962798 - - 94fea3911c3249d7b72d093d27ede76e 94fea3911c3249d7b72d093d27ede76e] 199.204.45.122 "GET /v2.0/networks/eb61125f-82d2-452a-91fe-c667ccd3a6a7?fields=segments HTTP/1.1" status: 200 len: 212 time: 0.0980616
2026-04-07 01:11:45.453 9 INFO neutron.db.ovn_revision_numbers_db [None req-109607ca-e71b-41c4-b1bf-77afff097b39 dc35760bae544eddadfd48d264f8e1e4 1e312ab7abc54abea284063e58060ebd - - default default] Successfully bumped revision number for resource 104f2735-5639-4f8f-b5c2-717bf456b402 (type: routers) to 2
2026-04-07 01:11:45.498 9 INFO neutron.wsgi [None req-109607ca-e71b-41c4-b1bf-77afff097b39 dc35760bae544eddadfd48d264f8e1e4 1e312ab7abc54abea284063e58060ebd - - default default] 10.0.0.154 "POST /v2.0/routers HTTP/1.1" status: 201 len: 1175 time: 3.3384120
2026-04-07 01:11:45.625 9 INFO neutron.wsgi [req-d5b355a9-f300-44f8-8a4e-f16ca66c5a14 req-34e7ec4f-a667-4915-b7ac-d3bba19802f2 61dd50e63e5c4fdf9b6e04ca13eb43a5 a2566a4260634e3abbe1fb9c1c42919b - - default default] 199.204.45.122 "DELETE /v2.0/ports/47a7062e-0045-4b7f-a31f-8f071db4270e HTTP/1.1" status: 204 len: 173 time: 1.5554957
2026-04-07 01:11:45.705 10 INFO neutron.wsgi [req-3ae14764-f2a0-4e75-91d2-379d99d57f23 req-8acf3788-404f-4482-a57f-9600c054620e 2426283c74ff431aa9164d5fcca4c91d 2e50f0f865df492ba6e9176720962798 - - 94fea3911c3249d7b72d093d27ede76e 94fea3911c3249d7b72d093d27ede76e] 199.204.45.122 "GET /v2.0/networks/4443e0a5-3f0c-48fe-a741-ebfb7cb767fb?fields=provider%3Aphysical_network&fields=provider%3Anetwork_type HTTP/1.1" status: 200 len: 277 time: 0.3103027
2026-04-07 01:11:45.708 10 INFO neutron.wsgi [req-56042a36-7624-44da-9489-aa075f99262f req-5ee9f519-3390-4980-b9a4-49349535c2ce 2426283c74ff431aa9164d5fcca4c91d 2e50f0f865df492ba6e9176720962798 - - 94fea3911c3249d7b72d093d27ede76e 94fea3911c3249d7b72d093d27ede76e] 199.204.45.122 "GET /v2.0/networks/eb61125f-82d2-452a-91fe-c667ccd3a6a7?fields=provider%3Aphysical_network&fields=provider%3Anetwork_type HTTP/1.1" status: 200 len: 277 time: 0.3128211
2026-04-07 01:11:46.031 10 INFO neutron.wsgi [req-5456ea67-39ad-4a5e-bbd5-99c870d73813 req-b356c482-2d39-4a6f-938f-d19762bfe46b 8b02e7fe77bd4285bf18c4b63098e655 fba2abbbe52640508e36beb0823221a7 - - default default] 10.0.0.136 "GET /v2.0/ports?device_id=a53fd870-1289-4ceb-b4b3-542fc442457f HTTP/1.1" status: 200 len: 1168 time: 0.0485010
2026-04-07 01:11:46.114 10 INFO neutron.wsgi [req-5456ea67-39ad-4a5e-bbd5-99c870d73813 req-4fc61d9f-fe8b-435c-a926-718f735bee45 8b02e7fe77bd4285bf18c4b63098e655 fba2abbbe52640508e36beb0823221a7 - - default default] 10.0.0.136 "GET /v2.0/security-groups?id=2cb4f99c-44a6-4cb5-bf88-e03c60f65ffc&fields=id&fields=name HTTP/1.1" status: 200 len: 312 time: 0.0783136
2026-04-07 01:11:46.136 9 INFO neutron.plugins.ml2.drivers.ovn.mech_driver.ovsdb.commands [None req-56d5f84b-fdd8-41be-9707-94b6fd01423b - - - - - -] Schedule LRP lrp-69654fa1-37f8-4952-b22d-4e75b6cf8322 on gateway ff0c512b-8400-4dc3-a36c-93156c090eba with priority 1
2026-04-07 01:11:46.234 9 INFO neutron.plugins.ml2.drivers.ovn.mech_driver.mech_driver [None req-f9543b37-866a-4dad-8baa-eb3fbf3e386f - - - - - -] OVN reports status up for port: b404c6a8-7c44-46cb-b238-931dd14738ff
2026-04-07 01:11:46.236 9 INFO neutron.db.ovn_revision_numbers_db [None req-dfb5a980-8bd9-40b2-ba31-5e94925ee053 dc35760bae544eddadfd48d264f8e1e4 1e312ab7abc54abea284063e58060ebd - - default default] Successfully bumped revision number for resource 69654fa1-37f8-4952-b22d-4e75b6cf8322 (type: router_ports) to 1
2026-04-07 01:11:46.237 9 INFO neutron.notifiers.nova [-] Nova event matching ['req-db66a46c-816b-48b3-b275-a3a53041adc4'] response: {'server_uuid': '215234f9-dcca-4dff-ab9a-b31912bacce1', 'name': 'network-vif-deleted', 'tag': '47a7062e-0045-4b7f-a31f-8f071db4270e', 'status': 'completed', 'code': 200}
2026-04-07 01:11:46.270 9 INFO neutron.plugins.ml2.plugin [None req-f9543b37-866a-4dad-8baa-eb3fbf3e386f - - - - - -] Attempt 1 to provision port b404c6a8-7c44-46cb-b238-931dd14738ff
2026-04-07 01:11:46.440 9 INFO neutron.db.ovn_revision_numbers_db [None req-dfb5a980-8bd9-40b2-ba31-5e94925ee053 dc35760bae544eddadfd48d264f8e1e4 1e312ab7abc54abea284063e58060ebd - - default default] Successfully bumped revision number for resource a665bff6-bc44-4c1c-a1a0-c628227f6b96 (type: routers) to 2
2026-04-07 01:11:46.488 9 INFO neutron.wsgi [None req-dfb5a980-8bd9-40b2-ba31-5e94925ee053 dc35760bae544eddadfd48d264f8e1e4 1e312ab7abc54abea284063e58060ebd - - default default] 10.0.0.154 "POST /v2.0/routers HTTP/1.1" status: 201 len: 1169 time: 3.6989331
2026-04-07 01:11:46.633 10 INFO neutron.wsgi [None req-319f6288-afa2-4d30-80cc-2899429c5c3d 61dd50e63e5c4fdf9b6e04ca13eb43a5 a2566a4260634e3abbe1fb9c1c42919b - - default default] 10.0.0.154 "DELETE /v2.0/security-groups/75ff3fa0-5e30-4565-8ac8-a3c8348070e5 HTTP/1.1" status: 204 len: 168 time: 0.2492356
2026-04-07 01:11:46.676 9 INFO neutron.api.v2.resource [None req-ad110f8a-2136-47be-92a1-e5a2a67b557b 61dd50e63e5c4fdf9b6e04ca13eb43a5 a2566a4260634e3abbe1fb9c1c42919b - - default default] show failed (client error): The resource could not be found.
2026-04-07 01:11:46.677 9 INFO neutron.wsgi [None req-ad110f8a-2136-47be-92a1-e5a2a67b557b 61dd50e63e5c4fdf9b6e04ca13eb43a5 a2566a4260634e3abbe1fb9c1c42919b - - default default] 10.0.0.154 "GET /v2.0/security-groups/75ff3fa0-5e30-4565-8ac8-a3c8348070e5 HTTP/1.1" status: 404 len: 347 time: 0.0331159
2026-04-07 01:11:46.826 10 INFO neutron.notifiers.nova [-] Nova event matching ['req-a4be699d-c476-427c-9500-bb701c0b0fb7'] response: {'name': 'network-changed', 'server_uuid': 'a53fd870-1289-4ceb-b4b3-542fc442457f', 'tag': 'b404c6a8-7c44-46cb-b238-931dd14738ff', 'status': 'completed', 'code': 200}
2026-04-07 01:11:46.833 9 WARNING neutron.scheduler.dhcp_agent_scheduler [None req-7f45ea73-e74a-4dda-898f-8dd10627d1cd dc35760bae544eddadfd48d264f8e1e4 1e312ab7abc54abea284063e58060ebd - - default default] No more DHCP agents
2026-04-07 01:11:46.851 9 WARNING neutron.api.rpc.agentnotifiers.dhcp_rpc_agent_api [None req-7f45ea73-e74a-4dda-898f-8dd10627d1cd dc35760bae544eddadfd48d264f8e1e4 1e312ab7abc54abea284063e58060ebd - - default default] Unable to schedule network 406e9bd8-d0b7-446c-ae68-6b7675614acc: no agents available; will retry on subsequent port and subnet creation events.
2026-04-07 01:11:46.898 10 INFO neutron.wsgi [req-59a4fddd-cfc8-467c-8d61-62373c15248e req-238a3b57-63dc-4aa1-8d32-5ac58ae4508b 2426283c74ff431aa9164d5fcca4c91d 2e50f0f865df492ba6e9176720962798 - - 94fea3911c3249d7b72d093d27ede76e 94fea3911c3249d7b72d093d27ede76e] 199.204.45.122 "GET /v2.0/ports?tenant_id=fba2abbbe52640508e36beb0823221a7&device_id=a53fd870-1289-4ceb-b4b3-542fc442457f HTTP/1.1" status: 200 len: 1409 time: 0.0493529
2026-04-07 01:11:47.004 10 INFO neutron.wsgi [req-59a4fddd-cfc8-467c-8d61-62373c15248e req-c431b434-d6a1-4aa0-a0b1-9b21118e169a 2426283c74ff431aa9164d5fcca4c91d 2e50f0f865df492ba6e9176720962798 - - 94fea3911c3249d7b72d093d27ede76e 94fea3911c3249d7b72d093d27ede76e] 199.204.45.122 "GET /v2.0/networks?id=eb61125f-82d2-452a-91fe-c667ccd3a6a7 HTTP/1.1" status: 200 len: 977 time: 0.0975921
2026-04-07 01:11:47.045 10 INFO neutron.wsgi [req-59a4fddd-cfc8-467c-8d61-62373c15248e req-c087b08f-cd43-4044-8f2f-90755d9fc6bc 2426283c74ff431aa9164d5fcca4c91d 2e50f0f865df492ba6e9176720962798 - - 94fea3911c3249d7b72d093d27ede76e 94fea3911c3249d7b72d093d27ede76e] 199.204.45.122 "GET /v2.0/floatingips?fixed_ip_address=10.100.0.9&port_id=b404c6a8-7c44-46cb-b238-931dd14738ff HTTP/1.1" status: 200 len: 217 time: 0.0314488
2026-04-07 01:11:47.094 10 INFO neutron.wsgi [req-59a4fddd-cfc8-467c-8d61-62373c15248e req-b1712cc2-d9b8-45d3-8e9a-317e321d12cd 2426283c74ff431aa9164d5fcca4c91d 2e50f0f865df492ba6e9176720962798 - - 94fea3911c3249d7b72d093d27ede76e 94fea3911c3249d7b72d093d27ede76e] 199.204.45.122 "GET /v2.0/subnets?id=b34951da-510f-48a2-a854-4d35e88a9e93 HTTP/1.1" status: 200 len: 872 time: 0.0397613
2026-04-07 01:11:47.137 10 INFO neutron.wsgi [req-59a4fddd-cfc8-467c-8d61-62373c15248e req-8668084e-a017-40e8-937c-505ce6594359 2426283c74ff431aa9164d5fcca4c91d 2e50f0f865df492ba6e9176720962798 - - 94fea3911c3249d7b72d093d27ede76e 94fea3911c3249d7b72d093d27ede76e] 199.204.45.122 "GET /v2.0/ports?network_id=eb61125f-82d2-452a-91fe-c667ccd3a6a7&device_owner=network%3Adhcp HTTP/1.1" status: 200 len: 210 time: 0.0286288
2026-04-07 01:11:47.210 9 INFO neutron.db.ovn_revision_numbers_db [None req-f9543b37-866a-4dad-8baa-eb3fbf3e386f - - - - - -] Successfully bumped revision number for resource b404c6a8-7c44-46cb-b238-931dd14738ff (type: ports) to 4
2026-04-07 01:11:47.227 10 INFO neutron.wsgi [req-59a4fddd-cfc8-467c-8d61-62373c15248e req-36dcd556-dbd0-4d77-8706-cb1cad480f54 2426283c74ff431aa9164d5fcca4c91d 2e50f0f865df492ba6e9176720962798 - - 94fea3911c3249d7b72d093d27ede76e 94fea3911c3249d7b72d093d27ede76e] 199.204.45.122 "GET /v2.0/networks/eb61125f-82d2-452a-91fe-c667ccd3a6a7?fields=segments HTTP/1.1" status: 200 len: 212 time: 0.0718925
2026-04-07 01:11:47.232 10 WARNING neutron.scheduler.dhcp_agent_scheduler [None req-40c0ae46-948e-4418-95a2-92f3590c220b dc35760bae544eddadfd48d264f8e1e4 1e312ab7abc54abea284063e58060ebd - - default default] No more DHCP agents
2026-04-07 01:11:47.236 10 WARNING neutron.api.rpc.agentnotifiers.dhcp_rpc_agent_api [None req-40c0ae46-948e-4418-95a2-92f3590c220b dc35760bae544eddadfd48d264f8e1e4 1e312ab7abc54abea284063e58060ebd - - default default] Unable to schedule network bd4c3489-ea76-40fb-b097-8dc2822c79de: no agents available; will retry on subsequent port and subnet creation events.
2026-04-07 01:11:47.269 9 INFO neutron.db.ovn_revision_numbers_db [None req-c1ea6576-589e-4ae1-bf9f-a7e0d32de9c7 - - - - - -] Successfully bumped revision number for resource ab4e9b5c-b0bb-46c2-8a44-c862f875b318 (type: ports) to 1
2026-04-07 01:11:47.330 10 INFO neutron.wsgi [req-59a4fddd-cfc8-467c-8d61-62373c15248e req-76aeba1e-3593-45ef-866b-4143c773d3b9 2426283c74ff431aa9164d5fcca4c91d 2e50f0f865df492ba6e9176720962798 - - 94fea3911c3249d7b72d093d27ede76e 94fea3911c3249d7b72d093d27ede76e] 199.204.45.122 "GET /v2.0/networks/eb61125f-82d2-452a-91fe-c667ccd3a6a7?fields=provider%3Aphysical_network&fields=provider%3Anetwork_type HTTP/1.1" status: 200 len: 277 time: 0.0924058
2026-04-07 01:11:47.438 9 INFO neutron.wsgi [req-fdc124ba-19de-435d-97eb-be2e56f470fc req-fe288592-6e3e-43fe-aa6e-aa0de4e80771 8b02e7fe77bd4285bf18c4b63098e655 fba2abbbe52640508e36beb0823221a7 - - default default] 10.0.0.136 "GET /v2.0/ports?device_id=a53fd870-1289-4ceb-b4b3-542fc442457f HTTP/1.1" status: 200 len: 1170 time: 0.2547100 /var/lib/openstack/lib/python3.10/site-packages/pycadf/identifier.py:71: UserWarning: Invalid uuid: neutron. To ensure interoperability, identifiers should be a valid uuid. warnings.warn(('Invalid uuid: %s. To ensure interoperability, '
2026-04-07 01:11:47.453 10 INFO neutron.db.ovn_revision_numbers_db [None req-40c0ae46-948e-4418-95a2-92f3590c220b dc35760bae544eddadfd48d264f8e1e4 1e312ab7abc54abea284063e58060ebd - - default default] Successfully bumped revision number for resource 82d0b5c3-bf36-4fa6-a290-e85564817cf8 (type: ports) to 1
2026-04-07 01:11:47.482 9 INFO neutron.db.ovn_revision_numbers_db [None req-7f45ea73-e74a-4dda-898f-8dd10627d1cd dc35760bae544eddadfd48d264f8e1e4 1e312ab7abc54abea284063e58060ebd - - default default] Successfully bumped revision number for resource 2c3986e7-b74a-4f64-99f3-510416eb90ee (type: ports) to 1
2026-04-07 01:11:47.541 9 INFO neutron.wsgi [req-fdc124ba-19de-435d-97eb-be2e56f470fc req-ea664b55-1d2a-47e1-b961-8c81835f5c57 8b02e7fe77bd4285bf18c4b63098e655 fba2abbbe52640508e36beb0823221a7 - - default default] 10.0.0.136 "GET /v2.0/security-groups?id=2cb4f99c-44a6-4cb5-bf88-e03c60f65ffc&fields=id&fields=name HTTP/1.1" status: 200 len: 312 time: 0.0976377
2026-04-07 01:11:47.578 10 INFO neutron.plugins.ml2.drivers.ovn.mech_driver.mech_driver [None req-7f8db63c-a6c3-4e2c-bd8a-ef44ef7ee712 - - - - - -] OVN reports status up for port: 69654fa1-37f8-4952-b22d-4e75b6cf8322
2026-04-07 01:11:47.593 10 INFO neutron.plugins.ml2.plugin [None req-7f8db63c-a6c3-4e2c-bd8a-ef44ef7ee712 - - - - - -] Attempt 1 to provision port 69654fa1-37f8-4952-b22d-4e75b6cf8322
2026-04-07 01:11:47.788 9 INFO neutron.wsgi [None req-f8f141d2-b14b-4a79-84d0-6d12226f7111 61dd50e63e5c4fdf9b6e04ca13eb43a5 a2566a4260634e3abbe1fb9c1c42919b - - default default] 10.0.0.154 "DELETE /v2.0/floatingips/5a93f610-446b-4fa4-b68a-74620bad19f2 HTTP/1.1" status: 204 len: 168 time: 1.1055853
2026-04-07 01:11:48.016 10 ERROR ovsdbapp.backend.ovs_idl.command [None req-40c0ae46-948e-4418-95a2-92f3590c220b dc35760bae544eddadfd48d264f8e1e4 1e312ab7abc54abea284063e58060ebd - - default default] Error executing command (DbGetCommand): ovsdbapp.backend.ovs_idl.idlutils.RowNotFound: Cannot find Logical_Router_Port with name=lrp-82d0b5c3-bf36-4fa6-a290-e85564817cf8
2026-04-07 01:11:48.016 10 ERROR ovsdbapp.backend.ovs_idl.command
Traceback (most recent call last):
2026-04-07 01:11:48.016 10 ERROR ovsdbapp.backend.ovs_idl.command
File "/var/lib/openstack/lib/python3.10/site-packages/ovsdbapp/backend/ovs_idl/command.py", line 47, in execute
2026-04-07 01:11:48.016 10 ERROR ovsdbapp.backend.ovs_idl.command self.run_idl(None)
2026-04-07 01:11:48.016 10 ERROR ovsdbapp.backend.ovs_idl.command
File "/var/lib/openstack/lib/python3.10/site-packages/ovsdbapp/backend/ovs_idl/command.py", line 235, in run_idl
2026-04-07 01:11:48.016 10 ERROR ovsdbapp.backend.ovs_idl.command record = self.api.lookup(self.table, self.record)
2026-04-07 01:11:48.016 10 ERROR ovsdbapp.backend.ovs_idl.command
File "/var/lib/openstack/lib/python3.10/site-packages/ovsdbapp/backend/ovs_idl/__init__.py", line 184, in lookup
2026-04-07 01:11:48.016 10 ERROR ovsdbapp.backend.ovs_idl.command return self._lookup(table, record)
2026-04-07 01:11:48.016 10 ERROR ovsdbapp.backend.ovs_idl.command
File "/var/lib/openstack/lib/python3.10/site-packages/ovsdbapp/backend/ovs_idl/__init__.py", line 235, in _lookup
2026-04-07 01:11:48.016 10 ERROR ovsdbapp.backend.ovs_idl.command row = idlutils.row_by_value(self, rl.table, rl.column, record)
2026-04-07 01:11:48.016 10 ERROR ovsdbapp.backend.ovs_idl.command
File "/var/lib/openstack/lib/python3.10/site-packages/ovsdbapp/backend/ovs_idl/idlutils.py", line 114, in row_by_value
2026-04-07 01:11:48.016 10 ERROR ovsdbapp.backend.ovs_idl.command raise RowNotFound(table=table, col=column, match=match)
2026-04-07 01:11:48.016 10 ERROR ovsdbapp.backend.ovs_idl.command ovsdbapp.backend.ovs_idl.idlutils.RowNotFound: Cannot find Logical_Router_Port with name=lrp-82d0b5c3-bf36-4fa6-a290-e85564817cf8
2026-04-07 01:11:48.016 10 ERROR ovsdbapp.backend.ovs_idl.command 
2026-04-07 01:11:48.017 10 ERROR neutron_lib.callbacks.manager [None req-40c0ae46-948e-4418-95a2-92f3590c220b dc35760bae544eddadfd48d264f8e1e4 1e312ab7abc54abea284063e58060ebd - - default default] Error during notification for neutron.services.ovn_l3.plugin.OVNL3RouterPlugin._port_update-8757716897510 port, after_update: ovsdbapp.backend.ovs_idl.idlutils.RowNotFound: Cannot find Logical_Router_Port with name=lrp-82d0b5c3-bf36-4fa6-a290-e85564817cf8
2026-04-07 01:11:48.017 10 ERROR neutron_lib.callbacks.manager
Traceback (most recent call last):
2026-04-07 01:11:48.017 10 ERROR neutron_lib.callbacks.manager
File "/var/lib/openstack/lib/python3.10/site-packages/neutron_lib/callbacks/manager.py", line 189, in _notify_loop
2026-04-07 01:11:48.017 10 ERROR neutron_lib.callbacks.manager callback.method(resource, event, trigger, payload=payload)
2026-04-07 01:11:48.017 10 ERROR neutron_lib.callbacks.manager
File "/var/lib/openstack/lib/python3.10/site-packages/neutron/services/ovn_l3/plugin.py", line 391, in _port_update
2026-04-07 01:11:48.017 10 ERROR neutron_lib.callbacks.manager l3plugin._ovn_client.update_router_port(context,
2026-04-07 01:11:48.017 10 ERROR neutron_lib.callbacks.manager
File "/var/lib/openstack/lib/python3.10/site-packages/neutron/plugins/ml2/drivers/ovn/mech_driver/ovsdb/ovn_client.py", line 1878, in update_router_port
2026-04-07 01:11:48.017 10 ERROR neutron_lib.callbacks.manager self._update_lrouter_port(context, port, if_exists=if_exists,
2026-04-07 01:11:48.017 10 ERROR neutron_lib.callbacks.manager
File "/var/lib/openstack/lib/python3.10/site-packages/neutron/plugins/ml2/drivers/ovn/mech_driver/ovsdb/ovn_client.py", line 1855, in _update_lrouter_port
2026-04-07 01:11:48.017 10 ERROR neutron_lib.callbacks.manager external_ids = self._nb_idl.db_get(
2026-04-07 01:11:48.017 10 ERROR neutron_lib.callbacks.manager
File "/var/lib/openstack/lib/python3.10/site-packages/ovsdbapp/backend/ovs_idl/command.py", line 47, in execute
2026-04-07 01:11:48.017 10 ERROR neutron_lib.callbacks.manager self.run_idl(None)
2026-04-07 01:11:48.017 10 ERROR neutron_lib.callbacks.manager
File "/var/lib/openstack/lib/python3.10/site-packages/ovsdbapp/backend/ovs_idl/command.py", line 235, in run_idl
2026-04-07 01:11:48.017 10 ERROR neutron_lib.callbacks.manager record = self.api.lookup(self.table, self.record)
2026-04-07 01:11:48.017 10 ERROR neutron_lib.callbacks.manager
File "/var/lib/openstack/lib/python3.10/site-packages/ovsdbapp/backend/ovs_idl/__init__.py", line 184, in lookup
2026-04-07 01:11:48.017 10 ERROR neutron_lib.callbacks.manager return self._lookup(table, record)
2026-04-07 01:11:48.017 10 ERROR neutron_lib.callbacks.manager
File "/var/lib/openstack/lib/python3.10/site-packages/ovsdbapp/backend/ovs_idl/__init__.py", line 235, in _lookup
2026-04-07 01:11:48.017 10 ERROR neutron_lib.callbacks.manager row = idlutils.row_by_value(self, rl.table, rl.column, record)
2026-04-07 01:11:48.017 10 ERROR neutron_lib.callbacks.manager
File "/var/lib/openstack/lib/python3.10/site-packages/ovsdbapp/backend/ovs_idl/idlutils.py", line 114, in row_by_value
2026-04-07 01:11:48.017 10 ERROR neutron_lib.callbacks.manager raise RowNotFound(table=table, col=column, match=match)
2026-04-07 01:11:48.017 10 ERROR neutron_lib.callbacks.manager ovsdbapp.backend.ovs_idl.idlutils.RowNotFound: Cannot find Logical_Router_Port with name=lrp-82d0b5c3-bf36-4fa6-a290-e85564817cf8
2026-04-07 01:11:48.017 10 ERROR neutron_lib.callbacks.manager 
2026-04-07 01:11:48.112 9 INFO neutron.db.ovn_revision_numbers_db [None req-c1ea6576-589e-4ae1-bf9f-a7e0d32de9c7 - - - - - -] Successfully bumped revision number for resource ab4e9b5c-b0bb-46c2-8a44-c862f875b318 (type: router_ports) to 3
2026-04-07 01:11:48.256 10 INFO neutron.db.ovn_revision_numbers_db [None req-40c0ae46-948e-4418-95a2-92f3590c220b dc35760bae544eddadfd48d264f8e1e4 1e312ab7abc54abea284063e58060ebd - - default default] Successfully bumped revision number for resource 82d0b5c3-bf36-4fa6-a290-e85564817cf8 (type: ports) to 1
2026-04-07 01:11:48.336 10 WARNING neutron.scheduler.dhcp_agent_scheduler [None req-40c0ae46-948e-4418-95a2-92f3590c220b dc35760bae544eddadfd48d264f8e1e4 1e312ab7abc54abea284063e58060ebd - - default default] No more DHCP agents
2026-04-07 01:11:48.338 10 WARNING neutron.api.rpc.agentnotifiers.dhcp_rpc_agent_api [None req-40c0ae46-948e-4418-95a2-92f3590c220b dc35760bae544eddadfd48d264f8e1e4 1e312ab7abc54abea284063e58060ebd - - default default] Unable to schedule network bd4c3489-ea76-40fb-b097-8dc2822c79de: no agents available; will retry on subsequent port and subnet creation events.
2026-04-07 01:11:48.450 9 INFO neutron.notifiers.nova [-] Nova event matching ['req-279bac87-2aa0-40ea-a4fb-02f31cbf31f0'] response: {'server_uuid': 'a53fd870-1289-4ceb-b4b3-542fc442457f', 'name': 'network-vif-plugged', 'status': 'completed', 'tag': 'b404c6a8-7c44-46cb-b238-931dd14738ff', 'code': 200}
2026-04-07 01:11:48.450 9 INFO neutron.notifiers.nova [-] Nova event matching ['req-279bac87-2aa0-40ea-a4fb-02f31cbf31f0'] response: {'server_uuid': 'a53fd870-1289-4ceb-b4b3-542fc442457f', 'name': 'network-vif-plugged', 'status': 'completed', 'tag': 'b404c6a8-7c44-46cb-b238-931dd14738ff', 'code': 200}
2026-04-07 01:11:48.704 9 ERROR ovsdbapp.backend.ovs_idl.command [None req-7f45ea73-e74a-4dda-898f-8dd10627d1cd dc35760bae544eddadfd48d264f8e1e4 1e312ab7abc54abea284063e58060ebd - - default default] Error executing command (DbGetCommand): ovsdbapp.backend.ovs_idl.idlutils.RowNotFound: Cannot find Logical_Router_Port with name=lrp-2c3986e7-b74a-4f64-99f3-510416eb90ee
2026-04-07 01:11:48.704 9 ERROR ovsdbapp.backend.ovs_idl.command
Traceback (most recent call last):
2026-04-07 01:11:48.704 9 ERROR ovsdbapp.backend.ovs_idl.command
File "/var/lib/openstack/lib/python3.10/site-packages/ovsdbapp/backend/ovs_idl/command.py", line 47, in execute
2026-04-07 01:11:48.704 9 ERROR ovsdbapp.backend.ovs_idl.command self.run_idl(None)
2026-04-07 01:11:48.704 9 ERROR ovsdbapp.backend.ovs_idl.command
File "/var/lib/openstack/lib/python3.10/site-packages/ovsdbapp/backend/ovs_idl/command.py", line 235, in run_idl
2026-04-07 01:11:48.704 9 ERROR ovsdbapp.backend.ovs_idl.command record = self.api.lookup(self.table, self.record)
2026-04-07 01:11:48.704 9 ERROR ovsdbapp.backend.ovs_idl.command
File "/var/lib/openstack/lib/python3.10/site-packages/ovsdbapp/backend/ovs_idl/__init__.py", line 184, in lookup
2026-04-07 01:11:48.704 9 ERROR ovsdbapp.backend.ovs_idl.command return self._lookup(table, record)
2026-04-07 01:11:48.704 9 ERROR ovsdbapp.backend.ovs_idl.command
File "/var/lib/openstack/lib/python3.10/site-packages/ovsdbapp/backend/ovs_idl/__init__.py", line 235, in _lookup
2026-04-07 01:11:48.704 9 ERROR ovsdbapp.backend.ovs_idl.command row = idlutils.row_by_value(self, rl.table, rl.column, record)
2026-04-07 01:11:48.704 9 ERROR ovsdbapp.backend.ovs_idl.command
File "/var/lib/openstack/lib/python3.10/site-packages/ovsdbapp/backend/ovs_idl/idlutils.py", line 114, in row_by_value
2026-04-07 01:11:48.704 9 ERROR ovsdbapp.backend.ovs_idl.command raise RowNotFound(table=table, col=column, match=match)
2026-04-07 01:11:48.704 9 ERROR ovsdbapp.backend.ovs_idl.command ovsdbapp.backend.ovs_idl.idlutils.RowNotFound: Cannot find Logical_Router_Port with name=lrp-2c3986e7-b74a-4f64-99f3-510416eb90ee
2026-04-07 01:11:48.704 9 ERROR ovsdbapp.backend.ovs_idl.command 
2026-04-07 01:11:48.704 9 ERROR neutron_lib.callbacks.manager [None req-7f45ea73-e74a-4dda-898f-8dd10627d1cd dc35760bae544eddadfd48d264f8e1e4 1e312ab7abc54abea284063e58060ebd - - default default] Error during notification for neutron.services.ovn_l3.plugin.OVNL3RouterPlugin._port_update-8757716897510 port, after_update: ovsdbapp.backend.ovs_idl.idlutils.RowNotFound: Cannot find Logical_Router_Port with name=lrp-2c3986e7-b74a-4f64-99f3-510416eb90ee
2026-04-07 01:11:48.704 9 ERROR neutron_lib.callbacks.manager
Traceback (most recent call last):
2026-04-07 01:11:48.704 9 ERROR neutron_lib.callbacks.manager
File "/var/lib/openstack/lib/python3.10/site-packages/neutron_lib/callbacks/manager.py", line 189, in _notify_loop
2026-04-07 01:11:48.704 9 ERROR neutron_lib.callbacks.manager callback.method(resource, event, trigger, payload=payload)
2026-04-07 01:11:48.704 9 ERROR neutron_lib.callbacks.manager
File "/var/lib/openstack/lib/python3.10/site-packages/neutron/services/ovn_l3/plugin.py", line 391, in _port_update
2026-04-07 01:11:48.704 9 ERROR neutron_lib.callbacks.manager l3plugin._ovn_client.update_router_port(context,
2026-04-07 01:11:48.704 9 ERROR neutron_lib.callbacks.manager
File "/var/lib/openstack/lib/python3.10/site-packages/neutron/plugins/ml2/drivers/ovn/mech_driver/ovsdb/ovn_client.py", line 1878, in update_router_port
2026-04-07 01:11:48.704 9 ERROR neutron_lib.callbacks.manager self._update_lrouter_port(context, port, if_exists=if_exists,
2026-04-07 01:11:48.704 9 ERROR neutron_lib.callbacks.manager
File "/var/lib/openstack/lib/python3.10/site-packages/neutron/plugins/ml2/drivers/ovn/mech_driver/ovsdb/ovn_client.py", line 1855, in _update_lrouter_port
2026-04-07 01:11:48.704 9 ERROR neutron_lib.callbacks.manager external_ids = self._nb_idl.db_get(
2026-04-07 01:11:48.704 9 ERROR neutron_lib.callbacks.manager
File "/var/lib/openstack/lib/python3.10/site-packages/ovsdbapp/backend/ovs_idl/command.py", line 47, in execute
2026-04-07 01:11:48.704 9 ERROR neutron_lib.callbacks.manager self.run_idl(None)
2026-04-07 01:11:48.704 9 ERROR neutron_lib.callbacks.manager
File "/var/lib/openstack/lib/python3.10/site-packages/ovsdbapp/backend/ovs_idl/command.py", line 235, in run_idl
2026-04-07 01:11:48.704 9 ERROR neutron_lib.callbacks.manager record = self.api.lookup(self.table, self.record)
2026-04-07 01:11:48.704 9 ERROR neutron_lib.callbacks.manager
File "/var/lib/openstack/lib/python3.10/site-packages/ovsdbapp/backend/ovs_idl/__init__.py", line 184, in lookup
2026-04-07 01:11:48.704 9 ERROR neutron_lib.callbacks.manager return self._lookup(table, record)
2026-04-07 01:11:48.704 9 ERROR neutron_lib.callbacks.manager
File "/var/lib/openstack/lib/python3.10/site-packages/ovsdbapp/backend/ovs_idl/__init__.py", line 235, in _lookup
2026-04-07 01:11:48.704 9 ERROR neutron_lib.callbacks.manager row = idlutils.row_by_value(self, rl.table, rl.column, record)
2026-04-07 01:11:48.704 9 ERROR neutron_lib.callbacks.manager
File "/var/lib/openstack/lib/python3.10/site-packages/ovsdbapp/backend/ovs_idl/idlutils.py", line 114, in row_by_value
2026-04-07 01:11:48.704 9 ERROR neutron_lib.callbacks.manager raise RowNotFound(table=table, col=column, match=match)
2026-04-07 01:11:48.704 9 ERROR neutron_lib.callbacks.manager ovsdbapp.backend.ovs_idl.idlutils.RowNotFound: Cannot find Logical_Router_Port with name=lrp-2c3986e7-b74a-4f64-99f3-510416eb90ee
2026-04-07 01:11:48.704 9 ERROR neutron_lib.callbacks.manager 
2026-04-07 01:11:48.713 9 INFO neutron.wsgi [req-3794fbc4-383a-470f-92af-5f6d746aab9f req-2eb9c6b9-7b53-4341-9a12-de96cc88b70f 8b02e7fe77bd4285bf18c4b63098e655 fba2abbbe52640508e36beb0823221a7 - - default default] 10.0.0.136 "GET /v2.0/ports?device_id=a53fd870-1289-4ceb-b4b3-542fc442457f HTTP/1.1" status: 200 len: 1170 time: 0.0970843
2026-04-07 01:11:48.821 9 INFO neutron.wsgi [req-3794fbc4-383a-470f-92af-5f6d746aab9f req-be1ec59c-faf2-4065-ad22-83c99f220b01 8b02e7fe77bd4285bf18c4b63098e655 fba2abbbe52640508e36beb0823221a7 - - default default] 10.0.0.136 "GET /v2.0/security-groups?id=2cb4f99c-44a6-4cb5-bf88-e03c60f65ffc&fields=id&fields=name HTTP/1.1" status: 200 len: 312 time: 0.0978596
2026-04-07 01:11:48.828 9 INFO neutron.db.ovn_revision_numbers_db [None req-c1ea6576-589e-4ae1-bf9f-a7e0d32de9c7 - - - - - -] Successfully bumped revision number for resource ab4e9b5c-b0bb-46c2-8a44-c862f875b318 (type: ports) to 2
2026-04-07 01:11:49.094 9 INFO neutron.plugins.ml2.drivers.ovn.mech_driver.mech_driver [None req-f9543b37-866a-4dad-8baa-eb3fbf3e386f - - - - - -] OVN reports status up for port: 2c3986e7-b74a-4f64-99f3-510416eb90ee
2026-04-07 01:11:49.128 9 INFO neutron.plugins.ml2.plugin [None req-f9543b37-866a-4dad-8baa-eb3fbf3e386f - - - - - -] Attempt 1 to provision port 2c3986e7-b74a-4f64-99f3-510416eb90ee
2026-04-07 01:11:49.153 9 INFO neutron.db.ovn_revision_numbers_db [None req-7f45ea73-e74a-4dda-898f-8dd10627d1cd dc35760bae544eddadfd48d264f8e1e4 1e312ab7abc54abea284063e58060ebd - - default default] Successfully bumped revision number for resource 2c3986e7-b74a-4f64-99f3-510416eb90ee (type: ports) to 1
2026-04-07 01:11:49.342 10 INFO neutron.db.ovn_revision_numbers_db [None req-40c0ae46-948e-4418-95a2-92f3590c220b dc35760bae544eddadfd48d264f8e1e4 1e312ab7abc54abea284063e58060ebd - - default default] Successfully bumped revision number for resource 82d0b5c3-bf36-4fa6-a290-e85564817cf8 (type: router_ports) to 1
2026-04-07 01:11:49.349 10 INFO neutron.wsgi [None req-40c0ae46-948e-4418-95a2-92f3590c220b dc35760bae544eddadfd48d264f8e1e4 1e312ab7abc54abea284063e58060ebd - - default default] 10.0.0.154 "PUT /v2.0/routers/a665bff6-bc44-4c1c-a1a0-c628227f6b96/add_router_interface HTTP/1.1" status: 200 len: 503 time: 2.8538253
2026-04-07 01:11:49.371 9 WARNING neutron.scheduler.dhcp_agent_scheduler [None req-7f45ea73-e74a-4dda-898f-8dd10627d1cd dc35760bae544eddadfd48d264f8e1e4 1e312ab7abc54abea284063e58060ebd - - default default] No more DHCP agents
2026-04-07 01:11:49.379 9 WARNING neutron.api.rpc.agentnotifiers.dhcp_rpc_agent_api [None req-7f45ea73-e74a-4dda-898f-8dd10627d1cd dc35760bae544eddadfd48d264f8e1e4 1e312ab7abc54abea284063e58060ebd - - default default] Unable to schedule network 406e9bd8-d0b7-446c-ae68-6b7675614acc: no agents available; will retry on subsequent port and subnet creation events.
2026-04-07 01:11:49.951 9 INFO neutron.db.ovn_revision_numbers_db [None req-c1ea6576-589e-4ae1-bf9f-a7e0d32de9c7 - - - - - -] Successfully bumped revision number for resource ab4e9b5c-b0bb-46c2-8a44-c862f875b318 (type: ports) to 4
2026-04-07 01:11:50.028 10 INFO neutron.wsgi [req-d70bc1f1-2a29-4852-999b-15dbbfe1f40b req-f6d235c0-6042-4cdf-969c-5904f2cd3a34 8b02e7fe77bd4285bf18c4b63098e655 fba2abbbe52640508e36beb0823221a7 - - default default] 10.0.0.136 "GET /v2.0/ports?device_id=a53fd870-1289-4ceb-b4b3-542fc442457f HTTP/1.1" status: 200 len: 1170 time: 0.1326518
2026-04-07 01:11:50.094 10 INFO neutron.wsgi [req-d70bc1f1-2a29-4852-999b-15dbbfe1f40b req-8653df3d-8cc5-4a6e-b381-bd9bf0c8584e 8b02e7fe77bd4285bf18c4b63098e655 fba2abbbe52640508e36beb0823221a7 - - default default] 10.0.0.136 "GET /v2.0/security-groups?id=2cb4f99c-44a6-4cb5-bf88-e03c60f65ffc&fields=id&fields=name HTTP/1.1" status: 200 len: 312 time: 0.0576673
2026-04-07 01:11:50.252 10 INFO neutron.wsgi [req-fc4ee4ca-1abd-483f-9d4d-28cb90fcdf8e req-f5f85c8f-10c2-4b79-90d7-ea2f3d6f1f12 8b02e7fe77bd4285bf18c4b63098e655 fba2abbbe52640508e36beb0823221a7 - - default default] 10.0.0.136 "GET /v2.0/ports?device_id=a53fd870-1289-4ceb-b4b3-542fc442457f HTTP/1.1" status: 200 len: 1170 time: 0.0443544
2026-04-07 01:11:50.433 9 INFO neutron.wsgi [req-5549663a-0873-4d4b-bbfa-aeb91c44fec0 req-5deb22f9-883d-43ab-83c3-bf43fd15974e 8c3333eaa1a1404c85c410760cfd18c2 d654dcdea8894a8a99af0b0c6cbc329b - - default default] 10.0.0.136 "GET /v2.0/networks?id=bd4c3489-ea76-40fb-b097-8dc2822c79de HTTP/1.1" status: 200 len: 876 time: 0.2318122
2026-04-07 01:11:50.497 9 INFO neutron.wsgi [req-5549663a-0873-4d4b-bbfa-aeb91c44fec0 req-a7814bb7-788a-45c1-b78a-dc043df63f79 8c3333eaa1a1404c85c410760cfd18c2 d654dcdea8894a8a99af0b0c6cbc329b - - default default] 10.0.0.136 "GET /v2.0/quotas/d654dcdea8894a8a99af0b0c6cbc329b HTTP/1.1" status: 200 len: 491 time: 0.0411153
2026-04-07 01:11:50.938 9 INFO neutron.db.ovn_revision_numbers_db [None req-f9543b37-866a-4dad-8baa-eb3fbf3e386f - - - - - -] Successfully bumped revision number for resource 2c3986e7-b74a-4f64-99f3-510416eb90ee (type: ports) to 2
2026-04-07 01:11:51.021 9 INFO neutron.wsgi [req-5549663a-0873-4d4b-bbfa-aeb91c44fec0 req-014543bb-610f-44c5-a2b9-bcb56d0347bb 8c3333eaa1a1404c85c410760cfd18c2 d654dcdea8894a8a99af0b0c6cbc329b - - default default] 10.0.0.136 "GET /v2.0/ports?tenant_id=d654dcdea8894a8a99af0b0c6cbc329b&fields=id HTTP/1.1" status: 200 len: 302 time: 0.5081716
2026-04-07 01:11:51.121 10 INFO neutron.db.ovn_revision_numbers_db [None req-2637b715-46ad-4a7f-a2d2-45019096d1b8 8b02e7fe77bd4285bf18c4b63098e655 fba2abbbe52640508e36beb0823221a7 - - default default] Successfully bumped revision number for resource 0bf0a51a-9552-4492-936d-5889a6a30150 (type: floatingips) to 1
2026-04-07 01:11:51.210 9 INFO neutron.wsgi [req-5549663a-0873-4d4b-bbfa-aeb91c44fec0 req-53642014-03f2-445b-a0f1-daf4c173bc43 2426283c74ff431aa9164d5fcca4c91d 2e50f0f865df492ba6e9176720962798 - - 94fea3911c3249d7b72d093d27ede76e 94fea3911c3249d7b72d093d27ede76e] 10.0.0.136 "GET /v2.0/networks/bd4c3489-ea76-40fb-b097-8dc2822c79de?fields=segments HTTP/1.1" status: 200 len: 212 time: 0.1770272
