2026-04-07 01:15:44.582 9 INFO neutron.db.ovn_revision_numbers_db [None req-cd8abcc1-6629-4ebf-bbdf-8020ba2d5f61 56b4317c775c48b9ba5814b7e0a2fcdf a334445c55f3454baa65533668ced05c - - default default] Successfully bumped revision number for resource 2fb81217-a634-4d97-bd2d-8ae66a29d133 (type: security_groups) to 1
2026-04-07 01:15:44.585 10 INFO neutron.wsgi [None req-dca31df7-2bc5-42f0-85d0-2a3ff8499ac1 3823a733b30f4c61a832a2b4fb8c1e99 96eb963cfbdd4b68872b4f317d19d173 - - default default] 10.0.0.154 "PUT /v2.0/ports/06a0287c-8a86-4bc9-836e-795d03db587b/tags/red HTTP/1.1" status: 201 len: 201 time: 0.0390723
2026-04-07 01:15:44.598 9 INFO neutron.db.ovn_revision_numbers_db [None req-cd8abcc1-6629-4ebf-bbdf-8020ba2d5f61 56b4317c775c48b9ba5814b7e0a2fcdf a334445c55f3454baa65533668ced05c - - default default] Successfully bumped revision number for resource 029d9b78-aba1-406f-87d3-d93f70b75a38 (type: security_group_rules) to 0
2026-04-07 01:15:44.617 9 INFO neutron.db.ovn_revision_numbers_db [None req-cd8abcc1-6629-4ebf-bbdf-8020ba2d5f61 56b4317c775c48b9ba5814b7e0a2fcdf a334445c55f3454baa65533668ced05c - - default default] Successfully bumped revision number for resource 37d7c6b0-dda2-4413-b339-bef8899ecd0e (type: security_group_rules) to 0
2026-04-07 01:15:44.634 10 INFO neutron.wsgi [None req-e7e8e2ac-229b-4d9f-a726-8a1c6b42600a 3823a733b30f4c61a832a2b4fb8c1e99 96eb963cfbdd4b68872b4f317d19d173 - - default default] 10.0.0.154 "GET /v2.0/ports/06a0287c-8a86-4bc9-836e-795d03db587b/tags HTTP/1.1" status: 200 len: 227 time: 0.0432150
2026-04-07 01:15:44.640 9 INFO neutron.db.ovn_revision_numbers_db [None req-cd8abcc1-6629-4ebf-bbdf-8020ba2d5f61 56b4317c775c48b9ba5814b7e0a2fcdf a334445c55f3454baa65533668ced05c - - default default] Successfully bumped revision number for resource dbbae632-b287-4a8a-86d9-bd393e0b1232 (type: security_group_rules) to 0
2026-04-07 01:15:44.658 9 INFO neutron.db.ovn_revision_numbers_db [None req-cd8abcc1-6629-4ebf-bbdf-8020ba2d5f61 56b4317c775c48b9ba5814b7e0a2fcdf a334445c55f3454baa65533668ced05c - - default default] Successfully bumped revision number for resource de169d6c-af2d-4105-89a1-7aa45f258f93 (type: security_group_rules) to 0
2026-04-07 01:15:44.687 10 INFO neutron.wsgi [None req-370caa7f-aaf1-4313-a5cd-384c0dee5592 3823a733b30f4c61a832a2b4fb8c1e99 96eb963cfbdd4b68872b4f317d19d173 - - default default] 10.0.0.154 "PUT /v2.0/ports/06a0287c-8a86-4bc9-836e-795d03db587b/tags/black.or.white HTTP/1.1" status: 201 len: 201 time: 0.0474422
2026-04-07 01:15:44.724 9 INFO neutron.db.ovn_revision_numbers_db [None req-3df79dc0-1bad-4863-9a91-f9e89ef04b56 3bb58996b26244de84521ed1414ff5f0 dd88c0448a43495aaf7fd8d4ee9e01df - - default default] Successfully bumped revision number for resource 55938c36-7127-40b3-8be5-46befeedc882 (type: security_groups) to 1
2026-04-07 01:15:44.725 9 INFO neutron.db.segments_db [None req-cd8abcc1-6629-4ebf-bbdf-8020ba2d5f61 56b4317c775c48b9ba5814b7e0a2fcdf a334445c55f3454baa65533668ced05c - - default default] Added segment 2b8bd2d5-5b7e-43c7-81c8-437e548a0552 of type geneve for network 1e1f62ad-abee-4d13-9b09-840f4472bb2e
2026-04-07 01:15:44.732 10 INFO neutron.wsgi [None req-4a8126f2-ab62-411d-8d12-be813183e1a3 3823a733b30f4c61a832a2b4fb8c1e99 96eb963cfbdd4b68872b4f317d19d173 - - default default] 10.0.0.154 "GET /v2.0/ports/06a0287c-8a86-4bc9-836e-795d03db587b/tags HTTP/1.1" status: 200 len: 245 time: 0.0399082
2026-04-07 01:15:44.745 9 INFO neutron.db.ovn_revision_numbers_db [None req-3df79dc0-1bad-4863-9a91-f9e89ef04b56 3bb58996b26244de84521ed1414ff5f0 dd88c0448a43495aaf7fd8d4ee9e01df - - default default] Successfully bumped revision number for resource 264c717e-8f9a-4022-a3f7-3f4b091d77c4 (type: security_group_rules) to 0
2026-04-07 01:15:44.779 9 INFO neutron.db.ovn_revision_numbers_db [None req-3df79dc0-1bad-4863-9a91-f9e89ef04b56 3bb58996b26244de84521ed1414ff5f0 dd88c0448a43495aaf7fd8d4ee9e01df - - default default] Successfully bumped revision number for resource 56f5ba14-0ae4-4c2a-a29e-ba9f9c0e7fa1 (type: security_group_rules) to 0
2026-04-07 01:15:44.784 10 INFO neutron.wsgi [None req-075a5c2f-0310-4b6f-a775-1c803cc48f57 3823a733b30f4c61a832a2b4fb8c1e99 96eb963cfbdd4b68872b4f317d19d173 - - default default] 10.0.0.154 "PUT /v2.0/ports/06a0287c-8a86-4bc9-836e-795d03db587b/tags HTTP/1.1" status: 200 len: 230 time: 0.0460560
2026-04-07 01:15:44.800 9 INFO neutron.db.ovn_revision_numbers_db [None req-3df79dc0-1bad-4863-9a91-f9e89ef04b56 3bb58996b26244de84521ed1414ff5f0 dd88c0448a43495aaf7fd8d4ee9e01df - - default default] Successfully bumped revision number for resource 7872dc4f-064c-4682-ba93-e216bc40dcee (type: security_group_rules) to 0
2026-04-07 01:15:44.820 9 INFO neutron.db.ovn_revision_numbers_db [None req-3df79dc0-1bad-4863-9a91-f9e89ef04b56 3bb58996b26244de84521ed1414ff5f0 dd88c0448a43495aaf7fd8d4ee9e01df - - default default] Successfully bumped revision number for resource b9c7a611-f8a7-4568-8d74-25943052d34d (type: security_group_rules) to 0
2026-04-07 01:15:44.832 10 INFO neutron.wsgi [None req-1ec8f57e-e61a-4549-b825-c7fe23e46e57 3823a733b30f4c61a832a2b4fb8c1e99 96eb963cfbdd4b68872b4f317d19d173 - - default default] 10.0.0.154 "GET /v2.0/ports/06a0287c-8a86-4bc9-836e-795d03db587b/tags HTTP/1.1" status: 200 len: 230 time: 0.0447385
2026-04-07 01:15:44.890 10 INFO neutron.wsgi [None req-5d0bd240-fa02-411c-b086-f7a4923162fa 3823a733b30f4c61a832a2b4fb8c1e99 96eb963cfbdd4b68872b4f317d19d173 - - default default] 10.0.0.154 "GET /v2.0/ports/06a0287c-8a86-4bc9-836e-795d03db587b/tags/red HTTP/1.1" status: 204 len: 168 time: 0.0493753
2026-04-07 01:15:44.891 9 INFO neutron.db.segments_db [None req-3df79dc0-1bad-4863-9a91-f9e89ef04b56 3bb58996b26244de84521ed1414ff5f0 dd88c0448a43495aaf7fd8d4ee9e01df - - default default] Added segment 5f3873b8-b7fb-4c1f-856d-f701c97c2e3e of type geneve for network cffaedcc-e845-43c3-82b5-d59244393608
2026-04-07 01:15:44.903 9 INFO neutron.db.ovn_revision_numbers_db [None req-cd8abcc1-6629-4ebf-bbdf-8020ba2d5f61 56b4317c775c48b9ba5814b7e0a2fcdf a334445c55f3454baa65533668ced05c - - default default] Successfully bumped revision number for resource 1e1f62ad-abee-4d13-9b09-840f4472bb2e (type: networks) to 1
2026-04-07 01:15:44.936 10 INFO neutron.api.v2.resource [None req-f6f69ca6-43ff-4f4d-b201-c7d347dd41bb 3823a733b30f4c61a832a2b4fb8c1e99 96eb963cfbdd4b68872b4f317d19d173 - - default default] show failed (client error): The resource could not be found.
2026-04-07 01:15:44.937 10 INFO neutron.wsgi [None req-f6f69ca6-43ff-4f4d-b201-c7d347dd41bb 3823a733b30f4c61a832a2b4fb8c1e99 96eb963cfbdd4b68872b4f317d19d173 - - default default] 10.0.0.154 "GET /v2.0/ports/06a0287c-8a86-4bc9-836e-795d03db587b/tags/green HTTP/1.1" status: 404 len: 299 time: 0.0411339
2026-04-07 01:15:44.998 10 INFO neutron.wsgi [None req-8c22af4e-cadd-4d9e-a169-a0d2fd5811c7 3823a733b30f4c61a832a2b4fb8c1e99 96eb963cfbdd4b68872b4f317d19d173 - - default default] 10.0.0.154 "DELETE /v2.0/ports/06a0287c-8a86-4bc9-836e-795d03db587b/tags/red HTTP/1.1" status: 204 len: 168 time: 0.0541575
2026-04-07 01:15:45.045 10 INFO neutron.wsgi [None req-5dec196c-4bd0-4f83-8c47-81ea548f7b93 3823a733b30f4c61a832a2b4fb8c1e99 96eb963cfbdd4b68872b4f317d19d173 - - default default] 10.0.0.154 "GET /v2.0/ports/06a0287c-8a86-4bc9-836e-795d03db587b/tags HTTP/1.1" status: 200 len: 223 time: 0.0395906
2026-04-07 01:15:45.357 9 INFO neutron.db.ovn_revision_numbers_db [None req-3df79dc0-1bad-4863-9a91-f9e89ef04b56 3bb58996b26244de84521ed1414ff5f0 dd88c0448a43495aaf7fd8d4ee9e01df - - default default] Successfully bumped revision number for resource cffaedcc-e845-43c3-82b5-d59244393608 (type: networks) to 1
2026-04-07 01:15:45.375 9 INFO neutron.api.v2.resource [None req-6de033f4-07a5-41e7-a473-41fa12129f7e 3823a733b30f4c61a832a2b4fb8c1e99 96eb963cfbdd4b68872b4f317d19d173 - - default default] delete failed (client error): The resource could not be found.
2026-04-07 01:15:45.376 9 INFO neutron.wsgi [None req-6de033f4-07a5-41e7-a473-41fa12129f7e 3823a733b30f4c61a832a2b4fb8c1e99 96eb963cfbdd4b68872b4f317d19d173 - - default default] 10.0.0.154 "DELETE /v2.0/ports/06a0287c-8a86-4bc9-836e-795d03db587b/tags/green HTTP/1.1" status: 404 len: 299 time: 0.3221653
2026-04-07 01:15:45.430 9 WARNING neutron.scheduler.dhcp_agent_scheduler [None req-cd8abcc1-6629-4ebf-bbdf-8020ba2d5f61 56b4317c775c48b9ba5814b7e0a2fcdf a334445c55f3454baa65533668ced05c - - default default] No more DHCP agents
2026-04-07 01:15:45.433 9 WARNING neutron.api.rpc.agentnotifiers.dhcp_rpc_agent_api [None req-cd8abcc1-6629-4ebf-bbdf-8020ba2d5f61 56b4317c775c48b9ba5814b7e0a2fcdf a334445c55f3454baa65533668ced05c - - default default] Unable to schedule network 1e1f62ad-abee-4d13-9b09-840f4472bb2e: no agents available; will retry on subsequent port and subnet creation events.
2026-04-07 01:15:45.438 10 INFO neutron.wsgi [None req-63c982ac-69f0-4670-ba09-08fdcd5cc8ce 3823a733b30f4c61a832a2b4fb8c1e99 96eb963cfbdd4b68872b4f317d19d173 - - default default] 10.0.0.154 "DELETE /v2.0/ports/06a0287c-8a86-4bc9-836e-795d03db587b/tags HTTP/1.1" status: 204 len: 168 time: 0.0561173
2026-04-07 01:15:45.481 10 INFO neutron.wsgi [None req-8be7ddcb-eb1e-4997-868b-25526a5242e0 3823a733b30f4c61a832a2b4fb8c1e99 96eb963cfbdd4b68872b4f317d19d173 - - default default] 10.0.0.154 "GET /v2.0/ports/06a0287c-8a86-4bc9-836e-795d03db587b/tags HTTP/1.1" status: 200 len: 205 time: 0.0372229
2026-04-07 01:15:45.564 9 INFO neutron.db.ovn_revision_numbers_db [None req-cd8abcc1-6629-4ebf-bbdf-8020ba2d5f61 56b4317c775c48b9ba5814b7e0a2fcdf a334445c55f3454baa65533668ced05c - - default default] Successfully bumped revision number for resource 202d32cc-84f1-4dbf-9bf2-d7251d100d0b (type: ports) to 1
2026-04-07 01:15:45.597 9 INFO neutron.wsgi [None req-cd8abcc1-6629-4ebf-bbdf-8020ba2d5f61 56b4317c775c48b9ba5814b7e0a2fcdf a334445c55f3454baa65533668ced05c - - default default] 10.0.0.154 "POST /v2.0/networks HTTP/1.1" status: 201 len: 838 time: 1.3274682
2026-04-07 01:15:45.616 9 WARNING neutron_lib.context [None req-ace1d589-ee8b-411c-9600-51e7d51a7366 56b4317c775c48b9ba5814b7e0a2fcdf a334445c55f3454baa65533668ced05c - - default default] Method 'is_advsvc' is deprecated since 2023.2 release (neutron-lib 3.8.0) and will be removed once support for the old RBAC API policies will be removed from Neutron. Please use method 'is_service_role' instead.
2026-04-07 01:15:45.646 9 WARNING neutron.scheduler.dhcp_agent_scheduler [None req-3df79dc0-1bad-4863-9a91-f9e89ef04b56 3bb58996b26244de84521ed1414ff5f0 dd88c0448a43495aaf7fd8d4ee9e01df - - default default] No more DHCP agents
2026-04-07 01:15:45.651 9 WARNING neutron.api.rpc.agentnotifiers.dhcp_rpc_agent_api [None req-3df79dc0-1bad-4863-9a91-f9e89ef04b56 3bb58996b26244de84521ed1414ff5f0 dd88c0448a43495aaf7fd8d4ee9e01df - - default default] Unable to schedule network cffaedcc-e845-43c3-82b5-d59244393608: no agents available; will retry on subsequent port and subnet creation events.
2026-04-07 01:15:45.796 9 INFO neutron.db.ovn_revision_numbers_db [None req-3df79dc0-1bad-4863-9a91-f9e89ef04b56 3bb58996b26244de84521ed1414ff5f0 dd88c0448a43495aaf7fd8d4ee9e01df - - default default] Successfully bumped revision number for resource 2f1b7776-8eca-4f7d-b996-deec4172ce01 (type: ports) to 1
2026-04-07 01:15:45.835 9 INFO neutron.wsgi [None req-3df79dc0-1bad-4863-9a91-f9e89ef04b56 3bb58996b26244de84521ed1414ff5f0 dd88c0448a43495aaf7fd8d4ee9e01df - - default default] 10.0.0.154 "POST /v2.0/networks HTTP/1.1" status: 201 len: 831 time: 1.3271141
2026-04-07 01:15:45.848 10 WARNING neutron_lib.context [None req-417e6d1f-ffbb-4907-8229-30ffbdfec038 3bb58996b26244de84521ed1414ff5f0 dd88c0448a43495aaf7fd8d4ee9e01df - - default default] Method 'is_advsvc' is deprecated since 2023.2 release (neutron-lib 3.8.0) and will be removed once support for the old RBAC API policies will be removed from Neutron. Please use method 'is_service_role' instead.
2026-04-07 01:15:45.857 10 INFO neutron.wsgi [None req-f18f75c1-f898-45f8-ae8d-6e097867efbb 3823a733b30f4c61a832a2b4fb8c1e99 96eb963cfbdd4b68872b4f317d19d173 - - default default] 10.0.0.154 "DELETE /v2.0/ports/06a0287c-8a86-4bc9-836e-795d03db587b HTTP/1.1" status: 204 len: 168 time: 0.3695860
2026-04-07 01:15:45.944 9 WARNING neutron.scheduler.dhcp_agent_scheduler [None req-ace1d589-ee8b-411c-9600-51e7d51a7366 56b4317c775c48b9ba5814b7e0a2fcdf a334445c55f3454baa65533668ced05c - - default default] No more DHCP agents
2026-04-07 01:15:45.947 9 WARNING neutron.api.rpc.agentnotifiers.dhcp_rpc_agent_api [None req-ace1d589-ee8b-411c-9600-51e7d51a7366 56b4317c775c48b9ba5814b7e0a2fcdf a334445c55f3454baa65533668ced05c - - default default] Unable to schedule network 1e1f62ad-abee-4d13-9b09-840f4472bb2e: no agents available; will retry on subsequent port and subnet creation events.
2026-04-07 01:15:46.169 10 WARNING neutron.scheduler.dhcp_agent_scheduler [None req-417e6d1f-ffbb-4907-8229-30ffbdfec038 3bb58996b26244de84521ed1414ff5f0 dd88c0448a43495aaf7fd8d4ee9e01df - - default default] No more DHCP agents
2026-04-07 01:15:46.173 10 WARNING neutron.api.rpc.agentnotifiers.dhcp_rpc_agent_api [None req-417e6d1f-ffbb-4907-8229-30ffbdfec038 3bb58996b26244de84521ed1414ff5f0 dd88c0448a43495aaf7fd8d4ee9e01df - - default default] Unable to schedule network cffaedcc-e845-43c3-82b5-d59244393608: no agents available; will retry on subsequent port and subnet creation events.
2026-04-07 01:15:46.454 10 INFO neutron.services.segments.plugin [-] Segment c0de33e0-c0f4-4dea-b52c-37d1fe493911 resource provider aggregate not found
2026-04-07 01:15:46.462 10 INFO neutron.services.segments.plugin [-] Segment c0de33e0-c0f4-4dea-b52c-37d1fe493911 resource provider aggregate not found
2026-04-07 01:15:46.475 10 INFO neutron.services.segments.plugin [-] Segment c0de33e0-c0f4-4dea-b52c-37d1fe493911 resource provider not found; error: Placement Client Error (4xx): {"errors": [{"status": 404, "title": "Not Found", "detail": "The resource could not be found.\n\n No resource provider with uuid c0de33e0-c0f4-4dea-b52c-37d1fe493911 found for delete ", "request_id": "req-e6179e87-9534-4fba-ba89-6e2e928ec6a7"}]}
2026-04-07 01:15:46.483 10 INFO neutron.services.segments.plugin [-] Segment c0de33e0-c0f4-4dea-b52c-37d1fe493911 resource provider not found; error: Placement Client Error (4xx): {"errors": [{"status": 404, "title": "Not Found", "detail": "The resource could not be found.\n\n No resource provider with uuid c0de33e0-c0f4-4dea-b52c-37d1fe493911 found for delete ", "request_id": "req-66ed30b6-bc30-4221-ac2b-62c51dca78b9"}]}
2026-04-07 01:15:46.495 10 INFO neutron.wsgi [None req-b682a631-4c16-40c8-a914-0ed67a3ab260 3823a733b30f4c61a832a2b4fb8c1e99 96eb963cfbdd4b68872b4f317d19d173 - - default default] 10.0.0.154 "DELETE /v2.0/networks/51cbcfec-8e76-49ef-b27a-9b258a1a3c1d HTTP/1.1" status: 204 len: 168 time: 0.6307633
2026-04-07 01:15:46.560 9 INFO neutron.db.ovn_revision_numbers_db [None req-ace1d589-ee8b-411c-9600-51e7d51a7366 56b4317c775c48b9ba5814b7e0a2fcdf a334445c55f3454baa65533668ced05c - - default default] Successfully bumped revision number for resource 202d32cc-84f1-4dbf-9bf2-d7251d100d0b (type: ports) to 2
2026-04-07 01:15:46.612 9 INFO neutron.db.ovn_revision_numbers_db [None req-ace1d589-ee8b-411c-9600-51e7d51a7366 56b4317c775c48b9ba5814b7e0a2fcdf a334445c55f3454baa65533668ced05c - - default default] Successfully bumped revision number for resource 6055c2a6-0ed5-498e-83b8-8d3809113693 (type: subnets) to 0
2026-04-07 01:15:46.628 9 INFO neutron.wsgi [None req-ace1d589-ee8b-411c-9600-51e7d51a7366 56b4317c775c48b9ba5814b7e0a2fcdf a334445c55f3454baa65533668ced05c - - default default] 10.0.0.154 "POST /v2.0/subnets HTTP/1.1" status: 201 len: 833 time: 1.0196621
2026-04-07 01:15:46.831 9 INFO neutron.wsgi [None req-95356ce9-a5c5-4e18-a9bb-f532a4f02d90 c697f494e41d4b598b304f22a1a42aa7 458ca30c96f340c1a8698a5ce3479ae7 - - default default] 10.0.0.154 "GET /v2.0/subnetpools?name=shared-default-subnetpool-v6 HTTP/1.1" status: 200 len: 212 time: 0.1969423
2026-04-07 01:15:46.841 9 WARNING neutron_lib.context [None req-cd9cccc6-4c93-4763-a2fa-075b72a09918 56b4317c775c48b9ba5814b7e0a2fcdf a334445c55f3454baa65533668ced05c - - default default] Method 'is_advsvc' is deprecated since 2023.2 release (neutron-lib 3.8.0) and will be removed once support for the old RBAC API policies will be removed from Neutron. Please use method 'is_service_role' instead.
2026-04-07 01:15:46.917 10 INFO neutron.db.ovn_revision_numbers_db [None req-417e6d1f-ffbb-4907-8229-30ffbdfec038 3bb58996b26244de84521ed1414ff5f0 dd88c0448a43495aaf7fd8d4ee9e01df - - default default] Successfully bumped revision number for resource 2f1b7776-8eca-4f7d-b996-deec4172ce01 (type: ports) to 2
2026-04-07 01:15:46.989 10 INFO neutron.db.ovn_revision_numbers_db [None req-417e6d1f-ffbb-4907-8229-30ffbdfec038 3bb58996b26244de84521ed1414ff5f0 dd88c0448a43495aaf7fd8d4ee9e01df - - default default] Successfully bumped revision number for resource 10b22e54-7788-4f38-8eae-b3060b377447 (type: subnets) to 0
2026-04-07 01:15:47.018 10 INFO neutron.wsgi [None req-417e6d1f-ffbb-4907-8229-30ffbdfec038 3bb58996b26244de84521ed1414ff5f0 dd88c0448a43495aaf7fd8d4ee9e01df - - default default] 10.0.0.154 "POST /v2.0/subnets HTTP/1.1" status: 201 len: 801 time: 1.1757867
2026-04-07 01:15:47.096 10 INFO neutron.wsgi [None req-c91194b3-7315-4fc8-8e71-f741bf300298 3bb58996b26244de84521ed1414ff5f0 dd88c0448a43495aaf7fd8d4ee9e01df - - default default] 10.0.0.154 "PUT /v2.0/subnets/10b22e54-7788-4f38-8eae-b3060b377447/tags HTTP/1.1" status: 200 len: 218 time: 0.0730257
2026-04-07 01:15:47.140 10 INFO neutron.wsgi [None req-02b378fd-fa88-4c11-b0fa-55695b4c8dd6 3bb58996b26244de84521ed1414ff5f0 dd88c0448a43495aaf7fd8d4ee9e01df - - default default] 10.0.0.154 "GET /v2.0/subnets/10b22e54-7788-4f38-8eae-b3060b377447/tags HTTP/1.1" status: 200 len: 218 time: 0.0388236
2026-04-07 01:15:47.142 9 WARNING neutron.scheduler.dhcp_agent_scheduler [None req-cd9cccc6-4c93-4763-a2fa-075b72a09918 56b4317c775c48b9ba5814b7e0a2fcdf a334445c55f3454baa65533668ced05c - - default default] No more DHCP agents
2026-04-07 01:15:47.145 9 WARNING neutron.api.rpc.agentnotifiers.dhcp_rpc_agent_api [None req-cd9cccc6-4c93-4763-a2fa-075b72a09918 56b4317c775c48b9ba5814b7e0a2fcdf a334445c55f3454baa65533668ced05c - - default default] Unable to schedule network 1e1f62ad-abee-4d13-9b09-840f4472bb2e: no agents available; will retry on subsequent port and subnet creation events.
2026-04-07 01:15:47.179 9 INFO neutron.db.ovn_revision_numbers_db [None req-cd9cccc6-4c93-4763-a2fa-075b72a09918 56b4317c775c48b9ba5814b7e0a2fcdf a334445c55f3454baa65533668ced05c - - default default] Successfully bumped revision number for resource 801a83d6-7bdd-4c82-859d-b345880a5f9f (type: subnets) to 0
2026-04-07 01:15:47.196 9 INFO neutron.wsgi [None req-cd9cccc6-4c93-4763-a2fa-075b72a09918 56b4317c775c48b9ba5814b7e0a2fcdf a334445c55f3454baa65533668ced05c - - default default] 10.0.0.154 "POST /v2.0/subnets HTTP/1.1" status: 201 len: 907 time: 0.3605869
2026-04-07 01:15:47.204 10 WARNING neutron_lib.context [None req-48a35c5e-df9e-4721-9056-2318e5cdf06b 56b4317c775c48b9ba5814b7e0a2fcdf a334445c55f3454baa65533668ced05c - - default default] Method 'is_advsvc' is deprecated since 2023.2 release (neutron-lib 3.8.0) and will be removed once support for the old RBAC API policies will be removed from Neutron. Please use method 'is_service_role' instead.
2026-04-07 01:15:47.209 10 INFO neutron.wsgi [None req-e8b86340-9653-4080-97b8-5430d6528bd3 3bb58996b26244de84521ed1414ff5f0 dd88c0448a43495aaf7fd8d4ee9e01df - - default default] 10.0.0.154 "PUT /v2.0/subnets/10b22e54-7788-4f38-8eae-b3060b377447/tags/green HTTP/1.1" status: 201 len: 201 time: 0.0643668
2026-04-07 01:15:47.277 9 INFO neutron.wsgi [None req-747b0fc6-7b7b-40ac-83ed-898c6843dbec 3bb58996b26244de84521ed1414ff5f0 dd88c0448a43495aaf7fd8d4ee9e01df - - default default] 10.0.0.154 "GET /v2.0/subnets/10b22e54-7788-4f38-8eae-b3060b377447/tags HTTP/1.1" status: 200 len: 227 time: 0.0618711
2026-04-07 01:15:47.291 10 INFO neutron.db.segments_db [None req-48a35c5e-df9e-4721-9056-2318e5cdf06b 56b4317c775c48b9ba5814b7e0a2fcdf a334445c55f3454baa65533668ced05c - - default default] Added segment a65d088c-e912-4e7e-9e72-13da0cd06a19 of type geneve for network 7a9a22de-ed79-465a-8316-c3a526896b29
2026-04-07 01:15:47.322 9 INFO neutron.wsgi [None req-7a95a1ae-3c87-4610-8968-43ef9eacad73 3bb58996b26244de84521ed1414ff5f0 dd88c0448a43495aaf7fd8d4ee9e01df - - default default] 10.0.0.154 "PUT /v2.0/subnets/10b22e54-7788-4f38-8eae-b3060b377447/tags/red HTTP/1.1" status: 201 len: 201 time: 0.0405960
2026-04-07 01:15:47.410 10 INFO neutron.wsgi [None req-00dcba8c-0314-4013-8879-0374a84b7658 dc35760bae544eddadfd48d264f8e1e4 1e312ab7abc54abea284063e58060ebd - - default default] 10.0.0.154 "GET /v2.0/security-groups?tenant_id=96eb963cfbdd4b68872b4f317d19d173&name=default HTTP/1.1" status: 200 len: 3120 time: 0.2257609
2026-04-07 01:15:47.416 10 INFO neutron.wsgi [None req-a2465e45-3424-4572-b338-4aea2310a732 3bb58996b26244de84521ed1414ff5f0 dd88c0448a43495aaf7fd8d4ee9e01df - - default default] 10.0.0.154 "GET /v2.0/subnets/10b22e54-7788-4f38-8eae-b3060b377447/tags HTTP/1.1" status: 200 len: 227 time: 0.0876615
2026-04-07 01:15:47.497 10 INFO neutron.db.ovn_revision_numbers_db [None req-48a35c5e-df9e-4721-9056-2318e5cdf06b 56b4317c775c48b9ba5814b7e0a2fcdf a334445c55f3454baa65533668ced05c - - default default] Successfully bumped revision number for resource 7a9a22de-ed79-465a-8316-c3a526896b29 (type: networks) to 1
2026-04-07 01:15:47.498 9 INFO neutron.wsgi [None req-76a80bfe-63a6-4e22-8e4a-e289457aa93a 3bb58996b26244de84521ed1414ff5f0 dd88c0448a43495aaf7fd8d4ee9e01df - - default default] 10.0.0.154 "PUT /v2.0/subnets/10b22e54-7788-4f38-8eae-b3060b377447/tags/black.or.white HTTP/1.1" status: 201 len: 201 time: 0.0725918
2026-04-07 01:15:47.570 10 INFO neutron.wsgi [None req-4ce53646-e2bb-446b-9ef1-a6c2e3ccf3ae 3bb58996b26244de84521ed1414ff5f0 dd88c0448a43495aaf7fd8d4ee9e01df - - default default] 10.0.0.154 "GET /v2.0/subnets/10b22e54-7788-4f38-8eae-b3060b377447/tags HTTP/1.1" status: 200 len: 245 time: 0.0682480
2026-04-07 01:15:47.643 9 INFO neutron.wsgi [None req-8283cf9d-098d-425f-8484-1139a4882711 3bb58996b26244de84521ed1414ff5f0 dd88c0448a43495aaf7fd8d4ee9e01df - - default default] 10.0.0.154 "PUT /v2.0/subnets/10b22e54-7788-4f38-8eae-b3060b377447/tags HTTP/1.1" status: 200 len: 230 time: 0.0649951
2026-04-07 01:15:47.698 9 INFO neutron.wsgi [None req-4d03c4a5-cde9-40fc-9b5b-4e25d5a4e603 3bb58996b26244de84521ed1414ff5f0 dd88c0448a43495aaf7fd8d4ee9e01df - - default default] 10.0.0.154 "GET /v2.0/subnets/10b22e54-7788-4f38-8eae-b3060b377447/tags HTTP/1.1" status: 200 len: 230 time: 0.0488234
2026-04-07 01:15:47.723 9 INFO neutron.wsgi [None req-55bd09d5-b198-40f2-a31c-8bc0c9991f73 dc35760bae544eddadfd48d264f8e1e4 1e312ab7abc54abea284063e58060ebd - - default default] 10.0.0.154 "DELETE /v2.0/security-groups/2da850f2-6313-48d9-a1fd-d0512db24371 HTTP/1.1" status: 204 len: 168 time: 0.3062387
2026-04-07 01:15:47.729 10 WARNING neutron.scheduler.dhcp_agent_scheduler [None req-48a35c5e-df9e-4721-9056-2318e5cdf06b 56b4317c775c48b9ba5814b7e0a2fcdf a334445c55f3454baa65533668ced05c - - default default] No more DHCP agents
2026-04-07 01:15:47.734 10 WARNING neutron.api.rpc.agentnotifiers.dhcp_rpc_agent_api [None req-48a35c5e-df9e-4721-9056-2318e5cdf06b 56b4317c775c48b9ba5814b7e0a2fcdf a334445c55f3454baa65533668ced05c - - default default] Unable to schedule network 7a9a22de-ed79-465a-8316-c3a526896b29: no agents available; will retry on subsequent port and subnet creation events.
2026-04-07 01:15:47.778 10 INFO neutron.wsgi [None req-59788b0d-6e56-41af-a935-24ba89afdc34 3bb58996b26244de84521ed1414ff5f0 dd88c0448a43495aaf7fd8d4ee9e01df - - default default] 10.0.0.154 "GET /v2.0/subnets/10b22e54-7788-4f38-8eae-b3060b377447/tags/red HTTP/1.1" status: 204 len: 168 time: 0.0717299
2026-04-07 01:15:47.847 10 INFO neutron.api.v2.resource [None req-a808394e-7c06-4ca2-ad37-6aeb52cf9e9c 3bb58996b26244de84521ed1414ff5f0 dd88c0448a43495aaf7fd8d4ee9e01df - - default default] show failed (client error): The resource could not be found.
2026-04-07 01:15:47.849 10 INFO neutron.wsgi [None req-a808394e-7c06-4ca2-ad37-6aeb52cf9e9c 3bb58996b26244de84521ed1414ff5f0 dd88c0448a43495aaf7fd8d4ee9e01df - - default default] 10.0.0.154 "GET /v2.0/subnets/10b22e54-7788-4f38-8eae-b3060b377447/tags/green HTTP/1.1" status: 404 len: 299 time: 0.0646782
2026-04-07 01:15:47.866 10 INFO neutron.db.ovn_revision_numbers_db [None req-48a35c5e-df9e-4721-9056-2318e5cdf06b 56b4317c775c48b9ba5814b7e0a2fcdf a334445c55f3454baa65533668ced05c - - default default] Successfully bumped revision number for resource 3fa5a3f3-cb6d-4908-bfd0-c828cece8aab (type: ports) to 1
2026-04-07 01:15:47.913 10 INFO neutron.wsgi [None req-48a35c5e-df9e-4721-9056-2318e5cdf06b 56b4317c775c48b9ba5814b7e0a2fcdf a334445c55f3454baa65533668ced05c - - default default] 10.0.0.154 "POST /v2.0/networks HTTP/1.1" status: 201 len: 837 time: 0.7127297
2026-04-07 01:15:47.923 10 WARNING neutron_lib.context [None req-6111a02c-b9c7-4c06-81d9-ae2a021994d2 56b4317c775c48b9ba5814b7e0a2fcdf a334445c55f3454baa65533668ced05c - - default default] Method 'is_advsvc' is deprecated since 2023.2 release (neutron-lib 3.8.0) and will be removed once support for the old RBAC API policies will be removed from Neutron. Please use method 'is_service_role' instead.
2026-04-07 01:15:47.958 10 INFO neutron.wsgi [None req-c8e1283a-398a-4f81-82ee-dd37f3cbd5ff 3bb58996b26244de84521ed1414ff5f0 dd88c0448a43495aaf7fd8d4ee9e01df - - default default] 10.0.0.154 "DELETE /v2.0/subnets/10b22e54-7788-4f38-8eae-b3060b377447/tags/red HTTP/1.1" status: 204 len: 168 time: 0.1042976
2026-04-07 01:15:48.002 9 INFO neutron.wsgi [None req-a556ed3b-575b-434c-abd3-b6c4224f152e 3bb58996b26244de84521ed1414ff5f0 dd88c0448a43495aaf7fd8d4ee9e01df - - default default] 10.0.0.154 "GET /v2.0/subnets/10b22e54-7788-4f38-8eae-b3060b377447/tags HTTP/1.1" status: 200 len: 223 time: 0.0396647
2026-04-07 01:15:48.057 9 INFO neutron.api.v2.resource [None req-2f4fe044-694b-4fc2-9ce1-919a03a99247 3bb58996b26244de84521ed1414ff5f0 dd88c0448a43495aaf7fd8d4ee9e01df - - default default] delete failed (client error): The resource could not be found.
2026-04-07 01:15:48.058 9 INFO neutron.wsgi [None req-2f4fe044-694b-4fc2-9ce1-919a03a99247 3bb58996b26244de84521ed1414ff5f0 dd88c0448a43495aaf7fd8d4ee9e01df - - default default] 10.0.0.154 "DELETE /v2.0/subnets/10b22e54-7788-4f38-8eae-b3060b377447/tags/green HTTP/1.1" status: 404 len: 299 time: 0.0499785
2026-04-07 01:15:48.117 9 INFO neutron.wsgi [None req-8be2beb7-3a7f-477a-87b4-ed3b135a798a 3bb58996b26244de84521ed1414ff5f0 dd88c0448a43495aaf7fd8d4ee9e01df - - default default] 10.0.0.154 "DELETE /v2.0/subnets/10b22e54-7788-4f38-8eae-b3060b377447/tags HTTP/1.1" status: 204 len: 168 time: 0.0527701
2026-04-07 01:15:48.170 9 INFO neutron.wsgi [None req-409a9a7e-f130-45be-9007-1760a2824eca 3bb58996b26244de84521ed1414ff5f0 dd88c0448a43495aaf7fd8d4ee9e01df - - default default] 10.0.0.154 "GET /v2.0/subnets/10b22e54-7788-4f38-8eae-b3060b377447/tags HTTP/1.1" status: 200 len: 205 time: 0.0482669
2026-04-07 01:15:48.367 10 INFO neutron.db.ovn_revision_numbers_db [None req-573c725f-d9a8-4d5a-943b-9171f23a45fe dc35760bae544eddadfd48d264f8e1e4 1e312ab7abc54abea284063e58060ebd - - default default] Successfully bumped revision number for resource 70c3b3fd-a73b-4ac5-85d9-e02cd00eaa12 (type: security_groups) to 1
2026-04-07 01:15:48.386 10 INFO neutron.db.ovn_revision_numbers_db [None req-573c725f-d9a8-4d5a-943b-9171f23a45fe dc35760bae544eddadfd48d264f8e1e4 1e312ab7abc54abea284063e58060ebd - - default default] Successfully bumped revision number for resource 221d8ef4-ea25-4021-be39-321cb1a66005 (type: security_group_rules) to 0
2026-04-07 01:15:48.402 9 INFO neutron.wsgi [None req-2de46876-ac14-4b8f-89b0-46063b4bcaec 3bb58996b26244de84521ed1414ff5f0 dd88c0448a43495aaf7fd8d4ee9e01df - - default default] 10.0.0.154 "DELETE /v2.0/subnets/10b22e54-7788-4f38-8eae-b3060b377447 HTTP/1.1" status: 204 len: 168 time: 0.2211916
2026-04-07 01:15:48.408 10 INFO neutron.db.ovn_revision_numbers_db [None req-573c725f-d9a8-4d5a-943b-9171f23a45fe dc35760bae544eddadfd48d264f8e1e4 1e312ab7abc54abea284063e58060ebd - - default default] Successfully bumped revision number for resource 3b3dd936-d8d6-4de2-9d6a-2106f5adc264 (type: security_group_rules) to 0
2026-04-07 01:15:48.434 10 INFO neutron.db.ovn_revision_numbers_db [None req-573c725f-d9a8-4d5a-943b-9171f23a45fe dc35760bae544eddadfd48d264f8e1e4 1e312ab7abc54abea284063e58060ebd - - default default] Successfully bumped revision number for resource 792d7950-40b1-424d-b3c4-a6b9205bd24d (type: security_group_rules) to 0
2026-04-07 01:15:48.455 10 INFO neutron.db.ovn_revision_numbers_db [None req-573c725f-d9a8-4d5a-943b-9171f23a45fe dc35760bae544eddadfd48d264f8e1e4 1e312ab7abc54abea284063e58060ebd - - default default] Successfully bumped revision number for resource c85f233d-3998-44eb-8d17-8c903fcbdaa3 (type: security_group_rules) to 0
2026-04-07 01:15:48.471 10 WARNING neutron.scheduler.dhcp_agent_scheduler [None req-6111a02c-b9c7-4c06-81d9-ae2a021994d2 56b4317c775c48b9ba5814b7e0a2fcdf a334445c55f3454baa65533668ced05c - - default default] No more DHCP agents
2026-04-07 01:15:48.478 10 WARNING neutron.api.rpc.agentnotifiers.dhcp_rpc_agent_api [None req-6111a02c-b9c7-4c06-81d9-ae2a021994d2 56b4317c775c48b9ba5814b7e0a2fcdf a334445c55f3454baa65533668ced05c - - default default] Unable to schedule network 7a9a22de-ed79-465a-8316-c3a526896b29: no agents available; will retry on subsequent port and subnet creation events.
2026-04-07 01:15:48.500 10 INFO neutron.wsgi [None req-573c725f-d9a8-4d5a-943b-9171f23a45fe dc35760bae544eddadfd48d264f8e1e4 1e312ab7abc54abea284063e58060ebd - - default default] 10.0.0.154 "GET /v2.0/security-groups?tenant_id=4a966c5b7afd4f5baf88e0ef9d085d9f&name=default HTTP/1.1" status: 200 len: 3124 time: 0.6221311
2026-04-07 01:15:48.835 9 INFO neutron.wsgi [None req-582ad5cd-1c2a-447f-befe-0a385b0d2298 dc35760bae544eddadfd48d264f8e1e4 1e312ab7abc54abea284063e58060ebd - - default default] 10.0.0.154 "DELETE /v2.0/security-groups/70c3b3fd-a73b-4ac5-85d9-e02cd00eaa12 HTTP/1.1" status: 204 len: 168 time: 0.3301134
2026-04-07 01:15:48.844 9 INFO neutron.services.segments.plugin [-] Segment 5f3873b8-b7fb-4c1f-856d-f701c97c2e3e resource provider aggregate not found
2026-04-07 01:15:48.849 9 INFO neutron.services.segments.plugin [-] Segment 5f3873b8-b7fb-4c1f-856d-f701c97c2e3e resource provider aggregate not found
2026-04-07 01:15:48.869 9 INFO neutron.services.segments.plugin [-] Segment 5f3873b8-b7fb-4c1f-856d-f701c97c2e3e resource provider not found; error: Placement Client Error (4xx): {"errors": [{"status": 404, "title": "Not Found", "detail": "The resource could not be found.\n\n No resource provider with uuid 5f3873b8-b7fb-4c1f-856d-f701c97c2e3e found for delete ", "request_id": "req-23237680-6334-471e-9ce7-b63ed4a3b1cd"}]}
2026-04-07 01:15:48.871 9 INFO neutron.services.segments.plugin [-] Segment 5f3873b8-b7fb-4c1f-856d-f701c97c2e3e resource provider not found; error: Placement Client Error (4xx): {"errors": [{"status": 404, "title": "Not Found", "detail": "The resource could not be found.\n\n No resource provider with uuid 5f3873b8-b7fb-4c1f-856d-f701c97c2e3e found for delete ", "request_id": "req-272edd0a-5b9f-4a96-a6c5-2cce2ea05450"}]}
2026-04-07 01:15:48.885 9 INFO neutron.wsgi [None req-3a3e8c63-9a12-4216-a970-664eddc08f4c 3bb58996b26244de84521ed1414ff5f0 dd88c0448a43495aaf7fd8d4ee9e01df - - default default] 10.0.0.154 "DELETE /v2.0/networks/cffaedcc-e845-43c3-82b5-d59244393608 HTTP/1.1" status: 204 len: 168 time: 0.4758520
2026-04-07 01:15:49.067 10 INFO neutron.db.ovn_revision_numbers_db [None req-6111a02c-b9c7-4c06-81d9-ae2a021994d2 56b4317c775c48b9ba5814b7e0a2fcdf a334445c55f3454baa65533668ced05c - - default default] Successfully bumped revision number for resource 3fa5a3f3-cb6d-4908-bfd0-c828cece8aab (type: ports) to 2
2026-04-07 01:15:49.112 10 INFO neutron.db.ovn_revision_numbers_db [None req-6111a02c-b9c7-4c06-81d9-ae2a021994d2 56b4317c775c48b9ba5814b7e0a2fcdf a334445c55f3454baa65533668ced05c - - default default] Successfully bumped revision number for resource fdc868f3-ed82-4289-b481-3f8b428c3ed2 (type: subnets) to 0
2026-04-07 01:15:49.131 10 INFO neutron.wsgi [None req-6111a02c-b9c7-4c06-81d9-ae2a021994d2 56b4317c775c48b9ba5814b7e0a2fcdf a334445c55f3454baa65533668ced05c - - default default] 10.0.0.154 "POST /v2.0/subnets HTTP/1.1" status: 201 len: 831 time: 1.2137876
2026-04-07 01:15:49.143 10 WARNING neutron_lib.context [None req-3ae66237-0589-4097-94dd-48661e80b68c 56b4317c775c48b9ba5814b7e0a2fcdf a334445c55f3454baa65533668ced05c - - default default] Method 'is_advsvc' is deprecated since 2023.2 release (neutron-lib 3.8.0) and will be removed once support for the old RBAC API policies will be removed from Neutron. Please use method 'is_service_role' instead.
2026-04-07 01:15:49.422 10 WARNING neutron.scheduler.dhcp_agent_scheduler [None req-3ae66237-0589-4097-94dd-48661e80b68c 56b4317c775c48b9ba5814b7e0a2fcdf a334445c55f3454baa65533668ced05c - - default default] No more DHCP agents
2026-04-07 01:15:49.425 10 WARNING neutron.api.rpc.agentnotifiers.dhcp_rpc_agent_api [None req-3ae66237-0589-4097-94dd-48661e80b68c 56b4317c775c48b9ba5814b7e0a2fcdf a334445c55f3454baa65533668ced05c - - default default] Unable to schedule network 7a9a22de-ed79-465a-8316-c3a526896b29: no agents available; will retry on subsequent port and subnet creation events.
2026-04-07 01:15:49.464 10 INFO neutron.db.ovn_revision_numbers_db [None req-3ae66237-0589-4097-94dd-48661e80b68c 56b4317c775c48b9ba5814b7e0a2fcdf a334445c55f3454baa65533668ced05c - - default default] Successfully bumped revision number for resource 438ab769-02aa-4fcc-8bac-541014da9ba6 (type: subnets) to 0
2026-04-07 01:15:49.485 10 INFO neutron.wsgi [None req-3ae66237-0589-4097-94dd-48661e80b68c 56b4317c775c48b9ba5814b7e0a2fcdf a334445c55f3454baa65533668ced05c - - default default] 10.0.0.154 "POST /v2.0/subnets HTTP/1.1" status: 201 len: 900 time: 0.3485203
2026-04-07 01:15:49.497 10 WARNING neutron_lib.context [None req-2c2f53c2-26a0-4781-95d7-6c52790417ca 56b4317c775c48b9ba5814b7e0a2fcdf a334445c55f3454baa65533668ced05c - - default default] Method 'is_advsvc' is deprecated since 2023.2 release (neutron-lib 3.8.0) and will be removed once support for the old RBAC API policies will be removed from Neutron. Please use method 'is_service_role' instead.
2026-04-07 01:15:49.592 10 INFO neutron.db.segments_db [None req-2c2f53c2-26a0-4781-95d7-6c52790417ca 56b4317c775c48b9ba5814b7e0a2fcdf a334445c55f3454baa65533668ced05c - - default default] Added segment a0a64ae4-2547-4117-b587-d8e6b0387a2b of type geneve for network f7d3aa29-81d3-4092-b936-5da04cb8d2ed
2026-04-07 01:15:49.664 9 INFO neutron.wsgi [None req-4433e9f0-ab8b-44ff-99b4-c82bca715e96 dc35760bae544eddadfd48d264f8e1e4 1e312ab7abc54abea284063e58060ebd - - default default] 10.0.0.154 "GET /v2.0/security-groups?tenant_id=dd88c0448a43495aaf7fd8d4ee9e01df&name=default HTTP/1.1" status: 200 len: 3124 time: 0.1586857
2026-04-07 01:15:49.812 10 INFO neutron.db.ovn_revision_numbers_db [None req-2c2f53c2-26a0-4781-95d7-6c52790417ca 56b4317c775c48b9ba5814b7e0a2fcdf a334445c55f3454baa65533668ced05c - - default default] Successfully bumped revision number for resource f7d3aa29-81d3-4092-b936-5da04cb8d2ed (type: networks) to 1
2026-04-07 01:15:50.021 10 WARNING neutron.scheduler.dhcp_agent_scheduler [None req-2c2f53c2-26a0-4781-95d7-6c52790417ca 56b4317c775c48b9ba5814b7e0a2fcdf a334445c55f3454baa65533668ced05c - - default default] No more DHCP agents
2026-04-07 01:15:50.024 10 WARNING neutron.api.rpc.agentnotifiers.dhcp_rpc_agent_api [None req-2c2f53c2-26a0-4781-95d7-6c52790417ca 56b4317c775c48b9ba5814b7e0a2fcdf a334445c55f3454baa65533668ced05c - - default default] Unable to schedule network f7d3aa29-81d3-4092-b936-5da04cb8d2ed: no agents available; will retry on subsequent port and subnet creation events.
2026-04-07 01:15:50.087 10 INFO neutron.wsgi [None req-8dabfcf0-45f3-459d-8185-208a6c33777b dc35760bae544eddadfd48d264f8e1e4 1e312ab7abc54abea284063e58060ebd - - default default] 10.0.0.154 "DELETE /v2.0/security-groups/55938c36-7127-40b3-8be5-46befeedc882 HTTP/1.1" status: 204 len: 168 time: 0.4142983
2026-04-07 01:15:50.129 10 INFO neutron.db.ovn_revision_numbers_db [None req-2c2f53c2-26a0-4781-95d7-6c52790417ca 56b4317c775c48b9ba5814b7e0a2fcdf a334445c55f3454baa65533668ced05c - - default default] Successfully bumped revision number for resource 96800ec2-f3c0-4615-b460-ca4d74d90f29 (type: ports) to 1
2026-04-07 01:15:50.156 10 INFO neutron.wsgi [None req-2c2f53c2-26a0-4781-95d7-6c52790417ca 56b4317c775c48b9ba5814b7e0a2fcdf a334445c55f3454baa65533668ced05c - - default default] 10.0.0.154 "POST /v2.0/networks HTTP/1.1" status: 201 len: 837 time: 0.6640792
2026-04-07 01:15:50.170 10 WARNING neutron_lib.context [None req-22896673-aa7d-4433-97ef-714917aaa4c3 56b4317c775c48b9ba5814b7e0a2fcdf a334445c55f3454baa65533668ced05c - - default default] Method 'is_advsvc' is deprecated since 2023.2 release (neutron-lib 3.8.0) and will be removed once support for the old RBAC API policies will be removed from Neutron. Please use method 'is_service_role' instead.
2026-04-07 01:15:50.359 9 INFO neutron.db.ovn_revision_numbers_db [None req-d5590f5a-359c-4b90-ab3d-277613a6bd81 dc35760bae544eddadfd48d264f8e1e4 1e312ab7abc54abea284063e58060ebd - - default default] Successfully bumped revision number for resource 60e8fe5e-9a70-4298-bf2b-49480cf1c97e (type: security_groups) to 1
2026-04-07 01:15:50.376 9 INFO neutron.db.ovn_revision_numbers_db [None req-d5590f5a-359c-4b90-ab3d-277613a6bd81 dc35760bae544eddadfd48d264f8e1e4 1e312ab7abc54abea284063e58060ebd - - default default] Successfully bumped revision number for resource 33df2dfc-5ea6-443a-a4bb-f6c103904c42 (type: security_group_rules) to 0
2026-04-07 01:15:50.391 9 INFO neutron.db.ovn_revision_numbers_db [None req-d5590f5a-359c-4b90-ab3d-277613a6bd81 dc35760bae544eddadfd48d264f8e1e4 1e312ab7abc54abea284063e58060ebd - - default default] Successfully bumped revision number for resource 4a6c62ee-cbe4-4e84-be59-bc9518e9c5fb (type: security_group_rules) to 0
2026-04-07 01:15:50.409 9 INFO neutron.db.ovn_revision_numbers_db [None req-d5590f5a-359c-4b90-ab3d-277613a6bd81 dc35760bae544eddadfd48d264f8e1e4 1e312ab7abc54abea284063e58060ebd - - default default] Successfully bumped revision number for resource 4b6ce419-4259-402f-a2d0-c2e0edae048b (type: security_group_rules) to 0
2026-04-07 01:15:50.428 10 WARNING neutron.scheduler.dhcp_agent_scheduler [None req-22896673-aa7d-4433-97ef-714917aaa4c3 56b4317c775c48b9ba5814b7e0a2fcdf a334445c55f3454baa65533668ced05c - - default default] No more DHCP agents
2026-04-07 01:15:50.428 9 INFO neutron.db.ovn_revision_numbers_db [None req-d5590f5a-359c-4b90-ab3d-277613a6bd81 dc35760bae544eddadfd48d264f8e1e4 1e312ab7abc54abea284063e58060ebd - - default default] Successfully bumped revision number for resource fa74360c-5fd4-4b76-9793-9def09777437 (type: security_group_rules) to 0
2026-04-07 01:15:50.442 10 WARNING neutron.api.rpc.agentnotifiers.dhcp_rpc_agent_api [None req-22896673-aa7d-4433-97ef-714917aaa4c3 56b4317c775c48b9ba5814b7e0a2fcdf a334445c55f3454baa65533668ced05c - - default default] Unable to schedule network f7d3aa29-81d3-4092-b936-5da04cb8d2ed: no agents available; will retry on subsequent port and subnet creation events.
2026-04-07 01:15:50.459 9 INFO neutron.wsgi [None req-d5590f5a-359c-4b90-ab3d-277613a6bd81 dc35760bae544eddadfd48d264f8e1e4 1e312ab7abc54abea284063e58060ebd - - default default] 10.0.0.154 "GET /v2.0/security-groups?tenant_id=4e1f8768cc794aab9152663fe8a7b1b5&name=default HTTP/1.1" status: 200 len: 3124 time: 0.2447665
2026-04-07 01:15:50.824 10 INFO neutron.wsgi [None req-1f279632-068f-4456-9653-a9e1c54232ce dc35760bae544eddadfd48d264f8e1e4 1e312ab7abc54abea284063e58060ebd - - default default] 10.0.0.154 "DELETE /v2.0/security-groups/60e8fe5e-9a70-4298-bf2b-49480cf1c97e HTTP/1.1" status: 204 len: 168 time: 0.3581710
2026-04-07 01:15:51.079 10 INFO neutron.db.ovn_revision_numbers_db [None req-22896673-aa7d-4433-97ef-714917aaa4c3 56b4317c775c48b9ba5814b7e0a2fcdf a334445c55f3454baa65533668ced05c - - default default] Successfully bumped revision number for resource 96800ec2-f3c0-4615-b460-ca4d74d90f29 (type: ports) to 2
2026-04-07 01:15:51.114 10 INFO neutron.db.ovn_revision_numbers_db [None req-22896673-aa7d-4433-97ef-714917aaa4c3 56b4317c775c48b9ba5814b7e0a2fcdf a334445c55f3454baa65533668ced05c - - default default] Successfully bumped revision number for resource d1422d0d-158f-4b59-bce0-2f840c67d8d5 (type: subnets) to 0
2026-04-07 01:15:51.130 10 INFO neutron.wsgi [None req-22896673-aa7d-4433-97ef-714917aaa4c3 56b4317c775c48b9ba5814b7e0a2fcdf a334445c55f3454baa65533668ced05c - - default default] 10.0.0.154 "POST /v2.0/subnets HTTP/1.1" status: 201 len: 830 time: 0.9668226
2026-04-07 01:15:51.141 10 WARNING neutron_lib.context [None req-28789889-0b68-4cc7-9312-0bccdd393f0a 56b4317c775c48b9ba5814b7e0a2fcdf a334445c55f3454baa65533668ced05c - - default default] Method 'is_advsvc' is deprecated since 2023.2 release (neutron-lib 3.8.0) and will be removed once support for the old RBAC API policies will be removed from Neutron. Please use method 'is_service_role' instead.
2026-04-07 01:15:51.418 10 WARNING neutron.scheduler.dhcp_agent_scheduler [None req-28789889-0b68-4cc7-9312-0bccdd393f0a 56b4317c775c48b9ba5814b7e0a2fcdf a334445c55f3454baa65533668ced05c - - default default] No more DHCP agents
2026-04-07 01:15:51.420 10 WARNING neutron.api.rpc.agentnotifiers.dhcp_rpc_agent_api [None req-28789889-0b68-4cc7-9312-0bccdd393f0a 56b4317c775c48b9ba5814b7e0a2fcdf a334445c55f3454baa65533668ced05c - - default default] Unable to schedule network f7d3aa29-81d3-4092-b936-5da04cb8d2ed: no agents available; will retry on subsequent port and subnet creation events.
2026-04-07 01:15:51.451 10 INFO neutron.db.ovn_revision_numbers_db [None req-28789889-0b68-4cc7-9312-0bccdd393f0a 56b4317c775c48b9ba5814b7e0a2fcdf a334445c55f3454baa65533668ced05c - - default default] Successfully bumped revision number for resource d507a039-e255-4d6e-b2fa-b55ea7e68385 (type: subnets) to 0
2026-04-07 01:15:51.472 10 INFO neutron.wsgi [None req-28789889-0b68-4cc7-9312-0bccdd393f0a 56b4317c775c48b9ba5814b7e0a2fcdf a334445c55f3454baa65533668ced05c - - default default] 10.0.0.154 "POST /v2.0/subnets HTTP/1.1" status: 201 len: 904 time: 0.3365583
2026-04-07 01:15:51.483 10 WARNING neutron_lib.context [None req-4b2897a5-b42b-4444-a944-1d55e6947304 56b4317c775c48b9ba5814b7e0a2fcdf a334445c55f3454baa65533668ced05c - - default default] Method 'is_advsvc' is deprecated since 2023.2 release (neutron-lib 3.8.0) and will be removed once support for the old RBAC API policies will be removed from Neutron. Please use method 'is_service_role' instead.
2026-04-07 01:15:51.940 9 INFO neutron.wsgi [None req-86ecc20c-0aa5-436e-be6e-1e39cc1f8afa dc35760bae544eddadfd48d264f8e1e4 1e312ab7abc54abea284063e58060ebd - - default default] 10.0.0.165 "GET /v2.0/networks HTTP/1.1" status: 200 len: 4720 time: 0.2645476
2026-04-07 01:15:51.986 9 INFO neutron.wsgi [None req-14c84ee4-0ac6-46d7-83a6-05f213e0013c dc35760bae544eddadfd48d264f8e1e4 1e312ab7abc54abea284063e58060ebd - - default default] 10.0.0.165 "GET /v2.0/subnets HTTP/1.1" status: 200 len: 5496 time: 0.0427167
2026-04-07 01:15:52.006 9 INFO neutron.wsgi [None req-315e3370-1feb-4b12-8fd7-da5f8f4693b7 dc35760bae544eddadfd48d264f8e1e4 1e312ab7abc54abea284063e58060ebd - - default default] 10.0.0.165 "GET /v2.0/network-ip-availabilities HTTP/1.1" status: 200 len: 3363 time: 0.0178547
2026-04-07 01:15:52.058 9 INFO neutron.wsgi [None req-66e0f47f-4233-41ea-820f-7a8d7a3a2237 dc35760bae544eddadfd48d264f8e1e4 1e312ab7abc54abea284063e58060ebd - - default default] 10.0.0.165 "GET /v2.0/routers HTTP/1.1" status: 200 len: 789 time: 0.0511484
2026-04-07 01:15:52.077 9 INFO neutron.wsgi [None req-11b4c884-a02a-4830-8faa-03c722c4458e dc35760bae544eddadfd48d264f8e1e4 1e312ab7abc54abea284063e58060ebd - - default default] 10.0.0.165 "GET /v2.0/agents?binary=ovn-controller HTTP/1.1" status: 200 len: 591 time: 0.0185046
2026-04-07 01:15:52.093 9 INFO neutron.wsgi [None req-27a6ca59-7895-425c-b3be-07a7b1fcf069 dc35760bae544eddadfd48d264f8e1e4 1e312ab7abc54abea284063e58060ebd - - default default] 10.0.0.165 "GET /v2.0/agents HTTP/1.1" status: 200 len: 1390 time: 0.0127289
2026-04-07 01:15:52.117 9 INFO neutron.wsgi [None req-0aac8a33-8ca3-4b97-8c14-702ef1b853d1 dc35760bae544eddadfd48d264f8e1e4 1e312ab7abc54abea284063e58060ebd - - default default] 10.0.0.165 "GET /v2.0/floatingips HTTP/1.1" status: 200 len: 193 time: 0.0235145
2026-04-07 01:15:52.169 9 INFO neutron.wsgi [None req-58408ae4-945b-4572-be07-0b763e5b6c3a dc35760bae544eddadfd48d264f8e1e4 1e312ab7abc54abea284063e58060ebd - - default default] 10.0.0.165 "GET /v2.0/security-groups HTTP/1.1" status: 200 len: 20486 time: 0.0510786
2026-04-07 01:15:52.252 9 INFO neutron.wsgi [None req-4e01c030-1a96-480a-9820-dda12465d0ec dc35760bae544eddadfd48d264f8e1e4 1e312ab7abc54abea284063e58060ebd - - default default] 10.0.0.165 "GET /v2.0/ports HTTP/1.1" status: 200 len: 8480 time: 0.0718567
2026-04-07 01:15:52.309 10 WARNING neutron.scheduler.dhcp_agent_scheduler [None req-4b2897a5-b42b-4444-a944-1d55e6947304 56b4317c775c48b9ba5814b7e0a2fcdf a334445c55f3454baa65533668ced05c - - default default] No more DHCP agents
2026-04-07 01:15:52.313 10 WARNING neutron.api.rpc.agentnotifiers.dhcp_rpc_agent_api [None req-4b2897a5-b42b-4444-a944-1d55e6947304 56b4317c775c48b9ba5814b7e0a2fcdf a334445c55f3454baa65533668ced05c - - default default] Unable to schedule network 543c9a89-0820-4f46-bd87-04b90bfd4ca5: no agents available; will retry on subsequent port and subnet creation events.
2026-04-07 01:15:52.324 9 INFO neutron.wsgi [None req-b7aaa73b-efa4-44c2-87e0-cdee0aeae0f3 dc35760bae544eddadfd48d264f8e1e4 1e312ab7abc54abea284063e58060ebd - - default default] 10.0.0.165 "GET /v2.0/subnets HTTP/1.1" status: 200 len: 5496 time: 0.0658157
2026-04-07 01:15:52.335 9 INFO neutron.wsgi [None req-2600f181-4758-4c96-a351-e6411f14129c dc35760bae544eddadfd48d264f8e1e4 1e312ab7abc54abea284063e58060ebd - - default default] 10.0.0.165 "GET /v2.0/subnetpools HTTP/1.1" status: 200 len: 193 time: 0.0095518
2026-04-07 01:15:52.439 9 WARNING neutron_lib.context [None req-8f4ba166-9cf8-497a-a5ab-5c8798b39b49 85192d99ebd54fd9afe761815ee5be8e 6d3120d79e6e48019a15b68cd83773dc - - default default] Method 'is_advsvc' is deprecated since 2023.2 release (neutron-lib 3.8.0) and will be removed once support for the old RBAC API policies will be removed from Neutron. Please use method 'is_service_role' instead.
2026-04-07 01:15:52.486 10 INFO neutron.db.ovn_revision_numbers_db [None req-4b2897a5-b42b-4444-a944-1d55e6947304 56b4317c775c48b9ba5814b7e0a2fcdf a334445c55f3454baa65533668ced05c - - default default] Successfully bumped revision number for resource c5ec70c4-8c9f-41a7-973a-448b33dd8842 (type: ports) to 1
2026-04-07 01:15:52.593 9 INFO neutron.db.ovn_revision_numbers_db [None req-8f4ba166-9cf8-497a-a5ab-5c8798b39b49 85192d99ebd54fd9afe761815ee5be8e 6d3120d79e6e48019a15b68cd83773dc - - default default] Successfully bumped revision number for resource cae0c321-7a81-4312-96df-15809810bf32 (type: routers) to 1
2026-04-07 01:15:52.621 9 INFO neutron.wsgi [None req-8f4ba166-9cf8-497a-a5ab-5c8798b39b49 85192d99ebd54fd9afe761815ee5be8e 6d3120d79e6e48019a15b68cd83773dc - - default default] 10.0.0.154 "POST /v2.0/routers HTTP/1.1" status: 201 len: 769 time: 0.2189956
2026-04-07 01:15:52.747 9 INFO neutron.wsgi [None req-961c66de-fc21-4bfa-92bd-d00f2b670b8e 85192d99ebd54fd9afe761815ee5be8e 6d3120d79e6e48019a15b68cd83773dc - - default default] 10.0.0.154 "PUT /v2.0/routers/cae0c321-7a81-4312-96df-15809810bf32/tags HTTP/1.1" status: 200 len: 218 time: 0.1207373
2026-04-07 01:15:52.808 9 INFO neutron.wsgi [None req-8b690bc2-111e-4ea6-916d-8857d5a993bd 85192d99ebd54fd9afe761815ee5be8e 6d3120d79e6e48019a15b68cd83773dc - - default default] 10.0.0.154 "GET /v2.0/routers/cae0c321-7a81-4312-96df-15809810bf32/tags HTTP/1.1" status: 200 len: 218 time: 0.0563838
2026-04-07 01:15:52.886 9 INFO neutron.wsgi [None req-7771225e-afce-4a04-a781-99f8388ba065 85192d99ebd54fd9afe761815ee5be8e 6d3120d79e6e48019a15b68cd83773dc - - default default] 10.0.0.154 "PUT /v2.0/routers/cae0c321-7a81-4312-96df-15809810bf32/tags/green HTTP/1.1" status: 201 len: 201 time: 0.0720160
2026-04-07 01:15:53.180 10 INFO neutron.wsgi [-] 10.0.0.184 "GET / HTTP/1.1" status: 200 len: 246 time: 0.0021005
2026-04-07 01:15:53.182 10 INFO neutron.wsgi [-] 10.0.0.184 "GET / HTTP/1.1" status: 200 len: 246 time: 0.0011559
2026-04-07 01:15:53.210 9 INFO neutron.wsgi [None req-c535b0c8-2c80-4e65-830d-ef845dc8d0a5 85192d99ebd54fd9afe761815ee5be8e 6d3120d79e6e48019a15b68cd83773dc - - default default] 10.0.0.154 "GET /v2.0/routers/cae0c321-7a81-4312-96df-15809810bf32/tags HTTP/1.1" status: 200 len: 227 time: 0.3169255
2026-04-07 01:15:53.287 9 INFO neutron.wsgi [None req-0d2ba8e3-305d-4bb6-94aa-761da42aaafa 85192d99ebd54fd9afe761815ee5be8e 6d3120d79e6e48019a15b68cd83773dc - - default default] 10.0.0.154 "PUT /v2.0/routers/cae0c321-7a81-4312-96df-15809810bf32/tags/red HTTP/1.1" status: 201 len: 201 time: 0.0693576
2026-04-07 01:15:53.344 9 INFO neutron.wsgi [None req-74156bcc-7ee3-4271-bc35-3d06521b611b 85192d99ebd54fd9afe761815ee5be8e 6d3120d79e6e48019a15b68cd83773dc - - default default] 10.0.0.154 "GET /v2.0/routers/cae0c321-7a81-4312-96df-15809810bf32/tags HTTP/1.1" status: 200 len: 227 time: 0.0502789
