2026-04-07 01:11:26.320 10 ERROR neutron_lib.callbacks.manager callback.method(resource, event, trigger, payload=payload)
2026-04-07 01:11:26.320 10 ERROR neutron_lib.callbacks.manager
File "/var/lib/openstack/lib/python3.10/site-packages/neutron/services/ovn_l3/plugin.py", line 391, in _port_update
2026-04-07 01:11:26.320 10 ERROR neutron_lib.callbacks.manager l3plugin._ovn_client.update_router_port(context,
2026-04-07 01:11:26.320 10 ERROR neutron_lib.callbacks.manager
File "/var/lib/openstack/lib/python3.10/site-packages/neutron/plugins/ml2/drivers/ovn/mech_driver/ovsdb/ovn_client.py", line 1878, in update_router_port
2026-04-07 01:11:26.320 10 ERROR neutron_lib.callbacks.manager self._update_lrouter_port(context, port, if_exists=if_exists,
2026-04-07 01:11:26.320 10 ERROR neutron_lib.callbacks.manager
File "/var/lib/openstack/lib/python3.10/site-packages/neutron/plugins/ml2/drivers/ovn/mech_driver/ovsdb/ovn_client.py", line 1855, in _update_lrouter_port
2026-04-07 01:11:26.320 10 ERROR neutron_lib.callbacks.manager external_ids = self._nb_idl.db_get(
2026-04-07 01:11:26.320 10 ERROR neutron_lib.callbacks.manager
File "/var/lib/openstack/lib/python3.10/site-packages/ovsdbapp/backend/ovs_idl/command.py", line 47, in execute
2026-04-07 01:11:26.320 10 ERROR neutron_lib.callbacks.manager self.run_idl(None)
2026-04-07 01:11:26.320 10 ERROR neutron_lib.callbacks.manager
File "/var/lib/openstack/lib/python3.10/site-packages/ovsdbapp/backend/ovs_idl/command.py", line 235, in run_idl
2026-04-07 01:11:26.320 10 ERROR neutron_lib.callbacks.manager record = self.api.lookup(self.table, self.record)
2026-04-07 01:11:26.320 10 ERROR neutron_lib.callbacks.manager
File "/var/lib/openstack/lib/python3.10/site-packages/ovsdbapp/backend/ovs_idl/__init__.py", line 184, in lookup
2026-04-07 01:11:26.320 10 ERROR neutron_lib.callbacks.manager return self._lookup(table, record)
2026-04-07 01:11:26.320 10 ERROR neutron_lib.callbacks.manager
File "/var/lib/openstack/lib/python3.10/site-packages/ovsdbapp/backend/ovs_idl/__init__.py", line 235, in _lookup
2026-04-07 01:11:26.320 10 ERROR neutron_lib.callbacks.manager row = idlutils.row_by_value(self, rl.table, rl.column, record)
2026-04-07 01:11:26.320 10 ERROR neutron_lib.callbacks.manager
File "/var/lib/openstack/lib/python3.10/site-packages/ovsdbapp/backend/ovs_idl/idlutils.py", line 114, in row_by_value
2026-04-07 01:11:26.320 10 ERROR neutron_lib.callbacks.manager raise RowNotFound(table=table, col=column, match=match)
2026-04-07 01:11:26.320 10 ERROR neutron_lib.callbacks.manager ovsdbapp.backend.ovs_idl.idlutils.RowNotFound: Cannot find Logical_Router_Port with name=lrp-43f7fc43-c440-4970-a97c-c649e0521ee3
2026-04-07 01:11:26.320 10 ERROR neutron_lib.callbacks.manager 
2026-04-07 01:11:26.325 9 WARNING neutron.scheduler.dhcp_agent_scheduler [None req-77146e89-1f7b-47d4-b30c-1bf9f013da08 dc35760bae544eddadfd48d264f8e1e4 1e312ab7abc54abea284063e58060ebd - - default default] No more DHCP agents
2026-04-07 01:11:26.328 9 WARNING neutron.api.rpc.agentnotifiers.dhcp_rpc_agent_api [None req-77146e89-1f7b-47d4-b30c-1bf9f013da08 dc35760bae544eddadfd48d264f8e1e4 1e312ab7abc54abea284063e58060ebd - - default default] Unable to schedule network 4443e0a5-3f0c-48fe-a741-ebfb7cb767fb: no agents available; will retry on subsequent port and subnet creation events.
2026-04-07 01:11:26.514 9 INFO neutron.db.ovn_revision_numbers_db [None req-c1ea6576-589e-4ae1-bf9f-a7e0d32de9c7 - - - - - -] Successfully bumped revision number for resource 4fe744cd-07d0-405e-a4cb-6005cbfd3b83 (type: ports) to 4
2026-04-07 01:11:26.757 10 INFO neutron.db.ovn_revision_numbers_db [None req-3d1276e8-13ae-4be2-befa-4fdaeef4b7f2 dc35760bae544eddadfd48d264f8e1e4 1e312ab7abc54abea284063e58060ebd - - default default] Successfully bumped revision number for resource 43f7fc43-c440-4970-a97c-c649e0521ee3 (type: ports) to 1
2026-04-07 01:11:26.904 10 WARNING neutron.scheduler.dhcp_agent_scheduler [None req-3d1276e8-13ae-4be2-befa-4fdaeef4b7f2 dc35760bae544eddadfd48d264f8e1e4 1e312ab7abc54abea284063e58060ebd - - default default] No more DHCP agents
2026-04-07 01:11:26.908 10 WARNING neutron.api.rpc.agentnotifiers.dhcp_rpc_agent_api [None req-3d1276e8-13ae-4be2-befa-4fdaeef4b7f2 dc35760bae544eddadfd48d264f8e1e4 1e312ab7abc54abea284063e58060ebd - - default default] Unable to schedule network 4e1f1e2c-6c4b-4d3e-ba0f-b30fe48c598c: no agents available; will retry on subsequent port and subnet creation events.
2026-04-07 01:11:27.221 9 INFO neutron.db.ovn_revision_numbers_db [None req-c1ea6576-589e-4ae1-bf9f-a7e0d32de9c7 - - - - - -] Successfully bumped revision number for resource 4fe744cd-07d0-405e-a4cb-6005cbfd3b83 (type: router_ports) to 4
2026-04-07 01:11:27.270 9 INFO neutron.plugins.ml2.drivers.ovn.mech_driver.ovsdb.ovsdb_monitor [None req-c1ea6576-589e-4ae1-bf9f-a7e0d32de9c7 - - - - - -] Router 0a072f18-bb29-4ec5-8f13-664e1847c33a is bound to host instance
2026-04-07 01:11:27.271 10 INFO neutron.db.ovn_revision_numbers_db [None req-7f8db63c-a6c3-4e2c-bd8a-ef44ef7ee712 - - - - - -] Successfully bumped revision number for resource a04693a0-0de2-49a4-82bc-7ca12473ea20 (type: ports) to 2
2026-04-07 01:11:27.491 10 ERROR ovsdbapp.backend.ovs_idl.command [None req-7f8db63c-a6c3-4e2c-bd8a-ef44ef7ee712 - - - - - -] Error executing command (DbGetCommand): ovsdbapp.backend.ovs_idl.idlutils.RowNotFound: Cannot find Logical_Router_Port with name=lrp-a04693a0-0de2-49a4-82bc-7ca12473ea20
2026-04-07 01:11:27.491 10 ERROR ovsdbapp.backend.ovs_idl.command
Traceback (most recent call last):
2026-04-07 01:11:27.491 10 ERROR ovsdbapp.backend.ovs_idl.command
File "/var/lib/openstack/lib/python3.10/site-packages/ovsdbapp/backend/ovs_idl/command.py", line 47, in execute
2026-04-07 01:11:27.491 10 ERROR ovsdbapp.backend.ovs_idl.command self.run_idl(None)
2026-04-07 01:11:27.491 10 ERROR ovsdbapp.backend.ovs_idl.command
File "/var/lib/openstack/lib/python3.10/site-packages/ovsdbapp/backend/ovs_idl/command.py", line 235, in run_idl
2026-04-07 01:11:27.491 10 ERROR ovsdbapp.backend.ovs_idl.command record = self.api.lookup(self.table, self.record)
2026-04-07 01:11:27.491 10 ERROR ovsdbapp.backend.ovs_idl.command
File "/var/lib/openstack/lib/python3.10/site-packages/ovsdbapp/backend/ovs_idl/__init__.py", line 184, in lookup
2026-04-07 01:11:27.491 10 ERROR ovsdbapp.backend.ovs_idl.command return self._lookup(table, record)
2026-04-07 01:11:27.491 10 ERROR ovsdbapp.backend.ovs_idl.command
File "/var/lib/openstack/lib/python3.10/site-packages/ovsdbapp/backend/ovs_idl/__init__.py", line 235, in _lookup
2026-04-07 01:11:27.491 10 ERROR ovsdbapp.backend.ovs_idl.command row = idlutils.row_by_value(self, rl.table, rl.column, record)
2026-04-07 01:11:27.491 10 ERROR ovsdbapp.backend.ovs_idl.command
File "/var/lib/openstack/lib/python3.10/site-packages/ovsdbapp/backend/ovs_idl/idlutils.py", line 114, in row_by_value
2026-04-07 01:11:27.491 10 ERROR ovsdbapp.backend.ovs_idl.command raise RowNotFound(table=table, col=column, match=match)
2026-04-07 01:11:27.491 10 ERROR ovsdbapp.backend.ovs_idl.command ovsdbapp.backend.ovs_idl.idlutils.RowNotFound: Cannot find Logical_Router_Port with name=lrp-a04693a0-0de2-49a4-82bc-7ca12473ea20
2026-04-07 01:11:27.491 10 ERROR ovsdbapp.backend.ovs_idl.command 
2026-04-07 01:11:27.491 10 ERROR neutron_lib.callbacks.manager [None req-7f8db63c-a6c3-4e2c-bd8a-ef44ef7ee712 - - - - - -] Error during notification for neutron.services.ovn_l3.plugin.OVNL3RouterPlugin._port_update-8757716897510 port, after_update: ovsdbapp.backend.ovs_idl.idlutils.RowNotFound: Cannot find Logical_Router_Port with name=lrp-a04693a0-0de2-49a4-82bc-7ca12473ea20
2026-04-07 01:11:27.491 10 ERROR neutron_lib.callbacks.manager
Traceback (most recent call last):
2026-04-07 01:11:27.491 10 ERROR neutron_lib.callbacks.manager
File "/var/lib/openstack/lib/python3.10/site-packages/neutron_lib/callbacks/manager.py", line 189, in _notify_loop
2026-04-07 01:11:27.491 10 ERROR neutron_lib.callbacks.manager callback.method(resource, event, trigger, payload=payload)
2026-04-07 01:11:27.491 10 ERROR neutron_lib.callbacks.manager
File "/var/lib/openstack/lib/python3.10/site-packages/neutron/services/ovn_l3/plugin.py", line 391, in _port_update
2026-04-07 01:11:27.491 10 ERROR neutron_lib.callbacks.manager l3plugin._ovn_client.update_router_port(context,
2026-04-07 01:11:27.491 10 ERROR neutron_lib.callbacks.manager
File "/var/lib/openstack/lib/python3.10/site-packages/neutron/plugins/ml2/drivers/ovn/mech_driver/ovsdb/ovn_client.py", line 1878, in update_router_port
2026-04-07 01:11:27.491 10 ERROR neutron_lib.callbacks.manager self._update_lrouter_port(context, port, if_exists=if_exists,
2026-04-07 01:11:27.491 10 ERROR neutron_lib.callbacks.manager
File "/var/lib/openstack/lib/python3.10/site-packages/neutron/plugins/ml2/drivers/ovn/mech_driver/ovsdb/ovn_client.py", line 1855, in _update_lrouter_port
2026-04-07 01:11:27.491 10 ERROR neutron_lib.callbacks.manager external_ids = self._nb_idl.db_get(
2026-04-07 01:11:27.491 10 ERROR neutron_lib.callbacks.manager
File "/var/lib/openstack/lib/python3.10/site-packages/ovsdbapp/backend/ovs_idl/command.py", line 47, in execute
2026-04-07 01:11:27.491 10 ERROR neutron_lib.callbacks.manager self.run_idl(None)
2026-04-07 01:11:27.491 10 ERROR neutron_lib.callbacks.manager
File "/var/lib/openstack/lib/python3.10/site-packages/ovsdbapp/backend/ovs_idl/command.py", line 235, in run_idl
2026-04-07 01:11:27.491 10 ERROR neutron_lib.callbacks.manager record = self.api.lookup(self.table, self.record)
2026-04-07 01:11:27.491 10 ERROR neutron_lib.callbacks.manager
File "/var/lib/openstack/lib/python3.10/site-packages/ovsdbapp/backend/ovs_idl/__init__.py", line 184, in lookup
2026-04-07 01:11:27.491 10 ERROR neutron_lib.callbacks.manager return self._lookup(table, record)
2026-04-07 01:11:27.491 10 ERROR neutron_lib.callbacks.manager
File "/var/lib/openstack/lib/python3.10/site-packages/ovsdbapp/backend/ovs_idl/__init__.py", line 235, in _lookup
2026-04-07 01:11:27.491 10 ERROR neutron_lib.callbacks.manager row = idlutils.row_by_value(self, rl.table, rl.column, record)
2026-04-07 01:11:27.491 10 ERROR neutron_lib.callbacks.manager
File "/var/lib/openstack/lib/python3.10/site-packages/ovsdbapp/backend/ovs_idl/idlutils.py", line 114, in row_by_value
2026-04-07 01:11:27.491 10 ERROR neutron_lib.callbacks.manager raise RowNotFound(table=table, col=column, match=match)
2026-04-07 01:11:27.491 10 ERROR neutron_lib.callbacks.manager ovsdbapp.backend.ovs_idl.idlutils.RowNotFound: Cannot find Logical_Router_Port with name=lrp-a04693a0-0de2-49a4-82bc-7ca12473ea20
2026-04-07 01:11:27.491 10 ERROR neutron_lib.callbacks.manager 
2026-04-07 01:11:27.532 10 INFO neutron.plugins.ml2.drivers.ovn.mech_driver.ovsdb.commands [None req-4048a409-b043-41c0-b955-f1ea33b8ea7e - - - - - -] Schedule LRP lrp-aa3e64fa-464e-40ac-9308-3dd5a4bc94ca on gateway ff0c512b-8400-4dc3-a36c-93156c090eba with priority 1
2026-04-07 01:11:27.586 10 INFO neutron.plugins.ml2.drivers.ovn.mech_driver.ovsdb.ovsdb_monitor [None req-2f01c63e-ea3d-43e4-9e67-54844d14be31 - - - - - -] Router 4d422fe8-3306-4013-82e7-da77d121578c is bound to host instance
2026-04-07 01:11:27.631 10 INFO neutron.db.ovn_revision_numbers_db [None req-e0af8aa9-ebcf-45d6-9739-4442687d33b1 dc35760bae544eddadfd48d264f8e1e4 1e312ab7abc54abea284063e58060ebd - - default default] Successfully bumped revision number for resource aa3e64fa-464e-40ac-9308-3dd5a4bc94ca (type: router_ports) to 1
2026-04-07 01:11:27.785 10 INFO neutron.db.ovn_revision_numbers_db [None req-e0af8aa9-ebcf-45d6-9739-4442687d33b1 dc35760bae544eddadfd48d264f8e1e4 1e312ab7abc54abea284063e58060ebd - - default default] Successfully bumped revision number for resource 4d422fe8-3306-4013-82e7-da77d121578c (type: routers) to 2
2026-04-07 01:11:27.817 10 INFO neutron.wsgi [None req-e0af8aa9-ebcf-45d6-9739-4442687d33b1 dc35760bae544eddadfd48d264f8e1e4 1e312ab7abc54abea284063e58060ebd - - default default] 10.0.0.154 "POST /v2.0/routers HTTP/1.1" status: 201 len: 1171 time: 3.2345870
2026-04-07 01:11:27.977 9 INFO neutron.db.ovn_revision_numbers_db [None req-c4dabc41-4809-4132-b3d9-8adbe81656f1 dc35760bae544eddadfd48d264f8e1e4 1e312ab7abc54abea284063e58060ebd - - default default] Successfully bumped revision number for resource 6d2d5ec2-6d07-4497-a847-127d23e6bfe8 (type: router_ports) to 1
2026-04-07 01:11:27.989 9 INFO neutron.wsgi [None req-c4dabc41-4809-4132-b3d9-8adbe81656f1 dc35760bae544eddadfd48d264f8e1e4 1e312ab7abc54abea284063e58060ebd - - default default] 10.0.0.154 "PUT /v2.0/routers/616154dc-baa8-4447-ac2e-23f6bf71cdda/add_router_interface HTTP/1.1" status: 200 len: 503 time: 5.7288301
2026-04-07 01:11:28.064 9 INFO neutron.db.ovn_revision_numbers_db [None req-77146e89-1f7b-47d4-b30c-1bf9f013da08 dc35760bae544eddadfd48d264f8e1e4 1e312ab7abc54abea284063e58060ebd - - default default] Successfully bumped revision number for resource a04693a0-0de2-49a4-82bc-7ca12473ea20 (type: router_ports) to 1
2026-04-07 01:11:28.070 9 INFO neutron.wsgi [None req-77146e89-1f7b-47d4-b30c-1bf9f013da08 dc35760bae544eddadfd48d264f8e1e4 1e312ab7abc54abea284063e58060ebd - - default default] 10.0.0.154 "PUT /v2.0/routers/27e6af7b-9fbd-4414-a8b2-9e310c282c5f/add_router_interface HTTP/1.1" status: 200 len: 503 time: 5.5548027
2026-04-07 01:11:28.234 9 INFO neutron.plugins.ml2.drivers.ovn.mech_driver.mech_driver [None req-f9543b37-866a-4dad-8baa-eb3fbf3e386f - - - - - -] OVN reports status up for port: 6d2d5ec2-6d07-4497-a847-127d23e6bfe8
2026-04-07 01:11:28.247 9 INFO neutron.plugins.ml2.plugin [None req-f9543b37-866a-4dad-8baa-eb3fbf3e386f - - - - - -] Attempt 1 to provision port 6d2d5ec2-6d07-4497-a847-127d23e6bfe8
2026-04-07 01:11:28.527 9 INFO neutron.db.ovn_revision_numbers_db [None req-c1ea6576-589e-4ae1-bf9f-a7e0d32de9c7 - - - - - -] Successfully bumped revision number for resource aa2d446f-0862-4224-b3c0-1282fd418ea5 (type: ports) to 1
2026-04-07 01:11:28.658 10 WARNING neutron_lib.context [None req-4edd2e6c-0047-48c2-9a9e-463bce783a30 61dd50e63e5c4fdf9b6e04ca13eb43a5 a2566a4260634e3abbe1fb9c1c42919b - - default default] Method 'is_advsvc' is deprecated since 2023.2 release (neutron-lib 3.8.0) and will be removed once support for the old RBAC API policies will be removed from Neutron. Please use method 'is_service_role' instead.
2026-04-07 01:11:28.759 10 INFO neutron.db.ovn_revision_numbers_db [None req-3d1276e8-13ae-4be2-befa-4fdaeef4b7f2 dc35760bae544eddadfd48d264f8e1e4 1e312ab7abc54abea284063e58060ebd - - default default] Successfully bumped revision number for resource 43f7fc43-c440-4970-a97c-c649e0521ee3 (type: router_ports) to 1
2026-04-07 01:11:28.769 10 INFO neutron.wsgi [None req-3d1276e8-13ae-4be2-befa-4fdaeef4b7f2 dc35760bae544eddadfd48d264f8e1e4 1e312ab7abc54abea284063e58060ebd - - default default] 10.0.0.154 "PUT /v2.0/routers/0a072f18-bb29-4ec5-8f13-664e1847c33a/add_router_interface HTTP/1.1" status: 200 len: 503 time: 5.1830499
2026-04-07 01:11:28.929 10 WARNING neutron_lib.context [req-8054b766-69c9-4f2a-8119-72604a473ab0 req-a78b62d2-8a77-46f7-8f6a-f80d98a5f087 feb68c25e622429a924333d191a63462 535f8f84f6c2451a87c36c4d68bd269d - - default default] Method 'is_advsvc' is deprecated since 2023.2 release (neutron-lib 3.8.0) and will be removed once support for the old RBAC API policies will be removed from Neutron. Please use method 'is_service_role' instead.
2026-04-07 01:11:28.999 9 INFO neutron.db.ovn_revision_numbers_db [None req-f9543b37-866a-4dad-8baa-eb3fbf3e386f - - - - - -] Successfully bumped revision number for resource 6d2d5ec2-6d07-4497-a847-127d23e6bfe8 (type: ports) to 2
2026-04-07 01:11:29.101 10 INFO neutron.db.ovn_revision_numbers_db [None req-4edd2e6c-0047-48c2-9a9e-463bce783a30 61dd50e63e5c4fdf9b6e04ca13eb43a5 a2566a4260634e3abbe1fb9c1c42919b - - default default] Successfully bumped revision number for resource 75ff3fa0-5e30-4565-8ac8-a3c8348070e5 (type: security_groups) to 1
2026-04-07 01:11:29.133 10 INFO neutron.db.ovn_revision_numbers_db [None req-4edd2e6c-0047-48c2-9a9e-463bce783a30 61dd50e63e5c4fdf9b6e04ca13eb43a5 a2566a4260634e3abbe1fb9c1c42919b - - default default] Successfully bumped revision number for resource 2f41ff33-72c5-4c03-868e-2e92a7cfb2d3 (type: security_group_rules) to 0
2026-04-07 01:11:29.151 10 WARNING neutron.scheduler.dhcp_agent_scheduler [None req-5f9d0147-0fda-4e38-a16b-aef65b731047 dc35760bae544eddadfd48d264f8e1e4 1e312ab7abc54abea284063e58060ebd - - default default] No more DHCP agents
2026-04-07 01:11:29.163 10 WARNING neutron.api.rpc.agentnotifiers.dhcp_rpc_agent_api [None req-5f9d0147-0fda-4e38-a16b-aef65b731047 dc35760bae544eddadfd48d264f8e1e4 1e312ab7abc54abea284063e58060ebd - - default default] Unable to schedule network eb61125f-82d2-452a-91fe-c667ccd3a6a7: no agents available; will retry on subsequent port and subnet creation events.
2026-04-07 01:11:29.174 10 INFO neutron.db.ovn_revision_numbers_db [None req-4edd2e6c-0047-48c2-9a9e-463bce783a30 61dd50e63e5c4fdf9b6e04ca13eb43a5 a2566a4260634e3abbe1fb9c1c42919b - - default default] Successfully bumped revision number for resource 43a63bca-3283-4650-93a1-4f6990885cb9 (type: security_group_rules) to 0
2026-04-07 01:11:29.196 9 INFO neutron.db.ovn_revision_numbers_db [None req-f9543b37-866a-4dad-8baa-eb3fbf3e386f - - - - - -] Successfully bumped revision number for resource 6d2d5ec2-6d07-4497-a847-127d23e6bfe8 (type: router_ports) to 2
2026-04-07 01:11:29.223 10 INFO neutron.wsgi [None req-4edd2e6c-0047-48c2-9a9e-463bce783a30 61dd50e63e5c4fdf9b6e04ca13eb43a5 a2566a4260634e3abbe1fb9c1c42919b - - default default] 10.0.0.154 "POST /v2.0/security-groups HTTP/1.1" status: 201 len: 1860 time: 0.5706985
2026-04-07 01:11:29.232 10 INFO neutron.db.ovn_revision_numbers_db [None req-2f01c63e-ea3d-43e4-9e67-54844d14be31 - - - - - -] Successfully bumped revision number for resource aa3e64fa-464e-40ac-9308-3dd5a4bc94ca (type: ports) to 1
2026-04-07 01:11:29.239 10 WARNING neutron_lib.context [None req-3a460fca-e671-4e6a-9b82-bf686edb6c03 61dd50e63e5c4fdf9b6e04ca13eb43a5 a2566a4260634e3abbe1fb9c1c42919b - - default default] Method 'is_advsvc' is deprecated since 2023.2 release (neutron-lib 3.8.0) and will be removed once support for the old RBAC API policies will be removed from Neutron. Please use method 'is_service_role' instead.
2026-04-07 01:11:29.293 9 INFO neutron.db.ovn_revision_numbers_db [None req-c1ea6576-589e-4ae1-bf9f-a7e0d32de9c7 - - - - - -] Successfully bumped revision number for resource aa2d446f-0862-4224-b3c0-1282fd418ea5 (type: router_ports) to 3
2026-04-07 01:11:29.370 10 INFO neutron.db.ovn_revision_numbers_db [req-8054b766-69c9-4f2a-8119-72604a473ab0 req-a78b62d2-8a77-46f7-8f6a-f80d98a5f087 feb68c25e622429a924333d191a63462 535f8f84f6c2451a87c36c4d68bd269d - - default default] Successfully bumped revision number for resource 2dd078e1-64e1-42f3-88c1-6beb7b05b397 (type: security_groups) to 1
2026-04-07 01:11:29.403 10 INFO neutron.db.ovn_revision_numbers_db [req-8054b766-69c9-4f2a-8119-72604a473ab0 req-a78b62d2-8a77-46f7-8f6a-f80d98a5f087 feb68c25e622429a924333d191a63462 535f8f84f6c2451a87c36c4d68bd269d - - default default] Successfully bumped revision number for resource 22b8eee1-d2c6-4120-a22a-e2c8d7d3c12f (type: security_group_rules) to 0
2026-04-07 01:11:29.455 10 INFO neutron.db.ovn_revision_numbers_db [req-8054b766-69c9-4f2a-8119-72604a473ab0 req-a78b62d2-8a77-46f7-8f6a-f80d98a5f087 feb68c25e622429a924333d191a63462 535f8f84f6c2451a87c36c4d68bd269d - - default default] Successfully bumped revision number for resource 84c2a255-2cbe-45b2-8794-1fc362637b85 (type: security_group_rules) to 0
2026-04-07 01:11:29.502 9 INFO neutron.db.ovn_revision_numbers_db [None req-c1ea6576-589e-4ae1-bf9f-a7e0d32de9c7 - - - - - -] Successfully bumped revision number for resource aa2d446f-0862-4224-b3c0-1282fd418ea5 (type: ports) to 2
2026-04-07 01:11:29.508 10 INFO neutron.wsgi [req-8054b766-69c9-4f2a-8119-72604a473ab0 req-a78b62d2-8a77-46f7-8f6a-f80d98a5f087 feb68c25e622429a924333d191a63462 535f8f84f6c2451a87c36c4d68bd269d - - default default] 10.0.0.136 "POST /v2.0/security-groups HTTP/1.1" status: 201 len: 1891 time: 0.6278372
2026-04-07 01:11:29.513 10 INFO neutron.db.ovn_revision_numbers_db [None req-5f9d0147-0fda-4e38-a16b-aef65b731047 dc35760bae544eddadfd48d264f8e1e4 1e312ab7abc54abea284063e58060ebd - - default default] Successfully bumped revision number for resource 6825c3a1-9b48-4e52-98b4-23d439ae50e6 (type: ports) to 1
2026-04-07 01:11:29.611 10 INFO neutron.wsgi [req-706fa690-7c17-492a-b195-8004681679f0 req-53c7fd52-2e71-4130-9b19-606c33b92638 feb68c25e622429a924333d191a63462 535f8f84f6c2451a87c36c4d68bd269d - - default default] 10.0.0.136 "GET /v2.0/security-groups/2dd078e1-64e1-42f3-88c1-6beb7b05b397 HTTP/1.1" status: 200 len: 1886 time: 0.0687373
2026-04-07 01:11:29.614 10 INFO neutron.db.ovn_revision_numbers_db [None req-3a460fca-e671-4e6a-9b82-bf686edb6c03 61dd50e63e5c4fdf9b6e04ca13eb43a5 a2566a4260634e3abbe1fb9c1c42919b - - default default] Successfully bumped revision number for resource e110a8bc-21b5-4a32-a836-82a0ee5ad4e4 (type: security_group_rules) to 0
2026-04-07 01:11:29.650 10 WARNING neutron_lib.context [req-706fa690-7c17-492a-b195-8004681679f0 req-da7ab4b4-c943-4716-bd3f-69be290ee14f feb68c25e622429a924333d191a63462 535f8f84f6c2451a87c36c4d68bd269d - - default default] Method 'is_advsvc' is deprecated since 2023.2 release (neutron-lib 3.8.0) and will be removed once support for the old RBAC API policies will be removed from Neutron. Please use method 'is_service_role' instead.
2026-04-07 01:11:29.667 9 WARNING neutron_lib.context [req-4fd32814-f610-4e34-9eea-6a873c282f38 req-1b5a1b1f-d1ba-4b35-8771-b9b1f30224e9 f63570030f554134a40bed11be33c0ca 94a3d0aa9e0346c7ac3c4c9d4c7eb0e5 - - default default] Method 'is_advsvc' is deprecated since 2023.2 release (neutron-lib 3.8.0) and will be removed once support for the old RBAC API policies will be removed from Neutron. Please use method 'is_service_role' instead.
2026-04-07 01:11:29.702 10 INFO neutron.wsgi [None req-3a460fca-e671-4e6a-9b82-bf686edb6c03 61dd50e63e5c4fdf9b6e04ca13eb43a5 a2566a4260634e3abbe1fb9c1c42919b - - default default] 10.0.0.154 "POST /v2.0/security-group-rules HTTP/1.1" status: 201 len: 796 time: 0.4722276
2026-04-07 01:11:29.712 10 WARNING neutron_lib.context [None req-3cba550b-59fb-4236-98dc-493cd3631aa1 61dd50e63e5c4fdf9b6e04ca13eb43a5 a2566a4260634e3abbe1fb9c1c42919b - - default default] Method 'is_advsvc' is deprecated since 2023.2 release (neutron-lib 3.8.0) and will be removed once support for the old RBAC API policies will be removed from Neutron. Please use method 'is_service_role' instead.
2026-04-07 01:11:29.864 9 INFO neutron.db.ovn_revision_numbers_db [req-4fd32814-f610-4e34-9eea-6a873c282f38 req-1b5a1b1f-d1ba-4b35-8771-b9b1f30224e9 f63570030f554134a40bed11be33c0ca 94a3d0aa9e0346c7ac3c4c9d4c7eb0e5 - - default default] Successfully bumped revision number for resource 0d3ac674-d42d-427c-868f-2118c42916dc (type: security_groups) to 1
2026-04-07 01:11:29.883 9 INFO neutron.db.ovn_revision_numbers_db [req-4fd32814-f610-4e34-9eea-6a873c282f38 req-1b5a1b1f-d1ba-4b35-8771-b9b1f30224e9 f63570030f554134a40bed11be33c0ca 94a3d0aa9e0346c7ac3c4c9d4c7eb0e5 - - default default] Successfully bumped revision number for resource e23e325b-b316-44e2-8d97-b0d919ff75ac (type: security_group_rules) to 0
2026-04-07 01:11:29.906 9 INFO neutron.db.ovn_revision_numbers_db [req-4fd32814-f610-4e34-9eea-6a873c282f38 req-1b5a1b1f-d1ba-4b35-8771-b9b1f30224e9 f63570030f554134a40bed11be33c0ca 94a3d0aa9e0346c7ac3c4c9d4c7eb0e5 - - default default] Successfully bumped revision number for resource ef423fae-1998-40ba-870e-ba124b8e69d2 (type: security_group_rules) to 0
2026-04-07 01:11:29.929 9 INFO neutron.wsgi [req-4fd32814-f610-4e34-9eea-6a873c282f38 req-1b5a1b1f-d1ba-4b35-8771-b9b1f30224e9 f63570030f554134a40bed11be33c0ca 94a3d0aa9e0346c7ac3c4c9d4c7eb0e5 - - default default] 10.0.0.136 "POST /v2.0/security-groups HTTP/1.1" status: 201 len: 1884 time: 0.3198943
2026-04-07 01:11:29.939 9 INFO neutron.db.ovn_revision_numbers_db [None req-c1ea6576-589e-4ae1-bf9f-a7e0d32de9c7 - - - - - -] Successfully bumped revision number for resource aa2d446f-0862-4224-b3c0-1282fd418ea5 (type: ports) to 4
2026-04-07 01:11:29.970 9 WARNING neutron_lib.context [req-7e44d58a-e5e0-4427-9ac8-d2e078d0f32a req-18077d21-1f61-4bcd-af90-5572ec0c3c97 f63570030f554134a40bed11be33c0ca 94a3d0aa9e0346c7ac3c4c9d4c7eb0e5 - - default default] Method 'is_advsvc' is deprecated since 2023.2 release (neutron-lib 3.8.0) and will be removed once support for the old RBAC API policies will be removed from Neutron. Please use method 'is_service_role' instead.
2026-04-07 01:11:30.025 10 INFO neutron.db.ovn_revision_numbers_db [req-706fa690-7c17-492a-b195-8004681679f0 req-da7ab4b4-c943-4716-bd3f-69be290ee14f feb68c25e622429a924333d191a63462 535f8f84f6c2451a87c36c4d68bd269d - - default default] Successfully bumped revision number for resource d185a135-5d17-4380-99e3-555f26cd5146 (type: security_group_rules) to 0
2026-04-07 01:11:30.044 10 INFO neutron.db.ovn_revision_numbers_db [None req-3cba550b-59fb-4236-98dc-493cd3631aa1 61dd50e63e5c4fdf9b6e04ca13eb43a5 a2566a4260634e3abbe1fb9c1c42919b - - default default] Successfully bumped revision number for resource 2e644e46-af40-4ec2-bd7f-a882e9224813 (type: security_group_rules) to 0
2026-04-07 01:11:30.115 10 INFO neutron.wsgi [req-706fa690-7c17-492a-b195-8004681679f0 req-da7ab4b4-c943-4716-bd3f-69be290ee14f feb68c25e622429a924333d191a63462 535f8f84f6c2451a87c36c4d68bd269d - - default default] 10.0.0.136 "POST /v2.0/security-group-rules HTTP/1.1" status: 201 len: 818 time: 0.4928014
2026-04-07 01:11:30.123 10 INFO neutron.wsgi [None req-3cba550b-59fb-4236-98dc-493cd3631aa1 61dd50e63e5c4fdf9b6e04ca13eb43a5 a2566a4260634e3abbe1fb9c1c42919b - - default default] 10.0.0.154 "POST /v2.0/security-group-rules HTTP/1.1" status: 201 len: 801 time: 0.4145927
2026-04-07 01:11:30.126 10 INFO neutron.db.ovn_revision_numbers_db [None req-2f01c63e-ea3d-43e4-9e67-54844d14be31 - - - - - -] Successfully bumped revision number for resource aa3e64fa-464e-40ac-9308-3dd5a4bc94ca (type: router_ports) to 3
2026-04-07 01:11:30.133 9 WARNING neutron_lib.context [None req-1fe7ce10-92da-43ed-97af-f8eda7bfbc0d 61dd50e63e5c4fdf9b6e04ca13eb43a5 a2566a4260634e3abbe1fb9c1c42919b - - default default] Method 'is_advsvc' is deprecated since 2023.2 release (neutron-lib 3.8.0) and will be removed once support for the old RBAC API policies will be removed from Neutron. Please use method 'is_service_role' instead.
2026-04-07 01:11:30.159 10 WARNING neutron_lib.context [req-20c2bb11-ce9c-4eb1-9b3e-fc916272fdef req-25bf01e5-642b-47f6-90c8-c822f3d31bf2 feb68c25e622429a924333d191a63462 535f8f84f6c2451a87c36c4d68bd269d - - default default] Method 'is_advsvc' is deprecated since 2023.2 release (neutron-lib 3.8.0) and will be removed once support for the old RBAC API policies will be removed from Neutron. Please use method 'is_service_role' instead.
2026-04-07 01:11:30.389 9 INFO neutron.db.ovn_revision_numbers_db [req-7e44d58a-e5e0-4427-9ac8-d2e078d0f32a req-18077d21-1f61-4bcd-af90-5572ec0c3c97 f63570030f554134a40bed11be33c0ca 94a3d0aa9e0346c7ac3c4c9d4c7eb0e5 - - default default] Successfully bumped revision number for resource df97a1a8-6cbd-4bc8-98e0-cf5b0cc10ee0 (type: security_groups) to 1
2026-04-07 01:11:30.433 9 INFO neutron.db.ovn_revision_numbers_db [req-7e44d58a-e5e0-4427-9ac8-d2e078d0f32a req-18077d21-1f61-4bcd-af90-5572ec0c3c97 f63570030f554134a40bed11be33c0ca 94a3d0aa9e0346c7ac3c4c9d4c7eb0e5 - - default default] Successfully bumped revision number for resource 3fc814b8-8123-4339-9fbb-e074dd914bf6 (type: security_group_rules) to 0
2026-04-07 01:11:30.476 9 INFO neutron.db.ovn_revision_numbers_db [req-7e44d58a-e5e0-4427-9ac8-d2e078d0f32a req-18077d21-1f61-4bcd-af90-5572ec0c3c97 f63570030f554134a40bed11be33c0ca 94a3d0aa9e0346c7ac3c4c9d4c7eb0e5 - - default default] Successfully bumped revision number for resource a5e3a54c-c655-4e18-9ad7-3c97f4f12cb5 (type: security_group_rules) to 0
2026-04-07 01:11:30.512 9 INFO neutron.wsgi [req-7e44d58a-e5e0-4427-9ac8-d2e078d0f32a req-18077d21-1f61-4bcd-af90-5572ec0c3c97 f63570030f554134a40bed11be33c0ca 94a3d0aa9e0346c7ac3c4c9d4c7eb0e5 - - default default] 10.0.0.136 "POST /v2.0/security-groups HTTP/1.1" status: 201 len: 1887 time: 0.5507724
2026-04-07 01:11:30.547 9 WARNING neutron_lib.context [req-00edc89c-d003-46e6-8704-d6820359dfdc req-348d0b43-bb3a-4549-8919-120129435ab3 f63570030f554134a40bed11be33c0ca 94a3d0aa9e0346c7ac3c4c9d4c7eb0e5 - - default default] Method 'is_advsvc' is deprecated since 2023.2 release (neutron-lib 3.8.0) and will be removed once support for the old RBAC API policies will be removed from Neutron. Please use method 'is_service_role' instead.
2026-04-07 01:11:30.573 9 INFO neutron.db.ovn_revision_numbers_db [None req-c1ea6576-589e-4ae1-bf9f-a7e0d32de9c7 - - - - - -] Successfully bumped revision number for resource aa2d446f-0862-4224-b3c0-1282fd418ea5 (type: router_ports) to 4
2026-04-07 01:11:30.575 10 INFO neutron.db.ovn_revision_numbers_db [req-20c2bb11-ce9c-4eb1-9b3e-fc916272fdef req-25bf01e5-642b-47f6-90c8-c822f3d31bf2 feb68c25e622429a924333d191a63462 535f8f84f6c2451a87c36c4d68bd269d - - default default] Successfully bumped revision number for resource ce7eecd1-53ef-440b-971c-142ded727c41 (type: security_groups) to 1
2026-04-07 01:11:30.627 10 INFO neutron.db.ovn_revision_numbers_db [req-20c2bb11-ce9c-4eb1-9b3e-fc916272fdef req-25bf01e5-642b-47f6-90c8-c822f3d31bf2 feb68c25e622429a924333d191a63462 535f8f84f6c2451a87c36c4d68bd269d - - default default] Successfully bumped revision number for resource 3205f3e7-4c2c-45c9-9632-52452152e956 (type: security_group_rules) to 0
2026-04-07 01:11:30.647 10 INFO neutron.db.ovn_revision_numbers_db [req-20c2bb11-ce9c-4eb1-9b3e-fc916272fdef req-25bf01e5-642b-47f6-90c8-c822f3d31bf2 feb68c25e622429a924333d191a63462 535f8f84f6c2451a87c36c4d68bd269d - - default default] Successfully bumped revision number for resource f06d5e54-baff-4aa5-8833-3ee3dd110d92 (type: security_group_rules) to 0
2026-04-07 01:11:30.659 10 INFO neutron.db.ovn_revision_numbers_db [None req-2f01c63e-ea3d-43e4-9e67-54844d14be31 - - - - - -] Successfully bumped revision number for resource aa3e64fa-464e-40ac-9308-3dd5a4bc94ca (type: ports) to 2
2026-04-07 01:11:30.675 10 INFO neutron.wsgi [req-20c2bb11-ce9c-4eb1-9b3e-fc916272fdef req-25bf01e5-642b-47f6-90c8-c822f3d31bf2 feb68c25e622429a924333d191a63462 535f8f84f6c2451a87c36c4d68bd269d - - default default] 10.0.0.136 "POST /v2.0/security-groups HTTP/1.1" status: 201 len: 1890 time: 0.5271695
2026-04-07 01:11:30.701 10 ERROR ovsdbapp.backend.ovs_idl.command [None req-5f9d0147-0fda-4e38-a16b-aef65b731047 dc35760bae544eddadfd48d264f8e1e4 1e312ab7abc54abea284063e58060ebd - - default default] Error executing command (DbGetCommand): ovsdbapp.backend.ovs_idl.idlutils.RowNotFound: Cannot find Logical_Router_Port with name=lrp-6825c3a1-9b48-4e52-98b4-23d439ae50e6
2026-04-07 01:11:30.701 10 ERROR ovsdbapp.backend.ovs_idl.command
Traceback (most recent call last):
2026-04-07 01:11:30.701 10 ERROR ovsdbapp.backend.ovs_idl.command
File "/var/lib/openstack/lib/python3.10/site-packages/ovsdbapp/backend/ovs_idl/command.py", line 47, in execute
2026-04-07 01:11:30.701 10 ERROR ovsdbapp.backend.ovs_idl.command self.run_idl(None)
2026-04-07 01:11:30.701 10 ERROR ovsdbapp.backend.ovs_idl.command
File "/var/lib/openstack/lib/python3.10/site-packages/ovsdbapp/backend/ovs_idl/command.py", line 235, in run_idl
2026-04-07 01:11:30.701 10 ERROR ovsdbapp.backend.ovs_idl.command record = self.api.lookup(self.table, self.record)
2026-04-07 01:11:30.701 10 ERROR ovsdbapp.backend.ovs_idl.command
File "/var/lib/openstack/lib/python3.10/site-packages/ovsdbapp/backend/ovs_idl/__init__.py", line 184, in lookup
2026-04-07 01:11:30.701 10 ERROR ovsdbapp.backend.ovs_idl.command return self._lookup(table, record)
2026-04-07 01:11:30.701 10 ERROR ovsdbapp.backend.ovs_idl.command
File "/var/lib/openstack/lib/python3.10/site-packages/ovsdbapp/backend/ovs_idl/__init__.py", line 235, in _lookup
2026-04-07 01:11:30.701 10 ERROR ovsdbapp.backend.ovs_idl.command row = idlutils.row_by_value(self, rl.table, rl.column, record)
2026-04-07 01:11:30.701 10 ERROR ovsdbapp.backend.ovs_idl.command
File "/var/lib/openstack/lib/python3.10/site-packages/ovsdbapp/backend/ovs_idl/idlutils.py", line 114, in row_by_value
2026-04-07 01:11:30.701 10 ERROR ovsdbapp.backend.ovs_idl.command raise RowNotFound(table=table, col=column, match=match)
2026-04-07 01:11:30.701 10 ERROR ovsdbapp.backend.ovs_idl.command ovsdbapp.backend.ovs_idl.idlutils.RowNotFound: Cannot find Logical_Router_Port with name=lrp-6825c3a1-9b48-4e52-98b4-23d439ae50e6
2026-04-07 01:11:30.701 10 ERROR ovsdbapp.backend.ovs_idl.command 
2026-04-07 01:11:30.701 10 ERROR neutron_lib.callbacks.manager [None req-5f9d0147-0fda-4e38-a16b-aef65b731047 dc35760bae544eddadfd48d264f8e1e4 1e312ab7abc54abea284063e58060ebd - - default default] Error during notification for neutron.services.ovn_l3.plugin.OVNL3RouterPlugin._port_update-8757716897510 port, after_update: ovsdbapp.backend.ovs_idl.idlutils.RowNotFound: Cannot find Logical_Router_Port with name=lrp-6825c3a1-9b48-4e52-98b4-23d439ae50e6
2026-04-07 01:11:30.701 10 ERROR neutron_lib.callbacks.manager
Traceback (most recent call last):
2026-04-07 01:11:30.701 10 ERROR neutron_lib.callbacks.manager
File "/var/lib/openstack/lib/python3.10/site-packages/neutron_lib/callbacks/manager.py", line 189, in _notify_loop
2026-04-07 01:11:30.701 10 ERROR neutron_lib.callbacks.manager callback.method(resource, event, trigger, payload=payload)
2026-04-07 01:11:30.701 10 ERROR neutron_lib.callbacks.manager
File "/var/lib/openstack/lib/python3.10/site-packages/neutron/services/ovn_l3/plugin.py", line 391, in _port_update
2026-04-07 01:11:30.701 10 ERROR neutron_lib.callbacks.manager l3plugin._ovn_client.update_router_port(context,
2026-04-07 01:11:30.701 10 ERROR neutron_lib.callbacks.manager
File "/var/lib/openstack/lib/python3.10/site-packages/neutron/plugins/ml2/drivers/ovn/mech_driver/ovsdb/ovn_client.py", line 1878, in update_router_port
2026-04-07 01:11:30.701 10 ERROR neutron_lib.callbacks.manager self._update_lrouter_port(context, port, if_exists=if_exists,
2026-04-07 01:11:30.701 10 ERROR neutron_lib.callbacks.manager
File "/var/lib/openstack/lib/python3.10/site-packages/neutron/plugins/ml2/drivers/ovn/mech_driver/ovsdb/ovn_client.py", line 1855, in _update_lrouter_port
2026-04-07 01:11:30.701 10 ERROR neutron_lib.callbacks.manager external_ids = self._nb_idl.db_get(
2026-04-07 01:11:30.701 10 ERROR neutron_lib.callbacks.manager
File "/var/lib/openstack/lib/python3.10/site-packages/ovsdbapp/backend/ovs_idl/command.py", line 47, in execute
2026-04-07 01:11:30.701 10 ERROR neutron_lib.callbacks.manager self.run_idl(None)
2026-04-07 01:11:30.701 10 ERROR neutron_lib.callbacks.manager
File "/var/lib/openstack/lib/python3.10/site-packages/ovsdbapp/backend/ovs_idl/command.py", line 235, in run_idl
2026-04-07 01:11:30.701 10 ERROR neutron_lib.callbacks.manager record = self.api.lookup(self.table, self.record)
2026-04-07 01:11:30.701 10 ERROR neutron_lib.callbacks.manager
File "/var/lib/openstack/lib/python3.10/site-packages/ovsdbapp/backend/ovs_idl/__init__.py", line 184, in lookup
2026-04-07 01:11:30.701 10 ERROR neutron_lib.callbacks.manager return self._lookup(table, record)
2026-04-07 01:11:30.701 10 ERROR neutron_lib.callbacks.manager
File "/var/lib/openstack/lib/python3.10/site-packages/ovsdbapp/backend/ovs_idl/__init__.py", line 235, in _lookup
2026-04-07 01:11:30.701 10 ERROR neutron_lib.callbacks.manager row = idlutils.row_by_value(self, rl.table, rl.column, record)
2026-04-07 01:11:30.701 10 ERROR neutron_lib.callbacks.manager
File "/var/lib/openstack/lib/python3.10/site-packages/ovsdbapp/backend/ovs_idl/idlutils.py", line 114, in row_by_value
2026-04-07 01:11:30.701 10 ERROR neutron_lib.callbacks.manager raise RowNotFound(table=table, col=column, match=match)
2026-04-07 01:11:30.701 10 ERROR neutron_lib.callbacks.manager ovsdbapp.backend.ovs_idl.idlutils.RowNotFound: Cannot find Logical_Router_Port with name=lrp-6825c3a1-9b48-4e52-98b4-23d439ae50e6
2026-04-07 01:11:30.701 10 ERROR neutron_lib.callbacks.manager 
2026-04-07 01:11:30.720 9 WARNING neutron.scheduler.dhcp_agent_scheduler [None req-1fe7ce10-92da-43ed-97af-f8eda7bfbc0d 61dd50e63e5c4fdf9b6e04ca13eb43a5 a2566a4260634e3abbe1fb9c1c42919b - - default default] No more DHCP agents
2026-04-07 01:11:30.728 9 WARNING neutron.api.rpc.agentnotifiers.dhcp_rpc_agent_api [None req-1fe7ce10-92da-43ed-97af-f8eda7bfbc0d 61dd50e63e5c4fdf9b6e04ca13eb43a5 a2566a4260634e3abbe1fb9c1c42919b - - default default] Unable to schedule network 543c9a89-0820-4f46-bd87-04b90bfd4ca5: no agents available; will retry on subsequent port and subnet creation events.
2026-04-07 01:11:30.761 9 INFO neutron.db.ovn_revision_numbers_db [req-00edc89c-d003-46e6-8704-d6820359dfdc req-348d0b43-bb3a-4549-8919-120129435ab3 f63570030f554134a40bed11be33c0ca 94a3d0aa9e0346c7ac3c4c9d4c7eb0e5 - - default default] Successfully bumped revision number for resource c24f1937-2186-4939-83df-12469e5174f9 (type: security_groups) to 1
2026-04-07 01:11:30.770 10 INFO neutron.wsgi [req-00de1dd2-bd9c-43f2-9345-784404ca54e4 req-8f763a25-c7ce-414a-89e5-82365206b9b7 feb68c25e622429a924333d191a63462 535f8f84f6c2451a87c36c4d68bd269d - - default default] 10.0.0.136 "GET /v2.0/security-groups/ce7eecd1-53ef-440b-971c-142ded727c41 HTTP/1.1" status: 200 len: 1885 time: 0.0531812
2026-04-07 01:11:30.779 9 INFO neutron.db.ovn_revision_numbers_db [req-00edc89c-d003-46e6-8704-d6820359dfdc req-348d0b43-bb3a-4549-8919-120129435ab3 f63570030f554134a40bed11be33c0ca 94a3d0aa9e0346c7ac3c4c9d4c7eb0e5 - - default default] Successfully bumped revision number for resource f4ef9e10-be43-4391-bb03-042ee8e5537a (type: security_group_rules) to 0
2026-04-07 01:11:30.785 10 WARNING neutron_lib.context [req-00de1dd2-bd9c-43f2-9345-784404ca54e4 req-6db6f506-7465-4976-b351-898d5664af4d feb68c25e622429a924333d191a63462 535f8f84f6c2451a87c36c4d68bd269d - - default default] Method 'is_advsvc' is deprecated since 2023.2 release (neutron-lib 3.8.0) and will be removed once support for the old RBAC API policies will be removed from Neutron. Please use method 'is_service_role' instead.
2026-04-07 01:11:30.824 9 INFO neutron.db.ovn_revision_numbers_db [req-00edc89c-d003-46e6-8704-d6820359dfdc req-348d0b43-bb3a-4549-8919-120129435ab3 f63570030f554134a40bed11be33c0ca 94a3d0aa9e0346c7ac3c4c9d4c7eb0e5 - - default default] Successfully bumped revision number for resource ff744530-aecf-4c2f-b759-4a25d38bd556 (type: security_group_rules) to 0
2026-04-07 01:11:30.856 9 INFO neutron.wsgi [req-00edc89c-d003-46e6-8704-d6820359dfdc req-348d0b43-bb3a-4549-8919-120129435ab3 f63570030f554134a40bed11be33c0ca 94a3d0aa9e0346c7ac3c4c9d4c7eb0e5 - - default default] 10.0.0.136 "POST /v2.0/security-groups HTTP/1.1" status: 201 len: 1886 time: 0.3147693
2026-04-07 01:11:30.935 9 INFO neutron.wsgi [req-a80c8d29-f8a9-4f8a-bd87-5cc30800b8ea req-a5d2e2bf-7d21-40c7-aa3d-daf8c286e6ef f63570030f554134a40bed11be33c0ca 94a3d0aa9e0346c7ac3c4c9d4c7eb0e5 - - default default] 10.0.0.136 "GET /v2.0/security-groups?tenant_id=94a3d0aa9e0346c7ac3c4c9d4c7eb0e5 HTTP/1.1" status: 200 len: 8103 time: 0.0527077
2026-04-07 01:11:30.982 9 INFO neutron.wsgi [req-a80c8d29-f8a9-4f8a-bd87-5cc30800b8ea req-a0b33e21-109e-4a64-a336-35791bc0890e f63570030f554134a40bed11be33c0ca 94a3d0aa9e0346c7ac3c4c9d4c7eb0e5 - - default default] 10.0.0.136 "GET /v2.0/security-groups/9541a289-5b16-4906-bee2-baf4862d732e HTTP/1.1" status: 200 len: 3118 time: 0.0389125
2026-04-07 01:11:31.053 9 INFO neutron.wsgi [req-a80c8d29-f8a9-4f8a-bd87-5cc30800b8ea req-0ebdec5a-a2c9-422f-9d07-ece54c001676 f63570030f554134a40bed11be33c0ca 94a3d0aa9e0346c7ac3c4c9d4c7eb0e5 - - default default] 10.0.0.136 "GET /v2.0/security-groups/9541a289-5b16-4906-bee2-baf4862d732e HTTP/1.1" status: 200 len: 3118 time: 0.0624335
2026-04-07 01:11:31.064 10 INFO neutron.db.ovn_revision_numbers_db [None req-5f9d0147-0fda-4e38-a16b-aef65b731047 dc35760bae544eddadfd48d264f8e1e4 1e312ab7abc54abea284063e58060ebd - - default default] Successfully bumped revision number for resource 6825c3a1-9b48-4e52-98b4-23d439ae50e6 (type: ports) to 1
2026-04-07 01:11:31.081 9 INFO neutron.wsgi [None req-1fe7ce10-92da-43ed-97af-f8eda7bfbc0d 61dd50e63e5c4fdf9b6e04ca13eb43a5 a2566a4260634e3abbe1fb9c1c42919b - - default default] 10.0.0.154 "POST /v2.0/floatingips HTTP/1.1" status: 201 len: 751 time: 0.9528363
2026-04-07 01:11:31.089 10 INFO neutron.db.ovn_revision_numbers_db [req-00de1dd2-bd9c-43f2-9345-784404ca54e4 req-6db6f506-7465-4976-b351-898d5664af4d feb68c25e622429a924333d191a63462 535f8f84f6c2451a87c36c4d68bd269d - - default default] Successfully bumped revision number for resource 648fb3dc-429f-493a-b420-358fe51e901f (type: security_group_rules) to 0
2026-04-07 01:11:31.109 9 INFO neutron.wsgi [req-c6a6bd4a-dea3-4a42-b81d-a9ca725f7f3d req-62de8590-6f93-43ef-b166-91882181a357 f63570030f554134a40bed11be33c0ca 94a3d0aa9e0346c7ac3c4c9d4c7eb0e5 - - default default] 10.0.0.136 "GET /v2.0/security-groups/0d3ac674-d42d-427c-868f-2118c42916dc HTTP/1.1" status: 200 len: 1879 time: 0.0273821
2026-04-07 01:11:31.146 10 INFO neutron.wsgi [req-00de1dd2-bd9c-43f2-9345-784404ca54e4 req-6db6f506-7465-4976-b351-898d5664af4d feb68c25e622429a924333d191a63462 535f8f84f6c2451a87c36c4d68bd269d - - default default] 10.0.0.136 "POST /v2.0/security-group-rules HTTP/1.1" status: 201 len: 818 time: 0.3686969
2026-04-07 01:11:31.213 10 WARNING neutron.scheduler.dhcp_agent_scheduler [None req-5f9d0147-0fda-4e38-a16b-aef65b731047 dc35760bae544eddadfd48d264f8e1e4 1e312ab7abc54abea284063e58060ebd - - default default] No more DHCP agents
2026-04-07 01:11:31.217 10 INFO neutron.wsgi [req-940b5028-20e6-4634-89b0-e818fb5bd3a9 req-ea903865-e330-4366-8304-68e081f60ff5 feb68c25e622429a924333d191a63462 535f8f84f6c2451a87c36c4d68bd269d - - default default] 10.0.0.136 "GET /v2.0/security-groups/ce7eecd1-53ef-440b-971c-142ded727c41 HTTP/1.1" status: 200 len: 2510 time: 0.0472784
2026-04-07 01:11:31.218 10 WARNING neutron.api.rpc.agentnotifiers.dhcp_rpc_agent_api [None req-5f9d0147-0fda-4e38-a16b-aef65b731047 dc35760bae544eddadfd48d264f8e1e4 1e312ab7abc54abea284063e58060ebd - - default default] Unable to schedule network eb61125f-82d2-452a-91fe-c667ccd3a6a7: no agents available; will retry on subsequent port and subnet creation events.
2026-04-07 01:11:31.226 9 INFO neutron.wsgi [req-c6a6bd4a-dea3-4a42-b81d-a9ca725f7f3d req-61fbb80f-7b52-43bd-a38a-78b87e04c1a0 f63570030f554134a40bed11be33c0ca 94a3d0aa9e0346c7ac3c4c9d4c7eb0e5 - - default default] 10.0.0.136 "DELETE /v2.0/security-groups/0d3ac674-d42d-427c-868f-2118c42916dc HTTP/1.1" status: 204 len: 173 time: 0.1100323
2026-04-07 01:11:31.237 10 WARNING neutron_lib.context [req-940b5028-20e6-4634-89b0-e818fb5bd3a9 req-bec0ddab-9100-4864-84f7-df3817fa424b feb68c25e622429a924333d191a63462 535f8f84f6c2451a87c36c4d68bd269d - - default default] Method 'is_advsvc' is deprecated since 2023.2 release (neutron-lib 3.8.0) and will be removed once support for the old RBAC API policies will be removed from Neutron. Please use method 'is_service_role' instead.
2026-04-07 01:11:31.261 9 INFO neutron.api.v2.resource [req-0a90e9af-2b65-4127-a1f1-8fc6826273eb req-d06149c6-3106-4fca-8d9a-b31a7b02cd8c f63570030f554134a40bed11be33c0ca 94a3d0aa9e0346c7ac3c4c9d4c7eb0e5 - - default default] show failed (client error): The resource could not be found.
2026-04-07 01:11:31.262 9 INFO neutron.wsgi [req-0a90e9af-2b65-4127-a1f1-8fc6826273eb req-d06149c6-3106-4fca-8d9a-b31a7b02cd8c f63570030f554134a40bed11be33c0ca 94a3d0aa9e0346c7ac3c4c9d4c7eb0e5 - - default default] 10.0.0.136 "GET /v2.0/security-groups/0d3ac674-d42d-427c-868f-2118c42916dc HTTP/1.1" status: 404 len: 352 time: 0.0144813
2026-04-07 01:11:31.318 9 INFO neutron.wsgi [req-2c894775-8ffe-459e-b58b-2e937370c640 req-48dcf41b-7c1f-4d84-9098-0a704f4730f9 f63570030f554134a40bed11be33c0ca 94a3d0aa9e0346c7ac3c4c9d4c7eb0e5 - - default default] 10.0.0.136 "GET /v2.0/security-groups/df97a1a8-6cbd-4bc8-98e0-cf5b0cc10ee0 HTTP/1.1" status: 200 len: 1882 time: 0.0316839
2026-04-07 01:11:31.445 9 INFO neutron.wsgi [req-2c894775-8ffe-459e-b58b-2e937370c640 req-dd92439b-ccec-436d-95c7-4c47371664e0 f63570030f554134a40bed11be33c0ca 94a3d0aa9e0346c7ac3c4c9d4c7eb0e5 - - default default] 10.0.0.136 "DELETE /v2.0/security-groups/df97a1a8-6cbd-4bc8-98e0-cf5b0cc10ee0 HTTP/1.1" status: 204 len: 173 time: 0.1170342
2026-04-07 01:11:31.462 10 INFO neutron.db.ovn_revision_numbers_db [None req-2f01c63e-ea3d-43e4-9e67-54844d14be31 - - - - - -] Successfully bumped revision number for resource aa3e64fa-464e-40ac-9308-3dd5a4bc94ca (type: ports) to 4
2026-04-07 01:11:31.584 9 INFO neutron.wsgi [req-ba88586c-8b96-4127-a9a3-b963b7c3ad6c req-e1289cf6-574a-47a4-beb7-d5ecb524ae0d 61dd50e63e5c4fdf9b6e04ca13eb43a5 a2566a4260634e3abbe1fb9c1c42919b - - default default] 10.0.0.136 "GET /v2.0/security-groups?name=tempest-securitygroup--2024271949&fields=id&tenant_id=a2566a4260634e3abbe1fb9c1c42919b HTTP/1.1" status: 200 len: 267 time: 0.0404556
2026-04-07 01:11:31.638 10 INFO neutron.db.ovn_revision_numbers_db [req-940b5028-20e6-4634-89b0-e818fb5bd3a9 req-bec0ddab-9100-4864-84f7-df3817fa424b feb68c25e622429a924333d191a63462 535f8f84f6c2451a87c36c4d68bd269d - - default default] Successfully bumped revision number for resource d2c86595-a316-44d8-8176-5bab93417805 (type: security_group_rules) to 0
2026-04-07 01:11:31.683 9 INFO neutron.wsgi [req-ba88586c-8b96-4127-a9a3-b963b7c3ad6c req-6273a1ec-0e4c-469d-ba01-392be5973f36 61dd50e63e5c4fdf9b6e04ca13eb43a5 a2566a4260634e3abbe1fb9c1c42919b - - default default] 10.0.0.136 "GET /v2.0/networks?id=4443e0a5-3f0c-48fe-a741-ebfb7cb767fb HTTP/1.1" status: 200 len: 869 time: 0.0918040
2026-04-07 01:11:31.688 10 INFO neutron.wsgi [req-940b5028-20e6-4634-89b0-e818fb5bd3a9 req-bec0ddab-9100-4864-84f7-df3817fa424b feb68c25e622429a924333d191a63462 535f8f84f6c2451a87c36c4d68bd269d - - default default] 10.0.0.136 "POST /v2.0/security-group-rules HTTP/1.1" status: 201 len: 823 time: 0.4599433
2026-04-07 01:11:31.701 9 INFO neutron.wsgi [req-ba88586c-8b96-4127-a9a3-b963b7c3ad6c req-f4860acd-6171-45ee-9b73-bb6adf5726ee 61dd50e63e5c4fdf9b6e04ca13eb43a5 a2566a4260634e3abbe1fb9c1c42919b - - default default] 10.0.0.136 "GET /v2.0/quotas/a2566a4260634e3abbe1fb9c1c42919b HTTP/1.1" status: 200 len: 491 time: 0.0106339
2026-04-07 01:11:31.731 10 INFO neutron.api.v2.resource [req-4ebde1a0-1076-4112-a5aa-96bfd6454051 req-d8a43699-a96f-42df-b1d3-36ffba3ffd8e f63570030f554134a40bed11be33c0ca 94a3d0aa9e0346c7ac3c4c9d4c7eb0e5 - - default default] show failed (client error): The resource could not be found.
2026-04-07 01:11:31.732 10 INFO neutron.wsgi [req-4ebde1a0-1076-4112-a5aa-96bfd6454051 req-d8a43699-a96f-42df-b1d3-36ffba3ffd8e f63570030f554134a40bed11be33c0ca 94a3d0aa9e0346c7ac3c4c9d4c7eb0e5 - - default default] 10.0.0.136 "GET /v2.0/security-groups/df97a1a8-6cbd-4bc8-98e0-cf5b0cc10ee0 HTTP/1.1" status: 404 len: 352 time: 0.0198116
2026-04-07 01:11:31.810 9 INFO neutron.wsgi [req-ba88586c-8b96-4127-a9a3-b963b7c3ad6c req-6e11530d-e896-46a3-94b1-43037f178e1d 61dd50e63e5c4fdf9b6e04ca13eb43a5 a2566a4260634e3abbe1fb9c1c42919b - - default default] 10.0.0.136 "GET /v2.0/ports?tenant_id=a2566a4260634e3abbe1fb9c1c42919b&fields=id HTTP/1.1" status: 200 len: 302 time: 0.1029134
2026-04-07 01:11:31.817 10 INFO neutron.wsgi [req-f93e5904-3090-4772-b360-d04f42dbad6d req-3a6a0754-6cff-445d-b176-8b8e64ec103a feb68c25e622429a924333d191a63462 535f8f84f6c2451a87c36c4d68bd269d - - default default] 10.0.0.136 "GET /v2.0/security-groups/ce7eecd1-53ef-440b-971c-142ded727c41 HTTP/1.1" status: 200 len: 3140 time: 0.0604384
2026-04-07 01:11:31.880 10 INFO neutron.wsgi [req-8023ff7f-2362-4609-9f7e-422372715f9c req-d8aa5ff4-31e2-42f8-bff9-239c9e7b12d3 f63570030f554134a40bed11be33c0ca 94a3d0aa9e0346c7ac3c4c9d4c7eb0e5 - - default default] 10.0.0.136 "GET /v2.0/security-groups/c24f1937-2186-4939-83df-12469e5174f9 HTTP/1.1" status: 200 len: 1881 time: 0.0445883
2026-04-07 01:11:31.977 10 INFO neutron.db.ovn_revision_numbers_db [None req-2f01c63e-ea3d-43e4-9e67-54844d14be31 - - - - - -] Successfully bumped revision number for resource aa3e64fa-464e-40ac-9308-3dd5a4bc94ca (type: router_ports) to 4
2026-04-07 01:11:32.111 10 INFO neutron.wsgi [req-8023ff7f-2362-4609-9f7e-422372715f9c req-fe3287dc-a921-4bad-94a7-62a3f6d34f1d f63570030f554134a40bed11be33c0ca 94a3d0aa9e0346c7ac3c4c9d4c7eb0e5 - - default default] 10.0.0.136 "DELETE /v2.0/security-groups/c24f1937-2186-4939-83df-12469e5174f9 HTTP/1.1" status: 204 len: 173 time: 0.2227015
2026-04-07 01:11:32.144 10 INFO neutron.wsgi [req-bca620c6-acca-49f7-b1b9-585128941be2 req-428eb155-d837-4d2d-9ea6-5fe86790f41e feb68c25e622429a924333d191a63462 535f8f84f6c2451a87c36c4d68bd269d - - default default] 10.0.0.136 "GET /v2.0/security-group-rules/d2c86595-a316-44d8-8176-5bab93417805 HTTP/1.1" status: 200 len: 815 time: 0.0170643
2026-04-07 01:11:32.189 10 INFO neutron.wsgi [req-bca620c6-acca-49f7-b1b9-585128941be2 req-d2b61ed3-2bc1-443c-8f51-1390cc9b6c1f feb68c25e622429a924333d191a63462 535f8f84f6c2451a87c36c4d68bd269d - - default default] 10.0.0.136 "GET /v2.0/security-groups/ce7eecd1-53ef-440b-971c-142ded727c41 HTTP/1.1" status: 200 len: 3140 time: 0.0301247
2026-04-07 01:11:32.217 9 INFO neutron.wsgi [req-ba88586c-8b96-4127-a9a3-b963b7c3ad6c req-e084bf3c-8844-4ec8-8ac2-6760a75b9b7b 2426283c74ff431aa9164d5fcca4c91d 2e50f0f865df492ba6e9176720962798 - - 94fea3911c3249d7b72d093d27ede76e 94fea3911c3249d7b72d093d27ede76e] 10.0.0.136 "GET /v2.0/extensions HTTP/1.1" status: 200 len: 18683 time: 0.0429528
