2026-04-07 01:12:38.498 9 INFO neutron.wsgi [None req-7bf72d66-da5a-4742-bf7a-26f12e08ba0d 153446161fb442d2acf09f810e5799b6 9dc7396899a24afbbfd2639c62c1f263 - - default default] 10.0.0.154 "GET /v2.0/extensions/network-ip-availability HTTP/1.1" status: 200 len: 410 time: 0.0044212
2026-04-07 01:12:38.509 9 INFO neutron.wsgi [None req-46b31962-624b-46dc-8852-d872a6916e72 153446161fb442d2acf09f810e5799b6 9dc7396899a24afbbfd2639c62c1f263 - - default default] 10.0.0.154 "GET /v2.0/extensions/pagination HTTP/1.1" status: 200 len: 386 time: 0.0048089
2026-04-07 01:12:38.525 9 INFO neutron.wsgi [None req-f09187be-e540-47a9-bb17-241fc65f5513 153446161fb442d2acf09f810e5799b6 9dc7396899a24afbbfd2639c62c1f263 - - default default] 10.0.0.154 "GET /v2.0/extensions/port-device-profile HTTP/1.1" status: 200 len: 383 time: 0.0098288
2026-04-07 01:12:38.534 10 INFO neutron.wsgi [None req-2ec10a2f-7c56-4df5-8945-032e9bd0d715 153446161fb442d2acf09f810e5799b6 9dc7396899a24afbbfd2639c62c1f263 - - default default] 10.0.0.154 "GET /v2.0/extensions/port-mac-address-regenerate HTTP/1.1" status: 200 len: 403 time: 0.0042436
2026-04-07 01:12:38.544 9 INFO neutron.wsgi [None req-68d15059-9a5b-492a-873b-7c6d85a3314b 153446161fb442d2acf09f810e5799b6 9dc7396899a24afbbfd2639c62c1f263 - - default default] 10.0.0.154 "GET /v2.0/extensions/port-numa-affinity-policy HTTP/1.1" status: 200 len: 392 time: 0.0051084
2026-04-07 01:12:38.559 10 INFO neutron.wsgi [None req-99193f1a-845f-4c1a-8865-c41d7904fe66 153446161fb442d2acf09f810e5799b6 9dc7396899a24afbbfd2639c62c1f263 - - default default] 10.0.0.154 "GET /v2.0/extensions/port-resource-request HTTP/1.1" status: 200 len: 379 time: 0.0105247
2026-04-07 01:12:38.575 10 INFO neutron.wsgi [None req-2e66f644-aedc-497d-b565-3090c5806077 153446161fb442d2acf09f810e5799b6 9dc7396899a24afbbfd2639c62c1f263 - - default default] 10.0.0.154 "GET /v2.0/extensions/port-resource-request-groups HTTP/1.1" status: 200 len: 465 time: 0.0066118
2026-04-07 01:12:38.587 9 INFO neutron.wsgi [None req-bcbb1aff-0b85-4529-96c4-606f7141809b 153446161fb442d2acf09f810e5799b6 9dc7396899a24afbbfd2639c62c1f263 - - default default] 10.0.0.154 "GET /v2.0/extensions/binding HTTP/1.1" status: 200 len: 387 time: 0.0071211
2026-04-07 01:12:38.597 10 INFO neutron.wsgi [None req-5089655c-17cc-4336-8864-d57f440a797c 153446161fb442d2acf09f810e5799b6 9dc7396899a24afbbfd2639c62c1f263 - - default default] 10.0.0.154 "GET /v2.0/extensions/binding-extended HTTP/1.1" status: 200 len: 406 time: 0.0053606
2026-04-07 01:12:38.608 9 INFO neutron.wsgi [None req-2ec8cbaa-ddf6-4e24-a35c-aa66c898ff02 153446161fb442d2acf09f810e5799b6 9dc7396899a24afbbfd2639c62c1f263 - - default default] 10.0.0.154 "GET /v2.0/extensions/port-security HTTP/1.1" status: 200 len: 354 time: 0.0055194
2026-04-07 01:12:38.618 9 INFO neutron.wsgi [None req-f2ad2dc1-af0c-4eff-ae7f-cce502a13290 153446161fb442d2acf09f810e5799b6 9dc7396899a24afbbfd2639c62c1f263 - - default default] 10.0.0.154 "GET /v2.0/extensions/project-id HTTP/1.1" status: 200 len: 398 time: 0.0064557
2026-04-07 01:12:38.628 9 INFO neutron.wsgi [None req-af60284a-68ea-4882-b0aa-ddfcdacae666 153446161fb442d2acf09f810e5799b6 9dc7396899a24afbbfd2639c62c1f263 - - default default] 10.0.0.154 "GET /v2.0/extensions/provider HTTP/1.1" status: 200 len: 385 time: 0.0043209
2026-04-07 01:12:38.640 9 INFO neutron.wsgi [None req-3f70d02c-bff0-4f78-9d10-aae06dbb6ae5 153446161fb442d2acf09f810e5799b6 9dc7396899a24afbbfd2639c62c1f263 - - default default] 10.0.0.154 "GET /v2.0/extensions/qos HTTP/1.1" status: 200 len: 360 time: 0.0045629
2026-04-07 01:12:38.669 10 INFO neutron.wsgi [None req-e96deceb-ade9-4b7b-9b5f-54978e264801 153446161fb442d2acf09f810e5799b6 9dc7396899a24afbbfd2639c62c1f263 - - default default] 10.0.0.154 "GET /v2.0/extensions/qos-bw-limit-direction HTTP/1.1" status: 200 len: 452 time: 0.0193205
2026-04-07 01:12:38.681 10 INFO neutron.wsgi [None req-9868c229-610e-4828-a63e-d25197d787f7 153446161fb442d2acf09f810e5799b6 9dc7396899a24afbbfd2639c62c1f263 - - default default] 10.0.0.154 "GET /v2.0/extensions/qos-bw-minimum-ingress HTTP/1.1" status: 200 len: 445 time: 0.0066419
2026-04-07 01:12:38.689 10 INFO neutron.wsgi [None req-a4aff72c-690e-4251-ba97-5ebb19d16e25 153446161fb442d2acf09f810e5799b6 9dc7396899a24afbbfd2639c62c1f263 - - default default] 10.0.0.154 "GET /v2.0/extensions/qos-default HTTP/1.1" status: 200 len: 377 time: 0.0041792
2026-04-07 01:12:38.697 10 INFO neutron.wsgi [None req-62de560d-7c36-4a95-a209-7a1e904070c0 153446161fb442d2acf09f810e5799b6 9dc7396899a24afbbfd2639c62c1f263 - - default default] 10.0.0.154 "GET /v2.0/extensions/qos-fip HTTP/1.1" status: 200 len: 372 time: 0.0032270
2026-04-07 01:12:38.698 10 INFO neutron.db.ovn_revision_numbers_db [None req-51a2a20f-43fd-49ab-a117-8cf5c4545cdc daa516f394d24a759331b9959f2efb45 dfc25c7012344b62ba9e285f854c66e6 - - default default] Successfully bumped revision number for resource d1303db3-53f9-49cb-b5a2-68722641b2a5 (type: networks) to 1
2026-04-07 01:12:38.716 10 INFO neutron.wsgi [None req-a5be67c4-bcc8-4e23-923b-bf1b38347c93 153446161fb442d2acf09f810e5799b6 9dc7396899a24afbbfd2639c62c1f263 - - default default] 10.0.0.154 "GET /v2.0/extensions/qos-gateway-ip HTTP/1.1" status: 200 len: 391 time: 0.0153437
2026-04-07 01:12:38.729 9 INFO neutron.wsgi [None req-2948d96c-9594-46e4-aae4-aad565d034ce 153446161fb442d2acf09f810e5799b6 9dc7396899a24afbbfd2639c62c1f263 - - default default] 10.0.0.154 "GET /v2.0/extensions/qos-port-network-policy HTTP/1.1" status: 200 len: 403 time: 0.0061452
2026-04-07 01:12:38.741 9 INFO neutron.wsgi [None req-11597e6e-122c-4378-a3c5-9f44e03c1b95 153446161fb442d2acf09f810e5799b6 9dc7396899a24afbbfd2639c62c1f263 - - default default] 10.0.0.154 "GET /v2.0/extensions/qos-pps-minimum HTTP/1.1" status: 200 len: 397 time: 0.0051787
2026-04-07 01:12:38.751 10 INFO neutron.wsgi [None req-73532c45-51e4-4446-9592-428ba0e088b0 153446161fb442d2acf09f810e5799b6 9dc7396899a24afbbfd2639c62c1f263 - - default default] 10.0.0.154 "GET /v2.0/extensions/qos-pps-minimum-rule-alias HTTP/1.1" status: 200 len: 471 time: 0.0054970
2026-04-07 01:12:38.762 10 INFO neutron.wsgi [None req-2dcea6e6-0c17-40ce-bc3d-4a8781d3decd 153446161fb442d2acf09f810e5799b6 9dc7396899a24afbbfd2639c62c1f263 - - default default] 10.0.0.154 "GET /v2.0/extensions/qos-pps HTTP/1.1" status: 200 len: 389 time: 0.0050659
2026-04-07 01:12:38.777 10 INFO neutron.wsgi [None req-51fdd5aa-838c-4278-b4c6-2dc13c20f77e 153446161fb442d2acf09f810e5799b6 9dc7396899a24afbbfd2639c62c1f263 - - default default] 10.0.0.154 "GET /v2.0/extensions/qos-rule-type-details HTTP/1.1" status: 200 len: 423 time: 0.0091696
2026-04-07 01:12:38.796 9 INFO neutron.wsgi [None req-eb11bb69-48ba-45a3-9b08-988f84c14c25 153446161fb442d2acf09f810e5799b6 9dc7396899a24afbbfd2639c62c1f263 - - default default] 10.0.0.154 "GET /v2.0/extensions/qos-rule-type-filter HTTP/1.1" status: 200 len: 567 time: 0.0137014
2026-04-07 01:12:38.816 10 INFO neutron.wsgi [None req-aa911440-6b2b-47cd-8ac4-107c6648db61 153446161fb442d2acf09f810e5799b6 9dc7396899a24afbbfd2639c62c1f263 - - default default] 10.0.0.154 "GET /v2.0/extensions/qos-rules-alias HTTP/1.1" status: 200 len: 448 time: 0.0113482
2026-04-07 01:12:38.831 9 INFO neutron.wsgi [None req-e8f78f77-9d61-4d97-868b-7c87ad989db7 153446161fb442d2acf09f810e5799b6 9dc7396899a24afbbfd2639c62c1f263 - - default default] 10.0.0.154 "GET /v2.0/extensions/quota-check-limit HTTP/1.1" status: 200 len: 420 time: 0.0083716
2026-04-07 01:12:38.840 9 INFO neutron.wsgi [None req-d973a575-3e41-4b74-8d60-c04f6292c606 153446161fb442d2acf09f810e5799b6 9dc7396899a24afbbfd2639c62c1f263 - - default default] 10.0.0.154 "GET /v2.0/extensions/quotas HTTP/1.1" status: 200 len: 386 time: 0.0039549
2026-04-07 01:12:38.851 9 INFO neutron.wsgi [None req-edae1c29-8c1a-473a-afc7-73e8c3c6bd20 153446161fb442d2acf09f810e5799b6 9dc7396899a24afbbfd2639c62c1f263 - - default default] 10.0.0.154 "GET /v2.0/extensions/quota_details HTTP/1.1" status: 200 len: 407 time: 0.0053360
2026-04-07 01:12:38.861 9 INFO neutron.wsgi [None req-8fa85097-b61f-4195-8e9e-3907eda6d572 153446161fb442d2acf09f810e5799b6 9dc7396899a24afbbfd2639c62c1f263 - - default default] 10.0.0.154 "GET /v2.0/extensions/rbac-policies HTTP/1.1" status: 200 len: 417 time: 0.0039666
2026-04-07 01:12:38.881 10 INFO neutron.wsgi [None req-554353dc-66f1-4cdc-8e40-7fd1f6f9d240 153446161fb442d2acf09f810e5799b6 9dc7396899a24afbbfd2639c62c1f263 - - default default] 10.0.0.154 "GET /v2.0/extensions/rbac-address-scope HTTP/1.1" status: 200 len: 384 time: 0.0153430
2026-04-07 01:12:38.894 10 INFO neutron.wsgi [None req-4a065f14-768e-47f5-91cc-60451938e35a 153446161fb442d2acf09f810e5799b6 9dc7396899a24afbbfd2639c62c1f263 - - default default] 10.0.0.154 "GET /v2.0/extensions/rbac-security-groups HTTP/1.1" status: 200 len: 404 time: 0.0052979
2026-04-07 01:12:38.905 9 INFO neutron.wsgi [None req-1ddc5904-bb79-401e-9ac6-7609f32e3724 153446161fb442d2acf09f810e5799b6 9dc7396899a24afbbfd2639c62c1f263 - - default default] 10.0.0.154 "GET /v2.0/extensions/revision-if-match HTTP/1.1" status: 200 len: 441 time: 0.0064785
2026-04-07 01:12:38.911 9 WARNING neutron.scheduler.dhcp_agent_scheduler [None req-fcc6085e-a79a-4a07-badc-2fe7d779fc9c dc35760bae544eddadfd48d264f8e1e4 1e312ab7abc54abea284063e58060ebd - - default default] No more DHCP agents
2026-04-07 01:12:38.914 9 WARNING neutron.api.rpc.agentnotifiers.dhcp_rpc_agent_api [None req-fcc6085e-a79a-4a07-badc-2fe7d779fc9c dc35760bae544eddadfd48d264f8e1e4 1e312ab7abc54abea284063e58060ebd - - default default] Unable to schedule network 0850fe11-c3e3-4c99-ad7b-a2ab5e0ce20d: no agents available; will retry on subsequent port and subnet creation events.
2026-04-07 01:12:38.919 10 INFO neutron.wsgi [None req-c172ad6e-e8ac-4792-92ff-3c99b91df44b 153446161fb442d2acf09f810e5799b6 9dc7396899a24afbbfd2639c62c1f263 - - default default] 10.0.0.154 "GET /v2.0/extensions/standard-attr-revisions HTTP/1.1" status: 200 len: 423 time: 0.0083873
2026-04-07 01:12:38.928 10 INFO neutron.wsgi [None req-3328c22e-163c-4d44-9be3-9e3015b25802 153446161fb442d2acf09f810e5799b6 9dc7396899a24afbbfd2639c62c1f263 - - default default] 10.0.0.154 "GET /v2.0/extensions/router_availability_zone HTTP/1.1" status: 200 len: 391 time: 0.0043929
2026-04-07 01:12:38.939 9 INFO neutron.wsgi [None req-4fa496c0-107c-48c5-b5fe-eea19b5143e8 153446161fb442d2acf09f810e5799b6 9dc7396899a24afbbfd2639c62c1f263 - - default default] 10.0.0.154 "GET /v2.0/extensions/security-groups-default-rules HTTP/1.1" status: 200 len: 456 time: 0.0051913
2026-04-07 01:12:38.951 10 INFO neutron.wsgi [None req-7f39021f-8108-471e-b62b-9146b63a91c8 153446161fb442d2acf09f810e5799b6 9dc7396899a24afbbfd2639c62c1f263 - - default default] 10.0.0.154 "GET /v2.0/extensions/security-groups-normalized-cidr HTTP/1.1" status: 200 len: 445 time: 0.0072043
2026-04-07 01:12:38.959 9 INFO neutron.db.ovn_revision_numbers_db [None req-c1ea6576-589e-4ae1-bf9f-a7e0d32de9c7 - - - - - -] Successfully bumped revision number for resource 889d75b9-9a73-4830-93e3-582dac01579e (type: ports) to 1
2026-04-07 01:12:38.961 10 INFO neutron.wsgi [None req-f88803b8-174e-436d-a311-91f630ffa491 153446161fb442d2acf09f810e5799b6 9dc7396899a24afbbfd2639c62c1f263 - - default default] 10.0.0.154 "GET /v2.0/extensions/security-groups-remote-address-group HTTP/1.1" status: 200 len: 448 time: 0.0048368
2026-04-07 01:12:38.977 10 INFO neutron.wsgi [None req-4e57dac4-66f0-478f-a124-9b6b619711d2 153446161fb442d2acf09f810e5799b6 9dc7396899a24afbbfd2639c62c1f263 - - default default] 10.0.0.154 "GET /v2.0/extensions/security-groups-rules-belongs-to-default-sg HTTP/1.1" status: 200 len: 508 time: 0.0068641
2026-04-07 01:12:38.986 10 INFO neutron.wsgi [None req-18405d47-a33e-45d0-a0c8-8ed63adeda8e 153446161fb442d2acf09f810e5799b6 9dc7396899a24afbbfd2639c62c1f263 - - default default] 10.0.0.154 "GET /v2.0/extensions/security-groups-shared-filtering HTTP/1.1" status: 200 len: 435 time: 0.0038412
2026-04-07 01:12:39.008 9 INFO neutron.wsgi [None req-cb2fc52c-baaa-4e5b-8f0c-63e67591fa1d 153446161fb442d2acf09f810e5799b6 9dc7396899a24afbbfd2639c62c1f263 - - default default] 10.0.0.154 "GET /v2.0/extensions/security-group HTTP/1.1" status: 200 len: 364 time: 0.0144904
2026-04-07 01:12:39.015 10 WARNING neutron.scheduler.dhcp_agent_scheduler [None req-51a2a20f-43fd-49ab-a117-8cf5c4545cdc daa516f394d24a759331b9959f2efb45 dfc25c7012344b62ba9e285f854c66e6 - - default default] No more DHCP agents
2026-04-07 01:12:39.018 10 WARNING neutron.api.rpc.agentnotifiers.dhcp_rpc_agent_api [None req-51a2a20f-43fd-49ab-a117-8cf5c4545cdc daa516f394d24a759331b9959f2efb45 dfc25c7012344b62ba9e285f854c66e6 - - default default] Unable to schedule network d1303db3-53f9-49cb-b5a2-68722641b2a5: no agents available; will retry on subsequent port and subnet creation events.
2026-04-07 01:12:39.019 9 INFO neutron.wsgi [None req-0ee11e97-8913-45f3-b94c-b4c3a7c6078b 153446161fb442d2acf09f810e5799b6 9dc7396899a24afbbfd2639c62c1f263 - - default default] 10.0.0.154 "GET /v2.0/extensions/segment HTTP/1.1" status: 200 len: 339 time: 0.0052996
2026-04-07 01:12:39.032 9 INFO neutron.wsgi [None req-85af5e70-6c40-494b-b153-5f352369c9e8 153446161fb442d2acf09f810e5799b6 9dc7396899a24afbbfd2639c62c1f263 - - default default] 10.0.0.154 "GET /v2.0/extensions/segments-peer-subnet-host-routes HTTP/1.1" status: 200 len: 427 time: 0.0053937
2026-04-07 01:12:39.042 10 INFO neutron.wsgi [None req-9be5ac74-42b4-4780-a3d2-77c78310bb6b 153446161fb442d2acf09f810e5799b6 9dc7396899a24afbbfd2639c62c1f263 - - default default] 10.0.0.154 "GET /v2.0/extensions/service-type HTTP/1.1" status: 200 len: 415 time: 0.0040879
2026-04-07 01:12:39.062 10 INFO neutron.wsgi [None req-b8cf3154-3657-4da8-a347-414749f568a6 153446161fb442d2acf09f810e5799b6 9dc7396899a24afbbfd2639c62c1f263 - - default default] 10.0.0.154 "GET /v2.0/extensions/sorting HTTP/1.1" status: 200 len: 377 time: 0.0145004
2026-04-07 01:12:39.076 10 INFO neutron.wsgi [None req-4e1b89be-1c9c-445e-aa9c-2b8ca0b9d376 153446161fb442d2acf09f810e5799b6 9dc7396899a24afbbfd2639c62c1f263 - - default default] 10.0.0.154 "GET /v2.0/extensions/standard-attr-segment HTTP/1.1" status: 200 len: 406 time: 0.0087771
2026-04-07 01:12:39.089 10 INFO neutron.wsgi [None req-66a336b0-2a6a-464e-9d00-4c45eb94f529 153446161fb442d2acf09f810e5799b6 9dc7396899a24afbbfd2639c62c1f263 - - default default] 10.0.0.154 "GET /v2.0/extensions/standard-attr-description HTTP/1.1" status: 200 len: 408 time: 0.0068870
2026-04-07 01:12:39.100 9 INFO neutron.wsgi [None req-36073822-d099-4b06-8751-a79313b90fbd 153446161fb442d2acf09f810e5799b6 9dc7396899a24afbbfd2639c62c1f263 - - default default] 10.0.0.154 "GET /v2.0/extensions/stateful-security-group HTTP/1.1" status: 200 len: 402 time: 0.0053086
2026-04-07 01:12:39.121 10 INFO neutron.wsgi [None req-6046aae5-b496-4af2-8668-b4c31be98a6d 153446161fb442d2acf09f810e5799b6 9dc7396899a24afbbfd2639c62c1f263 - - default default] 10.0.0.154 "GET /v2.0/extensions/subnet-dns-publish-fixed-ip HTTP/1.1" status: 200 len: 421 time: 0.0143642
2026-04-07 01:12:39.138 10 INFO neutron.wsgi [None req-e2813058-efb9-415f-88a6-9f5530e06aa8 153446161fb442d2acf09f810e5799b6 9dc7396899a24afbbfd2639c62c1f263 - - default default] 10.0.0.154 "GET /v2.0/extensions/subnet-segmentid-writable HTTP/1.1" status: 200 len: 421 time: 0.0058360
2026-04-07 01:12:39.147 10 INFO neutron.wsgi [None req-df68d654-6cad-4df5-b0f0-9e442c303149 153446161fb442d2acf09f810e5799b6 9dc7396899a24afbbfd2639c62c1f263 - - default default] 10.0.0.154 "GET /v2.0/extensions/subnet-service-types HTTP/1.1" status: 200 len: 400 time: 0.0049546
2026-04-07 01:12:39.151 10 INFO neutron.db.ovn_revision_numbers_db [None req-51a2a20f-43fd-49ab-a117-8cf5c4545cdc daa516f394d24a759331b9959f2efb45 dfc25c7012344b62ba9e285f854c66e6 - - default default] Successfully bumped revision number for resource 5a710dc0-0ea7-47e0-bcab-e80243007840 (type: ports) to 1
2026-04-07 01:12:39.159 9 INFO neutron.wsgi [None req-479ba055-a6df-43bd-a38f-b83cf2e5bfac 153446161fb442d2acf09f810e5799b6 9dc7396899a24afbbfd2639c62c1f263 - - default default] 10.0.0.154 "GET /v2.0/extensions/subnet_allocation HTTP/1.1" status: 200 len: 388 time: 0.0056152
2026-04-07 01:12:39.166 9 INFO neutron.db.ovn_revision_numbers_db [None req-fcc6085e-a79a-4a07-badc-2fe7d779fc9c dc35760bae544eddadfd48d264f8e1e4 1e312ab7abc54abea284063e58060ebd - - default default] Successfully bumped revision number for resource f206504d-83bd-41fb-a438-234199018f93 (type: ports) to 1
2026-04-07 01:12:39.172 10 INFO neutron.wsgi [None req-315c9fb2-5d4b-456b-8a90-bca775089653 153446161fb442d2acf09f810e5799b6 9dc7396899a24afbbfd2639c62c1f263 - - default default] 10.0.0.154 "GET /v2.0/extensions/subnetpool-prefix-ops HTTP/1.1" status: 200 len: 418 time: 0.0043707
2026-04-07 01:12:39.184 10 INFO neutron.wsgi [None req-51a2a20f-43fd-49ab-a117-8cf5c4545cdc daa516f394d24a759331b9959f2efb45 dfc25c7012344b62ba9e285f854c66e6 - - default default] 10.0.0.154 "POST /v2.0/networks HTTP/1.1" status: 201 len: 829 time: 1.1336575
2026-04-07 01:12:39.198 10 WARNING neutron_lib.context [None req-2785440e-e8d1-4231-ba2a-2768ed609959 daa516f394d24a759331b9959f2efb45 dfc25c7012344b62ba9e285f854c66e6 - - default default] Method 'is_advsvc' is deprecated since 2023.2 release (neutron-lib 3.8.0) and will be removed once support for the old RBAC API policies will be removed from Neutron. Please use method 'is_service_role' instead.
2026-04-07 01:12:39.205 10 INFO neutron.wsgi [None req-88fe3b40-3300-453d-b13d-82a272444ca1 153446161fb442d2acf09f810e5799b6 9dc7396899a24afbbfd2639c62c1f263 - - default default] 10.0.0.154 "GET /v2.0/extensions/standard-attr-tag HTTP/1.1" status: 200 len: 537 time: 0.0112743
2026-04-07 01:12:39.218 10 INFO neutron.wsgi [None req-1a744b82-63ae-4f00-8d83-76f7ed7e89ac 153446161fb442d2acf09f810e5799b6 9dc7396899a24afbbfd2639c62c1f263 - - default default] 10.0.0.154 "GET /v2.0/extensions/standard-attr-timestamp HTTP/1.1" status: 200 len: 449 time: 0.0065260
2026-04-07 01:12:39.227 10 INFO neutron.wsgi [None req-9afdb246-e24e-4f9a-8e3e-ebdcb5c52c74 153446161fb442d2acf09f810e5799b6 9dc7396899a24afbbfd2639c62c1f263 - - default default] 10.0.0.154 "GET /v2.0/extensions/trunk HTTP/1.1" status: 200 len: 358 time: 0.0044999
2026-04-07 01:12:39.237 10 INFO neutron.wsgi [None req-e42a10bd-7507-42e8-a7a3-9dbe78005177 153446161fb442d2acf09f810e5799b6 9dc7396899a24afbbfd2639c62c1f263 - - default default] 10.0.0.154 "GET /v2.0/extensions/trunk-details HTTP/1.1" status: 200 len: 362 time: 0.0036306
2026-04-07 01:12:39.248 10 INFO neutron.wsgi [None req-cbbea437-7991-46e4-9f3a-833d9f5ca6b7 153446161fb442d2acf09f810e5799b6 9dc7396899a24afbbfd2639c62c1f263 - - default default] 10.0.0.154 "GET /v2.0/extensions/vpn-agent-scheduler HTTP/1.1" status: 200 len: 393 time: 0.0054998
2026-04-07 01:12:39.258 10 INFO neutron.wsgi [None req-4d608455-a678-4f7d-bb76-69df71872f69 153446161fb442d2acf09f810e5799b6 9dc7396899a24afbbfd2639c62c1f263 - - default default] 10.0.0.154 "GET /v2.0/extensions/vpn-endpoint-groups HTTP/1.1" status: 200 len: 371 time: 0.0048890
2026-04-07 01:12:39.269 10 INFO neutron.wsgi [None req-43217750-f9d5-4a17-9ce3-c9c5e3326cff 153446161fb442d2acf09f810e5799b6 9dc7396899a24afbbfd2639c62c1f263 - - default default] 10.0.0.154 "GET /v2.0/extensions/vpn-flavors HTTP/1.1" status: 200 len: 376 time: 0.0045693
2026-04-07 01:12:39.284 10 INFO neutron.wsgi [None req-a83134e0-da13-46b6-91bd-c6878c774079 153446161fb442d2acf09f810e5799b6 9dc7396899a24afbbfd2639c62c1f263 - - default default] 10.0.0.154 "GET /v2.0/extensions/vpnaas HTTP/1.1" status: 200 len: 348 time: 0.0063736
2026-04-07 01:12:39.330 10 INFO neutron.db.segments_db [None req-2785440e-e8d1-4231-ba2a-2768ed609959 daa516f394d24a759331b9959f2efb45 dfc25c7012344b62ba9e285f854c66e6 - - default default] Added segment bd7ca036-1543-46e0-a5d1-41cacf664fa6 of type geneve for network a0157438-24b9-4a80-aa17-6f64b88f024a
2026-04-07 01:12:39.488 10 INFO neutron.db.ovn_revision_numbers_db [None req-2785440e-e8d1-4231-ba2a-2768ed609959 daa516f394d24a759331b9959f2efb45 dfc25c7012344b62ba9e285f854c66e6 - - default default] Successfully bumped revision number for resource a0157438-24b9-4a80-aa17-6f64b88f024a (type: networks) to 1
2026-04-07 01:12:39.664 10 WARNING neutron.scheduler.dhcp_agent_scheduler [None req-2785440e-e8d1-4231-ba2a-2768ed609959 daa516f394d24a759331b9959f2efb45 dfc25c7012344b62ba9e285f854c66e6 - - default default] No more DHCP agents
2026-04-07 01:12:39.666 10 WARNING neutron.api.rpc.agentnotifiers.dhcp_rpc_agent_api [None req-2785440e-e8d1-4231-ba2a-2768ed609959 daa516f394d24a759331b9959f2efb45 dfc25c7012344b62ba9e285f854c66e6 - - default default] Unable to schedule network a0157438-24b9-4a80-aa17-6f64b88f024a: no agents available; will retry on subsequent port and subnet creation events.
2026-04-07 01:12:39.776 10 INFO neutron.db.ovn_revision_numbers_db [None req-2785440e-e8d1-4231-ba2a-2768ed609959 daa516f394d24a759331b9959f2efb45 dfc25c7012344b62ba9e285f854c66e6 - - default default] Successfully bumped revision number for resource 032db0ca-aaa9-40ae-bb67-16be9025ab79 (type: ports) to 1
2026-04-07 01:12:39.792 9 INFO neutron.db.ovn_revision_numbers_db [None req-c1ea6576-589e-4ae1-bf9f-a7e0d32de9c7 - - - - - -] Successfully bumped revision number for resource 889d75b9-9a73-4830-93e3-582dac01579e (type: router_ports) to 3
2026-04-07 01:12:39.796 10 INFO neutron.wsgi [None req-2785440e-e8d1-4231-ba2a-2768ed609959 daa516f394d24a759331b9959f2efb45 dfc25c7012344b62ba9e285f854c66e6 - - default default] 10.0.0.154 "POST /v2.0/networks HTTP/1.1" status: 201 len: 829 time: 0.6034639
2026-04-07 01:12:39.826 9 WARNING neutron_lib.context [None req-27d18552-57cc-48f6-8a5e-ae207b20b174 daa516f394d24a759331b9959f2efb45 dfc25c7012344b62ba9e285f854c66e6 - - default default] Method 'is_advsvc' is deprecated since 2023.2 release (neutron-lib 3.8.0) and will be removed once support for the old RBAC API policies will be removed from Neutron. Please use method 'is_service_role' instead.
2026-04-07 01:12:40.046 10 INFO neutron.db.ovn_revision_numbers_db [None req-ec82187f-00ab-4af0-b195-1f9860345253 dc35760bae544eddadfd48d264f8e1e4 1e312ab7abc54abea284063e58060ebd - - default default] Successfully bumped revision number for resource dd7a382e-4c5e-4ee2-994f-87b3cab34d16 (type: security_groups) to 1
2026-04-07 01:12:40.060 10 INFO neutron.db.ovn_revision_numbers_db [None req-ec82187f-00ab-4af0-b195-1f9860345253 dc35760bae544eddadfd48d264f8e1e4 1e312ab7abc54abea284063e58060ebd - - default default] Successfully bumped revision number for resource 23f17d25-5350-4c85-b6f4-cec27cd4cd0d (type: security_group_rules) to 0
2026-04-07 01:12:40.074 10 INFO neutron.db.ovn_revision_numbers_db [None req-ec82187f-00ab-4af0-b195-1f9860345253 dc35760bae544eddadfd48d264f8e1e4 1e312ab7abc54abea284063e58060ebd - - default default] Successfully bumped revision number for resource 310c2d7f-9c93-4169-89c5-0e8f9a5cb109 (type: security_group_rules) to 0
2026-04-07 01:12:40.092 10 INFO neutron.db.ovn_revision_numbers_db [None req-ec82187f-00ab-4af0-b195-1f9860345253 dc35760bae544eddadfd48d264f8e1e4 1e312ab7abc54abea284063e58060ebd - - default default] Successfully bumped revision number for resource a38036ec-ba30-43fd-91c7-b24faa222f14 (type: security_group_rules) to 0
2026-04-07 01:12:40.108 10 INFO neutron.db.ovn_revision_numbers_db [None req-ec82187f-00ab-4af0-b195-1f9860345253 dc35760bae544eddadfd48d264f8e1e4 1e312ab7abc54abea284063e58060ebd - - default default] Successfully bumped revision number for resource d3c31ee7-3c32-4e35-9d0c-637606f21315 (type: security_group_rules) to 0
2026-04-07 01:12:40.128 10 INFO neutron.wsgi [None req-ec82187f-00ab-4af0-b195-1f9860345253 dc35760bae544eddadfd48d264f8e1e4 1e312ab7abc54abea284063e58060ebd - - default default] 10.0.0.154 "GET /v2.0/security-groups?tenant_id=9dc7396899a24afbbfd2639c62c1f263&name=default HTTP/1.1" status: 200 len: 3120 time: 0.2919190
2026-04-07 01:12:40.271 9 INFO neutron.db.ovn_revision_numbers_db [None req-c1ea6576-589e-4ae1-bf9f-a7e0d32de9c7 - - - - - -] Successfully bumped revision number for resource 889d75b9-9a73-4830-93e3-582dac01579e (type: ports) to 2
2026-04-07 01:12:40.288 9 WARNING neutron.scheduler.dhcp_agent_scheduler [None req-27d18552-57cc-48f6-8a5e-ae207b20b174 daa516f394d24a759331b9959f2efb45 dfc25c7012344b62ba9e285f854c66e6 - - default default] No more DHCP agents
2026-04-07 01:12:40.293 9 WARNING neutron.api.rpc.agentnotifiers.dhcp_rpc_agent_api [None req-27d18552-57cc-48f6-8a5e-ae207b20b174 daa516f394d24a759331b9959f2efb45 dfc25c7012344b62ba9e285f854c66e6 - - default default] Unable to schedule network d1303db3-53f9-49cb-b5a2-68722641b2a5: no agents available; will retry on subsequent port and subnet creation events.
2026-04-07 01:12:40.311 9 ERROR ovsdbapp.backend.ovs_idl.command [None req-fcc6085e-a79a-4a07-badc-2fe7d779fc9c dc35760bae544eddadfd48d264f8e1e4 1e312ab7abc54abea284063e58060ebd - - default default] Error executing command (DbGetCommand): ovsdbapp.backend.ovs_idl.idlutils.RowNotFound: Cannot find Logical_Router_Port with name=lrp-f206504d-83bd-41fb-a438-234199018f93
2026-04-07 01:12:40.311 9 ERROR ovsdbapp.backend.ovs_idl.command
Traceback (most recent call last):
2026-04-07 01:12:40.311 9 ERROR ovsdbapp.backend.ovs_idl.command
File "/var/lib/openstack/lib/python3.10/site-packages/ovsdbapp/backend/ovs_idl/command.py", line 47, in execute
2026-04-07 01:12:40.311 9 ERROR ovsdbapp.backend.ovs_idl.command self.run_idl(None)
2026-04-07 01:12:40.311 9 ERROR ovsdbapp.backend.ovs_idl.command
File "/var/lib/openstack/lib/python3.10/site-packages/ovsdbapp/backend/ovs_idl/command.py", line 235, in run_idl
2026-04-07 01:12:40.311 9 ERROR ovsdbapp.backend.ovs_idl.command record = self.api.lookup(self.table, self.record)
2026-04-07 01:12:40.311 9 ERROR ovsdbapp.backend.ovs_idl.command
File "/var/lib/openstack/lib/python3.10/site-packages/ovsdbapp/backend/ovs_idl/__init__.py", line 184, in lookup
2026-04-07 01:12:40.311 9 ERROR ovsdbapp.backend.ovs_idl.command return self._lookup(table, record)
2026-04-07 01:12:40.311 9 ERROR ovsdbapp.backend.ovs_idl.command
File "/var/lib/openstack/lib/python3.10/site-packages/ovsdbapp/backend/ovs_idl/__init__.py", line 235, in _lookup
2026-04-07 01:12:40.311 9 ERROR ovsdbapp.backend.ovs_idl.command row = idlutils.row_by_value(self, rl.table, rl.column, record)
2026-04-07 01:12:40.311 9 ERROR ovsdbapp.backend.ovs_idl.command
File "/var/lib/openstack/lib/python3.10/site-packages/ovsdbapp/backend/ovs_idl/idlutils.py", line 114, in row_by_value
2026-04-07 01:12:40.311 9 ERROR ovsdbapp.backend.ovs_idl.command raise RowNotFound(table=table, col=column, match=match)
2026-04-07 01:12:40.311 9 ERROR ovsdbapp.backend.ovs_idl.command ovsdbapp.backend.ovs_idl.idlutils.RowNotFound: Cannot find Logical_Router_Port with name=lrp-f206504d-83bd-41fb-a438-234199018f93
2026-04-07 01:12:40.311 9 ERROR ovsdbapp.backend.ovs_idl.command 
2026-04-07 01:12:40.312 9 ERROR neutron_lib.callbacks.manager [None req-fcc6085e-a79a-4a07-badc-2fe7d779fc9c dc35760bae544eddadfd48d264f8e1e4 1e312ab7abc54abea284063e58060ebd - - default default] Error during notification for neutron.services.ovn_l3.plugin.OVNL3RouterPlugin._port_update-8757716897510 port, after_update: ovsdbapp.backend.ovs_idl.idlutils.RowNotFound: Cannot find Logical_Router_Port with name=lrp-f206504d-83bd-41fb-a438-234199018f93
2026-04-07 01:12:40.312 9 ERROR neutron_lib.callbacks.manager
Traceback (most recent call last):
2026-04-07 01:12:40.312 9 ERROR neutron_lib.callbacks.manager
File "/var/lib/openstack/lib/python3.10/site-packages/neutron_lib/callbacks/manager.py", line 189, in _notify_loop
2026-04-07 01:12:40.312 9 ERROR neutron_lib.callbacks.manager callback.method(resource, event, trigger, payload=payload)
2026-04-07 01:12:40.312 9 ERROR neutron_lib.callbacks.manager
File "/var/lib/openstack/lib/python3.10/site-packages/neutron/services/ovn_l3/plugin.py", line 391, in _port_update
2026-04-07 01:12:40.312 9 ERROR neutron_lib.callbacks.manager l3plugin._ovn_client.update_router_port(context,
2026-04-07 01:12:40.312 9 ERROR neutron_lib.callbacks.manager
File "/var/lib/openstack/lib/python3.10/site-packages/neutron/plugins/ml2/drivers/ovn/mech_driver/ovsdb/ovn_client.py", line 1878, in update_router_port
2026-04-07 01:12:40.312 9 ERROR neutron_lib.callbacks.manager self._update_lrouter_port(context, port, if_exists=if_exists,
2026-04-07 01:12:40.312 9 ERROR neutron_lib.callbacks.manager
File "/var/lib/openstack/lib/python3.10/site-packages/neutron/plugins/ml2/drivers/ovn/mech_driver/ovsdb/ovn_client.py", line 1855, in _update_lrouter_port
2026-04-07 01:12:40.312 9 ERROR neutron_lib.callbacks.manager external_ids = self._nb_idl.db_get(
2026-04-07 01:12:40.312 9 ERROR neutron_lib.callbacks.manager
File "/var/lib/openstack/lib/python3.10/site-packages/ovsdbapp/backend/ovs_idl/command.py", line 47, in execute
2026-04-07 01:12:40.312 9 ERROR neutron_lib.callbacks.manager self.run_idl(None)
2026-04-07 01:12:40.312 9 ERROR neutron_lib.callbacks.manager
File "/var/lib/openstack/lib/python3.10/site-packages/ovsdbapp/backend/ovs_idl/command.py", line 235, in run_idl
2026-04-07 01:12:40.312 9 ERROR neutron_lib.callbacks.manager record = self.api.lookup(self.table, self.record)
2026-04-07 01:12:40.312 9 ERROR neutron_lib.callbacks.manager
File "/var/lib/openstack/lib/python3.10/site-packages/ovsdbapp/backend/ovs_idl/__init__.py", line 184, in lookup
2026-04-07 01:12:40.312 9 ERROR neutron_lib.callbacks.manager return self._lookup(table, record)
2026-04-07 01:12:40.312 9 ERROR neutron_lib.callbacks.manager
File "/var/lib/openstack/lib/python3.10/site-packages/ovsdbapp/backend/ovs_idl/__init__.py", line 235, in _lookup
2026-04-07 01:12:40.312 9 ERROR neutron_lib.callbacks.manager row = idlutils.row_by_value(self, rl.table, rl.column, record)
2026-04-07 01:12:40.312 9 ERROR neutron_lib.callbacks.manager
File "/var/lib/openstack/lib/python3.10/site-packages/ovsdbapp/backend/ovs_idl/idlutils.py", line 114, in row_by_value
2026-04-07 01:12:40.312 9 ERROR neutron_lib.callbacks.manager raise RowNotFound(table=table, col=column, match=match)
2026-04-07 01:12:40.312 9 ERROR neutron_lib.callbacks.manager ovsdbapp.backend.ovs_idl.idlutils.RowNotFound: Cannot find Logical_Router_Port with name=lrp-f206504d-83bd-41fb-a438-234199018f93
2026-04-07 01:12:40.312 9 ERROR neutron_lib.callbacks.manager 
2026-04-07 01:12:40.400 10 INFO neutron.wsgi [None req-aa35e95b-275c-4f52-b50c-d583ee4855aa dc35760bae544eddadfd48d264f8e1e4 1e312ab7abc54abea284063e58060ebd - - default default] 10.0.0.154 "DELETE /v2.0/security-groups/dd7a382e-4c5e-4ee2-994f-87b3cab34d16 HTTP/1.1" status: 204 len: 168 time: 0.2626140
2026-04-07 01:12:40.753 9 INFO neutron.db.ovn_revision_numbers_db [None req-fcc6085e-a79a-4a07-badc-2fe7d779fc9c dc35760bae544eddadfd48d264f8e1e4 1e312ab7abc54abea284063e58060ebd - - default default] Successfully bumped revision number for resource f206504d-83bd-41fb-a438-234199018f93 (type: ports) to 1
2026-04-07 01:12:40.979 10 INFO neutron.plugins.ml2.drivers.ovn.mech_driver.mech_driver [None req-7f8db63c-a6c3-4e2c-bd8a-ef44ef7ee712 - - - - - -] OVN reports status up for port: f206504d-83bd-41fb-a438-234199018f93
2026-04-07 01:12:40.986 10 INFO neutron.plugins.ml2.plugin [None req-7f8db63c-a6c3-4e2c-bd8a-ef44ef7ee712 - - - - - -] Attempt 1 to provision port f206504d-83bd-41fb-a438-234199018f93
2026-04-07 01:12:41.140 9 WARNING neutron.scheduler.dhcp_agent_scheduler [None req-fcc6085e-a79a-4a07-badc-2fe7d779fc9c dc35760bae544eddadfd48d264f8e1e4 1e312ab7abc54abea284063e58060ebd - - default default] No more DHCP agents
2026-04-07 01:12:41.146 9 WARNING neutron.api.rpc.agentnotifiers.dhcp_rpc_agent_api [None req-fcc6085e-a79a-4a07-badc-2fe7d779fc9c dc35760bae544eddadfd48d264f8e1e4 1e312ab7abc54abea284063e58060ebd - - default default] Unable to schedule network 0850fe11-c3e3-4c99-ad7b-a2ab5e0ce20d: no agents available; will retry on subsequent port and subnet creation events.
2026-04-07 01:12:41.202 9 INFO neutron.db.ovn_revision_numbers_db [None req-c1ea6576-589e-4ae1-bf9f-a7e0d32de9c7 - - - - - -] Successfully bumped revision number for resource 889d75b9-9a73-4830-93e3-582dac01579e (type: ports) to 4
2026-04-07 01:12:41.483 10 INFO neutron.db.ovn_revision_numbers_db [None req-7f8db63c-a6c3-4e2c-bd8a-ef44ef7ee712 - - - - - -] Successfully bumped revision number for resource f206504d-83bd-41fb-a438-234199018f93 (type: ports) to 2
2026-04-07 01:12:41.534 9 INFO neutron.db.ovn_revision_numbers_db [None req-27d18552-57cc-48f6-8a5e-ae207b20b174 daa516f394d24a759331b9959f2efb45 dfc25c7012344b62ba9e285f854c66e6 - - default default] Successfully bumped revision number for resource 5a710dc0-0ea7-47e0-bcab-e80243007840 (type: ports) to 2
2026-04-07 01:12:41.608 10 ERROR ovsdbapp.backend.ovs_idl.command [None req-7f8db63c-a6c3-4e2c-bd8a-ef44ef7ee712 - - - - - -] Error executing command (DbGetCommand): ovsdbapp.backend.ovs_idl.idlutils.RowNotFound: Cannot find Logical_Router_Port with name=lrp-f206504d-83bd-41fb-a438-234199018f93
2026-04-07 01:12:41.608 10 ERROR ovsdbapp.backend.ovs_idl.command
Traceback (most recent call last):
2026-04-07 01:12:41.608 10 ERROR ovsdbapp.backend.ovs_idl.command
File "/var/lib/openstack/lib/python3.10/site-packages/ovsdbapp/backend/ovs_idl/command.py", line 47, in execute
2026-04-07 01:12:41.608 10 ERROR ovsdbapp.backend.ovs_idl.command self.run_idl(None)
2026-04-07 01:12:41.608 10 ERROR ovsdbapp.backend.ovs_idl.command
File "/var/lib/openstack/lib/python3.10/site-packages/ovsdbapp/backend/ovs_idl/command.py", line 235, in run_idl
2026-04-07 01:12:41.608 10 ERROR ovsdbapp.backend.ovs_idl.command record = self.api.lookup(self.table, self.record)
2026-04-07 01:12:41.608 10 ERROR ovsdbapp.backend.ovs_idl.command
File "/var/lib/openstack/lib/python3.10/site-packages/ovsdbapp/backend/ovs_idl/__init__.py", line 184, in lookup
2026-04-07 01:12:41.608 10 ERROR ovsdbapp.backend.ovs_idl.command return self._lookup(table, record)
2026-04-07 01:12:41.608 10 ERROR ovsdbapp.backend.ovs_idl.command
File "/var/lib/openstack/lib/python3.10/site-packages/ovsdbapp/backend/ovs_idl/__init__.py", line 235, in _lookup
2026-04-07 01:12:41.608 10 ERROR ovsdbapp.backend.ovs_idl.command row = idlutils.row_by_value(self, rl.table, rl.column, record)
2026-04-07 01:12:41.608 10 ERROR ovsdbapp.backend.ovs_idl.command
File "/var/lib/openstack/lib/python3.10/site-packages/ovsdbapp/backend/ovs_idl/idlutils.py", line 114, in row_by_value
2026-04-07 01:12:41.608 10 ERROR ovsdbapp.backend.ovs_idl.command raise RowNotFound(table=table, col=column, match=match)
2026-04-07 01:12:41.608 10 ERROR ovsdbapp.backend.ovs_idl.command ovsdbapp.backend.ovs_idl.idlutils.RowNotFound: Cannot find Logical_Router_Port with name=lrp-f206504d-83bd-41fb-a438-234199018f93
2026-04-07 01:12:41.608 10 ERROR ovsdbapp.backend.ovs_idl.command 
2026-04-07 01:12:41.609 10 ERROR neutron_lib.callbacks.manager [None req-7f8db63c-a6c3-4e2c-bd8a-ef44ef7ee712 - - - - - -] Error during notification for neutron.services.ovn_l3.plugin.OVNL3RouterPlugin._port_update-8757716897510 port, after_update: ovsdbapp.backend.ovs_idl.idlutils.RowNotFound: Cannot find Logical_Router_Port with name=lrp-f206504d-83bd-41fb-a438-234199018f93
2026-04-07 01:12:41.609 10 ERROR neutron_lib.callbacks.manager
Traceback (most recent call last):
2026-04-07 01:12:41.609 10 ERROR neutron_lib.callbacks.manager
File "/var/lib/openstack/lib/python3.10/site-packages/neutron_lib/callbacks/manager.py", line 189, in _notify_loop
2026-04-07 01:12:41.609 10 ERROR neutron_lib.callbacks.manager callback.method(resource, event, trigger, payload=payload)
2026-04-07 01:12:41.609 10 ERROR neutron_lib.callbacks.manager
File "/var/lib/openstack/lib/python3.10/site-packages/neutron/services/ovn_l3/plugin.py", line 391, in _port_update
2026-04-07 01:12:41.609 10 ERROR neutron_lib.callbacks.manager l3plugin._ovn_client.update_router_port(context,
2026-04-07 01:12:41.609 10 ERROR neutron_lib.callbacks.manager
File "/var/lib/openstack/lib/python3.10/site-packages/neutron/plugins/ml2/drivers/ovn/mech_driver/ovsdb/ovn_client.py", line 1878, in update_router_port
2026-04-07 01:12:41.609 10 ERROR neutron_lib.callbacks.manager self._update_lrouter_port(context, port, if_exists=if_exists,
2026-04-07 01:12:41.609 10 ERROR neutron_lib.callbacks.manager
File "/var/lib/openstack/lib/python3.10/site-packages/neutron/plugins/ml2/drivers/ovn/mech_driver/ovsdb/ovn_client.py", line 1855, in _update_lrouter_port
2026-04-07 01:12:41.609 10 ERROR neutron_lib.callbacks.manager external_ids = self._nb_idl.db_get(
2026-04-07 01:12:41.609 10 ERROR neutron_lib.callbacks.manager
File "/var/lib/openstack/lib/python3.10/site-packages/ovsdbapp/backend/ovs_idl/command.py", line 47, in execute
2026-04-07 01:12:41.609 10 ERROR neutron_lib.callbacks.manager self.run_idl(None)
2026-04-07 01:12:41.609 10 ERROR neutron_lib.callbacks.manager
File "/var/lib/openstack/lib/python3.10/site-packages/ovsdbapp/backend/ovs_idl/command.py", line 235, in run_idl
2026-04-07 01:12:41.609 10 ERROR neutron_lib.callbacks.manager record = self.api.lookup(self.table, self.record)
2026-04-07 01:12:41.609 10 ERROR neutron_lib.callbacks.manager
File "/var/lib/openstack/lib/python3.10/site-packages/ovsdbapp/backend/ovs_idl/__init__.py", line 184, in lookup
2026-04-07 01:12:41.609 10 ERROR neutron_lib.callbacks.manager return self._lookup(table, record)
2026-04-07 01:12:41.609 10 ERROR neutron_lib.callbacks.manager
File "/var/lib/openstack/lib/python3.10/site-packages/ovsdbapp/backend/ovs_idl/__init__.py", line 235, in _lookup
2026-04-07 01:12:41.609 10 ERROR neutron_lib.callbacks.manager row = idlutils.row_by_value(self, rl.table, rl.column, record)
2026-04-07 01:12:41.609 10 ERROR neutron_lib.callbacks.manager
File "/var/lib/openstack/lib/python3.10/site-packages/ovsdbapp/backend/ovs_idl/idlutils.py", line 114, in row_by_value
2026-04-07 01:12:41.609 10 ERROR neutron_lib.callbacks.manager raise RowNotFound(table=table, col=column, match=match)
2026-04-07 01:12:41.609 10 ERROR neutron_lib.callbacks.manager ovsdbapp.backend.ovs_idl.idlutils.RowNotFound: Cannot find Logical_Router_Port with name=lrp-f206504d-83bd-41fb-a438-234199018f93
2026-04-07 01:12:41.609 10 ERROR neutron_lib.callbacks.manager 
2026-04-07 01:12:41.615 9 INFO neutron.db.ovn_revision_numbers_db [None req-27d18552-57cc-48f6-8a5e-ae207b20b174 daa516f394d24a759331b9959f2efb45 dfc25c7012344b62ba9e285f854c66e6 - - default default] Successfully bumped revision number for resource d5647c49-b90b-4e5e-9d2c-ea8315585e2f (type: subnets) to 0
2026-04-07 01:12:41.648 9 INFO neutron.wsgi [None req-27d18552-57cc-48f6-8a5e-ae207b20b174 daa516f394d24a759331b9959f2efb45 dfc25c7012344b62ba9e285f854c66e6 - - default default] 10.0.0.154 "POST /v2.0/subnets HTTP/1.1" status: 201 len: 801 time: 1.8329847
2026-04-07 01:12:41.661 10 WARNING neutron_lib.context [None req-2e625938-4de2-48ea-8d6e-7fff4047472d daa516f394d24a759331b9959f2efb45 dfc25c7012344b62ba9e285f854c66e6 - - default default] Method 'is_advsvc' is deprecated since 2023.2 release (neutron-lib 3.8.0) and will be removed once support for the old RBAC API policies will be removed from Neutron. Please use method 'is_service_role' instead.
2026-04-07 01:12:41.705 9 INFO neutron.db.ovn_revision_numbers_db [None req-c1ea6576-589e-4ae1-bf9f-a7e0d32de9c7 - - - - - -] Successfully bumped revision number for resource 889d75b9-9a73-4830-93e3-582dac01579e (type: router_ports) to 4
2026-04-07 01:12:41.924 10 WARNING neutron.scheduler.dhcp_agent_scheduler [None req-2e625938-4de2-48ea-8d6e-7fff4047472d daa516f394d24a759331b9959f2efb45 dfc25c7012344b62ba9e285f854c66e6 - - default default] No more DHCP agents
2026-04-07 01:12:41.926 10 WARNING neutron.api.rpc.agentnotifiers.dhcp_rpc_agent_api [None req-2e625938-4de2-48ea-8d6e-7fff4047472d daa516f394d24a759331b9959f2efb45 dfc25c7012344b62ba9e285f854c66e6 - - default default] Unable to schedule network a0157438-24b9-4a80-aa17-6f64b88f024a: no agents available; will retry on subsequent port and subnet creation events.
2026-04-07 01:12:42.007 9 INFO neutron.db.ovn_revision_numbers_db [None req-fcc6085e-a79a-4a07-badc-2fe7d779fc9c dc35760bae544eddadfd48d264f8e1e4 1e312ab7abc54abea284063e58060ebd - - default default] Successfully bumped revision number for resource f206504d-83bd-41fb-a438-234199018f93 (type: router_ports) to 1
2026-04-07 01:12:42.014 9 INFO neutron.wsgi [None req-fcc6085e-a79a-4a07-badc-2fe7d779fc9c dc35760bae544eddadfd48d264f8e1e4 1e312ab7abc54abea284063e58060ebd - - default default] 10.0.0.154 "PUT /v2.0/routers/44425b6a-f5e6-4433-a06c-e43ef73e832f/add_router_interface HTTP/1.1" status: 200 len: 503 time: 3.9455788
2026-04-07 01:12:42.457 9 WARNING neutron_lib.context [None req-92796837-6b31-4087-a2d7-9414ca0ebaea 0818ee7b38924554996bfd1958c23983 1b55cde64d7643908ad6283410ea79e9 - - default default] Method 'is_advsvc' is deprecated since 2023.2 release (neutron-lib 3.8.0) and will be removed once support for the old RBAC API policies will be removed from Neutron. Please use method 'is_service_role' instead.
2026-04-07 01:12:42.605 10 INFO neutron.db.ovn_revision_numbers_db [None req-2e625938-4de2-48ea-8d6e-7fff4047472d daa516f394d24a759331b9959f2efb45 dfc25c7012344b62ba9e285f854c66e6 - - default default] Successfully bumped revision number for resource 032db0ca-aaa9-40ae-bb67-16be9025ab79 (type: ports) to 2
2026-04-07 01:12:42.605 9 WARNING neutron_lib.context [None req-a8d2e06b-dcb9-426e-a5ef-fe3f0ea0b646 c2945e55e1604606a259abb05e2974c1 6b821195bb90456f9df4d4234073d017 - - default default] Method 'is_advsvc' is deprecated since 2023.2 release (neutron-lib 3.8.0) and will be removed once support for the old RBAC API policies will be removed from Neutron. Please use method 'is_service_role' instead.
2026-04-07 01:12:42.616 9 INFO neutron.db.ovn_revision_numbers_db [None req-92796837-6b31-4087-a2d7-9414ca0ebaea 0818ee7b38924554996bfd1958c23983 1b55cde64d7643908ad6283410ea79e9 - - default default] Successfully bumped revision number for resource 89aff8f5-4887-42b0-a1db-fd1e0c9bb816 (type: security_groups) to 1
2026-04-07 01:12:42.633 9 INFO neutron.db.ovn_revision_numbers_db [None req-92796837-6b31-4087-a2d7-9414ca0ebaea 0818ee7b38924554996bfd1958c23983 1b55cde64d7643908ad6283410ea79e9 - - default default] Successfully bumped revision number for resource 2eb9979d-b5fa-463b-95df-eaf6db133035 (type: security_group_rules) to 0
2026-04-07 01:12:42.648 9 INFO neutron.db.ovn_revision_numbers_db [None req-92796837-6b31-4087-a2d7-9414ca0ebaea 0818ee7b38924554996bfd1958c23983 1b55cde64d7643908ad6283410ea79e9 - - default default] Successfully bumped revision number for resource b1776d33-968c-4aee-b80c-6338eea33659 (type: security_group_rules) to 0
2026-04-07 01:12:42.654 10 INFO neutron.db.ovn_revision_numbers_db [None req-2e625938-4de2-48ea-8d6e-7fff4047472d daa516f394d24a759331b9959f2efb45 dfc25c7012344b62ba9e285f854c66e6 - - default default] Successfully bumped revision number for resource e9d6ab18-7a9e-47a2-906f-2a1ebee47172 (type: subnets) to 0
2026-04-07 01:12:42.662 9 INFO neutron.db.ovn_revision_numbers_db [None req-92796837-6b31-4087-a2d7-9414ca0ebaea 0818ee7b38924554996bfd1958c23983 1b55cde64d7643908ad6283410ea79e9 - - default default] Successfully bumped revision number for resource b4c11077-b839-4f3a-b9c8-2b8bed9501f0 (type: security_group_rules) to 0
2026-04-07 01:12:42.677 9 INFO neutron.db.ovn_revision_numbers_db [None req-92796837-6b31-4087-a2d7-9414ca0ebaea 0818ee7b38924554996bfd1958c23983 1b55cde64d7643908ad6283410ea79e9 - - default default] Successfully bumped revision number for resource c448a6f5-6ab9-48dd-98c2-9501e3f5816b (type: security_group_rules) to 0
2026-04-07 01:12:42.678 10 INFO neutron.wsgi [None req-2e625938-4de2-48ea-8d6e-7fff4047472d daa516f394d24a759331b9959f2efb45 dfc25c7012344b62ba9e285f854c66e6 - - default default] 10.0.0.154 "POST /v2.0/subnets HTTP/1.1" status: 201 len: 801 time: 1.0257020
2026-04-07 01:12:42.690 10 WARNING neutron_lib.context [None req-7f8b0580-f004-4593-accb-4e9a3911f3bb daa516f394d24a759331b9959f2efb45 dfc25c7012344b62ba9e285f854c66e6 - - default default] Method 'is_advsvc' is deprecated since 2023.2 release (neutron-lib 3.8.0) and will be removed once support for the old RBAC API policies will be removed from Neutron. Please use method 'is_service_role' instead.
2026-04-07 01:12:42.739 9 INFO neutron.db.segments_db [None req-92796837-6b31-4087-a2d7-9414ca0ebaea 0818ee7b38924554996bfd1958c23983 1b55cde64d7643908ad6283410ea79e9 - - default default] Added segment 2d7ba9df-ca38-4447-8dc6-da69e902201e of type geneve for network 887f26e6-7a31-4e15-ae96-239cb4a21c3e
2026-04-07 01:12:42.747 9 INFO neutron.db.ovn_revision_numbers_db [None req-a8d2e06b-dcb9-426e-a5ef-fe3f0ea0b646 c2945e55e1604606a259abb05e2974c1 6b821195bb90456f9df4d4234073d017 - - default default] Successfully bumped revision number for resource ed3afe91-64a5-4a23-9e7d-1a9ccf748cd3 (type: security_groups) to 1
2026-04-07 01:12:42.776 9 INFO neutron.db.ovn_revision_numbers_db [None req-a8d2e06b-dcb9-426e-a5ef-fe3f0ea0b646 c2945e55e1604606a259abb05e2974c1 6b821195bb90456f9df4d4234073d017 - - default default] Successfully bumped revision number for resource 64e20ed0-b095-422c-a866-7d4c31ec11f0 (type: security_group_rules) to 0
2026-04-07 01:12:42.808 9 INFO neutron.db.ovn_revision_numbers_db [None req-a8d2e06b-dcb9-426e-a5ef-fe3f0ea0b646 c2945e55e1604606a259abb05e2974c1 6b821195bb90456f9df4d4234073d017 - - default default] Successfully bumped revision number for resource bb41e72a-5c94-4f8e-b4e3-5a16da304fb7 (type: security_group_rules) to 0
2026-04-07 01:12:42.834 9 INFO neutron.wsgi [None req-a8d2e06b-dcb9-426e-a5ef-fe3f0ea0b646 c2945e55e1604606a259abb05e2974c1 6b821195bb90456f9df4d4234073d017 - - default default] 10.0.0.154 "POST /v2.0/security-groups HTTP/1.1" status: 201 len: 1861 time: 0.2332046
2026-04-07 01:12:42.839 10 INFO neutron.db.ovn_revision_numbers_db [None req-7f8b0580-f004-4593-accb-4e9a3911f3bb daa516f394d24a759331b9959f2efb45 dfc25c7012344b62ba9e285f854c66e6 - - default default] Successfully bumped revision number for resource d4c41758-031b-4c0f-a7f5-3083077236c6 (type: routers) to 1
2026-04-07 01:12:42.851 9 WARNING neutron_lib.context [None req-ba124be5-0271-43f9-b5fe-78be73ee74c4 c2945e55e1604606a259abb05e2974c1 6b821195bb90456f9df4d4234073d017 - - default default] Method 'is_advsvc' is deprecated since 2023.2 release (neutron-lib 3.8.0) and will be removed once support for the old RBAC API policies will be removed from Neutron. Please use method 'is_service_role' instead.
2026-04-07 01:12:42.857 10 INFO neutron.wsgi [None req-7f8b0580-f004-4593-accb-4e9a3911f3bb daa516f394d24a759331b9959f2efb45 dfc25c7012344b62ba9e285f854c66e6 - - default default] 10.0.0.154 "POST /v2.0/routers HTTP/1.1" status: 201 len: 801 time: 0.1720634
2026-04-07 01:12:42.930 9 INFO neutron.db.ovn_revision_numbers_db [None req-92796837-6b31-4087-a2d7-9414ca0ebaea 0818ee7b38924554996bfd1958c23983 1b55cde64d7643908ad6283410ea79e9 - - default default] Successfully bumped revision number for resource 887f26e6-7a31-4e15-ae96-239cb4a21c3e (type: networks) to 1
2026-04-07 01:12:43.078 9 INFO neutron.db.ovn_revision_numbers_db [None req-ba124be5-0271-43f9-b5fe-78be73ee74c4 c2945e55e1604606a259abb05e2974c1 6b821195bb90456f9df4d4234073d017 - - default default] Successfully bumped revision number for resource 9a277dbd-ffd6-4763-90fb-82ddebae96dd (type: security_group_rules) to 0
2026-04-07 01:12:43.107 9 INFO neutron.wsgi [None req-ba124be5-0271-43f9-b5fe-78be73ee74c4 c2945e55e1604606a259abb05e2974c1 6b821195bb90456f9df4d4234073d017 - - default default] 10.0.0.154 "POST /v2.0/security-group-rules HTTP/1.1" status: 201 len: 796 time: 0.2655578
2026-04-07 01:12:43.119 10 WARNING neutron_lib.context [None req-eb379ddb-2237-450f-b9d0-fc104b2673b8 c2945e55e1604606a259abb05e2974c1 6b821195bb90456f9df4d4234073d017 - - default default] Method 'is_advsvc' is deprecated since 2023.2 release (neutron-lib 3.8.0) and will be removed once support for the old RBAC API policies will be removed from Neutron. Please use method 'is_service_role' instead.
2026-04-07 01:12:43.130 9 WARNING neutron.scheduler.dhcp_agent_scheduler [None req-92796837-6b31-4087-a2d7-9414ca0ebaea 0818ee7b38924554996bfd1958c23983 1b55cde64d7643908ad6283410ea79e9 - - default default] No more DHCP agents
2026-04-07 01:12:43.133 9 WARNING neutron.api.rpc.agentnotifiers.dhcp_rpc_agent_api [None req-92796837-6b31-4087-a2d7-9414ca0ebaea 0818ee7b38924554996bfd1958c23983 1b55cde64d7643908ad6283410ea79e9 - - default default] Unable to schedule network 887f26e6-7a31-4e15-ae96-239cb4a21c3e: no agents available; will retry on subsequent port and subnet creation events.
2026-04-07 01:12:43.238 9 INFO neutron.db.ovn_revision_numbers_db [None req-92796837-6b31-4087-a2d7-9414ca0ebaea 0818ee7b38924554996bfd1958c23983 1b55cde64d7643908ad6283410ea79e9 - - default default] Successfully bumped revision number for resource bcb7497d-d564-4c76-87ba-699282ca4a0f (type: ports) to 1
2026-04-07 01:12:43.265 9 INFO neutron.wsgi [None req-92796837-6b31-4087-a2d7-9414ca0ebaea 0818ee7b38924554996bfd1958c23983 1b55cde64d7643908ad6283410ea79e9 - - default default] 10.0.0.154 "POST /v2.0/networks HTTP/1.1" status: 201 len: 849 time: 0.9953771
2026-04-07 01:12:43.274 9 WARNING neutron_lib.context [None req-35214aa4-624c-45f0-8ff4-b58415378db0 0818ee7b38924554996bfd1958c23983 1b55cde64d7643908ad6283410ea79e9 - - default default] Method 'is_advsvc' is deprecated since 2023.2 release (neutron-lib 3.8.0) and will be removed once support for the old RBAC API policies will be removed from Neutron. Please use method 'is_service_role' instead.
2026-04-07 01:12:43.538 9 WARNING neutron.scheduler.dhcp_agent_scheduler [None req-35214aa4-624c-45f0-8ff4-b58415378db0 0818ee7b38924554996bfd1958c23983 1b55cde64d7643908ad6283410ea79e9 - - default default] No more DHCP agents
