2026-04-07 01:04:51.803 9 INFO neutron.wsgi [None req-3648ed20-fb9a-4936-b846-0d14467e8f19 dc35760bae544eddadfd48d264f8e1e4 1e312ab7abc54abea284063e58060ebd - - default default] 10.0.0.165 "GET /v2.0/agents?binary=ovn-controller HTTP/1.1" status: 200 len: 591 time: 0.0100148
2026-04-07 01:04:51.814 9 INFO neutron.wsgi [None req-7010994d-fadb-4be0-835d-a4cadbd6bdf2 dc35760bae544eddadfd48d264f8e1e4 1e312ab7abc54abea284063e58060ebd - - default default] 10.0.0.165 "GET /v2.0/network-ip-availabilities HTTP/1.1" status: 200 len: 1280 time: 0.0104377
2026-04-07 01:04:51.879 9 INFO neutron.wsgi [None req-026262db-d8db-4cd7-b9ec-ab996b793be0 dc35760bae544eddadfd48d264f8e1e4 1e312ab7abc54abea284063e58060ebd - - default default] 10.0.0.165 "GET /v2.0/networks HTTP/1.1" status: 200 len: 2350 time: 0.0632856
2026-04-07 01:04:51.933 9 INFO neutron.wsgi [None req-0402e204-3bb5-4ad9-9019-25e0ef4f41f1 dc35760bae544eddadfd48d264f8e1e4 1e312ab7abc54abea284063e58060ebd - - default default] 10.0.0.165 "GET /v2.0/security-groups HTTP/1.1" status: 200 len: 17578 time: 0.0516312
2026-04-07 01:04:51.994 9 INFO neutron.wsgi [None req-31b4f8ac-851b-4da5-9053-83b2beb667b2 dc35760bae544eddadfd48d264f8e1e4 1e312ab7abc54abea284063e58060ebd - - default default] 10.0.0.165 "GET /v2.0/ports HTTP/1.1" status: 200 len: 5351 time: 0.0538490
2026-04-07 01:04:53.180 10 INFO neutron.wsgi [-] 10.0.0.184 "GET / HTTP/1.1" status: 200 len: 246 time: 0.0025599
2026-04-07 01:04:53.181 9 INFO neutron.wsgi [-] 10.0.0.184 "GET / HTTP/1.1" status: 200 len: 246 time: 0.0029488
2026-04-07 01:05:08.180 9 INFO neutron.wsgi [-] 10.0.0.184 "GET / HTTP/1.1" status: 200 len: 246 time: 0.0027246
2026-04-07 01:05:08.181 10 INFO neutron.wsgi [-] 10.0.0.184 "GET / HTTP/1.1" status: 200 len: 246 time: 0.0035746
2026-04-07 01:05:23.180 9 INFO neutron.wsgi [-] 10.0.0.184 "GET / HTTP/1.1" status: 200 len: 246 time: 0.0016870
2026-04-07 01:05:23.181 10 INFO neutron.wsgi [-] 10.0.0.184 "GET / HTTP/1.1" status: 200 len: 246 time: 0.0030634
2026-04-07 01:05:38.180 10 INFO neutron.wsgi [-] 10.0.0.184 "GET / HTTP/1.1" status: 200 len: 246 time: 0.0026283
2026-04-07 01:05:38.180 9 INFO neutron.wsgi [-] 10.0.0.184 "GET / HTTP/1.1" status: 200 len: 246 time: 0.0024426
2026-04-07 01:05:51.742 9 INFO neutron.wsgi [None req-7fd1b7a4-f42e-424b-97ea-710e007d9797 dc35760bae544eddadfd48d264f8e1e4 1e312ab7abc54abea284063e58060ebd - - default default] 10.0.0.165 "GET /v2.0/networks HTTP/1.1" status: 200 len: 2350 time: 0.1914747
2026-04-07 01:05:51.798 9 INFO neutron.wsgi [None req-7caf9f2f-73af-4304-8150-3f170aa52ff6 dc35760bae544eddadfd48d264f8e1e4 1e312ab7abc54abea284063e58060ebd - - default default] 10.0.0.165 "GET /v2.0/ports HTTP/1.1" status: 200 len: 5351 time: 0.0546241
2026-04-07 01:05:51.851 9 INFO neutron.wsgi [None req-ec02a69b-7d5d-40dc-8aa6-5d6fc1752839 dc35760bae544eddadfd48d264f8e1e4 1e312ab7abc54abea284063e58060ebd - - default default] 10.0.0.165 "GET /v2.0/agents HTTP/1.1" status: 200 len: 1390 time: 0.0481281
2026-04-07 01:05:51.882 9 INFO neutron.wsgi [None req-a9a6053d-00ff-4049-b292-d2352cab048f dc35760bae544eddadfd48d264f8e1e4 1e312ab7abc54abea284063e58060ebd - - default default] 10.0.0.165 "GET /v2.0/floatingips HTTP/1.1" status: 200 len: 193 time: 0.0288787
2026-04-07 01:05:51.905 9 INFO neutron.wsgi [None req-5d7569a0-f1a8-4618-b7b4-67a98815c6bb dc35760bae544eddadfd48d264f8e1e4 1e312ab7abc54abea284063e58060ebd - - default default] 10.0.0.165 "GET /v2.0/routers HTTP/1.1" status: 200 len: 189 time: 0.0220120
2026-04-07 01:05:51.920 9 INFO neutron.wsgi [None req-347a3622-81b2-47a9-9fc9-3952efa6ea33 dc35760bae544eddadfd48d264f8e1e4 1e312ab7abc54abea284063e58060ebd - - default default] 10.0.0.165 "GET /v2.0/agents?binary=ovn-controller HTTP/1.1" status: 200 len: 591 time: 0.0141060
2026-04-07 01:05:51.933 9 INFO neutron.wsgi [None req-85dc3e23-dc3a-424b-ae9c-34f175809f58 dc35760bae544eddadfd48d264f8e1e4 1e312ab7abc54abea284063e58060ebd - - default default] 10.0.0.165 "GET /v2.0/network-ip-availabilities HTTP/1.1" status: 200 len: 1280 time: 0.0114279
2026-04-07 01:05:51.980 9 INFO neutron.wsgi [None req-3433354a-3804-4eed-9319-ace8dfb35409 dc35760bae544eddadfd48d264f8e1e4 1e312ab7abc54abea284063e58060ebd - - default default] 10.0.0.165 "GET /v2.0/security-groups HTTP/1.1" status: 200 len: 17578 time: 0.0470786
2026-04-07 01:05:52.022 9 INFO neutron.wsgi [None req-24ed302f-fda8-4ede-ab58-f391d42f956d dc35760bae544eddadfd48d264f8e1e4 1e312ab7abc54abea284063e58060ebd - - default default] 10.0.0.165 "GET /v2.0/subnets HTTP/1.1" status: 200 len: 1437 time: 0.0360861
2026-04-07 01:05:52.072 9 INFO neutron.wsgi [None req-6c2f7d79-f18a-4379-9c59-c96fe0281cac dc35760bae544eddadfd48d264f8e1e4 1e312ab7abc54abea284063e58060ebd - - default default] 10.0.0.165 "GET /v2.0/subnets HTTP/1.1" status: 200 len: 1437 time: 0.0499351
2026-04-07 01:05:52.084 9 INFO neutron.wsgi [None req-8c7aa7a4-e169-48fc-84a8-724f4d06fbdf dc35760bae544eddadfd48d264f8e1e4 1e312ab7abc54abea284063e58060ebd - - default default] 10.0.0.165 "GET /v2.0/subnetpools HTTP/1.1" status: 200 len: 193 time: 0.0100856
2026-04-07 01:05:53.180 10 INFO neutron.wsgi [-] 10.0.0.184 "GET / HTTP/1.1" status: 200 len: 246 time: 0.0029297
2026-04-07 01:05:53.184 10 INFO neutron.wsgi [-] 10.0.0.184 "GET / HTTP/1.1" status: 200 len: 246 time: 0.0023801
2026-04-07 01:06:08.180 10 INFO neutron.wsgi [-] 10.0.0.184 "GET / HTTP/1.1" status: 200 len: 246 time: 0.0026371
2026-04-07 01:06:08.180 9 INFO neutron.wsgi [-] 10.0.0.184 "GET / HTTP/1.1" status: 200 len: 246 time: 0.0027971
2026-04-07 01:06:23.180 9 INFO neutron.wsgi [-] 10.0.0.184 "GET / HTTP/1.1" status: 200 len: 246 time: 0.0022049
2026-04-07 01:06:23.181 10 INFO neutron.wsgi [-] 10.0.0.184 "GET / HTTP/1.1" status: 200 len: 246 time: 0.0031998
2026-04-07 01:06:38.179 10 INFO neutron.wsgi [-] 10.0.0.184 "GET / HTTP/1.1" status: 200 len: 246 time: 0.0018497
2026-04-07 01:06:38.180 9 INFO neutron.wsgi [-] 10.0.0.184 "GET / HTTP/1.1" status: 200 len: 246 time: 0.0025558
2026-04-07 01:06:51.627 9 INFO neutron.wsgi [None req-bb9db37c-2fd2-4b1f-873c-e33e90140ccd dc35760bae544eddadfd48d264f8e1e4 1e312ab7abc54abea284063e58060ebd - - default default] 10.0.0.165 "GET /v2.0/routers HTTP/1.1" status: 200 len: 189 time: 0.0753429
2026-04-07 01:06:51.683 9 INFO neutron.wsgi [None req-90cfb971-adaf-4613-883c-244bb600e9f3 dc35760bae544eddadfd48d264f8e1e4 1e312ab7abc54abea284063e58060ebd - - default default] 10.0.0.165 "GET /v2.0/agents?binary=ovn-controller HTTP/1.1" status: 200 len: 591 time: 0.0547872
2026-04-07 01:06:51.716 9 INFO neutron.wsgi [None req-65f4c39a-ccf5-4389-bbf1-dd30761158db dc35760bae544eddadfd48d264f8e1e4 1e312ab7abc54abea284063e58060ebd - - default default] 10.0.0.165 "GET /v2.0/subnets HTTP/1.1" status: 200 len: 1437 time: 0.0321934
2026-04-07 01:06:51.724 9 INFO neutron.wsgi [None req-cfd8a6fe-708f-4743-a58c-28a2af06792f dc35760bae544eddadfd48d264f8e1e4 1e312ab7abc54abea284063e58060ebd - - default default] 10.0.0.165 "GET /v2.0/subnetpools HTTP/1.1" status: 200 len: 193 time: 0.0078790
2026-04-07 01:06:51.747 9 INFO neutron.wsgi [None req-b6629fe7-fcdb-4078-848e-a9a0d51ab9c0 dc35760bae544eddadfd48d264f8e1e4 1e312ab7abc54abea284063e58060ebd - - default default] 10.0.0.165 "GET /v2.0/floatingips HTTP/1.1" status: 200 len: 193 time: 0.0217474
2026-04-07 01:06:51.796 9 INFO neutron.wsgi [None req-d5095eef-0d07-406d-a1e2-8907168dc6aa dc35760bae544eddadfd48d264f8e1e4 1e312ab7abc54abea284063e58060ebd - - default default] 10.0.0.165 "GET /v2.0/ports HTTP/1.1" status: 200 len: 5351 time: 0.0486469
2026-04-07 01:06:51.815 9 INFO neutron.wsgi [None req-d6b01f55-8ddd-46f4-826b-d5f1a1e4df5b dc35760bae544eddadfd48d264f8e1e4 1e312ab7abc54abea284063e58060ebd - - default default] 10.0.0.165 "GET /v2.0/agents HTTP/1.1" status: 200 len: 1390 time: 0.0136101
2026-04-07 01:06:51.829 9 INFO neutron.wsgi [None req-6a045155-dad8-4bff-9204-285ed815abcb dc35760bae544eddadfd48d264f8e1e4 1e312ab7abc54abea284063e58060ebd - - default default] 10.0.0.165 "GET /v2.0/network-ip-availabilities HTTP/1.1" status: 200 len: 1280 time: 0.0129085
2026-04-07 01:06:51.975 9 INFO neutron.wsgi [None req-09419155-f0c5-45f1-a42f-bb31d5aae4e9 dc35760bae544eddadfd48d264f8e1e4 1e312ab7abc54abea284063e58060ebd - - default default] 10.0.0.165 "GET /v2.0/networks HTTP/1.1" status: 200 len: 2350 time: 0.1458604
2026-04-07 01:06:52.018 9 INFO neutron.wsgi [None req-6795ae32-7a85-493f-8ade-173b3a7965ac dc35760bae544eddadfd48d264f8e1e4 1e312ab7abc54abea284063e58060ebd - - default default] 10.0.0.165 "GET /v2.0/subnets HTTP/1.1" status: 200 len: 1437 time: 0.0405064
2026-04-07 01:06:52.078 9 INFO neutron.wsgi [None req-b76a3ca9-f231-4c1d-b89e-a2defcee6722 dc35760bae544eddadfd48d264f8e1e4 1e312ab7abc54abea284063e58060ebd - - default default] 10.0.0.165 "GET /v2.0/security-groups HTTP/1.1" status: 200 len: 17578 time: 0.0588570
2026-04-07 01:06:53.179 10 INFO neutron.wsgi [-] 10.0.0.184 "GET / HTTP/1.1" status: 200 len: 246 time: 0.0022721
2026-04-07 01:06:53.180 9 INFO neutron.wsgi [-] 10.0.0.184 "GET / HTTP/1.1" status: 200 len: 246 time: 0.0026140
2026-04-07 01:07:08.179 9 INFO neutron.wsgi [-] 10.0.0.184 "GET / HTTP/1.1" status: 200 len: 246 time: 0.0024273
2026-04-07 01:07:08.179 10 INFO neutron.wsgi [-] 10.0.0.184 "GET / HTTP/1.1" status: 200 len: 246 time: 0.0025697
2026-04-07 01:07:23.177 10 INFO neutron.wsgi [-] 10.0.0.184 "GET / HTTP/1.1" status: 200 len: 246 time: 0.0012412
2026-04-07 01:07:23.179 9 INFO neutron.wsgi [-] 10.0.0.184 "GET / HTTP/1.1" status: 200 len: 246 time: 0.0025241
2026-04-07 01:07:31.555 9 INFO neutron.pecan_wsgi.hooks.translation [None req-45bd4a2a-06a6-43ea-b11e-269a0fb92ef6 dc35760bae544eddadfd48d264f8e1e4 1e312ab7abc54abea284063e58060ebd - - default default] GET failed (client error): The resource could not be found.
2026-04-07 01:07:31.557 9 INFO neutron.wsgi [None req-45bd4a2a-06a6-43ea-b11e-269a0fb92ef6 dc35760bae544eddadfd48d264f8e1e4 1e312ab7abc54abea284063e58060ebd - - default default] 199.204.45.122,10.0.0.184 "GET /v2.0/networks/public HTTP/1.1" status: 404 len: 290 time: 0.0559974
2026-04-07 01:07:31.636 9 INFO neutron.wsgi [None req-c5a8b686-7422-4ee0-8a78-ea5c07a4fae3 dc35760bae544eddadfd48d264f8e1e4 1e312ab7abc54abea284063e58060ebd - - default default] 199.204.45.122,10.0.0.184 "GET /v2.0/networks?name=public HTTP/1.1" status: 200 len: 928 time: 0.0750971
2026-04-07 01:07:32.758 9 INFO neutron.pecan_wsgi.hooks.translation [None req-29271a3c-b11b-456d-8727-6bf188062a00 dc35760bae544eddadfd48d264f8e1e4 1e312ab7abc54abea284063e58060ebd - - default default] GET failed (client error): The resource could not be found.
2026-04-07 01:07:32.759 9 INFO neutron.wsgi [None req-29271a3c-b11b-456d-8727-6bf188062a00 dc35760bae544eddadfd48d264f8e1e4 1e312ab7abc54abea284063e58060ebd - - default default] 199.204.45.122,10.0.0.184 "GET /v2.0/networks/public HTTP/1.1" status: 404 len: 290 time: 0.0413425
2026-04-07 01:07:32.823 9 INFO neutron.wsgi [None req-05500b7f-6e3a-43e6-8be6-4d4af363f5fb dc35760bae544eddadfd48d264f8e1e4 1e312ab7abc54abea284063e58060ebd - - default default] 199.204.45.122,10.0.0.184 "GET /v2.0/networks?name=public HTTP/1.1" status: 200 len: 928 time: 0.0598989
2026-04-07 01:07:32.852 9 INFO neutron.pecan_wsgi.hooks.translation [None req-b6cc8349-1bde-40fc-ad9c-41fdd549ad6f dc35760bae544eddadfd48d264f8e1e4 1e312ab7abc54abea284063e58060ebd - - default default] GET failed (client error): The resource could not be found.
2026-04-07 01:07:32.853 9 INFO neutron.wsgi [None req-b6cc8349-1bde-40fc-ad9c-41fdd549ad6f dc35760bae544eddadfd48d264f8e1e4 1e312ab7abc54abea284063e58060ebd - - default default] 199.204.45.122,10.0.0.184 "GET /v2.0/subnets/public-subnet?network_id=543c9a89-0820-4f46-bd87-04b90bfd4ca5 HTTP/1.1" status: 404 len: 295 time: 0.0203085
2026-04-07 01:07:32.895 9 INFO neutron.wsgi [None req-1b078bc2-fa06-46e4-bab0-5efa9f05560e dc35760bae544eddadfd48d264f8e1e4 1e312ab7abc54abea284063e58060ebd - - default default] 199.204.45.122,10.0.0.184 "GET /v2.0/subnets?name=public-subnet&network_id=543c9a89-0820-4f46-bd87-04b90bfd4ca5 HTTP/1.1" status: 200 len: 819 time: 0.0376348
2026-04-07 01:07:38.179 9 INFO neutron.wsgi [-] 10.0.0.184 "GET / HTTP/1.1" status: 200 len: 246 time: 0.0026376
2026-04-07 01:07:38.181 10 INFO neutron.wsgi [-] 10.0.0.184 "GET / HTTP/1.1" status: 200 len: 246 time: 0.0043404
2026-04-07 01:07:51.639 9 INFO neutron.wsgi [None req-d49b90a6-1395-43bc-9341-4aecfffccdd6 dc35760bae544eddadfd48d264f8e1e4 1e312ab7abc54abea284063e58060ebd - - default default] 10.0.0.165 "GET /v2.0/networks HTTP/1.1" status: 200 len: 2350 time: 0.0944669
2026-04-07 01:07:51.691 9 INFO neutron.wsgi [None req-8031a085-bf9b-4fa1-b455-97f0e24e861c dc35760bae544eddadfd48d264f8e1e4 1e312ab7abc54abea284063e58060ebd - - default default] 10.0.0.165 "GET /v2.0/agents HTTP/1.1" status: 200 len: 1390 time: 0.0494742
2026-04-07 01:07:51.726 9 INFO neutron.wsgi [None req-ddbec497-c33b-4952-8da5-bd1a84864a43 dc35760bae544eddadfd48d264f8e1e4 1e312ab7abc54abea284063e58060ebd - - default default] 10.0.0.165 "GET /v2.0/subnets HTTP/1.1" status: 200 len: 1437 time: 0.0341358
2026-04-07 01:07:51.737 9 INFO neutron.wsgi [None req-325da5df-b9e4-4f87-812b-5f9a3a8c534c dc35760bae544eddadfd48d264f8e1e4 1e312ab7abc54abea284063e58060ebd - - default default] 10.0.0.165 "GET /v2.0/subnetpools HTTP/1.1" status: 200 len: 193 time: 0.0104721
2026-04-07 01:07:51.769 9 INFO neutron.wsgi [None req-b2276a6e-11f8-4c4e-8c30-86e8807bbe1f dc35760bae544eddadfd48d264f8e1e4 1e312ab7abc54abea284063e58060ebd - - default default] 10.0.0.165 "GET /v2.0/subnets HTTP/1.1" status: 200 len: 1437 time: 0.0312774
2026-04-07 01:07:51.797 9 INFO neutron.wsgi [None req-2ae7acb6-a7b9-45a8-91a2-71e051fb331c dc35760bae544eddadfd48d264f8e1e4 1e312ab7abc54abea284063e58060ebd - - default default] 10.0.0.165 "GET /v2.0/routers HTTP/1.1" status: 200 len: 189 time: 0.0261919
2026-04-07 01:07:51.813 9 INFO neutron.wsgi [None req-b5de05b5-df74-4df3-a021-2e3c4a651201 dc35760bae544eddadfd48d264f8e1e4 1e312ab7abc54abea284063e58060ebd - - default default] 10.0.0.165 "GET /v2.0/agents?binary=ovn-controller HTTP/1.1" status: 200 len: 591 time: 0.0144255
2026-04-07 01:07:51.830 9 INFO neutron.wsgi [None req-8953a9d1-9116-4e90-992a-b7bea74f6e49 dc35760bae544eddadfd48d264f8e1e4 1e312ab7abc54abea284063e58060ebd - - default default] 10.0.0.165 "GET /v2.0/network-ip-availabilities HTTP/1.1" status: 200 len: 1280 time: 0.0166934
2026-04-07 01:07:51.856 9 INFO neutron.wsgi [None req-bb417562-fa1c-4ae2-b7c5-14654fed2816 dc35760bae544eddadfd48d264f8e1e4 1e312ab7abc54abea284063e58060ebd - - default default] 10.0.0.165 "GET /v2.0/floatingips HTTP/1.1" status: 200 len: 193 time: 0.0247753
2026-04-07 01:07:51.917 9 INFO neutron.wsgi [None req-d28c92ee-d706-4f53-8359-161717efed6e dc35760bae544eddadfd48d264f8e1e4 1e312ab7abc54abea284063e58060ebd - - default default] 10.0.0.165 "GET /v2.0/ports HTTP/1.1" status: 200 len: 5351 time: 0.0596263
2026-04-07 01:07:51.970 9 INFO neutron.wsgi [None req-444fafc5-650a-4939-9e2c-87475bddb0c3 dc35760bae544eddadfd48d264f8e1e4 1e312ab7abc54abea284063e58060ebd - - default default] 10.0.0.165 "GET /v2.0/security-groups HTTP/1.1" status: 200 len: 17578 time: 0.0485916
2026-04-07 01:07:53.179 10 INFO neutron.wsgi [-] 10.0.0.184 "GET / HTTP/1.1" status: 200 len: 246 time: 0.0027776
2026-04-07 01:07:53.183 10 INFO neutron.wsgi [-] 10.0.0.184 "GET / HTTP/1.1" status: 200 len: 246 time: 0.0024767
2026-04-07 01:08:05.969 9 INFO neutron.pecan_wsgi.hooks.translation [None req-b7fe5c6c-93ae-46f1-892a-b34ba3926e83 dc35760bae544eddadfd48d264f8e1e4 1e312ab7abc54abea284063e58060ebd - - default default] GET failed (client error): The resource could not be found.
2026-04-07 01:08:05.970 9 INFO neutron.wsgi [None req-b7fe5c6c-93ae-46f1-892a-b34ba3926e83 dc35760bae544eddadfd48d264f8e1e4 1e312ab7abc54abea284063e58060ebd - - default default] 199.204.45.122,10.0.0.184 "GET /v2.0/networks/lb-mgmt-net HTTP/1.1" status: 404 len: 295 time: 0.0601635
2026-04-07 01:08:06.035 9 INFO neutron.wsgi [None req-1df6e0ec-4eb2-4fce-a56f-192d8d301208 dc35760bae544eddadfd48d264f8e1e4 1e312ab7abc54abea284063e58060ebd - - default default] 199.204.45.122,10.0.0.184 "GET /v2.0/networks?name=lb-mgmt-net HTTP/1.1" status: 200 len: 913 time: 0.0605626
2026-04-07 01:08:07.028 9 INFO neutron.pecan_wsgi.hooks.translation [None req-24bf1dae-658d-42ed-808a-4ba710db662d dc35760bae544eddadfd48d264f8e1e4 1e312ab7abc54abea284063e58060ebd - - default default] GET failed (client error): The resource could not be found.
2026-04-07 01:08:07.029 9 INFO neutron.wsgi [None req-24bf1dae-658d-42ed-808a-4ba710db662d dc35760bae544eddadfd48d264f8e1e4 1e312ab7abc54abea284063e58060ebd - - default default] 199.204.45.122,10.0.0.184 "GET /v2.0/networks/lb-mgmt-net HTTP/1.1" status: 404 len: 295 time: 0.0588429
2026-04-07 01:08:07.093 9 INFO neutron.wsgi [None req-d3409e8f-5bbf-4068-a9b5-c6f847888a57 dc35760bae544eddadfd48d264f8e1e4 1e312ab7abc54abea284063e58060ebd - - default default] 199.204.45.122,10.0.0.184 "GET /v2.0/networks?name=lb-mgmt-net HTTP/1.1" status: 200 len: 913 time: 0.0591297
2026-04-07 01:08:07.120 9 INFO neutron.pecan_wsgi.hooks.translation [None req-c87c4d7c-4400-451e-8bd2-dc8fbf51a65c dc35760bae544eddadfd48d264f8e1e4 1e312ab7abc54abea284063e58060ebd - - default default] GET failed (client error): The resource could not be found.
2026-04-07 01:08:07.121 9 INFO neutron.wsgi [None req-c87c4d7c-4400-451e-8bd2-dc8fbf51a65c dc35760bae544eddadfd48d264f8e1e4 1e312ab7abc54abea284063e58060ebd - - default default] 199.204.45.122,10.0.0.184 "GET /v2.0/subnets/lb-mgmt-subnet?network_id=8f5d8ab1-3015-4811-be22-bea2f9ebcb03 HTTP/1.1" status: 404 len: 296 time: 0.0186641
2026-04-07 01:08:07.156 9 INFO neutron.wsgi [None req-1b479e47-588c-4d54-af79-11e491e25bf0 dc35760bae544eddadfd48d264f8e1e4 1e312ab7abc54abea284063e58060ebd - - default default] 199.204.45.122,10.0.0.184 "GET /v2.0/subnets?name=lb-mgmt-subnet&network_id=8f5d8ab1-3015-4811-be22-bea2f9ebcb03 HTTP/1.1" status: 200 len: 805 time: 0.0310659
2026-04-07 01:08:08.179 9 INFO neutron.wsgi [-] 10.0.0.184 "GET / HTTP/1.1" status: 200 len: 246 time: 0.0024340
2026-04-07 01:08:08.181 10 INFO neutron.wsgi [-] 10.0.0.184 "GET / HTTP/1.1" status: 200 len: 246 time: 0.0044434
2026-04-07 01:08:08.317 9 INFO neutron.api.v2.resource [None req-2facf3e0-218a-4efd-812d-50f534086ff2 dc35760bae544eddadfd48d264f8e1e4 1e312ab7abc54abea284063e58060ebd - - default default] show failed (client error): The resource could not be found.
2026-04-07 01:08:08.318 9 INFO neutron.wsgi [None req-2facf3e0-218a-4efd-812d-50f534086ff2 dc35760bae544eddadfd48d264f8e1e4 1e312ab7abc54abea284063e58060ebd - - default default] 199.204.45.122,10.0.0.184 "GET /v2.0/security-groups/lb-health-mgr-sec-grp HTTP/1.1" status: 404 len: 313 time: 0.0426264
2026-04-07 01:08:08.365 9 INFO neutron.wsgi [None req-b85d37df-0f79-4cb7-85fd-2109d4f2c144 dc35760bae544eddadfd48d264f8e1e4 1e312ab7abc54abea284063e58060ebd - - default default] 199.204.45.122,10.0.0.184 "GET /v2.0/security-groups?name=lb-health-mgr-sec-grp HTTP/1.1" status: 200 len: 4866 time: 0.0423801
2026-04-07 01:08:09.522 9 INFO neutron.wsgi [None req-5bebf99b-d41b-41de-b91f-be11f2315f60 dc35760bae544eddadfd48d264f8e1e4 1e312ab7abc54abea284063e58060ebd - - default default] 199.204.45.122,10.0.0.184 "GET /v2.0/security-groups/18e1ee52-f967-41ae-8d65-7d9528f9e69f HTTP/1.1" status: 200 len: 4870 time: 0.0631998
2026-04-07 01:08:09.571 9 INFO neutron.wsgi [None req-4f6a25bd-0d41-478b-b53a-09407522b19f dc35760bae544eddadfd48d264f8e1e4 1e312ab7abc54abea284063e58060ebd - - default default] 199.204.45.122,10.0.0.184 "GET /v2.0/security-groups/18e1ee52-f967-41ae-8d65-7d9528f9e69f HTTP/1.1" status: 200 len: 4870 time: 0.0394025
2026-04-07 01:08:09.594 9 INFO neutron.wsgi [None req-969526f6-aa42-4779-9af6-60b8dbd8076c dc35760bae544eddadfd48d264f8e1e4 1e312ab7abc54abea284063e58060ebd - - default default] 199.204.45.122,10.0.0.184 "GET /v2.0/security-group-rules/af0b3972-86c1-4264-acc7-7c6d2b00cf47 HTTP/1.1" status: 200 len: 776 time: 0.0159042
2026-04-07 01:08:10.506 9 INFO neutron.wsgi [None req-23ab537b-5796-46a6-b600-7cf530d14670 dc35760bae544eddadfd48d264f8e1e4 1e312ab7abc54abea284063e58060ebd - - default default] 199.204.45.122,10.0.0.184 "GET /v2.0/security-groups/18e1ee52-f967-41ae-8d65-7d9528f9e69f HTTP/1.1" status: 200 len: 4870 time: 0.0793955
2026-04-07 01:08:10.556 9 INFO neutron.wsgi [None req-f5ac5aba-f683-4b10-a5a5-f016cb19fc6f dc35760bae544eddadfd48d264f8e1e4 1e312ab7abc54abea284063e58060ebd - - default default] 199.204.45.122,10.0.0.184 "GET /v2.0/security-groups/18e1ee52-f967-41ae-8d65-7d9528f9e69f HTTP/1.1" status: 200 len: 4870 time: 0.0391784
2026-04-07 01:08:10.583 9 INFO neutron.wsgi [None req-15daa12e-6f17-46d1-bbae-56c9eb5ca10e dc35760bae544eddadfd48d264f8e1e4 1e312ab7abc54abea284063e58060ebd - - default default] 199.204.45.122,10.0.0.184 "GET /v2.0/security-group-rules/397d4d02-ef55-4bf2-8640-ad6c2b8ccdd7 HTTP/1.1" status: 200 len: 778 time: 0.0196650
2026-04-07 01:08:11.489 9 INFO neutron.wsgi [None req-3caa4c3f-4990-404b-946a-080cd4b7d17f dc35760bae544eddadfd48d264f8e1e4 1e312ab7abc54abea284063e58060ebd - - default default] 199.204.45.122,10.0.0.184 "GET /v2.0/security-groups/18e1ee52-f967-41ae-8d65-7d9528f9e69f HTTP/1.1" status: 200 len: 4870 time: 0.0686307
2026-04-07 01:08:11.535 9 INFO neutron.wsgi [None req-3219199d-9c7e-42f2-a33a-429468d679ad dc35760bae544eddadfd48d264f8e1e4 1e312ab7abc54abea284063e58060ebd - - default default] 199.204.45.122,10.0.0.184 "GET /v2.0/security-groups/18e1ee52-f967-41ae-8d65-7d9528f9e69f HTTP/1.1" status: 200 len: 4870 time: 0.0377162
2026-04-07 01:08:11.560 9 INFO neutron.wsgi [None req-892e153e-adc9-4cab-9d6c-1cce3e6b7f12 dc35760bae544eddadfd48d264f8e1e4 1e312ab7abc54abea284063e58060ebd - - default default] 199.204.45.122,10.0.0.184 "GET /v2.0/security-group-rules/54abbe4b-3b1b-4701-9ff6-db47d352ff91 HTTP/1.1" status: 200 len: 778 time: 0.0172737
2026-04-07 01:08:12.497 9 INFO neutron.wsgi [None req-2d2384b5-7155-4381-a29c-8c241fdbf151 dc35760bae544eddadfd48d264f8e1e4 1e312ab7abc54abea284063e58060ebd - - default default] 199.204.45.122,10.0.0.184 "GET /v2.0/security-groups/18e1ee52-f967-41ae-8d65-7d9528f9e69f HTTP/1.1" status: 200 len: 4870 time: 0.0748949
2026-04-07 01:08:12.533 9 INFO neutron.wsgi [None req-478ecf26-77f6-44e2-af22-1ca3a4755a63 dc35760bae544eddadfd48d264f8e1e4 1e312ab7abc54abea284063e58060ebd - - default default] 199.204.45.122,10.0.0.184 "GET /v2.0/security-groups/18e1ee52-f967-41ae-8d65-7d9528f9e69f HTTP/1.1" status: 200 len: 4870 time: 0.0298014
2026-04-07 01:08:12.557 9 INFO neutron.wsgi [None req-4b18d2a5-59a9-4288-bf9c-394aaaf5681a dc35760bae544eddadfd48d264f8e1e4 1e312ab7abc54abea284063e58060ebd - - default default] 199.204.45.122,10.0.0.184 "GET /v2.0/security-group-rules/3c814841-84b9-4d43-b7f7-7cca84982031 HTTP/1.1" status: 200 len: 778 time: 0.0177674
2026-04-07 01:08:13.404 9 INFO neutron.wsgi [None req-202d10c9-131e-4471-8700-2274e2696b61 dc35760bae544eddadfd48d264f8e1e4 1e312ab7abc54abea284063e58060ebd - - default default] 199.204.45.122,10.0.0.184 "GET /v2.0/security-groups/18e1ee52-f967-41ae-8d65-7d9528f9e69f HTTP/1.1" status: 200 len: 4870 time: 0.0628872
2026-04-07 01:08:13.445 9 INFO neutron.wsgi [None req-6939c5ee-1758-4deb-a9f8-500e580b1a92 dc35760bae544eddadfd48d264f8e1e4 1e312ab7abc54abea284063e58060ebd - - default default] 199.204.45.122,10.0.0.184 "GET /v2.0/security-groups/18e1ee52-f967-41ae-8d65-7d9528f9e69f HTTP/1.1" status: 200 len: 4870 time: 0.0345104
2026-04-07 01:08:13.475 9 INFO neutron.wsgi [None req-46af8dec-73e7-4c85-a10d-5cbb02c8ce2d dc35760bae544eddadfd48d264f8e1e4 1e312ab7abc54abea284063e58060ebd - - default default] 199.204.45.122,10.0.0.184 "GET /v2.0/security-group-rules/f0e49fb2-88c1-4c21-9e94-44572ab81d51 HTTP/1.1" status: 200 len: 778 time: 0.0211825
2026-04-07 01:08:14.719 9 INFO neutron.wsgi [None req-094bb321-1524-475c-828a-a88e561a8a97 dc35760bae544eddadfd48d264f8e1e4 1e312ab7abc54abea284063e58060ebd - - default default] 199.204.45.122,10.0.0.184 "GET /v2.0/networks/8f5d8ab1-3015-4811-be22-bea2f9ebcb03 HTTP/1.1" status: 200 len: 910 time: 0.0811660
2026-04-07 01:08:14.741 9 INFO neutron.pecan_wsgi.hooks.translation [None req-a4c3e3e9-8d7f-42a4-a9d0-be648652b1bd dc35760bae544eddadfd48d264f8e1e4 1e312ab7abc54abea284063e58060ebd - - default default] GET failed (client error): The resource could not be found.
2026-04-07 01:08:14.743 9 INFO neutron.wsgi [None req-a4c3e3e9-8d7f-42a4-a9d0-be648652b1bd dc35760bae544eddadfd48d264f8e1e4 1e312ab7abc54abea284063e58060ebd - - default default] 199.204.45.122,10.0.0.184 "GET /v2.0/ports/octavia-health-manager-port-instance?network_id=8f5d8ab1-3015-4811-be22-bea2f9ebcb03 HTTP/1.1" status: 404 len: 314 time: 0.0175407
2026-04-07 01:08:14.804 9 INFO neutron.wsgi [None req-9cbbe0d3-dbdf-49b9-a546-1c9dc83c87f0 dc35760bae544eddadfd48d264f8e1e4 1e312ab7abc54abea284063e58060ebd - - default default] 199.204.45.122,10.0.0.184 "GET /v2.0/ports?name=octavia-health-manager-port-instance&network_id=8f5d8ab1-3015-4811-be22-bea2f9ebcb03 HTTP/1.1" status: 200 len: 1399 time: 0.0587962
2026-04-07 01:08:14.848 9 INFO neutron.wsgi [None req-d5145a61-127d-420b-8e7f-5c0bb1263078 dc35760bae544eddadfd48d264f8e1e4 1e312ab7abc54abea284063e58060ebd - - default default] 199.204.45.122,10.0.0.184 "GET /v2.0/security-groups/18e1ee52-f967-41ae-8d65-7d9528f9e69f HTTP/1.1" status: 200 len: 4870 time: 0.0357487
2026-04-07 01:08:21.061 9 INFO neutron.pecan_wsgi.hooks.translation [None req-42817982-1b0e-45c1-92ad-936d3c773f3a dc35760bae544eddadfd48d264f8e1e4 1e312ab7abc54abea284063e58060ebd - - default default] GET failed (client error): The resource could not be found.
2026-04-07 01:08:21.062 9 INFO neutron.wsgi [None req-42817982-1b0e-45c1-92ad-936d3c773f3a dc35760bae544eddadfd48d264f8e1e4 1e312ab7abc54abea284063e58060ebd - - default default] 199.204.45.122,10.0.0.184 "GET /v2.0/ports/octavia-health-manager-port-instance HTTP/1.1" status: 404 len: 314 time: 0.0603063
2026-04-07 01:08:21.120 9 INFO neutron.wsgi [None req-68046a80-9926-471c-9590-7c1024663eb7 dc35760bae544eddadfd48d264f8e1e4 1e312ab7abc54abea284063e58060ebd - - default default] 199.204.45.122,10.0.0.184 "GET /v2.0/ports?name=octavia-health-manager-port-instance HTTP/1.1" status: 200 len: 1399 time: 0.0532622
2026-04-07 01:08:22.484 9 INFO neutron.wsgi [None req-b4f35905-874e-49a4-a549-979f239281c3 dc35760bae544eddadfd48d264f8e1e4 1e312ab7abc54abea284063e58060ebd - - default default] 199.204.45.122,10.0.0.184 "GET /v2.0/ports HTTP/1.1" status: 200 len: 5351 time: 0.0773406
2026-04-07 01:08:23.181 10 INFO neutron.wsgi [-] 10.0.0.184 "GET / HTTP/1.1" status: 200 len: 246 time: 0.0027649
2026-04-07 01:08:23.181 9 INFO neutron.wsgi [-] 10.0.0.184 "GET / HTTP/1.1" status: 200 len: 246 time: 0.0030849
2026-04-07 01:08:23.523 9 INFO neutron.api.v2.resource [None req-1f1e544d-1cad-4579-afd4-8f7745309482 dc35760bae544eddadfd48d264f8e1e4 1e312ab7abc54abea284063e58060ebd - - default default] show failed (client error): The resource could not be found.
2026-04-07 01:08:23.525 9 INFO neutron.wsgi [None req-1f1e544d-1cad-4579-afd4-8f7745309482 dc35760bae544eddadfd48d264f8e1e4 1e312ab7abc54abea284063e58060ebd - - default default] 199.204.45.122,10.0.0.184 "GET /v2.0/security-groups/lb-mgmt-sec-grp HTTP/1.1" status: 404 len: 307 time: 0.0458212
2026-04-07 01:08:23.574 9 INFO neutron.wsgi [None req-cf4d238e-0a2a-4745-b7fd-6bef79eb1951 dc35760bae544eddadfd48d264f8e1e4 1e312ab7abc54abea284063e58060ebd - - default default] 199.204.45.122,10.0.0.184 "GET /v2.0/security-groups?name=lb-mgmt-sec-grp HTTP/1.1" status: 200 len: 3061 time: 0.0453539
2026-04-07 01:08:24.568 9 INFO neutron.wsgi [None req-4b1f510e-549a-4f07-a709-20b8446c8edb dc35760bae544eddadfd48d264f8e1e4 1e312ab7abc54abea284063e58060ebd - - default default] 199.204.45.122,10.0.0.184 "GET /v2.0/security-groups/aa728f5c-08fb-4b39-ba14-290b0a5aaaab HTTP/1.1" status: 200 len: 3062 time: 0.0677555
2026-04-07 01:08:24.605 9 INFO neutron.wsgi [None req-c62b468e-d62c-4506-bc3b-e06def3dd348 dc35760bae544eddadfd48d264f8e1e4 1e312ab7abc54abea284063e58060ebd - - default default] 199.204.45.122,10.0.0.184 "GET /v2.0/security-groups/aa728f5c-08fb-4b39-ba14-290b0a5aaaab HTTP/1.1" status: 200 len: 3062 time: 0.0326846
2026-04-07 01:08:24.745 9 INFO neutron.wsgi [None req-0b5ab6c5-e209-4f48-9f88-a6137147a964 dc35760bae544eddadfd48d264f8e1e4 1e312ab7abc54abea284063e58060ebd - - default default] 199.204.45.122,10.0.0.184 "GET /v2.0/security-group-rules/9095f148-c35b-4a09-9c06-60cd3bbba3a0 HTTP/1.1" status: 200 len: 798 time: 0.1340439
2026-04-07 01:08:25.596 9 INFO neutron.wsgi [None req-4c60ff2f-2835-484b-9132-9356caa49ab9 dc35760bae544eddadfd48d264f8e1e4 1e312ab7abc54abea284063e58060ebd - - default default] 199.204.45.122,10.0.0.184 "GET /v2.0/security-groups/aa728f5c-08fb-4b39-ba14-290b0a5aaaab HTTP/1.1" status: 200 len: 3062 time: 0.0615270
2026-04-07 01:08:25.642 9 INFO neutron.wsgi [None req-a1ebc9a3-f801-4cdd-882d-df3ffbafa82c dc35760bae544eddadfd48d264f8e1e4 1e312ab7abc54abea284063e58060ebd - - default default] 199.204.45.122,10.0.0.184 "GET /v2.0/security-groups/aa728f5c-08fb-4b39-ba14-290b0a5aaaab HTTP/1.1" status: 200 len: 3062 time: 0.0377600
2026-04-07 01:08:25.671 9 INFO neutron.wsgi [None req-fbc86435-cc94-48ff-b28f-d20255044d02 dc35760bae544eddadfd48d264f8e1e4 1e312ab7abc54abea284063e58060ebd - - default default] 199.204.45.122,10.0.0.184 "GET /v2.0/security-group-rules/2db289fc-3181-4bf8-9186-323dfbebe278 HTTP/1.1" status: 200 len: 802 time: 0.0204201
2026-04-07 01:08:36.987 9 INFO neutron.wsgi [None req-a410fd21-11be-47a9-a99c-dcef41dfb91b dc35760bae544eddadfd48d264f8e1e4 1e312ab7abc54abea284063e58060ebd - - default default] 199.204.45.122,10.0.0.184 "GET /v2.0/quotas/1e312ab7abc54abea284063e58060ebd HTTP/1.1" status: 200 len: 466 time: 0.0128980
2026-04-07 01:08:38.180 10 INFO neutron.wsgi [-] 10.0.0.184 "GET / HTTP/1.1" status: 200 len: 246 time: 0.0014265
2026-04-07 01:08:38.180 9 INFO neutron.wsgi [-] 10.0.0.184 "GET / HTTP/1.1" status: 200 len: 246 time: 0.0015554
2026-04-07 01:08:51.652 9 INFO neutron.wsgi [None req-151d4d4b-831c-497a-aac3-e009493d6cfb dc35760bae544eddadfd48d264f8e1e4 1e312ab7abc54abea284063e58060ebd - - default default] 10.0.0.165 "GET /v2.0/security-groups HTTP/1.1" status: 200 len: 17578 time: 0.0852790
2026-04-07 01:08:51.697 9 INFO neutron.wsgi [None req-e36fde2f-ee87-4a48-8320-b8db1978df11 dc35760bae544eddadfd48d264f8e1e4 1e312ab7abc54abea284063e58060ebd - - default default] 10.0.0.165 "GET /v2.0/subnets HTTP/1.1" status: 200 len: 1437 time: 0.0376933
2026-04-07 01:08:51.736 9 INFO neutron.wsgi [None req-55eb4883-4b5f-4be2-b349-1f9be71df09c dc35760bae544eddadfd48d264f8e1e4 1e312ab7abc54abea284063e58060ebd - - default default] 10.0.0.165 "GET /v2.0/agents HTTP/1.1" status: 200 len: 1390 time: 0.0373991
2026-04-07 01:08:51.748 9 INFO neutron.wsgi [None req-ea2a16fb-83a9-4c33-b248-6846f6521553 dc35760bae544eddadfd48d264f8e1e4 1e312ab7abc54abea284063e58060ebd - - default default] 10.0.0.165 "GET /v2.0/network-ip-availabilities HTTP/1.1" status: 200 len: 1280 time: 0.0103626
2026-04-07 01:08:51.818 9 INFO neutron.wsgi [None req-a30d9bcd-cb4f-4d76-8d60-0b294361cbd9 dc35760bae544eddadfd48d264f8e1e4 1e312ab7abc54abea284063e58060ebd - - default default] 10.0.0.165 "GET /v2.0/networks HTTP/1.1" status: 200 len: 2350 time: 0.0697036
2026-04-07 01:08:51.875 9 INFO neutron.wsgi [None req-992254e5-27c6-4a53-a4d2-1372acdd47f9 dc35760bae544eddadfd48d264f8e1e4 1e312ab7abc54abea284063e58060ebd - - default default] 10.0.0.165 "GET /v2.0/ports HTTP/1.1" status: 200 len: 5351 time: 0.0536318
2026-04-07 01:08:51.906 9 INFO neutron.wsgi [None req-8f202f21-1a9a-49e7-a5a8-4aafdd6ff43a dc35760bae544eddadfd48d264f8e1e4 1e312ab7abc54abea284063e58060ebd - - default default] 10.0.0.165 "GET /v2.0/routers HTTP/1.1" status: 200 len: 189 time: 0.0282164
2026-04-07 01:08:51.919 9 INFO neutron.wsgi [None req-0083c0aa-dc20-41c6-be68-e13eb66ae9f7 dc35760bae544eddadfd48d264f8e1e4 1e312ab7abc54abea284063e58060ebd - - default default] 10.0.0.165 "GET /v2.0/agents?binary=ovn-controller HTTP/1.1" status: 200 len: 591 time: 0.0119638
2026-04-07 01:08:51.961 9 INFO neutron.wsgi [None req-d91ca8c5-5186-40f0-89fd-49dfcf2ea304 dc35760bae544eddadfd48d264f8e1e4 1e312ab7abc54abea284063e58060ebd - - default default] 10.0.0.165 "GET /v2.0/subnets HTTP/1.1" status: 200 len: 1437 time: 0.0409107
2026-04-07 01:08:51.974 9 INFO neutron.wsgi [None req-a2c3f349-e84c-4642-b50b-1010c3a49b55 dc35760bae544eddadfd48d264f8e1e4 1e312ab7abc54abea284063e58060ebd - - default default] 10.0.0.165 "GET /v2.0/subnetpools HTTP/1.1" status: 200 len: 193 time: 0.0110629
2026-04-07 01:08:52.007 9 INFO neutron.wsgi [None req-d538e754-08bb-4d5e-91e0-db790b5f1082 dc35760bae544eddadfd48d264f8e1e4 1e312ab7abc54abea284063e58060ebd - - default default] 10.0.0.165 "GET /v2.0/floatingips HTTP/1.1" status: 200 len: 193 time: 0.0325718
2026-04-07 01:08:53.180 9 INFO neutron.wsgi [-] 10.0.0.184 "GET / HTTP/1.1" status: 200 len: 246 time: 0.0025423
2026-04-07 01:08:53.181 10 INFO neutron.wsgi [-] 10.0.0.184 "GET / HTTP/1.1" status: 200 len: 246 time: 0.0031223
2026-04-07 01:09:08.178 9 INFO neutron.wsgi [-] 10.0.0.184 "GET / HTTP/1.1" status: 200 len: 246 time: 0.0016065
2026-04-07 01:09:08.180 10 INFO neutron.wsgi [-] 10.0.0.184 "GET / HTTP/1.1" status: 200 len: 246 time: 0.0034354
2026-04-07 01:09:23.179 10 INFO neutron.wsgi [-] 10.0.0.184 "GET / HTTP/1.1" status: 200 len: 246 time: 0.0023987
2026-04-07 01:09:23.180 9 INFO neutron.wsgi [-] 10.0.0.184 "GET / HTTP/1.1" status: 200 len: 246 time: 0.0031941
2026-04-07 01:09:25.844 10 INFO neutron.api.v2.resource [None req-3a3d25f1-7967-4b5a-bc89-89c1663544f0 dc35760bae544eddadfd48d264f8e1e4 1e312ab7abc54abea284063e58060ebd - - default default] show failed (client error): The resource could not be found.
2026-04-07 01:09:25.846 10 INFO neutron.wsgi [None req-3a3d25f1-7967-4b5a-bc89-89c1663544f0 dc35760bae544eddadfd48d264f8e1e4 1e312ab7abc54abea284063e58060ebd - - default default] 199.204.45.122,10.0.0.184 "GET /v2.0/security-groups/manila-service-security-group?project_id=2e50f0f865df492ba6e9176720962798 HTTP/1.1" status: 404 len: 321 time: 0.0590611
2026-04-07 01:09:25.912 10 INFO neutron.wsgi [None req-70374a7a-7127-4888-8136-fbcfb9abec40 dc35760bae544eddadfd48d264f8e1e4 1e312ab7abc54abea284063e58060ebd - - default default] 199.204.45.122,10.0.0.184 "GET /v2.0/security-groups?name=manila-service-security-group&project_id=2e50f0f865df492ba6e9176720962798 HTTP/1.1" status: 200 len: 4248 time: 0.0619822
2026-04-07 01:09:27.350 9 INFO neutron.wsgi [None req-b21ef811-ecc2-4ae5-8317-b1495c413db2 dc35760bae544eddadfd48d264f8e1e4 1e312ab7abc54abea284063e58060ebd - - default default] 199.204.45.122,10.0.0.184 "GET /v2.0/security-groups/ef92cfa9-6071-45e7-b8c9-f96ca381a57a?project_id=2e50f0f865df492ba6e9176720962798 HTTP/1.1" status: 200 len: 4251 time: 0.0800834
2026-04-07 01:09:27.393 9 INFO neutron.wsgi [None req-d4eb4fc0-569b-4026-8802-29faed9aa9b3 dc35760bae544eddadfd48d264f8e1e4 1e312ab7abc54abea284063e58060ebd - - default default] 199.204.45.122,10.0.0.184 "GET /v2.0/security-groups/ef92cfa9-6071-45e7-b8c9-f96ca381a57a HTTP/1.1" status: 200 len: 4251 time: 0.0348990
2026-04-07 01:09:27.426 9 INFO neutron.wsgi [None req-a133b8c2-19de-49aa-be4a-321cbc7504ad dc35760bae544eddadfd48d264f8e1e4 1e312ab7abc54abea284063e58060ebd - - default default] 199.204.45.122,10.0.0.184 "GET /v2.0/security-group-rules/0da1362c-c05d-434a-8aea-c88c37b7a4aa HTTP/1.1" status: 200 len: 772 time: 0.0225623
2026-04-07 01:09:28.389 9 INFO neutron.wsgi [None req-abd76de0-2fdd-41c1-9c18-68dbc8ccd330 dc35760bae544eddadfd48d264f8e1e4 1e312ab7abc54abea284063e58060ebd - - default default] 199.204.45.122,10.0.0.184 "GET /v2.0/security-groups/ef92cfa9-6071-45e7-b8c9-f96ca381a57a?project_id=2e50f0f865df492ba6e9176720962798 HTTP/1.1" status: 200 len: 4251 time: 0.0678442
2026-04-07 01:09:28.436 9 INFO neutron.wsgi [None req-56566fbc-8f44-4abb-8890-c1f0c1d1fcf6 dc35760bae544eddadfd48d264f8e1e4 1e312ab7abc54abea284063e58060ebd - - default default] 199.204.45.122,10.0.0.184 "GET /v2.0/security-groups/ef92cfa9-6071-45e7-b8c9-f96ca381a57a HTTP/1.1" status: 200 len: 4251 time: 0.0395510
2026-04-07 01:09:28.459 9 INFO neutron.wsgi [None req-30f608bb-c239-41eb-9029-a737a4922f89 dc35760bae544eddadfd48d264f8e1e4 1e312ab7abc54abea284063e58060ebd - - default default] 199.204.45.122,10.0.0.184 "GET /v2.0/security-group-rules/48c93b88-2cbe-4aeb-9432-a5543a412cfe HTTP/1.1" status: 200 len: 774 time: 0.0171833
2026-04-07 01:09:29.383 10 INFO neutron.wsgi [None req-dc465857-1822-45fd-8740-bb4abf887651 dc35760bae544eddadfd48d264f8e1e4 1e312ab7abc54abea284063e58060ebd - - default default] 199.204.45.122,10.0.0.184 "GET /v2.0/security-groups/ef92cfa9-6071-45e7-b8c9-f96ca381a57a?project_id=2e50f0f865df492ba6e9176720962798 HTTP/1.1" status: 200 len: 4251 time: 0.0542452
2026-04-07 01:09:29.424 10 INFO neutron.wsgi [None req-d0de668e-1153-4ec4-a46f-52d7f38c530a dc35760bae544eddadfd48d264f8e1e4 1e312ab7abc54abea284063e58060ebd - - default default] 199.204.45.122,10.0.0.184 "GET /v2.0/security-groups/ef92cfa9-6071-45e7-b8c9-f96ca381a57a HTTP/1.1" status: 200 len: 4251 time: 0.0336232
2026-04-07 01:09:29.446 10 INFO neutron.wsgi [None req-eb65028e-189b-41a4-8152-dc6dd1ce84f2 dc35760bae544eddadfd48d264f8e1e4 1e312ab7abc54abea284063e58060ebd - - default default] 199.204.45.122,10.0.0.184 "GET /v2.0/security-group-rules/7c152c80-59d5-458a-8ed1-394e7b7bbaf5 HTTP/1.1" status: 200 len: 776 time: 0.0161598
2026-04-07 01:09:30.549 10 INFO neutron.wsgi [None req-c5292c4f-2100-4412-b03b-3592df9069e2 dc35760bae544eddadfd48d264f8e1e4 1e312ab7abc54abea284063e58060ebd - - default default] 199.204.45.122,10.0.0.184 "GET /v2.0/security-groups/ef92cfa9-6071-45e7-b8c9-f96ca381a57a?project_id=2e50f0f865df492ba6e9176720962798 HTTP/1.1" status: 200 len: 4251 time: 0.0820823
2026-04-07 01:09:30.596 10 INFO neutron.wsgi [None req-fab7f881-309c-4597-8315-173849a3d93d dc35760bae544eddadfd48d264f8e1e4 1e312ab7abc54abea284063e58060ebd - - default default] 199.204.45.122,10.0.0.184 "GET /v2.0/security-groups/ef92cfa9-6071-45e7-b8c9-f96ca381a57a HTTP/1.1" status: 200 len: 4251 time: 0.0392876
2026-04-07 01:09:30.628 10 INFO neutron.wsgi [None req-9b66b316-d730-4c5b-9337-a334ccc271e7 dc35760bae544eddadfd48d264f8e1e4 1e312ab7abc54abea284063e58060ebd - - default default] 199.204.45.122,10.0.0.184 "GET /v2.0/security-group-rules/6ae45395-b72a-4406-a719-dea167090dbc HTTP/1.1" status: 200 len: 777 time: 0.0237360
2026-04-07 01:09:38.009 10 INFO neutron.wsgi [None req-3fdb09cd-b892-459e-83fa-842428f3273e dc35760bae544eddadfd48d264f8e1e4 1e312ab7abc54abea284063e58060ebd - - default default] 199.204.45.122,10.0.0.184 "GET /v2.0/quotas/2e50f0f865df492ba6e9176720962798 HTTP/1.1" status: 200 len: 466 time: 0.0120327
2026-04-07 01:09:38.178 9 INFO neutron.wsgi [-] 10.0.0.184 "GET / HTTP/1.1" status: 200 len: 246 time: 0.0014722
2026-04-07 01:09:38.180 10 INFO neutron.wsgi [-] 10.0.0.184 "GET / HTTP/1.1" status: 200 len: 246 time: 0.0026858
2026-04-07 01:09:51.587 9 INFO neutron.wsgi [None req-a9dc8cb8-19b3-4b02-8985-3403754029e2 dc35760bae544eddadfd48d264f8e1e4 1e312ab7abc54abea284063e58060ebd - - default default] 10.0.0.165 "GET /v2.0/floatingips HTTP/1.1" status: 200 len: 193 time: 0.0632768
2026-04-07 01:09:51.637 9 INFO neutron.wsgi [None req-77f374a5-d734-4fda-9c44-e325b1c0ca7a dc35760bae544eddadfd48d264f8e1e4 1e312ab7abc54abea284063e58060ebd - - default default] 10.0.0.165 "GET /v2.0/ports HTTP/1.1" status: 200 len: 5351 time: 0.0495594
2026-04-07 01:09:51.674 9 INFO neutron.wsgi [None req-18dc19ea-d33c-4afb-94c7-daf1ad5001b6 dc35760bae544eddadfd48d264f8e1e4 1e312ab7abc54abea284063e58060ebd - - default default] 10.0.0.165 "GET /v2.0/subnets HTTP/1.1" status: 200 len: 1437 time: 0.0307839
2026-04-07 01:09:51.685 9 INFO neutron.wsgi [None req-17502d62-59f4-4bb8-8422-9f2792f5b64e dc35760bae544eddadfd48d264f8e1e4 1e312ab7abc54abea284063e58060ebd - - default default] 10.0.0.165 "GET /v2.0/subnetpools HTTP/1.1" status: 200 len: 193 time: 0.0095551
2026-04-07 01:09:51.706 9 INFO neutron.wsgi [None req-e89b41f8-6636-49c5-a092-185be5fa750b dc35760bae544eddadfd48d264f8e1e4 1e312ab7abc54abea284063e58060ebd - - default default] 10.0.0.165 "GET /v2.0/routers HTTP/1.1" status: 200 len: 189 time: 0.0201633
2026-04-07 01:09:51.745 9 INFO neutron.wsgi [None req-d5845400-1f52-435c-a888-bc5a1b38570d dc35760bae544eddadfd48d264f8e1e4 1e312ab7abc54abea284063e58060ebd - - default default] 10.0.0.165 "GET /v2.0/agents?binary=ovn-controller HTTP/1.1" status: 200 len: 591 time: 0.0382199
2026-04-07 01:09:51.756 9 INFO neutron.wsgi [None req-a1382b7a-57f8-4079-a935-c91d3e96fe07 dc35760bae544eddadfd48d264f8e1e4 1e312ab7abc54abea284063e58060ebd - - default default] 10.0.0.165 "GET /v2.0/network-ip-availabilities HTTP/1.1" status: 200 len: 1280 time: 0.0107110
2026-04-07 01:09:51.767 9 INFO neutron.wsgi [None req-5d66dce3-a712-4a7e-922d-1aa43ea3d256 dc35760bae544eddadfd48d264f8e1e4 1e312ab7abc54abea284063e58060ebd - - default default] 10.0.0.165 "GET /v2.0/agents HTTP/1.1" status: 200 len: 1390 time: 0.0096545
2026-04-07 01:09:51.824 9 INFO neutron.wsgi [None req-a5f1d1b5-8ed6-47a7-b9bc-cebc69e701fd dc35760bae544eddadfd48d264f8e1e4 1e312ab7abc54abea284063e58060ebd - - default default] 10.0.0.165 "GET /v2.0/networks HTTP/1.1" status: 200 len: 2350 time: 0.0565238
2026-04-07 01:09:51.873 9 INFO neutron.wsgi [None req-b85eff06-6c94-487f-b26c-3e02fef7f039 dc35760bae544eddadfd48d264f8e1e4 1e312ab7abc54abea284063e58060ebd - - default default] 10.0.0.165 "GET /v2.0/security-groups HTTP/1.1" status: 200 len: 17578 time: 0.0462954
2026-04-07 01:09:51.920 9 INFO neutron.wsgi [None req-35fe5df0-c953-4d00-915a-77f658191242 dc35760bae544eddadfd48d264f8e1e4 1e312ab7abc54abea284063e58060ebd - - default default] 10.0.0.165 "GET /v2.0/subnets HTTP/1.1" status: 200 len: 1437 time: 0.0376358
2026-04-07 01:09:53.180 10 INFO neutron.wsgi [-] 10.0.0.184 "GET / HTTP/1.1" status: 200 len: 246 time: 0.0027699
2026-04-07 01:09:53.183 10 INFO neutron.wsgi [-] 10.0.0.184 "GET / HTTP/1.1" status: 200 len: 246 time: 0.0022321
2026-04-07 01:10:08.179 10 INFO neutron.wsgi [-] 10.0.0.184 "GET / HTTP/1.1" status: 200 len: 246 time: 0.0024292
2026-04-07 01:10:08.179 9 INFO neutron.wsgi [-] 10.0.0.184 "GET / HTTP/1.1" status: 200 len: 246 time: 0.0028410
2026-04-07 01:10:23.179 9 INFO neutron.wsgi [-] 10.0.0.184 "GET / HTTP/1.1" status: 200 len: 246 time: 0.0020647
2026-04-07 01:10:23.182 9 INFO neutron.wsgi [-] 10.0.0.184 "GET / HTTP/1.1" status: 200 len: 246 time: 0.0019259
2026-04-07 01:10:28.068 10 INFO neutron.wsgi [None req-f52c3b29-3d85-4aa8-9c1d-b7b664032ca5 dc35760bae544eddadfd48d264f8e1e4 1e312ab7abc54abea284063e58060ebd - - default default] 199.204.45.122,10.0.0.184 "GET /v2.0/networks?name=public HTTP/1.1" status: 200 len: 928 time: 0.1199670
2026-04-07 01:10:38.179 10 INFO neutron.wsgi [-] 10.0.0.184 "GET / HTTP/1.1" status: 200 len: 246 time: 0.0029192
2026-04-07 01:10:38.180 9 INFO neutron.wsgi [-] 10.0.0.184 "GET / HTTP/1.1" status: 200 len: 246 time: 0.0037384
2026-04-07 01:10:51.725 9 INFO neutron.wsgi [None req-95d28dc4-f4c9-4a90-86ad-d8057d54d440 dc35760bae544eddadfd48d264f8e1e4 1e312ab7abc54abea284063e58060ebd - - default default] 10.0.0.165 "GET /v2.0/subnets HTTP/1.1" status: 200 len: 1437 time: 0.1530926
2026-04-07 01:10:51.807 9 INFO neutron.wsgi [None req-88ae5288-96c7-410b-94c1-b4ae63385421 dc35760bae544eddadfd48d264f8e1e4 1e312ab7abc54abea284063e58060ebd - - default default] 10.0.0.165 "GET /v2.0/ports HTTP/1.1" status: 200 len: 5351 time: 0.0809457
2026-04-07 01:10:51.844 9 INFO neutron.wsgi [None req-e32a212b-0ec7-485d-953d-c888b76f5375 dc35760bae544eddadfd48d264f8e1e4 1e312ab7abc54abea284063e58060ebd - - default default] 10.0.0.165 "GET /v2.0/subnets HTTP/1.1" status: 200 len: 1437 time: 0.0331423
2026-04-07 01:10:51.854 9 INFO neutron.wsgi [None req-5c24325d-fa33-425f-bd25-84da3c8e6226 dc35760bae544eddadfd48d264f8e1e4 1e312ab7abc54abea284063e58060ebd - - default default] 10.0.0.165 "GET /v2.0/subnetpools HTTP/1.1" status: 200 len: 193 time: 0.0089545
2026-04-07 01:10:51.879 9 INFO neutron.wsgi [None req-7479bc5f-8441-41a5-902b-017d248fe5e4 dc35760bae544eddadfd48d264f8e1e4 1e312ab7abc54abea284063e58060ebd - - default default] 10.0.0.165 "GET /v2.0/floatingips HTTP/1.1" status: 200 len: 193 time: 0.0197968
2026-04-07 01:10:51.893 9 INFO neutron.wsgi [None req-05a58dbd-60a1-4531-83d2-d4e6d04e221f dc35760bae544eddadfd48d264f8e1e4 1e312ab7abc54abea284063e58060ebd - - default default] 10.0.0.165 "GET /v2.0/network-ip-availabilities HTTP/1.1" status: 200 len: 1280 time: 0.0125718
2026-04-07 01:10:51.919 9 INFO neutron.wsgi [None req-33653f6a-c8f9-4cae-aa5d-261997e2820a dc35760bae544eddadfd48d264f8e1e4 1e312ab7abc54abea284063e58060ebd - - default default] 10.0.0.165 "GET /v2.0/routers HTTP/1.1" status: 200 len: 189 time: 0.0250838
2026-04-07 01:10:51.981 9 INFO neutron.wsgi [None req-73413916-7faf-4db5-834d-22fd19e068cb dc35760bae544eddadfd48d264f8e1e4 1e312ab7abc54abea284063e58060ebd - - default default] 10.0.0.165 "GET /v2.0/agents?binary=ovn-controller HTTP/1.1" status: 200 len: 591 time: 0.0614953
2026-04-07 01:10:51.996 9 INFO neutron.wsgi [None req-86b35152-7c25-46d4-98a1-a35d1ad47b99 dc35760bae544eddadfd48d264f8e1e4 1e312ab7abc54abea284063e58060ebd - - default default] 10.0.0.165 "GET /v2.0/agents HTTP/1.1" status: 200 len: 1390 time: 0.0142369
2026-04-07 01:10:52.046 9 INFO neutron.wsgi [None req-8910f8d7-74cb-4cf9-80c2-e1a2ae90f301 dc35760bae544eddadfd48d264f8e1e4 1e312ab7abc54abea284063e58060ebd - - default default] 10.0.0.165 "GET /v2.0/security-groups HTTP/1.1" status: 200 len: 17578 time: 0.0490146
2026-04-07 01:10:52.126 9 INFO neutron.wsgi [None req-469535da-4ff6-4c90-a32c-ffdc748fa6b5 dc35760bae544eddadfd48d264f8e1e4 1e312ab7abc54abea284063e58060ebd - - default default] 10.0.0.165 "GET /v2.0/networks HTTP/1.1" status: 200 len: 2350 time: 0.0747344
2026-04-07 01:10:53.180 9 INFO neutron.wsgi [-] 10.0.0.184 "GET / HTTP/1.1" status: 200 len: 246 time: 0.0027716
2026-04-07 01:10:53.180 10 INFO neutron.wsgi [-] 10.0.0.184 "GET / HTTP/1.1" status: 200 len: 246 time: 0.0035896
2026-04-07 01:11:05.979 9 INFO neutron.wsgi [None req-8d820ed8-3432-4d8f-8157-c17a5fd5e220 dc35760bae544eddadfd48d264f8e1e4 1e312ab7abc54abea284063e58060ebd - - default default] 10.0.0.154 "GET /v2.0/networks HTTP/1.1" status: 200 len: 2369 time: 0.1064272
2026-04-07 01:11:07.139 9 INFO neutron.wsgi [None req-184271f5-652c-4ac5-a2b8-b4466698baab dc35760bae544eddadfd48d264f8e1e4 1e312ab7abc54abea284063e58060ebd - - default default] 10.0.0.154 "GET /v2.0/floatingips HTTP/1.1" status: 200 len: 212 time: 0.0247016
2026-04-07 01:11:07.168 9 INFO neutron.wsgi [None req-6d378ab1-64b7-4c6a-85ea-32beb47ffaf8 dc35760bae544eddadfd48d264f8e1e4 1e312ab7abc54abea284063e58060ebd - - default default] 10.0.0.154 "GET /v2.0/routers HTTP/1.1" status: 200 len: 208 time: 0.0248756
2026-04-07 01:11:07.217 9 INFO neutron.wsgi [None req-d7556c63-51d1-4fe4-b8f4-0d8896f96561 dc35760bae544eddadfd48d264f8e1e4 1e312ab7abc54abea284063e58060ebd - - default default] 10.0.0.154 "GET /v2.0/ports HTTP/1.1" status: 200 len: 5370 time: 0.0448387
2026-04-07 01:11:07.254 9 INFO neutron.wsgi [None req-3ca000e7-59f4-4c69-8f9a-5112f2bb9a36 dc35760bae544eddadfd48d264f8e1e4 1e312ab7abc54abea284063e58060ebd - - default default] 10.0.0.154 "GET /v2.0/subnets HTTP/1.1" status: 200 len: 1456 time: 0.0319643
2026-04-07 01:11:07.332 9 INFO neutron.wsgi [None req-2942590f-f90f-470b-95b3-3cd565bc3e60 dc35760bae544eddadfd48d264f8e1e4 1e312ab7abc54abea284063e58060ebd - - default default] 10.0.0.154 "GET /v2.0/networks HTTP/1.1" status: 200 len: 2369 time: 0.0732245
2026-04-07 01:11:07.387 9 INFO neutron.wsgi [None req-79e944fc-c2fd-4c5d-af43-ee31894d2ca0 dc35760bae544eddadfd48d264f8e1e4 1e312ab7abc54abea284063e58060ebd - - default default] 10.0.0.154 "GET /v2.0/security-groups HTTP/1.1" status: 200 len: 17597 time: 0.0493245
2026-04-07 01:11:07.400 9 INFO neutron.wsgi [None req-bfdf4260-2345-42c4-bd29-a5960859f4e1 dc35760bae544eddadfd48d264f8e1e4 1e312ab7abc54abea284063e58060ebd - - default default] 10.0.0.154 "GET /v2.0/subnetpools HTTP/1.1" status: 200 len: 212 time: 0.0090139
2026-04-07 01:11:08.179 10 INFO neutron.wsgi [-] 10.0.0.184 "GET / HTTP/1.1" status: 200 len: 246 time: 0.0018744
2026-04-07 01:11:08.179 9 INFO neutron.wsgi [-] 10.0.0.184 "GET / HTTP/1.1" status: 200 len: 246 time: 0.0024421
2026-04-07 01:11:18.342 10 INFO neutron.db.ovn_revision_numbers_db [None req-3b9ff203-a38e-4b42-9b04-3db842de6b2c dc35760bae544eddadfd48d264f8e1e4 1e312ab7abc54abea284063e58060ebd - - default default] Successfully bumped revision number for resource 8900e5b7-e0e9-435c-93f0-e1acd1c5cdf6 (type: security_groups) to 1
2026-04-07 01:11:18.344 9 INFO neutron.db.ovn_revision_numbers_db [None req-f402bfa5-aff9-4617-8106-b9f15ed86766 dc35760bae544eddadfd48d264f8e1e4 1e312ab7abc54abea284063e58060ebd - - default default] Successfully bumped revision number for resource 609de50f-a182-483c-a008-09d2467bb7f2 (type: security_groups) to 1
2026-04-07 01:11:18.363 9 INFO neutron.db.ovn_revision_numbers_db [None req-f402bfa5-aff9-4617-8106-b9f15ed86766 dc35760bae544eddadfd48d264f8e1e4 1e312ab7abc54abea284063e58060ebd - - default default] Successfully bumped revision number for resource 1cc98180-b02c-489f-9520-fc6abdaa0878 (type: security_group_rules) to 0
2026-04-07 01:11:18.365 10 INFO neutron.db.ovn_revision_numbers_db [None req-3b9ff203-a38e-4b42-9b04-3db842de6b2c dc35760bae544eddadfd48d264f8e1e4 1e312ab7abc54abea284063e58060ebd - - default default] Successfully bumped revision number for resource 669aa702-4b9b-4f49-9e1f-18a5e5f80fa4 (type: security_group_rules) to 0
