2026-04-07 01:15:10.128 8 INFO placement.requestlog [None req-b99d333d-8297-45f8-89cd-95684bbe2b89 - - - - - -] 10.0.0.184 "GET /" status: 200 len: 136 microversion: 1.0
2026-04-07 01:15:10.128 7 INFO placement.requestlog [None req-5cf2803e-5894-4a03-8386-aef32703d864 - - - - - -] 10.0.0.184 "GET /" status: 200 len: 136 microversion: 1.0
2026-04-07 01:15:10.201 7 INFO placement.requestlog [req-6eb608cf-a4c5-4b84-9e0c-af83e0b0012d req-07a56298-abb5-49fa-b2a5-b3c7514fc0d3 734d2b41bbe941de9172294b1b07355a 2e50f0f865df492ba6e9176720962798 - - 94fea3911c3249d7b72d093d27ede76e 94fea3911c3249d7b72d093d27ede76e] 199.204.45.122 "GET /resource_providers/e1dce2e0-fcd8-4d08-b342-fb9a3b23ab99/allocations" status: 200 len: 353 microversion: 1.0 [pid: 7|app: 0|req: 463/918] 199.204.45.122 () {32 vars in 856 bytes} [Tue Apr 7 01:15:10 2026] GET /resource_providers/e1dce2e0-fcd8-4d08-b342-fb9a3b23ab99/allocations => generated 353 bytes in 17 msecs (HTTP/1.1 200) 6 headers in 224 bytes (1 switches on core 0)
2026-04-07 01:15:10.223 8 INFO placement.requestlog [req-6eb608cf-a4c5-4b84-9e0c-af83e0b0012d req-bca05860-cc01-4422-89be-388e9fcde8eb 734d2b41bbe941de9172294b1b07355a 2e50f0f865df492ba6e9176720962798 - - 94fea3911c3249d7b72d093d27ede76e 94fea3911c3249d7b72d093d27ede76e] 199.204.45.122 "GET /allocations/9cd3b43b-80c7-4c02-ab0e-3fd0a602e379" status: 200 len: 258 microversion: 1.28 [pid: 8|app: 0|req: 456/919] 199.204.45.122 () {34 vars in 862 bytes} [Tue Apr 7 01:15:10 2026] GET /allocations/9cd3b43b-80c7-4c02-ab0e-3fd0a602e379 => generated 258 bytes in 14 msecs (HTTP/1.1 200) 8 headers in 296 bytes (1 switches on core 0)
2026-04-07 01:15:10.245 7 INFO placement.requestlog [req-6eb608cf-a4c5-4b84-9e0c-af83e0b0012d req-468d7911-dc85-470a-9e92-c035e11a98c6 734d2b41bbe941de9172294b1b07355a 2e50f0f865df492ba6e9176720962798 - - 94fea3911c3249d7b72d093d27ede76e 94fea3911c3249d7b72d093d27ede76e] 199.204.45.122 "GET /allocations/aa578316-f8b7-4090-b65d-7de448733796" status: 200 len: 258 microversion: 1.28 [pid: 7|app: 0|req: 464/920] 199.204.45.122 () {34 vars in 862 bytes} [Tue Apr 7 01:15:10 2026] GET /allocations/aa578316-f8b7-4090-b65d-7de448733796 => generated 258 bytes in 17 msecs (HTTP/1.1 200) 8 headers in 296 bytes (1 switches on core 0)
2026-04-07 01:15:10.269 8 INFO placement.requestlog [req-6eb608cf-a4c5-4b84-9e0c-af83e0b0012d req-b69b71b1-03d6-4840-af70-d47f3eedb898 734d2b41bbe941de9172294b1b07355a 2e50f0f865df492ba6e9176720962798 - - 94fea3911c3249d7b72d093d27ede76e 94fea3911c3249d7b72d093d27ede76e] 199.204.45.122 "GET /allocations/d66b2724-5dd9-4e4a-860f-db2b5a9e04fc" status: 200 len: 258 microversion: 1.28 [pid: 8|app: 0|req: 457/921] 199.204.45.122 () {34 vars in 862 bytes} [Tue Apr 7 01:15:10 2026] GET /allocations/d66b2724-5dd9-4e4a-860f-db2b5a9e04fc => generated 258 bytes in 15 msecs (HTTP/1.1 200) 8 headers in 296 bytes (1 switches on core 0)
2026-04-07 01:15:14.332 7 INFO placement.requestlog [req-fb007886-e090-48e2-badb-f6775195bbd0 req-78cdb1df-6e1b-4d7a-a680-47a2587208f8 734d2b41bbe941de9172294b1b07355a 2e50f0f865df492ba6e9176720962798 - - 94fea3911c3249d7b72d093d27ede76e 94fea3911c3249d7b72d093d27ede76e] 199.204.45.122 "GET /resource_providers/e1dce2e0-fcd8-4d08-b342-fb9a3b23ab99/allocations" status: 200 len: 353 microversion: 1.0 [pid: 7|app: 0|req: 465/922] 199.204.45.122 () {32 vars in 856 bytes} [Tue Apr 7 01:15:14 2026] GET /resource_providers/e1dce2e0-fcd8-4d08-b342-fb9a3b23ab99/allocations => generated 353 bytes in 29 msecs (HTTP/1.1 200) 6 headers in 224 bytes (1 switches on core 0)
2026-04-07 01:15:14.357 8 INFO placement.requestlog [req-fb007886-e090-48e2-badb-f6775195bbd0 req-2311c3a4-9315-47dc-8dfa-96718b6de240 734d2b41bbe941de9172294b1b07355a 2e50f0f865df492ba6e9176720962798 - - 94fea3911c3249d7b72d093d27ede76e 94fea3911c3249d7b72d093d27ede76e] 199.204.45.122 "GET /allocations/9cd3b43b-80c7-4c02-ab0e-3fd0a602e379" status: 200 len: 258 microversion: 1.28 [pid: 8|app: 0|req: 458/923] 199.204.45.122 () {34 vars in 862 bytes} [Tue Apr 7 01:15:14 2026] GET /allocations/9cd3b43b-80c7-4c02-ab0e-3fd0a602e379 => generated 258 bytes in 15 msecs (HTTP/1.1 200) 8 headers in 296 bytes (1 switches on core 0)
2026-04-07 01:15:14.377 7 INFO placement.requestlog [req-fb007886-e090-48e2-badb-f6775195bbd0 req-56fa4790-11a0-4e79-9968-bd81b7919953 734d2b41bbe941de9172294b1b07355a 2e50f0f865df492ba6e9176720962798 - - 94fea3911c3249d7b72d093d27ede76e 94fea3911c3249d7b72d093d27ede76e] 199.204.45.122 "GET /allocations/aa578316-f8b7-4090-b65d-7de448733796" status: 200 len: 258 microversion: 1.28 [pid: 7|app: 0|req: 466/924] 199.204.45.122 () {34 vars in 862 bytes} [Tue Apr 7 01:15:14 2026] GET /allocations/aa578316-f8b7-4090-b65d-7de448733796 => generated 258 bytes in 14 msecs (HTTP/1.1 200) 8 headers in 296 bytes (1 switches on core 0)
2026-04-07 01:15:14.412 8 INFO placement.requestlog [req-fb007886-e090-48e2-badb-f6775195bbd0 req-e7ab8f1c-b2d2-49d5-b51e-5d1e95dfd47c 734d2b41bbe941de9172294b1b07355a 2e50f0f865df492ba6e9176720962798 - - 94fea3911c3249d7b72d093d27ede76e 94fea3911c3249d7b72d093d27ede76e] 199.204.45.122 "GET /allocations/d66b2724-5dd9-4e4a-860f-db2b5a9e04fc" status: 200 len: 258 microversion: 1.28 [pid: 8|app: 0|req: 459/925] 199.204.45.122 () {34 vars in 862 bytes} [Tue Apr 7 01:15:14 2026] GET /allocations/d66b2724-5dd9-4e4a-860f-db2b5a9e04fc => generated 258 bytes in 30 msecs (HTTP/1.1 200) 8 headers in 296 bytes (1 switches on core 0)
2026-04-07 01:15:14.539 7 INFO placement.requestlog [req-fb007886-e090-48e2-badb-f6775195bbd0 req-8973facc-1c8d-4382-bbef-13c991997b10 734d2b41bbe941de9172294b1b07355a 2e50f0f865df492ba6e9176720962798 - - 94fea3911c3249d7b72d093d27ede76e 94fea3911c3249d7b72d093d27ede76e] 199.204.45.122 "DELETE /allocations/d66b2724-5dd9-4e4a-860f-db2b5a9e04fc" status: 204 len: 0 microversion: 1.0 [pid: 7|app: 0|req: 467/926] 199.204.45.122 () {34 vars in 840 bytes} [Tue Apr 7 01:15:14 2026] DELETE /allocations/d66b2724-5dd9-4e4a-860f-db2b5a9e04fc => generated 0 bytes in 50 msecs (HTTP/1.1 204) 5 headers in 198 bytes (1 switches on core 0)
2026-04-07 01:15:20.127 7 INFO placement.requestlog [None req-bce0f223-998b-43c1-bc00-dca7daa8fcba - - - - - -] 10.0.0.184 "GET /" status: 200 len: 136 microversion: 1.0
2026-04-07 01:15:20.127 8 INFO placement.requestlog [None req-5d8d35a7-2b3b-4a55-ac87-b37ecd3d1e96 - - - - - -] 10.0.0.184 "GET /" status: 200 len: 136 microversion: 1.0
2026-04-07 01:15:20.572 8 INFO placement.requestlog [None req-5c72a255-366f-465a-9cf5-360e81a29442 2426283c74ff431aa9164d5fcca4c91d 2e50f0f865df492ba6e9176720962798 - - 94fea3911c3249d7b72d093d27ede76e 94fea3911c3249d7b72d093d27ede76e] 10.0.0.31 "GET /resource_providers/aebc1be0-21ca-4580-a654-2d68a40d9209/aggregates" status: 404 len: 235 microversion: 1.1 [pid: 8|app: 0|req: 461/929] 10.0.0.31 () {32 vars in 823 bytes} [Tue Apr 7 01:15:20 2026] GET /resource_providers/aebc1be0-21ca-4580-a654-2d68a40d9209/aggregates => generated 235 bytes in 10 msecs (HTTP/1.1 404) 5 headers in 202 bytes (1 switches on core 0)
2026-04-07 01:15:20.574 7 INFO placement.requestlog [None req-34b87b8b-dd1b-441b-a1ad-df7ff848ddca 2426283c74ff431aa9164d5fcca4c91d 2e50f0f865df492ba6e9176720962798 - - 94fea3911c3249d7b72d093d27ede76e 94fea3911c3249d7b72d093d27ede76e] 10.0.0.31 "GET /resource_providers/aebc1be0-21ca-4580-a654-2d68a40d9209/aggregates" status: 404 len: 235 microversion: 1.1 [pid: 7|app: 0|req: 469/930] 10.0.0.31 () {32 vars in 823 bytes} [Tue Apr 7 01:15:20 2026] GET /resource_providers/aebc1be0-21ca-4580-a654-2d68a40d9209/aggregates => generated 235 bytes in 10 msecs (HTTP/1.1 404) 5 headers in 202 bytes (1 switches on core 0)
2026-04-07 01:15:20.589 8 INFO placement.requestlog [None req-9c266bdb-73e3-447b-b873-b88f2d6036bc 2426283c74ff431aa9164d5fcca4c91d 2e50f0f865df492ba6e9176720962798 - - 94fea3911c3249d7b72d093d27ede76e 94fea3911c3249d7b72d093d27ede76e] 10.0.0.31 "DELETE /resource_providers/aebc1be0-21ca-4580-a654-2d68a40d9209" status: 404 len: 246 microversion: 1.1 [pid: 8|app: 0|req: 462/931] 10.0.0.31 () {34 vars in 823 bytes} [Tue Apr 7 01:15:20 2026] DELETE /resource_providers/aebc1be0-21ca-4580-a654-2d68a40d9209 => generated 246 bytes in 10 msecs (HTTP/1.1 404) 6 headers in 231 bytes (1 switches on core 0)
2026-04-07 01:15:20.600 7 INFO placement.requestlog [None req-b4ff659a-b4b5-4f15-a4b8-779c58dde9c3 2426283c74ff431aa9164d5fcca4c91d 2e50f0f865df492ba6e9176720962798 - - 94fea3911c3249d7b72d093d27ede76e 94fea3911c3249d7b72d093d27ede76e] 10.0.0.31 "DELETE /resource_providers/aebc1be0-21ca-4580-a654-2d68a40d9209" status: 404 len: 246 microversion: 1.1 [pid: 7|app: 0|req: 470/932] 10.0.0.31 () {34 vars in 823 bytes} [Tue Apr 7 01:15:20 2026] DELETE /resource_providers/aebc1be0-21ca-4580-a654-2d68a40d9209 => generated 246 bytes in 15 msecs (HTTP/1.1 404) 6 headers in 231 bytes (1 switches on core 0)
2026-04-07 01:15:24.410 7 INFO placement.requestlog [None req-4d1b857e-acdf-4810-885a-a4bbb9b0b623 2426283c74ff431aa9164d5fcca4c91d 2e50f0f865df492ba6e9176720962798 - - 94fea3911c3249d7b72d093d27ede76e 94fea3911c3249d7b72d093d27ede76e] 10.0.0.31 "GET /resource_providers/3ce9609d-5891-482a-a43a-015ffdc2206d/aggregates" status: 404 len: 235 microversion: 1.1 [pid: 7|app: 0|req: 471/933] 10.0.0.31 () {32 vars in 823 bytes} [Tue Apr 7 01:15:24 2026] GET /resource_providers/3ce9609d-5891-482a-a43a-015ffdc2206d/aggregates => generated 235 bytes in 10 msecs (HTTP/1.1 404) 5 headers in 202 bytes (1 switches on core 0)
2026-04-07 01:15:24.419 8 INFO placement.requestlog [None req-4242459a-fb76-4126-9efc-0a88b80d5fcc 2426283c74ff431aa9164d5fcca4c91d 2e50f0f865df492ba6e9176720962798 - - 94fea3911c3249d7b72d093d27ede76e 94fea3911c3249d7b72d093d27ede76e] 10.0.0.31 "GET /resource_providers/3ce9609d-5891-482a-a43a-015ffdc2206d/aggregates" status: 404 len: 235 microversion: 1.1 [pid: 8|app: 0|req: 463/934] 10.0.0.31 () {32 vars in 823 bytes} [Tue Apr 7 01:15:24 2026] GET /resource_providers/3ce9609d-5891-482a-a43a-015ffdc2206d/aggregates => generated 235 bytes in 18 msecs (HTTP/1.1 404) 5 headers in 202 bytes (1 switches on core 0)
2026-04-07 01:15:24.430 7 INFO placement.requestlog [None req-0e3323c2-9049-43d5-bfa0-7891498d9ead 2426283c74ff431aa9164d5fcca4c91d 2e50f0f865df492ba6e9176720962798 - - 94fea3911c3249d7b72d093d27ede76e 94fea3911c3249d7b72d093d27ede76e] 10.0.0.31 "DELETE /resource_providers/3ce9609d-5891-482a-a43a-015ffdc2206d" status: 404 len: 246 microversion: 1.1 [pid: 7|app: 0|req: 472/935] 10.0.0.31 () {34 vars in 823 bytes} [Tue Apr 7 01:15:24 2026] DELETE /resource_providers/3ce9609d-5891-482a-a43a-015ffdc2206d => generated 246 bytes in 13 msecs (HTTP/1.1 404) 6 headers in 231 bytes (1 switches on core 0)
2026-04-07 01:15:24.437 8 INFO placement.requestlog [None req-ed666ebf-c0f4-4784-bf62-802d0286f775 2426283c74ff431aa9164d5fcca4c91d 2e50f0f865df492ba6e9176720962798 - - 94fea3911c3249d7b72d093d27ede76e 94fea3911c3249d7b72d093d27ede76e] 10.0.0.31 "DELETE /resource_providers/3ce9609d-5891-482a-a43a-015ffdc2206d" status: 404 len: 246 microversion: 1.1 [pid: 8|app: 0|req: 464/936] 10.0.0.31 () {34 vars in 823 bytes} [Tue Apr 7 01:15:24 2026] DELETE /resource_providers/3ce9609d-5891-482a-a43a-015ffdc2206d => generated 246 bytes in 10 msecs (HTTP/1.1 404) 6 headers in 231 bytes (1 switches on core 0)
2026-04-07 01:15:26.847 7 INFO placement.requestlog [req-4ed77be1-b296-4d7f-bd27-a9d85f9a9b5a req-54368c63-5b3e-4b3e-84c8-50adbca33672 734d2b41bbe941de9172294b1b07355a 2e50f0f865df492ba6e9176720962798 - - 94fea3911c3249d7b72d093d27ede76e 94fea3911c3249d7b72d093d27ede76e] 199.204.45.122 "GET /resource_providers/e1dce2e0-fcd8-4d08-b342-fb9a3b23ab99/allocations" status: 200 len: 253 microversion: 1.0 [pid: 7|app: 0|req: 473/937] 199.204.45.122 () {32 vars in 856 bytes} [Tue Apr 7 01:15:26 2026] GET /resource_providers/e1dce2e0-fcd8-4d08-b342-fb9a3b23ab99/allocations => generated 253 bytes in 16 msecs (HTTP/1.1 200) 6 headers in 224 bytes (1 switches on core 0)
2026-04-07 01:15:26.869 8 INFO placement.requestlog [req-4ed77be1-b296-4d7f-bd27-a9d85f9a9b5a req-79cc0189-6303-4027-b520-722b9a605c43 734d2b41bbe941de9172294b1b07355a 2e50f0f865df492ba6e9176720962798 - - 94fea3911c3249d7b72d093d27ede76e 94fea3911c3249d7b72d093d27ede76e] 199.204.45.122 "GET /allocations/9cd3b43b-80c7-4c02-ab0e-3fd0a602e379" status: 200 len: 258 microversion: 1.28 [pid: 8|app: 0|req: 465/938] 199.204.45.122 () {34 vars in 862 bytes} [Tue Apr 7 01:15:26 2026] GET /allocations/9cd3b43b-80c7-4c02-ab0e-3fd0a602e379 => generated 258 bytes in 15 msecs (HTTP/1.1 200) 8 headers in 296 bytes (1 switches on core 0)
2026-04-07 01:15:26.889 7 INFO placement.requestlog [req-4ed77be1-b296-4d7f-bd27-a9d85f9a9b5a req-f114da92-9609-44c0-bdae-e11e29c25ae5 734d2b41bbe941de9172294b1b07355a 2e50f0f865df492ba6e9176720962798 - - 94fea3911c3249d7b72d093d27ede76e 94fea3911c3249d7b72d093d27ede76e] 199.204.45.122 "GET /allocations/aa578316-f8b7-4090-b65d-7de448733796" status: 200 len: 258 microversion: 1.28 [pid: 7|app: 0|req: 474/939] 199.204.45.122 () {34 vars in 862 bytes} [Tue Apr 7 01:15:26 2026] GET /allocations/aa578316-f8b7-4090-b65d-7de448733796 => generated 258 bytes in 14 msecs (HTTP/1.1 200) 8 headers in 296 bytes (1 switches on core 0)
2026-04-07 01:15:26.977 8 INFO placement.requestlog [req-4ed77be1-b296-4d7f-bd27-a9d85f9a9b5a req-eb901c5f-1756-4b72-a2df-29168de4e82c 734d2b41bbe941de9172294b1b07355a 2e50f0f865df492ba6e9176720962798 - - 94fea3911c3249d7b72d093d27ede76e 94fea3911c3249d7b72d093d27ede76e] 199.204.45.122 "DELETE /allocations/9cd3b43b-80c7-4c02-ab0e-3fd0a602e379" status: 204 len: 0 microversion: 1.0 [pid: 8|app: 0|req: 466/940] 199.204.45.122 () {34 vars in 840 bytes} [Tue Apr 7 01:15:26 2026] DELETE /allocations/9cd3b43b-80c7-4c02-ab0e-3fd0a602e379 => generated 0 bytes in 28 msecs (HTTP/1.1 204) 5 headers in 198 bytes (1 switches on core 0)
2026-04-07 01:15:28.225 7 INFO placement.requestlog [None req-810921be-197a-4b82-823a-f6de5836f034 2426283c74ff431aa9164d5fcca4c91d 2e50f0f865df492ba6e9176720962798 - - 94fea3911c3249d7b72d093d27ede76e 94fea3911c3249d7b72d093d27ede76e] 10.0.0.31 "GET /resource_providers/9990f7e8-a3a5-4b1c-878b-7159b693379e/aggregates" status: 404 len: 235 microversion: 1.1 [pid: 7|app: 0|req: 475/941] 10.0.0.31 () {32 vars in 823 bytes} [Tue Apr 7 01:15:28 2026] GET /resource_providers/9990f7e8-a3a5-4b1c-878b-7159b693379e/aggregates => generated 235 bytes in 7 msecs (HTTP/1.1 404) 5 headers in 202 bytes (1 switches on core 0)
2026-04-07 01:15:28.230 8 INFO placement.requestlog [None req-be812142-1b3a-42f2-ad4b-eb20829d7fdc 2426283c74ff431aa9164d5fcca4c91d 2e50f0f865df492ba6e9176720962798 - - 94fea3911c3249d7b72d093d27ede76e 94fea3911c3249d7b72d093d27ede76e] 10.0.0.31 "GET /resource_providers/9990f7e8-a3a5-4b1c-878b-7159b693379e/aggregates" status: 404 len: 235 microversion: 1.1 [pid: 8|app: 0|req: 467/942] 10.0.0.31 () {32 vars in 823 bytes} [Tue Apr 7 01:15:28 2026] GET /resource_providers/9990f7e8-a3a5-4b1c-878b-7159b693379e/aggregates => generated 235 bytes in 11 msecs (HTTP/1.1 404) 5 headers in 202 bytes (1 switches on core 0)
2026-04-07 01:15:28.255 7 INFO placement.requestlog [None req-ef55a8fe-212a-4a1f-8867-866ee556dbce 2426283c74ff431aa9164d5fcca4c91d 2e50f0f865df492ba6e9176720962798 - - 94fea3911c3249d7b72d093d27ede76e 94fea3911c3249d7b72d093d27ede76e] 10.0.0.31 "DELETE /resource_providers/9990f7e8-a3a5-4b1c-878b-7159b693379e" status: 404 len: 246 microversion: 1.1 [pid: 7|app: 0|req: 476/943] 10.0.0.31 () {34 vars in 823 bytes} [Tue Apr 7 01:15:28 2026] DELETE /resource_providers/9990f7e8-a3a5-4b1c-878b-7159b693379e => generated 246 bytes in 10 msecs (HTTP/1.1 404) 6 headers in 231 bytes (1 switches on core 0)
2026-04-07 01:15:28.258 8 INFO placement.requestlog [None req-ea90170f-a290-4dc6-8d5a-2b555936734e 2426283c74ff431aa9164d5fcca4c91d 2e50f0f865df492ba6e9176720962798 - - 94fea3911c3249d7b72d093d27ede76e 94fea3911c3249d7b72d093d27ede76e] 10.0.0.31 "DELETE /resource_providers/9990f7e8-a3a5-4b1c-878b-7159b693379e" status: 404 len: 246 microversion: 1.1 [pid: 8|app: 0|req: 468/944] 10.0.0.31 () {34 vars in 823 bytes} [Tue Apr 7 01:15:28 2026] DELETE /resource_providers/9990f7e8-a3a5-4b1c-878b-7159b693379e => generated 246 bytes in 13 msecs (HTTP/1.1 404) 6 headers in 231 bytes (1 switches on core 0)
2026-04-07 01:15:28.837 7 INFO placement.requestlog [req-0bf074a8-e807-41a0-b931-d1173e5adebc req-49ed4e96-a3f2-4f10-8eeb-322b7b798e34 734d2b41bbe941de9172294b1b07355a 2e50f0f865df492ba6e9176720962798 - - 94fea3911c3249d7b72d093d27ede76e 94fea3911c3249d7b72d093d27ede76e] 199.204.45.122 "GET /resource_providers/e1dce2e0-fcd8-4d08-b342-fb9a3b23ab99/allocations" status: 200 len: 153 microversion: 1.0 [pid: 7|app: 0|req: 477/945] 199.204.45.122 () {32 vars in 856 bytes} [Tue Apr 7 01:15:28 2026] GET /resource_providers/e1dce2e0-fcd8-4d08-b342-fb9a3b23ab99/allocations => generated 153 bytes in 23 msecs (HTTP/1.1 200) 6 headers in 224 bytes (1 switches on core 0)
2026-04-07 01:15:28.865 8 INFO placement.requestlog [req-0bf074a8-e807-41a0-b931-d1173e5adebc req-64309024-757e-49d2-b5cf-5d2c01144620 734d2b41bbe941de9172294b1b07355a 2e50f0f865df492ba6e9176720962798 - - 94fea3911c3249d7b72d093d27ede76e 94fea3911c3249d7b72d093d27ede76e] 199.204.45.122 "GET /allocations/aa578316-f8b7-4090-b65d-7de448733796" status: 200 len: 258 microversion: 1.28 [pid: 8|app: 0|req: 469/946] 199.204.45.122 () {34 vars in 862 bytes} [Tue Apr 7 01:15:28 2026] GET /allocations/aa578316-f8b7-4090-b65d-7de448733796 => generated 258 bytes in 19 msecs (HTTP/1.1 200) 8 headers in 296 bytes (1 switches on core 0)
2026-04-07 01:15:28.940 7 INFO placement.requestlog [req-0bf074a8-e807-41a0-b931-d1173e5adebc req-aab5b0b3-1f55-4ec7-a036-5642ad9440b4 734d2b41bbe941de9172294b1b07355a 2e50f0f865df492ba6e9176720962798 - - 94fea3911c3249d7b72d093d27ede76e 94fea3911c3249d7b72d093d27ede76e] 199.204.45.122 "DELETE /allocations/aa578316-f8b7-4090-b65d-7de448733796" status: 204 len: 0 microversion: 1.0 [pid: 7|app: 0|req: 478/947] 199.204.45.122 () {34 vars in 840 bytes} [Tue Apr 7 01:15:28 2026] DELETE /allocations/aa578316-f8b7-4090-b65d-7de448733796 => generated 0 bytes in 24 msecs (HTTP/1.1 204) 5 headers in 198 bytes (1 switches on core 0)
2026-04-07 01:15:29.268 8 INFO placement.requestlog [None req-7f7c4e68-faca-459b-85b8-9ae75bba1877 2426283c74ff431aa9164d5fcca4c91d 2e50f0f865df492ba6e9176720962798 - - 94fea3911c3249d7b72d093d27ede76e 94fea3911c3249d7b72d093d27ede76e] 10.0.0.31 "GET /resource_providers/ac66392d-d5f4-43dd-8e90-c18ac963f98c/aggregates" status: 404 len: 235 microversion: 1.1 [pid: 8|app: 0|req: 470/948] 10.0.0.31 () {32 vars in 823 bytes} [Tue Apr 7 01:15:29 2026] GET /resource_providers/ac66392d-d5f4-43dd-8e90-c18ac963f98c/aggregates => generated 235 bytes in 11 msecs (HTTP/1.1 404) 5 headers in 202 bytes (1 switches on core 0)
2026-04-07 01:15:29.273 7 INFO placement.requestlog [None req-455f428c-a1f2-4007-add5-9873bbee77db 2426283c74ff431aa9164d5fcca4c91d 2e50f0f865df492ba6e9176720962798 - - 94fea3911c3249d7b72d093d27ede76e 94fea3911c3249d7b72d093d27ede76e] 10.0.0.31 "GET /resource_providers/ac66392d-d5f4-43dd-8e90-c18ac963f98c/aggregates" status: 404 len: 235 microversion: 1.1 [pid: 7|app: 0|req: 479/949] 10.0.0.31 () {32 vars in 823 bytes} [Tue Apr 7 01:15:29 2026] GET /resource_providers/ac66392d-d5f4-43dd-8e90-c18ac963f98c/aggregates => generated 235 bytes in 10 msecs (HTTP/1.1 404) 5 headers in 202 bytes (1 switches on core 0)
2026-04-07 01:15:29.296 7 INFO placement.requestlog [None req-a53fd615-2333-4e76-9326-22ad5530b290 2426283c74ff431aa9164d5fcca4c91d 2e50f0f865df492ba6e9176720962798 - - 94fea3911c3249d7b72d093d27ede76e 94fea3911c3249d7b72d093d27ede76e] 10.0.0.31 "DELETE /resource_providers/ac66392d-d5f4-43dd-8e90-c18ac963f98c" status: 404 len: 246 microversion: 1.1 [pid: 7|app: 0|req: 480/950] 10.0.0.31 () {34 vars in 823 bytes} [Tue Apr 7 01:15:29 2026] DELETE /resource_providers/ac66392d-d5f4-43dd-8e90-c18ac963f98c => generated 246 bytes in 11 msecs (HTTP/1.1 404) 6 headers in 231 bytes (1 switches on core 0)
2026-04-07 01:15:29.297 8 INFO placement.requestlog [None req-ca15c458-506e-4a0d-aa2a-fd8545d9e080 2426283c74ff431aa9164d5fcca4c91d 2e50f0f865df492ba6e9176720962798 - - 94fea3911c3249d7b72d093d27ede76e 94fea3911c3249d7b72d093d27ede76e] 10.0.0.31 "DELETE /resource_providers/ac66392d-d5f4-43dd-8e90-c18ac963f98c" status: 404 len: 246 microversion: 1.1 [pid: 8|app: 0|req: 471/951] 10.0.0.31 () {34 vars in 823 bytes} [Tue Apr 7 01:15:29 2026] DELETE /resource_providers/ac66392d-d5f4-43dd-8e90-c18ac963f98c => generated 246 bytes in 12 msecs (HTTP/1.1 404) 6 headers in 231 bytes (1 switches on core 0)
2026-04-07 01:15:30.127 8 INFO placement.requestlog [None req-f240d06f-a16c-4bec-8d72-781e00da0214 - - - - - -] 10.0.0.184 "GET /" status: 200 len: 136 microversion: 1.0
2026-04-07 01:15:30.129 7 INFO placement.requestlog [None req-aec37100-3395-49c9-85fc-a050ea2c9159 - - - - - -] 10.0.0.184 "GET /" status: 200 len: 136 microversion: 1.0
2026-04-07 01:15:30.274 7 INFO placement.requestlog [None req-634904f7-72e4-4850-94c3-15bd32d916b5 2426283c74ff431aa9164d5fcca4c91d 2e50f0f865df492ba6e9176720962798 - - 94fea3911c3249d7b72d093d27ede76e 94fea3911c3249d7b72d093d27ede76e] 10.0.0.31 "GET /resource_providers/baccb73e-1cce-4617-841c-878eb47aef03/aggregates" status: 404 len: 235 microversion: 1.1 [pid: 7|app: 0|req: 482/954] 10.0.0.31 () {32 vars in 823 bytes} [Tue Apr 7 01:15:30 2026] GET /resource_providers/baccb73e-1cce-4617-841c-878eb47aef03/aggregates => generated 235 bytes in 9 msecs (HTTP/1.1 404) 5 headers in 202 bytes (1 switches on core 0)
2026-04-07 01:15:30.277 8 INFO placement.requestlog [None req-66fe92c4-0361-43b7-a5e0-e3a49188996e 2426283c74ff431aa9164d5fcca4c91d 2e50f0f865df492ba6e9176720962798 - - 94fea3911c3249d7b72d093d27ede76e 94fea3911c3249d7b72d093d27ede76e] 10.0.0.31 "GET /resource_providers/baccb73e-1cce-4617-841c-878eb47aef03/aggregates" status: 404 len: 235 microversion: 1.1 [pid: 8|app: 0|req: 473/955] 10.0.0.31 () {32 vars in 823 bytes} [Tue Apr 7 01:15:30 2026] GET /resource_providers/baccb73e-1cce-4617-841c-878eb47aef03/aggregates => generated 235 bytes in 16 msecs (HTTP/1.1 404) 5 headers in 202 bytes (1 switches on core 0)
2026-04-07 01:15:30.291 7 INFO placement.requestlog [None req-e7969a47-d7dd-4492-9872-2301e8faf1b8 2426283c74ff431aa9164d5fcca4c91d 2e50f0f865df492ba6e9176720962798 - - 94fea3911c3249d7b72d093d27ede76e 94fea3911c3249d7b72d093d27ede76e] 10.0.0.31 "DELETE /resource_providers/baccb73e-1cce-4617-841c-878eb47aef03" status: 404 len: 246 microversion: 1.1 [pid: 7|app: 0|req: 483/956] 10.0.0.31 () {34 vars in 823 bytes} [Tue Apr 7 01:15:30 2026] DELETE /resource_providers/baccb73e-1cce-4617-841c-878eb47aef03 => generated 246 bytes in 11 msecs (HTTP/1.1 404) 6 headers in 231 bytes (1 switches on core 0)
2026-04-07 01:15:30.305 8 INFO placement.requestlog [None req-89545eee-7a6c-482e-a538-a832b9ffbdd8 2426283c74ff431aa9164d5fcca4c91d 2e50f0f865df492ba6e9176720962798 - - 94fea3911c3249d7b72d093d27ede76e 94fea3911c3249d7b72d093d27ede76e] 10.0.0.31 "DELETE /resource_providers/baccb73e-1cce-4617-841c-878eb47aef03" status: 404 len: 246 microversion: 1.1 [pid: 8|app: 0|req: 474/957] 10.0.0.31 () {34 vars in 823 bytes} [Tue Apr 7 01:15:30 2026] DELETE /resource_providers/baccb73e-1cce-4617-841c-878eb47aef03 => generated 246 bytes in 20 msecs (HTTP/1.1 404) 6 headers in 231 bytes (1 switches on core 0)
2026-04-07 01:15:30.307 7 INFO placement.requestlog [None req-3ef23410-7c7e-4152-9fae-ffed9a93de42 2426283c74ff431aa9164d5fcca4c91d 2e50f0f865df492ba6e9176720962798 - - 94fea3911c3249d7b72d093d27ede76e 94fea3911c3249d7b72d093d27ede76e] 10.0.0.31 "GET /resource_providers/422e7231-e712-47c7-8253-bc9dd2827e5c/aggregates" status: 404 len: 235 microversion: 1.1 [pid: 7|app: 0|req: 484/958] 10.0.0.31 () {32 vars in 823 bytes} [Tue Apr 7 01:15:30 2026] GET /resource_providers/422e7231-e712-47c7-8253-bc9dd2827e5c/aggregates => generated 235 bytes in 11 msecs (HTTP/1.1 404) 5 headers in 202 bytes (1 switches on core 0)
2026-04-07 01:15:30.324 8 INFO placement.requestlog [None req-9a8b46c6-d11e-4f11-b433-0a08707979eb 2426283c74ff431aa9164d5fcca4c91d 2e50f0f865df492ba6e9176720962798 - - 94fea3911c3249d7b72d093d27ede76e 94fea3911c3249d7b72d093d27ede76e] 10.0.0.31 "GET /resource_providers/422e7231-e712-47c7-8253-bc9dd2827e5c/aggregates" status: 404 len: 235 microversion: 1.1 [pid: 8|app: 0|req: 475/959] 10.0.0.31 () {32 vars in 823 bytes} [Tue Apr 7 01:15:30 2026] GET /resource_providers/422e7231-e712-47c7-8253-bc9dd2827e5c/aggregates => generated 235 bytes in 12 msecs (HTTP/1.1 404) 5 headers in 202 bytes (1 switches on core 0)
2026-04-07 01:15:30.336 7 INFO placement.requestlog [None req-60d24660-07a3-455c-a2c5-d63673e2e43d 2426283c74ff431aa9164d5fcca4c91d 2e50f0f865df492ba6e9176720962798 - - 94fea3911c3249d7b72d093d27ede76e 94fea3911c3249d7b72d093d27ede76e] 10.0.0.31 "DELETE /resource_providers/422e7231-e712-47c7-8253-bc9dd2827e5c" status: 404 len: 246 microversion: 1.1 [pid: 7|app: 0|req: 485/960] 10.0.0.31 () {34 vars in 823 bytes} [Tue Apr 7 01:15:30 2026] DELETE /resource_providers/422e7231-e712-47c7-8253-bc9dd2827e5c => generated 246 bytes in 19 msecs (HTTP/1.1 404) 6 headers in 231 bytes (1 switches on core 0)
2026-04-07 01:15:30.345 8 INFO placement.requestlog [None req-4cc415ee-6af4-4257-898c-1a41a668aacf 2426283c74ff431aa9164d5fcca4c91d 2e50f0f865df492ba6e9176720962798 - - 94fea3911c3249d7b72d093d27ede76e 94fea3911c3249d7b72d093d27ede76e] 10.0.0.31 "DELETE /resource_providers/422e7231-e712-47c7-8253-bc9dd2827e5c" status: 404 len: 246 microversion: 1.1 [pid: 8|app: 0|req: 476/961] 10.0.0.31 () {34 vars in 823 bytes} [Tue Apr 7 01:15:30 2026] DELETE /resource_providers/422e7231-e712-47c7-8253-bc9dd2827e5c => generated 246 bytes in 12 msecs (HTTP/1.1 404) 6 headers in 231 bytes (1 switches on core 0)
2026-04-07 01:15:30.349 7 INFO placement.requestlog [None req-89c2f9b9-5eb6-49a1-bdfe-c0f7d78450aa 2426283c74ff431aa9164d5fcca4c91d 2e50f0f865df492ba6e9176720962798 - - 94fea3911c3249d7b72d093d27ede76e 94fea3911c3249d7b72d093d27ede76e] 10.0.0.31 "GET /resource_providers/9817642a-6c7b-45bf-a264-f2db5dfa7dad/aggregates" status: 404 len: 235 microversion: 1.1 [pid: 7|app: 0|req: 486/962] 10.0.0.31 () {32 vars in 823 bytes} [Tue Apr 7 01:15:30 2026] GET /resource_providers/9817642a-6c7b-45bf-a264-f2db5dfa7dad/aggregates => generated 235 bytes in 8 msecs (HTTP/1.1 404) 5 headers in 202 bytes (1 switches on core 0)
2026-04-07 01:15:30.365 7 INFO placement.requestlog [None req-d2620da5-5c1f-4d83-852f-87c714e0ba41 2426283c74ff431aa9164d5fcca4c91d 2e50f0f865df492ba6e9176720962798 - - 94fea3911c3249d7b72d093d27ede76e 94fea3911c3249d7b72d093d27ede76e] 10.0.0.31 "DELETE /resource_providers/9817642a-6c7b-45bf-a264-f2db5dfa7dad" status: 404 len: 246 microversion: 1.1 [pid: 7|app: 0|req: 487/963] 10.0.0.31 () {34 vars in 823 bytes} [Tue Apr 7 01:15:30 2026] DELETE /resource_providers/9817642a-6c7b-45bf-a264-f2db5dfa7dad => generated 246 bytes in 8 msecs (HTTP/1.1 404) 6 headers in 231 bytes (1 switches on core 0)
2026-04-07 01:15:30.368 8 INFO placement.requestlog [None req-b0b6a4ab-8c69-421e-82ce-d2e850cb66b1 2426283c74ff431aa9164d5fcca4c91d 2e50f0f865df492ba6e9176720962798 - - 94fea3911c3249d7b72d093d27ede76e 94fea3911c3249d7b72d093d27ede76e] 10.0.0.31 "GET /resource_providers/9817642a-6c7b-45bf-a264-f2db5dfa7dad/aggregates" status: 404 len: 235 microversion: 1.1 [pid: 8|app: 0|req: 477/964] 10.0.0.31 () {32 vars in 823 bytes} [Tue Apr 7 01:15:30 2026] GET /resource_providers/9817642a-6c7b-45bf-a264-f2db5dfa7dad/aggregates => generated 235 bytes in 11 msecs (HTTP/1.1 404) 5 headers in 202 bytes (1 switches on core 0)
2026-04-07 01:15:30.383 7 INFO placement.requestlog [None req-e9c50ff4-1665-487e-9478-5889bd6d71a2 2426283c74ff431aa9164d5fcca4c91d 2e50f0f865df492ba6e9176720962798 - - 94fea3911c3249d7b72d093d27ede76e 94fea3911c3249d7b72d093d27ede76e] 10.0.0.31 "DELETE /resource_providers/9817642a-6c7b-45bf-a264-f2db5dfa7dad" status: 404 len: 246 microversion: 1.1 [pid: 7|app: 0|req: 488/965] 10.0.0.31 () {34 vars in 823 bytes} [Tue Apr 7 01:15:30 2026] DELETE /resource_providers/9817642a-6c7b-45bf-a264-f2db5dfa7dad => generated 246 bytes in 10 msecs (HTTP/1.1 404) 6 headers in 231 bytes (1 switches on core 0)
2026-04-07 01:15:32.694 8 INFO placement.requestlog [None req-08368416-c4e8-47e8-9ed1-30664085d7ad 2426283c74ff431aa9164d5fcca4c91d 2e50f0f865df492ba6e9176720962798 - - 94fea3911c3249d7b72d093d27ede76e 94fea3911c3249d7b72d093d27ede76e] 10.0.0.31 "GET /resource_providers/f7d0ae04-94c5-44c9-aceb-42724aaebdd5/aggregates" status: 404 len: 235 microversion: 1.1 [pid: 8|app: 0|req: 478/966] 10.0.0.31 () {32 vars in 823 bytes} [Tue Apr 7 01:15:32 2026] GET /resource_providers/f7d0ae04-94c5-44c9-aceb-42724aaebdd5/aggregates => generated 235 bytes in 12 msecs (HTTP/1.1 404) 5 headers in 202 bytes (1 switches on core 0)
2026-04-07 01:15:32.696 7 INFO placement.requestlog [None req-6feee894-f9e1-4229-9e11-c409f16f2f46 2426283c74ff431aa9164d5fcca4c91d 2e50f0f865df492ba6e9176720962798 - - 94fea3911c3249d7b72d093d27ede76e 94fea3911c3249d7b72d093d27ede76e] 10.0.0.31 "GET /resource_providers/f7d0ae04-94c5-44c9-aceb-42724aaebdd5/aggregates" status: 404 len: 235 microversion: 1.1 [pid: 7|app: 0|req: 489/967] 10.0.0.31 () {32 vars in 823 bytes} [Tue Apr 7 01:15:32 2026] GET /resource_providers/f7d0ae04-94c5-44c9-aceb-42724aaebdd5/aggregates => generated 235 bytes in 13 msecs (HTTP/1.1 404) 5 headers in 202 bytes (1 switches on core 0)
2026-04-07 01:15:32.724 8 INFO placement.requestlog [None req-219c3ded-8fca-48cf-9455-f51d87e705a3 2426283c74ff431aa9164d5fcca4c91d 2e50f0f865df492ba6e9176720962798 - - 94fea3911c3249d7b72d093d27ede76e 94fea3911c3249d7b72d093d27ede76e] 10.0.0.31 "DELETE /resource_providers/f7d0ae04-94c5-44c9-aceb-42724aaebdd5" status: 404 len: 246 microversion: 1.1 [pid: 8|app: 0|req: 479/968] 10.0.0.31 () {34 vars in 823 bytes} [Tue Apr 7 01:15:32 2026] DELETE /resource_providers/f7d0ae04-94c5-44c9-aceb-42724aaebdd5 => generated 246 bytes in 11 msecs (HTTP/1.1 404) 6 headers in 231 bytes (1 switches on core 0)
2026-04-07 01:15:32.726 7 INFO placement.requestlog [None req-8da243ec-f236-4ac1-b7c2-67ccb81bdc62 2426283c74ff431aa9164d5fcca4c91d 2e50f0f865df492ba6e9176720962798 - - 94fea3911c3249d7b72d093d27ede76e 94fea3911c3249d7b72d093d27ede76e] 10.0.0.31 "DELETE /resource_providers/f7d0ae04-94c5-44c9-aceb-42724aaebdd5" status: 404 len: 246 microversion: 1.1 [pid: 7|app: 0|req: 490/969] 10.0.0.31 () {34 vars in 823 bytes} [Tue Apr 7 01:15:32 2026] DELETE /resource_providers/f7d0ae04-94c5-44c9-aceb-42724aaebdd5 => generated 246 bytes in 13 msecs (HTTP/1.1 404) 6 headers in 231 bytes (1 switches on core 0)
2026-04-07 01:15:36.620 8 INFO placement.requestlog [req-779a404e-14f1-4457-be75-78bb57027d0c req-62a0bb45-ab06-4db0-b659-2fb6e0b1b6d1 734d2b41bbe941de9172294b1b07355a 2e50f0f865df492ba6e9176720962798 - - 94fea3911c3249d7b72d093d27ede76e 94fea3911c3249d7b72d093d27ede76e] 199.204.45.122 "GET /resource_providers/e1dce2e0-fcd8-4d08-b342-fb9a3b23ab99/allocations" status: 200 len: 55 microversion: 1.0 [pid: 8|app: 0|req: 480/970] 199.204.45.122 () {32 vars in 856 bytes} [Tue Apr 7 01:15:36 2026] GET /resource_providers/e1dce2e0-fcd8-4d08-b342-fb9a3b23ab99/allocations => generated 55 bytes in 15 msecs (HTTP/1.1 200) 6 headers in 223 bytes (1 switches on core 0)
2026-04-07 01:15:36.644 7 INFO placement.requestlog [req-779a404e-14f1-4457-be75-78bb57027d0c req-ee11ca42-7ce3-4d58-a0bf-95d19b1afa21 734d2b41bbe941de9172294b1b07355a 2e50f0f865df492ba6e9176720962798 - - 94fea3911c3249d7b72d093d27ede76e 94fea3911c3249d7b72d093d27ede76e] 199.204.45.122 "GET /resource_providers/e1dce2e0-fcd8-4d08-b342-fb9a3b23ab99/allocations" status: 200 len: 55 microversion: 1.0 [pid: 7|app: 0|req: 491/971] 199.204.45.122 () {32 vars in 856 bytes} [Tue Apr 7 01:15:36 2026] GET /resource_providers/e1dce2e0-fcd8-4d08-b342-fb9a3b23ab99/allocations => generated 55 bytes in 17 msecs (HTTP/1.1 200) 6 headers in 223 bytes (1 switches on core 0)
2026-04-07 01:15:39.133 8 INFO placement.requestlog [None req-985da0d2-9cb2-474a-b70f-32fae7412178 2426283c74ff431aa9164d5fcca4c91d 2e50f0f865df492ba6e9176720962798 - - 94fea3911c3249d7b72d093d27ede76e 94fea3911c3249d7b72d093d27ede76e] 10.0.0.31 "GET /resource_providers/ccd89ab4-88d7-48aa-8915-82f919766bd8/aggregates" status: 404 len: 235 microversion: 1.1 [pid: 8|app: 0|req: 481/972] 10.0.0.31 () {32 vars in 823 bytes} [Tue Apr 7 01:15:39 2026] GET /resource_providers/ccd89ab4-88d7-48aa-8915-82f919766bd8/aggregates => generated 235 bytes in 10 msecs (HTTP/1.1 404) 5 headers in 202 bytes (1 switches on core 0)
2026-04-07 01:15:39.139 7 INFO placement.requestlog [None req-a92c66f3-111b-4a19-aefb-b73eb66ece5b 2426283c74ff431aa9164d5fcca4c91d 2e50f0f865df492ba6e9176720962798 - - 94fea3911c3249d7b72d093d27ede76e 94fea3911c3249d7b72d093d27ede76e] 10.0.0.31 "GET /resource_providers/ccd89ab4-88d7-48aa-8915-82f919766bd8/aggregates" status: 404 len: 235 microversion: 1.1 [pid: 7|app: 0|req: 492/973] 10.0.0.31 () {32 vars in 823 bytes} [Tue Apr 7 01:15:39 2026] GET /resource_providers/ccd89ab4-88d7-48aa-8915-82f919766bd8/aggregates => generated 235 bytes in 11 msecs (HTTP/1.1 404) 5 headers in 202 bytes (1 switches on core 0)
2026-04-07 01:15:39.165 7 INFO placement.requestlog [None req-4029328f-52bb-4133-93ae-a4be3d886cd7 2426283c74ff431aa9164d5fcca4c91d 2e50f0f865df492ba6e9176720962798 - - 94fea3911c3249d7b72d093d27ede76e 94fea3911c3249d7b72d093d27ede76e] 10.0.0.31 "DELETE /resource_providers/ccd89ab4-88d7-48aa-8915-82f919766bd8" status: 404 len: 246 microversion: 1.1 [pid: 7|app: 0|req: 493/974] 10.0.0.31 () {34 vars in 823 bytes} [Tue Apr 7 01:15:39 2026] DELETE /resource_providers/ccd89ab4-88d7-48aa-8915-82f919766bd8 => generated 246 bytes in 12 msecs (HTTP/1.1 404) 6 headers in 231 bytes (1 switches on core 0)
2026-04-07 01:15:39.215 8 INFO placement.requestlog [None req-0521ed5b-1790-485b-9af0-701c4b9f206c 2426283c74ff431aa9164d5fcca4c91d 2e50f0f865df492ba6e9176720962798 - - 94fea3911c3249d7b72d093d27ede76e 94fea3911c3249d7b72d093d27ede76e] 10.0.0.31 "DELETE /resource_providers/ccd89ab4-88d7-48aa-8915-82f919766bd8" status: 404 len: 246 microversion: 1.1 [pid: 8|app: 0|req: 482/975] 10.0.0.31 () {34 vars in 823 bytes} [Tue Apr 7 01:15:39 2026] DELETE /resource_providers/ccd89ab4-88d7-48aa-8915-82f919766bd8 => generated 246 bytes in 64 msecs (HTTP/1.1 404) 6 headers in 231 bytes (1 switches on core 0)
2026-04-07 01:15:40.128 8 INFO placement.requestlog [None req-6e59021f-695d-4923-9bb5-9366087068e2 - - - - - -] 10.0.0.184 "GET /" status: 200 len: 136 microversion: 1.0
2026-04-07 01:15:40.129 7 INFO placement.requestlog [None req-8ef2dd0f-3002-4b00-bb52-c40245f14262 - - - - - -] 10.0.0.184 "GET /" status: 200 len: 136 microversion: 1.0
2026-04-07 01:15:46.451 8 INFO placement.requestlog [None req-69d99ceb-c3c7-47e7-88fb-7e541be0e7fd 2426283c74ff431aa9164d5fcca4c91d 2e50f0f865df492ba6e9176720962798 - - 94fea3911c3249d7b72d093d27ede76e 94fea3911c3249d7b72d093d27ede76e] 10.0.0.31 "GET /resource_providers/c0de33e0-c0f4-4dea-b52c-37d1fe493911/aggregates" status: 404 len: 235 microversion: 1.1 [pid: 8|app: 0|req: 484/978] 10.0.0.31 () {32 vars in 823 bytes} [Tue Apr 7 01:15:46 2026] GET /resource_providers/c0de33e0-c0f4-4dea-b52c-37d1fe493911/aggregates => generated 235 bytes in 12 msecs (HTTP/1.1 404) 5 headers in 202 bytes (1 switches on core 0)
2026-04-07 01:15:46.460 7 INFO placement.requestlog [None req-96868e51-5e39-41f4-a7c3-77a9949f469e 2426283c74ff431aa9164d5fcca4c91d 2e50f0f865df492ba6e9176720962798 - - 94fea3911c3249d7b72d093d27ede76e 94fea3911c3249d7b72d093d27ede76e] 10.0.0.31 "GET /resource_providers/c0de33e0-c0f4-4dea-b52c-37d1fe493911/aggregates" status: 404 len: 235 microversion: 1.1 [pid: 7|app: 0|req: 495/979] 10.0.0.31 () {32 vars in 823 bytes} [Tue Apr 7 01:15:46 2026] GET /resource_providers/c0de33e0-c0f4-4dea-b52c-37d1fe493911/aggregates => generated 235 bytes in 19 msecs (HTTP/1.1 404) 5 headers in 202 bytes (1 switches on core 0)
2026-04-07 01:15:46.473 8 INFO placement.requestlog [None req-e6179e87-9534-4fba-ba89-6e2e928ec6a7 2426283c74ff431aa9164d5fcca4c91d 2e50f0f865df492ba6e9176720962798 - - 94fea3911c3249d7b72d093d27ede76e 94fea3911c3249d7b72d093d27ede76e] 10.0.0.31 "DELETE /resource_providers/c0de33e0-c0f4-4dea-b52c-37d1fe493911" status: 404 len: 246 microversion: 1.1 [pid: 8|app: 0|req: 485/980] 10.0.0.31 () {34 vars in 823 bytes} [Tue Apr 7 01:15:46 2026] DELETE /resource_providers/c0de33e0-c0f4-4dea-b52c-37d1fe493911 => generated 246 bytes in 14 msecs (HTTP/1.1 404) 6 headers in 231 bytes (1 switches on core 0)
2026-04-07 01:15:46.482 7 INFO placement.requestlog [None req-66ed30b6-bc30-4221-ac2b-62c51dca78b9 2426283c74ff431aa9164d5fcca4c91d 2e50f0f865df492ba6e9176720962798 - - 94fea3911c3249d7b72d093d27ede76e 94fea3911c3249d7b72d093d27ede76e] 10.0.0.31 "DELETE /resource_providers/c0de33e0-c0f4-4dea-b52c-37d1fe493911" status: 404 len: 246 microversion: 1.1 [pid: 7|app: 0|req: 496/981] 10.0.0.31 () {34 vars in 823 bytes} [Tue Apr 7 01:15:46 2026] DELETE /resource_providers/c0de33e0-c0f4-4dea-b52c-37d1fe493911 => generated 246 bytes in 10 msecs (HTTP/1.1 404) 6 headers in 231 bytes (1 switches on core 0)
2026-04-07 01:15:48.843 7 INFO placement.requestlog [None req-141b5013-7228-4502-84dd-9107deb17482 2426283c74ff431aa9164d5fcca4c91d 2e50f0f865df492ba6e9176720962798 - - 94fea3911c3249d7b72d093d27ede76e 94fea3911c3249d7b72d093d27ede76e] 10.0.0.31 "GET /resource_providers/5f3873b8-b7fb-4c1f-856d-f701c97c2e3e/aggregates" status: 404 len: 235 microversion: 1.1 [pid: 7|app: 0|req: 497/982] 10.0.0.31 () {32 vars in 823 bytes} [Tue Apr 7 01:15:48 2026] GET /resource_providers/5f3873b8-b7fb-4c1f-856d-f701c97c2e3e/aggregates => generated 235 bytes in 13 msecs (HTTP/1.1 404) 5 headers in 202 bytes (1 switches on core 0)
2026-04-07 01:15:48.845 8 INFO placement.requestlog [None req-d76620cf-e8a5-4164-aa00-e45f51d3c94d 2426283c74ff431aa9164d5fcca4c91d 2e50f0f865df492ba6e9176720962798 - - 94fea3911c3249d7b72d093d27ede76e 94fea3911c3249d7b72d093d27ede76e] 10.0.0.31 "GET /resource_providers/5f3873b8-b7fb-4c1f-856d-f701c97c2e3e/aggregates" status: 404 len: 235 microversion: 1.1 [pid: 8|app: 0|req: 486/983] 10.0.0.31 () {32 vars in 823 bytes} [Tue Apr 7 01:15:48 2026] GET /resource_providers/5f3873b8-b7fb-4c1f-856d-f701c97c2e3e/aggregates => generated 235 bytes in 15 msecs (HTTP/1.1 404) 5 headers in 202 bytes (1 switches on core 0)
2026-04-07 01:15:48.868 7 INFO placement.requestlog [None req-23237680-6334-471e-9ce7-b63ed4a3b1cd 2426283c74ff431aa9164d5fcca4c91d 2e50f0f865df492ba6e9176720962798 - - 94fea3911c3249d7b72d093d27ede76e 94fea3911c3249d7b72d093d27ede76e] 10.0.0.31 "DELETE /resource_providers/5f3873b8-b7fb-4c1f-856d-f701c97c2e3e" status: 404 len: 246 microversion: 1.1 [pid: 7|app: 0|req: 498/984] 10.0.0.31 () {34 vars in 823 bytes} [Tue Apr 7 01:15:48 2026] DELETE /resource_providers/5f3873b8-b7fb-4c1f-856d-f701c97c2e3e => generated 246 bytes in 14 msecs (HTTP/1.1 404) 6 headers in 231 bytes (1 switches on core 0)
2026-04-07 01:15:48.870 8 INFO placement.requestlog [None req-272edd0a-5b9f-4a96-a6c5-2cce2ea05450 2426283c74ff431aa9164d5fcca4c91d 2e50f0f865df492ba6e9176720962798 - - 94fea3911c3249d7b72d093d27ede76e 94fea3911c3249d7b72d093d27ede76e] 10.0.0.31 "DELETE /resource_providers/5f3873b8-b7fb-4c1f-856d-f701c97c2e3e" status: 404 len: 246 microversion: 1.1 [pid: 8|app: 0|req: 487/985] 10.0.0.31 () {34 vars in 823 bytes} [Tue Apr 7 01:15:48 2026] DELETE /resource_providers/5f3873b8-b7fb-4c1f-856d-f701c97c2e3e => generated 246 bytes in 16 msecs (HTTP/1.1 404) 6 headers in 231 bytes (1 switches on core 0)
2026-04-07 01:15:50.128 7 INFO placement.requestlog [None req-898d4e8f-66eb-45f5-ad67-957c4a58f062 - - - - - -] 10.0.0.184 "GET /" status: 200 len: 136 microversion: 1.0
2026-04-07 01:15:50.128 8 INFO placement.requestlog [None req-ba127424-725d-4c83-8dc1-dcd907718936 - - - - - -] 10.0.0.184 "GET /" status: 200 len: 136 microversion: 1.0
2026-04-07 01:16:00.128 7 INFO placement.requestlog [None req-6b2c294c-c95c-45a6-98b5-e1be2db3cd70 - - - - - -] 10.0.0.184 "GET /" status: 200 len: 136 microversion: 1.0
2026-04-07 01:16:00.128 8 INFO placement.requestlog [None req-712d44e2-0dd2-4a4c-aa81-3af2ddc646fd - - - - - -] 10.0.0.184 "GET /" status: 200 len: 136 microversion: 1.0
2026-04-07 01:16:05.204 7 INFO placement.requestlog [None req-d0e95857-fe6e-46a6-9e6c-220ec9a5b82b 2426283c74ff431aa9164d5fcca4c91d 2e50f0f865df492ba6e9176720962798 - - 94fea3911c3249d7b72d093d27ede76e 94fea3911c3249d7b72d093d27ede76e] 10.0.0.31 "GET /resource_providers/7df76ed1-b457-4145-8717-e3480c7004e5/aggregates" status: 404 len: 235 microversion: 1.1 [pid: 7|app: 0|req: 501/990] 10.0.0.31 () {32 vars in 823 bytes} [Tue Apr 7 01:16:05 2026] GET /resource_providers/7df76ed1-b457-4145-8717-e3480c7004e5/aggregates => generated 235 bytes in 13 msecs (HTTP/1.1 404) 5 headers in 202 bytes (1 switches on core 0)
2026-04-07 01:16:05.207 8 INFO placement.requestlog [None req-8c381254-521a-4d91-8d28-6ab4af6bdae1 2426283c74ff431aa9164d5fcca4c91d 2e50f0f865df492ba6e9176720962798 - - 94fea3911c3249d7b72d093d27ede76e 94fea3911c3249d7b72d093d27ede76e] 10.0.0.31 "GET /resource_providers/7df76ed1-b457-4145-8717-e3480c7004e5/aggregates" status: 404 len: 235 microversion: 1.1 [pid: 8|app: 0|req: 490/991] 10.0.0.31 () {32 vars in 823 bytes} [Tue Apr 7 01:16:05 2026] GET /resource_providers/7df76ed1-b457-4145-8717-e3480c7004e5/aggregates => generated 235 bytes in 12 msecs (HTTP/1.1 404) 5 headers in 202 bytes (1 switches on core 0)
2026-04-07 01:16:05.225 8 INFO placement.requestlog [None req-d55216ae-602c-448e-8862-2c05c32053a4 2426283c74ff431aa9164d5fcca4c91d 2e50f0f865df492ba6e9176720962798 - - 94fea3911c3249d7b72d093d27ede76e 94fea3911c3249d7b72d093d27ede76e] 10.0.0.31 "DELETE /resource_providers/7df76ed1-b457-4145-8717-e3480c7004e5" status: 404 len: 246 microversion: 1.1 [pid: 8|app: 0|req: 491/992] 10.0.0.31 () {34 vars in 823 bytes} [Tue Apr 7 01:16:05 2026] DELETE /resource_providers/7df76ed1-b457-4145-8717-e3480c7004e5 => generated 246 bytes in 11 msecs (HTTP/1.1 404) 6 headers in 231 bytes (1 switches on core 0)
2026-04-07 01:16:05.226 7 INFO placement.requestlog [None req-d3d73f04-e101-4ccf-9f4c-604d5dd93839 2426283c74ff431aa9164d5fcca4c91d 2e50f0f865df492ba6e9176720962798 - - 94fea3911c3249d7b72d093d27ede76e 94fea3911c3249d7b72d093d27ede76e] 10.0.0.31 "DELETE /resource_providers/7df76ed1-b457-4145-8717-e3480c7004e5" status: 404 len: 246 microversion: 1.1 [pid: 7|app: 0|req: 502/993] 10.0.0.31 () {34 vars in 823 bytes} [Tue Apr 7 01:16:05 2026] DELETE /resource_providers/7df76ed1-b457-4145-8717-e3480c7004e5 => generated 246 bytes in 13 msecs (HTTP/1.1 404) 6 headers in 231 bytes (1 switches on core 0)
2026-04-07 01:16:06.217 8 INFO placement.requestlog [req-5a8d0668-655f-4731-9a9a-c05227418232 req-dd628bc6-66b6-47d4-9312-7d37b76a8f08 734d2b41bbe941de9172294b1b07355a 2e50f0f865df492ba6e9176720962798 - - 94fea3911c3249d7b72d093d27ede76e 94fea3911c3249d7b72d093d27ede76e] 10.0.0.13 "GET /allocation_candidates?limit=1000&resources=DISK_GB%3A1%2CMEMORY_MB%3A512%2CVCPU%3A1&root_required=%21COMPUTE_STATUS_DISABLED" status: 200 len: 2217 microversion: 1.36 [pid: 8|app: 0|req: 492/994] 10.0.0.13 () {34 vars in 1010 bytes} [Tue Apr 7 01:16:06 2026] GET /allocation_candidates?limit=1000&resources=DISK_GB%3A1%2CMEMORY_MB%3A512%2CVCPU%3A1&root_required=%21COMPUTE_STATUS_DISABLED => generated 2217 bytes in 54 msecs (HTTP/1.1 200) 8 headers in 297 bytes (1 switches on core 0)
2026-04-07 01:16:06.248 7 INFO placement.requestlog [req-5a8d0668-655f-4731-9a9a-c05227418232 req-9511feb8-d155-4360-9799-447b10856e55 734d2b41bbe941de9172294b1b07355a 2e50f0f865df492ba6e9176720962798 - - 94fea3911c3249d7b72d093d27ede76e 94fea3911c3249d7b72d093d27ede76e] 10.0.0.13 "GET /allocations/b8b7d0b5-c1af-4688-bfc4-aa188619ca89" status: 200 len: 19 microversion: 1.28 [pid: 7|app: 0|req: 503/995] 10.0.0.13 () {34 vars in 859 bytes} [Tue Apr 7 01:16:06 2026] GET /allocations/b8b7d0b5-c1af-4688-bfc4-aa188619ca89 => generated 19 bytes in 12 msecs (HTTP/1.1 200) 8 headers in 295 bytes (1 switches on core 0)
2026-04-07 01:16:06.325 8 INFO placement.requestlog [req-5a8d0668-655f-4731-9a9a-c05227418232 req-e70a9ecc-3c7b-481d-88cd-9725b5ae4a25 734d2b41bbe941de9172294b1b07355a 2e50f0f865df492ba6e9176720962798 - - 94fea3911c3249d7b72d093d27ede76e 94fea3911c3249d7b72d093d27ede76e] 10.0.0.13 "PUT /allocations/b8b7d0b5-c1af-4688-bfc4-aa188619ca89" status: 204 len: 0 microversion: 1.36 [pid: 8|app: 0|req: 493/996] 10.0.0.13 () {38 vars in 912 bytes} [Tue Apr 7 01:16:06 2026] PUT /allocations/b8b7d0b5-c1af-4688-bfc4-aa188619ca89 => generated 0 bytes in 69 msecs (HTTP/1.1 204) 5 headers in 199 bytes (1 switches on core 0)
2026-04-07 01:16:06.586 7 INFO placement.requestlog [req-5a8d0668-655f-4731-9a9a-c05227418232 req-106caed0-0c1b-4630-9b4d-2a62d59ca827 734d2b41bbe941de9172294b1b07355a 2e50f0f865df492ba6e9176720962798 - - 94fea3911c3249d7b72d093d27ede76e 94fea3911c3249d7b72d093d27ede76e] 199.204.45.122 "GET /allocations/b8b7d0b5-c1af-4688-bfc4-aa188619ca89" status: 200 len: 258 microversion: 1.28 [pid: 7|app: 0|req: 504/997] 199.204.45.122 () {34 vars in 862 bytes} [Tue Apr 7 01:16:06 2026] GET /allocations/b8b7d0b5-c1af-4688-bfc4-aa188619ca89 => generated 258 bytes in 12 msecs (HTTP/1.1 200) 8 headers in 296 bytes (1 switches on core 0)
2026-04-07 01:16:06.702 8 INFO placement.requestlog [req-5a8d0668-655f-4731-9a9a-c05227418232 req-53a35bb8-6b92-41ac-926b-f657adaa8c5c 734d2b41bbe941de9172294b1b07355a 2e50f0f865df492ba6e9176720962798 - - 94fea3911c3249d7b72d093d27ede76e 94fea3911c3249d7b72d093d27ede76e] 199.204.45.122 "GET /resource_providers/e1dce2e0-fcd8-4d08-b342-fb9a3b23ab99/allocations" status: 200 len: 153 microversion: 1.0 [pid: 8|app: 0|req: 494/998] 199.204.45.122 () {32 vars in 856 bytes} [Tue Apr 7 01:16:06 2026] GET /resource_providers/e1dce2e0-fcd8-4d08-b342-fb9a3b23ab99/allocations => generated 153 bytes in 22 msecs (HTTP/1.1 200) 6 headers in 224 bytes (1 switches on core 0)
2026-04-07 01:16:06.725 7 INFO placement.requestlog [req-5a8d0668-655f-4731-9a9a-c05227418232 req-78f330a0-9b53-4609-bbee-5f61f4a392ac 734d2b41bbe941de9172294b1b07355a 2e50f0f865df492ba6e9176720962798 - - 94fea3911c3249d7b72d093d27ede76e 94fea3911c3249d7b72d093d27ede76e] 199.204.45.122 "GET /allocations/b8b7d0b5-c1af-4688-bfc4-aa188619ca89" status: 200 len: 258 microversion: 1.28 [pid: 7|app: 0|req: 505/999] 199.204.45.122 () {34 vars in 862 bytes} [Tue Apr 7 01:16:06 2026] GET /allocations/b8b7d0b5-c1af-4688-bfc4-aa188619ca89 => generated 258 bytes in 16 msecs (HTTP/1.1 200) 8 headers in 296 bytes (1 switches on core 0)
2026-04-07 01:16:10.128 8 INFO placement.requestlog [None req-7ac1ab9b-365a-4473-b02a-2be546d42b41 - - - - - -] 10.0.0.184 "GET /" status: 200 len: 136 microversion: 1.0
2026-04-07 01:16:10.128 7 INFO placement.requestlog [None req-7bb17d31-90e6-4496-9dd0-cb0237b15818 - - - - - -] 10.0.0.184 "GET /" status: 200 len: 136 microversion: 1.0
2026-04-07 01:16:19.311 8 INFO placement.requestlog [req-4e8cd6c7-e5a9-48bd-a96a-b7576a1be4b5 req-e780766f-34a4-4afb-b204-762e8cd0bd7b 734d2b41bbe941de9172294b1b07355a 2e50f0f865df492ba6e9176720962798 - - 94fea3911c3249d7b72d093d27ede76e 94fea3911c3249d7b72d093d27ede76e] 10.0.0.13 "GET /allocation_candidates?limit=1000&resources=DISK_GB%3A1%2CMEMORY_MB%3A512%2CVCPU%3A1&root_required=%21COMPUTE_STATUS_DISABLED" status: 200 len: 2219 microversion: 1.36 [pid: 8|app: 0|req: 496/1002] 10.0.0.13 () {34 vars in 1010 bytes} [Tue Apr 7 01:16:19 2026] GET /allocation_candidates?limit=1000&resources=DISK_GB%3A1%2CMEMORY_MB%3A512%2CVCPU%3A1&root_required=%21COMPUTE_STATUS_DISABLED => generated 2219 bytes in 60 msecs (HTTP/1.1 200) 8 headers in 297 bytes (1 switches on core 0)
2026-04-07 01:16:19.349 7 INFO placement.requestlog [req-4e8cd6c7-e5a9-48bd-a96a-b7576a1be4b5 req-8a273107-eca6-45b7-ad1a-cf4cae6f5f0b 734d2b41bbe941de9172294b1b07355a 2e50f0f865df492ba6e9176720962798 - - 94fea3911c3249d7b72d093d27ede76e 94fea3911c3249d7b72d093d27ede76e] 10.0.0.13 "GET /allocations/98add5fb-9325-49a9-8d24-8209d7288440" status: 200 len: 19 microversion: 1.28 [pid: 7|app: 0|req: 507/1003] 10.0.0.13 () {34 vars in 859 bytes} [Tue Apr 7 01:16:19 2026] GET /allocations/98add5fb-9325-49a9-8d24-8209d7288440 => generated 19 bytes in 12 msecs (HTTP/1.1 200) 8 headers in 295 bytes (1 switches on core 0)
2026-04-07 01:16:19.401 8 INFO placement.requestlog [req-4e8cd6c7-e5a9-48bd-a96a-b7576a1be4b5 req-18cf2718-fd63-4a5e-919e-6142bd8fe3a8 734d2b41bbe941de9172294b1b07355a 2e50f0f865df492ba6e9176720962798 - - 94fea3911c3249d7b72d093d27ede76e 94fea3911c3249d7b72d093d27ede76e] 10.0.0.13 "PUT /allocations/98add5fb-9325-49a9-8d24-8209d7288440" status: 204 len: 0 microversion: 1.36 [pid: 8|app: 0|req: 497/1004] 10.0.0.13 () {38 vars in 912 bytes} [Tue Apr 7 01:16:19 2026] PUT /allocations/98add5fb-9325-49a9-8d24-8209d7288440 => generated 0 bytes in 44 msecs (HTTP/1.1 204) 5 headers in 199 bytes (1 switches on core 0)
2026-04-07 01:16:19.668 7 INFO placement.requestlog [req-4e8cd6c7-e5a9-48bd-a96a-b7576a1be4b5 req-7d1ee15c-2d47-4f39-9d2a-b0d7243f39b9 734d2b41bbe941de9172294b1b07355a 2e50f0f865df492ba6e9176720962798 - - 94fea3911c3249d7b72d093d27ede76e 94fea3911c3249d7b72d093d27ede76e] 199.204.45.122 "GET /allocations/98add5fb-9325-49a9-8d24-8209d7288440" status: 200 len: 258 microversion: 1.28 [pid: 7|app: 0|req: 508/1005] 199.204.45.122 () {34 vars in 862 bytes} [Tue Apr 7 01:16:19 2026] GET /allocations/98add5fb-9325-49a9-8d24-8209d7288440 => generated 258 bytes in 19 msecs (HTTP/1.1 200) 8 headers in 296 bytes (1 switches on core 0)
