Apr 28 20:20:09.269077 np0000171161 systemd[1]: Starting devstack@n-api-meta.service - Devstack devstack@n-api-meta.service...
Apr 28 20:20:09.275787 np0000171161 devstack@n-api-meta.service[109769]: [uWSGI] getting INI configuration from /etc/nova/nova-metadata-uwsgi.ini
Apr 28 20:20:09.276565 np0000171161 devstack@n-api-meta.service[109769]: open("./http_plugin.so"): No such file or directory [core/utils.c line 3709]
Apr 28 20:20:09.276565 np0000171161 devstack@n-api-meta.service[109769]: !!! UNABLE to load uWSGI plugin: ./http_plugin.so: cannot open shared object file: No such file or directory !!!
Apr 28 20:20:09.276565 np0000171161 devstack@n-api-meta.service[109769]: open("./python3_plugin.so"): No such file or directory [core/utils.c line 3709]
Apr 28 20:20:09.276565 np0000171161 devstack@n-api-meta.service[109769]: !!! UNABLE to load uWSGI plugin: ./python3_plugin.so: cannot open shared object file: No such file or directory !!!
Apr 28 20:20:09.276565 np0000171161 devstack@n-api-meta.service[109769]: *** Starting uWSGI 2.0.31 (64bit) on [Tue Apr 28 20:20:09 2026] ***
Apr 28 20:20:09.276565 np0000171161 devstack@n-api-meta.service[109769]: compiled with version: 13.3.0 on 28 April 2026 20:07:39
Apr 28 20:20:09.276565 np0000171161 devstack@n-api-meta.service[109769]: os: Linux-6.8.0-110-generic #110-Ubuntu SMP PREEMPT_DYNAMIC Thu Mar 19 15:09:20 UTC 2026
Apr 28 20:20:09.276565 np0000171161 devstack@n-api-meta.service[109769]: nodename: np0000171161
Apr 28 20:20:09.276565 np0000171161 devstack@n-api-meta.service[109769]: machine: x86_64
Apr 28 20:20:09.276565 np0000171161 devstack@n-api-meta.service[109769]: clock source: unix
Apr 28 20:20:09.276565 np0000171161 devstack@n-api-meta.service[109769]: pcre jit disabled
Apr 28 20:20:09.276565 np0000171161 devstack@n-api-meta.service[109769]: detected number of CPU cores: 16
Apr 28 20:20:09.276565 np0000171161 devstack@n-api-meta.service[109769]: current working directory: /
Apr 28 20:20:09.276565 np0000171161 devstack@n-api-meta.service[109769]: detected binary path: /opt/stack/data/venv/bin/uwsgi
Apr 28 20:20:09.276565 np0000171161 devstack@n-api-meta.service[109769]: your processes number limit is 256917
Apr 28 20:20:09.276565 np0000171161 devstack@n-api-meta.service[109769]: your memory page size is 4096 bytes
Apr 28 20:20:09.276565 np0000171161 devstack@n-api-meta.service[109769]: detected max file descriptor number: 2048
Apr 28 20:20:09.276565 np0000171161 devstack@n-api-meta.service[109769]: lock engine: pthread robust mutexes
Apr 28 20:20:09.276565 np0000171161 devstack@n-api-meta.service[109769]: thunder lock: enabled
Apr 28 20:20:09.276565 np0000171161 devstack@n-api-meta.service[109769]: uWSGI http bound on 0.0.0.0:8775 fd 5
Apr 28 20:20:09.276565 np0000171161 devstack@n-api-meta.service[109769]: uwsgi socket 0 bound to TCP address 127.0.0.1:46523 (port auto-assigned) fd 4
Apr 28 20:20:09.276565 np0000171161 devstack@n-api-meta.service[109769]: Python version: 3.12.3 (main, Mar 23 2026, 19:04:32) [GCC 13.3.0]
Apr 28 20:20:09.276565 np0000171161 devstack@n-api-meta.service[109769]: PEP 405 virtualenv detected: /opt/stack/data/venv
Apr 28 20:20:09.276565 np0000171161 devstack@n-api-meta.service[109769]: Set PythonHome to /opt/stack/data/venv
Apr 28 20:20:09.311263 np0000171161 devstack@n-api-meta.service[109769]: Python main interpreter initialized at 0x7c37068a3668
Apr 28 20:20:09.311263 np0000171161 devstack@n-api-meta.service[109769]: python threads support enabled
Apr 28 20:20:09.311263 np0000171161 devstack@n-api-meta.service[109769]: your server socket listen backlog is limited to 100 connections
Apr 28 20:20:09.311263 np0000171161 devstack@n-api-meta.service[109769]: your mercy for graceful operations on workers is 80 seconds
Apr 28 20:20:09.311791 np0000171161 devstack@n-api-meta.service[109769]: mapped 671795 bytes (656 KB) for 4 cores
Apr 28 20:20:09.312865 np0000171161 devstack@n-api-meta.service[109769]: *** Operational MODE: preforking ***
Apr 28 20:20:09.312865 np0000171161 devstack@n-api-meta.service[109769]: *** uWSGI is running in multiple interpreter mode ***
Apr 28 20:20:09.312865 np0000171161 devstack@n-api-meta.service[109769]: spawned uWSGI master process (pid: 109769)
Apr 28 20:20:09.312865 np0000171161 devstack@n-api-meta.service[109769]: spawned uWSGI worker 1 (pid: 109770, cores: 1)
Apr 28 20:20:09.312344 np0000171161 systemd[1]: Started devstack@n-api-meta.service - Devstack devstack@n-api-meta.service.
Apr 28 20:20:09.313568 np0000171161 devstack@n-api-meta.service[109769]: spawned uWSGI worker 2 (pid: 109771, cores: 1)
Apr 28 20:20:09.313839 np0000171161 devstack@n-api-meta.service[109769]: spawned uWSGI worker 3 (pid: 109772, cores: 1)
Apr 28 20:20:09.314388 np0000171161 devstack@n-api-meta.service[109769]: spawned uWSGI worker 4 (pid: 109773, cores: 1)
Apr 28 20:20:09.314951 np0000171161 devstack@n-api-meta.service[109769]: spawned uWSGI http 1 (pid: 109774)
Apr 28 20:20:09.314951 np0000171161 devstack@n-api-meta.service[109769]: running "unix_signal:15 gracefully_kill_them_all" (master-start)...
Apr 28 20:20:09.657261 np0000171161 devstack@n-api-meta.service[109770]: /opt/stack/data/venv/lib/python3.12/site-packages/oslo_concurrency/lockutils.py:41: EventletDeprecationWarning:
Apr 28 20:20:09.657261 np0000171161 devstack@n-api-meta.service[109770]: Eventlet is deprecated. It is currently being maintained in bugfix mode, and
Apr 28 20:20:09.657261 np0000171161 devstack@n-api-meta.service[109770]: we strongly recommend against using it for new projects.
Apr 28 20:20:09.657261 np0000171161 devstack@n-api-meta.service[109770]: If you are already using Eventlet, we recommend migrating to a different
Apr 28 20:20:09.657261 np0000171161 devstack@n-api-meta.service[109770]: framework. For more detail see
Apr 28 20:20:09.657261 np0000171161 devstack@n-api-meta.service[109770]: https://eventlet.readthedocs.io/en/latest/asyncio/migration.html
Apr 28 20:20:09.657261 np0000171161 devstack@n-api-meta.service[109770]: import eventlet
Apr 28 20:20:09.660455 np0000171161 devstack@n-api-meta.service[109772]: /opt/stack/data/venv/lib/python3.12/site-packages/oslo_concurrency/lockutils.py:41: EventletDeprecationWarning:
Apr 28 20:20:09.660455 np0000171161 devstack@n-api-meta.service[109772]: Eventlet is deprecated. It is currently being maintained in bugfix mode, and
Apr 28 20:20:09.660455 np0000171161 devstack@n-api-meta.service[109772]: we strongly recommend against using it for new projects.
Apr 28 20:20:09.660455 np0000171161 devstack@n-api-meta.service[109772]: If you are already using Eventlet, we recommend migrating to a different
Apr 28 20:20:09.660455 np0000171161 devstack@n-api-meta.service[109772]: framework. For more detail see
Apr 28 20:20:09.660455 np0000171161 devstack@n-api-meta.service[109772]: https://eventlet.readthedocs.io/en/latest/asyncio/migration.html
Apr 28 20:20:09.660455 np0000171161 devstack@n-api-meta.service[109772]: import eventlet
Apr 28 20:20:09.668642 np0000171161 devstack@n-api-meta.service[109773]: /opt/stack/data/venv/lib/python3.12/site-packages/oslo_concurrency/lockutils.py:41: EventletDeprecationWarning:
Apr 28 20:20:09.668642 np0000171161 devstack@n-api-meta.service[109773]: Eventlet is deprecated. It is currently being maintained in bugfix mode, and
Apr 28 20:20:09.668642 np0000171161 devstack@n-api-meta.service[109773]: we strongly recommend against using it for new projects.
Apr 28 20:20:09.668642 np0000171161 devstack@n-api-meta.service[109773]: If you are already using Eventlet, we recommend migrating to a different
Apr 28 20:20:09.668642 np0000171161 devstack@n-api-meta.service[109773]: framework. For more detail see
Apr 28 20:20:09.668642 np0000171161 devstack@n-api-meta.service[109773]: https://eventlet.readthedocs.io/en/latest/asyncio/migration.html
Apr 28 20:20:09.668642 np0000171161 devstack@n-api-meta.service[109773]: import eventlet
Apr 28 20:20:09.709632 np0000171161 devstack@n-api-meta.service[109771]: /opt/stack/data/venv/lib/python3.12/site-packages/oslo_concurrency/lockutils.py:41: EventletDeprecationWarning:
Apr 28 20:20:09.709632 np0000171161 devstack@n-api-meta.service[109771]: Eventlet is deprecated. It is currently being maintained in bugfix mode, and
Apr 28 20:20:09.709632 np0000171161 devstack@n-api-meta.service[109771]: we strongly recommend against using it for new projects.
Apr 28 20:20:09.709632 np0000171161 devstack@n-api-meta.service[109771]: If you are already using Eventlet, we recommend migrating to a different
Apr 28 20:20:09.709632 np0000171161 devstack@n-api-meta.service[109771]: framework. For more detail see
Apr 28 20:20:09.709632 np0000171161 devstack@n-api-meta.service[109771]: https://eventlet.readthedocs.io/en/latest/asyncio/migration.html
Apr 28 20:20:09.709632 np0000171161 devstack@n-api-meta.service[109771]: import eventlet
Apr 28 20:20:09.713630 np0000171161 devstack@n-api-meta.service[109772]: Service is starting with native threading. This is currently experimental. Do not use it in production without first testing it in pre-production.
Apr 28 20:20:09.716666 np0000171161 devstack@n-api-meta.service[109770]: Service is starting with native threading. This is currently experimental. Do not use it in production without first testing it in pre-production.
Apr 28 20:20:09.718406 np0000171161 devstack@n-api-meta.service[109773]: Service is starting with native threading. This is currently experimental. Do not use it in production without first testing it in pre-production.
Apr 28 20:20:09.768384 np0000171161 devstack@n-api-meta.service[109771]: Service is starting with native threading. This is currently experimental. Do not use it in production without first testing it in pre-production.
Apr 28 20:20:11.220274 np0000171161 devstack@n-api-meta.service[109772]: INFO dbcounter [None req-6858d464-2207-4d0a-9f14-4f6938ca2789 None None] Registered counter for database nova_api
Apr 28 20:20:11.235808 np0000171161 devstack@n-api-meta.service[109772]: DEBUG oslo_db.sqlalchemy.engines [None req-6858d464-2207-4d0a-9f14-4f6938ca2789 None None] MySQL server mode set to STRICT_TRANS_TABLES,STRICT_ALL_TABLES,NO_ZERO_IN_DATE,NO_ZERO_DATE,ERROR_FOR_DIVISION_BY_ZERO,TRADITIONAL,NO_ENGINE_SUBSTITUTION {{(pid=109772) _check_effective_sql_mode /opt/stack/data/venv/lib/python3.12/site-packages/oslo_db/sqlalchemy/engines.py:325}}
Apr 28 20:20:11.255363 np0000171161 devstack@n-api-meta.service[109770]: INFO dbcounter [None req-fb5bb023-cc08-4b44-bdc6-998c25911506 None None] Registered counter for database nova_api
Apr 28 20:20:11.266018 np0000171161 devstack@n-api-meta.service[109771]: INFO dbcounter [None req-f627f254-cddd-4083-8958-df24de9371d8 None None] Registered counter for database nova_api
Apr 28 20:20:11.270640 np0000171161 devstack@n-api-meta.service[109772]: DEBUG dbcounter [-] [109772] Writer thread running {{(pid=109772) stat_writer /opt/stack/data/venv/lib/python3.12/site-packages/dbcounter.py:102}}
Apr 28 20:20:11.270827 np0000171161 devstack@n-api-meta.service[109772]: DEBUG nova.context [None req-6858d464-2207-4d0a-9f14-4f6938ca2789 None None] Found 2 cells: 00000000-0000-0000-0000-000000000000(cell0),ce61ae79-8234-4f17-8f10-a088c34dd4fb(cell1) {{(pid=109772) load_cells /opt/stack/nova/nova/context.py:509}}
Apr 28 20:20:11.271056 np0000171161 devstack@n-api-meta.service[109772]: INFO nova.utils [None req-6858d464-2207-4d0a-9f14-4f6938ca2789 None None] The cell worker thread pool MainProcess.cell_worker is initialized
Apr 28 20:20:11.272658 np0000171161 devstack@n-api-meta.service[109770]: DEBUG oslo_db.sqlalchemy.engines [None req-fb5bb023-cc08-4b44-bdc6-998c25911506 None None] MySQL server mode set to STRICT_TRANS_TABLES,STRICT_ALL_TABLES,NO_ZERO_IN_DATE,NO_ZERO_DATE,ERROR_FOR_DIVISION_BY_ZERO,TRADITIONAL,NO_ENGINE_SUBSTITUTION {{(pid=109770) _check_effective_sql_mode /opt/stack/data/venv/lib/python3.12/site-packages/oslo_db/sqlalchemy/engines.py:325}}
Apr 28 20:20:11.272824 np0000171161 devstack@n-api-meta.service[109772]: DEBUG oslo_concurrency.lockutils [None req-6858d464-2207-4d0a-9f14-4f6938ca2789 None None] Acquiring lock "00000000-0000-0000-0000-000000000000" by "nova.context.set_target_cell..get_or_set_cached_cell_and_set_connections" {{(pid=109772) inner /opt/stack/data/venv/lib/python3.12/site-packages/oslo_concurrency/lockutils.py:506}}
Apr 28 20:20:11.273007 np0000171161 devstack@n-api-meta.service[109772]: DEBUG oslo_concurrency.lockutils [None req-6858d464-2207-4d0a-9f14-4f6938ca2789 None None] Lock "00000000-0000-0000-0000-000000000000" acquired by "nova.context.set_target_cell..get_or_set_cached_cell_and_set_connections" :: waited 0.000s {{(pid=109772) inner /opt/stack/data/venv/lib/python3.12/site-packages/oslo_concurrency/lockutils.py:519}}
Apr 28 20:20:11.273367 np0000171161 devstack@n-api-meta.service[109772]: DEBUG oslo_concurrency.lockutils [None req-6858d464-2207-4d0a-9f14-4f6938ca2789 None None] Lock "00000000-0000-0000-0000-000000000000" "released" by "nova.context.set_target_cell..get_or_set_cached_cell_and_set_connections" :: held 0.000s {{(pid=109772) inner /opt/stack/data/venv/lib/python3.12/site-packages/oslo_concurrency/lockutils.py:538}}
Apr 28 20:20:11.274127 np0000171161 devstack@n-api-meta.service[109772]: DEBUG oslo_concurrency.lockutils [None req-6858d464-2207-4d0a-9f14-4f6938ca2789 None None] Acquiring lock "ce61ae79-8234-4f17-8f10-a088c34dd4fb" by "nova.context.set_target_cell..get_or_set_cached_cell_and_set_connections" {{(pid=109772) inner /opt/stack/data/venv/lib/python3.12/site-packages/oslo_concurrency/lockutils.py:506}}
Apr 28 20:20:11.274271 np0000171161 devstack@n-api-meta.service[109772]: DEBUG oslo_concurrency.lockutils [None req-6858d464-2207-4d0a-9f14-4f6938ca2789 None None] Lock "ce61ae79-8234-4f17-8f10-a088c34dd4fb" acquired by "nova.context.set_target_cell..get_or_set_cached_cell_and_set_connections" :: waited 0.000s {{(pid=109772) inner /opt/stack/data/venv/lib/python3.12/site-packages/oslo_concurrency/lockutils.py:519}}
Apr 28 20:20:11.275108 np0000171161 devstack@n-api-meta.service[109772]: DEBUG oslo_concurrency.lockutils [None req-6858d464-2207-4d0a-9f14-4f6938ca2789 None None] Lock "ce61ae79-8234-4f17-8f10-a088c34dd4fb" "released" by "nova.context.set_target_cell..get_or_set_cached_cell_and_set_connections" :: held 0.001s {{(pid=109772) inner /opt/stack/data/venv/lib/python3.12/site-packages/oslo_concurrency/lockutils.py:538}}
Apr 28 20:20:11.278004 np0000171161 devstack@n-api-meta.service[109772]: INFO dbcounter [None req-6858d464-2207-4d0a-9f14-4f6938ca2789 None None] Registered counter for database nova_cell0
Apr 28 20:20:11.283499 np0000171161 devstack@n-api-meta.service[109772]: INFO dbcounter [None req-6858d464-2207-4d0a-9f14-4f6938ca2789 None None] Registered counter for database nova_cell1
Apr 28 20:20:11.284089 np0000171161 devstack@n-api-meta.service[109771]: DEBUG oslo_db.sqlalchemy.engines [None req-f627f254-cddd-4083-8958-df24de9371d8 None None] MySQL server mode set to STRICT_TRANS_TABLES,STRICT_ALL_TABLES,NO_ZERO_IN_DATE,NO_ZERO_DATE,ERROR_FOR_DIVISION_BY_ZERO,TRADITIONAL,NO_ENGINE_SUBSTITUTION {{(pid=109771) _check_effective_sql_mode /opt/stack/data/venv/lib/python3.12/site-packages/oslo_db/sqlalchemy/engines.py:325}}
Apr 28 20:20:11.291072 np0000171161 devstack@n-api-meta.service[109772]: DEBUG oslo_db.sqlalchemy.engines [None req-6858d464-2207-4d0a-9f14-4f6938ca2789 None None] MySQL server mode set to STRICT_TRANS_TABLES,STRICT_ALL_TABLES,NO_ZERO_IN_DATE,NO_ZERO_DATE,ERROR_FOR_DIVISION_BY_ZERO,TRADITIONAL,NO_ENGINE_SUBSTITUTION {{(pid=109772) _check_effective_sql_mode /opt/stack/data/venv/lib/python3.12/site-packages/oslo_db/sqlalchemy/engines.py:325}}
Apr 28 20:20:11.302338 np0000171161 devstack@n-api-meta.service[109772]: DEBUG oslo_db.sqlalchemy.engines [None req-6858d464-2207-4d0a-9f14-4f6938ca2789 None None] MySQL server mode set to STRICT_TRANS_TABLES,STRICT_ALL_TABLES,NO_ZERO_IN_DATE,NO_ZERO_DATE,ERROR_FOR_DIVISION_BY_ZERO,TRADITIONAL,NO_ENGINE_SUBSTITUTION {{(pid=109772) _check_effective_sql_mode /opt/stack/data/venv/lib/python3.12/site-packages/oslo_db/sqlalchemy/engines.py:325}}
Apr 28 20:20:11.309673 np0000171161 devstack@n-api-meta.service[109770]: DEBUG dbcounter [-] [109770] Writer thread running {{(pid=109770) stat_writer /opt/stack/data/venv/lib/python3.12/site-packages/dbcounter.py:102}}
Apr 28 20:20:11.319553 np0000171161 devstack@n-api-meta.service[109771]: DEBUG dbcounter [-] [109771] Writer thread running {{(pid=109771) stat_writer /opt/stack/data/venv/lib/python3.12/site-packages/dbcounter.py:102}}
Apr 28 20:20:11.321895 np0000171161 devstack@n-api-meta.service[109771]: DEBUG nova.context [None req-f627f254-cddd-4083-8958-df24de9371d8 None None] Found 2 cells: 00000000-0000-0000-0000-000000000000(cell0),ce61ae79-8234-4f17-8f10-a088c34dd4fb(cell1) {{(pid=109771) load_cells /opt/stack/nova/nova/context.py:509}}
Apr 28 20:20:11.322128 np0000171161 devstack@n-api-meta.service[109771]: INFO nova.utils [None req-f627f254-cddd-4083-8958-df24de9371d8 None None] The cell worker thread pool MainProcess.cell_worker is initialized
Apr 28 20:20:11.323950 np0000171161 devstack@n-api-meta.service[109771]: DEBUG oslo_concurrency.lockutils [None req-f627f254-cddd-4083-8958-df24de9371d8 None None] Acquiring lock "00000000-0000-0000-0000-000000000000" by "nova.context.set_target_cell..get_or_set_cached_cell_and_set_connections" {{(pid=109771) inner /opt/stack/data/venv/lib/python3.12/site-packages/oslo_concurrency/lockutils.py:506}}
Apr 28 20:20:11.324114 np0000171161 devstack@n-api-meta.service[109771]: DEBUG oslo_concurrency.lockutils [None req-f627f254-cddd-4083-8958-df24de9371d8 None None] Lock "00000000-0000-0000-0000-000000000000" acquired by "nova.context.set_target_cell..get_or_set_cached_cell_and_set_connections" :: waited 0.000s {{(pid=109771) inner /opt/stack/data/venv/lib/python3.12/site-packages/oslo_concurrency/lockutils.py:519}}
Apr 28 20:20:11.324524 np0000171161 devstack@n-api-meta.service[109771]: DEBUG oslo_concurrency.lockutils [None req-f627f254-cddd-4083-8958-df24de9371d8 None None] Lock "00000000-0000-0000-0000-000000000000" "released" by "nova.context.set_target_cell..get_or_set_cached_cell_and_set_connections" :: held 0.000s {{(pid=109771) inner /opt/stack/data/venv/lib/python3.12/site-packages/oslo_concurrency/lockutils.py:538}}
Apr 28 20:20:11.325171 np0000171161 devstack@n-api-meta.service[109771]: DEBUG oslo_concurrency.lockutils [None req-f627f254-cddd-4083-8958-df24de9371d8 None None] Acquiring lock "ce61ae79-8234-4f17-8f10-a088c34dd4fb" by "nova.context.set_target_cell..get_or_set_cached_cell_and_set_connections" {{(pid=109771) inner /opt/stack/data/venv/lib/python3.12/site-packages/oslo_concurrency/lockutils.py:506}}
Apr 28 20:20:11.325329 np0000171161 devstack@n-api-meta.service[109771]: DEBUG oslo_concurrency.lockutils [None req-f627f254-cddd-4083-8958-df24de9371d8 None None] Lock "ce61ae79-8234-4f17-8f10-a088c34dd4fb" acquired by "nova.context.set_target_cell..get_or_set_cached_cell_and_set_connections" :: waited 0.000s {{(pid=109771) inner /opt/stack/data/venv/lib/python3.12/site-packages/oslo_concurrency/lockutils.py:519}}
Apr 28 20:20:11.326211 np0000171161 devstack@n-api-meta.service[109771]: DEBUG oslo_concurrency.lockutils [None req-f627f254-cddd-4083-8958-df24de9371d8 None None] Lock "ce61ae79-8234-4f17-8f10-a088c34dd4fb" "released" by "nova.context.set_target_cell..get_or_set_cached_cell_and_set_connections" :: held 0.001s {{(pid=109771) inner /opt/stack/data/venv/lib/python3.12/site-packages/oslo_concurrency/lockutils.py:538}}
Apr 28 20:20:11.327663 np0000171161 devstack@n-api-meta.service[109771]: INFO dbcounter [None req-f627f254-cddd-4083-8958-df24de9371d8 None None] Registered counter for database nova_cell0
Apr 28 20:20:11.330924 np0000171161 devstack@n-api-meta.service[109771]: INFO dbcounter [None req-f627f254-cddd-4083-8958-df24de9371d8 None None] Registered counter for database nova_cell1
Apr 28 20:20:11.332229 np0000171161 devstack@n-api-meta.service[109770]: DEBUG nova.context [None req-fb5bb023-cc08-4b44-bdc6-998c25911506 None None] Found 2 cells: 00000000-0000-0000-0000-000000000000(cell0),ce61ae79-8234-4f17-8f10-a088c34dd4fb(cell1) {{(pid=109770) load_cells /opt/stack/nova/nova/context.py:509}}
Apr 28 20:20:11.332938 np0000171161 devstack@n-api-meta.service[109770]: INFO nova.utils [None req-fb5bb023-cc08-4b44-bdc6-998c25911506 None None] The cell worker thread pool MainProcess.cell_worker is initialized
Apr 28 20:20:11.337076 np0000171161 devstack@n-api-meta.service[109770]: DEBUG oslo_concurrency.lockutils [None req-fb5bb023-cc08-4b44-bdc6-998c25911506 None None] Acquiring lock "00000000-0000-0000-0000-000000000000" by "nova.context.set_target_cell..get_or_set_cached_cell_and_set_connections" {{(pid=109770) inner /opt/stack/data/venv/lib/python3.12/site-packages/oslo_concurrency/lockutils.py:506}}
Apr 28 20:20:11.337317 np0000171161 devstack@n-api-meta.service[109770]: DEBUG oslo_concurrency.lockutils [None req-fb5bb023-cc08-4b44-bdc6-998c25911506 None None] Lock "00000000-0000-0000-0000-000000000000" acquired by "nova.context.set_target_cell..get_or_set_cached_cell_and_set_connections" :: waited 0.000s {{(pid=109770) inner /opt/stack/data/venv/lib/python3.12/site-packages/oslo_concurrency/lockutils.py:519}}
Apr 28 20:20:11.337886 np0000171161 devstack@n-api-meta.service[109770]: DEBUG oslo_concurrency.lockutils [None req-fb5bb023-cc08-4b44-bdc6-998c25911506 None None] Lock "00000000-0000-0000-0000-000000000000" "released" by "nova.context.set_target_cell..get_or_set_cached_cell_and_set_connections" :: held 0.001s {{(pid=109770) inner /opt/stack/data/venv/lib/python3.12/site-packages/oslo_concurrency/lockutils.py:538}}
Apr 28 20:20:11.338845 np0000171161 devstack@n-api-meta.service[109770]: DEBUG oslo_concurrency.lockutils [None req-fb5bb023-cc08-4b44-bdc6-998c25911506 None None] Acquiring lock "ce61ae79-8234-4f17-8f10-a088c34dd4fb" by "nova.context.set_target_cell..get_or_set_cached_cell_and_set_connections" {{(pid=109770) inner /opt/stack/data/venv/lib/python3.12/site-packages/oslo_concurrency/lockutils.py:506}}
Apr 28 20:20:11.339061 np0000171161 devstack@n-api-meta.service[109770]: DEBUG oslo_concurrency.lockutils [None req-fb5bb023-cc08-4b44-bdc6-998c25911506 None None] Lock "ce61ae79-8234-4f17-8f10-a088c34dd4fb" acquired by "nova.context.set_target_cell..get_or_set_cached_cell_and_set_connections" :: waited 0.000s {{(pid=109770) inner /opt/stack/data/venv/lib/python3.12/site-packages/oslo_concurrency/lockutils.py:519}}
Apr 28 20:20:11.339819 np0000171161 devstack@n-api-meta.service[109771]: DEBUG oslo_db.sqlalchemy.engines [None req-f627f254-cddd-4083-8958-df24de9371d8 None None] MySQL server mode set to STRICT_TRANS_TABLES,STRICT_ALL_TABLES,NO_ZERO_IN_DATE,NO_ZERO_DATE,ERROR_FOR_DIVISION_BY_ZERO,TRADITIONAL,NO_ENGINE_SUBSTITUTION {{(pid=109771) _check_effective_sql_mode /opt/stack/data/venv/lib/python3.12/site-packages/oslo_db/sqlalchemy/engines.py:325}}
Apr 28 20:20:11.339959 np0000171161 devstack@n-api-meta.service[109770]: DEBUG oslo_concurrency.lockutils [None req-fb5bb023-cc08-4b44-bdc6-998c25911506 None None] Lock "ce61ae79-8234-4f17-8f10-a088c34dd4fb" "released" by "nova.context.set_target_cell..get_or_set_cached_cell_and_set_connections" :: held 0.001s {{(pid=109770) inner /opt/stack/data/venv/lib/python3.12/site-packages/oslo_concurrency/lockutils.py:538}}
Apr 28 20:20:11.342554 np0000171161 devstack@n-api-meta.service[109770]: INFO dbcounter [None req-fb5bb023-cc08-4b44-bdc6-998c25911506 None None] Registered counter for database nova_cell0
Apr 28 20:20:11.346426 np0000171161 devstack@n-api-meta.service[109770]: INFO dbcounter [None req-fb5bb023-cc08-4b44-bdc6-998c25911506 None None] Registered counter for database nova_cell1
Apr 28 20:20:11.352213 np0000171161 devstack@n-api-meta.service[109771]: DEBUG oslo_db.sqlalchemy.engines [None req-f627f254-cddd-4083-8958-df24de9371d8 None None] MySQL server mode set to STRICT_TRANS_TABLES,STRICT_ALL_TABLES,NO_ZERO_IN_DATE,NO_ZERO_DATE,ERROR_FOR_DIVISION_BY_ZERO,TRADITIONAL,NO_ENGINE_SUBSTITUTION {{(pid=109771) _check_effective_sql_mode /opt/stack/data/venv/lib/python3.12/site-packages/oslo_db/sqlalchemy/engines.py:325}}
Apr 28 20:20:11.357645 np0000171161 devstack@n-api-meta.service[109770]: DEBUG oslo_db.sqlalchemy.engines [None req-fb5bb023-cc08-4b44-bdc6-998c25911506 None None] MySQL server mode set to STRICT_TRANS_TABLES,STRICT_ALL_TABLES,NO_ZERO_IN_DATE,NO_ZERO_DATE,ERROR_FOR_DIVISION_BY_ZERO,TRADITIONAL,NO_ENGINE_SUBSTITUTION {{(pid=109770) _check_effective_sql_mode /opt/stack/data/venv/lib/python3.12/site-packages/oslo_db/sqlalchemy/engines.py:325}}
Apr 28 20:20:11.363456 np0000171161 devstack@n-api-meta.service[109770]: DEBUG oslo_db.sqlalchemy.engines [None req-fb5bb023-cc08-4b44-bdc6-998c25911506 None None] MySQL server mode set to STRICT_TRANS_TABLES,STRICT_ALL_TABLES,NO_ZERO_IN_DATE,NO_ZERO_DATE,ERROR_FOR_DIVISION_BY_ZERO,TRADITIONAL,NO_ENGINE_SUBSTITUTION {{(pid=109770) _check_effective_sql_mode /opt/stack/data/venv/lib/python3.12/site-packages/oslo_db/sqlalchemy/engines.py:325}}
Apr 28 20:20:11.374156 np0000171161 devstack@n-api-meta.service[109773]: INFO dbcounter [None req-2e72c733-487a-466a-94be-5f1405e58ff6 None None] Registered counter for database nova_api
Apr 28 20:20:11.390224 np0000171161 devstack@n-api-meta.service[109773]: DEBUG oslo_db.sqlalchemy.engines [None req-2e72c733-487a-466a-94be-5f1405e58ff6 None None] MySQL server mode set to STRICT_TRANS_TABLES,STRICT_ALL_TABLES,NO_ZERO_IN_DATE,NO_ZERO_DATE,ERROR_FOR_DIVISION_BY_ZERO,TRADITIONAL,NO_ENGINE_SUBSTITUTION {{(pid=109773) _check_effective_sql_mode /opt/stack/data/venv/lib/python3.12/site-packages/oslo_db/sqlalchemy/engines.py:325}}
Apr 28 20:20:11.394376 np0000171161 devstack@n-api-meta.service[109772]: DEBUG dbcounter [-] [109772] Writer thread running {{(pid=109772) stat_writer /opt/stack/data/venv/lib/python3.12/site-packages/dbcounter.py:102}}
Apr 28 20:20:11.396686 np0000171161 devstack@n-api-meta.service[109772]: DEBUG dbcounter [-] [109772] Writer thread running {{(pid=109772) stat_writer /opt/stack/data/venv/lib/python3.12/site-packages/dbcounter.py:102}}
Apr 28 20:20:11.429034 np0000171161 devstack@n-api-meta.service[109773]: DEBUG dbcounter [-] [109773] Writer thread running {{(pid=109773) stat_writer /opt/stack/data/venv/lib/python3.12/site-packages/dbcounter.py:102}}
Apr 28 20:20:11.431447 np0000171161 devstack@n-api-meta.service[109773]: DEBUG nova.context [None req-2e72c733-487a-466a-94be-5f1405e58ff6 None None] Found 2 cells: 00000000-0000-0000-0000-000000000000(cell0),ce61ae79-8234-4f17-8f10-a088c34dd4fb(cell1) {{(pid=109773) load_cells /opt/stack/nova/nova/context.py:509}}
Apr 28 20:20:11.431688 np0000171161 devstack@n-api-meta.service[109773]: INFO nova.utils [None req-2e72c733-487a-466a-94be-5f1405e58ff6 None None] The cell worker thread pool MainProcess.cell_worker is initialized
Apr 28 20:20:11.433488 np0000171161 devstack@n-api-meta.service[109773]: DEBUG oslo_concurrency.lockutils [None req-2e72c733-487a-466a-94be-5f1405e58ff6 None None] Acquiring lock "00000000-0000-0000-0000-000000000000" by "nova.context.set_target_cell..get_or_set_cached_cell_and_set_connections" {{(pid=109773) inner /opt/stack/data/venv/lib/python3.12/site-packages/oslo_concurrency/lockutils.py:506}}
Apr 28 20:20:11.433686 np0000171161 devstack@n-api-meta.service[109773]: DEBUG oslo_concurrency.lockutils [None req-2e72c733-487a-466a-94be-5f1405e58ff6 None None] Lock "00000000-0000-0000-0000-000000000000" acquired by "nova.context.set_target_cell..get_or_set_cached_cell_and_set_connections" :: waited 0.000s {{(pid=109773) inner /opt/stack/data/venv/lib/python3.12/site-packages/oslo_concurrency/lockutils.py:519}}
Apr 28 20:20:11.434037 np0000171161 devstack@n-api-meta.service[109773]: DEBUG oslo_concurrency.lockutils [None req-2e72c733-487a-466a-94be-5f1405e58ff6 None None] Lock "00000000-0000-0000-0000-000000000000" "released" by "nova.context.set_target_cell..get_or_set_cached_cell_and_set_connections" :: held 0.000s {{(pid=109773) inner /opt/stack/data/venv/lib/python3.12/site-packages/oslo_concurrency/lockutils.py:538}}
Apr 28 20:20:11.434479 np0000171161 devstack@n-api-meta.service[109771]: DEBUG dbcounter [-] [109771] Writer thread running {{(pid=109771) stat_writer /opt/stack/data/venv/lib/python3.12/site-packages/dbcounter.py:102}}
Apr 28 20:20:11.434811 np0000171161 devstack@n-api-meta.service[109773]: DEBUG oslo_concurrency.lockutils [None req-2e72c733-487a-466a-94be-5f1405e58ff6 None None] Acquiring lock "ce61ae79-8234-4f17-8f10-a088c34dd4fb" by "nova.context.set_target_cell..get_or_set_cached_cell_and_set_connections" {{(pid=109773) inner /opt/stack/data/venv/lib/python3.12/site-packages/oslo_concurrency/lockutils.py:506}}
Apr 28 20:20:11.435022 np0000171161 devstack@n-api-meta.service[109773]: DEBUG oslo_concurrency.lockutils [None req-2e72c733-487a-466a-94be-5f1405e58ff6 None None] Lock "ce61ae79-8234-4f17-8f10-a088c34dd4fb" acquired by "nova.context.set_target_cell..get_or_set_cached_cell_and_set_connections" :: waited 0.000s {{(pid=109773) inner /opt/stack/data/venv/lib/python3.12/site-packages/oslo_concurrency/lockutils.py:519}}
Apr 28 20:20:11.435819 np0000171161 devstack@n-api-meta.service[109773]: DEBUG oslo_concurrency.lockutils [None req-2e72c733-487a-466a-94be-5f1405e58ff6 None None] Lock "ce61ae79-8234-4f17-8f10-a088c34dd4fb" "released" by "nova.context.set_target_cell..get_or_set_cached_cell_and_set_connections" :: held 0.001s {{(pid=109773) inner /opt/stack/data/venv/lib/python3.12/site-packages/oslo_concurrency/lockutils.py:538}}
Apr 28 20:20:11.439015 np0000171161 devstack@n-api-meta.service[109773]: INFO dbcounter [None req-2e72c733-487a-466a-94be-5f1405e58ff6 None None] Registered counter for database nova_cell0
Apr 28 20:20:11.441952 np0000171161 devstack@n-api-meta.service[109771]: DEBUG dbcounter [-] [109771] Writer thread running {{(pid=109771) stat_writer /opt/stack/data/venv/lib/python3.12/site-packages/dbcounter.py:102}}
Apr 28 20:20:11.446716 np0000171161 devstack@n-api-meta.service[109773]: INFO dbcounter [None req-2e72c733-487a-466a-94be-5f1405e58ff6 None None] Registered counter for database nova_cell1
Apr 28 20:20:11.462794 np0000171161 devstack@n-api-meta.service[109773]: DEBUG oslo_db.sqlalchemy.engines [None req-2e72c733-487a-466a-94be-5f1405e58ff6 None None] MySQL server mode set to STRICT_TRANS_TABLES,STRICT_ALL_TABLES,NO_ZERO_IN_DATE,NO_ZERO_DATE,ERROR_FOR_DIVISION_BY_ZERO,TRADITIONAL,NO_ENGINE_SUBSTITUTION {{(pid=109773) _check_effective_sql_mode /opt/stack/data/venv/lib/python3.12/site-packages/oslo_db/sqlalchemy/engines.py:325}}
Apr 28 20:20:11.475228 np0000171161 devstack@n-api-meta.service[109773]: DEBUG oslo_db.sqlalchemy.engines [None req-2e72c733-487a-466a-94be-5f1405e58ff6 None None] MySQL server mode set to STRICT_TRANS_TABLES,STRICT_ALL_TABLES,NO_ZERO_IN_DATE,NO_ZERO_DATE,ERROR_FOR_DIVISION_BY_ZERO,TRADITIONAL,NO_ENGINE_SUBSTITUTION {{(pid=109773) _check_effective_sql_mode /opt/stack/data/venv/lib/python3.12/site-packages/oslo_db/sqlalchemy/engines.py:325}}
Apr 28 20:20:11.480402 np0000171161 devstack@n-api-meta.service[109770]: DEBUG dbcounter [-] [109770] Writer thread running {{(pid=109770) stat_writer /opt/stack/data/venv/lib/python3.12/site-packages/dbcounter.py:102}}
Apr 28 20:20:11.480993 np0000171161 devstack@n-api-meta.service[109770]: DEBUG dbcounter [-] [109770] Writer thread running {{(pid=109770) stat_writer /opt/stack/data/venv/lib/python3.12/site-packages/dbcounter.py:102}}
Apr 28 20:20:11.492214 np0000171161 devstack@n-api-meta.service[109772]: INFO dbcounter [None req-6858d464-2207-4d0a-9f14-4f6938ca2789 None None] Registered counter for database nova_cell0
Apr 28 20:20:11.492588 np0000171161 devstack@n-api-meta.service[109771]: INFO dbcounter [None req-f627f254-cddd-4083-8958-df24de9371d8 None None] Registered counter for database nova_cell0
Apr 28 20:20:11.493043 np0000171161 devstack@n-api-meta.service[109770]: INFO dbcounter [None req-fb5bb023-cc08-4b44-bdc6-998c25911506 None None] Registered counter for database nova_cell0
Apr 28 20:20:11.500895 np0000171161 devstack@n-api-meta.service[109772]: DEBUG oslo_db.sqlalchemy.engines [None req-6858d464-2207-4d0a-9f14-4f6938ca2789 None None] MySQL server mode set to STRICT_TRANS_TABLES,STRICT_ALL_TABLES,NO_ZERO_IN_DATE,NO_ZERO_DATE,ERROR_FOR_DIVISION_BY_ZERO,TRADITIONAL,NO_ENGINE_SUBSTITUTION {{(pid=109772) _check_effective_sql_mode /opt/stack/data/venv/lib/python3.12/site-packages/oslo_db/sqlalchemy/engines.py:325}}
Apr 28 20:20:11.531190 np0000171161 devstack@n-api-meta.service[109770]: DEBUG oslo_db.sqlalchemy.engines [None req-fb5bb023-cc08-4b44-bdc6-998c25911506 None None] MySQL server mode set to STRICT_TRANS_TABLES,STRICT_ALL_TABLES,NO_ZERO_IN_DATE,NO_ZERO_DATE,ERROR_FOR_DIVISION_BY_ZERO,TRADITIONAL,NO_ENGINE_SUBSTITUTION {{(pid=109770) _check_effective_sql_mode /opt/stack/data/venv/lib/python3.12/site-packages/oslo_db/sqlalchemy/engines.py:325}}
Apr 28 20:20:11.531315 np0000171161 devstack@n-api-meta.service[109772]: DEBUG dbcounter [-] [109772] Writer thread running {{(pid=109772) stat_writer /opt/stack/data/venv/lib/python3.12/site-packages/dbcounter.py:102}}
Apr 28 20:20:11.531371 np0000171161 devstack@n-api-meta.service[109771]: DEBUG oslo_db.sqlalchemy.engines [None req-f627f254-cddd-4083-8958-df24de9371d8 None None] MySQL server mode set to STRICT_TRANS_TABLES,STRICT_ALL_TABLES,NO_ZERO_IN_DATE,NO_ZERO_DATE,ERROR_FOR_DIVISION_BY_ZERO,TRADITIONAL,NO_ENGINE_SUBSTITUTION {{(pid=109771) _check_effective_sql_mode /opt/stack/data/venv/lib/python3.12/site-packages/oslo_db/sqlalchemy/engines.py:325}}
Apr 28 20:20:11.531418 np0000171161 devstack@n-api-meta.service[109770]: DEBUG dbcounter [-] [109770] Writer thread running {{(pid=109770) stat_writer /opt/stack/data/venv/lib/python3.12/site-packages/dbcounter.py:102}}
Apr 28 20:20:11.531454 np0000171161 devstack@n-api-meta.service[109771]: DEBUG dbcounter [-] [109771] Writer thread running {{(pid=109771) stat_writer /opt/stack/data/venv/lib/python3.12/site-packages/dbcounter.py:102}}
Apr 28 20:20:11.577695 np0000171161 devstack@n-api-meta.service[109773]: DEBUG dbcounter [-] [109773] Writer thread running {{(pid=109773) stat_writer /opt/stack/data/venv/lib/python3.12/site-packages/dbcounter.py:102}}
Apr 28 20:20:11.578586 np0000171161 devstack@n-api-meta.service[109773]: DEBUG dbcounter [-] [109773] Writer thread running {{(pid=109773) stat_writer /opt/stack/data/venv/lib/python3.12/site-packages/dbcounter.py:102}}
Apr 28 20:20:11.583556 np0000171161 devstack@n-api-meta.service[109773]: INFO dbcounter [None req-2e72c733-487a-466a-94be-5f1405e58ff6 None None] Registered counter for database nova_cell0
Apr 28 20:20:11.594508 np0000171161 devstack@n-api-meta.service[109773]: DEBUG oslo_db.sqlalchemy.engines [None req-2e72c733-487a-466a-94be-5f1405e58ff6 None None] MySQL server mode set to STRICT_TRANS_TABLES,STRICT_ALL_TABLES,NO_ZERO_IN_DATE,NO_ZERO_DATE,ERROR_FOR_DIVISION_BY_ZERO,TRADITIONAL,NO_ENGINE_SUBSTITUTION {{(pid=109773) _check_effective_sql_mode /opt/stack/data/venv/lib/python3.12/site-packages/oslo_db/sqlalchemy/engines.py:325}}
Apr 28 20:20:11.605455 np0000171161 devstack@n-api-meta.service[109773]: DEBUG dbcounter [-] [109773] Writer thread running {{(pid=109773) stat_writer /opt/stack/data/venv/lib/python3.12/site-packages/dbcounter.py:102}}
Apr 28 20:20:12.045551 np0000171161 devstack@n-api-meta.service[109772]: WARNING nova.api.metadata.handler [None req-6858d464-2207-4d0a-9f14-4f6938ca2789 None None] metadata_proxy_shared_secret is not configured, the metadata information returned by the proxy cannot be trusted
Apr 28 20:20:12.048617 np0000171161 devstack@n-api-meta.service[109772]: DEBUG nova.api.openstack.wsgi_app [None req-6858d464-2207-4d0a-9f14-4f6938ca2789 None None] ******************************************************************************** {{(pid=109772) log_opt_values /opt/stack/data/venv/lib/python3.12/site-packages/oslo_config/cfg.py:2979}}
Apr 28 20:20:12.048617 np0000171161 devstack@n-api-meta.service[109772]: DEBUG nova.api.openstack.wsgi_app [None req-6858d464-2207-4d0a-9f14-4f6938ca2789 None None] Configuration options gathered from: {{(pid=109772) log_opt_values /opt/stack/data/venv/lib/python3.12/site-packages/oslo_config/cfg.py:2980}}
Apr 28 20:20:12.048617 np0000171161 devstack@n-api-meta.service[109772]: DEBUG nova.api.openstack.wsgi_app [None req-6858d464-2207-4d0a-9f14-4f6938ca2789 None None] command line args: [] {{(pid=109772) log_opt_values /opt/stack/data/venv/lib/python3.12/site-packages/oslo_config/cfg.py:2981}}
Apr 28 20:20:12.048617 np0000171161 devstack@n-api-meta.service[109772]: DEBUG nova.api.openstack.wsgi_app [None req-6858d464-2207-4d0a-9f14-4f6938ca2789 None None] config files: ['/etc/nova/api-paste.ini', '/etc/nova/nova.conf'] {{(pid=109772) log_opt_values /opt/stack/data/venv/lib/python3.12/site-packages/oslo_config/cfg.py:2982}}
Apr 28 20:20:12.048617 np0000171161 devstack@n-api-meta.service[109772]: DEBUG nova.api.openstack.wsgi_app [None req-6858d464-2207-4d0a-9f14-4f6938ca2789 None None] ================================================================================ {{(pid=109772) log_opt_values /opt/stack/data/venv/lib/python3.12/site-packages/oslo_config/cfg.py:2987}}
Apr 28 20:20:12.048897 np0000171161 devstack@n-api-meta.service[109772]: DEBUG nova.api.openstack.wsgi_app [None req-6858d464-2207-4d0a-9f14-4f6938ca2789 None None] allow_resize_to_same_host = True {{(pid=109772) log_opt_values /opt/stack/data/venv/lib/python3.12/site-packages/oslo_config/cfg.py:2995}}
Apr 28 20:20:12.049116 np0000171161 devstack@n-api-meta.service[109772]: DEBUG nova.api.openstack.wsgi_app [None req-6858d464-2207-4d0a-9f14-4f6938ca2789 None None] arq_binding_timeout = 300 {{(pid=109772) log_opt_values /opt/stack/data/venv/lib/python3.12/site-packages/oslo_config/cfg.py:2995}}
Apr 28 20:20:12.049323 np0000171161 devstack@n-api-meta.service[109772]: DEBUG nova.api.openstack.wsgi_app [None req-6858d464-2207-4d0a-9f14-4f6938ca2789 None None] block_device_allocate_retries = 60 {{(pid=109772) log_opt_values /opt/stack/data/venv/lib/python3.12/site-packages/oslo_config/cfg.py:2995}}
Apr 28 20:20:12.049523 np0000171161 devstack@n-api-meta.service[109772]: DEBUG nova.api.openstack.wsgi_app [None req-6858d464-2207-4d0a-9f14-4f6938ca2789 None None] block_device_allocate_retries_interval = 3 {{(pid=109772) log_opt_values /opt/stack/data/venv/lib/python3.12/site-packages/oslo_config/cfg.py:2995}}
Apr 28 20:20:12.049734 np0000171161 devstack@n-api-meta.service[109772]: DEBUG nova.api.openstack.wsgi_app [None req-6858d464-2207-4d0a-9f14-4f6938ca2789 None None] cell_worker_thread_pool_size = 5 {{(pid=109772) log_opt_values /opt/stack/data/venv/lib/python3.12/site-packages/oslo_config/cfg.py:2995}}
Apr 28 20:20:12.052614 np0000171161 devstack@n-api-meta.service[109772]: DEBUG nova.api.openstack.wsgi_app [None req-6858d464-2207-4d0a-9f14-4f6938ca2789 None None] cert = self.pem {{(pid=109772) log_opt_values /opt/stack/data/venv/lib/python3.12/site-packages/oslo_config/cfg.py:2995}}
Apr 28 20:20:12.052614 np0000171161 devstack@n-api-meta.service[109772]: DEBUG nova.api.openstack.wsgi_app [None req-6858d464-2207-4d0a-9f14-4f6938ca2789 None None] compute_driver = libvirt.LibvirtDriver {{(pid=109772) log_opt_values /opt/stack/data/venv/lib/python3.12/site-packages/oslo_config/cfg.py:2995}}
Apr 28 20:20:12.052614 np0000171161 devstack@n-api-meta.service[109772]: DEBUG nova.api.openstack.wsgi_app [None req-6858d464-2207-4d0a-9f14-4f6938ca2789 None None] compute_monitors = [] {{(pid=109772) log_opt_values /opt/stack/data/venv/lib/python3.12/site-packages/oslo_config/cfg.py:2995}}
Apr 28 20:20:12.052614 np0000171161 devstack@n-api-meta.service[109772]: DEBUG nova.api.openstack.wsgi_app [None req-6858d464-2207-4d0a-9f14-4f6938ca2789 None None] config_dir = [] {{(pid=109772) log_opt_values /opt/stack/data/venv/lib/python3.12/site-packages/oslo_config/cfg.py:2995}}
Apr 28 20:20:12.052614 np0000171161 devstack@n-api-meta.service[109772]: DEBUG nova.api.openstack.wsgi_app [None req-6858d464-2207-4d0a-9f14-4f6938ca2789 None None] config_drive_format = iso9660 {{(pid=109772) log_opt_values /opt/stack/data/venv/lib/python3.12/site-packages/oslo_config/cfg.py:2995}}
Apr 28 20:20:12.052614 np0000171161 devstack@n-api-meta.service[109772]: DEBUG nova.api.openstack.wsgi_app [None req-6858d464-2207-4d0a-9f14-4f6938ca2789 None None] config_file = ['/etc/nova/api-paste.ini', '/etc/nova/nova.conf'] {{(pid=109772) log_opt_values /opt/stack/data/venv/lib/python3.12/site-packages/oslo_config/cfg.py:2995}}
Apr 28 20:20:12.052614 np0000171161 devstack@n-api-meta.service[109772]: DEBUG nova.api.openstack.wsgi_app [None req-6858d464-2207-4d0a-9f14-4f6938ca2789 None None] config_source = [] {{(pid=109772) log_opt_values /opt/stack/data/venv/lib/python3.12/site-packages/oslo_config/cfg.py:2995}}
Apr 28 20:20:12.052809 np0000171161 devstack@n-api-meta.service[109772]: DEBUG nova.api.openstack.wsgi_app [None req-6858d464-2207-4d0a-9f14-4f6938ca2789 None None] console_host = np0000171161 {{(pid=109772) log_opt_values /opt/stack/data/venv/lib/python3.12/site-packages/oslo_config/cfg.py:2995}}
Apr 28 20:20:12.052809 np0000171161 devstack@n-api-meta.service[109772]: DEBUG nova.api.openstack.wsgi_app [None req-6858d464-2207-4d0a-9f14-4f6938ca2789 None None] control_exchange = nova {{(pid=109772) log_opt_values /opt/stack/data/venv/lib/python3.12/site-packages/oslo_config/cfg.py:2995}}
Apr 28 20:20:12.052809 np0000171161 devstack@n-api-meta.service[109772]: DEBUG nova.api.openstack.wsgi_app [None req-6858d464-2207-4d0a-9f14-4f6938ca2789 None None] cpu_allocation_ratio = None {{(pid=109772) log_opt_values /opt/stack/data/venv/lib/python3.12/site-packages/oslo_config/cfg.py:2995}}
Apr 28 20:20:12.052809 np0000171161 devstack@n-api-meta.service[109772]: DEBUG nova.api.openstack.wsgi_app [None req-6858d464-2207-4d0a-9f14-4f6938ca2789 None None] daemon = False {{(pid=109772) log_opt_values /opt/stack/data/venv/lib/python3.12/site-packages/oslo_config/cfg.py:2995}}
Apr 28 20:20:12.052809 np0000171161 devstack@n-api-meta.service[109772]: DEBUG nova.api.openstack.wsgi_app [None req-6858d464-2207-4d0a-9f14-4f6938ca2789 None None] debug = True {{(pid=109772) log_opt_values /opt/stack/data/venv/lib/python3.12/site-packages/oslo_config/cfg.py:2995}}
Apr 28 20:20:12.052809 np0000171161 devstack@n-api-meta.service[109772]: DEBUG nova.api.openstack.wsgi_app [None req-6858d464-2207-4d0a-9f14-4f6938ca2789 None None] default_access_ip_network_name = None {{(pid=109772) log_opt_values /opt/stack/data/venv/lib/python3.12/site-packages/oslo_config/cfg.py:2995}}
Apr 28 20:20:12.052809 np0000171161 devstack@n-api-meta.service[109772]: DEBUG nova.api.openstack.wsgi_app [None req-6858d464-2207-4d0a-9f14-4f6938ca2789 None None] default_availability_zone = nova {{(pid=109772) log_opt_values /opt/stack/data/venv/lib/python3.12/site-packages/oslo_config/cfg.py:2995}}
Apr 28 20:20:12.052958 np0000171161 devstack@n-api-meta.service[109772]: DEBUG nova.api.openstack.wsgi_app [None req-6858d464-2207-4d0a-9f14-4f6938ca2789 None None] default_ephemeral_format = ext4 {{(pid=109772) log_opt_values /opt/stack/data/venv/lib/python3.12/site-packages/oslo_config/cfg.py:2995}}
Apr 28 20:20:12.052958 np0000171161 devstack@n-api-meta.service[109772]: DEBUG nova.api.openstack.wsgi_app [None req-6858d464-2207-4d0a-9f14-4f6938ca2789 None None] default_green_pool_size = 1000 {{(pid=109772) log_opt_values /opt/stack/data/venv/lib/python3.12/site-packages/oslo_config/cfg.py:2995}}
Apr 28 20:20:12.052958 np0000171161 devstack@n-api-meta.service[109772]: DEBUG nova.api.openstack.wsgi_app [None req-6858d464-2207-4d0a-9f14-4f6938ca2789 None None] default_log_levels = ['amqp=WARN', 'boto=WARN', 'sqlalchemy=WARN', 'suds=INFO', 'oslo.messaging=INFO', 'oslo_messaging=INFO', 'iso8601=WARN', 'requests.packages.urllib3.connectionpool=WARN', 'urllib3.connectionpool=WARN', 'websocket=WARN', 'requests.packages.urllib3.util.retry=WARN', 'urllib3.util.retry=WARN', 'keystonemiddleware=WARN', 'routes.middleware=WARN', 'stevedore=WARN', 'taskflow=WARN', 'keystoneauth=WARN', 'oslo.cache=INFO', 'oslo_policy=INFO', 'dogpile.core.dogpile=INFO', 'glanceclient=WARN', 'oslo.privsep.daemon=INFO'] {{(pid=109772) log_opt_values /opt/stack/data/venv/lib/python3.12/site-packages/oslo_config/cfg.py:2995}}
Apr 28 20:20:12.052958 np0000171161 devstack@n-api-meta.service[109772]: DEBUG nova.api.openstack.wsgi_app [None req-6858d464-2207-4d0a-9f14-4f6938ca2789 None None] default_schedule_zone = None {{(pid=109772) log_opt_values /opt/stack/data/venv/lib/python3.12/site-packages/oslo_config/cfg.py:2995}}
Apr 28 20:20:12.052958 np0000171161 devstack@n-api-meta.service[109772]: DEBUG nova.api.openstack.wsgi_app [None req-6858d464-2207-4d0a-9f14-4f6938ca2789 None None] default_thread_pool_size = 10 {{(pid=109772) log_opt_values /opt/stack/data/venv/lib/python3.12/site-packages/oslo_config/cfg.py:2995}}
Apr 28 20:20:12.053117 np0000171161 devstack@n-api-meta.service[109772]: DEBUG nova.api.openstack.wsgi_app [None req-6858d464-2207-4d0a-9f14-4f6938ca2789 None None] disk_allocation_ratio = None {{(pid=109772) log_opt_values /opt/stack/data/venv/lib/python3.12/site-packages/oslo_config/cfg.py:2995}}
Apr 28 20:20:12.053117 np0000171161 devstack@n-api-meta.service[109772]: DEBUG nova.api.openstack.wsgi_app [None req-6858d464-2207-4d0a-9f14-4f6938ca2789 None None] enable_new_services = True {{(pid=109772) log_opt_values /opt/stack/data/venv/lib/python3.12/site-packages/oslo_config/cfg.py:2995}}
Apr 28 20:20:12.053256 np0000171161 devstack@n-api-meta.service[109772]: DEBUG nova.api.openstack.wsgi_app [None req-6858d464-2207-4d0a-9f14-4f6938ca2789 None None] flat_injected = False {{(pid=109772) log_opt_values /opt/stack/data/venv/lib/python3.12/site-packages/oslo_config/cfg.py:2995}}
Apr 28 20:20:12.053456 np0000171161 devstack@n-api-meta.service[109772]: DEBUG nova.api.openstack.wsgi_app [None req-6858d464-2207-4d0a-9f14-4f6938ca2789 None None] force_config_drive = False {{(pid=109772) log_opt_values /opt/stack/data/venv/lib/python3.12/site-packages/oslo_config/cfg.py:2995}}
Apr 28 20:20:12.053663 np0000171161 devstack@n-api-meta.service[109772]: DEBUG nova.api.openstack.wsgi_app [None req-6858d464-2207-4d0a-9f14-4f6938ca2789 None None] force_raw_images = True {{(pid=109772) log_opt_values /opt/stack/data/venv/lib/python3.12/site-packages/oslo_config/cfg.py:2995}}
Apr 28 20:20:12.053898 np0000171161 devstack@n-api-meta.service[109772]: DEBUG nova.api.openstack.wsgi_app [None req-6858d464-2207-4d0a-9f14-4f6938ca2789 None None] graceful_shutdown_timeout = 5 {{(pid=109772) log_opt_values /opt/stack/data/venv/lib/python3.12/site-packages/oslo_config/cfg.py:2995}}
Apr 28 20:20:12.054223 np0000171161 devstack@n-api-meta.service[109772]: DEBUG nova.api.openstack.wsgi_app [None req-6858d464-2207-4d0a-9f14-4f6938ca2789 None None] heal_instance_info_cache_interval = -1 {{(pid=109772) log_opt_values /opt/stack/data/venv/lib/python3.12/site-packages/oslo_config/cfg.py:2995}}
Apr 28 20:20:12.054467 np0000171161 devstack@n-api-meta.service[109772]: DEBUG nova.api.openstack.wsgi_app [None req-6858d464-2207-4d0a-9f14-4f6938ca2789 None None] host = np0000171161 {{(pid=109772) log_opt_values /opt/stack/data/venv/lib/python3.12/site-packages/oslo_config/cfg.py:2995}}
Apr 28 20:20:12.054697 np0000171161 devstack@n-api-meta.service[109772]: DEBUG nova.api.openstack.wsgi_app [None req-6858d464-2207-4d0a-9f14-4f6938ca2789 None None] initial_cpu_allocation_ratio = 4.0 {{(pid=109772) log_opt_values /opt/stack/data/venv/lib/python3.12/site-packages/oslo_config/cfg.py:2995}}
Apr 28 20:20:12.054902 np0000171161 devstack@n-api-meta.service[109772]: DEBUG nova.api.openstack.wsgi_app [None req-6858d464-2207-4d0a-9f14-4f6938ca2789 None None] initial_disk_allocation_ratio = 1.0 {{(pid=109772) log_opt_values /opt/stack/data/venv/lib/python3.12/site-packages/oslo_config/cfg.py:2995}}
Apr 28 20:20:12.055091 np0000171161 devstack@n-api-meta.service[109772]: DEBUG nova.api.openstack.wsgi_app [None req-6858d464-2207-4d0a-9f14-4f6938ca2789 None None] initial_ram_allocation_ratio = 1.0 {{(pid=109772) log_opt_values /opt/stack/data/venv/lib/python3.12/site-packages/oslo_config/cfg.py:2995}}
Apr 28 20:20:12.055321 np0000171161 devstack@n-api-meta.service[109772]: DEBUG nova.api.openstack.wsgi_app [None req-6858d464-2207-4d0a-9f14-4f6938ca2789 None None] injected_network_template = /opt/stack/nova/nova/virt/interfaces.template {{(pid=109772) log_opt_values /opt/stack/data/venv/lib/python3.12/site-packages/oslo_config/cfg.py:2995}}
Apr 28 20:20:12.055512 np0000171161 devstack@n-api-meta.service[109772]: DEBUG nova.api.openstack.wsgi_app [None req-6858d464-2207-4d0a-9f14-4f6938ca2789 None None] instance_build_timeout = 0 {{(pid=109772) log_opt_values /opt/stack/data/venv/lib/python3.12/site-packages/oslo_config/cfg.py:2995}}
Apr 28 20:20:12.055719 np0000171161 devstack@n-api-meta.service[109772]: DEBUG nova.api.openstack.wsgi_app [None req-6858d464-2207-4d0a-9f14-4f6938ca2789 None None] instance_delete_interval = 300 {{(pid=109772) log_opt_values /opt/stack/data/venv/lib/python3.12/site-packages/oslo_config/cfg.py:2995}}
Apr 28 20:20:12.055916 np0000171161 devstack@n-api-meta.service[109772]: DEBUG nova.api.openstack.wsgi_app [None req-6858d464-2207-4d0a-9f14-4f6938ca2789 None None] instance_format = [instance: %(uuid)s] {{(pid=109772) log_opt_values /opt/stack/data/venv/lib/python3.12/site-packages/oslo_config/cfg.py:2995}}
Apr 28 20:20:12.056130 np0000171161 devstack@n-api-meta.service[109772]: DEBUG nova.api.openstack.wsgi_app [None req-6858d464-2207-4d0a-9f14-4f6938ca2789 None None] instance_name_template = instance-%08x {{(pid=109772) log_opt_values /opt/stack/data/venv/lib/python3.12/site-packages/oslo_config/cfg.py:2995}}
