Aug 26 20:47:21.285758 np0000191217 devstack@n-api.service[99126]: DEBUG oslo_concurrency.lockutils [None req-cefca0d1-cabd-49e5-80d5-74f8c0026843 admin admin] Lock "20881408-095a-4903-bdd8-75b0ea40dd77" acquired by "nova.context.set_target_cell..get_or_set_cached_cell_and_set_connections" :: waited 0.000s {{(pid=99126) inner /opt/stack/data/venv/lib/python3.12/site-packages/oslo_concurrency/lockutils.py:525}}
Aug 26 20:47:21.285995 np0000191217 devstack@n-api.service[99126]: DEBUG oslo_concurrency.lockutils [None req-cefca0d1-cabd-49e5-80d5-74f8c0026843 admin admin] Lock "20881408-095a-4903-bdd8-75b0ea40dd77" "released" by "nova.context.set_target_cell..get_or_set_cached_cell_and_set_connections" :: held 0.000s {{(pid=99126) inner /opt/stack/data/venv/lib/python3.12/site-packages/oslo_concurrency/lockutils.py:544}}
Aug 26 20:47:21.377536 np0000191217 devstack@n-api.service[99126]: INFO nova.api.openstack.requestlog [None req-cefca0d1-cabd-49e5-80d5-74f8c0026843 admin admin] 162.253.55.152 "GET /compute/v2.1/os-services?binary=nova-compute&host=np0000191217" status: 200 len: 255 microversion: 2.69 time: 0.104266
Aug 26 20:47:21.378057 np0000191217 devstack@n-api.service[99126]: [pid: 99126|app: 0|req: 15/60] 162.253.55.152 () {68 vars in 1475 bytes} [Wed Aug 26 20:47:21 2026] GET /compute/v2.1/os-services?binary=nova-compute&host=np0000191217 => generated 255 bytes in 106 msecs (HTTP/1.1 200) 9 headers in 359 bytes (1 switches on core 0)
Aug 26 20:47:31.292869 np0000191217 devstack@n-api.service[99126]: DEBUG dbcounter [-] [99126] Writing DB stats nova_cell0:SELECT=1 {{(pid=99126) stat_writer /opt/stack/data/venv/lib/python3.12/site-packages/dbcounter.py:115}}
Aug 26 20:47:31.299954 np0000191217 devstack@n-api.service[99126]: DEBUG dbcounter [-] [99126] Writing DB stats nova_cell1:SELECT=1 {{(pid=99126) stat_writer /opt/stack/data/venv/lib/python3.12/site-packages/dbcounter.py:115}}
Aug 26 20:47:31.368087 np0000191217 devstack@n-api.service[99126]: DEBUG dbcounter [-] [99126] Writing DB stats nova_api:SELECT=2 {{(pid=99126) stat_writer /opt/stack/data/venv/lib/python3.12/site-packages/dbcounter.py:115}}
Aug 26 20:47:59.450948 np0000191217 devstack@n-api.service[99127]: DEBUG nova.api.openstack.wsgi [None req-92e061b6-3983-467e-8b79-36ebcc780dac admin admin] Calling method '>' {{(pid=99127) _process_stack /opt/stack/nova/nova/api/openstack/wsgi.py:551}}
Aug 26 20:47:59.457799 np0000191217 devstack@n-api.service[99127]: INFO nova.api.openstack.requestlog [None req-92e061b6-3983-467e-8b79-36ebcc780dac admin admin] 162.253.55.152 "GET /compute/v2.1" status: 200 len: 393 microversion: 2.1 time: 0.007357
Aug 26 20:47:59.458250 np0000191217 devstack@n-api.service[99127]: [pid: 99127|app: 0|req: 15/61] 162.253.55.152 () {62 vars in 1063 bytes} [Wed Aug 26 20:47:59 2026] GET /compute/v2.1 => generated 393 bytes in 11 msecs (HTTP/1.1 200) 9 headers in 357 bytes (1 switches on core 0)
Aug 26 20:47:59.489483 np0000191217 devstack@n-api.service[99128]: DEBUG nova.api.openstack.wsgi [None req-2a70be84-73b3-46a8-82c9-2d59dfc76cdb admin admin] Calling method '>' {{(pid=99128) _process_stack /opt/stack/nova/nova/api/openstack/wsgi.py:551}}
Aug 26 20:47:59.496626 np0000191217 devstack@n-api.service[99128]: INFO nova.api.openstack.requestlog [None req-2a70be84-73b3-46a8-82c9-2d59dfc76cdb admin admin] 162.253.55.152 "GET /compute/v2.1/" status: 200 len: 393 microversion: 2.1 time: 0.007197
Aug 26 20:47:59.496626 np0000191217 devstack@n-api.service[99128]: [pid: 99128|app: 0|req: 16/62] 162.253.55.152 () {62 vars in 1066 bytes} [Wed Aug 26 20:47:59 2026] GET /compute/v2.1/ => generated 393 bytes in 8 msecs (HTTP/1.1 200) 9 headers in 357 bytes (1 switches on core 0)
Aug 26 20:47:59.532415 np0000191217 devstack@n-api.service[99125]: DEBUG nova.api.openstack.wsgi [None req-442ff0f6-6626-4d3a-9c1c-3e49184268a8 demo demo] Calling method '>' {{(pid=99125) _process_stack /opt/stack/nova/nova/api/openstack/wsgi.py:551}}
Aug 26 20:47:59.581139 np0000191217 devstack@n-api.service[99125]: INFO nova.api.openstack.requestlog [None req-442ff0f6-6626-4d3a-9c1c-3e49184268a8 demo demo] 162.253.55.152 "GET /compute/v2.1/flavors/detail?is_public=None" status: 200 len: 5262 microversion: 2.61 time: 0.053362
Aug 26 20:47:59.581525 np0000191217 devstack@n-api.service[99125]: [pid: 99125|app: 0|req: 17/63] 162.253.55.152 () {68 vars in 1424 bytes} [Wed Aug 26 20:47:59 2026] GET /compute/v2.1/flavors/detail?is_public=None => generated 5262 bytes in 54 msecs (HTTP/1.1 200) 9 headers in 360 bytes (1 switches on core 0)
Aug 26 20:47:59.636752 np0000191217 devstack@n-api.service[99126]: DEBUG nova.api.openstack.wsgi [None req-45a798f3-417e-42b9-862e-41c8c53379f4 demo demo] Calling method '>' {{(pid=99126) _process_stack /opt/stack/nova/nova/api/openstack/wsgi.py:551}}
Aug 26 20:47:59.691280 np0000191217 devstack@n-api.service[99126]: INFO nova.api.openstack.requestlog [None req-45a798f3-417e-42b9-862e-41c8c53379f4 demo demo] 162.253.55.152 "GET /compute/v2.1/flavors/detail?is_public=None" status: 200 len: 5262 microversion: 2.61 time: 0.067480
Aug 26 20:47:59.691606 np0000191217 devstack@n-api.service[99126]: [pid: 99126|app: 0|req: 16/64] 162.253.55.152 () {68 vars in 1424 bytes} [Wed Aug 26 20:47:59 2026] GET /compute/v2.1/flavors/detail?is_public=None => generated 5262 bytes in 69 msecs (HTTP/1.1 200) 9 headers in 360 bytes (1 switches on core 0)
Aug 26 20:48:00.051368 np0000191217 devstack@n-api.service[99127]: DEBUG nova.api.openstack.wsgi [None req-92e061b6-3983-467e-8b79-36ebcc780dac admin admin] Calling method '>' {{(pid=99127) _process_stack /opt/stack/nova/nova/api/openstack/wsgi.py:551}}
Aug 26 20:48:00.056985 np0000191217 devstack@n-api.service[99127]: INFO nova.api.openstack.requestlog [None req-92e061b6-3983-467e-8b79-36ebcc780dac admin admin] 162.253.55.152 "GET /compute/v2.1" status: 200 len: 393 microversion: 2.1 time: 0.006141
Aug 26 20:48:00.057365 np0000191217 devstack@n-api.service[99127]: [pid: 99127|app: 0|req: 16/65] 162.253.55.152 () {62 vars in 1063 bytes} [Wed Aug 26 20:48:00 2026] GET /compute/v2.1 => generated 393 bytes in 8 msecs (HTTP/1.1 200) 9 headers in 357 bytes (1 switches on core 0)
Aug 26 20:48:00.096138 np0000191217 devstack@n-api.service[99128]: DEBUG nova.api.openstack.wsgi [None req-2a70be84-73b3-46a8-82c9-2d59dfc76cdb admin admin] Calling method '>' {{(pid=99128) _process_stack /opt/stack/nova/nova/api/openstack/wsgi.py:551}}
Aug 26 20:48:00.101917 np0000191217 devstack@n-api.service[99128]: INFO nova.api.openstack.requestlog [None req-2a70be84-73b3-46a8-82c9-2d59dfc76cdb admin admin] 162.253.55.152 "GET /compute/v2.1/" status: 200 len: 393 microversion: 2.1 time: 0.006450
Aug 26 20:48:00.102306 np0000191217 devstack@n-api.service[99128]: [pid: 99128|app: 0|req: 17/66] 162.253.55.152 () {62 vars in 1066 bytes} [Wed Aug 26 20:48:00 2026] GET /compute/v2.1/ => generated 393 bytes in 8 msecs (HTTP/1.1 200) 9 headers in 357 bytes (1 switches on core 0)
Aug 26 20:48:00.138256 np0000191217 devstack@n-api.service[99125]: DEBUG nova.api.openstack.wsgi [None req-a3c58195-67db-40f4-ac78-7831bbc45e64 demo demo] Calling method '>' {{(pid=99125) _process_stack /opt/stack/nova/nova/api/openstack/wsgi.py:551}}
Aug 26 20:48:00.173971 np0000191217 devstack@n-api.service[99125]: INFO nova.api.openstack.requestlog [None req-a3c58195-67db-40f4-ac78-7831bbc45e64 demo demo] 162.253.55.152 "GET /compute/v2.1/flavors/detail?is_public=None" status: 200 len: 5262 microversion: 2.61 time: 0.039370
Aug 26 20:48:00.174594 np0000191217 devstack@n-api.service[99125]: [pid: 99125|app: 0|req: 18/67] 162.253.55.152 () {68 vars in 1424 bytes} [Wed Aug 26 20:48:00 2026] GET /compute/v2.1/flavors/detail?is_public=None => generated 5262 bytes in 42 msecs (HTTP/1.1 200) 9 headers in 360 bytes (1 switches on core 0)
Aug 26 20:48:00.315596 np0000191217 devstack@n-api.service[99126]: DEBUG nova.api.openstack.wsgi [None req-b6d12b53-3efd-4532-b46f-9bfac14765d2 demo demo] Calling method '>' {{(pid=99126) _process_stack /opt/stack/nova/nova/api/openstack/wsgi.py:551}}
Aug 26 20:48:00.352730 np0000191217 devstack@n-api.service[99126]: INFO nova.api.openstack.requestlog [None req-b6d12b53-3efd-4532-b46f-9bfac14765d2 demo demo] 162.253.55.152 "GET /compute/v2.1/flavors/detail?is_public=None" status: 200 len: 5262 microversion: 2.61 time: 0.041370
Aug 26 20:48:00.353303 np0000191217 devstack@n-api.service[99126]: [pid: 99126|app: 0|req: 17/68] 162.253.55.152 () {68 vars in 1424 bytes} [Wed Aug 26 20:48:00 2026] GET /compute/v2.1/flavors/detail?is_public=None => generated 5262 bytes in 43 msecs (HTTP/1.1 200) 9 headers in 360 bytes (1 switches on core 0)
Aug 26 20:48:04.584818 np0000191217 devstack@n-api.service[99127]: DEBUG nova.api.openstack.wsgi [None req-92e061b6-3983-467e-8b79-36ebcc780dac admin admin] Calling method '>' {{(pid=99127) _process_stack /opt/stack/nova/nova/api/openstack/wsgi.py:551}}
Aug 26 20:48:04.592042 np0000191217 devstack@n-api.service[99127]: INFO nova.api.openstack.requestlog [None req-92e061b6-3983-467e-8b79-36ebcc780dac admin admin] 162.253.55.152 "GET /compute/v2.1" status: 200 len: 393 microversion: 2.1 time: 0.007334
Aug 26 20:48:04.592042 np0000191217 devstack@n-api.service[99127]: [pid: 99127|app: 0|req: 17/69] 162.253.55.152 () {62 vars in 1063 bytes} [Wed Aug 26 20:48:04 2026] GET /compute/v2.1 => generated 393 bytes in 8 msecs (HTTP/1.1 200) 9 headers in 357 bytes (1 switches on core 0)
Aug 26 20:48:04.632518 np0000191217 devstack@n-api.service[99128]: DEBUG nova.api.openstack.wsgi [None req-2a70be84-73b3-46a8-82c9-2d59dfc76cdb admin admin] Calling method '>' {{(pid=99128) _process_stack /opt/stack/nova/nova/api/openstack/wsgi.py:551}}
Aug 26 20:48:04.638543 np0000191217 devstack@n-api.service[99128]: INFO nova.api.openstack.requestlog [None req-2a70be84-73b3-46a8-82c9-2d59dfc76cdb admin admin] 162.253.55.152 "GET /compute/v2.1/" status: 200 len: 393 microversion: 2.1 time: 0.006521
Aug 26 20:48:04.638939 np0000191217 devstack@n-api.service[99128]: [pid: 99128|app: 0|req: 18/70] 162.253.55.152 () {62 vars in 1066 bytes} [Wed Aug 26 20:48:04 2026] GET /compute/v2.1/ => generated 393 bytes in 7 msecs (HTTP/1.1 200) 9 headers in 357 bytes (1 switches on core 0)
Aug 26 20:48:04.675630 np0000191217 devstack@n-api.service[99125]: DEBUG nova.api.openstack.wsgi [None req-b5d73ccb-e13e-4cf5-afdd-90ceb15da6a1 demo demo] Calling method '>' {{(pid=99125) _process_stack /opt/stack/nova/nova/api/openstack/wsgi.py:551}}
Aug 26 20:48:04.714109 np0000191217 devstack@n-api.service[99125]: INFO nova.api.openstack.requestlog [None req-b5d73ccb-e13e-4cf5-afdd-90ceb15da6a1 demo demo] 162.253.55.152 "GET /compute/v2.1/flavors/detail?is_public=None" status: 200 len: 5262 microversion: 2.61 time: 0.041897
Aug 26 20:48:04.714618 np0000191217 devstack@n-api.service[99125]: [pid: 99125|app: 0|req: 19/71] 162.253.55.152 () {68 vars in 1424 bytes} [Wed Aug 26 20:48:04 2026] GET /compute/v2.1/flavors/detail?is_public=None => generated 5262 bytes in 43 msecs (HTTP/1.1 200) 9 headers in 360 bytes (1 switches on core 0)
Aug 26 20:48:04.770987 np0000191217 devstack@n-api.service[99126]: DEBUG nova.api.openstack.wsgi [None req-6fecbb9a-6a4e-422d-928e-196b8a165256 demo demo] Calling method '>' {{(pid=99126) _process_stack /opt/stack/nova/nova/api/openstack/wsgi.py:551}}
Aug 26 20:48:04.804983 np0000191217 devstack@n-api.service[99126]: INFO nova.api.openstack.requestlog [None req-6fecbb9a-6a4e-422d-928e-196b8a165256 demo demo] 162.253.55.152 "GET /compute/v2.1/flavors/detail?is_public=None" status: 200 len: 5262 microversion: 2.61 time: 0.037525
Aug 26 20:48:04.805465 np0000191217 devstack@n-api.service[99126]: [pid: 99126|app: 0|req: 18/72] 162.253.55.152 () {68 vars in 1424 bytes} [Wed Aug 26 20:48:04 2026] GET /compute/v2.1/flavors/detail?is_public=None => generated 5262 bytes in 39 msecs (HTTP/1.1 200) 9 headers in 360 bytes (1 switches on core 0)
Aug 26 20:48:04.978529 np0000191217 devstack@n-api.service[99127]: DEBUG nova.api.openstack.wsgi [None req-92e061b6-3983-467e-8b79-36ebcc780dac admin admin] Calling method '>' {{(pid=99127) _process_stack /opt/stack/nova/nova/api/openstack/wsgi.py:551}}
Aug 26 20:48:04.984237 np0000191217 devstack@n-api.service[99127]: INFO nova.api.openstack.requestlog [None req-92e061b6-3983-467e-8b79-36ebcc780dac admin admin] 162.253.55.152 "GET /compute/v2.1" status: 200 len: 393 microversion: 2.1 time: 0.006104
Aug 26 20:48:04.984588 np0000191217 devstack@n-api.service[99127]: [pid: 99127|app: 0|req: 18/73] 162.253.55.152 () {62 vars in 1063 bytes} [Wed Aug 26 20:48:04 2026] GET /compute/v2.1 => generated 393 bytes in 7 msecs (HTTP/1.1 200) 9 headers in 357 bytes (1 switches on core 0)
Aug 26 20:48:05.017196 np0000191217 devstack@n-api.service[99128]: DEBUG nova.api.openstack.wsgi [None req-2a70be84-73b3-46a8-82c9-2d59dfc76cdb admin admin] Calling method '>' {{(pid=99128) _process_stack /opt/stack/nova/nova/api/openstack/wsgi.py:551}}
Aug 26 20:48:05.022226 np0000191217 devstack@n-api.service[99128]: INFO nova.api.openstack.requestlog [None req-2a70be84-73b3-46a8-82c9-2d59dfc76cdb admin admin] 162.253.55.152 "GET /compute/v2.1/" status: 200 len: 393 microversion: 2.1 time: 0.005360
Aug 26 20:48:05.022576 np0000191217 devstack@n-api.service[99128]: [pid: 99128|app: 0|req: 19/74] 162.253.55.152 () {62 vars in 1066 bytes} [Wed Aug 26 20:48:05 2026] GET /compute/v2.1/ => generated 393 bytes in 6 msecs (HTTP/1.1 200) 9 headers in 357 bytes (1 switches on core 0)
Aug 26 20:48:05.058148 np0000191217 devstack@n-api.service[99125]: DEBUG nova.api.openstack.wsgi [None req-f5f3aa57-d9be-43d2-8d2b-c05b3758cc42 demo demo] Calling method '>' {{(pid=99125) _process_stack /opt/stack/nova/nova/api/openstack/wsgi.py:551}}
Aug 26 20:48:05.091347 np0000191217 devstack@n-api.service[99125]: INFO nova.api.openstack.requestlog [None req-f5f3aa57-d9be-43d2-8d2b-c05b3758cc42 demo demo] 162.253.55.152 "GET /compute/v2.1/flavors/detail?is_public=None" status: 200 len: 5262 microversion: 2.61 time: 0.036711
Aug 26 20:48:05.091878 np0000191217 devstack@n-api.service[99125]: [pid: 99125|app: 0|req: 20/75] 162.253.55.152 () {68 vars in 1424 bytes} [Wed Aug 26 20:48:05 2026] GET /compute/v2.1/flavors/detail?is_public=None => generated 5262 bytes in 38 msecs (HTTP/1.1 200) 9 headers in 360 bytes (1 switches on core 0)
Aug 26 20:48:05.138939 np0000191217 devstack@n-api.service[99126]: DEBUG nova.api.openstack.wsgi [None req-7e31e364-0492-4659-98fb-9be522f1a9bf demo demo] Calling method '>' {{(pid=99126) _process_stack /opt/stack/nova/nova/api/openstack/wsgi.py:551}}
Aug 26 20:48:05.175289 np0000191217 devstack@n-api.service[99126]: INFO nova.api.openstack.requestlog [None req-7e31e364-0492-4659-98fb-9be522f1a9bf demo demo] 162.253.55.152 "GET /compute/v2.1/flavors/detail?is_public=None" status: 200 len: 5262 microversion: 2.61 time: 0.039045
Aug 26 20:48:05.175289 np0000191217 devstack@n-api.service[99126]: [pid: 99126|app: 0|req: 19/76] 162.253.55.152 () {68 vars in 1424 bytes} [Wed Aug 26 20:48:05 2026] GET /compute/v2.1/flavors/detail?is_public=None => generated 5262 bytes in 40 msecs (HTTP/1.1 200) 9 headers in 360 bytes (1 switches on core 0)
Aug 26 20:48:10.021713 np0000191217 devstack@n-api.service[99127]: DEBUG nova.api.openstack.wsgi [None req-92e061b6-3983-467e-8b79-36ebcc780dac admin admin] Calling method '>' {{(pid=99127) _process_stack /opt/stack/nova/nova/api/openstack/wsgi.py:551}}
Aug 26 20:48:10.027294 np0000191217 devstack@n-api.service[99127]: INFO nova.api.openstack.requestlog [None req-92e061b6-3983-467e-8b79-36ebcc780dac admin admin] 162.253.55.152 "GET /compute/v2.1" status: 200 len: 393 microversion: 2.1 time: 0.005994
Aug 26 20:48:10.027898 np0000191217 devstack@n-api.service[99127]: [pid: 99127|app: 0|req: 19/77] 162.253.55.152 () {62 vars in 1074 bytes} [Wed Aug 26 20:48:10 2026] GET /compute/v2.1 => generated 393 bytes in 7 msecs (HTTP/1.1 200) 9 headers in 357 bytes (1 switches on core 0)
Aug 26 20:48:10.082584 np0000191217 devstack@n-api.service[99128]: DEBUG nova.api.openstack.wsgi [None req-2a70be84-73b3-46a8-82c9-2d59dfc76cdb admin admin] Calling method '>' {{(pid=99128) _process_stack /opt/stack/nova/nova/api/openstack/wsgi.py:551}}
Aug 26 20:48:10.087273 np0000191217 devstack@n-api.service[99128]: INFO nova.api.openstack.requestlog [None req-2a70be84-73b3-46a8-82c9-2d59dfc76cdb admin admin] 162.253.55.152 "GET /compute/v2.1/" status: 200 len: 393 microversion: 2.1 time: 0.005801
Aug 26 20:48:10.087709 np0000191217 devstack@n-api.service[99128]: [pid: 99128|app: 0|req: 20/78] 162.253.55.152 () {62 vars in 1077 bytes} [Wed Aug 26 20:48:10 2026] GET /compute/v2.1/ => generated 393 bytes in 7 msecs (HTTP/1.1 200) 9 headers in 357 bytes (1 switches on core 0)
Aug 26 20:48:10.134641 np0000191217 devstack@n-api.service[99125]: DEBUG nova.api.openstack.wsgi [None req-5761584d-216d-42d6-ab7e-3824b930dad4 demo demo] Calling method '>' {{(pid=99125) _process_stack /opt/stack/nova/nova/api/openstack/wsgi.py:551}}
Aug 26 20:48:10.171367 np0000191217 devstack@n-api.service[99125]: INFO nova.api.openstack.requestlog [None req-5761584d-216d-42d6-ab7e-3824b930dad4 demo demo] 162.253.55.152 "GET /compute/v2.1/os-server-groups" status: 200 len: 21 microversion: 2.64 time: 0.040195
Aug 26 20:48:10.171908 np0000191217 devstack@n-api.service[99125]: [pid: 99125|app: 0|req: 21/79] 162.253.55.152 () {68 vars in 1412 bytes} [Wed Aug 26 20:48:10 2026] GET /compute/v2.1/os-server-groups => generated 21 bytes in 41 msecs (HTTP/1.1 200) 9 headers in 358 bytes (1 switches on core 0)
Aug 26 20:48:10.223038 np0000191217 devstack@n-api.service[99126]: DEBUG nova.api.openstack.wsgi [None req-7e31e364-0492-4659-98fb-9be522f1a9bf demo demo] Calling method '>' {{(pid=99126) _process_stack /opt/stack/nova/nova/api/openstack/wsgi.py:551}}
Aug 26 20:48:10.230998 np0000191217 devstack@n-api.service[99126]: INFO nova.api.openstack.requestlog [None req-7e31e364-0492-4659-98fb-9be522f1a9bf demo demo] 162.253.55.152 "GET /compute/v2.1" status: 200 len: 393 microversion: 2.1 time: 0.008325
Aug 26 20:48:10.231408 np0000191217 devstack@n-api.service[99126]: [pid: 99126|app: 0|req: 20/80] 162.253.55.152 () {62 vars in 1074 bytes} [Wed Aug 26 20:48:10 2026] GET /compute/v2.1 => generated 393 bytes in 9 msecs (HTTP/1.1 200) 9 headers in 357 bytes (1 switches on core 0)
Aug 26 20:48:10.275904 np0000191217 devstack@n-api.service[99127]: DEBUG nova.api.openstack.wsgi [None req-92e061b6-3983-467e-8b79-36ebcc780dac admin admin] Calling method '>' {{(pid=99127) _process_stack /opt/stack/nova/nova/api/openstack/wsgi.py:551}}
Aug 26 20:48:10.282049 np0000191217 devstack@n-api.service[99127]: INFO nova.api.openstack.requestlog [None req-92e061b6-3983-467e-8b79-36ebcc780dac admin admin] 162.253.55.152 "GET /compute/v2.1/" status: 200 len: 393 microversion: 2.1 time: 0.006601
Aug 26 20:48:10.282407 np0000191217 devstack@n-api.service[99127]: [pid: 99127|app: 0|req: 20/81] 162.253.55.152 () {62 vars in 1077 bytes} [Wed Aug 26 20:48:10 2026] GET /compute/v2.1/ => generated 393 bytes in 7 msecs (HTTP/1.1 200) 9 headers in 357 bytes (1 switches on core 0)
Aug 26 20:48:10.323411 np0000191217 devstack@n-api.service[99128]: DEBUG nova.api.openstack.wsgi [None req-c6815de3-0751-4692-ab69-4a7fd3f8587e demo demo] Action: 'create', calling method: >, body: {"server_group": {"name": "kube-dr4g7", "policy": "soft-anti-affinity"}} {{(pid=99128) _process_stack /opt/stack/nova/nova/api/openstack/wsgi.py:549}}
Aug 26 20:48:10.361594 np0000191217 devstack@n-api.service[99128]: DEBUG nova.quota [None req-c6815de3-0751-4692-ab69-4a7fd3f8587e demo demo] Getting quotas for project 796195494b0043f5a33d18186bb20742. Resources: {'server_groups'} {{(pid=99128) _get_quotas /opt/stack/nova/nova/quota.py:389}}
Aug 26 20:48:10.367675 np0000191217 devstack@n-api.service[99128]: DEBUG nova.quota [None req-c6815de3-0751-4692-ab69-4a7fd3f8587e demo demo] Getting quotas for user f8d1a69da0c34e34926413799359195a and project 796195494b0043f5a33d18186bb20742. Resources: {'server_groups'} {{(pid=99128) _get_quotas /opt/stack/nova/nova/quota.py:379}}
Aug 26 20:48:10.433740 np0000191217 devstack@n-api.service[99128]: DEBUG nova.quota [None req-c6815de3-0751-4692-ab69-4a7fd3f8587e demo demo] Getting quotas for project 796195494b0043f5a33d18186bb20742. Resources: {'server_groups'} {{(pid=99128) _get_quotas /opt/stack/nova/nova/quota.py:389}}
Aug 26 20:48:10.436444 np0000191217 devstack@n-api.service[99128]: DEBUG nova.quota [None req-c6815de3-0751-4692-ab69-4a7fd3f8587e demo demo] Getting quotas for user f8d1a69da0c34e34926413799359195a and project 796195494b0043f5a33d18186bb20742. Resources: {'server_groups'} {{(pid=99128) _get_quotas /opt/stack/nova/nova/quota.py:379}}
Aug 26 20:48:10.445579 np0000191217 devstack@n-api.service[99128]: INFO nova.api.openstack.requestlog [None req-c6815de3-0751-4692-ab69-4a7fd3f8587e demo demo] 162.253.55.152 "POST /compute/v2.1/os-server-groups" status: 200 len: 243 microversion: 2.64 time: 0.126521
Aug 26 20:48:10.445902 np0000191217 devstack@n-api.service[99128]: [pid: 99128|app: 0|req: 21/82] 162.253.55.152 () {72 vars in 1452 bytes} [Wed Aug 26 20:48:10 2026] POST /compute/v2.1/os-server-groups => generated 243 bytes in 127 msecs (HTTP/1.1 200) 9 headers in 359 bytes (1 switches on core 0)
Aug 26 20:48:10.513029 np0000191217 devstack@n-api.service[99125]: DEBUG nova.api.openstack.wsgi [None req-5761584d-216d-42d6-ab7e-3824b930dad4 demo demo] Calling method '>' {{(pid=99125) _process_stack /opt/stack/nova/nova/api/openstack/wsgi.py:551}}
Aug 26 20:48:10.518376 np0000191217 devstack@n-api.service[99125]: INFO nova.api.openstack.requestlog [None req-5761584d-216d-42d6-ab7e-3824b930dad4 demo demo] 162.253.55.152 "GET /compute/v2.1" status: 200 len: 393 microversion: 2.1 time: 0.005773
Aug 26 20:48:10.519189 np0000191217 devstack@n-api.service[99125]: [pid: 99125|app: 0|req: 22/83] 162.253.55.152 () {62 vars in 1074 bytes} [Wed Aug 26 20:48:10 2026] GET /compute/v2.1 => generated 393 bytes in 7 msecs (HTTP/1.1 200) 9 headers in 357 bytes (1 switches on core 0)
Aug 26 20:48:10.556213 np0000191217 devstack@n-api.service[99126]: DEBUG nova.api.openstack.wsgi [None req-7e31e364-0492-4659-98fb-9be522f1a9bf demo demo] Calling method '>' {{(pid=99126) _process_stack /opt/stack/nova/nova/api/openstack/wsgi.py:551}}
Aug 26 20:48:10.561987 np0000191217 devstack@n-api.service[99126]: INFO nova.api.openstack.requestlog [None req-7e31e364-0492-4659-98fb-9be522f1a9bf demo demo] 162.253.55.152 "GET /compute/v2.1/" status: 200 len: 393 microversion: 2.1 time: 0.006308
Aug 26 20:48:10.562714 np0000191217 devstack@n-api.service[99126]: [pid: 99126|app: 0|req: 21/84] 162.253.55.152 () {62 vars in 1077 bytes} [Wed Aug 26 20:48:10 2026] GET /compute/v2.1/ => generated 393 bytes in 7 msecs (HTTP/1.1 200) 9 headers in 357 bytes (1 switches on core 0)
Aug 26 20:48:10.598198 np0000191217 devstack@n-api.service[99127]: DEBUG nova.api.openstack.wsgi [None req-4b1be205-a7c0-4a61-94e2-a3d93ac39e2e demo demo] Calling method '>' {{(pid=99127) _process_stack /opt/stack/nova/nova/api/openstack/wsgi.py:551}}
Aug 26 20:48:10.634826 np0000191217 devstack@n-api.service[99127]: INFO nova.api.openstack.requestlog [None req-4b1be205-a7c0-4a61-94e2-a3d93ac39e2e demo demo] 162.253.55.152 "GET /compute/v2.1/os-server-groups" status: 200 len: 246 microversion: 2.64 time: 0.038885
Aug 26 20:48:10.635322 np0000191217 devstack@n-api.service[99127]: [pid: 99127|app: 0|req: 21/85] 162.253.55.152 () {68 vars in 1412 bytes} [Wed Aug 26 20:48:10 2026] GET /compute/v2.1/os-server-groups => generated 246 bytes in 40 msecs (HTTP/1.1 200) 9 headers in 359 bytes (1 switches on core 0)
Aug 26 20:48:10.681259 np0000191217 devstack@n-api.service[99128]: DEBUG nova.api.openstack.wsgi [None req-c6815de3-0751-4692-ab69-4a7fd3f8587e demo demo] Calling method '>' {{(pid=99128) _process_stack /opt/stack/nova/nova/api/openstack/wsgi.py:551}}
Aug 26 20:48:10.686679 np0000191217 devstack@n-api.service[99128]: INFO nova.api.openstack.requestlog [None req-c6815de3-0751-4692-ab69-4a7fd3f8587e demo demo] 162.253.55.152 "GET /compute/v2.1" status: 200 len: 393 microversion: 2.1 time: 0.005888
Aug 26 20:48:10.687031 np0000191217 devstack@n-api.service[99128]: [pid: 99128|app: 0|req: 22/86] 162.253.55.152 () {62 vars in 1074 bytes} [Wed Aug 26 20:48:10 2026] GET /compute/v2.1 => generated 393 bytes in 7 msecs (HTTP/1.1 200) 9 headers in 357 bytes (1 switches on core 0)
Aug 26 20:48:10.718916 np0000191217 devstack@n-api.service[99125]: DEBUG nova.api.openstack.wsgi [None req-5761584d-216d-42d6-ab7e-3824b930dad4 demo demo] Calling method '>' {{(pid=99125) _process_stack /opt/stack/nova/nova/api/openstack/wsgi.py:551}}
Aug 26 20:48:10.725281 np0000191217 devstack@n-api.service[99125]: INFO nova.api.openstack.requestlog [None req-5761584d-216d-42d6-ab7e-3824b930dad4 demo demo] 162.253.55.152 "GET /compute/v2.1/" status: 200 len: 393 microversion: 2.1 time: 0.006706
Aug 26 20:48:10.725617 np0000191217 devstack@n-api.service[99125]: [pid: 99125|app: 0|req: 23/87] 162.253.55.152 () {62 vars in 1077 bytes} [Wed Aug 26 20:48:10 2026] GET /compute/v2.1/ => generated 393 bytes in 8 msecs (HTTP/1.1 200) 9 headers in 357 bytes (1 switches on core 0)
Aug 26 20:48:10.761117 np0000191217 devstack@n-api.service[99126]: DEBUG nova.api.openstack.wsgi [None req-67d65574-7950-4e24-a989-4074485ba6c7 demo demo] Action: 'create', calling method: >, body: {"server_group": {"name": "kube-dr4g7-default-worker", "policy": "soft-anti-affinity"}} {{(pid=99126) _process_stack /opt/stack/nova/nova/api/openstack/wsgi.py:549}}
Aug 26 20:48:10.800744 np0000191217 devstack@n-api.service[99126]: DEBUG nova.quota [None req-67d65574-7950-4e24-a989-4074485ba6c7 demo demo] Getting quotas for project 796195494b0043f5a33d18186bb20742. Resources: {'server_groups'} {{(pid=99126) _get_quotas /opt/stack/nova/nova/quota.py:389}}
Aug 26 20:48:10.807392 np0000191217 devstack@n-api.service[99126]: DEBUG nova.quota [None req-67d65574-7950-4e24-a989-4074485ba6c7 demo demo] Getting quotas for user f8d1a69da0c34e34926413799359195a and project 796195494b0043f5a33d18186bb20742. Resources: {'server_groups'} {{(pid=99126) _get_quotas /opt/stack/nova/nova/quota.py:379}}
Aug 26 20:48:10.899630 np0000191217 devstack@n-api.service[99126]: DEBUG nova.quota [None req-67d65574-7950-4e24-a989-4074485ba6c7 demo demo] Getting quotas for project 796195494b0043f5a33d18186bb20742. Resources: {'server_groups'} {{(pid=99126) _get_quotas /opt/stack/nova/nova/quota.py:389}}
Aug 26 20:48:10.903734 np0000191217 devstack@n-api.service[99126]: DEBUG nova.quota [None req-67d65574-7950-4e24-a989-4074485ba6c7 demo demo] Getting quotas for user f8d1a69da0c34e34926413799359195a and project 796195494b0043f5a33d18186bb20742. Resources: {'server_groups'} {{(pid=99126) _get_quotas /opt/stack/nova/nova/quota.py:379}}
Aug 26 20:48:10.918896 np0000191217 devstack@n-api.service[99126]: INFO nova.api.openstack.requestlog [None req-67d65574-7950-4e24-a989-4074485ba6c7 demo demo] 162.253.55.152 "POST /compute/v2.1/os-server-groups" status: 200 len: 258 microversion: 2.64 time: 0.161232
Aug 26 20:48:10.919515 np0000191217 devstack@n-api.service[99126]: [pid: 99126|app: 0|req: 22/88] 162.253.55.152 () {72 vars in 1452 bytes} [Wed Aug 26 20:48:10 2026] POST /compute/v2.1/os-server-groups => generated 258 bytes in 162 msecs (HTTP/1.1 200) 9 headers in 359 bytes (1 switches on core 0)
Aug 26 20:48:14.371656 np0000191217 devstack@n-api.service[99127]: DEBUG nova.api.openstack.wsgi [None req-4b1be205-a7c0-4a61-94e2-a3d93ac39e2e demo demo] Calling method '>' {{(pid=99127) _process_stack /opt/stack/nova/nova/api/openstack/wsgi.py:551}}
Aug 26 20:48:14.377262 np0000191217 devstack@n-api.service[99127]: INFO nova.api.openstack.requestlog [None req-4b1be205-a7c0-4a61-94e2-a3d93ac39e2e demo demo] 162.253.55.152 "GET /compute/v2.1" status: 200 len: 393 microversion: 2.1 time: 0.006014
Aug 26 20:48:14.377693 np0000191217 devstack@n-api.service[99127]: [pid: 99127|app: 0|req: 22/89] 162.253.55.152 () {62 vars in 1074 bytes} [Wed Aug 26 20:48:14 2026] GET /compute/v2.1 => generated 393 bytes in 7 msecs (HTTP/1.1 200) 9 headers in 357 bytes (1 switches on core 0)
Aug 26 20:48:14.406187 np0000191217 devstack@n-api.service[99128]: DEBUG nova.api.openstack.wsgi [None req-c6815de3-0751-4692-ab69-4a7fd3f8587e demo demo] Calling method '>' {{(pid=99128) _process_stack /opt/stack/nova/nova/api/openstack/wsgi.py:551}}
Aug 26 20:48:14.412210 np0000191217 devstack@n-api.service[99128]: INFO nova.api.openstack.requestlog [None req-c6815de3-0751-4692-ab69-4a7fd3f8587e demo demo] 162.253.55.152 "GET /compute/v2.1/" status: 200 len: 393 microversion: 2.1 time: 0.006504
Aug 26 20:48:14.412605 np0000191217 devstack@n-api.service[99128]: [pid: 99128|app: 0|req: 23/90] 162.253.55.152 () {62 vars in 1077 bytes} [Wed Aug 26 20:48:14 2026] GET /compute/v2.1/ => generated 393 bytes in 7 msecs (HTTP/1.1 200) 9 headers in 357 bytes (1 switches on core 0)
Aug 26 20:48:14.445947 np0000191217 devstack@n-api.service[99125]: DEBUG nova.api.openstack.wsgi [None req-5e5ed6bb-faa2-409b-b597-93a547830df6 demo demo] Calling method '>' {{(pid=99125) _process_stack /opt/stack/nova/nova/api/openstack/wsgi.py:551}}
Aug 26 20:48:14.487531 np0000191217 devstack@n-api.service[99125]: INFO nova.api.openstack.requestlog [None req-5e5ed6bb-faa2-409b-b597-93a547830df6 demo demo] 162.253.55.152 "GET /compute/v2.1/flavors/detail?is_public=None" status: 200 len: 5262 microversion: 2.61 time: 0.045414
Aug 26 20:48:14.488453 np0000191217 devstack@n-api.service[99125]: [pid: 99125|app: 0|req: 24/91] 162.253.55.152 () {68 vars in 1435 bytes} [Wed Aug 26 20:48:14 2026] GET /compute/v2.1/flavors/detail?is_public=None => generated 5262 bytes in 47 msecs (HTTP/1.1 200) 9 headers in 360 bytes (1 switches on core 0)
Aug 26 20:48:14.529660 np0000191217 devstack@n-api.service[99126]: DEBUG nova.api.openstack.wsgi [None req-aa33652c-57d0-4510-a653-f957285bc30f demo demo] Calling method '>' {{(pid=99126) _process_stack /opt/stack/nova/nova/api/openstack/wsgi.py:551}}
Aug 26 20:48:14.565456 np0000191217 devstack@n-api.service[99126]: INFO nova.api.openstack.requestlog [None req-aa33652c-57d0-4510-a653-f957285bc30f demo demo] 162.253.55.152 "GET /compute/v2.1/flavors/detail?is_public=None" status: 200 len: 5262 microversion: 2.61 time: 0.039223
Aug 26 20:48:14.565994 np0000191217 devstack@n-api.service[99126]: [pid: 99126|app: 0|req: 23/92] 162.253.55.152 () {68 vars in 1435 bytes} [Wed Aug 26 20:48:14 2026] GET /compute/v2.1/flavors/detail?is_public=None => generated 5262 bytes in 40 msecs (HTTP/1.1 200) 9 headers in 360 bytes (1 switches on core 0)
Aug 26 20:48:14.720937 np0000191217 devstack@n-api.service[99127]: DEBUG nova.api.openstack.wsgi [None req-4b1be205-a7c0-4a61-94e2-a3d93ac39e2e demo demo] Calling method '>' {{(pid=99127) _process_stack /opt/stack/nova/nova/api/openstack/wsgi.py:551}}
Aug 26 20:48:14.728189 np0000191217 devstack@n-api.service[99127]: INFO nova.api.openstack.requestlog [None req-4b1be205-a7c0-4a61-94e2-a3d93ac39e2e demo demo] 162.253.55.152 "GET /compute/v2.1" status: 200 len: 393 microversion: 2.1 time: 0.007732
Aug 26 20:48:14.728529 np0000191217 devstack@n-api.service[99127]: [pid: 99127|app: 0|req: 23/93] 162.253.55.152 () {62 vars in 1074 bytes} [Wed Aug 26 20:48:14 2026] GET /compute/v2.1 => generated 393 bytes in 9 msecs (HTTP/1.1 200) 9 headers in 357 bytes (1 switches on core 0)
Aug 26 20:48:14.759183 np0000191217 devstack@n-api.service[99128]: DEBUG nova.api.openstack.wsgi [None req-c6815de3-0751-4692-ab69-4a7fd3f8587e demo demo] Calling method '>' {{(pid=99128) _process_stack /opt/stack/nova/nova/api/openstack/wsgi.py:551}}
Aug 26 20:48:14.764788 np0000191217 devstack@n-api.service[99128]: INFO nova.api.openstack.requestlog [None req-c6815de3-0751-4692-ab69-4a7fd3f8587e demo demo] 162.253.55.152 "GET /compute/v2.1/" status: 200 len: 393 microversion: 2.1 time: 0.005992
Aug 26 20:48:14.765219 np0000191217 devstack@n-api.service[99128]: [pid: 99128|app: 0|req: 24/94] 162.253.55.152 () {62 vars in 1077 bytes} [Wed Aug 26 20:48:14 2026] GET /compute/v2.1/ => generated 393 bytes in 7 msecs (HTTP/1.1 200) 9 headers in 357 bytes (1 switches on core 0)
Aug 26 20:48:14.801046 np0000191217 devstack@n-api.service[99125]: DEBUG nova.api.openstack.wsgi [None req-d385c94d-058a-4176-a6de-1db8d615121e demo demo] Calling method '>' {{(pid=99125) _process_stack /opt/stack/nova/nova/api/openstack/wsgi.py:551}}
Aug 26 20:48:14.833778 np0000191217 devstack@n-api.service[99125]: INFO nova.api.openstack.requestlog [None req-d385c94d-058a-4176-a6de-1db8d615121e demo demo] 162.253.55.152 "GET /compute/v2.1/flavors/detail?is_public=None" status: 200 len: 5262 microversion: 2.61 time: 0.036786
Aug 26 20:48:14.834195 np0000191217 devstack@n-api.service[99125]: [pid: 99125|app: 0|req: 25/95] 162.253.55.152 () {68 vars in 1435 bytes} [Wed Aug 26 20:48:14 2026] GET /compute/v2.1/flavors/detail?is_public=None => generated 5262 bytes in 38 msecs (HTTP/1.1 200) 9 headers in 360 bytes (1 switches on core 0)
Aug 26 20:48:20.440719 np0000191217 devstack@n-api.service[99128]: DEBUG dbcounter [-] [99128] Writing DB stats nova_cell0:SELECT=4 {{(pid=99128) stat_writer /opt/stack/data/venv/lib/python3.12/site-packages/dbcounter.py:115}}
Aug 26 20:48:20.443170 np0000191217 devstack@n-api.service[99128]: DEBUG dbcounter [-] [99128] Writing DB stats nova_api:SELECT=14,nova_api:INSERT=2 {{(pid=99128) stat_writer /opt/stack/data/venv/lib/python3.12/site-packages/dbcounter.py:115}}
Aug 26 20:48:20.629652 np0000191217 devstack@n-api.service[99127]: DEBUG dbcounter [-] [99127] Writing DB stats nova_api:SELECT=2 {{(pid=99127) stat_writer /opt/stack/data/venv/lib/python3.12/site-packages/dbcounter.py:115}}
Aug 26 20:48:20.909738 np0000191217 devstack@n-api.service[99126]: DEBUG dbcounter [-] [99126] Writing DB stats nova_cell0:SELECT=4 {{(pid=99126) stat_writer /opt/stack/data/venv/lib/python3.12/site-packages/dbcounter.py:115}}
Aug 26 20:48:24.543923 np0000191217 devstack@n-api.service[99126]: DEBUG dbcounter [-] [99126] Writing DB stats nova_api:SELECT=19,nova_api:INSERT=2 {{(pid=99126) stat_writer /opt/stack/data/venv/lib/python3.12/site-packages/dbcounter.py:115}}
Aug 26 20:48:24.809325 np0000191217 devstack@n-api.service[99125]: DEBUG dbcounter [-] [99125] Writing DB stats nova_api:SELECT=8 {{(pid=99125) stat_writer /opt/stack/data/venv/lib/python3.12/site-packages/dbcounter.py:115}}
Aug 26 20:48:38.713839 np0000191217 devstack@n-api.service[99126]: DEBUG nova.api.openstack.wsgi [None req-aa33652c-57d0-4510-a653-f957285bc30f demo demo] Calling method '>' {{(pid=99126) _process_stack /opt/stack/nova/nova/api/openstack/wsgi.py:551}}
Aug 26 20:48:38.720376 np0000191217 devstack@n-api.service[99126]: INFO nova.api.openstack.requestlog [None req-aa33652c-57d0-4510-a653-f957285bc30f demo demo] 172.18.0.2 "GET /compute/v2.1/" status: 200 len: 393 microversion: 2.1 time: 0.007059
Aug 26 20:48:38.720754 np0000191217 devstack@n-api.service[99126]: [pid: 99126|app: 0|req: 24/96] 162.253.55.152 () {64 vars in 1272 bytes} [Wed Aug 26 20:48:38 2026] GET /compute/v2.1/ => generated 393 bytes in 8 msecs (HTTP/1.1 200) 9 headers in 357 bytes (1 switches on core 0)
Aug 26 20:48:38.732198 np0000191217 devstack@n-api.service[99127]: DEBUG nova.api.openstack.wsgi [None req-bc5ce95d-c9a1-4a3d-b63a-364e2cc6ec0f demo demo] Calling method '>' {{(pid=99127) _process_stack /opt/stack/nova/nova/api/openstack/wsgi.py:551}}
Aug 26 20:48:38.735702 np0000191217 devstack@n-api.service[99127]: DEBUG oslo_concurrency.lockutils [None req-bc5ce95d-c9a1-4a3d-b63a-364e2cc6ec0f demo demo] Acquiring lock "00000000-0000-0000-0000-000000000000" by "nova.context.set_target_cell..get_or_set_cached_cell_and_set_connections" {{(pid=99127) inner /opt/stack/data/venv/lib/python3.12/site-packages/oslo_concurrency/lockutils.py:512}}
Aug 26 20:48:38.736033 np0000191217 devstack@n-api.service[99127]: DEBUG oslo_concurrency.lockutils [None req-bc5ce95d-c9a1-4a3d-b63a-364e2cc6ec0f demo demo] Lock "00000000-0000-0000-0000-000000000000" acquired by "nova.context.set_target_cell..get_or_set_cached_cell_and_set_connections" :: waited 0.000s {{(pid=99127) inner /opt/stack/data/venv/lib/python3.12/site-packages/oslo_concurrency/lockutils.py:525}}
Aug 26 20:48:38.736328 np0000191217 devstack@n-api.service[99127]: DEBUG oslo_concurrency.lockutils [None req-bc5ce95d-c9a1-4a3d-b63a-364e2cc6ec0f demo demo] Lock "00000000-0000-0000-0000-000000000000" "released" by "nova.context.set_target_cell..get_or_set_cached_cell_and_set_connections" :: held 0.000s {{(pid=99127) inner /opt/stack/data/venv/lib/python3.12/site-packages/oslo_concurrency/lockutils.py:544}}
Aug 26 20:48:38.737958 np0000191217 devstack@n-api.service[99127]: DEBUG oslo_concurrency.lockutils [None req-bc5ce95d-c9a1-4a3d-b63a-364e2cc6ec0f demo demo] Acquiring lock "20881408-095a-4903-bdd8-75b0ea40dd77" by "nova.context.set_target_cell..get_or_set_cached_cell_and_set_connections" {{(pid=99127) inner /opt/stack/data/venv/lib/python3.12/site-packages/oslo_concurrency/lockutils.py:512}}
Aug 26 20:48:38.738278 np0000191217 devstack@n-api.service[99127]: DEBUG oslo_concurrency.lockutils [None req-bc5ce95d-c9a1-4a3d-b63a-364e2cc6ec0f demo demo] Lock "20881408-095a-4903-bdd8-75b0ea40dd77" acquired by "nova.context.set_target_cell..get_or_set_cached_cell_and_set_connections" :: waited 0.000s {{(pid=99127) inner /opt/stack/data/venv/lib/python3.12/site-packages/oslo_concurrency/lockutils.py:525}}
Aug 26 20:48:38.738533 np0000191217 devstack@n-api.service[99127]: DEBUG oslo_concurrency.lockutils [None req-bc5ce95d-c9a1-4a3d-b63a-364e2cc6ec0f demo demo] Lock "20881408-095a-4903-bdd8-75b0ea40dd77" "released" by "nova.context.set_target_cell..get_or_set_cached_cell_and_set_connections" :: held 0.000s {{(pid=99127) inner /opt/stack/data/venv/lib/python3.12/site-packages/oslo_concurrency/lockutils.py:544}}
Aug 26 20:48:38.830907 np0000191217 devstack@n-api.service[99127]: INFO nova.api.openstack.requestlog [None req-bc5ce95d-c9a1-4a3d-b63a-364e2cc6ec0f demo demo] 172.18.0.2 "GET /compute/v2.1/os-availability-zone" status: 200 len: 97 microversion: 2.38 time: 0.102192
Aug 26 20:48:38.831461 np0000191217 devstack@n-api.service[99127]: [pid: 99127|app: 0|req: 24/97] 162.253.55.152 () {68 vars in 1415 bytes} [Wed Aug 26 20:48:38 2026] GET /compute/v2.1/os-availability-zone => generated 97 bytes in 103 msecs (HTTP/1.1 200) 9 headers in 358 bytes (1 switches on core 0)
Aug 26 20:48:40.082639 np0000191217 devstack@n-api.service[99128]: DEBUG nova.api.openstack.wsgi [None req-c6815de3-0751-4692-ab69-4a7fd3f8587e demo demo] Calling method '>' {{(pid=99128) _process_stack /opt/stack/nova/nova/api/openstack/wsgi.py:551}}
Aug 26 20:48:40.088828 np0000191217 devstack@n-api.service[99128]: INFO nova.api.openstack.requestlog [None req-c6815de3-0751-4692-ab69-4a7fd3f8587e demo demo] 172.18.0.2 "GET /compute/v2.1/" status: 200 len: 393 microversion: 2.1 time: 0.006662
Aug 26 20:48:40.090794 np0000191217 devstack@n-api.service[99128]: [pid: 99128|app: 0|req: 25/98] 162.253.55.152 () {64 vars in 1272 bytes} [Wed Aug 26 20:48:40 2026] GET /compute/v2.1/ => generated 393 bytes in 10 msecs (HTTP/1.1 200) 9 headers in 357 bytes (1 switches on core 0)
Aug 26 20:48:40.104905 np0000191217 devstack@n-api.service[99125]: DEBUG nova.api.openstack.wsgi [None req-d085a805-aaa9-4bec-9b5d-69a2542b9e30 demo demo] Calling method '>' {{(pid=99125) _process_stack /opt/stack/nova/nova/api/openstack/wsgi.py:551}}
Aug 26 20:48:40.108233 np0000191217 devstack@n-api.service[99125]: DEBUG oslo_concurrency.lockutils [None req-d085a805-aaa9-4bec-9b5d-69a2542b9e30 demo demo] Acquiring lock "00000000-0000-0000-0000-000000000000" by "nova.context.set_target_cell..get_or_set_cached_cell_and_set_connections" {{(pid=99125) inner /opt/stack/data/venv/lib/python3.12/site-packages/oslo_concurrency/lockutils.py:512}}
Aug 26 20:48:40.108581 np0000191217 devstack@n-api.service[99125]: DEBUG oslo_concurrency.lockutils [None req-d085a805-aaa9-4bec-9b5d-69a2542b9e30 demo demo] Lock "00000000-0000-0000-0000-000000000000" acquired by "nova.context.set_target_cell..get_or_set_cached_cell_and_set_connections" :: waited 0.000s {{(pid=99125) inner /opt/stack/data/venv/lib/python3.12/site-packages/oslo_concurrency/lockutils.py:525}}
Aug 26 20:48:40.108860 np0000191217 devstack@n-api.service[99125]: DEBUG oslo_concurrency.lockutils [None req-d085a805-aaa9-4bec-9b5d-69a2542b9e30 demo demo] Lock "00000000-0000-0000-0000-000000000000" "released" by "nova.context.set_target_cell..get_or_set_cached_cell_and_set_connections" :: held 0.000s {{(pid=99125) inner /opt/stack/data/venv/lib/python3.12/site-packages/oslo_concurrency/lockutils.py:544}}
Aug 26 20:48:40.110230 np0000191217 devstack@n-api.service[99125]: DEBUG oslo_concurrency.lockutils [None req-d085a805-aaa9-4bec-9b5d-69a2542b9e30 demo demo] Acquiring lock "20881408-095a-4903-bdd8-75b0ea40dd77" by "nova.context.set_target_cell..get_or_set_cached_cell_and_set_connections" {{(pid=99125) inner /opt/stack/data/venv/lib/python3.12/site-packages/oslo_concurrency/lockutils.py:512}}
Aug 26 20:48:40.110539 np0000191217 devstack@n-api.service[99125]: DEBUG oslo_concurrency.lockutils [None req-d085a805-aaa9-4bec-9b5d-69a2542b9e30 demo demo] Lock "20881408-095a-4903-bdd8-75b0ea40dd77" acquired by "nova.context.set_target_cell..get_or_set_cached_cell_and_set_connections" :: waited 0.000s {{(pid=99125) inner /opt/stack/data/venv/lib/python3.12/site-packages/oslo_concurrency/lockutils.py:525}}
Aug 26 20:48:40.110846 np0000191217 devstack@n-api.service[99125]: DEBUG oslo_concurrency.lockutils [None req-d085a805-aaa9-4bec-9b5d-69a2542b9e30 demo demo] Lock "20881408-095a-4903-bdd8-75b0ea40dd77" "released" by "nova.context.set_target_cell..get_or_set_cached_cell_and_set_connections" :: held 0.000s {{(pid=99125) inner /opt/stack/data/venv/lib/python3.12/site-packages/oslo_concurrency/lockutils.py:544}}
Aug 26 20:48:40.200547 np0000191217 devstack@n-api.service[99125]: INFO nova.api.openstack.requestlog [None req-d085a805-aaa9-4bec-9b5d-69a2542b9e30 demo demo] 172.18.0.2 "GET /compute/v2.1/os-availability-zone" status: 200 len: 97 microversion: 2.38 time: 0.101592
Aug 26 20:48:40.201195 np0000191217 devstack@n-api.service[99125]: [pid: 99125|app: 0|req: 26/99] 162.253.55.152 () {68 vars in 1415 bytes} [Wed Aug 26 20:48:40 2026] GET /compute/v2.1/os-availability-zone => generated 97 bytes in 103 msecs (HTTP/1.1 200) 9 headers in 358 bytes (1 switches on core 0)
Aug 26 20:48:41.370709 np0000191217 devstack@n-api.service[99126]: DEBUG nova.api.openstack.wsgi [None req-aa33652c-57d0-4510-a653-f957285bc30f demo demo] Calling method '>' {{(pid=99126) _process_stack /opt/stack/nova/nova/api/openstack/wsgi.py:551}}
Aug 26 20:48:41.376195 np0000191217 devstack@n-api.service[99126]: INFO nova.api.openstack.requestlog [None req-aa33652c-57d0-4510-a653-f957285bc30f demo demo] 172.18.0.2 "GET /compute/v2.1/" status: 200 len: 393 microversion: 2.1 time: 0.005904
Aug 26 20:48:41.376534 np0000191217 devstack@n-api.service[99126]: [pid: 99126|app: 0|req: 25/100] 162.253.55.152 () {64 vars in 1272 bytes} [Wed Aug 26 20:48:41 2026] GET /compute/v2.1/ => generated 393 bytes in 7 msecs (HTTP/1.1 200) 9 headers in 357 bytes (1 switches on core 0)
Aug 26 20:48:41.387425 np0000191217 devstack@n-api.service[99127]: DEBUG nova.api.openstack.wsgi [None req-d0cd6a29-c3d6-4a1f-b3db-9268141805f7 demo demo] Calling method '>' {{(pid=99127) _process_stack /opt/stack/nova/nova/api/openstack/wsgi.py:551}}
Aug 26 20:48:41.391168 np0000191217 devstack@n-api.service[99127]: DEBUG oslo_concurrency.lockutils [None req-d0cd6a29-c3d6-4a1f-b3db-9268141805f7 demo demo] Acquiring lock "00000000-0000-0000-0000-000000000000" by "nova.context.set_target_cell..get_or_set_cached_cell_and_set_connections" {{(pid=99127) inner /opt/stack/data/venv/lib/python3.12/site-packages/oslo_concurrency/lockutils.py:512}}
Aug 26 20:48:41.391532 np0000191217 devstack@n-api.service[99127]: DEBUG oslo_concurrency.lockutils [None req-d0cd6a29-c3d6-4a1f-b3db-9268141805f7 demo demo] Lock "00000000-0000-0000-0000-000000000000" acquired by "nova.context.set_target_cell..get_or_set_cached_cell_and_set_connections" :: waited 0.000s {{(pid=99127) inner /opt/stack/data/venv/lib/python3.12/site-packages/oslo_concurrency/lockutils.py:525}}
Aug 26 20:48:41.391938 np0000191217 devstack@n-api.service[99127]: DEBUG oslo_concurrency.lockutils [None req-d0cd6a29-c3d6-4a1f-b3db-9268141805f7 demo demo] Lock "00000000-0000-0000-0000-000000000000" "released" by "nova.context.set_target_cell..get_or_set_cached_cell_and_set_connections" :: held 0.000s {{(pid=99127) inner /opt/stack/data/venv/lib/python3.12/site-packages/oslo_concurrency/lockutils.py:544}}
Aug 26 20:48:41.393354 np0000191217 devstack@n-api.service[99127]: DEBUG oslo_concurrency.lockutils [None req-d0cd6a29-c3d6-4a1f-b3db-9268141805f7 demo demo] Acquiring lock "20881408-095a-4903-bdd8-75b0ea40dd77" by "nova.context.set_target_cell..get_or_set_cached_cell_and_set_connections" {{(pid=99127) inner /opt/stack/data/venv/lib/python3.12/site-packages/oslo_concurrency/lockutils.py:512}}
Aug 26 20:48:41.393749 np0000191217 devstack@n-api.service[99127]: DEBUG oslo_concurrency.lockutils [None req-d0cd6a29-c3d6-4a1f-b3db-9268141805f7 demo demo] Lock "20881408-095a-4903-bdd8-75b0ea40dd77" acquired by "nova.context.set_target_cell..get_or_set_cached_cell_and_set_connections" :: waited 0.000s {{(pid=99127) inner /opt/stack/data/venv/lib/python3.12/site-packages/oslo_concurrency/lockutils.py:525}}
Aug 26 20:48:41.394021 np0000191217 devstack@n-api.service[99127]: DEBUG oslo_concurrency.lockutils [None req-d0cd6a29-c3d6-4a1f-b3db-9268141805f7 demo demo] Lock "20881408-095a-4903-bdd8-75b0ea40dd77" "released" by "nova.context.set_target_cell..get_or_set_cached_cell_and_set_connections" :: held 0.000s {{(pid=99127) inner /opt/stack/data/venv/lib/python3.12/site-packages/oslo_concurrency/lockutils.py:544}}
Aug 26 20:48:41.422882 np0000191217 devstack@n-api.service[99127]: INFO nova.api.openstack.requestlog [None req-d0cd6a29-c3d6-4a1f-b3db-9268141805f7 demo demo] 172.18.0.2 "GET /compute/v2.1/os-availability-zone" status: 200 len: 97 microversion: 2.38 time: 0.038757
Aug 26 20:48:41.423627 np0000191217 devstack@n-api.service[99127]: [pid: 99127|app: 0|req: 25/101] 162.253.55.152 () {68 vars in 1415 bytes} [Wed Aug 26 20:48:41 2026] GET /compute/v2.1/os-availability-zone => generated 97 bytes in 40 msecs (HTTP/1.1 200) 9 headers in 358 bytes (1 switches on core 0)
Aug 26 20:48:42.223510 np0000191217 devstack@n-api.service[99128]: DEBUG nova.api.openstack.wsgi [None req-c6815de3-0751-4692-ab69-4a7fd3f8587e demo demo] Calling method '>' {{(pid=99128) _process_stack /opt/stack/nova/nova/api/openstack/wsgi.py:551}}
Aug 26 20:48:42.231006 np0000191217 devstack@n-api.service[99128]: INFO nova.api.openstack.requestlog [None req-c6815de3-0751-4692-ab69-4a7fd3f8587e demo demo] 172.18.0.2 "GET /compute/v2.1/" status: 200 len: 393 microversion: 2.1 time: 0.007980
Aug 26 20:48:42.231413 np0000191217 devstack@n-api.service[99128]: [pid: 99128|app: 0|req: 26/102] 162.253.55.152 () {64 vars in 1272 bytes} [Wed Aug 26 20:48:42 2026] GET /compute/v2.1/ => generated 393 bytes in 9 msecs (HTTP/1.1 200) 9 headers in 357 bytes (1 switches on core 0)
Aug 26 20:48:42.244443 np0000191217 devstack@n-api.service[99125]: DEBUG nova.api.openstack.wsgi [None req-f0b16703-d1a5-48ed-876b-e6f96d03f902 demo demo] Calling method '>' {{(pid=99125) _process_stack /opt/stack/nova/nova/api/openstack/wsgi.py:551}}
Aug 26 20:48:42.247895 np0000191217 devstack@n-api.service[99125]: DEBUG oslo_concurrency.lockutils [None req-f0b16703-d1a5-48ed-876b-e6f96d03f902 demo demo] Acquiring lock "00000000-0000-0000-0000-000000000000" by "nova.context.set_target_cell..get_or_set_cached_cell_and_set_connections" {{(pid=99125) inner /opt/stack/data/venv/lib/python3.12/site-packages/oslo_concurrency/lockutils.py:512}}
Aug 26 20:48:42.248239 np0000191217 devstack@n-api.service[99125]: DEBUG oslo_concurrency.lockutils [None req-f0b16703-d1a5-48ed-876b-e6f96d03f902 demo demo] Lock "00000000-0000-0000-0000-000000000000" acquired by "nova.context.set_target_cell..get_or_set_cached_cell_and_set_connections" :: waited 0.000s {{(pid=99125) inner /opt/stack/data/venv/lib/python3.12/site-packages/oslo_concurrency/lockutils.py:525}}
Aug 26 20:48:42.248500 np0000191217 devstack@n-api.service[99125]: DEBUG oslo_concurrency.lockutils [None req-f0b16703-d1a5-48ed-876b-e6f96d03f902 demo demo] Lock "00000000-0000-0000-0000-000000000000" "released" by "nova.context.set_target_cell..get_or_set_cached_cell_and_set_connections" :: held 0.000s {{(pid=99125) inner /opt/stack/data/venv/lib/python3.12/site-packages/oslo_concurrency/lockutils.py:544}}
Aug 26 20:48:42.249687 np0000191217 devstack@n-api.service[99125]: DEBUG oslo_concurrency.lockutils [None req-f0b16703-d1a5-48ed-876b-e6f96d03f902 demo demo] Acquiring lock "20881408-095a-4903-bdd8-75b0ea40dd77" by "nova.context.set_target_cell..get_or_set_cached_cell_and_set_connections" {{(pid=99125) inner /opt/stack/data/venv/lib/python3.12/site-packages/oslo_concurrency/lockutils.py:512}}
Aug 26 20:48:42.249971 np0000191217 devstack@n-api.service[99125]: DEBUG oslo_concurrency.lockutils [None req-f0b16703-d1a5-48ed-876b-e6f96d03f902 demo demo] Lock "20881408-095a-4903-bdd8-75b0ea40dd77" acquired by "nova.context.set_target_cell..get_or_set_cached_cell_and_set_connections" :: waited 0.000s {{(pid=99125) inner /opt/stack/data/venv/lib/python3.12/site-packages/oslo_concurrency/lockutils.py:525}}
