2026-05-05 23:21:54.287 9 INFO neutron.db.ovn_revision_numbers_db [None req-4f788e76-5e41-402b-b045-2634457323a3 2dc7c05af06646b8886b96fd3aca94c9 3909b9d0ee214a2e9b028f628ee8a188 - - default default] Successfully bumped revision number for resource 7af3c1f6-127b-4320-8e0f-1336f55a0f27 (type: security_group_rules) to 0
2026-05-05 23:21:54.305 9 INFO neutron.db.ovn_revision_numbers_db [None req-4f788e76-5e41-402b-b045-2634457323a3 2dc7c05af06646b8886b96fd3aca94c9 3909b9d0ee214a2e9b028f628ee8a188 - - default default] Successfully bumped revision number for resource f318342f-450e-45a6-b6c5-3b2857a799e9 (type: security_group_rules) to 0
2026-05-05 23:21:54.322 9 INFO neutron.db.ovn_revision_numbers_db [None req-4f788e76-5e41-402b-b045-2634457323a3 2dc7c05af06646b8886b96fd3aca94c9 3909b9d0ee214a2e9b028f628ee8a188 - - default default] Successfully bumped revision number for resource feb05817-c4e9-4185-81a8-74b3c4034f75 (type: security_group_rules) to 0
2026-05-05 23:21:54.389 9 INFO neutron.db.segments_db [None req-4f788e76-5e41-402b-b045-2634457323a3 2dc7c05af06646b8886b96fd3aca94c9 3909b9d0ee214a2e9b028f628ee8a188 - - default default] Added segment 941bd1f2-b862-4121-90d9-1237c2eedc3c of type geneve for network 9166a0de-7f5f-4066-a407-c005831df903
2026-05-05 23:21:54.434 10 INFO neutron.db.l3_db [None req-60fbea2c-1f87-4d79-94ff-9edad9a15b24 d156b39679d740e0991714275d7e07be 13b1a09b032b408abe618d6ba2d29ea4 - - default default] Floating IP 27449227-2c5d-4508-a80c-8b8118675f71 associated. External IP: 10.96.250.219, port: 403a5336-e697-4b1c-89f9-92c9079b691e.
2026-05-05 23:21:54.498 10 INFO neutron.wsgi [None req-4972a899-7901-444d-86cb-48dcdbd71003 0337079645ab441dba0f45ea4274e02d b8fc4d7aa67142ee9dfd80040cace284 - - default default] 10.0.0.6 "GET /v2.0/extensions HTTP/1.1" status: 200 len: 16520 time: 0.1044574
2026-05-05 23:21:54.509 9 INFO neutron.wsgi [None req-3f170e71-20a5-4163-b054-0aff26386d07 0337079645ab441dba0f45ea4274e02d b8fc4d7aa67142ee9dfd80040cace284 - - default default] 10.0.0.6 "GET /v2.0/extensions/address-group HTTP/1.1" status: 200 len: 353 time: 0.0057364
2026-05-05 23:21:54.517 10 INFO neutron.wsgi [None req-6f045f20-c6a7-4f36-9f53-5767b0f1bf56 0337079645ab441dba0f45ea4274e02d b8fc4d7aa67142ee9dfd80040cace284 - - default default] 10.0.0.6 "GET /v2.0/extensions/address-scope HTTP/1.1" status: 200 len: 357 time: 0.0046086
2026-05-05 23:21:54.533 9 INFO neutron.db.ovn_revision_numbers_db [None req-4f788e76-5e41-402b-b045-2634457323a3 2dc7c05af06646b8886b96fd3aca94c9 3909b9d0ee214a2e9b028f628ee8a188 - - default default] Successfully bumped revision number for resource 9166a0de-7f5f-4066-a407-c005831df903 (type: networks) to 1
2026-05-05 23:21:54.535 10 INFO neutron.wsgi [None req-21109cc5-7039-41a1-aa4b-b6aa314a5ca4 0337079645ab441dba0f45ea4274e02d b8fc4d7aa67142ee9dfd80040cace284 - - default default] 10.0.0.6 "GET /v2.0/extensions/agent HTTP/1.1" status: 200 len: 347 time: 0.0040143
2026-05-05 23:21:54.544 10 INFO neutron.wsgi [None req-45c7b194-9087-4ab7-a386-e33869dc2644 0337079645ab441dba0f45ea4274e02d b8fc4d7aa67142ee9dfd80040cace284 - - default default] 10.0.0.6 "GET /v2.0/extensions/allowed-address-pairs HTTP/1.1" status: 200 len: 378 time: 0.0034726
2026-05-05 23:21:54.556 10 INFO neutron.wsgi [None req-a546e253-5373-4f37-bb11-f2314a750b1a 0337079645ab441dba0f45ea4274e02d b8fc4d7aa67142ee9dfd80040cace284 - - default default] 10.0.0.6 "GET /v2.0/extensions/auto-allocated-topology HTTP/1.1" status: 200 len: 394 time: 0.0088727
2026-05-05 23:21:54.566 10 INFO neutron.wsgi [None req-7a911f3b-29f9-4bdd-98a9-010581e6ecdd 0337079645ab441dba0f45ea4274e02d b8fc4d7aa67142ee9dfd80040cace284 - - default default] 10.0.0.6 "GET /v2.0/extensions/availability_zone HTTP/1.1" status: 200 len: 372 time: 0.0048709
2026-05-05 23:21:54.574 10 INFO neutron.wsgi [None req-c681c50a-4b80-471e-ba0c-90711d8a58e4 0337079645ab441dba0f45ea4274e02d b8fc4d7aa67142ee9dfd80040cace284 - - default default] 10.0.0.6 "GET /v2.0/extensions/default-subnetpools HTTP/1.1" status: 200 len: 405 time: 0.0039155
2026-05-05 23:21:54.584 10 INFO neutron.wsgi [None req-93797e98-7e3c-4e93-be89-776b4c2cb481 0337079645ab441dba0f45ea4274e02d b8fc4d7aa67142ee9dfd80040cace284 - - default default] 10.0.0.6 "GET /v2.0/extensions/dhcp_agent_scheduler HTTP/1.1" status: 200 len: 381 time: 0.0058508
2026-05-05 23:21:54.601 10 INFO neutron.wsgi [None req-cf1f558c-b1bc-4976-b329-04d16c94d8ee 0337079645ab441dba0f45ea4274e02d b8fc4d7aa67142ee9dfd80040cace284 - - default default] 10.0.0.6 "GET /v2.0/extensions/dns-integration HTTP/1.1" status: 200 len: 366 time: 0.0127802
2026-05-05 23:21:54.610 9 INFO neutron.wsgi [None req-7729bc29-e8d8-4aee-a3bc-94ec35a3d806 0337079645ab441dba0f45ea4274e02d b8fc4d7aa67142ee9dfd80040cace284 - - default default] 10.0.0.6 "GET /v2.0/extensions/dns-domain-ports HTTP/1.1" status: 200 len: 399 time: 0.0057662
2026-05-05 23:21:54.618 9 INFO neutron.wsgi [None req-fa315432-9804-4825-8f13-6dbd2880af19 0337079645ab441dba0f45ea4274e02d b8fc4d7aa67142ee9dfd80040cace284 - - default default] 10.0.0.6 "GET /v2.0/extensions/dns-integration-domain-keywords HTTP/1.1" status: 200 len: 477 time: 0.0041461
2026-05-05 23:21:54.627 10 INFO neutron.wsgi [None req-285b9c2b-586e-4fe3-a918-f8927c44038c 0337079645ab441dba0f45ea4274e02d b8fc4d7aa67142ee9dfd80040cace284 - - default default] 10.0.0.6 "GET /v2.0/extensions/external-net HTTP/1.1" status: 200 len: 394 time: 0.0041215
2026-05-05 23:21:54.633 10 INFO neutron.wsgi [None req-87494280-bea0-4ebe-b198-57eefe09c9e3 0337079645ab441dba0f45ea4274e02d b8fc4d7aa67142ee9dfd80040cace284 - - default default] 10.0.0.6 "GET /v2.0/extensions/extra_dhcp_opt HTTP/1.1" status: 200 len: 498 time: 0.0031514
2026-05-05 23:21:54.634 10 INFO neutron.db.ovn_revision_numbers_db [None req-60fbea2c-1f87-4d79-94ff-9edad9a15b24 d156b39679d740e0991714275d7e07be 13b1a09b032b408abe618d6ba2d29ea4 - - default default] Successfully bumped revision number for resource 27449227-2c5d-4508-a80c-8b8118675f71 (type: floatingips) to 0
2026-05-05 23:21:54.640 10 INFO neutron.wsgi [None req-8f29b7cf-9609-47c0-bf26-e54b79948e07 0337079645ab441dba0f45ea4274e02d b8fc4d7aa67142ee9dfd80040cace284 - - default default] 10.0.0.6 "GET /v2.0/extensions/extraroute HTTP/1.1" status: 200 len: 375 time: 0.0038538
2026-05-05 23:21:54.649 9 INFO neutron.wsgi [None req-c3a4c51e-4aa1-43ff-8a56-12713748edf5 0337079645ab441dba0f45ea4274e02d b8fc4d7aa67142ee9dfd80040cace284 - - default default] 10.0.0.6 "GET /v2.0/extensions/filter-validation HTTP/1.1" status: 200 len: 392 time: 0.0051508
2026-05-05 23:21:54.657 10 INFO neutron.wsgi [None req-cf65ea98-eb0c-4af0-815f-0d5cbe134c4e 0337079645ab441dba0f45ea4274e02d b8fc4d7aa67142ee9dfd80040cace284 - - default default] 10.0.0.6 "GET /v2.0/extensions/floating-ip-port-forwarding-detail HTTP/1.1" status: 200 len: 465 time: 0.0044277
2026-05-05 23:21:54.666 10 INFO neutron.wsgi [None req-112bb301-fff7-4f23-82f0-1327d3191a18 0337079645ab441dba0f45ea4274e02d b8fc4d7aa67142ee9dfd80040cace284 - - default default] 10.0.0.6 "GET /v2.0/extensions/fip-port-details HTTP/1.1" status: 200 len: 406 time: 0.0044863
2026-05-05 23:21:54.672 10 INFO neutron.wsgi [None req-3e1f4aef-d098-4742-89dd-b4d37007809c 0337079645ab441dba0f45ea4274e02d b8fc4d7aa67142ee9dfd80040cace284 - - default default] 10.0.0.6 "GET /v2.0/extensions/flavors HTTP/1.1" status: 200 len: 387 time: 0.0032446
2026-05-05 23:21:54.682 9 INFO neutron.wsgi [None req-3cf868c1-ba05-486a-9e7f-da2abff28642 0337079645ab441dba0f45ea4274e02d b8fc4d7aa67142ee9dfd80040cace284 - - default default] 10.0.0.6 "GET /v2.0/extensions/floatingip-pools HTTP/1.1" status: 200 len: 382 time: 0.0043142
2026-05-05 23:21:54.694 9 INFO neutron.wsgi [None req-42ad6b02-b466-4a3c-813e-1e99f3a1e5a3 0337079645ab441dba0f45ea4274e02d b8fc4d7aa67142ee9dfd80040cace284 - - default default] 10.0.0.6 "GET /v2.0/extensions/ip_allocation HTTP/1.1" status: 200 len: 356 time: 0.0053349
2026-05-05 23:21:54.702 9 INFO neutron.wsgi [None req-f0db7f01-3032-47e5-9eec-c973c0b677cb 0337079645ab441dba0f45ea4274e02d b8fc4d7aa67142ee9dfd80040cace284 - - default default] 10.0.0.6 "GET /v2.0/extensions/l2_adjacency HTTP/1.1" status: 200 len: 372 time: 0.0038788
2026-05-05 23:21:54.709 9 INFO neutron.wsgi [None req-46c5d37c-3761-4f87-83a4-ab353ea421e4 0337079645ab441dba0f45ea4274e02d b8fc4d7aa67142ee9dfd80040cace284 - - default default] 10.0.0.6 "GET /v2.0/extensions/router HTTP/1.1" status: 200 len: 450 time: 0.0029895
2026-05-05 23:21:54.717 10 INFO neutron.wsgi [None req-e37b01f9-d470-4c15-b66d-93abfb13c623 0337079645ab441dba0f45ea4274e02d b8fc4d7aa67142ee9dfd80040cace284 - - default default] 10.0.0.6 "GET /v2.0/extensions/ext-gw-mode HTTP/1.1" status: 200 len: 462 time: 0.0037334
2026-05-05 23:21:54.727 10 INFO neutron.wsgi [None req-b148a00f-de40-400b-98a3-4e824374c522 0337079645ab441dba0f45ea4274e02d b8fc4d7aa67142ee9dfd80040cace284 - - default default] 10.0.0.6 "GET /v2.0/extensions/logging HTTP/1.1" status: 200 len: 407 time: 0.0055799
2026-05-05 23:21:54.734 9 WARNING neutron.scheduler.dhcp_agent_scheduler [None req-4f788e76-5e41-402b-b045-2634457323a3 2dc7c05af06646b8886b96fd3aca94c9 3909b9d0ee214a2e9b028f628ee8a188 - - default default] No more DHCP agents
2026-05-05 23:21:54.739 9 INFO neutron.wsgi [None req-b7ad9fae-4327-40ec-b036-323de0049b09 0337079645ab441dba0f45ea4274e02d b8fc4d7aa67142ee9dfd80040cace284 - - default default] 10.0.0.6 "GET /v2.0/extensions/multi-provider HTTP/1.1" status: 200 len: 406 time: 0.0063417
2026-05-05 23:21:54.740 9 WARNING neutron.api.rpc.agentnotifiers.dhcp_rpc_agent_api [None req-4f788e76-5e41-402b-b045-2634457323a3 2dc7c05af06646b8886b96fd3aca94c9 3909b9d0ee214a2e9b028f628ee8a188 - - default default] Unable to schedule network 9166a0de-7f5f-4066-a407-c005831df903: no agents available; will retry on subsequent port and subnet creation events.
2026-05-05 23:21:54.748 10 INFO neutron.wsgi [None req-044f5561-4d83-41be-8347-960dcf7f779b 0337079645ab441dba0f45ea4274e02d b8fc4d7aa67142ee9dfd80040cace284 - - default default] 10.0.0.6 "GET /v2.0/extensions/net-mtu HTTP/1.1" status: 200 len: 370 time: 0.0043013
2026-05-05 23:21:54.760 9 INFO neutron.wsgi [None req-56756d53-ab38-48c6-a927-1f88f7358678 0337079645ab441dba0f45ea4274e02d b8fc4d7aa67142ee9dfd80040cace284 - - default default] 10.0.0.6 "GET /v2.0/extensions/net-mtu-writable HTTP/1.1" status: 200 len: 401 time: 0.0091927
2026-05-05 23:21:54.764 10 INFO neutron.db.ovn_revision_numbers_db [None req-60fbea2c-1f87-4d79-94ff-9edad9a15b24 d156b39679d740e0991714275d7e07be 13b1a09b032b408abe618d6ba2d29ea4 - - default default] Successfully bumped revision number for resource 27449227-2c5d-4508-a80c-8b8118675f71 (type: floatingips) to 1
2026-05-05 23:21:54.772 9 INFO neutron.wsgi [None req-e703ad97-b7f1-4751-9ca9-cc17625c6a79 0337079645ab441dba0f45ea4274e02d b8fc4d7aa67142ee9dfd80040cace284 - - default default] 10.0.0.6 "GET /v2.0/extensions/network_availability_zone HTTP/1.1" status: 200 len: 394 time: 0.0064306
2026-05-05 23:21:54.783 10 INFO neutron.wsgi [None req-9cf45ee7-5ca1-41ca-a993-090dbad40667 0337079645ab441dba0f45ea4274e02d b8fc4d7aa67142ee9dfd80040cace284 - - default default] 10.0.0.6 "GET /v2.0/extensions/network-ip-availability HTTP/1.1" status: 200 len: 410 time: 0.0079050
2026-05-05 23:21:54.792 9 INFO neutron.wsgi [None req-8141ecf3-c00e-4fa6-b1e6-472f7cdd464b 0337079645ab441dba0f45ea4274e02d b8fc4d7aa67142ee9dfd80040cace284 - - default default] 10.0.0.6 "GET /v2.0/extensions/pagination HTTP/1.1" status: 200 len: 386 time: 0.0035596
2026-05-05 23:21:54.800 9 INFO neutron.wsgi [None req-68467309-fd6c-47b6-a3bd-57d30d1567f1 0337079645ab441dba0f45ea4274e02d b8fc4d7aa67142ee9dfd80040cace284 - - default default] 10.0.0.6 "GET /v2.0/extensions/port-device-profile HTTP/1.1" status: 200 len: 383 time: 0.0037847
2026-05-05 23:21:54.813 10 INFO neutron.wsgi [None req-e7daf043-818a-411b-b668-85e611e47659 0337079645ab441dba0f45ea4274e02d b8fc4d7aa67142ee9dfd80040cace284 - - default default] 10.0.0.6 "GET /v2.0/extensions/port-mac-address-regenerate HTTP/1.1" status: 200 len: 403 time: 0.0074487
2026-05-05 23:21:54.817 10 INFO neutron.wsgi [None req-60fbea2c-1f87-4d79-94ff-9edad9a15b24 d156b39679d740e0991714275d7e07be 13b1a09b032b408abe618d6ba2d29ea4 - - default default] 10.0.0.6 "POST /v2.0/floatingips HTTP/1.1" status: 201 len: 1041 time: 1.1512661
2026-05-05 23:21:54.821 10 INFO neutron.wsgi [None req-2302d00e-1a41-4ef4-a0ae-8b92eb92d08a 0337079645ab441dba0f45ea4274e02d b8fc4d7aa67142ee9dfd80040cace284 - - default default] 10.0.0.6 "GET /v2.0/extensions/port-numa-affinity-policy HTTP/1.1" status: 200 len: 392 time: 0.0033214
2026-05-05 23:21:54.831 10 INFO neutron.wsgi [None req-66e9ae21-d5f8-4575-91ce-abd340207b0a 0337079645ab441dba0f45ea4274e02d b8fc4d7aa67142ee9dfd80040cace284 - - default default] 10.0.0.6 "GET /v2.0/extensions/port-resource-request HTTP/1.1" status: 200 len: 379 time: 0.0047824
2026-05-05 23:21:54.839 10 INFO neutron.wsgi [None req-8fed9548-efc7-45eb-8a34-b633e20322d1 0337079645ab441dba0f45ea4274e02d b8fc4d7aa67142ee9dfd80040cace284 - - default default] 10.0.0.6 "GET /v2.0/extensions/port-resource-request-groups HTTP/1.1" status: 200 len: 465 time: 0.0045724
2026-05-05 23:21:54.848 10 INFO neutron.wsgi [None req-61cd5f01-5270-4d7e-8804-d9e75d3b035f 0337079645ab441dba0f45ea4274e02d b8fc4d7aa67142ee9dfd80040cace284 - - default default] 10.0.0.6 "GET /v2.0/extensions/binding HTTP/1.1" status: 200 len: 387 time: 0.0051196
2026-05-05 23:21:54.849 9 INFO neutron.db.ovn_revision_numbers_db [None req-4f788e76-5e41-402b-b045-2634457323a3 2dc7c05af06646b8886b96fd3aca94c9 3909b9d0ee214a2e9b028f628ee8a188 - - default default] Successfully bumped revision number for resource e90084f3-b8e8-4e07-a2b3-2f094f376c72 (type: ports) to 1
2026-05-05 23:21:54.856 9 INFO neutron.wsgi [None req-6d43fda6-0442-4e67-8a53-3ac1ab17a64a d156b39679d740e0991714275d7e07be 13b1a09b032b408abe618d6ba2d29ea4 - - default default] 10.0.0.6 "GET /v2.0/floatingips/27449227-2c5d-4508-a80c-8b8118675f71 HTTP/1.1" status: 200 len: 1038 time: 0.0348966
2026-05-05 23:21:54.856 10 INFO neutron.wsgi [None req-3526f87a-35b6-42a7-9a14-f0ab0550d5b8 0337079645ab441dba0f45ea4274e02d b8fc4d7aa67142ee9dfd80040cace284 - - default default] 10.0.0.6 "GET /v2.0/extensions/binding-extended HTTP/1.1" status: 200 len: 406 time: 0.0047789
2026-05-05 23:21:54.865 10 INFO neutron.wsgi [None req-5c93e7fa-27b8-40aa-ab81-c93c527c194c 0337079645ab441dba0f45ea4274e02d b8fc4d7aa67142ee9dfd80040cace284 - - default default] 10.0.0.6 "GET /v2.0/extensions/port-security HTTP/1.1" status: 200 len: 354 time: 0.0047977
2026-05-05 23:21:54.873 10 INFO neutron.wsgi [None req-b77c5b1b-1426-43cd-a422-5dce5aca3a4d 0337079645ab441dba0f45ea4274e02d b8fc4d7aa67142ee9dfd80040cace284 - - default default] 10.0.0.6 "GET /v2.0/extensions/project-id HTTP/1.1" status: 200 len: 398 time: 0.0044913
2026-05-05 23:21:54.883 10 INFO neutron.wsgi [None req-fe0f37dc-49ee-4aa4-9a45-54fb61bfad48 0337079645ab441dba0f45ea4274e02d b8fc4d7aa67142ee9dfd80040cace284 - - default default] 10.0.0.6 "GET /v2.0/extensions/provider HTTP/1.1" status: 200 len: 385 time: 0.0057507
2026-05-05 23:21:54.886 9 INFO neutron.wsgi [None req-4f788e76-5e41-402b-b045-2634457323a3 2dc7c05af06646b8886b96fd3aca94c9 3909b9d0ee214a2e9b028f628ee8a188 - - default default] 10.0.0.6 "POST /v2.0/networks HTTP/1.1" status: 201 len: 946 time: 0.9079280
2026-05-05 23:21:54.893 10 INFO neutron.wsgi [None req-25cddce6-99b4-434e-9f78-f182d4987bb4 0337079645ab441dba0f45ea4274e02d b8fc4d7aa67142ee9dfd80040cace284 - - default default] 10.0.0.6 "GET /v2.0/extensions/qos HTTP/1.1" status: 200 len: 360 time: 0.0055220
2026-05-05 23:21:54.904 10 INFO neutron.wsgi [None req-c05bae74-ce2b-4294-9cec-7b939af7ebb0 0337079645ab441dba0f45ea4274e02d b8fc4d7aa67142ee9dfd80040cace284 - - default default] 10.0.0.6 "GET /v2.0/extensions/qos-bw-limit-direction HTTP/1.1" status: 200 len: 452 time: 0.0057590
2026-05-05 23:21:54.914 10 INFO neutron.wsgi [None req-79b2c223-1bca-426f-8c08-10bd1f8f8ea6 0337079645ab441dba0f45ea4274e02d b8fc4d7aa67142ee9dfd80040cace284 - - default default] 10.0.0.6 "GET /v2.0/extensions/qos-bw-minimum-ingress HTTP/1.1" status: 200 len: 445 time: 0.0049329
2026-05-05 23:21:54.930 9 INFO neutron.wsgi [None req-d63114ee-1c50-4c6a-9bd0-46b05707c829 d156b39679d740e0991714275d7e07be 13b1a09b032b408abe618d6ba2d29ea4 - - default default] 10.0.0.6 "GET /v2.0/floatingips HTTP/1.1" status: 200 len: 1041 time: 0.0710766
2026-05-05 23:21:54.933 10 INFO neutron.wsgi [None req-f02b35e2-956c-4dc3-8286-bcd74164df82 0337079645ab441dba0f45ea4274e02d b8fc4d7aa67142ee9dfd80040cace284 - - default default] 10.0.0.6 "GET /v2.0/extensions/qos-default HTTP/1.1" status: 200 len: 377 time: 0.0050285
2026-05-05 23:21:54.945 9 INFO neutron.wsgi [None req-fde6cbd0-2047-4656-983c-39e7b3559b0c 0337079645ab441dba0f45ea4274e02d b8fc4d7aa67142ee9dfd80040cace284 - - default default] 10.0.0.6 "GET /v2.0/extensions/qos-fip HTTP/1.1" status: 200 len: 372 time: 0.0079029
2026-05-05 23:21:54.955 9 INFO neutron.wsgi [None req-8174da41-42b5-4743-b79f-fb6062d7c519 0337079645ab441dba0f45ea4274e02d b8fc4d7aa67142ee9dfd80040cace284 - - default default] 10.0.0.6 "GET /v2.0/extensions/qos-gateway-ip HTTP/1.1" status: 200 len: 391 time: 0.0041387
2026-05-05 23:21:54.971 9 INFO neutron.wsgi [None req-35b02265-527c-494c-b24c-6b8e9523d76e 0337079645ab441dba0f45ea4274e02d b8fc4d7aa67142ee9dfd80040cace284 - - default default] 10.0.0.6 "GET /v2.0/extensions/qos-port-network-policy HTTP/1.1" status: 200 len: 403 time: 0.0127437
2026-05-05 23:21:54.981 9 INFO neutron.wsgi [None req-70c29390-c40d-42ea-8869-da3c9a40712d 0337079645ab441dba0f45ea4274e02d b8fc4d7aa67142ee9dfd80040cace284 - - default default] 10.0.0.6 "GET /v2.0/extensions/qos-pps-minimum HTTP/1.1" status: 200 len: 397 time: 0.0051785
2026-05-05 23:21:54.989 9 INFO neutron.wsgi [None req-1a4a7b29-7044-4f1b-98d5-3c9132967529 0337079645ab441dba0f45ea4274e02d b8fc4d7aa67142ee9dfd80040cace284 - - default default] 10.0.0.6 "GET /v2.0/extensions/qos-pps-minimum-rule-alias HTTP/1.1" status: 200 len: 471 time: 0.0046659
2026-05-05 23:21:54.998 9 INFO neutron.wsgi [None req-757fdc7f-9233-4d9c-a7d0-1acfe283dbf8 0337079645ab441dba0f45ea4274e02d b8fc4d7aa67142ee9dfd80040cace284 - - default default] 10.0.0.6 "GET /v2.0/extensions/qos-pps HTTP/1.1" status: 200 len: 389 time: 0.0053401
2026-05-05 23:21:55.009 10 INFO neutron.wsgi [None req-6714846f-45d8-40db-a832-69cd9194d97f 0337079645ab441dba0f45ea4274e02d b8fc4d7aa67142ee9dfd80040cace284 - - default default] 10.0.0.6 "GET /v2.0/extensions/qos-rule-type-details HTTP/1.1" status: 200 len: 423 time: 0.0061791
2026-05-05 23:21:55.018 10 INFO neutron.wsgi [None req-a8ef26f9-a9d5-40e5-ac4f-821acac47132 0337079645ab441dba0f45ea4274e02d b8fc4d7aa67142ee9dfd80040cace284 - - default default] 10.0.0.6 "GET /v2.0/extensions/qos-rule-type-filter HTTP/1.1" status: 200 len: 567 time: 0.0053039
2026-05-05 23:21:55.027 9 INFO neutron.wsgi [None req-19afa1e6-e653-409c-b0e4-0a3755494d76 0337079645ab441dba0f45ea4274e02d b8fc4d7aa67142ee9dfd80040cace284 - - default default] 10.0.0.6 "GET /v2.0/extensions/qos-rules-alias HTTP/1.1" status: 200 len: 448 time: 0.0052912
2026-05-05 23:21:55.035 9 INFO neutron.wsgi [None req-12aa3ee0-5477-4dc8-99a5-efa60c91ce62 0337079645ab441dba0f45ea4274e02d b8fc4d7aa67142ee9dfd80040cace284 - - default default] 10.0.0.6 "GET /v2.0/extensions/quota-check-limit HTTP/1.1" status: 200 len: 420 time: 0.0047054
2026-05-05 23:21:55.045 9 INFO neutron.wsgi [None req-ea4490ea-4948-453e-ae85-7cee7700df97 0337079645ab441dba0f45ea4274e02d b8fc4d7aa67142ee9dfd80040cace284 - - default default] 10.0.0.6 "GET /v2.0/extensions/quotas HTTP/1.1" status: 200 len: 386 time: 0.0056365
2026-05-05 23:21:55.061 9 INFO neutron.wsgi [None req-66415425-e3ff-4c04-a33a-b3de8fbe61a0 0337079645ab441dba0f45ea4274e02d b8fc4d7aa67142ee9dfd80040cace284 - - default default] 10.0.0.6 "GET /v2.0/extensions/quota_details HTTP/1.1" status: 200 len: 407 time: 0.0132494
2026-05-05 23:21:55.072 9 INFO neutron.wsgi [None req-f8163baa-6f04-4d73-842f-e6a932496cf1 0337079645ab441dba0f45ea4274e02d b8fc4d7aa67142ee9dfd80040cace284 - - default default] 10.0.0.6 "GET /v2.0/extensions/rbac-policies HTTP/1.1" status: 200 len: 417 time: 0.0051882
2026-05-05 23:21:55.079 9 INFO neutron.wsgi [None req-c19b6d3c-724f-43f3-8dff-78f75f815aeb 0337079645ab441dba0f45ea4274e02d b8fc4d7aa67142ee9dfd80040cace284 - - default default] 10.0.0.6 "GET /v2.0/extensions/rbac-address-scope HTTP/1.1" status: 200 len: 384 time: 0.0031030
2026-05-05 23:21:55.086 9 INFO neutron.wsgi [None req-8405f39e-e7a7-435f-8541-91e532b7a17f 0337079645ab441dba0f45ea4274e02d b8fc4d7aa67142ee9dfd80040cace284 - - default default] 10.0.0.6 "GET /v2.0/extensions/rbac-security-groups HTTP/1.1" status: 200 len: 404 time: 0.0035453
2026-05-05 23:21:55.094 10 INFO neutron.wsgi [None req-2b8896b6-70d5-4809-a19f-df9b908b9e57 0337079645ab441dba0f45ea4274e02d b8fc4d7aa67142ee9dfd80040cace284 - - default default] 10.0.0.6 "GET /v2.0/extensions/revision-if-match HTTP/1.1" status: 200 len: 441 time: 0.0054433
2026-05-05 23:21:55.104 9 INFO neutron.wsgi [None req-97de559f-39da-457c-9431-36820225d04c 0337079645ab441dba0f45ea4274e02d b8fc4d7aa67142ee9dfd80040cace284 - - default default] 10.0.0.6 "GET /v2.0/extensions/standard-attr-revisions HTTP/1.1" status: 200 len: 423 time: 0.0051475
2026-05-05 23:21:55.110 9 WARNING neutron.scheduler.dhcp_agent_scheduler [None req-bdfbb3db-7654-4426-89ff-8197142d63f0 2dc7c05af06646b8886b96fd3aca94c9 3909b9d0ee214a2e9b028f628ee8a188 - - default default] No more DHCP agents
2026-05-05 23:21:55.114 9 INFO neutron.wsgi [None req-1ae192fb-9158-4d2b-8bb0-af651e201107 0337079645ab441dba0f45ea4274e02d b8fc4d7aa67142ee9dfd80040cace284 - - default default] 10.0.0.6 "GET /v2.0/extensions/router_availability_zone HTTP/1.1" status: 200 len: 391 time: 0.0055842
2026-05-05 23:21:55.117 9 WARNING neutron.api.rpc.agentnotifiers.dhcp_rpc_agent_api [None req-bdfbb3db-7654-4426-89ff-8197142d63f0 2dc7c05af06646b8886b96fd3aca94c9 3909b9d0ee214a2e9b028f628ee8a188 - - default default] Unable to schedule network 9166a0de-7f5f-4066-a407-c005831df903: no agents available; will retry on subsequent port and subnet creation events.
2026-05-05 23:21:55.124 10 INFO neutron.wsgi [None req-4d38af08-0a79-4b49-81fd-1446c9b8938a 0337079645ab441dba0f45ea4274e02d b8fc4d7aa67142ee9dfd80040cace284 - - default default] 10.0.0.6 "GET /v2.0/extensions/security-groups-normalized-cidr HTTP/1.1" status: 200 len: 445 time: 0.0058675
2026-05-05 23:21:55.134 9 INFO neutron.wsgi [None req-fdec696b-16c6-4fd5-ac4a-52feb41b4dcd 0337079645ab441dba0f45ea4274e02d b8fc4d7aa67142ee9dfd80040cace284 - - default default] 10.0.0.6 "GET /v2.0/extensions/security-groups-remote-address-group HTTP/1.1" status: 200 len: 448 time: 0.0049517
2026-05-05 23:21:55.144 10 INFO neutron.wsgi [None req-adba676f-2cee-4012-b473-d5aca28de9f9 0337079645ab441dba0f45ea4274e02d b8fc4d7aa67142ee9dfd80040cace284 - - default default] 10.0.0.6 "GET /v2.0/extensions/security-groups-shared-filtering HTTP/1.1" status: 200 len: 435 time: 0.0046518
2026-05-05 23:21:55.152 10 INFO neutron.wsgi [None req-56bacfac-ad24-46e8-8e07-04c13e585a21 0337079645ab441dba0f45ea4274e02d b8fc4d7aa67142ee9dfd80040cace284 - - default default] 10.0.0.6 "GET /v2.0/extensions/security-group HTTP/1.1" status: 200 len: 364 time: 0.0044880
2026-05-05 23:21:55.161 10 INFO neutron.wsgi [None req-5db59828-14a1-4815-b0d8-3c3398788b3f 0337079645ab441dba0f45ea4274e02d b8fc4d7aa67142ee9dfd80040cace284 - - default default] 10.0.0.6 "GET /v2.0/extensions/segment HTTP/1.1" status: 200 len: 339 time: 0.0051641
2026-05-05 23:21:55.173 10 INFO neutron.wsgi [None req-36e0cb6a-420c-4381-9f08-1c9ded5319bc 0337079645ab441dba0f45ea4274e02d b8fc4d7aa67142ee9dfd80040cace284 - - default default] 10.0.0.6 "GET /v2.0/extensions/segments-peer-subnet-host-routes HTTP/1.1" status: 200 len: 427 time: 0.0088382
2026-05-05 23:21:55.181 10 INFO neutron.wsgi [None req-d8bc6fbc-aee1-4202-9deb-29313a21c86d 0337079645ab441dba0f45ea4274e02d b8fc4d7aa67142ee9dfd80040cace284 - - default default] 10.0.0.6 "GET /v2.0/extensions/service-type HTTP/1.1" status: 200 len: 415 time: 0.0037584
2026-05-05 23:21:55.193 9 INFO neutron.wsgi [None req-3ae06b17-35fa-47e2-9bcc-fbab4b0b0761 0337079645ab441dba0f45ea4274e02d b8fc4d7aa67142ee9dfd80040cace284 - - default default] 10.0.0.6 "GET /v2.0/extensions/sorting HTTP/1.1" status: 200 len: 377 time: 0.0089858
2026-05-05 23:21:55.202 9 INFO neutron.wsgi [None req-6e9e7cc7-d2f7-48e4-bd95-e2ce907aecdf 0337079645ab441dba0f45ea4274e02d b8fc4d7aa67142ee9dfd80040cace284 - - default default] 10.0.0.6 "GET /v2.0/extensions/standard-attr-segment HTTP/1.1" status: 200 len: 406 time: 0.0037267
2026-05-05 23:21:55.213 10 INFO neutron.wsgi [None req-333d0431-8adf-46b1-be16-901a4d1c17ce 0337079645ab441dba0f45ea4274e02d b8fc4d7aa67142ee9dfd80040cace284 - - default default] 10.0.0.6 "GET /v2.0/extensions/standard-attr-description HTTP/1.1" status: 200 len: 408 time: 0.0066388
2026-05-05 23:21:55.222 9 INFO neutron.wsgi [None req-6d0328b3-1d48-45d1-8b51-1e0477d6419b 0337079645ab441dba0f45ea4274e02d b8fc4d7aa67142ee9dfd80040cace284 - - default default] 10.0.0.6 "GET /v2.0/extensions/stateful-security-group HTTP/1.1" status: 200 len: 402 time: 0.0051222
2026-05-05 23:21:55.227 10 INFO neutron.db.l3_db [None req-d7f91f35-5c6f-4e1d-af01-aaf3b7cc9d20 d156b39679d740e0991714275d7e07be 13b1a09b032b408abe618d6ba2d29ea4 - - default default] Floating IP 27449227-2c5d-4508-a80c-8b8118675f71 associated. External IP: 10.96.250.219, port: 403a5336-e697-4b1c-89f9-92c9079b691e.
2026-05-05 23:21:55.230 9 INFO neutron.wsgi [None req-b0925538-d708-4bc5-b075-648c485e56ea 0337079645ab441dba0f45ea4274e02d b8fc4d7aa67142ee9dfd80040cace284 - - default default] 10.0.0.6 "GET /v2.0/extensions/subnet-dns-publish-fixed-ip HTTP/1.1" status: 200 len: 421 time: 0.0050962
2026-05-05 23:21:55.239 10 INFO neutron.wsgi [None req-587187bf-6f4c-4044-aab9-ed1bd3e927eb 0337079645ab441dba0f45ea4274e02d b8fc4d7aa67142ee9dfd80040cace284 - - default default] 10.0.0.6 "GET /v2.0/extensions/subnet-segmentid-writable HTTP/1.1" status: 200 len: 421 time: 0.0061681
2026-05-05 23:21:55.248 9 INFO neutron.wsgi [None req-1d0d68d9-2ab5-431d-b24e-4d4c048b7a17 0337079645ab441dba0f45ea4274e02d b8fc4d7aa67142ee9dfd80040cace284 - - default default] 10.0.0.6 "GET /v2.0/extensions/subnet-service-types HTTP/1.1" status: 200 len: 400 time: 0.0058897
2026-05-05 23:21:55.258 10 INFO neutron.wsgi [None req-06cf813a-f5da-4779-be46-892dac67ee18 0337079645ab441dba0f45ea4274e02d b8fc4d7aa67142ee9dfd80040cace284 - - default default] 10.0.0.6 "GET /v2.0/extensions/subnet_allocation HTTP/1.1" status: 200 len: 388 time: 0.0046628
2026-05-05 23:21:55.266 10 INFO neutron.wsgi [None req-f4ff4f57-d235-451c-8b62-43ab39cfbe33 0337079645ab441dba0f45ea4274e02d b8fc4d7aa67142ee9dfd80040cace284 - - default default] 10.0.0.6 "GET /v2.0/extensions/subnetpool-prefix-ops HTTP/1.1" status: 200 len: 418 time: 0.0033977
2026-05-05 23:21:55.274 9 INFO neutron.wsgi [None req-f226a3b5-3e39-4ec5-9c71-14b4bd5d506f 0337079645ab441dba0f45ea4274e02d b8fc4d7aa67142ee9dfd80040cace284 - - default default] 10.0.0.6 "GET /v2.0/extensions/standard-attr-tag HTTP/1.1" status: 200 len: 537 time: 0.0042753
2026-05-05 23:21:55.281 9 INFO neutron.wsgi [None req-078a952c-2e91-4c62-8c9c-07476db08e99 0337079645ab441dba0f45ea4274e02d b8fc4d7aa67142ee9dfd80040cace284 - - default default] 10.0.0.6 "GET /v2.0/extensions/standard-attr-timestamp HTTP/1.1" status: 200 len: 449 time: 0.0036035
2026-05-05 23:21:55.289 9 INFO neutron.wsgi [None req-b1412268-eac9-4f7c-baff-41942e430cc5 0337079645ab441dba0f45ea4274e02d b8fc4d7aa67142ee9dfd80040cace284 - - default default] 10.0.0.6 "GET /v2.0/extensions/trunk HTTP/1.1" status: 200 len: 358 time: 0.0049798
2026-05-05 23:21:55.298 10 INFO neutron.wsgi [None req-c2333acc-c681-41be-b564-17bf73cbb8c3 0337079645ab441dba0f45ea4274e02d b8fc4d7aa67142ee9dfd80040cace284 - - default default] 10.0.0.6 "GET /v2.0/extensions/trunk-details HTTP/1.1" status: 200 len: 362 time: 0.0056651
2026-05-05 23:21:55.453 10 INFO neutron.db.ovn_revision_numbers_db [None req-d7f91f35-5c6f-4e1d-af01-aaf3b7cc9d20 d156b39679d740e0991714275d7e07be 13b1a09b032b408abe618d6ba2d29ea4 - - default default] Successfully bumped revision number for resource 27449227-2c5d-4508-a80c-8b8118675f71 (type: floatingips) to 2
2026-05-05 23:21:55.559 10 INFO neutron.db.ovn_revision_numbers_db [None req-d7f91f35-5c6f-4e1d-af01-aaf3b7cc9d20 d156b39679d740e0991714275d7e07be 13b1a09b032b408abe618d6ba2d29ea4 - - default default] Successfully bumped revision number for resource 27449227-2c5d-4508-a80c-8b8118675f71 (type: floatingips) to 2
2026-05-05 23:21:55.596 9 INFO neutron.db.ovn_revision_numbers_db [None req-bdfbb3db-7654-4426-89ff-8197142d63f0 2dc7c05af06646b8886b96fd3aca94c9 3909b9d0ee214a2e9b028f628ee8a188 - - default default] Successfully bumped revision number for resource e90084f3-b8e8-4e07-a2b3-2f094f376c72 (type: ports) to 2
2026-05-05 23:21:55.601 10 INFO neutron.wsgi [None req-d7f91f35-5c6f-4e1d-af01-aaf3b7cc9d20 d156b39679d740e0991714275d7e07be 13b1a09b032b408abe618d6ba2d29ea4 - - default default] 10.0.0.6 "PUT /v2.0/floatingips/27449227-2c5d-4508-a80c-8b8118675f71 HTTP/1.1" status: 200 len: 1037 time: 0.6665416 /var/lib/openstack/lib/python3.10/site-packages/pycadf/identifier.py:71: UserWarning: Invalid uuid: neutron. To ensure interoperability, identifiers should be a valid uuid. warnings.warn(('Invalid uuid: %s. To ensure interoperability, '
2026-05-05 23:21:55.637 9 INFO neutron.db.ovn_revision_numbers_db [None req-bdfbb3db-7654-4426-89ff-8197142d63f0 2dc7c05af06646b8886b96fd3aca94c9 3909b9d0ee214a2e9b028f628ee8a188 - - default default] Successfully bumped revision number for resource a1ef7042-9799-44e8-8416-7995e3080d00 (type: subnets) to 0
2026-05-05 23:21:55.654 9 INFO neutron.wsgi [None req-bdfbb3db-7654-4426-89ff-8197142d63f0 2dc7c05af06646b8886b96fd3aca94c9 3909b9d0ee214a2e9b028f628ee8a188 - - default default] 10.0.0.6 "POST /v2.0/subnets HTTP/1.1" status: 201 len: 866 time: 0.7621565
2026-05-05 23:21:55.729 10 INFO neutron.db.l3_db [None req-bad45006-9635-4ea5-8c68-bd83adc04ed9 d156b39679d740e0991714275d7e07be 13b1a09b032b408abe618d6ba2d29ea4 - - default default] Floating IP 27449227-2c5d-4508-a80c-8b8118675f71 disassociated. External IP: 10.96.250.219, port: c8a70185-50d6-4a41-84fb-7afb19bf99b1.
2026-05-05 23:21:55.793 10 INFO neutron.db.ovn_revision_numbers_db [None req-bad45006-9635-4ea5-8c68-bd83adc04ed9 d156b39679d740e0991714275d7e07be 13b1a09b032b408abe618d6ba2d29ea4 - - default default] Successfully bumped revision number for resource 27449227-2c5d-4508-a80c-8b8118675f71 (type: floatingips) to 3
2026-05-05 23:21:55.867 10 INFO neutron.wsgi [None req-bad45006-9635-4ea5-8c68-bd83adc04ed9 d156b39679d740e0991714275d7e07be 13b1a09b032b408abe618d6ba2d29ea4 - - default default] 10.0.0.6 "PUT /v2.0/floatingips/27449227-2c5d-4508-a80c-8b8118675f71 HTTP/1.1" status: 200 len: 748 time: 0.2598028 /var/lib/openstack/lib/python3.10/site-packages/pycadf/identifier.py:71: UserWarning: Invalid uuid: neutron. To ensure interoperability, identifiers should be a valid uuid. warnings.warn(('Invalid uuid: %s. To ensure interoperability, '
2026-05-05 23:21:56.070 9 INFO neutron.db.ovn_revision_numbers_db [None req-0e94d2a3-6112-4cf4-97f6-1e8c58f7a79d 2dc7c05af06646b8886b96fd3aca94c9 3909b9d0ee214a2e9b028f628ee8a188 - - default default] Successfully bumped revision number for resource add645f7-4dae-4896-8874-6ac35b77627b (type: security_groups) to 1
2026-05-05 23:21:56.092 9 INFO neutron.db.ovn_revision_numbers_db [None req-0e94d2a3-6112-4cf4-97f6-1e8c58f7a79d 2dc7c05af06646b8886b96fd3aca94c9 3909b9d0ee214a2e9b028f628ee8a188 - - default default] Successfully bumped revision number for resource 0c76d15f-69a5-46ef-b3bb-a3eceb5babc7 (type: security_group_rules) to 0
2026-05-05 23:21:56.113 9 INFO neutron.db.ovn_revision_numbers_db [None req-0e94d2a3-6112-4cf4-97f6-1e8c58f7a79d 2dc7c05af06646b8886b96fd3aca94c9 3909b9d0ee214a2e9b028f628ee8a188 - - default default] Successfully bumped revision number for resource 0efc3189-8d4a-47c4-9415-932c24c295ea (type: security_group_rules) to 0
2026-05-05 23:21:56.139 9 INFO neutron.db.ovn_revision_numbers_db [None req-0e94d2a3-6112-4cf4-97f6-1e8c58f7a79d 2dc7c05af06646b8886b96fd3aca94c9 3909b9d0ee214a2e9b028f628ee8a188 - - default default] Successfully bumped revision number for resource 2b4cca5f-2dee-4a06-9808-cef972731dc2 (type: security_group_rules) to 0
2026-05-05 23:21:56.148 9 WARNING neutron.scheduler.dhcp_agent_scheduler [None req-29f20123-22e6-411a-b72c-ceee763493c4 2dc7c05af06646b8886b96fd3aca94c9 3909b9d0ee214a2e9b028f628ee8a188 - - default default] No more DHCP agents
2026-05-05 23:21:56.152 9 WARNING neutron.api.rpc.agentnotifiers.dhcp_rpc_agent_api [None req-29f20123-22e6-411a-b72c-ceee763493c4 2dc7c05af06646b8886b96fd3aca94c9 3909b9d0ee214a2e9b028f628ee8a188 - - default default] Unable to schedule network 14256baa-af24-4bce-83a7-1233abb20d87: no agents available; will retry on subsequent port and subnet creation events.
2026-05-05 23:21:56.156 9 INFO neutron.db.ovn_revision_numbers_db [None req-0e94d2a3-6112-4cf4-97f6-1e8c58f7a79d 2dc7c05af06646b8886b96fd3aca94c9 3909b9d0ee214a2e9b028f628ee8a188 - - default default] Successfully bumped revision number for resource 2e9691dd-12f6-421c-bd0e-9a2dde0c203c (type: security_group_rules) to 0
2026-05-05 23:21:56.190 9 INFO neutron.wsgi [None req-0e94d2a3-6112-4cf4-97f6-1e8c58f7a79d 2dc7c05af06646b8886b96fd3aca94c9 3909b9d0ee214a2e9b028f628ee8a188 - - default default] 10.0.0.6 "GET /v2.0/security-groups?tenant_id=b8fc4d7aa67142ee9dfd80040cace284&name=default HTTP/1.1" status: 200 len: 2996 time: 0.3687260
2026-05-05 23:21:56.241 10 INFO neutron.wsgi [None req-758c5fbd-2935-4834-b75b-8ae448547c65 d156b39679d740e0991714275d7e07be 13b1a09b032b408abe618d6ba2d29ea4 - - default default] 10.0.0.6 "DELETE /v2.0/floatingips/27449227-2c5d-4508-a80c-8b8118675f71 HTTP/1.1" status: 204 len: 168 time: 0.3697989
2026-05-05 23:21:56.267 10 INFO neutron.api.v2.resource [None req-a445cf9a-cb1e-4f20-8c0a-048f8e1968d9 d156b39679d740e0991714275d7e07be 13b1a09b032b408abe618d6ba2d29ea4 - - default default] delete failed (client error): The resource could not be found.
2026-05-05 23:21:56.268 10 INFO neutron.wsgi [None req-a445cf9a-cb1e-4f20-8c0a-048f8e1968d9 d156b39679d740e0991714275d7e07be 13b1a09b032b408abe618d6ba2d29ea4 - - default default] 10.0.0.6 "DELETE /v2.0/floatingips/27449227-2c5d-4508-a80c-8b8118675f71 HTTP/1.1" status: 404 len: 345 time: 0.0225198
2026-05-05 23:21:56.344 9 INFO neutron.db.ovn_revision_numbers_db [None req-29f20123-22e6-411a-b72c-ceee763493c4 2dc7c05af06646b8886b96fd3aca94c9 3909b9d0ee214a2e9b028f628ee8a188 - - default default] Successfully bumped revision number for resource 56409058-d421-4f6a-97aa-c955bdba9f22 (type: ports) to 1
2026-05-05 23:21:56.419 10 INFO neutron.wsgi [None req-891644d8-10bc-43c3-8538-4007fe896de5 2dc7c05af06646b8886b96fd3aca94c9 3909b9d0ee214a2e9b028f628ee8a188 - - default default] 10.0.0.6 "DELETE /v2.0/security-groups/add645f7-4dae-4896-8874-6ac35b77627b HTTP/1.1" status: 204 len: 168 time: 0.2246091
2026-05-05 23:21:56.974 9 INFO neutron.wsgi [None req-4367c9d7-d6d1-49de-bf54-9ab18d2bce27 d156b39679d740e0991714275d7e07be 13b1a09b032b408abe618d6ba2d29ea4 - - default default] 10.0.0.6 "DELETE /v2.0/ports/c8a70185-50d6-4a41-84fb-7afb19bf99b1 HTTP/1.1" status: 204 len: 168 time: 0.6955705
2026-05-05 23:21:57.238 10 INFO neutron.db.ovn_revision_numbers_db [None req-058ae287-4cf2-4966-bf1a-ce4960854f24 2dc7c05af06646b8886b96fd3aca94c9 3909b9d0ee214a2e9b028f628ee8a188 - - default default] Successfully bumped revision number for resource dbd98e2a-ea35-4e7f-baff-58adbc44e13c (type: security_groups) to 1
2026-05-05 23:21:57.252 10 INFO neutron.db.ovn_revision_numbers_db [None req-058ae287-4cf2-4966-bf1a-ce4960854f24 2dc7c05af06646b8886b96fd3aca94c9 3909b9d0ee214a2e9b028f628ee8a188 - - default default] Successfully bumped revision number for resource 074891db-38a7-4d2f-ae45-4bec02a1a731 (type: security_group_rules) to 0
2026-05-05 23:21:57.265 10 INFO neutron.db.ovn_revision_numbers_db [None req-058ae287-4cf2-4966-bf1a-ce4960854f24 2dc7c05af06646b8886b96fd3aca94c9 3909b9d0ee214a2e9b028f628ee8a188 - - default default] Successfully bumped revision number for resource 23d87e3b-395a-4faf-be1e-011eadbdee01 (type: security_group_rules) to 0
2026-05-05 23:21:57.279 10 INFO neutron.db.ovn_revision_numbers_db [None req-058ae287-4cf2-4966-bf1a-ce4960854f24 2dc7c05af06646b8886b96fd3aca94c9 3909b9d0ee214a2e9b028f628ee8a188 - - default default] Successfully bumped revision number for resource a1c224c7-9e87-42d0-bec3-0ef170bfa71f (type: security_group_rules) to 0
2026-05-05 23:21:57.300 10 INFO neutron.db.ovn_revision_numbers_db [None req-058ae287-4cf2-4966-bf1a-ce4960854f24 2dc7c05af06646b8886b96fd3aca94c9 3909b9d0ee214a2e9b028f628ee8a188 - - default default] Successfully bumped revision number for resource fde22c91-18c6-47aa-bd74-668666247e17 (type: security_group_rules) to 0
2026-05-05 23:21:57.315 9 INFO neutron.plugins.ml2.drivers.ovn.mech_driver.ovsdb.ovsdb_monitor [None req-e20e967b-4ee0-4df4-ada0-c1df554e9f86 - - - - - -] Router eca51d00-548d-4b50-9582-0e86172874e6 is bound to host instance
2026-05-05 23:21:57.329 10 INFO neutron.wsgi [None req-058ae287-4cf2-4966-bf1a-ce4960854f24 2dc7c05af06646b8886b96fd3aca94c9 3909b9d0ee214a2e9b028f628ee8a188 - - default default] 10.0.0.6 "GET /v2.0/security-groups?tenant_id=563204c75dfe431e89ea27c2f7649e32&name=default HTTP/1.1" status: 200 len: 2996 time: 0.2869370
2026-05-05 23:21:57.343 9 INFO neutron.db.ovn_revision_numbers_db [None req-29f20123-22e6-411a-b72c-ceee763493c4 2dc7c05af06646b8886b96fd3aca94c9 3909b9d0ee214a2e9b028f628ee8a188 - - default default] Successfully bumped revision number for resource 56409058-d421-4f6a-97aa-c955bdba9f22 (type: router_ports) to 1
2026-05-05 23:21:57.433 9 INFO neutron.wsgi [None req-e9b0bac9-17a8-46fd-9e62-870c87a938fa d156b39679d740e0991714275d7e07be 13b1a09b032b408abe618d6ba2d29ea4 - - default default] 10.0.0.6 "DELETE /v2.0/ports/403a5336-e697-4b1c-89f9-92c9079b691e HTTP/1.1" status: 204 len: 168 time: 0.4538169
2026-05-05 23:21:57.437 9 INFO neutron.db.ovn_revision_numbers_db [None req-29f20123-22e6-411a-b72c-ceee763493c4 2dc7c05af06646b8886b96fd3aca94c9 3909b9d0ee214a2e9b028f628ee8a188 - - default default] Successfully bumped revision number for resource eca51d00-548d-4b50-9582-0e86172874e6 (type: routers) to 2
2026-05-05 23:21:57.465 9 INFO neutron.wsgi [None req-29f20123-22e6-411a-b72c-ceee763493c4 2dc7c05af06646b8886b96fd3aca94c9 3909b9d0ee214a2e9b028f628ee8a188 - - default default] 10.0.0.6 "POST /v2.0/routers HTTP/1.1" status: 201 len: 877 time: 1.8056195
2026-05-05 23:21:57.527 10 INFO neutron.wsgi [None req-a1819a88-df9d-4819-9108-944a15c8a908 d156b39679d740e0991714275d7e07be 13b1a09b032b408abe618d6ba2d29ea4 - - default default] 10.0.0.6 "GET /v2.0/ports?device_id=6895e65e-9fb6-46ab-8b45-ea6bd99e2456 HTTP/1.1" status: 200 len: 1140 time: 0.0892646
2026-05-05 23:21:57.898 10 INFO neutron.wsgi [None req-afd73301-df04-47b6-a45e-18be36d76200 2dc7c05af06646b8886b96fd3aca94c9 3909b9d0ee214a2e9b028f628ee8a188 - - default default] 10.0.0.6 "DELETE /v2.0/security-groups/dbd98e2a-ea35-4e7f-baff-58adbc44e13c HTTP/1.1" status: 204 len: 168 time: 0.5635436
2026-05-05 23:21:58.205 9 WARNING neutron.scheduler.dhcp_agent_scheduler [None req-74603b26-264e-45c5-b09d-f54cbcf8f1c8 2dc7c05af06646b8886b96fd3aca94c9 3909b9d0ee214a2e9b028f628ee8a188 - - default default] No more DHCP agents
2026-05-05 23:21:58.208 9 WARNING neutron.api.rpc.agentnotifiers.dhcp_rpc_agent_api [None req-74603b26-264e-45c5-b09d-f54cbcf8f1c8 2dc7c05af06646b8886b96fd3aca94c9 3909b9d0ee214a2e9b028f628ee8a188 - - default default] Unable to schedule network 9166a0de-7f5f-4066-a407-c005831df903: no agents available; will retry on subsequent port and subnet creation events.
2026-05-05 23:21:58.367 9 INFO neutron.db.ovn_revision_numbers_db [None req-e20e967b-4ee0-4df4-ada0-c1df554e9f86 - - - - - -] Successfully bumped revision number for resource 56409058-d421-4f6a-97aa-c955bdba9f22 (type: ports) to 1
2026-05-05 23:21:58.608 9 INFO neutron.db.ovn_revision_numbers_db [None req-74603b26-264e-45c5-b09d-f54cbcf8f1c8 2dc7c05af06646b8886b96fd3aca94c9 3909b9d0ee214a2e9b028f628ee8a188 - - default default] Successfully bumped revision number for resource f356cbf5-9391-47ed-a6ac-6fbcc71f458e (type: ports) to 1
2026-05-05 23:21:58.725 10 INFO neutron.wsgi [None req-1a75a71e-6677-49a4-b18b-3e2508b0e01a d156b39679d740e0991714275d7e07be 13b1a09b032b408abe618d6ba2d29ea4 - - default default] 10.0.0.6 "PUT /v2.0/routers/6895e65e-9fb6-46ab-8b45-ea6bd99e2456/remove_router_interface HTTP/1.1" status: 200 len: 503 time: 1.1935866 /var/lib/openstack/lib/python3.10/site-packages/pycadf/identifier.py:71: UserWarning: Invalid uuid: neutron. To ensure interoperability, identifiers should be a valid uuid. warnings.warn(('Invalid uuid: %s. To ensure interoperability, '
2026-05-05 23:21:58.857 9 INFO neutron.db.ovn_revision_numbers_db [None req-fa1a26ed-7cd7-4e2a-901e-bc58f38f750a b8846313e1494fea87b9b4f2cb4b2725 9b94deabc2034ade98bfcb68f1523c27 - - default default] Successfully bumped revision number for resource 199c6303-89a6-4290-aab6-a5c1c66bf158 (type: security_groups) to 1
2026-05-05 23:21:58.897 9 INFO neutron.db.ovn_revision_numbers_db [None req-fa1a26ed-7cd7-4e2a-901e-bc58f38f750a b8846313e1494fea87b9b4f2cb4b2725 9b94deabc2034ade98bfcb68f1523c27 - - default default] Successfully bumped revision number for resource 72cf1ea5-f1ac-46e1-9751-4e71568367f0 (type: security_group_rules) to 0
2026-05-05 23:21:58.933 9 INFO neutron.db.ovn_revision_numbers_db [None req-fa1a26ed-7cd7-4e2a-901e-bc58f38f750a b8846313e1494fea87b9b4f2cb4b2725 9b94deabc2034ade98bfcb68f1523c27 - - default default] Successfully bumped revision number for resource 7b5eeca8-add3-4c7d-a947-f297068f2e46 (type: security_group_rules) to 0
2026-05-05 23:21:58.975 9 INFO neutron.db.ovn_revision_numbers_db [None req-fa1a26ed-7cd7-4e2a-901e-bc58f38f750a b8846313e1494fea87b9b4f2cb4b2725 9b94deabc2034ade98bfcb68f1523c27 - - default default] Successfully bumped revision number for resource d72cb8b1-b92e-45c5-b3d2-327014c010a8 (type: security_group_rules) to 0
2026-05-05 23:21:59.001 9 INFO neutron.db.ovn_revision_numbers_db [None req-fa1a26ed-7cd7-4e2a-901e-bc58f38f750a b8846313e1494fea87b9b4f2cb4b2725 9b94deabc2034ade98bfcb68f1523c27 - - default default] Successfully bumped revision number for resource f3782b26-d2c9-478b-8f95-0f47b0678a61 (type: security_group_rules) to 0
2026-05-05 23:21:59.075 9 INFO neutron.db.segments_db [None req-fa1a26ed-7cd7-4e2a-901e-bc58f38f750a b8846313e1494fea87b9b4f2cb4b2725 9b94deabc2034ade98bfcb68f1523c27 - - default default] Added segment 8bbb72e7-525e-40b1-95ef-a3f585fdfaa8 of type geneve for network c5a5e98a-2cb5-4ac7-a8b3-454f61410ea7
2026-05-05 23:21:59.081 9 INFO neutron.db.ovn_revision_numbers_db [None req-e20e967b-4ee0-4df4-ada0-c1df554e9f86 - - - - - -] Successfully bumped revision number for resource 56409058-d421-4f6a-97aa-c955bdba9f22 (type: router_ports) to 3
2026-05-05 23:21:59.362 10 INFO neutron.wsgi [None req-4619bff0-655c-4a6b-97cd-fca946cf5333 d156b39679d740e0991714275d7e07be 13b1a09b032b408abe618d6ba2d29ea4 - - default default] 10.0.0.6 "DELETE /v2.0/routers/6895e65e-9fb6-46ab-8b45-ea6bd99e2456 HTTP/1.1" status: 204 len: 168 time: 0.6325140
2026-05-05 23:21:59.364 9 INFO neutron.db.ovn_revision_numbers_db [None req-fa1a26ed-7cd7-4e2a-901e-bc58f38f750a b8846313e1494fea87b9b4f2cb4b2725 9b94deabc2034ade98bfcb68f1523c27 - - default default] Successfully bumped revision number for resource c5a5e98a-2cb5-4ac7-a8b3-454f61410ea7 (type: networks) to 1
2026-05-05 23:21:59.451 9 INFO neutron.db.ovn_revision_numbers_db [None req-e20e967b-4ee0-4df4-ada0-c1df554e9f86 - - - - - -] Successfully bumped revision number for resource 56409058-d421-4f6a-97aa-c955bdba9f22 (type: ports) to 2
2026-05-05 23:21:59.476 9 INFO neutron.db.ovn_revision_numbers_db [None req-74603b26-264e-45c5-b09d-f54cbcf8f1c8 2dc7c05af06646b8886b96fd3aca94c9 3909b9d0ee214a2e9b028f628ee8a188 - - default default] Successfully bumped revision number for resource f356cbf5-9391-47ed-a6ac-6fbcc71f458e (type: router_ports) to 1
2026-05-05 23:21:59.565 9 WARNING neutron.plugins.ml2.drivers.ovn.mech_driver.ovsdb.ovn_client [None req-012b7f7e-8f9d-4d1d-8a13-56dc33937494 - - - - - -] No port found with ID a4c91c1f-7efb-4ec1-b405-f02d4c47d11f: RuntimeError: No port found with ID a4c91c1f-7efb-4ec1-b405-f02d4c47d11f
2026-05-05 23:21:59.574 10 INFO neutron.wsgi [None req-a35bfb65-4abf-4cad-b60e-5fd523d4de0b d156b39679d740e0991714275d7e07be 13b1a09b032b408abe618d6ba2d29ea4 - - default default] 10.0.0.6 "DELETE /v2.0/subnets/1cd2a406-7932-4d68-b4c0-533da25c3050 HTTP/1.1" status: 204 len: 168 time: 0.2009604
2026-05-05 23:21:59.715 9 INFO neutron.plugins.ml2.drivers.ovn.mech_driver.mech_driver [None req-012b7f7e-8f9d-4d1d-8a13-56dc33937494 - - - - - -] OVN reports status up for port: 56409058-d421-4f6a-97aa-c955bdba9f22
2026-05-05 23:21:59.742 9 INFO neutron.plugins.ml2.plugin [None req-012b7f7e-8f9d-4d1d-8a13-56dc33937494 - - - - - -] Attempt 1 to provision port 56409058-d421-4f6a-97aa-c955bdba9f22
2026-05-05 23:21:59.842 9 WARNING neutron.scheduler.dhcp_agent_scheduler [None req-fa1a26ed-7cd7-4e2a-901e-bc58f38f750a b8846313e1494fea87b9b4f2cb4b2725 9b94deabc2034ade98bfcb68f1523c27 - - default default] No more DHCP agents
2026-05-05 23:21:59.848 9 WARNING neutron.api.rpc.agentnotifiers.dhcp_rpc_agent_api [None req-fa1a26ed-7cd7-4e2a-901e-bc58f38f750a b8846313e1494fea87b9b4f2cb4b2725 9b94deabc2034ade98bfcb68f1523c27 - - default default] Unable to schedule network c5a5e98a-2cb5-4ac7-a8b3-454f61410ea7: no agents available; will retry on subsequent port and subnet creation events.
2026-05-05 23:21:59.970 10 INFO neutron.services.segments.plugin [-] Segment 8c56decf-aee2-45bb-abf8-6492f9d07678 resource provider aggregate not found
2026-05-05 23:21:59.977 10 INFO neutron.services.segments.plugin [-] Segment 8c56decf-aee2-45bb-abf8-6492f9d07678 resource provider aggregate not found
2026-05-05 23:21:59.978 9 INFO neutron.plugins.ml2.drivers.ovn.mech_driver.mech_driver [None req-012b7f7e-8f9d-4d1d-8a13-56dc33937494 - - - - - -] OVN reports status up for port: f356cbf5-9391-47ed-a6ac-6fbcc71f458e
2026-05-05 23:21:59.991 10 INFO neutron.services.segments.plugin [-] Segment 8c56decf-aee2-45bb-abf8-6492f9d07678 resource provider not found; error: Placement Client Error (4xx): {"errors": [{"status": 404, "title": "Not Found", "detail": "The resource could not be found.\n\n No resource provider with uuid 8c56decf-aee2-45bb-abf8-6492f9d07678 found for delete ", "request_id": "req-35175593-0778-4a70-ba76-de63eebafd1d"}]}
2026-05-05 23:21:59.993 9 INFO neutron.db.ovn_revision_numbers_db [None req-74603b26-264e-45c5-b09d-f54cbcf8f1c8 2dc7c05af06646b8886b96fd3aca94c9 3909b9d0ee214a2e9b028f628ee8a188 - - default default] Successfully bumped revision number for resource f356cbf5-9391-47ed-a6ac-6fbcc71f458e (type: ports) to 1
2026-05-05 23:21:59.999 10 INFO neutron.services.segments.plugin [-] Segment 8c56decf-aee2-45bb-abf8-6492f9d07678 resource provider not found; error: Placement Client Error (4xx): {"errors": [{"status": 404, "title": "Not Found", "detail": "The resource could not be found.\n\n No resource provider with uuid 8c56decf-aee2-45bb-abf8-6492f9d07678 found for delete ", "request_id": "req-c5d9cf1c-f44c-4e48-bc19-9c924c1c23ab"}]}
2026-05-05 23:22:00.006 9 INFO neutron.plugins.ml2.plugin [None req-012b7f7e-8f9d-4d1d-8a13-56dc33937494 - - - - - -] Attempt 1 to provision port f356cbf5-9391-47ed-a6ac-6fbcc71f458e
2026-05-05 23:22:00.029 10 INFO neutron.wsgi [None req-b4f3cf81-8879-4c60-bb9f-b85609af28bd d156b39679d740e0991714275d7e07be 13b1a09b032b408abe618d6ba2d29ea4 - - default default] 10.0.0.6 "DELETE /v2.0/networks/226f3526-806b-434d-a34c-174f50a73e60 HTTP/1.1" status: 204 len: 168 time: 0.4499650
2026-05-05 23:22:00.033 9 INFO neutron.db.ovn_revision_numbers_db [None req-fa1a26ed-7cd7-4e2a-901e-bc58f38f750a b8846313e1494fea87b9b4f2cb4b2725 9b94deabc2034ade98bfcb68f1523c27 - - default default] Successfully bumped revision number for resource dc5591bc-76d6-4c24-916a-087cd0aafecc (type: ports) to 1
2026-05-05 23:22:00.098 9 INFO neutron.wsgi [None req-fa1a26ed-7cd7-4e2a-901e-bc58f38f750a b8846313e1494fea87b9b4f2cb4b2725 9b94deabc2034ade98bfcb68f1523c27 - - default default] 10.0.0.6 "POST /v2.0/networks HTTP/1.1" status: 201 len: 847 time: 1.8677065
2026-05-05 23:22:00.104 9 INFO neutron.db.ovn_revision_numbers_db [None req-e20e967b-4ee0-4df4-ada0-c1df554e9f86 - - - - - -] Successfully bumped revision number for resource 56409058-d421-4f6a-97aa-c955bdba9f22 (type: ports) to 4
2026-05-05 23:22:00.185 9 WARNING neutron.scheduler.dhcp_agent_scheduler [None req-74603b26-264e-45c5-b09d-f54cbcf8f1c8 2dc7c05af06646b8886b96fd3aca94c9 3909b9d0ee214a2e9b028f628ee8a188 - - default default] No more DHCP agents
2026-05-05 23:22:00.191 9 WARNING neutron.api.rpc.agentnotifiers.dhcp_rpc_agent_api [None req-74603b26-264e-45c5-b09d-f54cbcf8f1c8 2dc7c05af06646b8886b96fd3aca94c9 3909b9d0ee214a2e9b028f628ee8a188 - - default default] Unable to schedule network 9166a0de-7f5f-4066-a407-c005831df903: no agents available; will retry on subsequent port and subnet creation events.
2026-05-05 23:22:00.748 9 INFO neutron.db.ovn_revision_numbers_db [None req-e20e967b-4ee0-4df4-ada0-c1df554e9f86 - - - - - -] Successfully bumped revision number for resource 56409058-d421-4f6a-97aa-c955bdba9f22 (type: router_ports) to 4
