2026-05-05 23:22:42.168 9 WARNING neutron.plugins.ml2.drivers.ovn.mech_driver.ovsdb.ovn_client [None req-012b7f7e-8f9d-4d1d-8a13-56dc33937494 - - - - - -] No hosting information found for port 86b9a3db-31e6-472f-b853-511b35eb78d0: RuntimeError: No hosting information found for port 86b9a3db-31e6-472f-b853-511b35eb78d0
2026-05-05 23:22:42.248 10 WARNING neutron.scheduler.dhcp_agent_scheduler [None req-550dca35-77eb-484c-9399-a7b406d14737 5781dc58d8794510ae51bd1c29aa818e 0c252375db6142cab5157c5b9737dcab - - default default] No more DHCP agents
2026-05-05 23:22:42.251 9 WARNING neutron.scheduler.dhcp_agent_scheduler [None req-ca8218ca-b7d5-4cdc-8290-89f57d330000 5ed5c9ef4c5c413fb6c6a6c330e7ddc4 536ca7a4f04f4cb088c8534b64a76fd4 - - default default] No more DHCP agents
2026-05-05 23:22:42.253 10 WARNING neutron.api.rpc.agentnotifiers.dhcp_rpc_agent_api [None req-550dca35-77eb-484c-9399-a7b406d14737 5781dc58d8794510ae51bd1c29aa818e 0c252375db6142cab5157c5b9737dcab - - default default] Unable to schedule network 6a5fee9a-07bf-41e4-827e-860e6cc5275e: no agents available; will retry on subsequent port and subnet creation events.
2026-05-05 23:22:42.254 9 WARNING neutron.api.rpc.agentnotifiers.dhcp_rpc_agent_api [None req-ca8218ca-b7d5-4cdc-8290-89f57d330000 5ed5c9ef4c5c413fb6c6a6c330e7ddc4 536ca7a4f04f4cb088c8534b64a76fd4 - - default default] Unable to schedule network ac781ae6-8932-4fcd-80f7-63097196d736: no agents available; will retry on subsequent port and subnet creation events.
2026-05-05 23:22:42.329 9 INFO neutron.db.ovn_revision_numbers_db [None req-ca8218ca-b7d5-4cdc-8290-89f57d330000 5ed5c9ef4c5c413fb6c6a6c330e7ddc4 536ca7a4f04f4cb088c8534b64a76fd4 - - default default] Successfully bumped revision number for resource 128dc755-94c3-4757-8090-518203392a4e (type: ports) to 1
2026-05-05 23:22:42.354 9 INFO neutron.wsgi [None req-ca8218ca-b7d5-4cdc-8290-89f57d330000 5ed5c9ef4c5c413fb6c6a6c330e7ddc4 536ca7a4f04f4cb088c8534b64a76fd4 - - default default] 10.0.0.6 "POST /v2.0/networks HTTP/1.1" status: 201 len: 849 time: 0.5743384
2026-05-05 23:22:42.362 10 INFO neutron.db.ovn_revision_numbers_db [None req-550dca35-77eb-484c-9399-a7b406d14737 5781dc58d8794510ae51bd1c29aa818e 0c252375db6142cab5157c5b9737dcab - - default default] Successfully bumped revision number for resource b409a73f-60ec-42f5-a827-097be8edb1aa (type: ports) to 1
2026-05-05 23:22:42.364 10 INFO neutron.db.ovn_revision_numbers_db [req-64372949-c18b-47ff-9ea9-2a3451c00832 req-5808aa22-a64b-407d-8830-a347666de890 a490d33bb3f0499584bc585e92fddd82 649a67ed628a4eda85bb7bda32d63321 - - 0a011696ac28418b9b42b3e5b7857382 0a011696ac28418b9b42b3e5b7857382] Successfully bumped revision number for resource fddb8479-ec8c-44e9-95c5-a1daf12c5c44 (type: ports) to 2
2026-05-05 23:22:42.393 10 INFO neutron.wsgi [None req-550dca35-77eb-484c-9399-a7b406d14737 5781dc58d8794510ae51bd1c29aa818e 0c252375db6142cab5157c5b9737dcab - - default default] 10.0.0.6 "POST /v2.0/networks HTTP/1.1" status: 201 len: 831 time: 1.4416151 /var/lib/openstack/lib/python3.10/site-packages/pycadf/identifier.py:71: UserWarning: Invalid uuid: neutron. To ensure interoperability, identifiers should be a valid uuid. warnings.warn(('Invalid uuid: %s. To ensure interoperability, '
2026-05-05 23:22:42.463 9 INFO neutron.db.segments_db [None req-2ae70785-1865-494d-a655-c1d850e3a9fe 5ed5c9ef4c5c413fb6c6a6c330e7ddc4 536ca7a4f04f4cb088c8534b64a76fd4 - - default default] Added segment 84b04318-2f62-48f0-abca-b8201ff25420 of type geneve for network b9abd013-d759-48c8-a0cc-567564d82577
2026-05-05 23:22:42.571 10 INFO neutron.wsgi [req-7efa115c-2f6f-40f2-a5d3-592431b6599e req-dabb101d-7b22-4d2c-9723-1995dd6f7b71 dd2371181c2e4e988a6468b6ec615ca1 c5c390a3527f4e7e94ec09faaaf0bcc4 - - default default] 10.0.0.63 "GET /v2.0/ports?device_id=6c08001c-e34e-419e-8047-5074e3c7916e HTTP/1.1" status: 200 len: 1168 time: 0.0902195
2026-05-05 23:22:42.635 9 INFO neutron.db.ovn_revision_numbers_db [None req-2ae70785-1865-494d-a655-c1d850e3a9fe 5ed5c9ef4c5c413fb6c6a6c330e7ddc4 536ca7a4f04f4cb088c8534b64a76fd4 - - default default] Successfully bumped revision number for resource b9abd013-d759-48c8-a0cc-567564d82577 (type: networks) to 1
2026-05-05 23:22:42.695 10 INFO neutron.wsgi [req-7efa115c-2f6f-40f2-a5d3-592431b6599e req-27e9c860-7c6e-4a3d-a575-539cd583f90f dd2371181c2e4e988a6468b6ec615ca1 c5c390a3527f4e7e94ec09faaaf0bcc4 - - default default] 10.0.0.63 "GET /v2.0/security-groups?id=7185b816-6fa6-4f43-a7a3-ed8485b26811&fields=id&fields=name HTTP/1.1" status: 200 len: 286 time: 0.1108718
2026-05-05 23:22:42.758 9 INFO neutron.wsgi [None req-3452204f-8b02-4297-b923-afc1405b0d1e b8c6d1dcae5248e5825dfabbeffe8884 2ddfb69cfb8d471e862c92287967973c - - default default] 10.0.0.6 "POST /v2.0/subnetpools HTTP/1.1" status: 201 len: 715 time: 0.2517049
2026-05-05 23:22:42.833 10 INFO neutron.db.ovn_revision_numbers_db [req-64372949-c18b-47ff-9ea9-2a3451c00832 req-5808aa22-a64b-407d-8830-a347666de890 a490d33bb3f0499584bc585e92fddd82 649a67ed628a4eda85bb7bda32d63321 - - 0a011696ac28418b9b42b3e5b7857382 0a011696ac28418b9b42b3e5b7857382] Successfully bumped revision number for resource fddb8479-ec8c-44e9-95c5-a1daf12c5c44 (type: ports) to 2
2026-05-05 23:22:42.835 9 INFO neutron.wsgi [None req-675e0a26-6760-4efb-a29b-dc4275dfb75e b8c6d1dcae5248e5825dfabbeffe8884 2ddfb69cfb8d471e862c92287967973c - - default default] 10.0.0.6 "POST /v2.0/subnetpools HTTP/1.1" status: 201 len: 715 time: 0.0710969
2026-05-05 23:22:42.857 10 INFO neutron.wsgi [req-64372949-c18b-47ff-9ea9-2a3451c00832 req-5808aa22-a64b-407d-8830-a347666de890 a490d33bb3f0499584bc585e92fddd82 649a67ed628a4eda85bb7bda32d63321 - - 0a011696ac28418b9b42b3e5b7857382 0a011696ac28418b9b42b3e5b7857382] 199.204.45.216 "PUT /v2.0/ports/fddb8479-ec8c-44e9-95c5-a1daf12c5c44 HTTP/1.1" status: 200 len: 1376 time: 1.3271499
2026-05-05 23:22:42.860 9 WARNING neutron.scheduler.dhcp_agent_scheduler [None req-2ae70785-1865-494d-a655-c1d850e3a9fe 5ed5c9ef4c5c413fb6c6a6c330e7ddc4 536ca7a4f04f4cb088c8534b64a76fd4 - - default default] No more DHCP agents
2026-05-05 23:22:42.864 9 WARNING neutron.api.rpc.agentnotifiers.dhcp_rpc_agent_api [None req-2ae70785-1865-494d-a655-c1d850e3a9fe 5ed5c9ef4c5c413fb6c6a6c330e7ddc4 536ca7a4f04f4cb088c8534b64a76fd4 - - default default] Unable to schedule network b9abd013-d759-48c8-a0cc-567564d82577: no agents available; will retry on subsequent port and subnet creation events.
2026-05-05 23:22:42.897 10 INFO neutron.notifiers.nova [-] Nova event matching ['req-5ad9689a-d03d-41cb-9314-83b0a2dd8f7c'] response: {'name': 'network-changed', 'server_uuid': '6c08001c-e34e-419e-8047-5074e3c7916e', 'tag': 'fddb8479-ec8c-44e9-95c5-a1daf12c5c44', 'status': 'completed', 'code': 200} /var/lib/openstack/lib/python3.10/site-packages/pycadf/identifier.py:71: UserWarning: Invalid uuid: neutron. To ensure interoperability, identifiers should be a valid uuid. warnings.warn(('Invalid uuid: %s. To ensure interoperability, '
2026-05-05 23:22:42.938 10 INFO neutron.wsgi [req-64372949-c18b-47ff-9ea9-2a3451c00832 req-240a323f-eb29-4792-be98-776315f7838f a490d33bb3f0499584bc585e92fddd82 649a67ed628a4eda85bb7bda32d63321 - - 0a011696ac28418b9b42b3e5b7857382 0a011696ac28418b9b42b3e5b7857382] 199.204.45.216 "GET /v2.0/ports?tenant_id=c5c390a3527f4e7e94ec09faaaf0bcc4&device_id=6c08001c-e34e-419e-8047-5074e3c7916e HTTP/1.1" status: 200 len: 1407 time: 0.0346596
2026-05-05 23:22:42.938 9 INFO neutron.wsgi [None req-287aef5a-a793-4c01-975e-6dd9a08f1535 b8c6d1dcae5248e5825dfabbeffe8884 2ddfb69cfb8d471e862c92287967973c - - default default] 10.0.0.6 "POST /v2.0/subnetpools HTTP/1.1" status: 201 len: 715 time: 0.0940828
2026-05-05 23:22:42.954 9 INFO neutron.db.ovn_revision_numbers_db [None req-2ae70785-1865-494d-a655-c1d850e3a9fe 5ed5c9ef4c5c413fb6c6a6c330e7ddc4 536ca7a4f04f4cb088c8534b64a76fd4 - - default default] Successfully bumped revision number for resource 7175d29e-a6b2-4c9d-a9d8-c3ecbc99a98f (type: ports) to 1
2026-05-05 23:22:42.987 10 INFO neutron.wsgi [req-64372949-c18b-47ff-9ea9-2a3451c00832 req-9ac47589-094e-4136-87e9-994b67ca0de1 a490d33bb3f0499584bc585e92fddd82 649a67ed628a4eda85bb7bda32d63321 - - 0a011696ac28418b9b42b3e5b7857382 0a011696ac28418b9b42b3e5b7857382] 199.204.45.216 "GET /v2.0/floatingips?fixed_ip_address=10.100.0.5&port_id=fddb8479-ec8c-44e9-95c5-a1daf12c5c44 HTTP/1.1" status: 200 len: 217 time: 0.0359845
2026-05-05 23:22:42.988 9 INFO neutron.wsgi [None req-2ae70785-1865-494d-a655-c1d850e3a9fe 5ed5c9ef4c5c413fb6c6a6c330e7ddc4 536ca7a4f04f4cb088c8534b64a76fd4 - - default default] 10.0.0.6 "POST /v2.0/networks HTTP/1.1" status: 201 len: 849 time: 0.6287093
2026-05-05 23:22:43.043 10 INFO neutron.wsgi [req-64372949-c18b-47ff-9ea9-2a3451c00832 req-5631f623-ed9e-41e8-95fb-84a341153056 a490d33bb3f0499584bc585e92fddd82 649a67ed628a4eda85bb7bda32d63321 - - 0a011696ac28418b9b42b3e5b7857382 0a011696ac28418b9b42b3e5b7857382] 199.204.45.216 "GET /v2.0/subnets?id=bd81753e-540f-471e-8a6b-48fbf8846965 HTTP/1.1" status: 200 len: 865 time: 0.0455430
2026-05-05 23:22:43.045 9 INFO neutron.services.segments.plugin [-] Segment ef7ffc4d-5c25-4a6f-84a1-af790eb713cb resource provider aggregate not found
2026-05-05 23:22:43.051 9 INFO neutron.services.segments.plugin [-] Segment ef7ffc4d-5c25-4a6f-84a1-af790eb713cb resource provider aggregate not found
2026-05-05 23:22:43.068 9 INFO neutron.services.segments.plugin [-] Segment ef7ffc4d-5c25-4a6f-84a1-af790eb713cb resource provider not found; error: Placement Client Error (4xx): {"errors": [{"status": 404, "title": "Not Found", "detail": "The resource could not be found.\n\n No resource provider with uuid ef7ffc4d-5c25-4a6f-84a1-af790eb713cb found for delete ", "request_id": "req-3fc54de9-0d00-46da-a8d7-f3b277080012"}]}
2026-05-05 23:22:43.071 9 INFO neutron.services.segments.plugin [-] Segment ef7ffc4d-5c25-4a6f-84a1-af790eb713cb resource provider not found; error: Placement Client Error (4xx): {"errors": [{"status": 404, "title": "Not Found", "detail": "The resource could not be found.\n\n No resource provider with uuid ef7ffc4d-5c25-4a6f-84a1-af790eb713cb found for delete ", "request_id": "req-3018bd0a-45a1-4b87-93a8-e93e5a53081d"}]}
2026-05-05 23:22:43.078 10 INFO neutron.wsgi [None req-beef448f-ee04-4e34-8a4c-6da5435bf52f b8c6d1dcae5248e5825dfabbeffe8884 2ddfb69cfb8d471e862c92287967973c - - default default] 10.0.0.6 "POST /v2.0/subnetpools HTTP/1.1" status: 201 len: 715 time: 0.1338558
2026-05-05 23:22:43.081 10 INFO neutron.wsgi [req-64372949-c18b-47ff-9ea9-2a3451c00832 req-c2ce7a96-efd6-4d3d-ac27-4630b1bf00da a490d33bb3f0499584bc585e92fddd82 649a67ed628a4eda85bb7bda32d63321 - - 0a011696ac28418b9b42b3e5b7857382 0a011696ac28418b9b42b3e5b7857382] 199.204.45.216 "GET /v2.0/ports?network_id=7d1da3cc-6bdc-4319-9ec8-7d362f957294&device_owner=network%3Adhcp HTTP/1.1" status: 200 len: 210 time: 0.0321712
2026-05-05 23:22:43.153 10 WARNING neutron.scheduler.dhcp_agent_scheduler [None req-964fec5b-b3f4-4156-a49b-b874a2cee526 5781dc58d8794510ae51bd1c29aa818e 0c252375db6142cab5157c5b9737dcab - - default default] No more DHCP agents
2026-05-05 23:22:43.159 10 WARNING neutron.api.rpc.agentnotifiers.dhcp_rpc_agent_api [None req-964fec5b-b3f4-4156-a49b-b874a2cee526 5781dc58d8794510ae51bd1c29aa818e 0c252375db6142cab5157c5b9737dcab - - default default] Unable to schedule network 14256baa-af24-4bce-83a7-1233abb20d87: no agents available; will retry on subsequent port and subnet creation events.
2026-05-05 23:22:43.187 10 INFO neutron.wsgi [req-64372949-c18b-47ff-9ea9-2a3451c00832 req-4e8aac3b-7c3e-48d0-a232-38af9afe7589 a490d33bb3f0499584bc585e92fddd82 649a67ed628a4eda85bb7bda32d63321 - - 0a011696ac28418b9b42b3e5b7857382 0a011696ac28418b9b42b3e5b7857382] 199.204.45.216 "GET /v2.0/networks/7d1da3cc-6bdc-4319-9ec8-7d362f957294?fields=segments HTTP/1.1" status: 200 len: 212 time: 0.0948205
2026-05-05 23:22:43.194 10 INFO neutron.wsgi [None req-caf6cdee-79c6-493a-a6eb-70c55e7d329a b8c6d1dcae5248e5825dfabbeffe8884 2ddfb69cfb8d471e862c92287967973c - - default default] 10.0.0.6 "POST /v2.0/subnetpools HTTP/1.1" status: 201 len: 715 time: 0.1103561
2026-05-05 23:22:43.244 9 INFO neutron.wsgi [None req-4854e30a-a559-49c7-b052-42857aa3c842 b8c6d1dcae5248e5825dfabbeffe8884 2ddfb69cfb8d471e862c92287967973c - - default default] 10.0.0.6 "PUT /v2.0/subnetpools/5d2b476b-9d7f-42a6-88b2-e87f1279a443/tags HTTP/1.1" status: 200 len: 210 time: 0.0432301
2026-05-05 23:22:43.269 10 INFO neutron.wsgi [req-64372949-c18b-47ff-9ea9-2a3451c00832 req-064a12ab-c5e7-42e4-ac23-2c5b79e2fd4f a490d33bb3f0499584bc585e92fddd82 649a67ed628a4eda85bb7bda32d63321 - - 0a011696ac28418b9b42b3e5b7857382 0a011696ac28418b9b42b3e5b7857382] 199.204.45.216 "GET /v2.0/networks/7d1da3cc-6bdc-4319-9ec8-7d362f957294?fields=provider%3Aphysical_network&fields=provider%3Anetwork_type HTTP/1.1" status: 200 len: 277 time: 0.0742042
2026-05-05 23:22:43.288 9 INFO neutron.wsgi [None req-d424b7a3-7478-40cc-9efa-df34dbc0e946 b8c6d1dcae5248e5825dfabbeffe8884 2ddfb69cfb8d471e862c92287967973c - - default default] 10.0.0.6 "PUT /v2.0/subnetpools/5d2deac5-c495-4454-9713-860dda146758/tags HTTP/1.1" status: 200 len: 218 time: 0.0385115
2026-05-05 23:22:43.347 10 INFO neutron.wsgi [None req-05bb8044-2c42-466c-999c-9856ad69c606 b8c6d1dcae5248e5825dfabbeffe8884 2ddfb69cfb8d471e862c92287967973c - - default default] 10.0.0.6 "PUT /v2.0/subnetpools/b847a830-7d58-4b44-80e4-38ca2da4b3e5/tags HTTP/1.1" status: 200 len: 227 time: 0.0543134
2026-05-05 23:22:43.367 10 INFO neutron.wsgi [req-9c94fbbe-0976-4c62-8b3f-0c5522e2e5e1 req-0d8077ca-b265-4692-9a6c-6b8a6746e86a a490d33bb3f0499584bc585e92fddd82 649a67ed628a4eda85bb7bda32d63321 - - 0a011696ac28418b9b42b3e5b7857382 0a011696ac28418b9b42b3e5b7857382] 199.204.45.216 "GET /v2.0/ports?tenant_id=c5c390a3527f4e7e94ec09faaaf0bcc4&device_id=6c08001c-e34e-419e-8047-5074e3c7916e HTTP/1.1" status: 200 len: 1407 time: 0.0513189
2026-05-05 23:22:43.386 9 INFO neutron.wsgi [None req-746b7c95-580d-4eeb-992a-ba5ab59e4865 b8c6d1dcae5248e5825dfabbeffe8884 2ddfb69cfb8d471e862c92287967973c - - default default] 10.0.0.6 "PUT /v2.0/subnetpools/29a1763d-bf75-496f-b4d0-1bb7d2a78155/tags HTTP/1.1" status: 200 len: 212 time: 0.0348878
2026-05-05 23:22:43.397 10 INFO neutron.db.ovn_revision_numbers_db [None req-964fec5b-b3f4-4156-a49b-b874a2cee526 5781dc58d8794510ae51bd1c29aa818e 0c252375db6142cab5157c5b9737dcab - - default default] Successfully bumped revision number for resource da6ed9df-1fac-458c-b1f3-3d30550fb44c (type: ports) to 1
2026-05-05 23:22:43.452 10 INFO neutron.wsgi [None req-5d11e32b-0131-4933-b46d-41881338dd65 b8c6d1dcae5248e5825dfabbeffe8884 2ddfb69cfb8d471e862c92287967973c - - default default] 10.0.0.6 "GET /v2.0/subnetpools?tags=red HTTP/1.1" status: 200 len: 1758 time: 0.0612330
2026-05-05 23:22:43.465 9 INFO neutron.plugins.ml2.drivers.ovn.mech_driver.mech_driver [None req-012b7f7e-8f9d-4d1d-8a13-56dc33937494 - - - - - -] OVN reports status up for port: fddb8479-ec8c-44e9-95c5-a1daf12c5c44
2026-05-05 23:22:43.497 9 INFO neutron.plugins.ml2.plugin [None req-012b7f7e-8f9d-4d1d-8a13-56dc33937494 - - - - - -] Attempt 1 to provision port fddb8479-ec8c-44e9-95c5-a1daf12c5c44
2026-05-05 23:22:43.501 10 INFO neutron.wsgi [None req-9c9b8118-da70-4fef-b7e2-b780d75d653c b8c6d1dcae5248e5825dfabbeffe8884 2ddfb69cfb8d471e862c92287967973c - - default default] 10.0.0.6 "GET /v2.0/subnetpools?tags=red%2Cblue HTTP/1.1" status: 200 len: 1251 time: 0.0444207
2026-05-05 23:22:43.511 10 INFO neutron.wsgi [req-9c94fbbe-0976-4c62-8b3f-0c5522e2e5e1 req-36c187e3-732a-456c-bb25-0b16ec7373ac a490d33bb3f0499584bc585e92fddd82 649a67ed628a4eda85bb7bda32d63321 - - 0a011696ac28418b9b42b3e5b7857382 0a011696ac28418b9b42b3e5b7857382] 199.204.45.216 "GET /v2.0/networks?id=7d1da3cc-6bdc-4319-9ec8-7d362f957294 HTTP/1.1" status: 200 len: 970 time: 0.1342876 /var/lib/openstack/lib/python3.10/site-packages/pycadf/identifier.py:71: UserWarning: Invalid uuid: neutron. To ensure interoperability, identifiers should be a valid uuid. warnings.warn(('Invalid uuid: %s. To ensure interoperability, '
2026-05-05 23:22:43.542 9 INFO neutron.wsgi [None req-47d3f17c-68bc-4c55-8c2d-9b658fc15545 b8c6d1dcae5248e5825dfabbeffe8884 2ddfb69cfb8d471e862c92287967973c - - default default] 10.0.0.6 "GET /v2.0/subnetpools?tags-any=blue HTTP/1.1" status: 200 len: 1251 time: 0.0318663
2026-05-05 23:22:43.556 10 INFO neutron.wsgi [req-9c94fbbe-0976-4c62-8b3f-0c5522e2e5e1 req-83b4a608-4299-44b6-9600-c5e3b68a44ba a490d33bb3f0499584bc585e92fddd82 649a67ed628a4eda85bb7bda32d63321 - - 0a011696ac28418b9b42b3e5b7857382 0a011696ac28418b9b42b3e5b7857382] 199.204.45.216 "GET /v2.0/floatingips?fixed_ip_address=10.100.0.5&port_id=fddb8479-ec8c-44e9-95c5-a1daf12c5c44 HTTP/1.1" status: 200 len: 217 time: 0.0386348
2026-05-05 23:22:43.604 9 INFO neutron.wsgi [None req-f1493694-26ef-429b-9e97-3ec666d1a015 b8c6d1dcae5248e5825dfabbeffe8884 2ddfb69cfb8d471e862c92287967973c - - default default] 10.0.0.6 "GET /v2.0/subnetpools?tags-any=red%2Cblue HTTP/1.1" status: 200 len: 1758 time: 0.0547814
2026-05-05 23:22:43.660 10 INFO neutron.wsgi [req-9c94fbbe-0976-4c62-8b3f-0c5522e2e5e1 req-bfaf625f-575d-499e-944d-a564704370e4 a490d33bb3f0499584bc585e92fddd82 649a67ed628a4eda85bb7bda32d63321 - - 0a011696ac28418b9b42b3e5b7857382 0a011696ac28418b9b42b3e5b7857382] 199.204.45.216 "GET /v2.0/subnets?id=bd81753e-540f-471e-8a6b-48fbf8846965 HTTP/1.1" status: 200 len: 865 time: 0.0857642
2026-05-05 23:22:43.686 9 WARNING neutron.scheduler.dhcp_agent_scheduler [None req-58022ee2-3dc6-4050-93b6-69f9aa31ac8f 5ed5c9ef4c5c413fb6c6a6c330e7ddc4 536ca7a4f04f4cb088c8534b64a76fd4 - - default default] No more DHCP agents
2026-05-05 23:22:43.688 10 INFO neutron.wsgi [None req-e135b84a-0f17-483c-862c-9664c36a7cd3 b8c6d1dcae5248e5825dfabbeffe8884 2ddfb69cfb8d471e862c92287967973c - - default default] 10.0.0.6 "GET /v2.0/subnetpools?not-tags=red HTTP/1.1" status: 200 len: 1223 time: 0.0769279
2026-05-05 23:22:43.691 9 WARNING neutron.api.rpc.agentnotifiers.dhcp_rpc_agent_api [None req-58022ee2-3dc6-4050-93b6-69f9aa31ac8f 5ed5c9ef4c5c413fb6c6a6c330e7ddc4 536ca7a4f04f4cb088c8534b64a76fd4 - - default default] Unable to schedule network ac781ae6-8932-4fcd-80f7-63097196d736: no agents available; will retry on subsequent port and subnet creation events. /var/lib/openstack/lib/python3.10/site-packages/pycadf/identifier.py:71: UserWarning: Invalid uuid: neutron. To ensure interoperability, identifiers should be a valid uuid. warnings.warn(('Invalid uuid: %s. To ensure interoperability, '
2026-05-05 23:22:43.704 10 INFO neutron.wsgi [req-9c94fbbe-0976-4c62-8b3f-0c5522e2e5e1 req-c82aaf5c-f638-4e8a-90bb-8dc5d0398d53 a490d33bb3f0499584bc585e92fddd82 649a67ed628a4eda85bb7bda32d63321 - - 0a011696ac28418b9b42b3e5b7857382 0a011696ac28418b9b42b3e5b7857382] 199.204.45.216 "GET /v2.0/ports?network_id=7d1da3cc-6bdc-4319-9ec8-7d362f957294&device_owner=network%3Adhcp HTTP/1.1" status: 200 len: 210 time: 0.0340767
2026-05-05 23:22:43.725 9 INFO neutron.notifiers.nova [-] Nova event matching ['req-7bec9f57-412b-44fc-9409-94b8bc295bc5'] response: {'server_uuid': '6c08001c-e34e-419e-8047-5074e3c7916e', 'name': 'network-vif-plugged', 'status': 'completed', 'tag': 'fddb8479-ec8c-44e9-95c5-a1daf12c5c44', 'code': 200}
2026-05-05 23:22:43.748 9 INFO neutron.wsgi [None req-e93a59b9-1102-4461-86f2-7db972dbaad3 b8c6d1dcae5248e5825dfabbeffe8884 2ddfb69cfb8d471e862c92287967973c - - default default] 10.0.0.6 "GET /v2.0/subnetpools?not-tags=red%2Cblue HTTP/1.1" status: 200 len: 1730 time: 0.0529132
2026-05-05 23:22:43.831 9 INFO neutron.wsgi [None req-26500ae9-f5ea-44d8-b456-f6bdde9d0474 b8c6d1dcae5248e5825dfabbeffe8884 2ddfb69cfb8d471e862c92287967973c - - default default] 10.0.0.6 "GET /v2.0/subnetpools?not-tags-any=blue HTTP/1.1" status: 200 len: 1730 time: 0.0604460
2026-05-05 23:22:43.886 9 INFO neutron.wsgi [None req-8eff038e-9d01-4ccd-8eba-1e51a014cb3d b8c6d1dcae5248e5825dfabbeffe8884 2ddfb69cfb8d471e862c92287967973c - - default default] 10.0.0.6 "GET /v2.0/subnetpools?not-tags-any=red%2Cblue HTTP/1.1" status: 200 len: 1223 time: 0.0429296
2026-05-05 23:22:43.914 9 INFO neutron.db.ovn_revision_numbers_db [None req-58022ee2-3dc6-4050-93b6-69f9aa31ac8f 5ed5c9ef4c5c413fb6c6a6c330e7ddc4 536ca7a4f04f4cb088c8534b64a76fd4 - - default default] Successfully bumped revision number for resource 9ca6763a-8817-4417-8413-844356ed4c3c (type: ports) to 1
2026-05-05 23:22:43.979 9 WARNING neutron.scheduler.dhcp_agent_scheduler [None req-58022ee2-3dc6-4050-93b6-69f9aa31ac8f 5ed5c9ef4c5c413fb6c6a6c330e7ddc4 536ca7a4f04f4cb088c8534b64a76fd4 - - default default] No more DHCP agents
2026-05-05 23:22:43.984 9 WARNING neutron.api.rpc.agentnotifiers.dhcp_rpc_agent_api [None req-58022ee2-3dc6-4050-93b6-69f9aa31ac8f 5ed5c9ef4c5c413fb6c6a6c330e7ddc4 536ca7a4f04f4cb088c8534b64a76fd4 - - default default] Unable to schedule network b9abd013-d759-48c8-a0cc-567564d82577: no agents available; will retry on subsequent port and subnet creation events.
2026-05-05 23:22:43.992 10 INFO neutron.wsgi [req-5d0f92d6-c2a7-4d52-83d4-864f0839910c req-482e4775-280a-4d74-8910-35d394a7c759 dd2371181c2e4e988a6468b6ec615ca1 c5c390a3527f4e7e94ec09faaaf0bcc4 - - default default] 10.0.0.63 "GET /v2.0/ports?device_id=6c08001c-e34e-419e-8047-5074e3c7916e HTTP/1.1" status: 200 len: 1170 time: 0.0553162
2026-05-05 23:22:44.022 9 INFO neutron.wsgi [None req-9bbb1a94-868a-4175-895b-d1a9241b210d b8c6d1dcae5248e5825dfabbeffe8884 2ddfb69cfb8d471e862c92287967973c - - default default] 10.0.0.6 "DELETE /v2.0/subnetpools/5d2b476b-9d7f-42a6-88b2-e87f1279a443 HTTP/1.1" status: 204 len: 168 time: 0.1257288
2026-05-05 23:22:44.036 10 INFO neutron.wsgi [req-9c94fbbe-0976-4c62-8b3f-0c5522e2e5e1 req-fd2b0690-11c4-4c23-942d-cbed88bc352d a490d33bb3f0499584bc585e92fddd82 649a67ed628a4eda85bb7bda32d63321 - - 0a011696ac28418b9b42b3e5b7857382 0a011696ac28418b9b42b3e5b7857382] 199.204.45.216 "GET /v2.0/networks/7d1da3cc-6bdc-4319-9ec8-7d362f957294?fields=segments HTTP/1.1" status: 200 len: 212 time: 0.3157907
2026-05-05 23:22:44.094 9 INFO neutron.db.ovn_revision_numbers_db [None req-012b7f7e-8f9d-4d1d-8a13-56dc33937494 - - - - - -] Successfully bumped revision number for resource fddb8479-ec8c-44e9-95c5-a1daf12c5c44 (type: ports) to 4
2026-05-05 23:22:44.100 9 INFO neutron.db.ovn_revision_numbers_db [None req-58022ee2-3dc6-4050-93b6-69f9aa31ac8f 5ed5c9ef4c5c413fb6c6a6c330e7ddc4 536ca7a4f04f4cb088c8534b64a76fd4 - - default default] Successfully bumped revision number for resource e53e60a6-8c47-4784-9782-688291af7c9a (type: ports) to 1
2026-05-05 23:22:44.130 10 INFO neutron.wsgi [req-5d0f92d6-c2a7-4d52-83d4-864f0839910c req-31314dbd-1ef5-46ee-813e-7068d15d078d dd2371181c2e4e988a6468b6ec615ca1 c5c390a3527f4e7e94ec09faaaf0bcc4 - - default default] 10.0.0.63 "GET /v2.0/security-groups?id=7185b816-6fa6-4f43-a7a3-ed8485b26811&fields=id&fields=name HTTP/1.1" status: 200 len: 286 time: 0.1242523
2026-05-05 23:22:44.152 9 INFO neutron.wsgi [None req-58022ee2-3dc6-4050-93b6-69f9aa31ac8f 5ed5c9ef4c5c413fb6c6a6c330e7ddc4 536ca7a4f04f4cb088c8534b64a76fd4 - - default default] 10.0.0.6 "POST /v2.0/ports HTTP/1.1" status: 201 len: 1706 time: 1.1570816
2026-05-05 23:22:44.162 10 INFO neutron.wsgi [None req-fed1612b-9b26-4622-a2e0-7227f1257a90 b8c6d1dcae5248e5825dfabbeffe8884 2ddfb69cfb8d471e862c92287967973c - - default default] 10.0.0.6 "DELETE /v2.0/subnetpools/5d2deac5-c495-4454-9713-860dda146758 HTTP/1.1" status: 204 len: 168 time: 0.1295276 /var/lib/openstack/lib/python3.10/site-packages/pycadf/identifier.py:71: UserWarning: Invalid uuid: neutron. To ensure interoperability, identifiers should be a valid uuid. warnings.warn(('Invalid uuid: %s. To ensure interoperability, '
2026-05-05 23:22:44.180 10 INFO neutron.wsgi [req-9c94fbbe-0976-4c62-8b3f-0c5522e2e5e1 req-91662d9c-26a7-4f82-9175-6313d0cef946 a490d33bb3f0499584bc585e92fddd82 649a67ed628a4eda85bb7bda32d63321 - - 0a011696ac28418b9b42b3e5b7857382 0a011696ac28418b9b42b3e5b7857382] 199.204.45.216 "GET /v2.0/networks/7d1da3cc-6bdc-4319-9ec8-7d362f957294?fields=provider%3Aphysical_network&fields=provider%3Anetwork_type HTTP/1.1" status: 200 len: 277 time: 0.1363378
2026-05-05 23:22:44.250 9 INFO neutron.wsgi [None req-a8077b08-ac00-472b-8d09-fd7d5a48b655 b8c6d1dcae5248e5825dfabbeffe8884 2ddfb69cfb8d471e862c92287967973c - - default default] 10.0.0.6 "DELETE /v2.0/subnetpools/b847a830-7d58-4b44-80e4-38ca2da4b3e5 HTTP/1.1" status: 204 len: 168 time: 0.0786991
2026-05-05 23:22:44.305 9 INFO neutron.wsgi [None req-d814510a-aee7-4e89-a3d1-08f41eb08610 5ed5c9ef4c5c413fb6c6a6c330e7ddc4 536ca7a4f04f4cb088c8534b64a76fd4 - - default default] 10.0.0.6 "GET /v2.0/ports HTTP/1.1" status: 200 len: 3213 time: 0.1467626
2026-05-05 23:22:44.322 10 INFO neutron.wsgi [None req-a40f5aa5-baa8-4f4a-96af-9a18929ab066 b8c6d1dcae5248e5825dfabbeffe8884 2ddfb69cfb8d471e862c92287967973c - - default default] 10.0.0.6 "DELETE /v2.0/subnetpools/29a1763d-bf75-496f-b4d0-1bb7d2a78155 HTTP/1.1" status: 204 len: 168 time: 0.0673900
2026-05-05 23:22:44.398 10 INFO neutron.wsgi [None req-95f258d1-70b5-42a6-84ed-053a15be5a6c b8c6d1dcae5248e5825dfabbeffe8884 2ddfb69cfb8d471e862c92287967973c - - default default] 10.0.0.6 "DELETE /v2.0/subnetpools/07a720bb-c309-4504-9556-eb65108221b6 HTTP/1.1" status: 204 len: 168 time: 0.0716562
2026-05-05 23:22:44.487 9 INFO neutron.plugins.ml2.drivers.ovn.mech_driver.mech_driver [None req-012b7f7e-8f9d-4d1d-8a13-56dc33937494 - - - - - -] OVN reports status up for port: da6ed9df-1fac-458c-b1f3-3d30550fb44c
2026-05-05 23:22:44.490 9 INFO neutron.plugins.ml2.drivers.ovn.mech_driver.ovsdb.ovsdb_monitor [None req-e20e967b-4ee0-4df4-ada0-c1df554e9f86 - - - - - -] Router 7a042206-3949-452e-95ec-28c5aa2c63ae is bound to host instance
2026-05-05 23:22:44.494 9 INFO neutron.plugins.ml2.plugin [None req-012b7f7e-8f9d-4d1d-8a13-56dc33937494 - - - - - -] Attempt 1 to provision port da6ed9df-1fac-458c-b1f3-3d30550fb44c
2026-05-05 23:22:44.511 10 INFO neutron.db.ovn_revision_numbers_db [None req-964fec5b-b3f4-4156-a49b-b874a2cee526 5781dc58d8794510ae51bd1c29aa818e 0c252375db6142cab5157c5b9737dcab - - default default] Successfully bumped revision number for resource da6ed9df-1fac-458c-b1f3-3d30550fb44c (type: router_ports) to 1
2026-05-05 23:22:44.576 10 INFO neutron.db.ovn_revision_numbers_db [None req-964fec5b-b3f4-4156-a49b-b874a2cee526 5781dc58d8794510ae51bd1c29aa818e 0c252375db6142cab5157c5b9737dcab - - default default] Successfully bumped revision number for resource 7a042206-3949-452e-95ec-28c5aa2c63ae (type: routers) to 2
2026-05-05 23:22:44.591 10 INFO neutron.wsgi [None req-964fec5b-b3f4-4156-a49b-b874a2cee526 5781dc58d8794510ae51bd1c29aa818e 0c252375db6142cab5157c5b9737dcab - - default default] 10.0.0.6 "POST /v2.0/routers HTTP/1.1" status: 201 len: 874 time: 2.1927285
2026-05-05 23:22:44.624 9 INFO neutron.wsgi [None req-a2afb68d-4935-42de-96ba-50dda7efb60e 5ed5c9ef4c5c413fb6c6a6c330e7ddc4 536ca7a4f04f4cb088c8534b64a76fd4 - - default default] 10.0.0.6 "DELETE /v2.0/ports/9ca6763a-8817-4417-8413-844356ed4c3c HTTP/1.1" status: 204 len: 168 time: 0.3089077
2026-05-05 23:22:44.782 10 INFO neutron.wsgi [None req-dd6706db-f39e-4b7b-9a4b-cf281ea504ec 1cda09a06e6d40db97e39ac685d48c1f 9aca044573764beda02774617d413150 - - default default] 10.0.0.6 "GET /v2.0/subnets?project_id=0c252375db6142cab5157c5b9737dcab&cidr=10.100.0.0%2F28 HTTP/1.1" status: 200 len: 207 time: 0.1821792
2026-05-05 23:22:44.866 10 INFO neutron.wsgi [None req-56b65e88-a59c-4295-8208-0a058e895407 1cda09a06e6d40db97e39ac685d48c1f 9aca044573764beda02774617d413150 - - default default] 10.0.0.6 "GET /v2.0/networks?router%3Aexternal=True HTTP/1.1" status: 200 len: 947 time: 0.0769179
2026-05-05 23:22:44.897 10 INFO neutron.wsgi [None req-4a5867fa-127b-4659-9fed-5ea26318a2da 1cda09a06e6d40db97e39ac685d48c1f 9aca044573764beda02774617d413150 - - default default] 10.0.0.6 "GET /v2.0/subnets?network_id=14256baa-af24-4bce-83a7-1233abb20d87&cidr=10.100.0.0%2F28 HTTP/1.1" status: 200 len: 207 time: 0.0219288
2026-05-05 23:22:44.918 9 INFO neutron.wsgi [None req-190a33ee-449b-4c88-bb56-9b09c5c14be5 5ed5c9ef4c5c413fb6c6a6c330e7ddc4 536ca7a4f04f4cb088c8534b64a76fd4 - - default default] 10.0.0.6 "DELETE /v2.0/ports/e53e60a6-8c47-4784-9782-688291af7c9a HTTP/1.1" status: 204 len: 168 time: 0.2893085
2026-05-05 23:22:44.989 9 INFO neutron.wsgi [None req-09b54421-cf38-4410-81a8-ebe40298c0a1 5ed5c9ef4c5c413fb6c6a6c330e7ddc4 536ca7a4f04f4cb088c8534b64a76fd4 - - default default] 10.0.0.6 "GET /v2.0/ports HTTP/1.1" status: 200 len: 1718 time: 0.0651388
2026-05-05 23:22:45.101 10 INFO neutron.db.segments_db [None req-a6640f2b-c742-479b-b1b1-c9cb563cc744 5ed5c9ef4c5c413fb6c6a6c330e7ddc4 536ca7a4f04f4cb088c8534b64a76fd4 - - default default] Added segment 0b69a1a9-d4f1-4d00-b2c9-bb236aced652 of type geneve for network 0bf195e1-028a-4fdf-a93c-a4267b04bf7d
2026-05-05 23:22:45.142 9 INFO neutron.db.ovn_revision_numbers_db [None req-e20e967b-4ee0-4df4-ada0-c1df554e9f86 - - - - - -] Successfully bumped revision number for resource da6ed9df-1fac-458c-b1f3-3d30550fb44c (type: ports) to 1
2026-05-05 23:22:45.187 10 WARNING neutron.scheduler.dhcp_agent_scheduler [None req-5ba4e3b1-c05a-4fa9-9c4a-ef61b4b5edc5 5781dc58d8794510ae51bd1c29aa818e 0c252375db6142cab5157c5b9737dcab - - default default] No more DHCP agents
2026-05-05 23:22:45.188 10 WARNING neutron.api.rpc.agentnotifiers.dhcp_rpc_agent_api [None req-5ba4e3b1-c05a-4fa9-9c4a-ef61b4b5edc5 5781dc58d8794510ae51bd1c29aa818e 0c252375db6142cab5157c5b9737dcab - - default default] Unable to schedule network 6a5fee9a-07bf-41e4-827e-860e6cc5275e: no agents available; will retry on subsequent port and subnet creation events.
2026-05-05 23:22:45.331 10 INFO neutron.db.ovn_revision_numbers_db [None req-a6640f2b-c742-479b-b1b1-c9cb563cc744 5ed5c9ef4c5c413fb6c6a6c330e7ddc4 536ca7a4f04f4cb088c8534b64a76fd4 - - default default] Successfully bumped revision number for resource 0bf195e1-028a-4fdf-a93c-a4267b04bf7d (type: networks) to 1
2026-05-05 23:22:45.353 10 INFO neutron.wsgi [req-2c77b020-3392-4666-a809-0a868e985642 req-25257c3c-0068-4cf9-bd4d-c5b5a7c3481e dd2371181c2e4e988a6468b6ec615ca1 c5c390a3527f4e7e94ec09faaaf0bcc4 - - default default] 10.0.0.63 "GET /v2.0/ports?device_id=6c08001c-e34e-419e-8047-5074e3c7916e HTTP/1.1" status: 200 len: 1170 time: 0.1608989
2026-05-05 23:22:45.442 10 INFO neutron.wsgi [req-2c77b020-3392-4666-a809-0a868e985642 req-60a702dd-3faa-4a5a-9d8d-7eee7059a66f dd2371181c2e4e988a6468b6ec615ca1 c5c390a3527f4e7e94ec09faaaf0bcc4 - - default default] 10.0.0.63 "GET /v2.0/security-groups?id=7185b816-6fa6-4f43-a7a3-ed8485b26811&fields=id&fields=name HTTP/1.1" status: 200 len: 286 time: 0.0778832
2026-05-05 23:22:45.567 9 INFO neutron.db.ovn_revision_numbers_db [None req-e20e967b-4ee0-4df4-ada0-c1df554e9f86 - - - - - -] Successfully bumped revision number for resource da6ed9df-1fac-458c-b1f3-3d30550fb44c (type: router_ports) to 3
2026-05-05 23:22:45.692 10 WARNING neutron.scheduler.dhcp_agent_scheduler [None req-a6640f2b-c742-479b-b1b1-c9cb563cc744 5ed5c9ef4c5c413fb6c6a6c330e7ddc4 536ca7a4f04f4cb088c8534b64a76fd4 - - default default] No more DHCP agents
2026-05-05 23:22:45.717 10 WARNING neutron.api.rpc.agentnotifiers.dhcp_rpc_agent_api [None req-a6640f2b-c742-479b-b1b1-c9cb563cc744 5ed5c9ef4c5c413fb6c6a6c330e7ddc4 536ca7a4f04f4cb088c8534b64a76fd4 - - default default] Unable to schedule network 0bf195e1-028a-4fdf-a93c-a4267b04bf7d: no agents available; will retry on subsequent port and subnet creation events.
2026-05-05 23:22:45.743 10 INFO neutron.db.ovn_revision_numbers_db [None req-bb004d16-e99b-4caf-baa8-19bad69165d0 2dc7c05af06646b8886b96fd3aca94c9 3909b9d0ee214a2e9b028f628ee8a188 - - default default] Successfully bumped revision number for resource f8d42ffa-5472-4b75-b97f-20730c25a2bb (type: security_groups) to 1
2026-05-05 23:22:45.767 9 INFO neutron.notifiers.nova [-] Nova event matching ['req-a7e9920d-6620-4615-b224-de2ea31ce862'] response: {'server_uuid': '6c08001c-e34e-419e-8047-5074e3c7916e', 'name': 'network-vif-plugged', 'status': 'completed', 'tag': 'fddb8479-ec8c-44e9-95c5-a1daf12c5c44', 'code': 200}
2026-05-05 23:22:45.784 10 INFO neutron.db.ovn_revision_numbers_db [None req-bb004d16-e99b-4caf-baa8-19bad69165d0 2dc7c05af06646b8886b96fd3aca94c9 3909b9d0ee214a2e9b028f628ee8a188 - - default default] Successfully bumped revision number for resource 0375a62a-7198-489a-a19b-72d3183e3c1d (type: security_group_rules) to 0
2026-05-05 23:22:45.813 9 INFO neutron.db.ovn_revision_numbers_db [None req-e20e967b-4ee0-4df4-ada0-c1df554e9f86 - - - - - -] Successfully bumped revision number for resource da6ed9df-1fac-458c-b1f3-3d30550fb44c (type: ports) to 2
2026-05-05 23:22:45.836 10 INFO neutron.db.ovn_revision_numbers_db [None req-bb004d16-e99b-4caf-baa8-19bad69165d0 2dc7c05af06646b8886b96fd3aca94c9 3909b9d0ee214a2e9b028f628ee8a188 - - default default] Successfully bumped revision number for resource 55f1c3b5-f389-42fd-aa63-910c724dd37f (type: security_group_rules) to 0
2026-05-05 23:22:45.854 10 INFO neutron.db.ovn_revision_numbers_db [None req-a6640f2b-c742-479b-b1b1-c9cb563cc744 5ed5c9ef4c5c413fb6c6a6c330e7ddc4 536ca7a4f04f4cb088c8534b64a76fd4 - - default default] Successfully bumped revision number for resource e68f3992-3ebc-44f1-982c-f75be845c3c5 (type: ports) to 1
2026-05-05 23:22:45.872 10 INFO neutron.db.ovn_revision_numbers_db [None req-bb004d16-e99b-4caf-baa8-19bad69165d0 2dc7c05af06646b8886b96fd3aca94c9 3909b9d0ee214a2e9b028f628ee8a188 - - default default] Successfully bumped revision number for resource ac86eac3-4919-4759-9901-952dbe243461 (type: security_group_rules) to 0
2026-05-05 23:22:45.896 10 INFO neutron.wsgi [None req-a6640f2b-c742-479b-b1b1-c9cb563cc744 5ed5c9ef4c5c413fb6c6a6c330e7ddc4 536ca7a4f04f4cb088c8534b64a76fd4 - - default default] 10.0.0.6 "POST /v2.0/networks HTTP/1.1" status: 201 len: 849 time: 0.8975005
2026-05-05 23:22:45.898 10 INFO neutron.db.ovn_revision_numbers_db [None req-bb004d16-e99b-4caf-baa8-19bad69165d0 2dc7c05af06646b8886b96fd3aca94c9 3909b9d0ee214a2e9b028f628ee8a188 - - default default] Successfully bumped revision number for resource efa1db28-8b4f-4a7e-945e-24a45260eaa3 (type: security_group_rules) to 0
2026-05-05 23:22:45.950 10 INFO neutron.wsgi [None req-bb004d16-e99b-4caf-baa8-19bad69165d0 2dc7c05af06646b8886b96fd3aca94c9 3909b9d0ee214a2e9b028f628ee8a188 - - default default] 10.0.0.6 "GET /v2.0/security-groups?tenant_id=eb0e9949951d4954829161d9a62599f2&name=default HTTP/1.1" status: 200 len: 2996 time: 0.6524770
2026-05-05 23:22:46.040 10 INFO neutron.db.segments_db [None req-7a5f7afd-3f2c-4f28-8e15-2c45f18ecd3c 5ed5c9ef4c5c413fb6c6a6c330e7ddc4 536ca7a4f04f4cb088c8534b64a76fd4 - - default default] Added segment e228ef02-e994-4c55-85ca-e7ece3f368a5 of type geneve for network 528492c2-13bd-4368-9dd2-bdb842217370
2026-05-05 23:22:46.107 10 INFO neutron.wsgi [req-5cdf3923-5afb-46fd-a80c-3ddc45079619 req-d7089bed-45eb-4c4b-a280-a8a3997ac7fb dd2371181c2e4e988a6468b6ec615ca1 c5c390a3527f4e7e94ec09faaaf0bcc4 - - default default] 10.0.0.63 "GET /v2.0/ports?device_id=6c08001c-e34e-419e-8047-5074e3c7916e HTTP/1.1" status: 200 len: 1170 time: 0.0586445
2026-05-05 23:22:46.126 9 INFO neutron.db.ovn_revision_numbers_db [None req-e20e967b-4ee0-4df4-ada0-c1df554e9f86 - - - - - -] Successfully bumped revision number for resource da6ed9df-1fac-458c-b1f3-3d30550fb44c (type: ports) to 4
2026-05-05 23:22:46.274 9 INFO neutron.wsgi [None req-a36f7c2f-93d9-4abe-aa23-9bcfd624ba0b 2dc7c05af06646b8886b96fd3aca94c9 3909b9d0ee214a2e9b028f628ee8a188 - - default default] 10.0.0.6 "DELETE /v2.0/security-groups/f8d42ffa-5472-4b75-b97f-20730c25a2bb HTTP/1.1" status: 204 len: 168 time: 0.3177903
2026-05-05 23:22:46.332 10 INFO neutron.db.ovn_revision_numbers_db [None req-5ba4e3b1-c05a-4fa9-9c4a-ef61b4b5edc5 5781dc58d8794510ae51bd1c29aa818e 0c252375db6142cab5157c5b9737dcab - - default default] Successfully bumped revision number for resource b409a73f-60ec-42f5-a827-097be8edb1aa (type: ports) to 2
2026-05-05 23:22:46.371 9 INFO neutron.db.ovn_revision_numbers_db [None req-e20e967b-4ee0-4df4-ada0-c1df554e9f86 - - - - - -] Successfully bumped revision number for resource da6ed9df-1fac-458c-b1f3-3d30550fb44c (type: router_ports) to 4
2026-05-05 23:22:46.408 10 INFO neutron.wsgi [req-5cdf3923-5afb-46fd-a80c-3ddc45079619 req-6dd06d10-919a-4450-9dbe-aef418d86bd7 dd2371181c2e4e988a6468b6ec615ca1 c5c390a3527f4e7e94ec09faaaf0bcc4 - - default default] 10.0.0.63 "GET /v2.0/security-groups?id=7185b816-6fa6-4f43-a7a3-ed8485b26811&fields=id&fields=name HTTP/1.1" status: 200 len: 286 time: 0.1049225
2026-05-05 23:22:46.417 10 INFO neutron.wsgi [req-4d6b168c-0321-4d1a-9ef2-eb4172c653e8 req-2917aea9-6857-43e5-bf53-681ae56eb3e5 dd2371181c2e4e988a6468b6ec615ca1 c5c390a3527f4e7e94ec09faaaf0bcc4 - - default default] 199.204.45.216 "GET /v2.0/ports?device_id=6c08001c-e34e-419e-8047-5074e3c7916e HTTP/1.1" status: 200 len: 1170 time: 0.0600288
2026-05-05 23:22:46.425 10 INFO neutron.db.ovn_revision_numbers_db [None req-5ba4e3b1-c05a-4fa9-9c4a-ef61b4b5edc5 5781dc58d8794510ae51bd1c29aa818e 0c252375db6142cab5157c5b9737dcab - - default default] Successfully bumped revision number for resource 4dbe2711-033d-46a9-b6e1-68999b5516af (type: subnets) to 0
2026-05-05 23:22:46.459 10 INFO neutron.wsgi [None req-5ba4e3b1-c05a-4fa9-9c4a-ef61b4b5edc5 5781dc58d8794510ae51bd1c29aa818e 0c252375db6142cab5157c5b9737dcab - - default default] 10.0.0.6 "POST /v2.0/subnets HTTP/1.1" status: 201 len: 831 time: 1.5545237
2026-05-05 23:22:46.493 10 INFO neutron.db.ovn_revision_numbers_db [None req-7a5f7afd-3f2c-4f28-8e15-2c45f18ecd3c 5ed5c9ef4c5c413fb6c6a6c330e7ddc4 536ca7a4f04f4cb088c8534b64a76fd4 - - default default] Successfully bumped revision number for resource 528492c2-13bd-4368-9dd2-bdb842217370 (type: networks) to 1
2026-05-05 23:22:46.543 9 INFO neutron.db.ovn_revision_numbers_db [None req-af32c139-53ed-4256-ba49-82e014dc6a21 2dc7c05af06646b8886b96fd3aca94c9 3909b9d0ee214a2e9b028f628ee8a188 - - default default] Successfully bumped revision number for resource 3b0ffc77-259e-4d60-b1f9-081da962321d (type: security_groups) to 1
2026-05-05 23:22:46.579 9 INFO neutron.db.ovn_revision_numbers_db [None req-af32c139-53ed-4256-ba49-82e014dc6a21 2dc7c05af06646b8886b96fd3aca94c9 3909b9d0ee214a2e9b028f628ee8a188 - - default default] Successfully bumped revision number for resource 4acf595a-7fe2-4eee-b371-965ed1f1817e (type: security_group_rules) to 0
2026-05-05 23:22:46.595 9 INFO neutron.db.ovn_revision_numbers_db [None req-af32c139-53ed-4256-ba49-82e014dc6a21 2dc7c05af06646b8886b96fd3aca94c9 3909b9d0ee214a2e9b028f628ee8a188 - - default default] Successfully bumped revision number for resource 4b282a34-a868-4395-a41c-cdc8d32416ef (type: security_group_rules) to 0
2026-05-05 23:22:46.609 9 INFO neutron.db.ovn_revision_numbers_db [None req-af32c139-53ed-4256-ba49-82e014dc6a21 2dc7c05af06646b8886b96fd3aca94c9 3909b9d0ee214a2e9b028f628ee8a188 - - default default] Successfully bumped revision number for resource 5015b9b4-2908-4b26-8a6c-474e8a5754e2 (type: security_group_rules) to 0
2026-05-05 23:22:46.632 9 INFO neutron.db.ovn_revision_numbers_db [None req-af32c139-53ed-4256-ba49-82e014dc6a21 2dc7c05af06646b8886b96fd3aca94c9 3909b9d0ee214a2e9b028f628ee8a188 - - default default] Successfully bumped revision number for resource 9d4eb631-7fee-4859-921e-7cbe71918e33 (type: security_group_rules) to 0
2026-05-05 23:22:46.663 9 INFO neutron.wsgi [None req-af32c139-53ed-4256-ba49-82e014dc6a21 2dc7c05af06646b8886b96fd3aca94c9 3909b9d0ee214a2e9b028f628ee8a188 - - default default] 10.0.0.6 "GET /v2.0/security-groups?tenant_id=47ba0641fdb1448ea8e50db2e36852e6&name=default HTTP/1.1" status: 200 len: 2996 time: 0.2723584
2026-05-05 23:22:46.712 10 WARNING neutron.scheduler.dhcp_agent_scheduler [None req-7a5f7afd-3f2c-4f28-8e15-2c45f18ecd3c 5ed5c9ef4c5c413fb6c6a6c330e7ddc4 536ca7a4f04f4cb088c8534b64a76fd4 - - default default] No more DHCP agents
2026-05-05 23:22:46.717 10 WARNING neutron.api.rpc.agentnotifiers.dhcp_rpc_agent_api [None req-7a5f7afd-3f2c-4f28-8e15-2c45f18ecd3c 5ed5c9ef4c5c413fb6c6a6c330e7ddc4 536ca7a4f04f4cb088c8534b64a76fd4 - - default default] Unable to schedule network 528492c2-13bd-4368-9dd2-bdb842217370: no agents available; will retry on subsequent port and subnet creation events.
2026-05-05 23:22:46.791 10 INFO neutron.wsgi [req-4d6b168c-0321-4d1a-9ef2-eb4172c653e8 req-8026bc0b-4353-4fe4-bcc4-56c34fb95fa7 dd2371181c2e4e988a6468b6ec615ca1 c5c390a3527f4e7e94ec09faaaf0bcc4 - - default default] 199.204.45.216 "DELETE /v2.0/ports/fddb8479-ec8c-44e9-95c5-a1daf12c5c44 HTTP/1.1" status: 204 len: 173 time: 0.3617768
2026-05-05 23:22:46.824 10 INFO neutron.db.ovn_revision_numbers_db [None req-7a5f7afd-3f2c-4f28-8e15-2c45f18ecd3c 5ed5c9ef4c5c413fb6c6a6c330e7ddc4 536ca7a4f04f4cb088c8534b64a76fd4 - - default default] Successfully bumped revision number for resource c04b4d5a-ecd9-40e5-a4bb-dad63a84e636 (type: ports) to 1
2026-05-05 23:22:46.827 10 INFO neutron.notifiers.nova [-] Nova event matching ['req-04c89450-fa1b-43b0-bad4-103a107a7117'] response: {'server_uuid': '6c08001c-e34e-419e-8047-5074e3c7916e', 'name': 'network-vif-deleted', 'tag': 'fddb8479-ec8c-44e9-95c5-a1daf12c5c44', 'status': 'completed', 'code': 200}
2026-05-05 23:22:46.853 10 INFO neutron.wsgi [None req-7a5f7afd-3f2c-4f28-8e15-2c45f18ecd3c 5ed5c9ef4c5c413fb6c6a6c330e7ddc4 536ca7a4f04f4cb088c8534b64a76fd4 - - default default] 10.0.0.6 "POST /v2.0/networks HTTP/1.1" status: 201 len: 849 time: 0.9442990
2026-05-05 23:22:46.918 9 INFO neutron.plugins.ml2.drivers.ovn.mech_driver.mech_driver [None req-012b7f7e-8f9d-4d1d-8a13-56dc33937494 - - - - - -] OVN reports status down for port: fddb8479-ec8c-44e9-95c5-a1daf12c5c44
2026-05-05 23:22:47.044 9 INFO neutron.wsgi [None req-003cf1da-ca61-48e9-b93f-33c1e7df6ae4 2dc7c05af06646b8886b96fd3aca94c9 3909b9d0ee214a2e9b028f628ee8a188 - - default default] 10.0.0.6 "DELETE /v2.0/security-groups/3b0ffc77-259e-4d60-b1f9-081da962321d HTTP/1.1" status: 204 len: 168 time: 0.3752341
2026-05-05 23:22:47.111 9 WARNING neutron.scheduler.dhcp_agent_scheduler [None req-c302d834-cd66-4346-b03f-60e1ea0b3954 5781dc58d8794510ae51bd1c29aa818e 0c252375db6142cab5157c5b9737dcab - - default default] No more DHCP agents
2026-05-05 23:22:47.114 9 WARNING neutron.api.rpc.agentnotifiers.dhcp_rpc_agent_api [None req-c302d834-cd66-4346-b03f-60e1ea0b3954 5781dc58d8794510ae51bd1c29aa818e 0c252375db6142cab5157c5b9737dcab - - default default] Unable to schedule network 6a5fee9a-07bf-41e4-827e-860e6cc5275e: no agents available; will retry on subsequent port and subnet creation events.
2026-05-05 23:22:47.277 9 INFO neutron.db.ovn_revision_numbers_db [None req-c302d834-cd66-4346-b03f-60e1ea0b3954 5781dc58d8794510ae51bd1c29aa818e 0c252375db6142cab5157c5b9737dcab - - default default] Successfully bumped revision number for resource e9afe452-4019-4a8c-93b0-cf4b968f7c56 (type: ports) to 1
2026-05-05 23:22:47.331 10 WARNING neutron.scheduler.dhcp_agent_scheduler [None req-f95ef751-6bd0-4f70-a169-3839e9527dac 5ed5c9ef4c5c413fb6c6a6c330e7ddc4 536ca7a4f04f4cb088c8534b64a76fd4 - - default default] No more DHCP agents
2026-05-05 23:22:47.333 10 WARNING neutron.api.rpc.agentnotifiers.dhcp_rpc_agent_api [None req-f95ef751-6bd0-4f70-a169-3839e9527dac 5ed5c9ef4c5c413fb6c6a6c330e7ddc4 536ca7a4f04f4cb088c8534b64a76fd4 - - default default] Unable to schedule network 0bf195e1-028a-4fdf-a93c-a4267b04bf7d: no agents available; will retry on subsequent port and subnet creation events.
2026-05-05 23:22:47.359 9 INFO neutron.db.ovn_revision_numbers_db [None req-fc400183-bf60-422c-a71e-fdb5a94393ec 2dc7c05af06646b8886b96fd3aca94c9 3909b9d0ee214a2e9b028f628ee8a188 - - default default] Successfully bumped revision number for resource 80dc707f-c09a-4064-a9a5-e08402b5391f (type: security_groups) to 1
2026-05-05 23:22:47.383 9 INFO neutron.db.ovn_revision_numbers_db [None req-fc400183-bf60-422c-a71e-fdb5a94393ec 2dc7c05af06646b8886b96fd3aca94c9 3909b9d0ee214a2e9b028f628ee8a188 - - default default] Successfully bumped revision number for resource 39b9b386-2e5e-41f3-8640-3bee5176a42b (type: security_group_rules) to 0
2026-05-05 23:22:47.406 9 INFO neutron.db.ovn_revision_numbers_db [None req-fc400183-bf60-422c-a71e-fdb5a94393ec 2dc7c05af06646b8886b96fd3aca94c9 3909b9d0ee214a2e9b028f628ee8a188 - - default default] Successfully bumped revision number for resource 613d997d-da57-4439-95bc-78375a5722cb (type: security_group_rules) to 0
2026-05-05 23:22:47.425 9 INFO neutron.db.ovn_revision_numbers_db [None req-fc400183-bf60-422c-a71e-fdb5a94393ec 2dc7c05af06646b8886b96fd3aca94c9 3909b9d0ee214a2e9b028f628ee8a188 - - default default] Successfully bumped revision number for resource a80e3118-9c3c-4175-bdcf-0632a242fae3 (type: security_group_rules) to 0
2026-05-05 23:22:47.445 9 INFO neutron.db.ovn_revision_numbers_db [None req-fc400183-bf60-422c-a71e-fdb5a94393ec 2dc7c05af06646b8886b96fd3aca94c9 3909b9d0ee214a2e9b028f628ee8a188 - - default default] Successfully bumped revision number for resource e0d68bac-475f-432b-bc6f-29c4ca074eed (type: security_group_rules) to 0
2026-05-05 23:22:47.477 9 INFO neutron.wsgi [None req-fc400183-bf60-422c-a71e-fdb5a94393ec 2dc7c05af06646b8886b96fd3aca94c9 3909b9d0ee214a2e9b028f628ee8a188 - - default default] 10.0.0.6 "GET /v2.0/security-groups?tenant_id=2ddfb69cfb8d471e862c92287967973c&name=default HTTP/1.1" status: 200 len: 2996 time: 0.2586932
2026-05-05 23:22:47.739 10 INFO neutron.wsgi [None req-2c16e97a-8d96-41a4-b24d-83787ed7729c 2dc7c05af06646b8886b96fd3aca94c9 3909b9d0ee214a2e9b028f628ee8a188 - - default default] 10.0.0.6 "DELETE /v2.0/security-groups/80dc707f-c09a-4064-a9a5-e08402b5391f HTTP/1.1" status: 204 len: 168 time: 0.2562220
2026-05-05 23:22:47.777 9 INFO neutron.plugins.ml2.drivers.ovn.mech_driver.mech_driver [None req-012b7f7e-8f9d-4d1d-8a13-56dc33937494 - - - - - -] OVN reports status up for port: e9afe452-4019-4a8c-93b0-cf4b968f7c56
2026-05-05 23:22:47.793 9 INFO neutron.plugins.ml2.plugin [None req-012b7f7e-8f9d-4d1d-8a13-56dc33937494 - - - - - -] Attempt 1 to provision port e9afe452-4019-4a8c-93b0-cf4b968f7c56
2026-05-05 23:22:47.811 9 INFO neutron.db.ovn_revision_numbers_db [None req-c302d834-cd66-4346-b03f-60e1ea0b3954 5781dc58d8794510ae51bd1c29aa818e 0c252375db6142cab5157c5b9737dcab - - default default] Successfully bumped revision number for resource e9afe452-4019-4a8c-93b0-cf4b968f7c56 (type: router_ports) to 1
2026-05-05 23:22:47.860 10 INFO neutron.db.ovn_revision_numbers_db [None req-f95ef751-6bd0-4f70-a169-3839e9527dac 5ed5c9ef4c5c413fb6c6a6c330e7ddc4 536ca7a4f04f4cb088c8534b64a76fd4 - - default default] Successfully bumped revision number for resource e68f3992-3ebc-44f1-982c-f75be845c3c5 (type: ports) to 2
2026-05-05 23:22:47.894 10 INFO neutron.db.ovn_revision_numbers_db [None req-f95ef751-6bd0-4f70-a169-3839e9527dac 5ed5c9ef4c5c413fb6c6a6c330e7ddc4 536ca7a4f04f4cb088c8534b64a76fd4 - - default default] Successfully bumped revision number for resource b8356ca4-b859-4817-9b3c-481b162397c0 (type: subnets) to 0
2026-05-05 23:22:47.915 10 WARNING neutron.scheduler.dhcp_agent_scheduler [None req-f95ef751-6bd0-4f70-a169-3839e9527dac 5ed5c9ef4c5c413fb6c6a6c330e7ddc4 536ca7a4f04f4cb088c8534b64a76fd4 - - default default] No more DHCP agents
2026-05-05 23:22:47.917 10 WARNING neutron.api.rpc.agentnotifiers.dhcp_rpc_agent_api [None req-f95ef751-6bd0-4f70-a169-3839e9527dac 5ed5c9ef4c5c413fb6c6a6c330e7ddc4 536ca7a4f04f4cb088c8534b64a76fd4 - - default default] Unable to schedule network 528492c2-13bd-4368-9dd2-bdb842217370: no agents available; will retry on subsequent port and subnet creation events.
2026-05-05 23:22:48.021 9 INFO neutron.db.ovn_revision_numbers_db [None req-c302d834-cd66-4346-b03f-60e1ea0b3954 5781dc58d8794510ae51bd1c29aa818e 0c252375db6142cab5157c5b9737dcab - - default default] Successfully bumped revision number for resource e9afe452-4019-4a8c-93b0-cf4b968f7c56 (type: ports) to 1
2026-05-05 23:22:48.112 9 WARNING neutron.scheduler.dhcp_agent_scheduler [None req-c302d834-cd66-4346-b03f-60e1ea0b3954 5781dc58d8794510ae51bd1c29aa818e 0c252375db6142cab5157c5b9737dcab - - default default] No more DHCP agents
2026-05-05 23:22:48.122 9 WARNING neutron.api.rpc.agentnotifiers.dhcp_rpc_agent_api [None req-c302d834-cd66-4346-b03f-60e1ea0b3954 5781dc58d8794510ae51bd1c29aa818e 0c252375db6142cab5157c5b9737dcab - - default default] Unable to schedule network 6a5fee9a-07bf-41e4-827e-860e6cc5275e: no agents available; will retry on subsequent port and subnet creation events.
2026-05-05 23:22:48.148 9 INFO neutron.db.ovn_revision_numbers_db [None req-012b7f7e-8f9d-4d1d-8a13-56dc33937494 - - - - - -] Successfully bumped revision number for resource e9afe452-4019-4a8c-93b0-cf4b968f7c56 (type: ports) to 2
2026-05-05 23:22:48.320 9 INFO neutron.db.ovn_revision_numbers_db [None req-012b7f7e-8f9d-4d1d-8a13-56dc33937494 - - - - - -] Successfully bumped revision number for resource e9afe452-4019-4a8c-93b0-cf4b968f7c56 (type: router_ports) to 2
2026-05-05 23:22:48.434 10 INFO neutron.db.ovn_revision_numbers_db [None req-f95ef751-6bd0-4f70-a169-3839e9527dac 5ed5c9ef4c5c413fb6c6a6c330e7ddc4 536ca7a4f04f4cb088c8534b64a76fd4 - - default default] Successfully bumped revision number for resource c04b4d5a-ecd9-40e5-a4bb-dad63a84e636 (type: ports) to 2
2026-05-05 23:22:48.492 10 INFO neutron.db.ovn_revision_numbers_db [None req-f95ef751-6bd0-4f70-a169-3839e9527dac 5ed5c9ef4c5c413fb6c6a6c330e7ddc4 536ca7a4f04f4cb088c8534b64a76fd4 - - default default] Successfully bumped revision number for resource a3aade30-6a98-4fb0-888e-b74c3224aff1 (type: subnets) to 0
2026-05-05 23:22:48.495 9 INFO neutron.db.ovn_revision_numbers_db [None req-c302d834-cd66-4346-b03f-60e1ea0b3954 5781dc58d8794510ae51bd1c29aa818e 0c252375db6142cab5157c5b9737dcab - - default default] Successfully bumped revision number for resource e9afe452-4019-4a8c-93b0-cf4b968f7c56 (type: router_ports) to 2
