2026-05-05 23:25:02.762 10 INFO neutron.db.ovn_revision_numbers_db [req-ebbabf34-41d8-42d5-9d48-a6fab9540f13 req-d568fd7b-2925-4f3b-917c-c69852a58869 a490d33bb3f0499584bc585e92fddd82 649a67ed628a4eda85bb7bda32d63321 - - 0a011696ac28418b9b42b3e5b7857382 0a011696ac28418b9b42b3e5b7857382] Successfully bumped revision number for resource 30cde70b-2e11-4d40-afba-bbae45ae7f98 (type: ports) to 2
2026-05-05 23:25:02.775 10 INFO neutron.wsgi [req-ebbabf34-41d8-42d5-9d48-a6fab9540f13 req-d568fd7b-2925-4f3b-917c-c69852a58869 a490d33bb3f0499584bc585e92fddd82 649a67ed628a4eda85bb7bda32d63321 - - 0a011696ac28418b9b42b3e5b7857382 0a011696ac28418b9b42b3e5b7857382] 199.204.45.216 "PUT /v2.0/ports/30cde70b-2e11-4d40-afba-bbae45ae7f98 HTTP/1.1" status: 200 len: 1380 time: 0.9002714
2026-05-05 23:25:02.812 10 INFO neutron.notifiers.nova [-] Nova event matching ['req-bd0d4ed2-78cb-4ac3-b2f3-60e4494179f1'] response: {'name': 'network-changed', 'server_uuid': 'e1bd29b1-2e05-4745-a8c8-09840524c1f6', 'tag': '30cde70b-2e11-4d40-afba-bbae45ae7f98', 'status': 'completed', 'code': 200} /var/lib/openstack/lib/python3.10/site-packages/pycadf/identifier.py:71: UserWarning: Invalid uuid: neutron. To ensure interoperability, identifiers should be a valid uuid. warnings.warn(('Invalid uuid: %s. To ensure interoperability, '
2026-05-05 23:25:02.860 10 INFO neutron.wsgi [req-ebbabf34-41d8-42d5-9d48-a6fab9540f13 req-ed822ade-0b7e-4243-8c96-3498b8c85fe9 a490d33bb3f0499584bc585e92fddd82 649a67ed628a4eda85bb7bda32d63321 - - 0a011696ac28418b9b42b3e5b7857382 0a011696ac28418b9b42b3e5b7857382] 199.204.45.216 "GET /v2.0/ports?tenant_id=3909b9d0ee214a2e9b028f628ee8a188&device_id=e1bd29b1-2e05-4745-a8c8-09840524c1f6 HTTP/1.1" status: 200 len: 1411 time: 0.0385423
2026-05-05 23:25:02.895 10 INFO neutron.wsgi [req-ebbabf34-41d8-42d5-9d48-a6fab9540f13 req-27908eb2-a39d-4891-896c-89aa4c5a5b81 a490d33bb3f0499584bc585e92fddd82 649a67ed628a4eda85bb7bda32d63321 - - 0a011696ac28418b9b42b3e5b7857382 0a011696ac28418b9b42b3e5b7857382] 199.204.45.216 "GET /v2.0/floatingips?fixed_ip_address=172.24.3.71&port_id=30cde70b-2e11-4d40-afba-bbae45ae7f98 HTTP/1.1" status: 200 len: 217 time: 0.0276723
2026-05-05 23:25:02.913 9 INFO neutron.wsgi [None req-ded97f26-00f3-4f0e-83b1-6772aceeb8e7 eb8deda802254750936f811da2372eee 43bc40ca4e324fa1a0881a1da344cca1 - - default default] 10.0.0.6 "DELETE /v2.0/subnets/9a69e903-6d3d-4c7e-90c1-62f1430aaa08 HTTP/1.1" status: 204 len: 168 time: 0.4013309
2026-05-05 23:25:02.948 10 INFO neutron.wsgi [req-ebbabf34-41d8-42d5-9d48-a6fab9540f13 req-d9309389-b75e-4ca5-9c9b-2d8fb5437567 a490d33bb3f0499584bc585e92fddd82 649a67ed628a4eda85bb7bda32d63321 - - 0a011696ac28418b9b42b3e5b7857382 0a011696ac28418b9b42b3e5b7857382] 199.204.45.216 "GET /v2.0/subnets?id=5fb5d636-a458-43bb-ac7e-cd6b6e368f43 HTTP/1.1" status: 200 len: 829 time: 0.0463543
2026-05-05 23:25:02.953 10 INFO neutron.wsgi [req-f25fe0bd-d12c-4d45-9ebf-caab19721a95 req-ae2e661a-2114-4eb6-ac4a-27579303120c 2dc7c05af06646b8886b96fd3aca94c9 3909b9d0ee214a2e9b028f628ee8a188 - - default default] 10.0.0.63 "GET /v2.0/ports?device_id=e1bd29b1-2e05-4745-a8c8-09840524c1f6 HTTP/1.1" status: 200 len: 1411 time: 0.0434625
2026-05-05 23:25:02.981 10 INFO neutron.wsgi [req-ebbabf34-41d8-42d5-9d48-a6fab9540f13 req-88d374eb-0e9b-4286-a81b-40f45c4be378 a490d33bb3f0499584bc585e92fddd82 649a67ed628a4eda85bb7bda32d63321 - - 0a011696ac28418b9b42b3e5b7857382 0a011696ac28418b9b42b3e5b7857382] 199.204.45.216 "GET /v2.0/ports?network_id=7297d66a-b145-48ea-8677-0236c7cebd30&device_owner=network%3Adhcp HTTP/1.1" status: 200 len: 210 time: 0.0229850
2026-05-05 23:25:03.019 10 INFO neutron.wsgi [req-f25fe0bd-d12c-4d45-9ebf-caab19721a95 req-024acd72-db0b-4669-8a71-3dee55bfdbeb 2dc7c05af06646b8886b96fd3aca94c9 3909b9d0ee214a2e9b028f628ee8a188 - - default default] 10.0.0.63 "GET /v2.0/security-groups?id=0ec7f017-fa82-4fd6-9dd9-380fb12b372e&fields=id&fields=name HTTP/1.1" status: 200 len: 294 time: 0.0534453
2026-05-05 23:25:03.047 10 INFO neutron.wsgi [req-ebbabf34-41d8-42d5-9d48-a6fab9540f13 req-0d2f5440-40b3-4f0d-8810-285a4c3b689b a490d33bb3f0499584bc585e92fddd82 649a67ed628a4eda85bb7bda32d63321 - - 0a011696ac28418b9b42b3e5b7857382 0a011696ac28418b9b42b3e5b7857382] 199.204.45.216 "GET /v2.0/networks/7297d66a-b145-48ea-8677-0236c7cebd30?fields=segments HTTP/1.1" status: 200 len: 212 time: 0.0612574
2026-05-05 23:25:03.134 10 INFO neutron.wsgi [req-ebbabf34-41d8-42d5-9d48-a6fab9540f13 req-d281ac49-b4e1-43cc-af56-1a42ea1486cb a490d33bb3f0499584bc585e92fddd82 649a67ed628a4eda85bb7bda32d63321 - - 0a011696ac28418b9b42b3e5b7857382 0a011696ac28418b9b42b3e5b7857382] 199.204.45.216 "GET /v2.0/networks/7297d66a-b145-48ea-8677-0236c7cebd30?fields=provider%3Aphysical_network&fields=provider%3Anetwork_type HTTP/1.1" status: 200 len: 277 time: 0.0804212
2026-05-05 23:25:03.138 10 INFO neutron.wsgi [req-5c977f2c-7491-420f-a997-cd9bdb57878b req-7aec4175-a313-4972-8504-88994d3b543e 2dc7c05af06646b8886b96fd3aca94c9 3909b9d0ee214a2e9b028f628ee8a188 - - default default] 10.0.0.63 "GET /v2.0/ports?device_id=e1bd29b1-2e05-4745-a8c8-09840524c1f6 HTTP/1.1" status: 200 len: 1411 time: 0.0400362
2026-05-05 23:25:03.143 9 INFO neutron.wsgi [None req-3b0cb209-5b5d-481f-a494-4b9c05e322e0 eb8deda802254750936f811da2372eee 43bc40ca4e324fa1a0881a1da344cca1 - - default default] 10.0.0.6 "DELETE /v2.0/subnets/227d06d1-833b-4e9f-a562-4b332dfb540a HTTP/1.1" status: 204 len: 168 time: 0.2249348
2026-05-05 23:25:03.223 10 INFO neutron.wsgi [req-f9dc2ec9-6a96-4331-8051-12413ee86c35 req-ad9266ed-d7ad-4751-ab78-cd9f72308d21 a490d33bb3f0499584bc585e92fddd82 649a67ed628a4eda85bb7bda32d63321 - - 0a011696ac28418b9b42b3e5b7857382 0a011696ac28418b9b42b3e5b7857382] 199.204.45.216 "GET /v2.0/ports?tenant_id=3909b9d0ee214a2e9b028f628ee8a188&device_id=e1bd29b1-2e05-4745-a8c8-09840524c1f6 HTTP/1.1" status: 200 len: 1411 time: 0.0442791
2026-05-05 23:25:03.331 10 INFO neutron.wsgi [req-f9dc2ec9-6a96-4331-8051-12413ee86c35 req-93013e5c-93f3-4ede-a0c3-6ec073084aec a490d33bb3f0499584bc585e92fddd82 649a67ed628a4eda85bb7bda32d63321 - - 0a011696ac28418b9b42b3e5b7857382 0a011696ac28418b9b42b3e5b7857382] 199.204.45.216 "GET /v2.0/networks?id=7297d66a-b145-48ea-8677-0236c7cebd30 HTTP/1.1" status: 200 len: 936 time: 0.1028001
2026-05-05 23:25:03.371 10 INFO neutron.wsgi [req-f9dc2ec9-6a96-4331-8051-12413ee86c35 req-7f2b748e-206e-4cc2-8603-1c34cd2a22e1 a490d33bb3f0499584bc585e92fddd82 649a67ed628a4eda85bb7bda32d63321 - - 0a011696ac28418b9b42b3e5b7857382 0a011696ac28418b9b42b3e5b7857382] 199.204.45.216 "GET /v2.0/floatingips?fixed_ip_address=172.24.3.71&port_id=30cde70b-2e11-4d40-afba-bbae45ae7f98 HTTP/1.1" status: 200 len: 217 time: 0.0292108
2026-05-05 23:25:03.375 10 INFO neutron.wsgi [req-48e68e2b-7412-4446-871f-ebd69781b327 req-1500c4b1-2559-4807-964d-c59cf7ef0ce7 a490d33bb3f0499584bc585e92fddd82 649a67ed628a4eda85bb7bda32d63321 - - 0a011696ac28418b9b42b3e5b7857382 0a011696ac28418b9b42b3e5b7857382] 199.204.45.216 "GET /v2.0/ports?device_id=e1bd29b1-2e05-4745-a8c8-09840524c1f6 HTTP/1.1" status: 200 len: 1411 time: 0.0686288
2026-05-05 23:25:03.434 10 INFO neutron.wsgi [req-f9dc2ec9-6a96-4331-8051-12413ee86c35 req-86c40fdb-de00-45b7-97b3-ca65a36d48e1 a490d33bb3f0499584bc585e92fddd82 649a67ed628a4eda85bb7bda32d63321 - - 0a011696ac28418b9b42b3e5b7857382 0a011696ac28418b9b42b3e5b7857382] 199.204.45.216 "GET /v2.0/subnets?id=5fb5d636-a458-43bb-ac7e-cd6b6e368f43 HTTP/1.1" status: 200 len: 829 time: 0.0502245
2026-05-05 23:25:03.453 10 INFO neutron.wsgi [req-48e68e2b-7412-4446-871f-ebd69781b327 req-41acd2b7-eafd-4d62-8559-03f27acd0ab5 a490d33bb3f0499584bc585e92fddd82 649a67ed628a4eda85bb7bda32d63321 - - 0a011696ac28418b9b42b3e5b7857382 0a011696ac28418b9b42b3e5b7857382] 199.204.45.216 "GET /v2.0/security-groups?id=0ec7f017-fa82-4fd6-9dd9-380fb12b372e&fields=id&fields=name HTTP/1.1" status: 200 len: 294 time: 0.0688636
2026-05-05 23:25:03.462 10 INFO neutron.wsgi [req-f9dc2ec9-6a96-4331-8051-12413ee86c35 req-af65b31b-1adf-4c29-be31-b121b0571dc6 a490d33bb3f0499584bc585e92fddd82 649a67ed628a4eda85bb7bda32d63321 - - 0a011696ac28418b9b42b3e5b7857382 0a011696ac28418b9b42b3e5b7857382] 199.204.45.216 "GET /v2.0/ports?network_id=7297d66a-b145-48ea-8677-0236c7cebd30&device_owner=network%3Adhcp HTTP/1.1" status: 200 len: 210 time: 0.0181427
2026-05-05 23:25:03.471 10 INFO neutron.wsgi [None req-46912600-a030-407e-9125-f7a3e59aeb05 eb8deda802254750936f811da2372eee 43bc40ca4e324fa1a0881a1da344cca1 - - default default] 10.0.0.6 "DELETE /v2.0/subnets/a6f263b1-9477-4b8b-a733-2118d2e90901 HTTP/1.1" status: 204 len: 168 time: 0.3216872
2026-05-05 23:25:03.555 9 INFO neutron.plugins.ml2.drivers.ovn.mech_driver.mech_driver [None req-012b7f7e-8f9d-4d1d-8a13-56dc33937494 - - - - - -] OVN reports status up for port: 30cde70b-2e11-4d40-afba-bbae45ae7f98
2026-05-05 23:25:03.580 10 INFO neutron.wsgi [req-f9dc2ec9-6a96-4331-8051-12413ee86c35 req-f7e2d208-e4fd-4e27-8426-75a4ae61da24 a490d33bb3f0499584bc585e92fddd82 649a67ed628a4eda85bb7bda32d63321 - - 0a011696ac28418b9b42b3e5b7857382 0a011696ac28418b9b42b3e5b7857382] 199.204.45.216 "GET /v2.0/networks/7297d66a-b145-48ea-8677-0236c7cebd30?fields=segments HTTP/1.1" status: 200 len: 212 time: 0.0924079
2026-05-05 23:25:03.591 9 INFO neutron.plugins.ml2.plugin [None req-012b7f7e-8f9d-4d1d-8a13-56dc33937494 - - - - - -] Attempt 1 to provision port 30cde70b-2e11-4d40-afba-bbae45ae7f98
2026-05-05 23:25:03.676 10 INFO neutron.wsgi [req-51ba7b28-bb4f-4cbf-8b61-7e84ca2a0dfa req-ba5bf93d-e878-4a6d-95bc-466df3495aa1 a490d33bb3f0499584bc585e92fddd82 649a67ed628a4eda85bb7bda32d63321 - - 0a011696ac28418b9b42b3e5b7857382 0a011696ac28418b9b42b3e5b7857382] 199.204.45.216 "GET /v2.0/ports?device_id=14b7bfc0-59cc-4412-b5a8-110fa2c7e37e&fields=binding%3Ahost_id&fields=binding%3Avif_type HTTP/1.1" status: 200 len: 265 time: 0.0472612
2026-05-05 23:25:03.687 10 INFO neutron.wsgi [req-f9dc2ec9-6a96-4331-8051-12413ee86c35 req-c6a49091-0cce-4146-8054-c777ac4ae286 a490d33bb3f0499584bc585e92fddd82 649a67ed628a4eda85bb7bda32d63321 - - 0a011696ac28418b9b42b3e5b7857382 0a011696ac28418b9b42b3e5b7857382] 199.204.45.216 "GET /v2.0/networks/7297d66a-b145-48ea-8677-0236c7cebd30?fields=provider%3Aphysical_network&fields=provider%3Anetwork_type HTTP/1.1" status: 200 len: 277 time: 0.0988238
2026-05-05 23:25:03.731 9 INFO neutron.notifiers.nova [-] Nova event matching ['req-855c19eb-d772-48ef-adf0-5626f4929236'] response: {'server_uuid': 'e1bd29b1-2e05-4745-a8c8-09840524c1f6', 'name': 'network-vif-plugged', 'status': 'completed', 'tag': '30cde70b-2e11-4d40-afba-bbae45ae7f98', 'code': 200}
2026-05-05 23:25:03.752 10 INFO neutron.wsgi [None req-bad0e523-8f1f-4777-8269-f511cc1b184d eb8deda802254750936f811da2372eee 43bc40ca4e324fa1a0881a1da344cca1 - - default default] 10.0.0.6 "DELETE /v2.0/subnets/19282031-d499-43ea-9970-f6451346814f HTTP/1.1" status: 204 len: 168 time: 0.2762215
2026-05-05 23:25:03.759 10 INFO neutron.wsgi [req-51ba7b28-bb4f-4cbf-8b61-7e84ca2a0dfa req-d8760a99-0e75-4b33-8ef2-a7cb97efb785 a490d33bb3f0499584bc585e92fddd82 649a67ed628a4eda85bb7bda32d63321 - - 0a011696ac28418b9b42b3e5b7857382 0a011696ac28418b9b42b3e5b7857382] 199.204.45.216 "GET /v2.0/ports?tenant_id=df64b2d4fda54e41a4ab38a9f32b0b27&device_id=14b7bfc0-59cc-4412-b5a8-110fa2c7e37e HTTP/1.1" status: 200 len: 1638 time: 0.0477202
2026-05-05 23:25:03.858 10 INFO neutron.wsgi [req-51ba7b28-bb4f-4cbf-8b61-7e84ca2a0dfa req-a0dc086f-a228-4955-a3fe-2bfd4a0e5ac5 a490d33bb3f0499584bc585e92fddd82 649a67ed628a4eda85bb7bda32d63321 - - 0a011696ac28418b9b42b3e5b7857382 0a011696ac28418b9b42b3e5b7857382] 199.204.45.216 "GET /v2.0/networks?id=75e4d3a9-1ab3-4943-a232-f8cf38b69e64 HTTP/1.1" status: 200 len: 1002 time: 0.0668030
2026-05-05 23:25:03.915 10 INFO neutron.wsgi [req-51ba7b28-bb4f-4cbf-8b61-7e84ca2a0dfa req-114cdc85-08bb-450a-a378-fe36ba429616 a490d33bb3f0499584bc585e92fddd82 649a67ed628a4eda85bb7bda32d63321 - - 0a011696ac28418b9b42b3e5b7857382 0a011696ac28418b9b42b3e5b7857382] 199.204.45.216 "GET /v2.0/floatingips?fixed_ip_address=10.2.1.105&port_id=0ea62977-c2f7-4d23-b518-982e22870eae HTTP/1.1" status: 200 len: 1059 time: 0.0502203
2026-05-05 23:25:03.931 9 INFO neutron.db.ovn_revision_numbers_db [None req-012b7f7e-8f9d-4d1d-8a13-56dc33937494 - - - - - -] Successfully bumped revision number for resource 30cde70b-2e11-4d40-afba-bbae45ae7f98 (type: ports) to 4
2026-05-05 23:25:03.944 10 INFO neutron.wsgi [req-51ba7b28-bb4f-4cbf-8b61-7e84ca2a0dfa req-4940f1aa-302a-4579-83ff-d4c7d8e9077f a490d33bb3f0499584bc585e92fddd82 649a67ed628a4eda85bb7bda32d63321 - - 0a011696ac28418b9b42b3e5b7857382 0a011696ac28418b9b42b3e5b7857382] 199.204.45.216 "GET /v2.0/floatingips?fixed_ip_address=fd7b%3Af9f7%3Afff%3A4eca%3A%3A3aa&port_id=0ea62977-c2f7-4d23-b518-982e22870eae HTTP/1.1" status: 200 len: 217 time: 0.0236502
2026-05-05 23:25:03.999 10 INFO neutron.wsgi [req-51ba7b28-bb4f-4cbf-8b61-7e84ca2a0dfa req-57dc585e-bb7f-485b-9abc-eba68415d6dd a490d33bb3f0499584bc585e92fddd82 649a67ed628a4eda85bb7bda32d63321 - - 0a011696ac28418b9b42b3e5b7857382 0a011696ac28418b9b42b3e5b7857382] 199.204.45.216 "GET /v2.0/subnets?id=0c7488c6-4d37-493f-9819-dfe5dccd904d&id=095fa728-e744-45c1-a812-221697b3b9cb HTTP/1.1" status: 200 len: 1563 time: 0.0446723
2026-05-05 23:25:04.023 10 INFO neutron.wsgi [req-51ba7b28-bb4f-4cbf-8b61-7e84ca2a0dfa req-00de5e58-a227-43a0-8c40-c0e6b05f5cb1 a490d33bb3f0499584bc585e92fddd82 649a67ed628a4eda85bb7bda32d63321 - - 0a011696ac28418b9b42b3e5b7857382 0a011696ac28418b9b42b3e5b7857382] 199.204.45.216 "GET /v2.0/ports?network_id=75e4d3a9-1ab3-4943-a232-f8cf38b69e64&device_owner=network%3Adhcp HTTP/1.1" status: 200 len: 210 time: 0.0172861
2026-05-05 23:25:04.050 10 INFO neutron.wsgi [req-51ba7b28-bb4f-4cbf-8b61-7e84ca2a0dfa req-110c5bd6-5d3f-44bd-b01f-d8a00988de2c a490d33bb3f0499584bc585e92fddd82 649a67ed628a4eda85bb7bda32d63321 - - 0a011696ac28418b9b42b3e5b7857382 0a011696ac28418b9b42b3e5b7857382] 199.204.45.216 "GET /v2.0/ports?network_id=75e4d3a9-1ab3-4943-a232-f8cf38b69e64&device_owner=network%3Adhcp HTTP/1.1" status: 200 len: 210 time: 0.0221963
2026-05-05 23:25:04.137 10 INFO neutron.wsgi [req-51ba7b28-bb4f-4cbf-8b61-7e84ca2a0dfa req-c9a2ba56-1e36-46ad-99bb-ef8d6879acfc a490d33bb3f0499584bc585e92fddd82 649a67ed628a4eda85bb7bda32d63321 - - 0a011696ac28418b9b42b3e5b7857382 0a011696ac28418b9b42b3e5b7857382] 199.204.45.216 "GET /v2.0/networks/75e4d3a9-1ab3-4943-a232-f8cf38b69e64?fields=segments HTTP/1.1" status: 200 len: 212 time: 0.0777926
2026-05-05 23:25:04.220 10 INFO neutron.services.segments.plugin [-] Segment ff667a4f-9f9e-426e-829a-cc6e796b86d5 resource provider aggregate not found
2026-05-05 23:25:04.240 10 INFO neutron.services.segments.plugin [-] Segment ff667a4f-9f9e-426e-829a-cc6e796b86d5 resource provider not found; error: Placement Client Error (4xx): {"errors": [{"status": 404, "title": "Not Found", "detail": "The resource could not be found.\n\n No resource provider with uuid ff667a4f-9f9e-426e-829a-cc6e796b86d5 found for delete ", "request_id": "req-45b642a7-81de-48c2-b84c-957a5ad6396a"}]}
2026-05-05 23:25:04.246 10 INFO neutron.wsgi [req-51ba7b28-bb4f-4cbf-8b61-7e84ca2a0dfa req-e0d6efe8-dfc0-4019-81e6-f591558882b2 a490d33bb3f0499584bc585e92fddd82 649a67ed628a4eda85bb7bda32d63321 - - 0a011696ac28418b9b42b3e5b7857382 0a011696ac28418b9b42b3e5b7857382] 199.204.45.216 "GET /v2.0/networks/75e4d3a9-1ab3-4943-a232-f8cf38b69e64?fields=provider%3Aphysical_network&fields=provider%3Anetwork_type HTTP/1.1" status: 200 len: 277 time: 0.1013398
2026-05-05 23:25:04.251 10 INFO neutron.services.segments.plugin [-] Segment ff667a4f-9f9e-426e-829a-cc6e796b86d5 resource provider aggregate not found
2026-05-05 23:25:04.284 10 INFO neutron.wsgi [None req-06fbbfd6-93dd-4773-a804-e6bb5cf70f46 eb8deda802254750936f811da2372eee 43bc40ca4e324fa1a0881a1da344cca1 - - default default] 10.0.0.6 "DELETE /v2.0/networks/67ec2db1-8208-47df-855d-ab0dfb083314 HTTP/1.1" status: 204 len: 168 time: 0.5241079
2026-05-05 23:25:04.285 10 INFO neutron.services.segments.plugin [-] Segment ff667a4f-9f9e-426e-829a-cc6e796b86d5 resource provider not found; error: Placement Client Error (4xx): {"errors": [{"status": 404, "title": "Not Found", "detail": "The resource could not be found.\n\n No resource provider with uuid ff667a4f-9f9e-426e-829a-cc6e796b86d5 found for delete ", "request_id": "req-9f3cb13d-3b8f-49d3-9b41-5ed4e29faf2b"}]} /var/lib/openstack/lib/python3.10/site-packages/pycadf/identifier.py:71: UserWarning: Invalid uuid: neutron. To ensure interoperability, identifiers should be a valid uuid. warnings.warn(('Invalid uuid: %s. To ensure interoperability, '
2026-05-05 23:25:04.655 9 INFO neutron.services.segments.plugin [-] Segment e94b1b25-4b92-4adc-ba42-117b20e17b2b resource provider aggregate not found
2026-05-05 23:25:04.671 9 INFO neutron.services.segments.plugin [-] Segment e94b1b25-4b92-4adc-ba42-117b20e17b2b resource provider aggregate not found
2026-05-05 23:25:04.686 9 INFO neutron.services.segments.plugin [-] Segment e94b1b25-4b92-4adc-ba42-117b20e17b2b resource provider not found; error: Placement Client Error (4xx): {"errors": [{"status": 404, "title": "Not Found", "detail": "The resource could not be found.\n\n No resource provider with uuid e94b1b25-4b92-4adc-ba42-117b20e17b2b found for delete ", "request_id": "req-3bd49428-2107-4118-8f23-302776231fc2"}]}
2026-05-05 23:25:04.695 9 INFO neutron.services.segments.plugin [-] Segment e94b1b25-4b92-4adc-ba42-117b20e17b2b resource provider not found; error: Placement Client Error (4xx): {"errors": [{"status": 404, "title": "Not Found", "detail": "The resource could not be found.\n\n No resource provider with uuid e94b1b25-4b92-4adc-ba42-117b20e17b2b found for delete ", "request_id": "req-b6fae876-a0a2-48fc-8d00-d1ceafa3676e"}]}
2026-05-05 23:25:04.719 9 INFO neutron.wsgi [None req-863da7d3-95fd-461a-8f1b-7cc76037409f eb8deda802254750936f811da2372eee 43bc40ca4e324fa1a0881a1da344cca1 - - default default] 10.0.0.6 "DELETE /v2.0/networks/e18cfdc7-e4fb-433b-919b-e1278c183926 HTTP/1.1" status: 204 len: 168 time: 0.4271922
2026-05-05 23:25:05.096 10 INFO neutron.wsgi [None req-e5fd1f3c-9bf5-4ec7-b527-57b45ce0d6a7 eb8deda802254750936f811da2372eee 43bc40ca4e324fa1a0881a1da344cca1 - - default default] 10.0.0.6 "DELETE /v2.0/networks/9d200cad-f605-48df-adcf-acc10fed5bc3 HTTP/1.1" status: 204 len: 168 time: 0.3708127
2026-05-05 23:25:05.353 10 INFO neutron.wsgi [req-fd820289-2b4c-4966-8a28-719221b808bc req-77f3983d-8150-4540-b770-d8b7e37af9cd 2dc7c05af06646b8886b96fd3aca94c9 3909b9d0ee214a2e9b028f628ee8a188 - - default default] 10.0.0.63 "GET /v2.0/ports?device_id=e1bd29b1-2e05-4745-a8c8-09840524c1f6 HTTP/1.1" status: 200 len: 1413 time: 0.0295804
2026-05-05 23:25:05.416 10 INFO neutron.wsgi [req-fd820289-2b4c-4966-8a28-719221b808bc req-80c7118f-1cea-4e8f-bf1d-8d0da57e62fb 2dc7c05af06646b8886b96fd3aca94c9 3909b9d0ee214a2e9b028f628ee8a188 - - default default] 10.0.0.63 "GET /v2.0/security-groups?id=0ec7f017-fa82-4fd6-9dd9-380fb12b372e&fields=id&fields=name HTTP/1.1" status: 200 len: 294 time: 0.0549369
2026-05-05 23:25:05.505 9 INFO neutron.wsgi [None req-393811f5-b978-4ab4-86d5-9351b114e12d eb8deda802254750936f811da2372eee 43bc40ca4e324fa1a0881a1da344cca1 - - default default] 10.0.0.6 "DELETE /v2.0/networks/f90237bf-02e7-47c9-8d63-7b91402652a6 HTTP/1.1" status: 204 len: 168 time: 0.4019849
2026-05-05 23:25:05.511 10 INFO neutron.wsgi [req-c36e0249-a912-498b-81fd-01b486ff9574 req-8fedb094-bccd-4375-81f9-a4840b38ad54 2dc7c05af06646b8886b96fd3aca94c9 3909b9d0ee214a2e9b028f628ee8a188 - - default default] 10.0.0.63 "GET /v2.0/ports?device_id=e1bd29b1-2e05-4745-a8c8-09840524c1f6 HTTP/1.1" status: 200 len: 1413 time: 0.0404088
2026-05-05 23:25:05.764 9 INFO neutron.notifiers.nova [-] Nova event matching ['req-f1e3b12b-0a9b-40d6-badb-9837422e24e0'] response: {'server_uuid': 'e1bd29b1-2e05-4745-a8c8-09840524c1f6', 'name': 'network-vif-plugged', 'status': 'completed', 'tag': '30cde70b-2e11-4d40-afba-bbae45ae7f98', 'code': 200}
2026-05-05 23:25:05.886 9 INFO neutron.wsgi [None req-38f14c9d-8ec1-4ed3-a42b-2c1e07eb3878 eb8deda802254750936f811da2372eee 43bc40ca4e324fa1a0881a1da344cca1 - - default default] 10.0.0.6 "DELETE /v2.0/networks/4020038b-0ef3-43b7-acd8-de1e16c8019a HTTP/1.1" status: 204 len: 168 time: 0.3734496
2026-05-05 23:25:06.262 10 INFO neutron.services.segments.plugin [-] Segment 45d6e4e9-658b-4310-be47-d0bbf724bdb4 resource provider aggregate not found
2026-05-05 23:25:06.268 9 INFO neutron.wsgi [-] 10.0.0.77 "GET / HTTP/1.1" status: 200 len: 246 time: 0.0028813
2026-05-05 23:25:06.271 9 INFO neutron.wsgi [-] 10.0.0.77 "GET / HTTP/1.1" status: 200 len: 246 time: 0.0014110
2026-05-05 23:25:06.277 10 INFO neutron.services.segments.plugin [-] Segment 45d6e4e9-658b-4310-be47-d0bbf724bdb4 resource provider not found; error: Placement Client Error (4xx): {"errors": [{"status": 404, "title": "Not Found", "detail": "The resource could not be found.\n\n No resource provider with uuid 45d6e4e9-658b-4310-be47-d0bbf724bdb4 found for delete ", "request_id": "req-550bb3f1-20ec-499c-ac5f-f0d2b76511ca"}]}
2026-05-05 23:25:06.318 10 INFO neutron.services.segments.plugin [-] Segment 45d6e4e9-658b-4310-be47-d0bbf724bdb4 resource provider aggregate not found
2026-05-05 23:25:06.357 10 INFO neutron.services.segments.plugin [-] Segment 45d6e4e9-658b-4310-be47-d0bbf724bdb4 resource provider not found; error: Placement Client Error (4xx): {"errors": [{"status": 404, "title": "Not Found", "detail": "The resource could not be found.\n\n No resource provider with uuid 45d6e4e9-658b-4310-be47-d0bbf724bdb4 found for delete ", "request_id": "req-38997ca4-ba18-4f27-94db-ee2ae9c78ad2"}]}
2026-05-05 23:25:06.708 9 INFO neutron.services.segments.plugin [-] Segment fe9cb656-bfa6-43c0-9916-23eb294d659e resource provider aggregate not found
2026-05-05 23:25:06.712 9 INFO neutron.services.segments.plugin [-] Segment fe9cb656-bfa6-43c0-9916-23eb294d659e resource provider aggregate not found
2026-05-05 23:25:06.725 9 INFO neutron.services.segments.plugin [-] Segment fe9cb656-bfa6-43c0-9916-23eb294d659e resource provider not found; error: Placement Client Error (4xx): {"errors": [{"status": 404, "title": "Not Found", "detail": "The resource could not be found.\n\n No resource provider with uuid fe9cb656-bfa6-43c0-9916-23eb294d659e found for delete ", "request_id": "req-48aec3ee-7991-4f7d-a07a-776ff35d9285"}]}
2026-05-05 23:25:06.729 9 INFO neutron.services.segments.plugin [-] Segment fe9cb656-bfa6-43c0-9916-23eb294d659e resource provider not found; error: Placement Client Error (4xx): {"errors": [{"status": 404, "title": "Not Found", "detail": "The resource could not be found.\n\n No resource provider with uuid fe9cb656-bfa6-43c0-9916-23eb294d659e found for delete ", "request_id": "req-65aab797-2fc5-4392-85b4-3a8035f8cf68"}]}
2026-05-05 23:25:06.746 9 INFO neutron.services.segments.plugin [-] Segment 1fc8cec2-d88e-4f4e-8cda-2cf653a7a6fc resource provider aggregate not found
2026-05-05 23:25:06.754 9 INFO neutron.services.segments.plugin [-] Segment 1fc8cec2-d88e-4f4e-8cda-2cf653a7a6fc resource provider aggregate not found
2026-05-05 23:25:06.771 9 INFO neutron.services.segments.plugin [-] Segment 1fc8cec2-d88e-4f4e-8cda-2cf653a7a6fc resource provider not found; error: Placement Client Error (4xx): {"errors": [{"status": 404, "title": "Not Found", "detail": "The resource could not be found.\n\n No resource provider with uuid 1fc8cec2-d88e-4f4e-8cda-2cf653a7a6fc found for delete ", "request_id": "req-81a0dca6-bedd-4aee-8852-9f2b03f649d0"}]}
2026-05-05 23:25:06.773 9 INFO neutron.services.segments.plugin [-] Segment 1fc8cec2-d88e-4f4e-8cda-2cf653a7a6fc resource provider not found; error: Placement Client Error (4xx): {"errors": [{"status": 404, "title": "Not Found", "detail": "The resource could not be found.\n\n No resource provider with uuid 1fc8cec2-d88e-4f4e-8cda-2cf653a7a6fc found for delete ", "request_id": "req-2829915c-2d3d-4ac4-b51b-cae94dcf37e6"}]}
2026-05-05 23:25:07.103 10 INFO neutron.db.ovn_revision_numbers_db [None req-8d5e3af4-de6f-491a-b395-272475f4602b 2dc7c05af06646b8886b96fd3aca94c9 3909b9d0ee214a2e9b028f628ee8a188 - - default default] Successfully bumped revision number for resource c4083d1b-4c7b-4c8a-b748-7131e328c9fe (type: security_groups) to 1
2026-05-05 23:25:07.116 10 INFO neutron.db.ovn_revision_numbers_db [None req-8d5e3af4-de6f-491a-b395-272475f4602b 2dc7c05af06646b8886b96fd3aca94c9 3909b9d0ee214a2e9b028f628ee8a188 - - default default] Successfully bumped revision number for resource 5721284c-f81d-4b88-9d34-490cf391dd32 (type: security_group_rules) to 0
2026-05-05 23:25:07.129 10 INFO neutron.db.ovn_revision_numbers_db [None req-8d5e3af4-de6f-491a-b395-272475f4602b 2dc7c05af06646b8886b96fd3aca94c9 3909b9d0ee214a2e9b028f628ee8a188 - - default default] Successfully bumped revision number for resource a5d71a37-b34f-40ed-80da-df70fca933f1 (type: security_group_rules) to 0
2026-05-05 23:25:07.144 10 INFO neutron.db.ovn_revision_numbers_db [None req-8d5e3af4-de6f-491a-b395-272475f4602b 2dc7c05af06646b8886b96fd3aca94c9 3909b9d0ee214a2e9b028f628ee8a188 - - default default] Successfully bumped revision number for resource e69926a3-0df7-46a9-80d6-170a1e8f3c7f (type: security_group_rules) to 0
2026-05-05 23:25:07.158 10 INFO neutron.db.ovn_revision_numbers_db [None req-8d5e3af4-de6f-491a-b395-272475f4602b 2dc7c05af06646b8886b96fd3aca94c9 3909b9d0ee214a2e9b028f628ee8a188 - - default default] Successfully bumped revision number for resource efbf9182-3aba-4b91-9ba5-bbc808d160a1 (type: security_group_rules) to 0
2026-05-05 23:25:07.180 10 INFO neutron.wsgi [None req-8d5e3af4-de6f-491a-b395-272475f4602b 2dc7c05af06646b8886b96fd3aca94c9 3909b9d0ee214a2e9b028f628ee8a188 - - default default] 10.0.0.6 "GET /v2.0/security-groups?tenant_id=1190d9e3e19e47a7b9b0d670bdb9b2f0&name=default HTTP/1.1" status: 200 len: 3000 time: 0.4894571
2026-05-05 23:25:07.377 10 INFO neutron.wsgi [None req-41e07757-7d32-4da2-bec7-6204ec18e139 2dc7c05af06646b8886b96fd3aca94c9 3909b9d0ee214a2e9b028f628ee8a188 - - default default] 10.0.0.6 "DELETE /v2.0/security-groups/c4083d1b-4c7b-4c8a-b748-7131e328c9fe HTTP/1.1" status: 204 len: 168 time: 0.1934187
2026-05-05 23:25:07.616 10 INFO neutron.db.ovn_revision_numbers_db [None req-4274502c-8f4d-4c78-8e4c-c61ad77a3f48 2dc7c05af06646b8886b96fd3aca94c9 3909b9d0ee214a2e9b028f628ee8a188 - - default default] Successfully bumped revision number for resource ca0b7732-b058-4fb5-b21a-1d955f232798 (type: security_groups) to 1
2026-05-05 23:25:07.630 10 INFO neutron.db.ovn_revision_numbers_db [None req-4274502c-8f4d-4c78-8e4c-c61ad77a3f48 2dc7c05af06646b8886b96fd3aca94c9 3909b9d0ee214a2e9b028f628ee8a188 - - default default] Successfully bumped revision number for resource 2a048618-cba7-4ecf-83e8-b91cd9ebaf5f (type: security_group_rules) to 0
2026-05-05 23:25:07.644 10 INFO neutron.db.ovn_revision_numbers_db [None req-4274502c-8f4d-4c78-8e4c-c61ad77a3f48 2dc7c05af06646b8886b96fd3aca94c9 3909b9d0ee214a2e9b028f628ee8a188 - - default default] Successfully bumped revision number for resource 4e89f0dd-2b79-4ee1-8304-7d57ada095a2 (type: security_group_rules) to 0
2026-05-05 23:25:07.659 10 INFO neutron.db.ovn_revision_numbers_db [None req-4274502c-8f4d-4c78-8e4c-c61ad77a3f48 2dc7c05af06646b8886b96fd3aca94c9 3909b9d0ee214a2e9b028f628ee8a188 - - default default] Successfully bumped revision number for resource 7c22aa31-1939-4629-ba2d-fa742753a767 (type: security_group_rules) to 0
2026-05-05 23:25:07.673 10 INFO neutron.db.ovn_revision_numbers_db [None req-4274502c-8f4d-4c78-8e4c-c61ad77a3f48 2dc7c05af06646b8886b96fd3aca94c9 3909b9d0ee214a2e9b028f628ee8a188 - - default default] Successfully bumped revision number for resource e98e5968-b322-432c-8abf-4b30496dab3c (type: security_group_rules) to 0
2026-05-05 23:25:07.696 10 INFO neutron.wsgi [None req-4274502c-8f4d-4c78-8e4c-c61ad77a3f48 2dc7c05af06646b8886b96fd3aca94c9 3909b9d0ee214a2e9b028f628ee8a188 - - default default] 10.0.0.6 "GET /v2.0/security-groups?tenant_id=8b65f906566846b8b198439a4a9ab27e&name=default HTTP/1.1" status: 200 len: 3000 time: 0.1808002
2026-05-05 23:25:07.935 10 INFO neutron.wsgi [None req-c951d078-ad06-4e80-808f-82b8c1488c46 2dc7c05af06646b8886b96fd3aca94c9 3909b9d0ee214a2e9b028f628ee8a188 - - default default] 10.0.0.6 "DELETE /v2.0/security-groups/ca0b7732-b058-4fb5-b21a-1d955f232798 HTTP/1.1" status: 204 len: 168 time: 0.2347162
2026-05-05 23:25:08.180 9 INFO neutron.wsgi [None req-de7ff4f4-6e5a-4a23-83bf-522d4eb09f65 2dc7c05af06646b8886b96fd3aca94c9 3909b9d0ee214a2e9b028f628ee8a188 - - default default] 10.0.0.6 "GET /v2.0/security-groups?tenant_id=43bc40ca4e324fa1a0881a1da344cca1&name=default HTTP/1.1" status: 200 len: 3000 time: 0.0403459
2026-05-05 23:25:08.421 9 INFO neutron.wsgi [None req-60c83c3b-a7c6-4e49-898e-68a2aa069359 2dc7c05af06646b8886b96fd3aca94c9 3909b9d0ee214a2e9b028f628ee8a188 - - default default] 10.0.0.6 "DELETE /v2.0/security-groups/1c3b5201-39d5-4ed3-a7c8-583818634517 HTTP/1.1" status: 204 len: 168 time: 0.2363482
2026-05-05 23:25:12.175 9 INFO neutron.db.ovn_revision_numbers_db [None req-85768ccd-1b5a-4666-b858-5854b7deb8f3 d1eadd2906a949a8963e018ab745b140 1f7c98a0120f4365ba7004a603687b13 - - default default] Successfully bumped revision number for resource 76df4138-3b7f-4059-b8f6-dbe74adcd728 (type: security_groups) to 1
2026-05-05 23:25:12.191 9 INFO neutron.db.ovn_revision_numbers_db [None req-85768ccd-1b5a-4666-b858-5854b7deb8f3 d1eadd2906a949a8963e018ab745b140 1f7c98a0120f4365ba7004a603687b13 - - default default] Successfully bumped revision number for resource 0f8061e6-6e46-46b8-9f26-cf24c63479be (type: security_group_rules) to 0
2026-05-05 23:25:12.219 9 INFO neutron.db.ovn_revision_numbers_db [None req-85768ccd-1b5a-4666-b858-5854b7deb8f3 d1eadd2906a949a8963e018ab745b140 1f7c98a0120f4365ba7004a603687b13 - - default default] Successfully bumped revision number for resource 31898353-d028-4a0b-8529-708ded6cbeec (type: security_group_rules) to 0
2026-05-05 23:25:12.240 9 INFO neutron.db.ovn_revision_numbers_db [None req-85768ccd-1b5a-4666-b858-5854b7deb8f3 d1eadd2906a949a8963e018ab745b140 1f7c98a0120f4365ba7004a603687b13 - - default default] Successfully bumped revision number for resource 46145f93-0820-4024-9bf9-a7f5cc204708 (type: security_group_rules) to 0
2026-05-05 23:25:12.258 9 INFO neutron.db.ovn_revision_numbers_db [None req-85768ccd-1b5a-4666-b858-5854b7deb8f3 d1eadd2906a949a8963e018ab745b140 1f7c98a0120f4365ba7004a603687b13 - - default default] Successfully bumped revision number for resource a36a50df-a3ae-43c5-bb88-918dea83ff68 (type: security_group_rules) to 0
2026-05-05 23:25:12.309 9 INFO neutron.db.segments_db [None req-85768ccd-1b5a-4666-b858-5854b7deb8f3 d1eadd2906a949a8963e018ab745b140 1f7c98a0120f4365ba7004a603687b13 - - default default] Added segment a2c93f10-0fd2-4835-ab46-0fe021d116c0 of type geneve for network ad47b8ed-92e4-494a-886a-73892d31cab1
2026-05-05 23:25:12.491 9 INFO neutron.db.ovn_revision_numbers_db [None req-85768ccd-1b5a-4666-b858-5854b7deb8f3 d1eadd2906a949a8963e018ab745b140 1f7c98a0120f4365ba7004a603687b13 - - default default] Successfully bumped revision number for resource ad47b8ed-92e4-494a-886a-73892d31cab1 (type: networks) to 1
2026-05-05 23:25:12.692 9 WARNING neutron.scheduler.dhcp_agent_scheduler [None req-85768ccd-1b5a-4666-b858-5854b7deb8f3 d1eadd2906a949a8963e018ab745b140 1f7c98a0120f4365ba7004a603687b13 - - default default] No more DHCP agents
2026-05-05 23:25:12.695 9 WARNING neutron.api.rpc.agentnotifiers.dhcp_rpc_agent_api [None req-85768ccd-1b5a-4666-b858-5854b7deb8f3 d1eadd2906a949a8963e018ab745b140 1f7c98a0120f4365ba7004a603687b13 - - default default] Unable to schedule network ad47b8ed-92e4-494a-886a-73892d31cab1: no agents available; will retry on subsequent port and subnet creation events.
2026-05-05 23:25:12.776 9 INFO neutron.db.ovn_revision_numbers_db [None req-85768ccd-1b5a-4666-b858-5854b7deb8f3 d1eadd2906a949a8963e018ab745b140 1f7c98a0120f4365ba7004a603687b13 - - default default] Successfully bumped revision number for resource f25ec92b-c21e-42fb-a790-df954db0cd1b (type: ports) to 1
2026-05-05 23:25:12.799 9 INFO neutron.wsgi [None req-85768ccd-1b5a-4666-b858-5854b7deb8f3 d1eadd2906a949a8963e018ab745b140 1f7c98a0120f4365ba7004a603687b13 - - default default] 10.0.0.6 "POST /v2.0/networks HTTP/1.1" status: 201 len: 830 time: 0.9225788
2026-05-05 23:25:12.859 9 INFO neutron.wsgi [None req-8104c96b-37cf-49ac-b7c9-42dd1dd95cca d1eadd2906a949a8963e018ab745b140 1f7c98a0120f4365ba7004a603687b13 - - default default] 10.0.0.6 "PUT /v2.0/networks/ad47b8ed-92e4-494a-886a-73892d31cab1/tags HTTP/1.1" status: 200 len: 218 time: 0.0530040
2026-05-05 23:25:12.904 9 INFO neutron.wsgi [None req-afd7ef5a-d72b-4576-bd80-8264cb4108ec d1eadd2906a949a8963e018ab745b140 1f7c98a0120f4365ba7004a603687b13 - - default default] 10.0.0.6 "GET /v2.0/networks/ad47b8ed-92e4-494a-886a-73892d31cab1/tags HTTP/1.1" status: 200 len: 218 time: 0.0401583
2026-05-05 23:25:12.969 9 INFO neutron.wsgi [None req-32a69f0c-73a0-4576-9ce9-9de39ffad2ed d1eadd2906a949a8963e018ab745b140 1f7c98a0120f4365ba7004a603687b13 - - default default] 10.0.0.6 "PUT /v2.0/networks/ad47b8ed-92e4-494a-886a-73892d31cab1/tags/green HTTP/1.1" status: 201 len: 201 time: 0.0602434
2026-05-05 23:25:13.015 9 INFO neutron.wsgi [None req-34a36014-f863-41c4-bda8-6d01d1a628b5 d1eadd2906a949a8963e018ab745b140 1f7c98a0120f4365ba7004a603687b13 - - default default] 10.0.0.6 "GET /v2.0/networks/ad47b8ed-92e4-494a-886a-73892d31cab1/tags HTTP/1.1" status: 200 len: 227 time: 0.0404880
2026-05-05 23:25:13.080 9 INFO neutron.wsgi [None req-7e164d85-eb97-4c92-bd55-c206c0ba6f92 d1eadd2906a949a8963e018ab745b140 1f7c98a0120f4365ba7004a603687b13 - - default default] 10.0.0.6 "PUT /v2.0/networks/ad47b8ed-92e4-494a-886a-73892d31cab1/tags/red HTTP/1.1" status: 201 len: 201 time: 0.0611682
2026-05-05 23:25:13.126 9 INFO neutron.wsgi [None req-12453308-98cd-4841-bc70-2d6ef08996f2 d1eadd2906a949a8963e018ab745b140 1f7c98a0120f4365ba7004a603687b13 - - default default] 10.0.0.6 "GET /v2.0/networks/ad47b8ed-92e4-494a-886a-73892d31cab1/tags HTTP/1.1" status: 200 len: 227 time: 0.0398068
2026-05-05 23:25:13.182 9 INFO neutron.wsgi [None req-9765fed3-92a4-45b5-a804-2e401ad847d5 d1eadd2906a949a8963e018ab745b140 1f7c98a0120f4365ba7004a603687b13 - - default default] 10.0.0.6 "PUT /v2.0/networks/ad47b8ed-92e4-494a-886a-73892d31cab1/tags/black.or.white HTTP/1.1" status: 201 len: 201 time: 0.0504694
2026-05-05 23:25:13.219 9 INFO neutron.wsgi [None req-acd9e998-0b6f-4b07-9fe4-4a1796308a27 d1eadd2906a949a8963e018ab745b140 1f7c98a0120f4365ba7004a603687b13 - - default default] 10.0.0.6 "GET /v2.0/networks/ad47b8ed-92e4-494a-886a-73892d31cab1/tags HTTP/1.1" status: 200 len: 245 time: 0.0317972
2026-05-05 23:25:13.286 9 INFO neutron.wsgi [None req-88e0b97b-42ed-4426-80cf-c57ad0d7822a d1eadd2906a949a8963e018ab745b140 1f7c98a0120f4365ba7004a603687b13 - - default default] 10.0.0.6 "PUT /v2.0/networks/ad47b8ed-92e4-494a-886a-73892d31cab1/tags HTTP/1.1" status: 200 len: 230 time: 0.0618458
2026-05-05 23:25:13.337 9 INFO neutron.wsgi [None req-6de54546-85ec-4b04-93bb-837595f8dc2b d1eadd2906a949a8963e018ab745b140 1f7c98a0120f4365ba7004a603687b13 - - default default] 10.0.0.6 "GET /v2.0/networks/ad47b8ed-92e4-494a-886a-73892d31cab1/tags HTTP/1.1" status: 200 len: 230 time: 0.0448689
2026-05-05 23:25:13.409 9 INFO neutron.wsgi [None req-aa5a3e50-ce11-4215-8604-4922e3a23b2f d1eadd2906a949a8963e018ab745b140 1f7c98a0120f4365ba7004a603687b13 - - default default] 10.0.0.6 "GET /v2.0/networks/ad47b8ed-92e4-494a-886a-73892d31cab1/tags/red HTTP/1.1" status: 204 len: 168 time: 0.0666373
2026-05-05 23:25:13.457 9 INFO neutron.api.v2.resource [None req-fa273046-bffb-4bb3-811c-8eebd03a64d9 d1eadd2906a949a8963e018ab745b140 1f7c98a0120f4365ba7004a603687b13 - - default default] show failed (client error): The resource could not be found.
2026-05-05 23:25:13.458 9 INFO neutron.wsgi [None req-fa273046-bffb-4bb3-811c-8eebd03a64d9 d1eadd2906a949a8963e018ab745b140 1f7c98a0120f4365ba7004a603687b13 - - default default] 10.0.0.6 "GET /v2.0/networks/ad47b8ed-92e4-494a-886a-73892d31cab1/tags/green HTTP/1.1" status: 404 len: 299 time: 0.0445986
2026-05-05 23:25:13.534 9 INFO neutron.wsgi [None req-ed83a35a-3c18-4528-bdb3-d2a825e653ad d1eadd2906a949a8963e018ab745b140 1f7c98a0120f4365ba7004a603687b13 - - default default] 10.0.0.6 "DELETE /v2.0/networks/ad47b8ed-92e4-494a-886a-73892d31cab1/tags/red HTTP/1.1" status: 204 len: 168 time: 0.0708854
2026-05-05 23:25:13.603 9 INFO neutron.wsgi [None req-22ded8bb-c026-46b1-8f34-a6a8fff454c9 d1eadd2906a949a8963e018ab745b140 1f7c98a0120f4365ba7004a603687b13 - - default default] 10.0.0.6 "GET /v2.0/networks/ad47b8ed-92e4-494a-886a-73892d31cab1/tags HTTP/1.1" status: 200 len: 223 time: 0.0644121
2026-05-05 23:25:13.666 9 INFO neutron.api.v2.resource [None req-73307899-20e3-4bc9-9c12-24362f26d681 d1eadd2906a949a8963e018ab745b140 1f7c98a0120f4365ba7004a603687b13 - - default default] delete failed (client error): The resource could not be found.
2026-05-05 23:25:13.667 9 INFO neutron.wsgi [None req-73307899-20e3-4bc9-9c12-24362f26d681 d1eadd2906a949a8963e018ab745b140 1f7c98a0120f4365ba7004a603687b13 - - default default] 10.0.0.6 "DELETE /v2.0/networks/ad47b8ed-92e4-494a-886a-73892d31cab1/tags/green HTTP/1.1" status: 404 len: 299 time: 0.0572534
2026-05-05 23:25:13.732 9 INFO neutron.wsgi [None req-cf976900-f717-4182-bd11-055df5ca0719 d1eadd2906a949a8963e018ab745b140 1f7c98a0120f4365ba7004a603687b13 - - default default] 10.0.0.6 "DELETE /v2.0/networks/ad47b8ed-92e4-494a-886a-73892d31cab1/tags HTTP/1.1" status: 204 len: 168 time: 0.0593555
2026-05-05 23:25:13.794 9 INFO neutron.wsgi [None req-1c79ea93-4986-4f9c-8b3d-30a0d338a0ae d1eadd2906a949a8963e018ab745b140 1f7c98a0120f4365ba7004a603687b13 - - default default] 10.0.0.6 "GET /v2.0/networks/ad47b8ed-92e4-494a-886a-73892d31cab1/tags HTTP/1.1" status: 200 len: 205 time: 0.0551462
2026-05-05 23:25:14.149 9 INFO neutron.services.segments.plugin [-] Segment a2c93f10-0fd2-4835-ab46-0fe021d116c0 resource provider aggregate not found
2026-05-05 23:25:14.153 9 INFO neutron.services.segments.plugin [-] Segment a2c93f10-0fd2-4835-ab46-0fe021d116c0 resource provider aggregate not found
2026-05-05 23:25:14.169 9 INFO neutron.services.segments.plugin [-] Segment a2c93f10-0fd2-4835-ab46-0fe021d116c0 resource provider not found; error: Placement Client Error (4xx): {"errors": [{"status": 404, "title": "Not Found", "detail": "The resource could not be found.\n\n No resource provider with uuid a2c93f10-0fd2-4835-ab46-0fe021d116c0 found for delete ", "request_id": "req-ef184c64-d204-4b86-9f96-faba0f28cee5"}]}
2026-05-05 23:25:14.170 9 INFO neutron.services.segments.plugin [-] Segment a2c93f10-0fd2-4835-ab46-0fe021d116c0 resource provider not found; error: Placement Client Error (4xx): {"errors": [{"status": 404, "title": "Not Found", "detail": "The resource could not be found.\n\n No resource provider with uuid a2c93f10-0fd2-4835-ab46-0fe021d116c0 found for delete ", "request_id": "req-681d4776-92de-4d73-a657-c15ebef4c2d8"}]}
2026-05-05 23:25:14.191 9 INFO neutron.wsgi [None req-4792914d-dc34-4c31-9a27-43f50cd34f44 d1eadd2906a949a8963e018ab745b140 1f7c98a0120f4365ba7004a603687b13 - - default default] 10.0.0.6 "DELETE /v2.0/networks/ad47b8ed-92e4-494a-886a-73892d31cab1 HTTP/1.1" status: 204 len: 168 time: 0.3857946
2026-05-05 23:25:15.130 9 INFO neutron.db.ovn_revision_numbers_db [None req-aceef5af-684f-4ec8-a3a2-6d699caeb3ef 2dc7c05af06646b8886b96fd3aca94c9 3909b9d0ee214a2e9b028f628ee8a188 - - default default] Successfully bumped revision number for resource 2d10127d-89e3-441e-aec1-5c3c80016588 (type: security_groups) to 1
2026-05-05 23:25:15.143 9 INFO neutron.db.ovn_revision_numbers_db [None req-aceef5af-684f-4ec8-a3a2-6d699caeb3ef 2dc7c05af06646b8886b96fd3aca94c9 3909b9d0ee214a2e9b028f628ee8a188 - - default default] Successfully bumped revision number for resource 27ca8a25-8a35-4adf-b2c3-1369fb8c82c0 (type: security_group_rules) to 0
2026-05-05 23:25:15.155 9 INFO neutron.db.ovn_revision_numbers_db [None req-aceef5af-684f-4ec8-a3a2-6d699caeb3ef 2dc7c05af06646b8886b96fd3aca94c9 3909b9d0ee214a2e9b028f628ee8a188 - - default default] Successfully bumped revision number for resource 43a2cc16-e74d-4708-8374-254d02e7ad7c (type: security_group_rules) to 0
2026-05-05 23:25:15.168 9 INFO neutron.db.ovn_revision_numbers_db [None req-aceef5af-684f-4ec8-a3a2-6d699caeb3ef 2dc7c05af06646b8886b96fd3aca94c9 3909b9d0ee214a2e9b028f628ee8a188 - - default default] Successfully bumped revision number for resource bf124cef-6f82-433e-9768-fd67a4dad348 (type: security_group_rules) to 0
2026-05-05 23:25:15.184 9 INFO neutron.db.ovn_revision_numbers_db [None req-aceef5af-684f-4ec8-a3a2-6d699caeb3ef 2dc7c05af06646b8886b96fd3aca94c9 3909b9d0ee214a2e9b028f628ee8a188 - - default default] Successfully bumped revision number for resource ef6207f4-8903-4fc8-b53b-7af9e8b487b6 (type: security_group_rules) to 0
2026-05-05 23:25:15.208 9 INFO neutron.wsgi [None req-aceef5af-684f-4ec8-a3a2-6d699caeb3ef 2dc7c05af06646b8886b96fd3aca94c9 3909b9d0ee214a2e9b028f628ee8a188 - - default default] 10.0.0.6 "GET /v2.0/security-groups?tenant_id=9cb7f0ff18f04b8ab3d8a4536d885106&name=default HTTP/1.1" status: 200 len: 3000 time: 0.2780461
2026-05-05 23:25:15.403 9 INFO neutron.wsgi [None req-3019a97a-0122-49e8-9bf1-52ac67ec5950 2dc7c05af06646b8886b96fd3aca94c9 3909b9d0ee214a2e9b028f628ee8a188 - - default default] 10.0.0.6 "DELETE /v2.0/security-groups/2d10127d-89e3-441e-aec1-5c3c80016588 HTTP/1.1" status: 204 len: 168 time: 0.1896636
2026-05-05 23:25:15.554 9 INFO neutron.wsgi [None req-9dd60b74-19fa-4fd1-850e-c102a4dfa7fd 2dc7c05af06646b8886b96fd3aca94c9 3909b9d0ee214a2e9b028f628ee8a188 - - default default] 10.0.0.6 "GET /v2.0/security-groups?tenant_id=1f7c98a0120f4365ba7004a603687b13&name=default HTTP/1.1" status: 200 len: 3000 time: 0.0348208
2026-05-05 23:25:15.726 9 INFO neutron.wsgi [None req-9ea0caf8-82ff-43a7-841e-a290e3a79401 2dc7c05af06646b8886b96fd3aca94c9 3909b9d0ee214a2e9b028f628ee8a188 - - default default] 10.0.0.6 "DELETE /v2.0/security-groups/76df4138-3b7f-4059-b8f6-dbe74adcd728 HTTP/1.1" status: 204 len: 168 time: 0.1677127
2026-05-05 23:25:19.376 9 INFO neutron.db.ovn_revision_numbers_db [None req-c46eedc8-3129-413d-96dc-cdd0e08bd193 007713e5237d47fb9d116e327792bbd1 4763d17a5af74107a84b45c821ac5bc6 - - default default] Successfully bumped revision number for resource f230f6ff-0742-4b45-9fbe-c87be107e887 (type: routers) to 1
2026-05-05 23:25:19.391 9 INFO neutron.wsgi [None req-c46eedc8-3129-413d-96dc-cdd0e08bd193 007713e5237d47fb9d116e327792bbd1 4763d17a5af74107a84b45c821ac5bc6 - - default default] 10.0.0.6 "POST /v2.0/routers HTTP/1.1" status: 201 len: 654 time: 0.3795121
2026-05-05 23:25:19.447 9 INFO neutron.wsgi [None req-1cd10d4b-5a8f-4445-bd02-b83efaad2dd0 007713e5237d47fb9d116e327792bbd1 4763d17a5af74107a84b45c821ac5bc6 - - default default] 10.0.0.6 "PUT /v2.0/routers/f230f6ff-0742-4b45-9fbe-c87be107e887/tags HTTP/1.1" status: 200 len: 218 time: 0.0503185
2026-05-05 23:25:19.514 10 INFO neutron.wsgi [None req-16cfe1e7-7258-441d-8565-43435b93a4e8 007713e5237d47fb9d116e327792bbd1 4763d17a5af74107a84b45c821ac5bc6 - - default default] 10.0.0.6 "GET /v2.0/routers/f230f6ff-0742-4b45-9fbe-c87be107e887/tags HTTP/1.1" status: 200 len: 218 time: 0.0603592
2026-05-05 23:25:19.590 10 INFO neutron.wsgi [None req-653292d8-142f-4b7d-910e-06e9fde888f7 007713e5237d47fb9d116e327792bbd1 4763d17a5af74107a84b45c821ac5bc6 - - default default] 10.0.0.6 "PUT /v2.0/routers/f230f6ff-0742-4b45-9fbe-c87be107e887/tags/green HTTP/1.1" status: 201 len: 201 time: 0.0716550
2026-05-05 23:25:19.649 10 INFO neutron.wsgi [None req-73af4087-3a19-47d2-8709-c0c410610856 007713e5237d47fb9d116e327792bbd1 4763d17a5af74107a84b45c821ac5bc6 - - default default] 10.0.0.6 "GET /v2.0/routers/f230f6ff-0742-4b45-9fbe-c87be107e887/tags HTTP/1.1" status: 200 len: 227 time: 0.0530190
2026-05-05 23:25:19.708 10 INFO neutron.wsgi [None req-530c7097-d9c6-4fb2-8faf-7073892d081f 007713e5237d47fb9d116e327792bbd1 4763d17a5af74107a84b45c821ac5bc6 - - default default] 10.0.0.6 "PUT /v2.0/routers/f230f6ff-0742-4b45-9fbe-c87be107e887/tags/red HTTP/1.1" status: 201 len: 201 time: 0.0548041
2026-05-05 23:25:19.975 10 INFO neutron.wsgi [None req-880668d1-0f13-4562-9c26-01754307f773 007713e5237d47fb9d116e327792bbd1 4763d17a5af74107a84b45c821ac5bc6 - - default default] 10.0.0.6 "GET /v2.0/routers/f230f6ff-0742-4b45-9fbe-c87be107e887/tags HTTP/1.1" status: 200 len: 227 time: 0.2629309
2026-05-05 23:25:20.036 10 INFO neutron.wsgi [None req-f3510613-ac20-4708-80d4-001d8edb4217 007713e5237d47fb9d116e327792bbd1 4763d17a5af74107a84b45c821ac5bc6 - - default default] 10.0.0.6 "PUT /v2.0/routers/f230f6ff-0742-4b45-9fbe-c87be107e887/tags/black.or.white HTTP/1.1" status: 201 len: 201 time: 0.0567732
2026-05-05 23:25:20.087 10 INFO neutron.wsgi [None req-714a9412-f2fb-4485-9810-bb48cc5f7dc0 007713e5237d47fb9d116e327792bbd1 4763d17a5af74107a84b45c821ac5bc6 - - default default] 10.0.0.6 "GET /v2.0/routers/f230f6ff-0742-4b45-9fbe-c87be107e887/tags HTTP/1.1" status: 200 len: 245 time: 0.0458703
2026-05-05 23:25:20.148 10 INFO neutron.wsgi [None req-9d35fca6-d11b-4c42-b000-e5aa0606921b 007713e5237d47fb9d116e327792bbd1 4763d17a5af74107a84b45c821ac5bc6 - - default default] 10.0.0.6 "PUT /v2.0/routers/f230f6ff-0742-4b45-9fbe-c87be107e887/tags HTTP/1.1" status: 200 len: 230 time: 0.0563524
2026-05-05 23:25:20.194 9 INFO neutron.wsgi [None req-2b6999c9-acb4-4048-87ae-a8e5fad08468 007713e5237d47fb9d116e327792bbd1 4763d17a5af74107a84b45c821ac5bc6 - - default default] 10.0.0.6 "GET /v2.0/routers/f230f6ff-0742-4b45-9fbe-c87be107e887/tags HTTP/1.1" status: 200 len: 230 time: 0.0410347
2026-05-05 23:25:20.234 9 INFO neutron.wsgi [None req-11f3fbd9-2657-4544-9d89-1c65ec6e5d36 007713e5237d47fb9d116e327792bbd1 4763d17a5af74107a84b45c821ac5bc6 - - default default] 10.0.0.6 "GET /v2.0/routers/f230f6ff-0742-4b45-9fbe-c87be107e887/tags/red HTTP/1.1" status: 204 len: 168 time: 0.0357745
2026-05-05 23:25:20.284 9 INFO neutron.api.v2.resource [None req-656bf510-da36-4ffd-afdb-fb2286c19c64 007713e5237d47fb9d116e327792bbd1 4763d17a5af74107a84b45c821ac5bc6 - - default default] show failed (client error): The resource could not be found.
2026-05-05 23:25:20.285 9 INFO neutron.wsgi [None req-656bf510-da36-4ffd-afdb-fb2286c19c64 007713e5237d47fb9d116e327792bbd1 4763d17a5af74107a84b45c821ac5bc6 - - default default] 10.0.0.6 "GET /v2.0/routers/f230f6ff-0742-4b45-9fbe-c87be107e887/tags/green HTTP/1.1" status: 404 len: 299 time: 0.0462868
2026-05-05 23:25:20.338 9 INFO neutron.wsgi [None req-4f09a4c7-2f06-4f3d-a4d3-dba4c2797cf2 007713e5237d47fb9d116e327792bbd1 4763d17a5af74107a84b45c821ac5bc6 - - default default] 10.0.0.6 "DELETE /v2.0/routers/f230f6ff-0742-4b45-9fbe-c87be107e887/tags/red HTTP/1.1" status: 204 len: 168 time: 0.0491457
2026-05-05 23:25:20.378 9 INFO neutron.wsgi [None req-9ab7962b-6fa2-46bc-b349-05a683a04e81 007713e5237d47fb9d116e327792bbd1 4763d17a5af74107a84b45c821ac5bc6 - - default default] 10.0.0.6 "GET /v2.0/routers/f230f6ff-0742-4b45-9fbe-c87be107e887/tags HTTP/1.1" status: 200 len: 223 time: 0.0356605
2026-05-05 23:25:20.425 9 INFO neutron.api.v2.resource [None req-7521213b-f3d5-4878-a5fa-ed216a12d89d 007713e5237d47fb9d116e327792bbd1 4763d17a5af74107a84b45c821ac5bc6 - - default default] delete failed (client error): The resource could not be found.
2026-05-05 23:25:20.426 9 INFO neutron.wsgi [None req-7521213b-f3d5-4878-a5fa-ed216a12d89d 007713e5237d47fb9d116e327792bbd1 4763d17a5af74107a84b45c821ac5bc6 - - default default] 10.0.0.6 "DELETE /v2.0/routers/f230f6ff-0742-4b45-9fbe-c87be107e887/tags/green HTTP/1.1" status: 404 len: 299 time: 0.0434437
2026-05-05 23:25:20.493 9 INFO neutron.wsgi [None req-15a7a39c-dc03-4a15-9355-cb043d904eae 007713e5237d47fb9d116e327792bbd1 4763d17a5af74107a84b45c821ac5bc6 - - default default] 10.0.0.6 "DELETE /v2.0/routers/f230f6ff-0742-4b45-9fbe-c87be107e887/tags HTTP/1.1" status: 204 len: 168 time: 0.0618863
2026-05-05 23:25:20.538 9 INFO neutron.wsgi [None req-337e94f5-c6a0-48b2-afd6-dfc920589905 007713e5237d47fb9d116e327792bbd1 4763d17a5af74107a84b45c821ac5bc6 - - default default] 10.0.0.6 "GET /v2.0/routers/f230f6ff-0742-4b45-9fbe-c87be107e887/tags HTTP/1.1" status: 200 len: 205 time: 0.0392752
2026-05-05 23:25:20.600 9 INFO neutron.wsgi [None req-1f68001f-b391-4f96-a327-33772de9fc1e 007713e5237d47fb9d116e327792bbd1 4763d17a5af74107a84b45c821ac5bc6 - - default default] 10.0.0.6 "GET /v2.0/routers/f230f6ff-0742-4b45-9fbe-c87be107e887 HTTP/1.1" status: 200 len: 655 time: 0.0518892
2026-05-05 23:25:21.242 9 INFO neutron.db.ovn_revision_numbers_db [None req-d4ff9f15-8bf4-43bb-a5ec-bd18fb7ab378 007713e5237d47fb9d116e327792bbd1 4763d17a5af74107a84b45c821ac5bc6 - - default default] Successfully bumped revision number for resource f230f6ff-0742-4b45-9fbe-c87be107e887 (type: routers) to 7
2026-05-05 23:25:21.246 9 INFO neutron.wsgi [None req-d4ff9f15-8bf4-43bb-a5ec-bd18fb7ab378 007713e5237d47fb9d116e327792bbd1 4763d17a5af74107a84b45c821ac5bc6 - - default default] 10.0.0.6 "PUT /v2.0/routers/f230f6ff-0742-4b45-9fbe-c87be107e887 HTTP/1.1" status: 200 len: 655 time: 0.6395936
2026-05-05 23:25:21.268 10 INFO neutron.wsgi [-] 10.0.0.77 "GET / HTTP/1.1" status: 200 len: 246 time: 0.0033138
2026-05-05 23:25:21.269 9 INFO neutron.wsgi [None req-361c89c4-2b4c-4578-878b-41e98126584c 007713e5237d47fb9d116e327792bbd1 4763d17a5af74107a84b45c821ac5bc6 - - default default] 10.0.0.6 "GET /v2.0/ports?device_id=f230f6ff-0742-4b45-9fbe-c87be107e887 HTTP/1.1" status: 200 len: 205 time: 0.0183539
2026-05-05 23:25:21.272 10 INFO neutron.wsgi [-] 10.0.0.77 "GET / HTTP/1.1" status: 200 len: 246 time: 0.0024133
