2026-05-05 23:20:47.486 10 INFO neutron.wsgi [req-d0901622-3b96-4982-b7a9-fc5996d09dfd req-51bff64d-0a83-4ce4-a17e-86bdee4791d1 a490d33bb3f0499584bc585e92fddd82 649a67ed628a4eda85bb7bda32d63321 - - 0a011696ac28418b9b42b3e5b7857382 0a011696ac28418b9b42b3e5b7857382] 199.204.45.216 "PUT /v2.0/ports/6cec0f14-fcee-42f0-bb28-330a628a42be HTTP/1.1" status: 200 len: 1380 time: 1.5502841
2026-05-05 23:20:47.525 10 INFO neutron.wsgi [req-3ecc2faf-2451-470e-b762-37a4235d1d39 req-32e8adcd-cbc5-4249-896c-f16098ae55a8 2e6eb8a1440b47e795b313cb4225e950 8bd97c23fcca45a3a722cc065d35f5cc - - default default] 10.0.0.63 "GET /v2.0/ports?device_id=87443700-86e8-413f-99e9-b71cc8cb568c HTTP/1.1" status: 200 len: 1172 time: 0.1345482
2026-05-05 23:20:47.531 10 INFO neutron.wsgi [req-45430e2e-b000-49ea-88b7-9d7193246515 req-65f25f86-45f6-429b-91c6-c28f3c06d183 180ceafccbdb4187bc9ff020a896e5d4 779a161212da4ce69d500abd34990375 - - default default] 10.0.0.63 "GET /v2.0/security-groups?name=tempest-securitygroup--1793291712&fields=id&tenant_id=779a161212da4ce69d500abd34990375 HTTP/1.1" status: 200 len: 267 time: 0.0811861
2026-05-05 23:20:47.569 10 INFO neutron.db.ovn_revision_numbers_db [req-8bcdc6f6-7f29-4431-91e2-354b254276b7 req-78f9d740-299a-4d42-b784-9a807a41fca0 a490d33bb3f0499584bc585e92fddd82 649a67ed628a4eda85bb7bda32d63321 - - 0a011696ac28418b9b42b3e5b7857382 0a011696ac28418b9b42b3e5b7857382] Successfully bumped revision number for resource e2de9db6-0098-422b-ade2-6775fd3ad059 (type: ports) to 2
2026-05-05 23:20:47.624 10 INFO neutron.wsgi [req-d0901622-3b96-4982-b7a9-fc5996d09dfd req-f332b9a6-1f22-460b-8629-e9cf58b352b3 a490d33bb3f0499584bc585e92fddd82 649a67ed628a4eda85bb7bda32d63321 - - 0a011696ac28418b9b42b3e5b7857382 0a011696ac28418b9b42b3e5b7857382] 199.204.45.216 "GET /v2.0/ports?tenant_id=8bd97c23fcca45a3a722cc065d35f5cc&device_id=87443700-86e8-413f-99e9-b71cc8cb568c HTTP/1.1" status: 200 len: 1411 time: 0.0896888
2026-05-05 23:20:47.634 10 INFO neutron.wsgi [req-8bcdc6f6-7f29-4431-91e2-354b254276b7 req-78f9d740-299a-4d42-b784-9a807a41fca0 a490d33bb3f0499584bc585e92fddd82 649a67ed628a4eda85bb7bda32d63321 - - 0a011696ac28418b9b42b3e5b7857382 0a011696ac28418b9b42b3e5b7857382] 199.204.45.216 "PUT /v2.0/ports/e2de9db6-0098-422b-ade2-6775fd3ad059 HTTP/1.1" status: 200 len: 1376 time: 1.6985269
2026-05-05 23:20:47.637 10 INFO neutron.wsgi [req-3ecc2faf-2451-470e-b762-37a4235d1d39 req-c554b7a1-6127-4ddf-9976-6809188b87fd 2e6eb8a1440b47e795b313cb4225e950 8bd97c23fcca45a3a722cc065d35f5cc - - default default] 10.0.0.63 "GET /v2.0/security-groups?id=602c59d7-9d5b-450b-83e8-5958ea8162a2&fields=id&fields=name HTTP/1.1" status: 200 len: 313 time: 0.1041691
2026-05-05 23:20:47.668 10 INFO neutron.wsgi [req-d0901622-3b96-4982-b7a9-fc5996d09dfd req-1bd7aa76-6d09-4a0f-8207-f7dec2b1aa0c a490d33bb3f0499584bc585e92fddd82 649a67ed628a4eda85bb7bda32d63321 - - 0a011696ac28418b9b42b3e5b7857382 0a011696ac28418b9b42b3e5b7857382] 199.204.45.216 "GET /v2.0/floatingips?fixed_ip_address=10.100.0.13&port_id=6cec0f14-fcee-42f0-bb28-330a628a42be HTTP/1.1" status: 200 len: 217 time: 0.0377924
2026-05-05 23:20:47.674 10 INFO neutron.wsgi [req-45430e2e-b000-49ea-88b7-9d7193246515 req-420b7127-4231-4db9-80df-461f106cd2fc 180ceafccbdb4187bc9ff020a896e5d4 779a161212da4ce69d500abd34990375 - - default default] 10.0.0.63 "GET /v2.0/networks?id=3d4dc693-a821-4330-b961-5616ec14f57b HTTP/1.1" status: 200 len: 874 time: 0.1376021
2026-05-05 23:20:47.713 10 INFO neutron.wsgi [req-45430e2e-b000-49ea-88b7-9d7193246515 req-a058e5a9-9a4e-4ce8-b5e7-3a6ab1e53c64 180ceafccbdb4187bc9ff020a896e5d4 779a161212da4ce69d500abd34990375 - - default default] 10.0.0.63 "GET /v2.0/quotas/779a161212da4ce69d500abd34990375 HTTP/1.1" status: 200 len: 386 time: 0.0318604
2026-05-05 23:20:47.722 10 INFO neutron.wsgi [req-d0901622-3b96-4982-b7a9-fc5996d09dfd req-a5cdb0b4-faf3-41b3-8234-e22f5837743a a490d33bb3f0499584bc585e92fddd82 649a67ed628a4eda85bb7bda32d63321 - - 0a011696ac28418b9b42b3e5b7857382 0a011696ac28418b9b42b3e5b7857382] 199.204.45.216 "GET /v2.0/subnets?id=63306272-e151-4f77-be54-363cb5e92d2f HTTP/1.1" status: 200 len: 876 time: 0.0472372
2026-05-05 23:20:47.732 10 INFO neutron.wsgi [req-8bcdc6f6-7f29-4431-91e2-354b254276b7 req-ef97ca2d-02ba-4c78-8f29-eda7674fe9bc a490d33bb3f0499584bc585e92fddd82 649a67ed628a4eda85bb7bda32d63321 - - 0a011696ac28418b9b42b3e5b7857382 0a011696ac28418b9b42b3e5b7857382] 199.204.45.216 "GET /v2.0/ports?tenant_id=aec6a9c47dc44491807dfb6497faf23f&device_id=a40f56f0-7ae2-45ba-847f-d8d8f1d0d9e2 HTTP/1.1" status: 200 len: 1407 time: 0.0498958
2026-05-05 23:20:47.775 10 INFO neutron.wsgi [req-d0901622-3b96-4982-b7a9-fc5996d09dfd req-b4b3c741-233d-4059-b4ad-665f6edbb9ee a490d33bb3f0499584bc585e92fddd82 649a67ed628a4eda85bb7bda32d63321 - - 0a011696ac28418b9b42b3e5b7857382 0a011696ac28418b9b42b3e5b7857382] 199.204.45.216 "GET /v2.0/ports?network_id=2eab8ee4-c78b-4370-8c43-4953835a40e6&device_owner=network%3Adhcp HTTP/1.1" status: 200 len: 210 time: 0.0447085
2026-05-05 23:20:47.776 10 INFO neutron.wsgi [req-8bcdc6f6-7f29-4431-91e2-354b254276b7 req-2dcfcb59-552e-4658-958f-5fb5630f33b9 a490d33bb3f0499584bc585e92fddd82 649a67ed628a4eda85bb7bda32d63321 - - 0a011696ac28418b9b42b3e5b7857382 0a011696ac28418b9b42b3e5b7857382] 199.204.45.216 "GET /v2.0/floatingips?fixed_ip_address=10.100.0.4&port_id=e2de9db6-0098-422b-ade2-6775fd3ad059 HTTP/1.1" status: 200 len: 217 time: 0.0377064
2026-05-05 23:20:47.858 10 INFO neutron.wsgi [req-8bcdc6f6-7f29-4431-91e2-354b254276b7 req-92ac526f-821a-410b-a527-710021f1707f a490d33bb3f0499584bc585e92fddd82 649a67ed628a4eda85bb7bda32d63321 - - 0a011696ac28418b9b42b3e5b7857382 0a011696ac28418b9b42b3e5b7857382] 199.204.45.216 "GET /v2.0/subnets?id=854b4b40-765f-44f8-be35-c2b06f6ffb1c HTTP/1.1" status: 200 len: 871 time: 0.0715067
2026-05-05 23:20:47.872 9 INFO neutron.wsgi [None req-0f1ee28d-6bd3-4495-9530-62d6f0f999eb 2dc7c05af06646b8886b96fd3aca94c9 3909b9d0ee214a2e9b028f628ee8a188 - - default default] 10.0.0.6 "DELETE /v2.0/networks/7e56b124-4c12-488a-a7f4-70f7ad3b77ba HTTP/1.1" status: 204 len: 168 time: 0.4369733
2026-05-05 23:20:47.888 10 INFO neutron.wsgi [req-45430e2e-b000-49ea-88b7-9d7193246515 req-93dba7e2-792d-4c66-b32f-4aabe9e2f5a8 180ceafccbdb4187bc9ff020a896e5d4 779a161212da4ce69d500abd34990375 - - default default] 10.0.0.63 "GET /v2.0/ports?tenant_id=779a161212da4ce69d500abd34990375&fields=id HTTP/1.1" status: 200 len: 302 time: 0.1690290
2026-05-05 23:20:47.899 10 INFO neutron.wsgi [req-8bcdc6f6-7f29-4431-91e2-354b254276b7 req-baad4754-6e1a-42a3-9723-e0421b6ec073 a490d33bb3f0499584bc585e92fddd82 649a67ed628a4eda85bb7bda32d63321 - - 0a011696ac28418b9b42b3e5b7857382 0a011696ac28418b9b42b3e5b7857382] 199.204.45.216 "GET /v2.0/ports?network_id=c855587a-737a-4bcf-82d0-68f386419163&device_owner=network%3Adhcp HTTP/1.1" status: 200 len: 210 time: 0.0276029
2026-05-05 23:20:47.902 10 INFO neutron.wsgi [req-d0901622-3b96-4982-b7a9-fc5996d09dfd req-79a35398-fe2e-4404-b462-60eb1f5c6fc4 a490d33bb3f0499584bc585e92fddd82 649a67ed628a4eda85bb7bda32d63321 - - 0a011696ac28418b9b42b3e5b7857382 0a011696ac28418b9b42b3e5b7857382] 199.204.45.216 "GET /v2.0/networks/2eab8ee4-c78b-4370-8c43-4953835a40e6?fields=segments HTTP/1.1" status: 200 len: 212 time: 0.1152015
2026-05-05 23:20:47.952 10 INFO neutron.notifiers.nova [-] Nova event matching ['req-8aa07ef9-5353-4466-9b20-7df8fb7223cb'] response: {'name': 'network-changed', 'server_uuid': '87443700-86e8-413f-99e9-b71cc8cb568c', 'tag': '6cec0f14-fcee-42f0-bb28-330a628a42be', 'status': 'completed', 'code': 200}
2026-05-05 23:20:48.024 9 INFO neutron.wsgi [None req-58073b1a-1afe-462e-87af-4d58ac41f1dd 2dc7c05af06646b8886b96fd3aca94c9 3909b9d0ee214a2e9b028f628ee8a188 - - default default] 10.0.0.6 "GET /v2.0/security-groups?tenant_id=efa6134880914d5ab9332ccc4541006a&name=default HTTP/1.1" status: 200 len: 2992 time: 0.0341289
2026-05-05 23:20:48.136 10 INFO neutron.wsgi [req-45430e2e-b000-49ea-88b7-9d7193246515 req-ad9894cf-60f2-4eb0-9333-63072f59edba a490d33bb3f0499584bc585e92fddd82 649a67ed628a4eda85bb7bda32d63321 - - 0a011696ac28418b9b42b3e5b7857382 0a011696ac28418b9b42b3e5b7857382] 10.0.0.63 "GET /v2.0/networks/3d4dc693-a821-4330-b961-5616ec14f57b?fields=segments HTTP/1.1" status: 200 len: 212 time: 0.2359188
2026-05-05 23:20:48.147 10 INFO neutron.wsgi [req-8bcdc6f6-7f29-4431-91e2-354b254276b7 req-74e224b9-4adf-4479-956f-12ef60b6ccb6 a490d33bb3f0499584bc585e92fddd82 649a67ed628a4eda85bb7bda32d63321 - - 0a011696ac28418b9b42b3e5b7857382 0a011696ac28418b9b42b3e5b7857382] 199.204.45.216 "GET /v2.0/networks/c855587a-737a-4bcf-82d0-68f386419163?fields=segments HTTP/1.1" status: 200 len: 212 time: 0.2382500
2026-05-05 23:20:48.154 10 INFO neutron.wsgi [req-d0901622-3b96-4982-b7a9-fc5996d09dfd req-52440e5c-60eb-4d2b-9ecd-c855c7863890 a490d33bb3f0499584bc585e92fddd82 649a67ed628a4eda85bb7bda32d63321 - - 0a011696ac28418b9b42b3e5b7857382 0a011696ac28418b9b42b3e5b7857382] 199.204.45.216 "GET /v2.0/networks/2eab8ee4-c78b-4370-8c43-4953835a40e6?fields=provider%3Aphysical_network&fields=provider%3Anetwork_type HTTP/1.1" status: 200 len: 277 time: 0.2448714
2026-05-05 23:20:48.229 9 INFO neutron.wsgi [None req-b273c475-043f-49d3-97e6-1e12d8d4014a 2dc7c05af06646b8886b96fd3aca94c9 3909b9d0ee214a2e9b028f628ee8a188 - - default default] 10.0.0.6 "DELETE /v2.0/security-groups/80c5e51f-c93e-4a8d-84ec-8a13eb283d3e HTTP/1.1" status: 204 len: 168 time: 0.2010217
2026-05-05 23:20:48.243 10 INFO neutron.wsgi [req-45430e2e-b000-49ea-88b7-9d7193246515 req-6e9d2c41-155f-4bf0-8ec8-1fc96c7889d2 a490d33bb3f0499584bc585e92fddd82 649a67ed628a4eda85bb7bda32d63321 - - 0a011696ac28418b9b42b3e5b7857382 0a011696ac28418b9b42b3e5b7857382] 10.0.0.63 "GET /v2.0/networks/3d4dc693-a821-4330-b961-5616ec14f57b?fields=provider%3Aphysical_network&fields=provider%3Anetwork_type HTTP/1.1" status: 200 len: 277 time: 0.0987918
2026-05-05 23:20:48.247 10 INFO neutron.wsgi [req-8bcdc6f6-7f29-4431-91e2-354b254276b7 req-b0786eda-194e-4ff5-9dec-179155c2dc7d a490d33bb3f0499584bc585e92fddd82 649a67ed628a4eda85bb7bda32d63321 - - 0a011696ac28418b9b42b3e5b7857382 0a011696ac28418b9b42b3e5b7857382] 199.204.45.216 "GET /v2.0/networks/c855587a-737a-4bcf-82d0-68f386419163?fields=provider%3Aphysical_network&fields=provider%3Anetwork_type HTTP/1.1" status: 200 len: 277 time: 0.0925138
2026-05-05 23:20:48.252 10 INFO neutron.wsgi [req-d424da69-a03d-4f1d-8ffc-0bfce143a213 req-bb45058a-6a08-41ba-a0c7-c66a6e7decf0 a490d33bb3f0499584bc585e92fddd82 649a67ed628a4eda85bb7bda32d63321 - - 0a011696ac28418b9b42b3e5b7857382 0a011696ac28418b9b42b3e5b7857382] 199.204.45.216 "GET /v2.0/ports?tenant_id=8bd97c23fcca45a3a722cc065d35f5cc&device_id=87443700-86e8-413f-99e9-b71cc8cb568c HTTP/1.1" status: 200 len: 1411 time: 0.0382850
2026-05-05 23:20:48.298 9 INFO neutron.services.segments.plugin [-] Segment 26185fe7-5a74-46c6-b525-666ef7944bb0 resource provider aggregate not found
2026-05-05 23:20:48.311 9 INFO neutron.services.segments.plugin [-] Segment 26185fe7-5a74-46c6-b525-666ef7944bb0 resource provider not found; error: Placement Client Error (4xx): {"errors": [{"status": 404, "title": "Not Found", "detail": "The resource could not be found.\n\n No resource provider with uuid 26185fe7-5a74-46c6-b525-666ef7944bb0 found for delete ", "request_id": "req-b8518172-729b-43c0-8c1f-ac578f8bfcc5"}]}
2026-05-05 23:20:48.343 9 INFO neutron.services.segments.plugin [-] Segment 26185fe7-5a74-46c6-b525-666ef7944bb0 resource provider aggregate not found
2026-05-05 23:20:48.365 9 INFO neutron.services.segments.plugin [-] Segment 26185fe7-5a74-46c6-b525-666ef7944bb0 resource provider not found; error: Placement Client Error (4xx): {"errors": [{"status": 404, "title": "Not Found", "detail": "The resource could not be found.\n\n No resource provider with uuid 26185fe7-5a74-46c6-b525-666ef7944bb0 found for delete ", "request_id": "req-ffd780be-884b-4e79-8316-c0cd85cb1c8a"}]}
2026-05-05 23:20:48.402 10 INFO neutron.wsgi [req-07d8e4f2-d199-4803-99e5-5092f98a47a1 req-344e3b96-4422-41e3-8663-5e947d25e5c0 180ceafccbdb4187bc9ff020a896e5d4 779a161212da4ce69d500abd34990375 - - default default] 10.0.0.63 "GET /v2.0/ports?device_id=8ab9c64a-656c-4c1d-b5da-5e8bd24da67b HTTP/1.1" status: 200 len: 210 time: 0.0268345
2026-05-05 23:20:48.458 10 INFO neutron.wsgi [req-d424da69-a03d-4f1d-8ffc-0bfce143a213 req-95f23f00-94f3-4b79-be00-563f260037eb a490d33bb3f0499584bc585e92fddd82 649a67ed628a4eda85bb7bda32d63321 - - 0a011696ac28418b9b42b3e5b7857382 0a011696ac28418b9b42b3e5b7857382] 199.204.45.216 "GET /v2.0/networks?id=2eab8ee4-c78b-4370-8c43-4953835a40e6 HTTP/1.1" status: 200 len: 980 time: 0.0971916
2026-05-05 23:20:48.488 10 INFO neutron.wsgi [req-d424da69-a03d-4f1d-8ffc-0bfce143a213 req-d9dca6d5-c0e3-462e-8c36-d7ec2ecb7054 a490d33bb3f0499584bc585e92fddd82 649a67ed628a4eda85bb7bda32d63321 - - 0a011696ac28418b9b42b3e5b7857382 0a011696ac28418b9b42b3e5b7857382] 199.204.45.216 "GET /v2.0/floatingips?fixed_ip_address=10.100.0.13&port_id=6cec0f14-fcee-42f0-bb28-330a628a42be HTTP/1.1" status: 200 len: 217 time: 0.0211196
2026-05-05 23:20:48.548 10 INFO neutron.wsgi [req-d424da69-a03d-4f1d-8ffc-0bfce143a213 req-a466b976-78ca-49a5-afd6-9ed178d3e7ba a490d33bb3f0499584bc585e92fddd82 649a67ed628a4eda85bb7bda32d63321 - - 0a011696ac28418b9b42b3e5b7857382 0a011696ac28418b9b42b3e5b7857382] 199.204.45.216 "GET /v2.0/subnets?id=63306272-e151-4f77-be54-363cb5e92d2f HTTP/1.1" status: 200 len: 876 time: 0.0487478
2026-05-05 23:20:48.573 10 INFO neutron.wsgi [req-d424da69-a03d-4f1d-8ffc-0bfce143a213 req-6b4d53f5-a761-4d58-a377-1d6cf2bacef3 a490d33bb3f0499584bc585e92fddd82 649a67ed628a4eda85bb7bda32d63321 - - 0a011696ac28418b9b42b3e5b7857382 0a011696ac28418b9b42b3e5b7857382] 199.204.45.216 "GET /v2.0/ports?network_id=2eab8ee4-c78b-4370-8c43-4953835a40e6&device_owner=network%3Adhcp HTTP/1.1" status: 200 len: 210 time: 0.0216174
2026-05-05 23:20:48.610 10 INFO neutron.wsgi [req-80fa1251-226c-4fd8-a7fd-07a37d311a9e req-24450a18-fcdd-4992-8484-91cbcb50612d 3517ef1bf88c4a1589405c889a361040 aec6a9c47dc44491807dfb6497faf23f - - default default] 10.0.0.63 "GET /v2.0/ports?device_id=a40f56f0-7ae2-45ba-847f-d8d8f1d0d9e2 HTTP/1.1" status: 200 len: 1168 time: 0.1617270
2026-05-05 23:20:48.651 10 INFO neutron.wsgi [req-d424da69-a03d-4f1d-8ffc-0bfce143a213 req-9f95ac87-025e-4041-b409-0863a74dda23 a490d33bb3f0499584bc585e92fddd82 649a67ed628a4eda85bb7bda32d63321 - - 0a011696ac28418b9b42b3e5b7857382 0a011696ac28418b9b42b3e5b7857382] 199.204.45.216 "GET /v2.0/networks/2eab8ee4-c78b-4370-8c43-4953835a40e6?fields=segments HTTP/1.1" status: 200 len: 212 time: 0.0700440
2026-05-05 23:20:48.674 10 INFO neutron.wsgi [req-80fa1251-226c-4fd8-a7fd-07a37d311a9e req-11313a13-39ec-457d-99c6-05155a8e5541 3517ef1bf88c4a1589405c889a361040 aec6a9c47dc44491807dfb6497faf23f - - default default] 10.0.0.63 "GET /v2.0/security-groups?id=11fd98d7-1eb8-431e-aa0e-7a11444a57d9&fields=id&fields=name HTTP/1.1" status: 200 len: 286 time: 0.0540981
2026-05-05 23:20:48.742 10 INFO neutron.wsgi [req-d424da69-a03d-4f1d-8ffc-0bfce143a213 req-8db354f5-544d-49a1-a9db-d1368afe6ffc a490d33bb3f0499584bc585e92fddd82 649a67ed628a4eda85bb7bda32d63321 - - 0a011696ac28418b9b42b3e5b7857382 0a011696ac28418b9b42b3e5b7857382] 199.204.45.216 "GET /v2.0/networks/2eab8ee4-c78b-4370-8c43-4953835a40e6?fields=provider%3Aphysical_network&fields=provider%3Anetwork_type HTTP/1.1" status: 200 len: 277 time: 0.0859084
2026-05-05 23:20:48.771 10 INFO neutron.wsgi [req-1b0ac348-fe3e-4b17-b604-f9204a276323 req-75f3dfbc-4534-4771-8f7e-dbaac4bc560a 2e6eb8a1440b47e795b313cb4225e950 8bd97c23fcca45a3a722cc065d35f5cc - - default default] 10.0.0.63 "GET /v2.0/ports?device_id=87443700-86e8-413f-99e9-b71cc8cb568c HTTP/1.1" status: 200 len: 1172 time: 0.0506244
2026-05-05 23:20:48.816 10 INFO neutron.wsgi [req-1b0ac348-fe3e-4b17-b604-f9204a276323 req-4ef2096a-50f2-4efb-a6d4-c8b7f0715ee4 2e6eb8a1440b47e795b313cb4225e950 8bd97c23fcca45a3a722cc065d35f5cc - - default default] 10.0.0.63 "GET /v2.0/security-groups?id=602c59d7-9d5b-450b-83e8-5958ea8162a2&fields=id&fields=name HTTP/1.1" status: 200 len: 313 time: 0.0377386
2026-05-05 23:20:49.142 9 WARNING neutron.plugins.ml2.drivers.ovn.mech_driver.ovsdb.ovn_client [None req-012b7f7e-8f9d-4d1d-8a13-56dc33937494 - - - - - -] No port found with ID ed136c18-0cad-4e86-a141-fa441be6a2dd: RuntimeError: No port found with ID ed136c18-0cad-4e86-a141-fa441be6a2dd
2026-05-05 23:20:49.143 9 INFO neutron.plugins.ml2.drivers.ovn.mech_driver.mech_driver [None req-012b7f7e-8f9d-4d1d-8a13-56dc33937494 - - - - - -] OVN reports status up for port: 9a420b68-3b9b-4f8b-9adc-f9f5751a5fd0
2026-05-05 23:20:49.161 9 INFO neutron.plugins.ml2.plugin [None req-012b7f7e-8f9d-4d1d-8a13-56dc33937494 - - - - - -] Attempt 1 to provision port 9a420b68-3b9b-4f8b-9adc-f9f5751a5fd0
2026-05-05 23:20:49.515 10 INFO neutron.wsgi [req-cd459a78-bc43-4de0-be44-9587238d0b9b req-13caa757-df72-472b-a9bd-99c14469402c 180ceafccbdb4187bc9ff020a896e5d4 779a161212da4ce69d500abd34990375 - - default default] 10.0.0.63 "GET /v2.0/ports?device_id=8ab9c64a-656c-4c1d-b5da-5e8bd24da67b HTTP/1.1" status: 200 len: 210 time: 0.0209210
2026-05-05 23:20:49.542 10 INFO neutron.wsgi [req-45430e2e-b000-49ea-88b7-9d7193246515 req-77118c9c-8be2-4c2f-9733-29250050dd56 180ceafccbdb4187bc9ff020a896e5d4 779a161212da4ce69d500abd34990375 - - default default] 199.204.45.216 "GET /v2.0/networks?id=3d4dc693-a821-4330-b961-5616ec14f57b HTTP/1.1" status: 200 len: 874 time: 0.0907371
2026-05-05 23:20:49.611 10 INFO neutron.wsgi [req-45430e2e-b000-49ea-88b7-9d7193246515 req-a4fe36f3-49b4-4f70-a536-d1c19ff825a7 180ceafccbdb4187bc9ff020a896e5d4 779a161212da4ce69d500abd34990375 - - default default] 199.204.45.216 "GET /v2.0/security-groups?fields=id&fields=name&tenant_id=779a161212da4ce69d500abd34990375 HTTP/1.1" status: 200 len: 380 time: 0.0650370
2026-05-05 23:20:49.800 10 INFO neutron.wsgi [req-7d5d8df9-2806-473b-aadb-c63c5c7e0288 req-019cc430-92e3-4786-8ec3-3b04abcd56e3 3517ef1bf88c4a1589405c889a361040 aec6a9c47dc44491807dfb6497faf23f - - default default] 10.0.0.63 "GET /v2.0/ports?device_id=a40f56f0-7ae2-45ba-847f-d8d8f1d0d9e2 HTTP/1.1" status: 200 len: 1168 time: 0.0397050
2026-05-05 23:20:49.844 10 INFO neutron.wsgi [req-7d5d8df9-2806-473b-aadb-c63c5c7e0288 req-4f27cd21-d1b0-4974-a447-5825ab60d918 3517ef1bf88c4a1589405c889a361040 aec6a9c47dc44491807dfb6497faf23f - - default default] 10.0.0.63 "GET /v2.0/security-groups?id=11fd98d7-1eb8-431e-aa0e-7a11444a57d9&fields=id&fields=name HTTP/1.1" status: 200 len: 286 time: 0.0355754
2026-05-05 23:20:49.936 10 INFO neutron.wsgi [req-491a73f4-3900-46ef-b84b-23f92a3e28cc req-f2a03b46-a3ba-498a-8a4b-c843a5c65eaa 2e6eb8a1440b47e795b313cb4225e950 8bd97c23fcca45a3a722cc065d35f5cc - - default default] 10.0.0.63 "GET /v2.0/ports?device_id=87443700-86e8-413f-99e9-b71cc8cb568c HTTP/1.1" status: 200 len: 1172 time: 0.0413525
2026-05-05 23:20:50.000 10 INFO neutron.notifiers.nova [-] Nova event matching ['req-cecb0ba6-2547-4967-8f0b-fb306449df4d'] response: {'name': 'network-changed', 'server_uuid': 'a40f56f0-7ae2-45ba-847f-d8d8f1d0d9e2', 'tag': 'e2de9db6-0098-422b-ade2-6775fd3ad059', 'status': 'completed', 'code': 200}
2026-05-05 23:20:50.019 10 INFO neutron.wsgi [req-491a73f4-3900-46ef-b84b-23f92a3e28cc req-226cbe1c-aff7-4806-9daa-537646580f1d 2e6eb8a1440b47e795b313cb4225e950 8bd97c23fcca45a3a722cc065d35f5cc - - default default] 10.0.0.63 "GET /v2.0/security-groups?id=602c59d7-9d5b-450b-83e8-5958ea8162a2&fields=id&fields=name HTTP/1.1" status: 200 len: 313 time: 0.0745523 /var/lib/openstack/lib/python3.10/site-packages/pycadf/identifier.py:71: UserWarning: Invalid uuid: neutron. To ensure interoperability, identifiers should be a valid uuid. warnings.warn(('Invalid uuid: %s. To ensure interoperability, '
2026-05-05 23:20:50.081 10 INFO neutron.wsgi [req-4a7b4755-b561-4d3c-8989-4f69cbe2cfb2 req-f35ff9f8-ad18-43e9-8b1a-2cf5e5f65787 a490d33bb3f0499584bc585e92fddd82 649a67ed628a4eda85bb7bda32d63321 - - 0a011696ac28418b9b42b3e5b7857382 0a011696ac28418b9b42b3e5b7857382] 199.204.45.216 "GET /v2.0/ports?tenant_id=aec6a9c47dc44491807dfb6497faf23f&device_id=a40f56f0-7ae2-45ba-847f-d8d8f1d0d9e2 HTTP/1.1" status: 200 len: 1407 time: 0.0458844
2026-05-05 23:20:50.087 10 WARNING neutron.scheduler.dhcp_agent_scheduler [req-45430e2e-b000-49ea-88b7-9d7193246515 req-bfff972f-4d77-414d-96ce-c30e1be70caa 180ceafccbdb4187bc9ff020a896e5d4 779a161212da4ce69d500abd34990375 - - default default] No more DHCP agents
2026-05-05 23:20:50.098 10 WARNING neutron.api.rpc.agentnotifiers.dhcp_rpc_agent_api [req-45430e2e-b000-49ea-88b7-9d7193246515 req-bfff972f-4d77-414d-96ce-c30e1be70caa 180ceafccbdb4187bc9ff020a896e5d4 779a161212da4ce69d500abd34990375 - - default default] Unable to schedule network 3d4dc693-a821-4330-b961-5616ec14f57b: no agents available; will retry on subsequent port and subnet creation events.
2026-05-05 23:20:50.148 10 WARNING neutron.plugins.ml2.drivers.ovn.mech_driver.ovsdb.ovn_client [None req-314cb39a-5b31-4cfb-bc00-b69b48cf94b1 - - - - - -] No hosting information found for port cebad645-5123-4283-8a46-5dd4591e54bc: RuntimeError: No hosting information found for port cebad645-5123-4283-8a46-5dd4591e54bc
2026-05-05 23:20:50.149 10 INFO neutron.plugins.ml2.drivers.ovn.mech_driver.mech_driver [None req-314cb39a-5b31-4cfb-bc00-b69b48cf94b1 - - - - - -] OVN reports status up for port: 91a3be98-f7c1-4d56-bf6e-11ec141e02a5
2026-05-05 23:20:50.161 10 INFO neutron.plugins.ml2.plugin [None req-314cb39a-5b31-4cfb-bc00-b69b48cf94b1 - - - - - -] Attempt 1 to provision port 91a3be98-f7c1-4d56-bf6e-11ec141e02a5
2026-05-05 23:20:50.181 10 INFO neutron.wsgi [req-4a7b4755-b561-4d3c-8989-4f69cbe2cfb2 req-868c1b28-d1da-4845-a829-c9b7ceba644f a490d33bb3f0499584bc585e92fddd82 649a67ed628a4eda85bb7bda32d63321 - - 0a011696ac28418b9b42b3e5b7857382 0a011696ac28418b9b42b3e5b7857382] 199.204.45.216 "GET /v2.0/networks?id=c855587a-737a-4bcf-82d0-68f386419163 HTTP/1.1" status: 200 len: 976 time: 0.0926352 /var/lib/openstack/lib/python3.10/site-packages/pycadf/identifier.py:71: UserWarning: Invalid uuid: neutron. To ensure interoperability, identifiers should be a valid uuid. warnings.warn(('Invalid uuid: %s. To ensure interoperability, '
2026-05-05 23:20:50.216 10 INFO neutron.wsgi [req-4a7b4755-b561-4d3c-8989-4f69cbe2cfb2 req-c53600cf-604c-4ab5-a5f4-cf20bafe3930 a490d33bb3f0499584bc585e92fddd82 649a67ed628a4eda85bb7bda32d63321 - - 0a011696ac28418b9b42b3e5b7857382 0a011696ac28418b9b42b3e5b7857382] 199.204.45.216 "GET /v2.0/floatingips?fixed_ip_address=10.100.0.4&port_id=e2de9db6-0098-422b-ade2-6775fd3ad059 HTTP/1.1" status: 200 len: 217 time: 0.0299108
2026-05-05 23:20:50.269 10 INFO neutron.wsgi [req-4a7b4755-b561-4d3c-8989-4f69cbe2cfb2 req-87a62cac-fbe1-46d0-85ef-ccd3b74e712e a490d33bb3f0499584bc585e92fddd82 649a67ed628a4eda85bb7bda32d63321 - - 0a011696ac28418b9b42b3e5b7857382 0a011696ac28418b9b42b3e5b7857382] 199.204.45.216 "GET /v2.0/subnets?id=854b4b40-765f-44f8-be35-c2b06f6ffb1c HTTP/1.1" status: 200 len: 871 time: 0.0478323
2026-05-05 23:20:50.296 10 INFO neutron.wsgi [req-4a7b4755-b561-4d3c-8989-4f69cbe2cfb2 req-abbfe4f9-c33f-4e68-8c47-23d086af6034 a490d33bb3f0499584bc585e92fddd82 649a67ed628a4eda85bb7bda32d63321 - - 0a011696ac28418b9b42b3e5b7857382 0a011696ac28418b9b42b3e5b7857382] 199.204.45.216 "GET /v2.0/ports?network_id=c855587a-737a-4bcf-82d0-68f386419163&device_owner=network%3Adhcp HTTP/1.1" status: 200 len: 210 time: 0.0213182
2026-05-05 23:20:50.352 10 INFO neutron.db.ovn_revision_numbers_db [req-45430e2e-b000-49ea-88b7-9d7193246515 req-bfff972f-4d77-414d-96ce-c30e1be70caa 180ceafccbdb4187bc9ff020a896e5d4 779a161212da4ce69d500abd34990375 - - default default] Successfully bumped revision number for resource bf157687-cc06-4e16-baec-6d78ab3ba3aa (type: ports) to 1
2026-05-05 23:20:50.396 10 INFO neutron.wsgi [req-45430e2e-b000-49ea-88b7-9d7193246515 req-bfff972f-4d77-414d-96ce-c30e1be70caa 180ceafccbdb4187bc9ff020a896e5d4 779a161212da4ce69d500abd34990375 - - default default] 199.204.45.216 "POST /v2.0/ports HTTP/1.1" status: 201 len: 1158 time: 0.7621353
2026-05-05 23:20:50.401 10 INFO neutron.wsgi [req-4a7b4755-b561-4d3c-8989-4f69cbe2cfb2 req-bb14d8d8-4941-46bc-97c0-514efcc57414 a490d33bb3f0499584bc585e92fddd82 649a67ed628a4eda85bb7bda32d63321 - - 0a011696ac28418b9b42b3e5b7857382 0a011696ac28418b9b42b3e5b7857382] 199.204.45.216 "GET /v2.0/networks/c855587a-737a-4bcf-82d0-68f386419163?fields=segments HTTP/1.1" status: 200 len: 212 time: 0.1006570
2026-05-05 23:20:50.417 9 INFO neutron.db.ovn_revision_numbers_db [None req-97e92e81-fda5-4f55-bec4-774a4142d6f1 2dc7c05af06646b8886b96fd3aca94c9 3909b9d0ee214a2e9b028f628ee8a188 - - default default] Successfully bumped revision number for resource 00ce29a3-8f08-4c43-b479-4df7955af90b (type: security_groups) to 1
2026-05-05 23:20:50.429 9 INFO neutron.db.ovn_revision_numbers_db [None req-97e92e81-fda5-4f55-bec4-774a4142d6f1 2dc7c05af06646b8886b96fd3aca94c9 3909b9d0ee214a2e9b028f628ee8a188 - - default default] Successfully bumped revision number for resource 459923d3-dc5c-408c-a789-58288f1c74fd (type: security_group_rules) to 0
2026-05-05 23:20:50.442 9 INFO neutron.db.ovn_revision_numbers_db [None req-97e92e81-fda5-4f55-bec4-774a4142d6f1 2dc7c05af06646b8886b96fd3aca94c9 3909b9d0ee214a2e9b028f628ee8a188 - - default default] Successfully bumped revision number for resource 495dc109-4c69-4723-ab5a-2622b674d81a (type: security_group_rules) to 0
2026-05-05 23:20:50.457 9 INFO neutron.db.ovn_revision_numbers_db [None req-97e92e81-fda5-4f55-bec4-774a4142d6f1 2dc7c05af06646b8886b96fd3aca94c9 3909b9d0ee214a2e9b028f628ee8a188 - - default default] Successfully bumped revision number for resource 8e99348c-63f0-49e7-9a21-c61ce0d7442d (type: security_group_rules) to 0
2026-05-05 23:20:50.469 9 INFO neutron.db.ovn_revision_numbers_db [None req-97e92e81-fda5-4f55-bec4-774a4142d6f1 2dc7c05af06646b8886b96fd3aca94c9 3909b9d0ee214a2e9b028f628ee8a188 - - default default] Successfully bumped revision number for resource f0f8f19d-1b91-48c5-8fed-40dd6a268d59 (type: security_group_rules) to 0
2026-05-05 23:20:50.495 10 INFO neutron.wsgi [req-4a7b4755-b561-4d3c-8989-4f69cbe2cfb2 req-d70703a0-10b8-4f97-aa2b-c285305e2854 a490d33bb3f0499584bc585e92fddd82 649a67ed628a4eda85bb7bda32d63321 - - 0a011696ac28418b9b42b3e5b7857382 0a011696ac28418b9b42b3e5b7857382] 199.204.45.216 "GET /v2.0/networks/c855587a-737a-4bcf-82d0-68f386419163?fields=provider%3Aphysical_network&fields=provider%3Anetwork_type HTTP/1.1" status: 200 len: 277 time: 0.0880113
2026-05-05 23:20:50.518 9 INFO neutron.db.segments_db [None req-97e92e81-fda5-4f55-bec4-774a4142d6f1 2dc7c05af06646b8886b96fd3aca94c9 3909b9d0ee214a2e9b028f628ee8a188 - - default default] Added segment 2f998aad-56b7-4423-928d-c84c3052b659 of type geneve for network d14e2778-b88b-45c3-ac69-b9ce4480c2d1
2026-05-05 23:20:50.640 10 INFO neutron.wsgi [req-d9ce3195-046a-47a8-8912-664d76859765 req-93b17f02-c276-429d-affc-715b72082df3 180ceafccbdb4187bc9ff020a896e5d4 779a161212da4ce69d500abd34990375 - - default default] 10.0.0.63 "GET /v2.0/ports?device_id=8ab9c64a-656c-4c1d-b5da-5e8bd24da67b HTTP/1.1" status: 200 len: 1156 time: 0.0594187
2026-05-05 23:20:50.642 10 INFO neutron.db.ovn_revision_numbers_db [None req-314cb39a-5b31-4cfb-bc00-b69b48cf94b1 - - - - - -] Successfully bumped revision number for resource 91a3be98-f7c1-4d56-bf6e-11ec141e02a5 (type: ports) to 2
2026-05-05 23:20:50.667 9 INFO neutron.db.ovn_revision_numbers_db [None req-97e92e81-fda5-4f55-bec4-774a4142d6f1 2dc7c05af06646b8886b96fd3aca94c9 3909b9d0ee214a2e9b028f628ee8a188 - - default default] Successfully bumped revision number for resource d14e2778-b88b-45c3-ac69-b9ce4480c2d1 (type: networks) to 1
2026-05-05 23:20:50.746 10 INFO neutron.wsgi [req-d9ce3195-046a-47a8-8912-664d76859765 req-7f583c13-126b-4907-9d8e-e15034f8348d 180ceafccbdb4187bc9ff020a896e5d4 779a161212da4ce69d500abd34990375 - - default default] 10.0.0.63 "GET /v2.0/security-groups?id=d581437f-a8e3-49d6-a192-95ced6e0911f&fields=id&fields=name HTTP/1.1" status: 200 len: 313 time: 0.0898967
2026-05-05 23:20:50.840 9 INFO neutron.plugins.ml2.drivers.ovn.mech_driver.mech_driver [None req-012b7f7e-8f9d-4d1d-8a13-56dc33937494 - - - - - -] OVN reports status up for port: 6cec0f14-fcee-42f0-bb28-330a628a42be
2026-05-05 23:20:50.843 9 WARNING neutron.scheduler.dhcp_agent_scheduler [None req-97e92e81-fda5-4f55-bec4-774a4142d6f1 2dc7c05af06646b8886b96fd3aca94c9 3909b9d0ee214a2e9b028f628ee8a188 - - default default] No more DHCP agents
2026-05-05 23:20:50.847 9 WARNING neutron.api.rpc.agentnotifiers.dhcp_rpc_agent_api [None req-97e92e81-fda5-4f55-bec4-774a4142d6f1 2dc7c05af06646b8886b96fd3aca94c9 3909b9d0ee214a2e9b028f628ee8a188 - - default default] Unable to schedule network d14e2778-b88b-45c3-ac69-b9ce4480c2d1: no agents available; will retry on subsequent port and subnet creation events.
2026-05-05 23:20:50.867 9 INFO neutron.plugins.ml2.plugin [None req-012b7f7e-8f9d-4d1d-8a13-56dc33937494 - - - - - -] Attempt 1 to provision port 6cec0f14-fcee-42f0-bb28-330a628a42be
2026-05-05 23:20:50.949 9 INFO neutron.db.ovn_revision_numbers_db [None req-97e92e81-fda5-4f55-bec4-774a4142d6f1 2dc7c05af06646b8886b96fd3aca94c9 3909b9d0ee214a2e9b028f628ee8a188 - - default default] Successfully bumped revision number for resource 29b1b0b4-6bcd-4967-ba79-5949a7f79425 (type: ports) to 1
2026-05-05 23:20:50.982 9 INFO neutron.wsgi [None req-97e92e81-fda5-4f55-bec4-774a4142d6f1 2dc7c05af06646b8886b96fd3aca94c9 3909b9d0ee214a2e9b028f628ee8a188 - - default default] 10.0.0.6 "POST /v2.0/networks HTTP/1.1" status: 201 len: 946 time: 0.8699307
2026-05-05 23:20:50.984 10 INFO neutron.wsgi [req-4dad4f34-b959-49f1-b153-f835458083b9 req-70dcc503-9d81-414a-be27-30eead1c1033 3517ef1bf88c4a1589405c889a361040 aec6a9c47dc44491807dfb6497faf23f - - default default] 10.0.0.63 "GET /v2.0/ports?device_id=a40f56f0-7ae2-45ba-847f-d8d8f1d0d9e2 HTTP/1.1" status: 200 len: 1168 time: 0.0641820 /var/lib/openstack/lib/python3.10/site-packages/pycadf/identifier.py:71: UserWarning: Invalid uuid: neutron. To ensure interoperability, identifiers should be a valid uuid. warnings.warn(('Invalid uuid: %s. To ensure interoperability, '
2026-05-05 23:20:51.011 10 INFO neutron.db.ovn_revision_numbers_db [None req-314cb39a-5b31-4cfb-bc00-b69b48cf94b1 - - - - - -] Successfully bumped revision number for resource 91a3be98-f7c1-4d56-bf6e-11ec141e02a5 (type: router_ports) to 2
2026-05-05 23:20:51.108 10 INFO neutron.wsgi [req-4dad4f34-b959-49f1-b153-f835458083b9 req-449a8feb-6fa3-4e02-b7a0-553b2800d9e7 3517ef1bf88c4a1589405c889a361040 aec6a9c47dc44491807dfb6497faf23f - - default default] 10.0.0.63 "GET /v2.0/security-groups?id=11fd98d7-1eb8-431e-aa0e-7a11444a57d9&fields=id&fields=name HTTP/1.1" status: 200 len: 286 time: 0.1086543
2026-05-05 23:20:51.158 10 INFO neutron.wsgi [req-dd660623-9ad1-43b7-9ef2-d16b6fbc0e22 req-b2966c0f-e77f-4fe9-ac5a-9128f17af7e6 2e6eb8a1440b47e795b313cb4225e950 8bd97c23fcca45a3a722cc065d35f5cc - - default default] 10.0.0.63 "GET /v2.0/ports?device_id=87443700-86e8-413f-99e9-b71cc8cb568c HTTP/1.1" status: 200 len: 1174 time: 0.0618262
2026-05-05 23:20:51.173 9 INFO neutron.db.ovn_revision_numbers_db [None req-012b7f7e-8f9d-4d1d-8a13-56dc33937494 - - - - - -] Successfully bumped revision number for resource 6cec0f14-fcee-42f0-bb28-330a628a42be (type: ports) to 4
2026-05-05 23:20:51.193 10 INFO neutron.db.ovn_revision_numbers_db [req-45430e2e-b000-49ea-88b7-9d7193246515 req-49c09098-1119-4fc4-88c3-0e9243ae362d a490d33bb3f0499584bc585e92fddd82 649a67ed628a4eda85bb7bda32d63321 - - 0a011696ac28418b9b42b3e5b7857382 0a011696ac28418b9b42b3e5b7857382] Successfully bumped revision number for resource bf157687-cc06-4e16-baec-6d78ab3ba3aa (type: ports) to 2
2026-05-05 23:20:51.229 10 INFO neutron.wsgi [req-dd660623-9ad1-43b7-9ef2-d16b6fbc0e22 req-7a2cee1b-19be-4f92-a0ff-b0b577a171a0 2e6eb8a1440b47e795b313cb4225e950 8bd97c23fcca45a3a722cc065d35f5cc - - default default] 10.0.0.63 "GET /v2.0/security-groups?id=602c59d7-9d5b-450b-83e8-5958ea8162a2&fields=id&fields=name HTTP/1.1" status: 200 len: 313 time: 0.0602486
2026-05-05 23:20:51.267 10 INFO neutron.wsgi [-] 10.0.0.77 "GET / HTTP/1.1" status: 200 len: 246 time: 0.0012314
2026-05-05 23:20:51.269 10 INFO neutron.wsgi [-] 10.0.0.77 "GET / HTTP/1.1" status: 200 len: 246 time: 0.0009203
2026-05-05 23:20:51.294 10 WARNING neutron.scheduler.dhcp_agent_scheduler [None req-cacf1b86-a0c0-4634-bb81-3b54bb78492b 2dc7c05af06646b8886b96fd3aca94c9 3909b9d0ee214a2e9b028f628ee8a188 - - default default] No more DHCP agents
2026-05-05 23:20:51.298 10 WARNING neutron.api.rpc.agentnotifiers.dhcp_rpc_agent_api [None req-cacf1b86-a0c0-4634-bb81-3b54bb78492b 2dc7c05af06646b8886b96fd3aca94c9 3909b9d0ee214a2e9b028f628ee8a188 - - default default] Unable to schedule network d14e2778-b88b-45c3-ac69-b9ce4480c2d1: no agents available; will retry on subsequent port and subnet creation events.
2026-05-05 23:20:51.495 10 INFO neutron.db.ovn_revision_numbers_db [req-45430e2e-b000-49ea-88b7-9d7193246515 req-49c09098-1119-4fc4-88c3-0e9243ae362d a490d33bb3f0499584bc585e92fddd82 649a67ed628a4eda85bb7bda32d63321 - - 0a011696ac28418b9b42b3e5b7857382 0a011696ac28418b9b42b3e5b7857382] Successfully bumped revision number for resource bf157687-cc06-4e16-baec-6d78ab3ba3aa (type: ports) to 2
2026-05-05 23:20:51.512 10 INFO neutron.wsgi [req-45430e2e-b000-49ea-88b7-9d7193246515 req-49c09098-1119-4fc4-88c3-0e9243ae362d a490d33bb3f0499584bc585e92fddd82 649a67ed628a4eda85bb7bda32d63321 - - 0a011696ac28418b9b42b3e5b7857382 0a011696ac28418b9b42b3e5b7857382] 199.204.45.216 "PUT /v2.0/ports/bf157687-cc06-4e16-baec-6d78ab3ba3aa HTTP/1.1" status: 200 len: 1376 time: 1.1040750
2026-05-05 23:20:51.527 9 INFO neutron.notifiers.nova [-] Nova event matching ['req-381e5845-eeca-4596-9443-6646b71e585f'] response: {'server_uuid': '87443700-86e8-413f-99e9-b71cc8cb568c', 'name': 'network-vif-plugged', 'status': 'completed', 'tag': '6cec0f14-fcee-42f0-bb28-330a628a42be', 'code': 200} /var/lib/openstack/lib/python3.10/site-packages/pycadf/identifier.py:71: UserWarning: Invalid uuid: neutron. To ensure interoperability, identifiers should be a valid uuid. warnings.warn(('Invalid uuid: %s. To ensure interoperability, '
2026-05-05 23:20:51.592 10 INFO neutron.wsgi [req-45430e2e-b000-49ea-88b7-9d7193246515 req-e70bd383-8f1d-48c5-9b7c-c8a81ef70334 a490d33bb3f0499584bc585e92fddd82 649a67ed628a4eda85bb7bda32d63321 - - 0a011696ac28418b9b42b3e5b7857382 0a011696ac28418b9b42b3e5b7857382] 199.204.45.216 "GET /v2.0/ports?tenant_id=779a161212da4ce69d500abd34990375&device_id=8ab9c64a-656c-4c1d-b5da-5e8bd24da67b HTTP/1.1" status: 200 len: 1407 time: 0.0288434
2026-05-05 23:20:51.627 10 INFO neutron.wsgi [req-45430e2e-b000-49ea-88b7-9d7193246515 req-797962c8-e92e-43c7-ae1a-18073150495a a490d33bb3f0499584bc585e92fddd82 649a67ed628a4eda85bb7bda32d63321 - - 0a011696ac28418b9b42b3e5b7857382 0a011696ac28418b9b42b3e5b7857382] 199.204.45.216 "GET /v2.0/floatingips?fixed_ip_address=10.100.0.5&port_id=bf157687-cc06-4e16-baec-6d78ab3ba3aa HTTP/1.1" status: 200 len: 217 time: 0.0244997
2026-05-05 23:20:51.676 10 INFO neutron.wsgi [req-45430e2e-b000-49ea-88b7-9d7193246515 req-32a397d6-5331-4dc4-9f65-568f3f63e014 a490d33bb3f0499584bc585e92fddd82 649a67ed628a4eda85bb7bda32d63321 - - 0a011696ac28418b9b42b3e5b7857382 0a011696ac28418b9b42b3e5b7857382] 199.204.45.216 "GET /v2.0/subnets?id=ffbc981e-7e44-4bf6-92b9-6906d2111a12 HTTP/1.1" status: 200 len: 868 time: 0.0372908
2026-05-05 23:20:51.708 10 INFO neutron.wsgi [req-45430e2e-b000-49ea-88b7-9d7193246515 req-349d6254-0e44-47f4-b306-d5db29511fc1 a490d33bb3f0499584bc585e92fddd82 649a67ed628a4eda85bb7bda32d63321 - - 0a011696ac28418b9b42b3e5b7857382 0a011696ac28418b9b42b3e5b7857382] 199.204.45.216 "GET /v2.0/ports?network_id=3d4dc693-a821-4330-b961-5616ec14f57b&device_owner=network%3Adhcp HTTP/1.1" status: 200 len: 210 time: 0.0226746
2026-05-05 23:20:51.783 10 INFO neutron.wsgi [req-45430e2e-b000-49ea-88b7-9d7193246515 req-f5b8a1fc-f115-4241-9026-01917aa6c804 a490d33bb3f0499584bc585e92fddd82 649a67ed628a4eda85bb7bda32d63321 - - 0a011696ac28418b9b42b3e5b7857382 0a011696ac28418b9b42b3e5b7857382] 199.204.45.216 "GET /v2.0/networks/3d4dc693-a821-4330-b961-5616ec14f57b?fields=segments HTTP/1.1" status: 200 len: 212 time: 0.0686471
2026-05-05 23:20:51.877 10 INFO neutron.wsgi [req-66fc9c3d-112c-425e-a5b8-51f6314d4f22 req-4de881de-6d2c-4855-be93-3824b39a06a8 180ceafccbdb4187bc9ff020a896e5d4 779a161212da4ce69d500abd34990375 - - default default] 10.0.0.63 "GET /v2.0/ports?device_id=8ab9c64a-656c-4c1d-b5da-5e8bd24da67b HTTP/1.1" status: 200 len: 1168 time: 0.0575359
2026-05-05 23:20:51.893 10 INFO neutron.wsgi [req-45430e2e-b000-49ea-88b7-9d7193246515 req-d16cbce3-4b0c-41f9-9f7e-69eee78bd009 a490d33bb3f0499584bc585e92fddd82 649a67ed628a4eda85bb7bda32d63321 - - 0a011696ac28418b9b42b3e5b7857382 0a011696ac28418b9b42b3e5b7857382] 199.204.45.216 "GET /v2.0/networks/3d4dc693-a821-4330-b961-5616ec14f57b?fields=provider%3Aphysical_network&fields=provider%3Anetwork_type HTTP/1.1" status: 200 len: 277 time: 0.1030293
2026-05-05 23:20:51.933 10 INFO neutron.wsgi [req-66fc9c3d-112c-425e-a5b8-51f6314d4f22 req-21ed8c8c-6c2a-438d-9c21-f5d4e313e30f 180ceafccbdb4187bc9ff020a896e5d4 779a161212da4ce69d500abd34990375 - - default default] 10.0.0.63 "GET /v2.0/security-groups?id=d581437f-a8e3-49d6-a192-95ced6e0911f&fields=id&fields=name HTTP/1.1" status: 200 len: 313 time: 0.0479550 /var/lib/openstack/lib/python3.10/site-packages/pycadf/identifier.py:71: UserWarning: Invalid uuid: neutron. To ensure interoperability, identifiers should be a valid uuid. warnings.warn(('Invalid uuid: %s. To ensure interoperability, '
2026-05-05 23:20:52.031 10 INFO neutron.db.ovn_revision_numbers_db [None req-cacf1b86-a0c0-4634-bb81-3b54bb78492b 2dc7c05af06646b8886b96fd3aca94c9 3909b9d0ee214a2e9b028f628ee8a188 - - default default] Successfully bumped revision number for resource 29b1b0b4-6bcd-4967-ba79-5949a7f79425 (type: ports) to 2
2026-05-05 23:20:52.031 9 INFO neutron.wsgi [None req-933b8552-5164-4652-946b-f320d9b2e511 2dc7c05af06646b8886b96fd3aca94c9 3909b9d0ee214a2e9b028f628ee8a188 - - default default] 10.0.0.124 "GET /v2.0/security-groups HTTP/1.1" status: 200 len: 33387 time: 0.1219172
2026-05-05 23:20:52.053 10 INFO neutron.notifiers.nova [-] Nova event matching ['req-7d18c728-838c-4f8f-b350-d2452fea6b85'] response: {'name': 'network-changed', 'server_uuid': '8ab9c64a-656c-4c1d-b5da-5e8bd24da67b', 'tag': 'bf157687-cc06-4e16-baec-6d78ab3ba3aa', 'status': 'completed', 'code': 200}
2026-05-05 23:20:52.073 10 INFO neutron.db.ovn_revision_numbers_db [None req-cacf1b86-a0c0-4634-bb81-3b54bb78492b 2dc7c05af06646b8886b96fd3aca94c9 3909b9d0ee214a2e9b028f628ee8a188 - - default default] Successfully bumped revision number for resource cd6c4644-283b-4c10-befa-1bd838c20210 (type: subnets) to 0
2026-05-05 23:20:52.075 9 INFO neutron.wsgi [None req-dadc6b3a-ffc0-481f-b5bc-4c02bb3418d6 2dc7c05af06646b8886b96fd3aca94c9 3909b9d0ee214a2e9b028f628ee8a188 - - default default] 10.0.0.124 "GET /v2.0/subnets HTTP/1.1" status: 200 len: 4073 time: 0.0360610
2026-05-05 23:20:52.085 9 INFO neutron.wsgi [None req-319d0ee8-b397-42c2-a393-2103813cfdd5 2dc7c05af06646b8886b96fd3aca94c9 3909b9d0ee214a2e9b028f628ee8a188 - - default default] 10.0.0.124 "GET /v2.0/subnetpools HTTP/1.1" status: 200 len: 193 time: 0.0079100
2026-05-05 23:20:52.125 10 INFO neutron.wsgi [None req-cacf1b86-a0c0-4634-bb81-3b54bb78492b 2dc7c05af06646b8886b96fd3aca94c9 3909b9d0ee214a2e9b028f628ee8a188 - - default default] 10.0.0.6 "POST /v2.0/subnets HTTP/1.1" status: 201 len: 866 time: 1.1323030
2026-05-05 23:20:52.133 10 INFO neutron.wsgi [req-c85c611b-0481-47d2-b6b0-092c7a0e4bdb req-f5cbfbf4-1c33-468f-9510-1cd58feee978 a490d33bb3f0499584bc585e92fddd82 649a67ed628a4eda85bb7bda32d63321 - - 0a011696ac28418b9b42b3e5b7857382 0a011696ac28418b9b42b3e5b7857382] 199.204.45.216 "GET /v2.0/ports?tenant_id=779a161212da4ce69d500abd34990375&device_id=8ab9c64a-656c-4c1d-b5da-5e8bd24da67b HTTP/1.1" status: 200 len: 1407 time: 0.0550628
2026-05-05 23:20:52.148 9 INFO neutron.plugins.ml2.drivers.ovn.mech_driver.mech_driver [None req-012b7f7e-8f9d-4d1d-8a13-56dc33937494 - - - - - -] OVN reports status up for port: bf157687-cc06-4e16-baec-6d78ab3ba3aa
2026-05-05 23:20:52.170 9 INFO neutron.wsgi [None req-58dbf0d9-2216-4ac5-9d10-fda867d0b619 2dc7c05af06646b8886b96fd3aca94c9 3909b9d0ee214a2e9b028f628ee8a188 - - default default] 10.0.0.124 "GET /v2.0/networks HTTP/1.1" status: 200 len: 5400 time: 0.0826619
2026-05-05 23:20:52.171 9 INFO neutron.plugins.ml2.plugin [None req-012b7f7e-8f9d-4d1d-8a13-56dc33937494 - - - - - -] Attempt 1 to provision port bf157687-cc06-4e16-baec-6d78ab3ba3aa
2026-05-05 23:20:52.207 9 INFO neutron.wsgi [None req-9b5d971a-b61d-4716-bdca-6296f0fa8d4c 2dc7c05af06646b8886b96fd3aca94c9 3909b9d0ee214a2e9b028f628ee8a188 - - default default] 10.0.0.124 "GET /v2.0/floatingips HTTP/1.1" status: 200 len: 1269 time: 0.0350487
2026-05-05 23:20:52.242 10 INFO neutron.wsgi [req-c09c7c5f-0f9a-456c-a957-8658b9c12376 req-694e0b4b-4d50-4ef7-b3e4-daed1df85486 3517ef1bf88c4a1589405c889a361040 aec6a9c47dc44491807dfb6497faf23f - - default default] 10.0.0.63 "GET /v2.0/ports?device_id=a40f56f0-7ae2-45ba-847f-d8d8f1d0d9e2 HTTP/1.1" status: 200 len: 1168 time: 0.0641322
2026-05-05 23:20:52.245 10 INFO neutron.wsgi [req-c85c611b-0481-47d2-b6b0-092c7a0e4bdb req-1820f88e-255d-4669-8203-109355a14abc a490d33bb3f0499584bc585e92fddd82 649a67ed628a4eda85bb7bda32d63321 - - 0a011696ac28418b9b42b3e5b7857382 0a011696ac28418b9b42b3e5b7857382] 199.204.45.216 "GET /v2.0/networks?id=3d4dc693-a821-4330-b961-5616ec14f57b HTTP/1.1" status: 200 len: 973 time: 0.1057432
2026-05-05 23:20:52.299 10 INFO neutron.wsgi [req-c85c611b-0481-47d2-b6b0-092c7a0e4bdb req-f590c9a0-7f96-42be-9433-5f6d7e44a72a a490d33bb3f0499584bc585e92fddd82 649a67ed628a4eda85bb7bda32d63321 - - 0a011696ac28418b9b42b3e5b7857382 0a011696ac28418b9b42b3e5b7857382] 199.204.45.216 "GET /v2.0/floatingips?fixed_ip_address=10.100.0.5&port_id=bf157687-cc06-4e16-baec-6d78ab3ba3aa HTTP/1.1" status: 200 len: 217 time: 0.0400460
2026-05-05 23:20:52.354 9 INFO neutron.wsgi [None req-15e5ba96-0688-4275-b8b0-b210b2ea36fa 2dc7c05af06646b8886b96fd3aca94c9 3909b9d0ee214a2e9b028f628ee8a188 - - default default] 10.0.0.124 "GET /v2.0/routers HTTP/1.1" status: 200 len: 2219 time: 0.1418993
2026-05-05 23:20:52.370 9 INFO neutron.wsgi [None req-349fd45c-0536-42d6-8621-505c4d6042ab 2dc7c05af06646b8886b96fd3aca94c9 3909b9d0ee214a2e9b028f628ee8a188 - - default default] 10.0.0.124 "GET /v2.0/agents?binary=ovn-controller HTTP/1.1" status: 200 len: 591 time: 0.0149722
2026-05-05 23:20:52.380 10 INFO neutron.wsgi [req-c09c7c5f-0f9a-456c-a957-8658b9c12376 req-c923ae34-a23a-4bb4-ac12-6a0cd3aaa43f 3517ef1bf88c4a1589405c889a361040 aec6a9c47dc44491807dfb6497faf23f - - default default] 10.0.0.63 "GET /v2.0/security-groups?id=11fd98d7-1eb8-431e-aa0e-7a11444a57d9&fields=id&fields=name HTTP/1.1" status: 200 len: 286 time: 0.1224697
2026-05-05 23:20:52.385 9 INFO neutron.wsgi [None req-f79f2590-21f8-4315-96db-7e9d76c89c02 2dc7c05af06646b8886b96fd3aca94c9 3909b9d0ee214a2e9b028f628ee8a188 - - default default] 10.0.0.124 "GET /v2.0/agents HTTP/1.1" status: 200 len: 997 time: 0.0126607
2026-05-05 23:20:52.388 10 INFO neutron.wsgi [req-610fc08a-d046-404f-95bf-4d421449fd11 req-66dcb228-d918-46d2-a568-9e877d778f60 2e6eb8a1440b47e795b313cb4225e950 8bd97c23fcca45a3a722cc065d35f5cc - - default default] 10.0.0.63 "GET /v2.0/ports?device_id=87443700-86e8-413f-99e9-b71cc8cb568c HTTP/1.1" status: 200 len: 1174 time: 0.0862792
2026-05-05 23:20:52.391 10 INFO neutron.wsgi [req-c85c611b-0481-47d2-b6b0-092c7a0e4bdb req-a484e27e-82a3-49b8-be9a-7c808f420ea9 a490d33bb3f0499584bc585e92fddd82 649a67ed628a4eda85bb7bda32d63321 - - 0a011696ac28418b9b42b3e5b7857382 0a011696ac28418b9b42b3e5b7857382] 199.204.45.216 "GET /v2.0/subnets?id=ffbc981e-7e44-4bf6-92b9-6906d2111a12 HTTP/1.1" status: 200 len: 868 time: 0.0872526
2026-05-05 23:20:52.437 10 INFO neutron.wsgi [req-c85c611b-0481-47d2-b6b0-092c7a0e4bdb req-61a16ca0-01d0-4013-9565-4e15fbf711cf a490d33bb3f0499584bc585e92fddd82 649a67ed628a4eda85bb7bda32d63321 - - 0a011696ac28418b9b42b3e5b7857382 0a011696ac28418b9b42b3e5b7857382] 199.204.45.216 "GET /v2.0/ports?network_id=3d4dc693-a821-4330-b961-5616ec14f57b&device_owner=network%3Adhcp HTTP/1.1" status: 200 len: 210 time: 0.0344174
2026-05-05 23:20:52.439 9 INFO neutron.wsgi [None req-2763e4d2-f486-4b76-b659-687fd25238b9 2dc7c05af06646b8886b96fd3aca94c9 3909b9d0ee214a2e9b028f628ee8a188 - - default default] 10.0.0.124 "GET /v2.0/subnets HTTP/1.1" status: 200 len: 4073 time: 0.0518441
2026-05-05 23:20:52.475 10 INFO neutron.wsgi [req-610fc08a-d046-404f-95bf-4d421449fd11 req-c635bc8d-4252-44ba-a5c5-cfad8b1e9181 2e6eb8a1440b47e795b313cb4225e950 8bd97c23fcca45a3a722cc065d35f5cc - - default default] 10.0.0.63 "GET /v2.0/security-groups?id=602c59d7-9d5b-450b-83e8-5958ea8162a2&fields=id&fields=name HTTP/1.1" status: 200 len: 313 time: 0.0719197
2026-05-05 23:20:52.486 9 INFO neutron.wsgi [None req-cb4839cf-44f0-4b70-8c03-79136f228d5f 2dc7c05af06646b8886b96fd3aca94c9 3909b9d0ee214a2e9b028f628ee8a188 - - default default] 10.0.0.124 "GET /v2.0/ports HTTP/1.1" status: 200 len: 21658 time: 0.0442884
2026-05-05 23:20:52.528 9 INFO neutron.wsgi [None req-a2a399d3-ffd0-4ce3-8dc9-d148d6844bbb 2dc7c05af06646b8886b96fd3aca94c9 3909b9d0ee214a2e9b028f628ee8a188 - - default default] 10.0.0.124 "GET /v2.0/network-ip-availabilities HTTP/1.1" status: 200 len: 3208 time: 0.0229039
2026-05-05 23:20:52.551 10 INFO neutron.wsgi [req-c85c611b-0481-47d2-b6b0-092c7a0e4bdb req-786a0b07-3018-4419-a2ee-2f6b1ec66348 a490d33bb3f0499584bc585e92fddd82 649a67ed628a4eda85bb7bda32d63321 - - 0a011696ac28418b9b42b3e5b7857382 0a011696ac28418b9b42b3e5b7857382] 199.204.45.216 "GET /v2.0/networks/3d4dc693-a821-4330-b961-5616ec14f57b?fields=segments HTTP/1.1" status: 200 len: 212 time: 0.0985410
2026-05-05 23:20:52.639 9 INFO neutron.db.ovn_revision_numbers_db [None req-012b7f7e-8f9d-4d1d-8a13-56dc33937494 - - - - - -] Successfully bumped revision number for resource bf157687-cc06-4e16-baec-6d78ab3ba3aa (type: ports) to 4
2026-05-05 23:20:52.820 10 INFO neutron.wsgi [req-c85c611b-0481-47d2-b6b0-092c7a0e4bdb req-98f89b22-95dc-4939-b3dc-e2200e0907d4 a490d33bb3f0499584bc585e92fddd82 649a67ed628a4eda85bb7bda32d63321 - - 0a011696ac28418b9b42b3e5b7857382 0a011696ac28418b9b42b3e5b7857382] 199.204.45.216 "GET /v2.0/networks/3d4dc693-a821-4330-b961-5616ec14f57b?fields=provider%3Aphysical_network&fields=provider%3Anetwork_type HTTP/1.1" status: 200 len: 277 time: 0.2612283
2026-05-05 23:20:52.862 10 INFO neutron.wsgi [req-013b9e57-c60e-48fe-bd42-7f1727708f7a req-8d76e0ad-b1c3-40b6-861c-03ffb0fb352b 2e6eb8a1440b47e795b313cb4225e950 8bd97c23fcca45a3a722cc065d35f5cc - - default default] 10.0.0.63 "GET /v2.0/ports?device_id=87443700-86e8-413f-99e9-b71cc8cb568c HTTP/1.1" status: 200 len: 1174 time: 0.2833252 /var/lib/openstack/lib/python3.10/site-packages/pycadf/identifier.py:71: UserWarning: Invalid uuid: neutron. To ensure interoperability, identifiers should be a valid uuid. warnings.warn(('Invalid uuid: %s. To ensure interoperability, '
2026-05-05 23:20:53.033 10 WARNING neutron.scheduler.dhcp_agent_scheduler [None req-afbeaf1f-e5ff-46b7-ae60-3f05dc3001a3 2dc7c05af06646b8886b96fd3aca94c9 3909b9d0ee214a2e9b028f628ee8a188 - - default default] No more DHCP agents
2026-05-05 23:20:53.038 10 WARNING neutron.api.rpc.agentnotifiers.dhcp_rpc_agent_api [None req-afbeaf1f-e5ff-46b7-ae60-3f05dc3001a3 2dc7c05af06646b8886b96fd3aca94c9 3909b9d0ee214a2e9b028f628ee8a188 - - default default] Unable to schedule network 14256baa-af24-4bce-83a7-1233abb20d87: no agents available; will retry on subsequent port and subnet creation events.
2026-05-05 23:20:53.109 10 INFO neutron.wsgi [req-45062dd4-d1d8-491a-a966-baadfd3e9fdb req-dd068354-c302-4082-bbfa-7dec369e60ac 180ceafccbdb4187bc9ff020a896e5d4 779a161212da4ce69d500abd34990375 - - default default] 10.0.0.63 "GET /v2.0/ports?device_id=8ab9c64a-656c-4c1d-b5da-5e8bd24da67b HTTP/1.1" status: 200 len: 1170 time: 0.1026719
2026-05-05 23:20:53.169 10 INFO neutron.wsgi [req-45062dd4-d1d8-491a-a966-baadfd3e9fdb req-ce113fbd-458f-497d-aac9-2b97864349a7 180ceafccbdb4187bc9ff020a896e5d4 779a161212da4ce69d500abd34990375 - - default default] 10.0.0.63 "GET /v2.0/security-groups?id=d581437f-a8e3-49d6-a192-95ced6e0911f&fields=id&fields=name HTTP/1.1" status: 200 len: 313 time: 0.0517297
2026-05-05 23:20:53.200 10 INFO neutron.db.ovn_revision_numbers_db [None req-afbeaf1f-e5ff-46b7-ae60-3f05dc3001a3 2dc7c05af06646b8886b96fd3aca94c9 3909b9d0ee214a2e9b028f628ee8a188 - - default default] Successfully bumped revision number for resource d2342071-da43-4d37-8e31-feb2a55cf9af (type: ports) to 1
2026-05-05 23:20:53.334 9 INFO neutron.db.l3_db [None req-b4f63d53-f0f8-4e16-86f3-375cab0b567f 2e6eb8a1440b47e795b313cb4225e950 8bd97c23fcca45a3a722cc065d35f5cc - - default default] Floating IP 7bf586ea-a7dd-46f1-adec-77ef12177e75 associated. External IP: 10.96.250.216, port: 6cec0f14-fcee-42f0-bb28-330a628a42be.
2026-05-05 23:20:53.510 10 INFO neutron.wsgi [req-d86e3e4e-00a7-4678-a449-83b1fa71ce1c req-2a0336a1-ba34-4799-897a-f3a1cf299aaa 3517ef1bf88c4a1589405c889a361040 aec6a9c47dc44491807dfb6497faf23f - - default default] 10.0.0.63 "GET /v2.0/ports?device_id=a40f56f0-7ae2-45ba-847f-d8d8f1d0d9e2 HTTP/1.1" status: 200 len: 1168 time: 0.0396366
2026-05-05 23:20:53.573 10 INFO neutron.wsgi [req-d86e3e4e-00a7-4678-a449-83b1fa71ce1c req-c02a3f3a-0152-4b48-a2d4-631946fd9328 3517ef1bf88c4a1589405c889a361040 aec6a9c47dc44491807dfb6497faf23f - - default default] 10.0.0.63 "GET /v2.0/security-groups?id=11fd98d7-1eb8-431e-aa0e-7a11444a57d9&fields=id&fields=name HTTP/1.1" status: 200 len: 286 time: 0.0551515
