2026-05-05 23:24:29.067 9 INFO neutron.wsgi [None req-2270231d-c2e5-4531-ba9a-2b17172c7263 2dc7c05af06646b8886b96fd3aca94c9 3909b9d0ee214a2e9b028f628ee8a188 - - default default] 10.0.0.6 "DELETE /v2.0/security-groups/106919de-f0dd-4368-afc3-1fe94c553154 HTTP/1.1" status: 204 len: 168 time: 0.2693214
2026-05-05 23:24:29.119 9 WARNING neutron.scheduler.dhcp_agent_scheduler [None req-4f911a5d-47db-4adf-b5ca-61647882119c 398d847c2a8b481191fb831e9392640f ee467d5336be485194e99f28c8ee0655 - - default default] No more DHCP agents
2026-05-05 23:24:29.122 9 WARNING neutron.api.rpc.agentnotifiers.dhcp_rpc_agent_api [None req-4f911a5d-47db-4adf-b5ca-61647882119c 398d847c2a8b481191fb831e9392640f ee467d5336be485194e99f28c8ee0655 - - default default] Unable to schedule network 14256baa-af24-4bce-83a7-1233abb20d87: no agents available; will retry on subsequent port and subnet creation events.
2026-05-05 23:24:29.134 10 INFO neutron.db.ovn_revision_numbers_db [req-89264b85-d729-4bb1-83fd-74aed4f14994 req-942904d2-f919-42d4-82fb-67a39b7bccf5 a490d33bb3f0499584bc585e92fddd82 649a67ed628a4eda85bb7bda32d63321 - - 0a011696ac28418b9b42b3e5b7857382 0a011696ac28418b9b42b3e5b7857382] Successfully bumped revision number for resource 05c995c2-b1b9-4d9f-b517-4d883e6d9495 (type: ports) to 2
2026-05-05 23:24:29.329 10 INFO neutron.db.ovn_revision_numbers_db [req-89264b85-d729-4bb1-83fd-74aed4f14994 req-942904d2-f919-42d4-82fb-67a39b7bccf5 a490d33bb3f0499584bc585e92fddd82 649a67ed628a4eda85bb7bda32d63321 - - 0a011696ac28418b9b42b3e5b7857382 0a011696ac28418b9b42b3e5b7857382] Successfully bumped revision number for resource 05c995c2-b1b9-4d9f-b517-4d883e6d9495 (type: ports) to 2
2026-05-05 23:24:29.345 10 INFO neutron.wsgi [req-89264b85-d729-4bb1-83fd-74aed4f14994 req-942904d2-f919-42d4-82fb-67a39b7bccf5 a490d33bb3f0499584bc585e92fddd82 649a67ed628a4eda85bb7bda32d63321 - - 0a011696ac28418b9b42b3e5b7857382 0a011696ac28418b9b42b3e5b7857382] 199.204.45.216 "PUT /v2.0/ports/05c995c2-b1b9-4d9f-b517-4d883e6d9495 HTTP/1.1" status: 200 len: 1601 time: 0.7861619
2026-05-05 23:24:29.385 10 INFO neutron.notifiers.nova [-] Nova event matching ['req-c1b98ce0-652d-438d-9d02-e89b57fb9faa'] response: {'name': 'network-changed', 'server_uuid': 'd8d06bc8-f7c0-40b9-a877-9c91e13dc575', 'tag': '05c995c2-b1b9-4d9f-b517-4d883e6d9495', 'status': 'completed', 'code': 200} /var/lib/openstack/lib/python3.10/site-packages/pycadf/identifier.py:71: UserWarning: Invalid uuid: neutron. To ensure interoperability, identifiers should be a valid uuid. warnings.warn(('Invalid uuid: %s. To ensure interoperability, '
2026-05-05 23:24:29.422 10 INFO neutron.wsgi [req-89264b85-d729-4bb1-83fd-74aed4f14994 req-38b7b5d3-610d-4c27-b659-c7adbad928f9 a490d33bb3f0499584bc585e92fddd82 649a67ed628a4eda85bb7bda32d63321 - - 0a011696ac28418b9b42b3e5b7857382 0a011696ac28418b9b42b3e5b7857382] 199.204.45.216 "GET /v2.0/ports?tenant_id=df64b2d4fda54e41a4ab38a9f32b0b27&device_id=d8d06bc8-f7c0-40b9-a877-9c91e13dc575 HTTP/1.1" status: 200 len: 1632 time: 0.0330503
2026-05-05 23:24:29.430 9 INFO neutron.db.ovn_revision_numbers_db [None req-4f911a5d-47db-4adf-b5ca-61647882119c 398d847c2a8b481191fb831e9392640f ee467d5336be485194e99f28c8ee0655 - - default default] Successfully bumped revision number for resource aff04b83-f8d0-4831-a071-1e17e84dff9d (type: floatingips) to 0
2026-05-05 23:24:29.450 9 INFO neutron.wsgi [None req-4f911a5d-47db-4adf-b5ca-61647882119c 398d847c2a8b481191fb831e9392640f ee467d5336be485194e99f28c8ee0655 - - default default] 10.0.0.6 "POST /v2.0/floatingips HTTP/1.1" status: 201 len: 751 time: 0.8734951
2026-05-05 23:24:29.456 10 INFO neutron.wsgi [req-89264b85-d729-4bb1-83fd-74aed4f14994 req-078f085c-7c86-4662-b827-9dfa7e04bb09 a490d33bb3f0499584bc585e92fddd82 649a67ed628a4eda85bb7bda32d63321 - - 0a011696ac28418b9b42b3e5b7857382 0a011696ac28418b9b42b3e5b7857382] 199.204.45.216 "GET /v2.0/floatingips?fixed_ip_address=10.2.2.43&port_id=05c995c2-b1b9-4d9f-b517-4d883e6d9495 HTTP/1.1" status: 200 len: 217 time: 0.0298049
2026-05-05 23:24:29.500 10 INFO neutron.wsgi [req-89264b85-d729-4bb1-83fd-74aed4f14994 req-d6fa7f8e-3cbc-4daf-ad78-b8210652083c a490d33bb3f0499584bc585e92fddd82 649a67ed628a4eda85bb7bda32d63321 - - 0a011696ac28418b9b42b3e5b7857382 0a011696ac28418b9b42b3e5b7857382] 199.204.45.216 "GET /v2.0/floatingips?fixed_ip_address=fd77%3A1457%3A4cf0%3A26a8%3A%3A2f&port_id=05c995c2-b1b9-4d9f-b517-4d883e6d9495 HTTP/1.1" status: 200 len: 217 time: 0.0326240
2026-05-05 23:24:29.553 10 INFO neutron.wsgi [req-89264b85-d729-4bb1-83fd-74aed4f14994 req-dcf30c04-54cc-4de1-bfcf-e592f95bdd5c a490d33bb3f0499584bc585e92fddd82 649a67ed628a4eda85bb7bda32d63321 - - 0a011696ac28418b9b42b3e5b7857382 0a011696ac28418b9b42b3e5b7857382] 199.204.45.216 "GET /v2.0/subnets?id=ba9318a6-4ef4-483f-91e0-690e4dcf8541&id=31205579-4d2a-4036-baba-8badd87aa3df HTTP/1.1" status: 200 len: 1566 time: 0.0491672
2026-05-05 23:24:29.581 10 INFO neutron.wsgi [req-89264b85-d729-4bb1-83fd-74aed4f14994 req-117afe65-59c0-4631-a30e-1f59cdc6134b a490d33bb3f0499584bc585e92fddd82 649a67ed628a4eda85bb7bda32d63321 - - 0a011696ac28418b9b42b3e5b7857382 0a011696ac28418b9b42b3e5b7857382] 199.204.45.216 "GET /v2.0/ports?network_id=0c4ed7d1-61cd-407c-a0ac-f06c0fdbc694&device_owner=network%3Adhcp HTTP/1.1" status: 200 len: 210 time: 0.0218258
2026-05-05 23:24:29.608 10 INFO neutron.wsgi [req-89264b85-d729-4bb1-83fd-74aed4f14994 req-00ad0812-64bc-4617-b10d-bd439f8f12c6 a490d33bb3f0499584bc585e92fddd82 649a67ed628a4eda85bb7bda32d63321 - - 0a011696ac28418b9b42b3e5b7857382 0a011696ac28418b9b42b3e5b7857382] 199.204.45.216 "GET /v2.0/ports?network_id=0c4ed7d1-61cd-407c-a0ac-f06c0fdbc694&device_owner=network%3Adhcp HTTP/1.1" status: 200 len: 210 time: 0.0224226
2026-05-05 23:24:29.695 10 INFO neutron.wsgi [req-89264b85-d729-4bb1-83fd-74aed4f14994 req-778ea8d9-e5af-4b81-9c96-619153b2930e a490d33bb3f0499584bc585e92fddd82 649a67ed628a4eda85bb7bda32d63321 - - 0a011696ac28418b9b42b3e5b7857382 0a011696ac28418b9b42b3e5b7857382] 199.204.45.216 "GET /v2.0/networks/0c4ed7d1-61cd-407c-a0ac-f06c0fdbc694?fields=segments HTTP/1.1" status: 200 len: 212 time: 0.0811675
2026-05-05 23:24:29.779 10 INFO neutron.wsgi [req-89264b85-d729-4bb1-83fd-74aed4f14994 req-706f2d22-a1ba-451f-965f-465e36d9d792 a490d33bb3f0499584bc585e92fddd82 649a67ed628a4eda85bb7bda32d63321 - - 0a011696ac28418b9b42b3e5b7857382 0a011696ac28418b9b42b3e5b7857382] 199.204.45.216 "GET /v2.0/networks/0c4ed7d1-61cd-407c-a0ac-f06c0fdbc694?fields=provider%3Aphysical_network&fields=provider%3Anetwork_type HTTP/1.1" status: 200 len: 277 time: 0.0789106
2026-05-05 23:24:29.861 10 WARNING neutron.scheduler.dhcp_agent_scheduler [None req-7c245fcc-720d-49fd-b425-5b5560a0e478 398d847c2a8b481191fb831e9392640f ee467d5336be485194e99f28c8ee0655 - - default default] No more DHCP agents
2026-05-05 23:24:29.868 10 WARNING neutron.api.rpc.agentnotifiers.dhcp_rpc_agent_api [None req-7c245fcc-720d-49fd-b425-5b5560a0e478 398d847c2a8b481191fb831e9392640f ee467d5336be485194e99f28c8ee0655 - - default default] Unable to schedule network 14256baa-af24-4bce-83a7-1233abb20d87: no agents available; will retry on subsequent port and subnet creation events.
2026-05-05 23:24:29.890 10 INFO neutron.wsgi [req-0197c0ee-82cd-4e6b-b505-ef241a0aefb6 req-78c5e95e-8dfb-4e09-b52c-ac7e702bb9cd a490d33bb3f0499584bc585e92fddd82 649a67ed628a4eda85bb7bda32d63321 - - 0a011696ac28418b9b42b3e5b7857382 0a011696ac28418b9b42b3e5b7857382] 199.204.45.216 "GET /v2.0/ports?tenant_id=df64b2d4fda54e41a4ab38a9f32b0b27&device_id=d8d06bc8-f7c0-40b9-a877-9c91e13dc575 HTTP/1.1" status: 200 len: 1632 time: 0.0460207
2026-05-05 23:24:29.984 9 INFO neutron.plugins.ml2.drivers.ovn.mech_driver.mech_driver [None req-012b7f7e-8f9d-4d1d-8a13-56dc33937494 - - - - - -] OVN reports status up for port: 05c995c2-b1b9-4d9f-b517-4d883e6d9495
2026-05-05 23:24:30.005 10 INFO neutron.wsgi [req-0197c0ee-82cd-4e6b-b505-ef241a0aefb6 req-e467006e-1965-46f0-b74e-55fb69436f82 a490d33bb3f0499584bc585e92fddd82 649a67ed628a4eda85bb7bda32d63321 - - 0a011696ac28418b9b42b3e5b7857382 0a011696ac28418b9b42b3e5b7857382] 199.204.45.216 "GET /v2.0/networks?id=0c4ed7d1-61cd-407c-a0ac-f06c0fdbc694 HTTP/1.1" status: 200 len: 1003 time: 0.1093838
2026-05-05 23:24:30.013 9 INFO neutron.plugins.ml2.plugin [None req-012b7f7e-8f9d-4d1d-8a13-56dc33937494 - - - - - -] Attempt 1 to provision port 05c995c2-b1b9-4d9f-b517-4d883e6d9495
2026-05-05 23:24:30.044 10 INFO neutron.wsgi [req-0197c0ee-82cd-4e6b-b505-ef241a0aefb6 req-4b1a3b74-d6eb-4d24-86a1-4644d1527508 a490d33bb3f0499584bc585e92fddd82 649a67ed628a4eda85bb7bda32d63321 - - 0a011696ac28418b9b42b3e5b7857382 0a011696ac28418b9b42b3e5b7857382] 199.204.45.216 "GET /v2.0/floatingips?fixed_ip_address=10.2.2.43&port_id=05c995c2-b1b9-4d9f-b517-4d883e6d9495 HTTP/1.1" status: 200 len: 217 time: 0.0303876
2026-05-05 23:24:30.081 10 INFO neutron.wsgi [req-0197c0ee-82cd-4e6b-b505-ef241a0aefb6 req-6848d7c5-ee69-4d40-86d9-5394544f8f48 a490d33bb3f0499584bc585e92fddd82 649a67ed628a4eda85bb7bda32d63321 - - 0a011696ac28418b9b42b3e5b7857382 0a011696ac28418b9b42b3e5b7857382] 199.204.45.216 "GET /v2.0/floatingips?fixed_ip_address=fd77%3A1457%3A4cf0%3A26a8%3A%3A2f&port_id=05c995c2-b1b9-4d9f-b517-4d883e6d9495 HTTP/1.1" status: 200 len: 217 time: 0.0298848
2026-05-05 23:24:30.129 10 INFO neutron.wsgi [req-0197c0ee-82cd-4e6b-b505-ef241a0aefb6 req-b7178c5d-7a61-443f-9c49-8dc804c25f3b a490d33bb3f0499584bc585e92fddd82 649a67ed628a4eda85bb7bda32d63321 - - 0a011696ac28418b9b42b3e5b7857382 0a011696ac28418b9b42b3e5b7857382] 199.204.45.216 "GET /v2.0/subnets?id=ba9318a6-4ef4-483f-91e0-690e4dcf8541&id=31205579-4d2a-4036-baba-8badd87aa3df HTTP/1.1" status: 200 len: 1566 time: 0.0415285
2026-05-05 23:24:30.154 9 INFO neutron.notifiers.nova [-] Nova event matching ['req-6a213b1f-422d-473c-a4cd-a2722b6239d9'] response: {'server_uuid': 'd8d06bc8-f7c0-40b9-a877-9c91e13dc575', 'name': 'network-vif-plugged', 'status': 'completed', 'tag': '05c995c2-b1b9-4d9f-b517-4d883e6d9495', 'code': 200}
2026-05-05 23:24:30.172 10 INFO neutron.wsgi [req-0197c0ee-82cd-4e6b-b505-ef241a0aefb6 req-4664b769-5d65-4d38-b2e3-1e6d6e5b480d a490d33bb3f0499584bc585e92fddd82 649a67ed628a4eda85bb7bda32d63321 - - 0a011696ac28418b9b42b3e5b7857382 0a011696ac28418b9b42b3e5b7857382] 199.204.45.216 "GET /v2.0/ports?network_id=0c4ed7d1-61cd-407c-a0ac-f06c0fdbc694&device_owner=network%3Adhcp HTTP/1.1" status: 200 len: 210 time: 0.0335979
2026-05-05 23:24:30.204 10 INFO neutron.wsgi [req-0197c0ee-82cd-4e6b-b505-ef241a0aefb6 req-4210d5d8-6cb8-41ba-b507-ef56d2edb6eb a490d33bb3f0499584bc585e92fddd82 649a67ed628a4eda85bb7bda32d63321 - - 0a011696ac28418b9b42b3e5b7857382 0a011696ac28418b9b42b3e5b7857382] 199.204.45.216 "GET /v2.0/ports?network_id=0c4ed7d1-61cd-407c-a0ac-f06c0fdbc694&device_owner=network%3Adhcp HTTP/1.1" status: 200 len: 210 time: 0.0227804
2026-05-05 23:24:30.293 9 INFO neutron.db.ovn_revision_numbers_db [None req-012b7f7e-8f9d-4d1d-8a13-56dc33937494 - - - - - -] Successfully bumped revision number for resource 05c995c2-b1b9-4d9f-b517-4d883e6d9495 (type: ports) to 4
2026-05-05 23:24:30.296 10 INFO neutron.wsgi [req-0197c0ee-82cd-4e6b-b505-ef241a0aefb6 req-1a49d7f7-0128-44bd-bcd7-60051c5553f5 a490d33bb3f0499584bc585e92fddd82 649a67ed628a4eda85bb7bda32d63321 - - 0a011696ac28418b9b42b3e5b7857382 0a011696ac28418b9b42b3e5b7857382] 199.204.45.216 "GET /v2.0/networks/0c4ed7d1-61cd-407c-a0ac-f06c0fdbc694?fields=segments HTTP/1.1" status: 200 len: 212 time: 0.0799751
2026-05-05 23:24:30.364 10 INFO neutron.wsgi [req-0197c0ee-82cd-4e6b-b505-ef241a0aefb6 req-9d253875-db17-48be-9e7a-f3d519f9c987 a490d33bb3f0499584bc585e92fddd82 649a67ed628a4eda85bb7bda32d63321 - - 0a011696ac28418b9b42b3e5b7857382 0a011696ac28418b9b42b3e5b7857382] 199.204.45.216 "GET /v2.0/networks/0c4ed7d1-61cd-407c-a0ac-f06c0fdbc694?fields=provider%3Aphysical_network&fields=provider%3Anetwork_type HTTP/1.1" status: 200 len: 277 time: 0.0618775
2026-05-05 23:24:30.389 10 INFO neutron.db.ovn_revision_numbers_db [None req-7c245fcc-720d-49fd-b425-5b5560a0e478 398d847c2a8b481191fb831e9392640f ee467d5336be485194e99f28c8ee0655 - - default default] Successfully bumped revision number for resource 01a26ac4-3ea8-46c7-acd9-5f572183e94a (type: floatingips) to 0
2026-05-05 23:24:30.404 10 INFO neutron.wsgi [None req-7c245fcc-720d-49fd-b425-5b5560a0e478 398d847c2a8b481191fb831e9392640f ee467d5336be485194e99f28c8ee0655 - - default default] 10.0.0.6 "POST /v2.0/floatingips HTTP/1.1" status: 201 len: 751 time: 0.9460962
2026-05-05 23:24:30.717 10 WARNING neutron.scheduler.dhcp_agent_scheduler [None req-64cef318-bc99-4464-9f16-cfbc0cd5d53a 398d847c2a8b481191fb831e9392640f ee467d5336be485194e99f28c8ee0655 - - default default] No more DHCP agents
2026-05-05 23:24:30.719 10 WARNING neutron.api.rpc.agentnotifiers.dhcp_rpc_agent_api [None req-64cef318-bc99-4464-9f16-cfbc0cd5d53a 398d847c2a8b481191fb831e9392640f ee467d5336be485194e99f28c8ee0655 - - default default] Unable to schedule network 14256baa-af24-4bce-83a7-1233abb20d87: no agents available; will retry on subsequent port and subnet creation events.
2026-05-05 23:24:31.060 10 INFO neutron.db.ovn_revision_numbers_db [None req-64cef318-bc99-4464-9f16-cfbc0cd5d53a 398d847c2a8b481191fb831e9392640f ee467d5336be485194e99f28c8ee0655 - - default default] Successfully bumped revision number for resource 76de4adc-a236-4066-8fd0-b9c2e4a1b089 (type: floatingips) to 0
2026-05-05 23:24:31.077 10 INFO neutron.wsgi [None req-64cef318-bc99-4464-9f16-cfbc0cd5d53a 398d847c2a8b481191fb831e9392640f ee467d5336be485194e99f28c8ee0655 - - default default] 10.0.0.6 "POST /v2.0/floatingips HTTP/1.1" status: 201 len: 751 time: 0.6680675
2026-05-05 23:24:31.429 10 WARNING neutron.scheduler.dhcp_agent_scheduler [None req-306a8a41-745e-46fb-b709-13acc6fe5f83 398d847c2a8b481191fb831e9392640f ee467d5336be485194e99f28c8ee0655 - - default default] No more DHCP agents
2026-05-05 23:24:31.431 10 WARNING neutron.api.rpc.agentnotifiers.dhcp_rpc_agent_api [None req-306a8a41-745e-46fb-b709-13acc6fe5f83 398d847c2a8b481191fb831e9392640f ee467d5336be485194e99f28c8ee0655 - - default default] Unable to schedule network 14256baa-af24-4bce-83a7-1233abb20d87: no agents available; will retry on subsequent port and subnet creation events.
2026-05-05 23:24:31.737 10 INFO neutron.db.ovn_revision_numbers_db [None req-306a8a41-745e-46fb-b709-13acc6fe5f83 398d847c2a8b481191fb831e9392640f ee467d5336be485194e99f28c8ee0655 - - default default] Successfully bumped revision number for resource fa2a7b9c-b049-46b4-ba6b-74ab05215891 (type: floatingips) to 0
2026-05-05 23:24:31.750 10 INFO neutron.wsgi [None req-306a8a41-745e-46fb-b709-13acc6fe5f83 398d847c2a8b481191fb831e9392640f ee467d5336be485194e99f28c8ee0655 - - default default] 10.0.0.6 "POST /v2.0/floatingips HTTP/1.1" status: 201 len: 751 time: 0.6626344
2026-05-05 23:24:31.985 10 INFO neutron.wsgi [req-7f84aac8-778c-4aeb-bb66-879f88ddfbd4 req-fa9bfe73-abdd-4027-a297-250b9c1e3f44 e170729eedcf4ded964533138fd87a08 df64b2d4fda54e41a4ab38a9f32b0b27 - - default default] 10.0.0.63 "GET /v2.0/ports?device_id=d8d06bc8-f7c0-40b9-a877-9c91e13dc575 HTTP/1.1" status: 200 len: 1396 time: 0.1098533
2026-05-05 23:24:32.061 10 WARNING neutron.scheduler.dhcp_agent_scheduler [None req-0aec9142-0ba9-4cca-9f33-ff98b1199782 398d847c2a8b481191fb831e9392640f ee467d5336be485194e99f28c8ee0655 - - default default] No more DHCP agents
2026-05-05 23:24:32.067 10 WARNING neutron.api.rpc.agentnotifiers.dhcp_rpc_agent_api [None req-0aec9142-0ba9-4cca-9f33-ff98b1199782 398d847c2a8b481191fb831e9392640f ee467d5336be485194e99f28c8ee0655 - - default default] Unable to schedule network 14256baa-af24-4bce-83a7-1233abb20d87: no agents available; will retry on subsequent port and subnet creation events.
2026-05-05 23:24:32.073 10 INFO neutron.wsgi [req-7f84aac8-778c-4aeb-bb66-879f88ddfbd4 req-5c62b035-9ad6-43c8-a504-6108ea398f43 e170729eedcf4ded964533138fd87a08 df64b2d4fda54e41a4ab38a9f32b0b27 - - default default] 10.0.0.63 "GET /v2.0/security-groups?id=aa355b40-61ee-41a4-a078-cd2aefe31296&fields=id&fields=name HTTP/1.1" status: 200 len: 311 time: 0.0760090
2026-05-05 23:24:32.165 10 INFO neutron.wsgi [None req-02fedace-b17a-4f30-a618-d7a905512beb e170729eedcf4ded964533138fd87a08 df64b2d4fda54e41a4ab38a9f32b0b27 - - default default] 10.0.0.6 "GET /v2.0/ports?network_id=0c4ed7d1-61cd-407c-a0ac-f06c0fdbc694&mac_address=fa%3A16%3A3e%3A88%3A6d%3Aa9 HTTP/1.1" status: 200 len: 1391 time: 0.0640991 /var/lib/openstack/lib/python3.10/site-packages/pycadf/identifier.py:71: UserWarning: Invalid uuid: neutron. To ensure interoperability, identifiers should be a valid uuid. warnings.warn(('Invalid uuid: %s. To ensure interoperability, '
2026-05-05 23:24:32.189 9 INFO neutron.notifiers.nova [-] Nova event matching ['req-274e07b9-4da6-49c4-bb42-e794979d2a3d'] response: {'server_uuid': 'd8d06bc8-f7c0-40b9-a877-9c91e13dc575', 'name': 'network-vif-plugged', 'status': 'completed', 'tag': '05c995c2-b1b9-4d9f-b517-4d883e6d9495', 'code': 200}
2026-05-05 23:24:32.444 10 INFO neutron.db.ovn_revision_numbers_db [None req-0aec9142-0ba9-4cca-9f33-ff98b1199782 398d847c2a8b481191fb831e9392640f ee467d5336be485194e99f28c8ee0655 - - default default] Successfully bumped revision number for resource 6a3a190b-1210-4f2a-8243-411829ac4035 (type: floatingips) to 0
2026-05-05 23:24:32.459 10 INFO neutron.wsgi [None req-0aec9142-0ba9-4cca-9f33-ff98b1199782 398d847c2a8b481191fb831e9392640f ee467d5336be485194e99f28c8ee0655 - - default default] 10.0.0.6 "POST /v2.0/floatingips HTTP/1.1" status: 201 len: 751 time: 0.7033327
2026-05-05 23:24:32.512 10 INFO neutron.wsgi [None req-978f602a-e7a7-4a4d-ba74-694d5b0fb5a4 398d847c2a8b481191fb831e9392640f ee467d5336be485194e99f28c8ee0655 - - default default] 10.0.0.6 "PUT /v2.0/floatingips/aff04b83-f8d0-4831-a071-1e17e84dff9d/tags HTTP/1.1" status: 200 len: 210 time: 0.0397296
2026-05-05 23:24:32.532 9 WARNING neutron.scheduler.dhcp_agent_scheduler [None req-3ee212be-7a37-4af8-b1de-006869642b6b e170729eedcf4ded964533138fd87a08 df64b2d4fda54e41a4ab38a9f32b0b27 - - default default] No more DHCP agents
2026-05-05 23:24:32.535 9 WARNING neutron.api.rpc.agentnotifiers.dhcp_rpc_agent_api [None req-3ee212be-7a37-4af8-b1de-006869642b6b e170729eedcf4ded964533138fd87a08 df64b2d4fda54e41a4ab38a9f32b0b27 - - default default] Unable to schedule network 14256baa-af24-4bce-83a7-1233abb20d87: no agents available; will retry on subsequent port and subnet creation events.
2026-05-05 23:24:32.549 10 INFO neutron.wsgi [None req-9ae5e937-18cc-4a4e-b6c1-f8ca5a907655 398d847c2a8b481191fb831e9392640f ee467d5336be485194e99f28c8ee0655 - - default default] 10.0.0.6 "PUT /v2.0/floatingips/01a26ac4-3ea8-46c7-acd9-5f572183e94a/tags HTTP/1.1" status: 200 len: 218 time: 0.0298269
2026-05-05 23:24:32.583 10 INFO neutron.wsgi [None req-520e5ca8-e19d-4d30-9a76-e982e6ba5442 398d847c2a8b481191fb831e9392640f ee467d5336be485194e99f28c8ee0655 - - default default] 10.0.0.6 "PUT /v2.0/floatingips/76de4adc-a236-4066-8fd0-b9c2e4a1b089/tags HTTP/1.1" status: 200 len: 227 time: 0.0280123
2026-05-05 23:24:32.624 10 INFO neutron.wsgi [None req-890c0dd5-8569-4aad-8702-64d1840b7cb6 398d847c2a8b481191fb831e9392640f ee467d5336be485194e99f28c8ee0655 - - default default] 10.0.0.6 "PUT /v2.0/floatingips/fa2a7b9c-b049-46b4-ba6b-74ab05215891/tags HTTP/1.1" status: 200 len: 212 time: 0.0284336
2026-05-05 23:24:32.672 10 INFO neutron.wsgi [None req-04f78a78-34b2-4368-bf78-a5070b7bc58c 398d847c2a8b481191fb831e9392640f ee467d5336be485194e99f28c8ee0655 - - default default] 10.0.0.6 "GET /v2.0/floatingips?tags=red HTTP/1.1" status: 200 len: 1866 time: 0.0416300
2026-05-05 23:24:32.719 10 INFO neutron.wsgi [None req-f9f31a1b-acbc-4cb9-8a3c-4ca3c583fdf3 398d847c2a8b481191fb831e9392640f ee467d5336be485194e99f28c8ee0655 - - default default] 10.0.0.6 "GET /v2.0/floatingips?tags=red%2Cblue HTTP/1.1" status: 200 len: 1323 time: 0.0416296
2026-05-05 23:24:32.764 10 INFO neutron.wsgi [None req-5b0e893c-543d-404a-b721-9794721b66a9 398d847c2a8b481191fb831e9392640f ee467d5336be485194e99f28c8ee0655 - - default default] 10.0.0.6 "GET /v2.0/floatingips?tags-any=blue HTTP/1.1" status: 200 len: 1323 time: 0.0403028
2026-05-05 23:24:32.954 9 INFO neutron.db.l3_db [None req-3ee212be-7a37-4af8-b1de-006869642b6b e170729eedcf4ded964533138fd87a08 df64b2d4fda54e41a4ab38a9f32b0b27 - - default default] Floating IP 3798ec8a-fe57-4fde-8da6-b094a3a77e32 associated. External IP: 10.96.250.210, port: 05c995c2-b1b9-4d9f-b517-4d883e6d9495.
2026-05-05 23:24:33.043 10 INFO neutron.wsgi [None req-05c12a3a-d31b-4a70-8ffc-86d39fb1e01e 398d847c2a8b481191fb831e9392640f ee467d5336be485194e99f28c8ee0655 - - default default] 10.0.0.6 "GET /v2.0/floatingips?tags-any=red%2Cblue HTTP/1.1" status: 200 len: 1866 time: 0.2734191
2026-05-05 23:24:33.088 10 INFO neutron.wsgi [None req-b0a79d43-2827-42fb-8eec-c02065b57a8a 398d847c2a8b481191fb831e9392640f ee467d5336be485194e99f28c8ee0655 - - default default] 10.0.0.6 "GET /v2.0/floatingips?not-tags=red HTTP/1.1" status: 200 len: 1295 time: 0.0372765
2026-05-05 23:24:33.149 10 INFO neutron.wsgi [None req-bde85d11-26e0-40dd-994a-0fc23cff4e24 398d847c2a8b481191fb831e9392640f ee467d5336be485194e99f28c8ee0655 - - default default] 10.0.0.6 "GET /v2.0/floatingips?not-tags=red%2Cblue HTTP/1.1" status: 200 len: 1838 time: 0.0468593
2026-05-05 23:24:33.163 9 INFO neutron.db.ovn_revision_numbers_db [None req-3ee212be-7a37-4af8-b1de-006869642b6b e170729eedcf4ded964533138fd87a08 df64b2d4fda54e41a4ab38a9f32b0b27 - - default default] Successfully bumped revision number for resource 3798ec8a-fe57-4fde-8da6-b094a3a77e32 (type: floatingips) to 0
2026-05-05 23:24:33.196 10 INFO neutron.wsgi [None req-376b9d59-6af4-45a1-90cb-312345cab9cf 398d847c2a8b481191fb831e9392640f ee467d5336be485194e99f28c8ee0655 - - default default] 10.0.0.6 "GET /v2.0/floatingips?not-tags-any=blue HTTP/1.1" status: 200 len: 1838 time: 0.0424149
2026-05-05 23:24:33.233 10 INFO neutron.wsgi [None req-1870e152-de3c-440d-afd9-a30507decc6a 398d847c2a8b481191fb831e9392640f ee467d5336be485194e99f28c8ee0655 - - default default] 10.0.0.6 "GET /v2.0/floatingips?not-tags-any=red%2Cblue HTTP/1.1" status: 200 len: 1295 time: 0.0320163
2026-05-05 23:24:33.279 9 INFO neutron.db.ovn_revision_numbers_db [None req-3ee212be-7a37-4af8-b1de-006869642b6b e170729eedcf4ded964533138fd87a08 df64b2d4fda54e41a4ab38a9f32b0b27 - - default default] Successfully bumped revision number for resource 3798ec8a-fe57-4fde-8da6-b094a3a77e32 (type: floatingips) to 1
2026-05-05 23:24:33.316 9 INFO neutron.wsgi [None req-3ee212be-7a37-4af8-b1de-006869642b6b e170729eedcf4ded964533138fd87a08 df64b2d4fda54e41a4ab38a9f32b0b27 - - default default] 10.0.0.6 "POST /v2.0/floatingips HTTP/1.1" status: 201 len: 1053 time: 1.1454790
2026-05-05 23:24:33.499 10 INFO neutron.wsgi [None req-6d09fdbb-01bd-408e-9baa-b80c627564fe 398d847c2a8b481191fb831e9392640f ee467d5336be485194e99f28c8ee0655 - - default default] 10.0.0.6 "DELETE /v2.0/floatingips/aff04b83-f8d0-4831-a071-1e17e84dff9d HTTP/1.1" status: 204 len: 168 time: 0.2579658
2026-05-05 23:24:33.849 10 INFO neutron.wsgi [None req-49138e73-e761-49dc-9820-d73e5c01541e 398d847c2a8b481191fb831e9392640f ee467d5336be485194e99f28c8ee0655 - - default default] 10.0.0.6 "DELETE /v2.0/floatingips/01a26ac4-3ea8-46c7-acd9-5f572183e94a HTTP/1.1" status: 204 len: 168 time: 0.3443184
2026-05-05 23:24:34.193 10 INFO neutron.wsgi [None req-d3521444-9607-410f-9be6-602935310235 398d847c2a8b481191fb831e9392640f ee467d5336be485194e99f28c8ee0655 - - default default] 10.0.0.6 "DELETE /v2.0/floatingips/76de4adc-a236-4066-8fd0-b9c2e4a1b089 HTTP/1.1" status: 204 len: 168 time: 0.3405595
2026-05-05 23:24:34.229 9 INFO neutron.notifiers.nova [-] Nova event matching ['req-7565b193-d40c-4214-9858-f0062873fef7'] response: {'name': 'network-changed', 'server_uuid': 'd8d06bc8-f7c0-40b9-a877-9c91e13dc575', 'tag': '05c995c2-b1b9-4d9f-b517-4d883e6d9495', 'status': 'completed', 'code': 200}
2026-05-05 23:24:34.287 10 INFO neutron.wsgi [req-74e16b66-7f94-4d71-9588-6245cc1a7e2d req-fe47f148-63f5-467b-8f35-722f3213c1ac a490d33bb3f0499584bc585e92fddd82 649a67ed628a4eda85bb7bda32d63321 - - 0a011696ac28418b9b42b3e5b7857382 0a011696ac28418b9b42b3e5b7857382] 199.204.45.216 "GET /v2.0/ports?tenant_id=df64b2d4fda54e41a4ab38a9f32b0b27&device_id=d8d06bc8-f7c0-40b9-a877-9c91e13dc575 HTTP/1.1" status: 200 len: 1634 time: 0.0399497
2026-05-05 23:24:34.373 10 INFO neutron.wsgi [req-74e16b66-7f94-4d71-9588-6245cc1a7e2d req-e257f192-0079-4eb0-bd44-4737c1840a4b a490d33bb3f0499584bc585e92fddd82 649a67ed628a4eda85bb7bda32d63321 - - 0a011696ac28418b9b42b3e5b7857382 0a011696ac28418b9b42b3e5b7857382] 199.204.45.216 "GET /v2.0/networks?id=0c4ed7d1-61cd-407c-a0ac-f06c0fdbc694 HTTP/1.1" status: 200 len: 1003 time: 0.0779097
2026-05-05 23:24:34.431 10 INFO neutron.wsgi [req-74e16b66-7f94-4d71-9588-6245cc1a7e2d req-fcad002a-4180-4e8b-a525-ecdc247dfbae a490d33bb3f0499584bc585e92fddd82 649a67ed628a4eda85bb7bda32d63321 - - 0a011696ac28418b9b42b3e5b7857382 0a011696ac28418b9b42b3e5b7857382] 199.204.45.216 "GET /v2.0/floatingips?fixed_ip_address=10.2.2.43&port_id=05c995c2-b1b9-4d9f-b517-4d883e6d9495 HTTP/1.1" status: 200 len: 1058 time: 0.0508418
2026-05-05 23:24:34.468 10 INFO neutron.wsgi [req-74e16b66-7f94-4d71-9588-6245cc1a7e2d req-d3d405f5-23be-4081-b832-fc660bfb0a6c a490d33bb3f0499584bc585e92fddd82 649a67ed628a4eda85bb7bda32d63321 - - 0a011696ac28418b9b42b3e5b7857382 0a011696ac28418b9b42b3e5b7857382] 199.204.45.216 "GET /v2.0/floatingips?fixed_ip_address=fd77%3A1457%3A4cf0%3A26a8%3A%3A2f&port_id=05c995c2-b1b9-4d9f-b517-4d883e6d9495 HTTP/1.1" status: 200 len: 217 time: 0.0199466
2026-05-05 23:24:34.517 10 INFO neutron.wsgi [req-74e16b66-7f94-4d71-9588-6245cc1a7e2d req-ac9ead07-6dda-4bbf-b792-6fe605f2d8ea a490d33bb3f0499584bc585e92fddd82 649a67ed628a4eda85bb7bda32d63321 - - 0a011696ac28418b9b42b3e5b7857382 0a011696ac28418b9b42b3e5b7857382] 199.204.45.216 "GET /v2.0/subnets?id=ba9318a6-4ef4-483f-91e0-690e4dcf8541&id=31205579-4d2a-4036-baba-8badd87aa3df HTTP/1.1" status: 200 len: 1566 time: 0.0437937
2026-05-05 23:24:34.542 10 INFO neutron.wsgi [req-74e16b66-7f94-4d71-9588-6245cc1a7e2d req-54642d2d-2cab-4ae7-9431-0ad050b62b56 a490d33bb3f0499584bc585e92fddd82 649a67ed628a4eda85bb7bda32d63321 - - 0a011696ac28418b9b42b3e5b7857382 0a011696ac28418b9b42b3e5b7857382] 199.204.45.216 "GET /v2.0/ports?network_id=0c4ed7d1-61cd-407c-a0ac-f06c0fdbc694&device_owner=network%3Adhcp HTTP/1.1" status: 200 len: 210 time: 0.0200379
2026-05-05 23:24:34.572 10 INFO neutron.wsgi [req-74e16b66-7f94-4d71-9588-6245cc1a7e2d req-5e75663a-5098-4aaa-9d1c-b4e527b8ba40 a490d33bb3f0499584bc585e92fddd82 649a67ed628a4eda85bb7bda32d63321 - - 0a011696ac28418b9b42b3e5b7857382 0a011696ac28418b9b42b3e5b7857382] 199.204.45.216 "GET /v2.0/ports?network_id=0c4ed7d1-61cd-407c-a0ac-f06c0fdbc694&device_owner=network%3Adhcp HTTP/1.1" status: 200 len: 210 time: 0.0253463
2026-05-05 23:24:34.666 10 INFO neutron.wsgi [req-74e16b66-7f94-4d71-9588-6245cc1a7e2d req-9b592587-c920-4c75-a191-647132c34ce0 a490d33bb3f0499584bc585e92fddd82 649a67ed628a4eda85bb7bda32d63321 - - 0a011696ac28418b9b42b3e5b7857382 0a011696ac28418b9b42b3e5b7857382] 199.204.45.216 "GET /v2.0/networks/0c4ed7d1-61cd-407c-a0ac-f06c0fdbc694?fields=segments HTTP/1.1" status: 200 len: 212 time: 0.0858481
2026-05-05 23:24:34.685 10 INFO neutron.wsgi [None req-26ccdca3-be3e-4742-b3c2-fb7c63e0d2b8 398d847c2a8b481191fb831e9392640f ee467d5336be485194e99f28c8ee0655 - - default default] 10.0.0.6 "DELETE /v2.0/floatingips/fa2a7b9c-b049-46b4-ba6b-74ab05215891 HTTP/1.1" status: 204 len: 168 time: 0.4870818
2026-05-05 23:24:34.768 10 INFO neutron.wsgi [req-74e16b66-7f94-4d71-9588-6245cc1a7e2d req-41a80f5f-895a-4537-9123-adf3a5d81001 a490d33bb3f0499584bc585e92fddd82 649a67ed628a4eda85bb7bda32d63321 - - 0a011696ac28418b9b42b3e5b7857382 0a011696ac28418b9b42b3e5b7857382] 199.204.45.216 "GET /v2.0/networks/0c4ed7d1-61cd-407c-a0ac-f06c0fdbc694?fields=provider%3Aphysical_network&fields=provider%3Anetwork_type HTTP/1.1" status: 200 len: 277 time: 0.0937104
2026-05-05 23:24:35.014 10 INFO neutron.wsgi [None req-888b28b1-5bd3-4ca3-aced-5306807e1599 398d847c2a8b481191fb831e9392640f ee467d5336be485194e99f28c8ee0655 - - default default] 10.0.0.6 "DELETE /v2.0/floatingips/6a3a190b-1210-4f2a-8243-411829ac4035 HTTP/1.1" status: 204 len: 168 time: 0.3219581 /var/lib/openstack/lib/python3.10/site-packages/pycadf/identifier.py:71: UserWarning: Invalid uuid: neutron. To ensure interoperability, identifiers should be a valid uuid. warnings.warn(('Invalid uuid: %s. To ensure interoperability, '
2026-05-05 23:24:36.106 9 INFO neutron.db.ovn_revision_numbers_db [None req-f3c76c0f-16b2-43d9-acd0-365325e1633b 2dc7c05af06646b8886b96fd3aca94c9 3909b9d0ee214a2e9b028f628ee8a188 - - default default] Successfully bumped revision number for resource 29178d17-d1d6-452b-8bda-1db23904231c (type: security_groups) to 1
2026-05-05 23:24:36.119 9 INFO neutron.db.ovn_revision_numbers_db [None req-f3c76c0f-16b2-43d9-acd0-365325e1633b 2dc7c05af06646b8886b96fd3aca94c9 3909b9d0ee214a2e9b028f628ee8a188 - - default default] Successfully bumped revision number for resource 013eb7db-1993-4b19-be9c-430722370309 (type: security_group_rules) to 0
2026-05-05 23:24:36.142 9 INFO neutron.db.ovn_revision_numbers_db [None req-f3c76c0f-16b2-43d9-acd0-365325e1633b 2dc7c05af06646b8886b96fd3aca94c9 3909b9d0ee214a2e9b028f628ee8a188 - - default default] Successfully bumped revision number for resource 4c195388-d068-4a9d-b0e8-58df8d065f9f (type: security_group_rules) to 0
2026-05-05 23:24:36.163 9 INFO neutron.db.ovn_revision_numbers_db [None req-f3c76c0f-16b2-43d9-acd0-365325e1633b 2dc7c05af06646b8886b96fd3aca94c9 3909b9d0ee214a2e9b028f628ee8a188 - - default default] Successfully bumped revision number for resource e42e9f0e-c188-42e2-ba07-a5bca1b59b5b (type: security_group_rules) to 0
2026-05-05 23:24:36.185 9 INFO neutron.db.ovn_revision_numbers_db [None req-f3c76c0f-16b2-43d9-acd0-365325e1633b 2dc7c05af06646b8886b96fd3aca94c9 3909b9d0ee214a2e9b028f628ee8a188 - - default default] Successfully bumped revision number for resource f5a9b03e-8134-4f53-a58b-577595ab8804 (type: security_group_rules) to 0
2026-05-05 23:24:36.240 9 INFO neutron.wsgi [None req-f3c76c0f-16b2-43d9-acd0-365325e1633b 2dc7c05af06646b8886b96fd3aca94c9 3909b9d0ee214a2e9b028f628ee8a188 - - default default] 10.0.0.6 "GET /v2.0/security-groups?tenant_id=ee467d5336be485194e99f28c8ee0655&name=default HTTP/1.1" status: 200 len: 3000 time: 0.4152904
2026-05-05 23:24:36.256 9 INFO neutron.wsgi [req-8868318e-894b-4ff3-8f45-0a596483cbcc req-0c806291-d8e1-4513-91e6-76ec66c04be9 a490d33bb3f0499584bc585e92fddd82 649a67ed628a4eda85bb7bda32d63321 - - 0a011696ac28418b9b42b3e5b7857382 0a011696ac28418b9b42b3e5b7857382] 10.0.0.138 "GET /v2.0/ports?device_id=14b7bfc0-59cc-4412-b5a8-110fa2c7e37e HTTP/1.1" status: 200 len: 1638 time: 0.0566902
2026-05-05 23:24:36.268 9 INFO neutron.wsgi [-] 10.0.0.77 "GET / HTTP/1.1" status: 200 len: 246 time: 0.0012205
2026-05-05 23:24:36.270 9 INFO neutron.wsgi [-] 10.0.0.77 "GET / HTTP/1.1" status: 200 len: 246 time: 0.0009751
2026-05-05 23:24:36.311 9 INFO neutron.wsgi [req-8868318e-894b-4ff3-8f45-0a596483cbcc req-6c9a1dad-36ba-4c03-a68f-f7477cadb5f3 a490d33bb3f0499584bc585e92fddd82 649a67ed628a4eda85bb7bda32d63321 - - 0a011696ac28418b9b42b3e5b7857382 0a011696ac28418b9b42b3e5b7857382] 10.0.0.138 "GET /v2.0/security-groups?id=aa355b40-61ee-41a4-a078-cd2aefe31296&fields=id&fields=name HTTP/1.1" status: 200 len: 311 time: 0.0453959
2026-05-05 23:24:36.475 10 INFO neutron.wsgi [None req-f2035287-66d3-434f-b1e9-8c95e2903ddf 2dc7c05af06646b8886b96fd3aca94c9 3909b9d0ee214a2e9b028f628ee8a188 - - default default] 10.0.0.6 "DELETE /v2.0/security-groups/29178d17-d1d6-452b-8bda-1db23904231c HTTP/1.1" status: 204 len: 168 time: 0.2302780
2026-05-05 23:24:36.693 9 INFO neutron.db.ovn_revision_numbers_db [None req-8823f66b-26c2-47f3-a554-b7e148c17b60 2dc7c05af06646b8886b96fd3aca94c9 3909b9d0ee214a2e9b028f628ee8a188 - - default default] Successfully bumped revision number for resource 164d7a70-55d2-42cf-ab4c-15606e5d29ed (type: security_groups) to 1
2026-05-05 23:24:36.707 9 INFO neutron.db.ovn_revision_numbers_db [None req-8823f66b-26c2-47f3-a554-b7e148c17b60 2dc7c05af06646b8886b96fd3aca94c9 3909b9d0ee214a2e9b028f628ee8a188 - - default default] Successfully bumped revision number for resource 14f8876b-9028-4733-b95b-53242f4eda6c (type: security_group_rules) to 0
2026-05-05 23:24:36.721 9 INFO neutron.db.ovn_revision_numbers_db [None req-8823f66b-26c2-47f3-a554-b7e148c17b60 2dc7c05af06646b8886b96fd3aca94c9 3909b9d0ee214a2e9b028f628ee8a188 - - default default] Successfully bumped revision number for resource 23fc1d98-bf5e-4565-b2bd-e00648a248a8 (type: security_group_rules) to 0
2026-05-05 23:24:36.735 9 INFO neutron.db.ovn_revision_numbers_db [None req-8823f66b-26c2-47f3-a554-b7e148c17b60 2dc7c05af06646b8886b96fd3aca94c9 3909b9d0ee214a2e9b028f628ee8a188 - - default default] Successfully bumped revision number for resource 7d67cdcf-e21a-4f5f-b5e7-b0fe368f0127 (type: security_group_rules) to 0
2026-05-05 23:24:36.748 9 INFO neutron.db.ovn_revision_numbers_db [None req-8823f66b-26c2-47f3-a554-b7e148c17b60 2dc7c05af06646b8886b96fd3aca94c9 3909b9d0ee214a2e9b028f628ee8a188 - - default default] Successfully bumped revision number for resource 8ff6a5cd-2426-47d3-b85b-046f14e51843 (type: security_group_rules) to 0
2026-05-05 23:24:36.770 9 INFO neutron.wsgi [None req-8823f66b-26c2-47f3-a554-b7e148c17b60 2dc7c05af06646b8886b96fd3aca94c9 3909b9d0ee214a2e9b028f628ee8a188 - - default default] 10.0.0.6 "GET /v2.0/security-groups?tenant_id=0b11c7fb2783472088404a7e1a93f4d6&name=default HTTP/1.1" status: 200 len: 3000 time: 0.1904926
2026-05-05 23:24:36.975 9 INFO neutron.wsgi [None req-766ac7e9-3c48-4a4e-8476-f20e3ea15c6b 2dc7c05af06646b8886b96fd3aca94c9 3909b9d0ee214a2e9b028f628ee8a188 - - default default] 10.0.0.6 "DELETE /v2.0/security-groups/164d7a70-55d2-42cf-ab4c-15606e5d29ed HTTP/1.1" status: 204 len: 168 time: 0.2012255
2026-05-05 23:24:37.229 10 INFO neutron.db.ovn_revision_numbers_db [None req-1e7459d8-9e91-4702-aa44-444aa6090dd5 2dc7c05af06646b8886b96fd3aca94c9 3909b9d0ee214a2e9b028f628ee8a188 - - default default] Successfully bumped revision number for resource 1a7ae4e6-1cdc-4c4b-abb0-dc8b77204be5 (type: security_groups) to 1
2026-05-05 23:24:37.242 10 INFO neutron.db.ovn_revision_numbers_db [None req-1e7459d8-9e91-4702-aa44-444aa6090dd5 2dc7c05af06646b8886b96fd3aca94c9 3909b9d0ee214a2e9b028f628ee8a188 - - default default] Successfully bumped revision number for resource 35486203-79c2-413f-abcd-b5012bb96c62 (type: security_group_rules) to 0
2026-05-05 23:24:37.255 10 INFO neutron.db.ovn_revision_numbers_db [None req-1e7459d8-9e91-4702-aa44-444aa6090dd5 2dc7c05af06646b8886b96fd3aca94c9 3909b9d0ee214a2e9b028f628ee8a188 - - default default] Successfully bumped revision number for resource 76415b8f-bae2-4156-8106-38dc8004af9f (type: security_group_rules) to 0
2026-05-05 23:24:37.278 10 INFO neutron.db.ovn_revision_numbers_db [None req-1e7459d8-9e91-4702-aa44-444aa6090dd5 2dc7c05af06646b8886b96fd3aca94c9 3909b9d0ee214a2e9b028f628ee8a188 - - default default] Successfully bumped revision number for resource 9cc796f1-8699-41d1-bf27-32157df48064 (type: security_group_rules) to 0
2026-05-05 23:24:37.292 10 INFO neutron.db.ovn_revision_numbers_db [None req-1e7459d8-9e91-4702-aa44-444aa6090dd5 2dc7c05af06646b8886b96fd3aca94c9 3909b9d0ee214a2e9b028f628ee8a188 - - default default] Successfully bumped revision number for resource d78c59ff-1d06-49d2-aa96-1cfe4b8fe491 (type: security_group_rules) to 0
2026-05-05 23:24:37.316 10 INFO neutron.wsgi [None req-1e7459d8-9e91-4702-aa44-444aa6090dd5 2dc7c05af06646b8886b96fd3aca94c9 3909b9d0ee214a2e9b028f628ee8a188 - - default default] 10.0.0.6 "GET /v2.0/security-groups?tenant_id=948efec65622483bb8336f84eed97a1d&name=default HTTP/1.1" status: 200 len: 3000 time: 0.1830032
2026-05-05 23:24:37.506 10 INFO neutron.wsgi [None req-570f9835-91d7-4f9f-8da6-62f235d40e64 2dc7c05af06646b8886b96fd3aca94c9 3909b9d0ee214a2e9b028f628ee8a188 - - default default] 10.0.0.6 "DELETE /v2.0/security-groups/1a7ae4e6-1cdc-4c4b-abb0-dc8b77204be5 HTTP/1.1" status: 204 len: 168 time: 0.1850910
2026-05-05 23:24:41.929 9 INFO neutron.db.ovn_revision_numbers_db [None req-88ed36da-b516-4046-bb20-776b84648268 5dce8f27753d42a8a416d416e9ffa6f7 509fc154291f4c4faa8a5b6db806198e - - default default] Successfully bumped revision number for resource 5775ad3d-350e-40fc-a423-97931f71bdab (type: routers) to 1
2026-05-05 23:24:41.944 9 INFO neutron.wsgi [None req-88ed36da-b516-4046-bb20-776b84648268 5dce8f27753d42a8a416d416e9ffa6f7 509fc154291f4c4faa8a5b6db806198e - - default default] 10.0.0.6 "POST /v2.0/routers HTTP/1.1" status: 201 len: 654 time: 0.3552237
2026-05-05 23:24:42.099 9 INFO neutron.db.ovn_revision_numbers_db [None req-bde54226-f1a2-418d-a61b-9615432e361c 5dce8f27753d42a8a416d416e9ffa6f7 509fc154291f4c4faa8a5b6db806198e - - default default] Successfully bumped revision number for resource 7f578488-2563-4a54-bf59-25836b4abbf6 (type: routers) to 1
2026-05-05 23:24:42.112 9 INFO neutron.wsgi [None req-bde54226-f1a2-418d-a61b-9615432e361c 5dce8f27753d42a8a416d416e9ffa6f7 509fc154291f4c4faa8a5b6db806198e - - default default] 10.0.0.6 "POST /v2.0/routers HTTP/1.1" status: 201 len: 654 time: 0.1644959
2026-05-05 23:24:42.295 9 INFO neutron.db.ovn_revision_numbers_db [None req-542da2d2-e65a-4304-ac33-736f2d960481 5dce8f27753d42a8a416d416e9ffa6f7 509fc154291f4c4faa8a5b6db806198e - - default default] Successfully bumped revision number for resource 6cd0812d-28a3-4e46-81d0-89d4dac856b5 (type: routers) to 1
2026-05-05 23:24:42.310 9 INFO neutron.wsgi [None req-542da2d2-e65a-4304-ac33-736f2d960481 5dce8f27753d42a8a416d416e9ffa6f7 509fc154291f4c4faa8a5b6db806198e - - default default] 10.0.0.6 "POST /v2.0/routers HTTP/1.1" status: 201 len: 654 time: 0.1927760
2026-05-05 23:24:42.482 9 INFO neutron.db.ovn_revision_numbers_db [None req-88769a4d-986c-49b5-9e76-712f5fc2c38c 5dce8f27753d42a8a416d416e9ffa6f7 509fc154291f4c4faa8a5b6db806198e - - default default] Successfully bumped revision number for resource 67836754-a6c7-4a56-86cd-b2cae1fb8bd5 (type: routers) to 1
2026-05-05 23:24:42.497 9 INFO neutron.wsgi [None req-88769a4d-986c-49b5-9e76-712f5fc2c38c 5dce8f27753d42a8a416d416e9ffa6f7 509fc154291f4c4faa8a5b6db806198e - - default default] 10.0.0.6 "POST /v2.0/routers HTTP/1.1" status: 201 len: 654 time: 0.1816504
2026-05-05 23:24:42.662 9 INFO neutron.db.ovn_revision_numbers_db [None req-b4accab6-8af9-4c6c-8665-5ec4c3376166 5dce8f27753d42a8a416d416e9ffa6f7 509fc154291f4c4faa8a5b6db806198e - - default default] Successfully bumped revision number for resource c8bdc2b6-98e6-4f2c-9671-8d2b4742f7e4 (type: routers) to 1
2026-05-05 23:24:42.678 9 INFO neutron.wsgi [None req-b4accab6-8af9-4c6c-8665-5ec4c3376166 5dce8f27753d42a8a416d416e9ffa6f7 509fc154291f4c4faa8a5b6db806198e - - default default] 10.0.0.6 "POST /v2.0/routers HTTP/1.1" status: 201 len: 654 time: 0.1756279
2026-05-05 23:24:42.739 9 INFO neutron.wsgi [None req-dd0404bd-5212-417f-8fa2-b1994184bc5d 5dce8f27753d42a8a416d416e9ffa6f7 509fc154291f4c4faa8a5b6db806198e - - default default] 10.0.0.6 "PUT /v2.0/routers/5775ad3d-350e-40fc-a423-97931f71bdab/tags HTTP/1.1" status: 200 len: 210 time: 0.0559247
2026-05-05 23:24:42.794 9 INFO neutron.wsgi [None req-22177ad3-92c3-491c-882f-74e492a5acb2 5dce8f27753d42a8a416d416e9ffa6f7 509fc154291f4c4faa8a5b6db806198e - - default default] 10.0.0.6 "PUT /v2.0/routers/7f578488-2563-4a54-bf59-25836b4abbf6/tags HTTP/1.1" status: 200 len: 218 time: 0.0475187
2026-05-05 23:24:42.857 9 INFO neutron.wsgi [None req-11a65bd9-a998-47c8-a7d7-26a9dd73d8f9 5dce8f27753d42a8a416d416e9ffa6f7 509fc154291f4c4faa8a5b6db806198e - - default default] 10.0.0.6 "PUT /v2.0/routers/6cd0812d-28a3-4e46-81d0-89d4dac856b5/tags HTTP/1.1" status: 200 len: 227 time: 0.0568185
2026-05-05 23:24:42.913 9 INFO neutron.wsgi [None req-da132420-4565-4d79-86ae-5c00e2376a69 5dce8f27753d42a8a416d416e9ffa6f7 509fc154291f4c4faa8a5b6db806198e - - default default] 10.0.0.6 "PUT /v2.0/routers/67836754-a6c7-4a56-86cd-b2cae1fb8bd5/tags HTTP/1.1" status: 200 len: 212 time: 0.0513251
2026-05-05 23:24:43.228 9 INFO neutron.wsgi [None req-a1ef3f0f-85a0-4df9-ac83-f32278c2da51 5dce8f27753d42a8a416d416e9ffa6f7 509fc154291f4c4faa8a5b6db806198e - - default default] 10.0.0.6 "GET /v2.0/routers?tags=red HTTP/1.1" status: 200 len: 1601 time: 0.3095191
2026-05-05 23:24:43.230 9 INFO neutron.wsgi [req-d99c178e-3f4f-4c4e-bc72-11a098214808 req-e83415d1-1bad-4412-84df-fe446c132af8 a490d33bb3f0499584bc585e92fddd82 649a67ed628a4eda85bb7bda32d63321 - - 0a011696ac28418b9b42b3e5b7857382 0a011696ac28418b9b42b3e5b7857382] 10.0.0.138 "GET /v2.0/ports?device_id=d8d06bc8-f7c0-40b9-a877-9c91e13dc575 HTTP/1.1" status: 200 len: 1634 time: 0.0653636
2026-05-05 23:24:43.307 9 INFO neutron.wsgi [None req-d2df5913-0671-4ca1-aa82-8fd2177b97a8 5dce8f27753d42a8a416d416e9ffa6f7 509fc154291f4c4faa8a5b6db806198e - - default default] 10.0.0.6 "GET /v2.0/routers?tags=red%2Cblue HTTP/1.1" status: 200 len: 1144 time: 0.0739315
2026-05-05 23:24:43.319 9 INFO neutron.wsgi [req-d99c178e-3f4f-4c4e-bc72-11a098214808 req-1f15bff2-2775-4e26-9b8b-7601148c7da1 a490d33bb3f0499584bc585e92fddd82 649a67ed628a4eda85bb7bda32d63321 - - 0a011696ac28418b9b42b3e5b7857382 0a011696ac28418b9b42b3e5b7857382] 10.0.0.138 "GET /v2.0/security-groups?id=aa355b40-61ee-41a4-a078-cd2aefe31296&fields=id&fields=name HTTP/1.1" status: 200 len: 311 time: 0.0815334
2026-05-05 23:24:43.402 10 INFO neutron.wsgi [None req-0abc27e4-3638-4a23-8819-e49666a3fd90 5dce8f27753d42a8a416d416e9ffa6f7 509fc154291f4c4faa8a5b6db806198e - - default default] 10.0.0.6 "GET /v2.0/routers?tags-any=blue HTTP/1.1" status: 200 len: 1144 time: 0.0895383
2026-05-05 23:24:43.467 10 INFO neutron.wsgi [None req-f9eedf44-4e4b-4a2f-9b50-a2f0c823c7fd 5dce8f27753d42a8a416d416e9ffa6f7 509fc154291f4c4faa8a5b6db806198e - - default default] 10.0.0.6 "GET /v2.0/routers?tags-any=red%2Cblue HTTP/1.1" status: 200 len: 1601 time: 0.0614836
2026-05-05 23:24:43.542 10 INFO neutron.wsgi [None req-00f53f30-a3cb-4774-9190-e3bbf9e9c287 5dce8f27753d42a8a416d416e9ffa6f7 509fc154291f4c4faa8a5b6db806198e - - default default] 10.0.0.6 "GET /v2.0/routers?not-tags=red HTTP/1.1" status: 200 len: 1116 time: 0.0683208
2026-05-05 23:24:43.620 10 INFO neutron.wsgi [None req-d7732425-48b0-45f2-9e45-d65cae5e52cc 5dce8f27753d42a8a416d416e9ffa6f7 509fc154291f4c4faa8a5b6db806198e - - default default] 10.0.0.6 "GET /v2.0/routers?not-tags=red%2Cblue HTTP/1.1" status: 200 len: 1573 time: 0.0645814
2026-05-05 23:24:43.690 10 INFO neutron.wsgi [None req-83986df9-98bf-4dc3-8553-105dc667f707 5dce8f27753d42a8a416d416e9ffa6f7 509fc154291f4c4faa8a5b6db806198e - - default default] 10.0.0.6 "GET /v2.0/routers?not-tags-any=blue HTTP/1.1" status: 200 len: 1573 time: 0.0649490
2026-05-05 23:24:43.739 10 INFO neutron.wsgi [None req-ebd0e6ee-71df-439e-8b21-6304fc234441 5dce8f27753d42a8a416d416e9ffa6f7 509fc154291f4c4faa8a5b6db806198e - - default default] 10.0.0.6 "GET /v2.0/routers?not-tags-any=red%2Cblue HTTP/1.1" status: 200 len: 1116 time: 0.0453904
2026-05-05 23:24:43.791 10 INFO neutron.wsgi [None req-09077487-f858-46e2-9f9d-484fb750955c 5dce8f27753d42a8a416d416e9ffa6f7 509fc154291f4c4faa8a5b6db806198e - - default default] 10.0.0.6 "GET /v2.0/routers/5775ad3d-350e-40fc-a423-97931f71bdab HTTP/1.1" status: 200 len: 660 time: 0.0450363
2026-05-05 23:24:44.516 10 INFO neutron.db.ovn_revision_numbers_db [None req-2150245e-9225-4be9-be77-536ff4dbeb8a 5dce8f27753d42a8a416d416e9ffa6f7 509fc154291f4c4faa8a5b6db806198e - - default default] Successfully bumped revision number for resource 5775ad3d-350e-40fc-a423-97931f71bdab (type: routers) to 2
2026-05-05 23:24:44.520 10 INFO neutron.wsgi [None req-2150245e-9225-4be9-be77-536ff4dbeb8a 5dce8f27753d42a8a416d416e9ffa6f7 509fc154291f4c4faa8a5b6db806198e - - default default] 10.0.0.6 "PUT /v2.0/routers/5775ad3d-350e-40fc-a423-97931f71bdab HTTP/1.1" status: 200 len: 660 time: 0.7239115
2026-05-05 23:24:44.549 9 INFO neutron.wsgi [None req-c0ded2a8-9785-4c60-9faa-08f6ead00b0c 5dce8f27753d42a8a416d416e9ffa6f7 509fc154291f4c4faa8a5b6db806198e - - default default] 10.0.0.6 "GET /v2.0/ports?device_id=5775ad3d-350e-40fc-a423-97931f71bdab HTTP/1.1" status: 200 len: 205 time: 0.0242276
2026-05-05 23:24:44.773 9 INFO neutron.wsgi [None req-f7553d47-71f2-464a-a62b-ac6f9187e420 5dce8f27753d42a8a416d416e9ffa6f7 509fc154291f4c4faa8a5b6db806198e - - default default] 10.0.0.6 "DELETE /v2.0/routers/5775ad3d-350e-40fc-a423-97931f71bdab HTTP/1.1" status: 204 len: 168 time: 0.2199557
2026-05-05 23:24:44.839 9 INFO neutron.wsgi [None req-5c524d7f-7a68-4d21-b0ae-ca85e5152a56 5dce8f27753d42a8a416d416e9ffa6f7 509fc154291f4c4faa8a5b6db806198e - - default default] 10.0.0.6 "GET /v2.0/routers/7f578488-2563-4a54-bf59-25836b4abbf6 HTTP/1.1" status: 200 len: 668 time: 0.0590775
2026-05-05 23:24:45.286 9 INFO neutron.db.ovn_revision_numbers_db [None req-e9f283c3-478d-46ca-b5ed-ceb1204614f4 5dce8f27753d42a8a416d416e9ffa6f7 509fc154291f4c4faa8a5b6db806198e - - default default] Successfully bumped revision number for resource 7f578488-2563-4a54-bf59-25836b4abbf6 (type: routers) to 2
2026-05-05 23:24:45.289 9 INFO neutron.wsgi [None req-e9f283c3-478d-46ca-b5ed-ceb1204614f4 5dce8f27753d42a8a416d416e9ffa6f7 509fc154291f4c4faa8a5b6db806198e - - default default] 10.0.0.6 "PUT /v2.0/routers/7f578488-2563-4a54-bf59-25836b4abbf6 HTTP/1.1" status: 200 len: 668 time: 0.4449220
2026-05-05 23:24:45.317 9 INFO neutron.wsgi [None req-14a4647d-316f-4e80-8b7f-9ca9b28fd6df 5dce8f27753d42a8a416d416e9ffa6f7 509fc154291f4c4faa8a5b6db806198e - - default default] 10.0.0.6 "GET /v2.0/ports?device_id=7f578488-2563-4a54-bf59-25836b4abbf6 HTTP/1.1" status: 200 len: 205 time: 0.0221794
2026-05-05 23:24:45.534 9 INFO neutron.wsgi [None req-9319c21e-2685-420e-a6fa-18fbdf72f695 5dce8f27753d42a8a416d416e9ffa6f7 509fc154291f4c4faa8a5b6db806198e - - default default] 10.0.0.6 "DELETE /v2.0/routers/7f578488-2563-4a54-bf59-25836b4abbf6 HTTP/1.1" status: 204 len: 168 time: 0.2121780
2026-05-05 23:24:45.589 9 INFO neutron.wsgi [None req-04df3040-5754-49e5-bb7c-f6ee64575059 5dce8f27753d42a8a416d416e9ffa6f7 509fc154291f4c4faa8a5b6db806198e - - default default] 10.0.0.6 "GET /v2.0/routers/6cd0812d-28a3-4e46-81d0-89d4dac856b5 HTTP/1.1" status: 200 len: 677 time: 0.0496886
2026-05-05 23:24:45.966 9 INFO neutron.db.ovn_revision_numbers_db [None req-d56e8afc-1581-4bc3-8f69-3a39911763f3 5dce8f27753d42a8a416d416e9ffa6f7 509fc154291f4c4faa8a5b6db806198e - - default default] Successfully bumped revision number for resource 6cd0812d-28a3-4e46-81d0-89d4dac856b5 (type: routers) to 2
2026-05-05 23:24:45.969 9 INFO neutron.wsgi [None req-d56e8afc-1581-4bc3-8f69-3a39911763f3 5dce8f27753d42a8a416d416e9ffa6f7 509fc154291f4c4faa8a5b6db806198e - - default default] 10.0.0.6 "PUT /v2.0/routers/6cd0812d-28a3-4e46-81d0-89d4dac856b5 HTTP/1.1" status: 200 len: 677 time: 0.3758025
2026-05-05 23:24:45.999 9 INFO neutron.wsgi [None req-a2f43465-0dd1-4d08-b34f-13aa557a68a4 5dce8f27753d42a8a416d416e9ffa6f7 509fc154291f4c4faa8a5b6db806198e - - default default] 10.0.0.6 "GET /v2.0/ports?device_id=6cd0812d-28a3-4e46-81d0-89d4dac856b5 HTTP/1.1" status: 200 len: 205 time: 0.0245903
2026-05-05 23:24:46.203 10 INFO neutron.wsgi [None req-8bb9047b-2dea-44cf-a77d-aba25fa6ff4b 5dce8f27753d42a8a416d416e9ffa6f7 509fc154291f4c4faa8a5b6db806198e - - default default] 10.0.0.6 "DELETE /v2.0/routers/6cd0812d-28a3-4e46-81d0-89d4dac856b5 HTTP/1.1" status: 204 len: 168 time: 0.1988125
2026-05-05 23:24:46.255 9 INFO neutron.wsgi [None req-104506b3-218f-41eb-976c-ada227f3ada7 5dce8f27753d42a8a416d416e9ffa6f7 509fc154291f4c4faa8a5b6db806198e - - default default] 10.0.0.6 "GET /v2.0/routers/67836754-a6c7-4a56-86cd-b2cae1fb8bd5 HTTP/1.1" status: 200 len: 662 time: 0.0475576
2026-05-05 23:24:46.926 9 INFO neutron.db.ovn_revision_numbers_db [None req-3fdafe21-8642-40af-84d8-1eab903b91c3 5dce8f27753d42a8a416d416e9ffa6f7 509fc154291f4c4faa8a5b6db806198e - - default default] Successfully bumped revision number for resource 67836754-a6c7-4a56-86cd-b2cae1fb8bd5 (type: routers) to 2
2026-05-05 23:24:46.928 9 INFO neutron.wsgi [None req-3fdafe21-8642-40af-84d8-1eab903b91c3 5dce8f27753d42a8a416d416e9ffa6f7 509fc154291f4c4faa8a5b6db806198e - - default default] 10.0.0.6 "PUT /v2.0/routers/67836754-a6c7-4a56-86cd-b2cae1fb8bd5 HTTP/1.1" status: 200 len: 662 time: 0.6676376
2026-05-05 23:24:46.972 10 INFO neutron.wsgi [None req-78ee498c-e80a-4262-ad83-d6a1961e862e 5dce8f27753d42a8a416d416e9ffa6f7 509fc154291f4c4faa8a5b6db806198e - - default default] 10.0.0.6 "GET /v2.0/ports?device_id=67836754-a6c7-4a56-86cd-b2cae1fb8bd5 HTTP/1.1" status: 200 len: 205 time: 0.0267973
2026-05-05 23:24:47.204 10 INFO neutron.wsgi [None req-c9a8da66-1146-453c-83ec-7f06c297c832 5dce8f27753d42a8a416d416e9ffa6f7 509fc154291f4c4faa8a5b6db806198e - - default default] 10.0.0.6 "DELETE /v2.0/routers/67836754-a6c7-4a56-86cd-b2cae1fb8bd5 HTTP/1.1" status: 204 len: 168 time: 0.2255173
2026-05-05 23:24:47.285 9 INFO neutron.wsgi [None req-7e302d59-b868-4f5f-842b-e5be30ff9942 5dce8f27753d42a8a416d416e9ffa6f7 509fc154291f4c4faa8a5b6db806198e - - default default] 10.0.0.6 "GET /v2.0/routers/c8bdc2b6-98e6-4f2c-9671-8d2b4742f7e4 HTTP/1.1" status: 200 len: 655 time: 0.0666561
2026-05-05 23:24:47.680 9 INFO neutron.wsgi [None req-623a7c20-39c0-416c-9322-0002f893dcc4 5dce8f27753d42a8a416d416e9ffa6f7 509fc154291f4c4faa8a5b6db806198e - - default default] 10.0.0.6 "PUT /v2.0/routers/c8bdc2b6-98e6-4f2c-9671-8d2b4742f7e4 HTTP/1.1" status: 200 len: 655 time: 0.3879037
2026-05-05 23:24:47.716 10 INFO neutron.wsgi [None req-182ade94-1fc0-4010-8524-e4d5ec4b8493 5dce8f27753d42a8a416d416e9ffa6f7 509fc154291f4c4faa8a5b6db806198e - - default default] 10.0.0.6 "GET /v2.0/ports?device_id=c8bdc2b6-98e6-4f2c-9671-8d2b4742f7e4 HTTP/1.1" status: 200 len: 205 time: 0.0292468
