Apr 28 20:11:14.430768 np0000171166 devstack@n-api-meta.service[109522]: DEBUG nova.api.openstack.wsgi_app [None req-5d1568a2-c552-423c-bf67-5c6c6dd198f1 None None] oslo_limit.endpoint_region_name = None {{(pid=109522) log_opt_values /opt/stack/data/venv/lib/python3.12/site-packages/oslo_config/cfg.py:3006}}
Apr 28 20:11:14.431185 np0000171166 devstack@n-api-meta.service[109522]: DEBUG nova.api.openstack.wsgi_app [None req-5d1568a2-c552-423c-bf67-5c6c6dd198f1 None None] oslo_limit.endpoint_service_name = None {{(pid=109522) log_opt_values /opt/stack/data/venv/lib/python3.12/site-packages/oslo_config/cfg.py:3006}}
Apr 28 20:11:14.431492 np0000171166 devstack@n-api-meta.service[109522]: DEBUG nova.api.openstack.wsgi_app [None req-5d1568a2-c552-423c-bf67-5c6c6dd198f1 None None] oslo_limit.endpoint_service_type = None {{(pid=109522) log_opt_values /opt/stack/data/venv/lib/python3.12/site-packages/oslo_config/cfg.py:3006}}
Apr 28 20:11:14.431874 np0000171166 devstack@n-api-meta.service[109522]: DEBUG nova.api.openstack.wsgi_app [None req-5d1568a2-c552-423c-bf67-5c6c6dd198f1 None None] oslo_limit.insecure = False {{(pid=109522) log_opt_values /opt/stack/data/venv/lib/python3.12/site-packages/oslo_config/cfg.py:3006}}
Apr 28 20:11:14.432215 np0000171166 devstack@n-api-meta.service[109522]: DEBUG nova.api.openstack.wsgi_app [None req-5d1568a2-c552-423c-bf67-5c6c6dd198f1 None None] oslo_limit.keyfile = None {{(pid=109522) log_opt_values /opt/stack/data/venv/lib/python3.12/site-packages/oslo_config/cfg.py:3006}}
Apr 28 20:11:14.432508 np0000171166 devstack@n-api-meta.service[109522]: DEBUG nova.api.openstack.wsgi_app [None req-5d1568a2-c552-423c-bf67-5c6c6dd198f1 None None] oslo_limit.max_version = None {{(pid=109522) log_opt_values /opt/stack/data/venv/lib/python3.12/site-packages/oslo_config/cfg.py:3006}}
Apr 28 20:11:14.432658 np0000171166 devstack@n-api-meta.service[109522]: DEBUG nova.api.openstack.wsgi_app [None req-5d1568a2-c552-423c-bf67-5c6c6dd198f1 None None] oslo_limit.min_version = None {{(pid=109522) log_opt_values /opt/stack/data/venv/lib/python3.12/site-packages/oslo_config/cfg.py:3006}}
Apr 28 20:11:14.432787 np0000171166 devstack@n-api-meta.service[109522]: DEBUG nova.api.openstack.wsgi_app [None req-5d1568a2-c552-423c-bf67-5c6c6dd198f1 None None] oslo_limit.region_name = None {{(pid=109522) log_opt_values /opt/stack/data/venv/lib/python3.12/site-packages/oslo_config/cfg.py:3006}}
Apr 28 20:11:14.432934 np0000171166 devstack@n-api-meta.service[109522]: DEBUG nova.api.openstack.wsgi_app [None req-5d1568a2-c552-423c-bf67-5c6c6dd198f1 None None] oslo_limit.retriable_status_codes = None {{(pid=109522) log_opt_values /opt/stack/data/venv/lib/python3.12/site-packages/oslo_config/cfg.py:3006}}
Apr 28 20:11:14.433046 np0000171166 devstack@n-api-meta.service[109522]: DEBUG nova.api.openstack.wsgi_app [None req-5d1568a2-c552-423c-bf67-5c6c6dd198f1 None None] oslo_limit.service_name = None {{(pid=109522) log_opt_values /opt/stack/data/venv/lib/python3.12/site-packages/oslo_config/cfg.py:3006}}
Apr 28 20:11:14.433169 np0000171166 devstack@n-api-meta.service[109522]: DEBUG nova.api.openstack.wsgi_app [None req-5d1568a2-c552-423c-bf67-5c6c6dd198f1 None None] oslo_limit.service_type = None {{(pid=109522) log_opt_values /opt/stack/data/venv/lib/python3.12/site-packages/oslo_config/cfg.py:3006}}
Apr 28 20:11:14.433295 np0000171166 devstack@n-api-meta.service[109522]: DEBUG nova.api.openstack.wsgi_app [None req-5d1568a2-c552-423c-bf67-5c6c6dd198f1 None None] oslo_limit.split_loggers = False {{(pid=109522) log_opt_values /opt/stack/data/venv/lib/python3.12/site-packages/oslo_config/cfg.py:3006}}
Apr 28 20:11:14.433421 np0000171166 devstack@n-api-meta.service[109522]: DEBUG nova.api.openstack.wsgi_app [None req-5d1568a2-c552-423c-bf67-5c6c6dd198f1 None None] oslo_limit.status_code_retries = None {{(pid=109522) log_opt_values /opt/stack/data/venv/lib/python3.12/site-packages/oslo_config/cfg.py:3006}}
Apr 28 20:11:14.433544 np0000171166 devstack@n-api-meta.service[109522]: DEBUG nova.api.openstack.wsgi_app [None req-5d1568a2-c552-423c-bf67-5c6c6dd198f1 None None] oslo_limit.status_code_retry_delay = None {{(pid=109522) log_opt_values /opt/stack/data/venv/lib/python3.12/site-packages/oslo_config/cfg.py:3006}}
Apr 28 20:11:14.433668 np0000171166 devstack@n-api-meta.service[109522]: DEBUG nova.api.openstack.wsgi_app [None req-5d1568a2-c552-423c-bf67-5c6c6dd198f1 None None] oslo_limit.timeout = None {{(pid=109522) log_opt_values /opt/stack/data/venv/lib/python3.12/site-packages/oslo_config/cfg.py:3006}}
Apr 28 20:11:14.433792 np0000171166 devstack@n-api-meta.service[109522]: DEBUG nova.api.openstack.wsgi_app [None req-5d1568a2-c552-423c-bf67-5c6c6dd198f1 None None] oslo_limit.valid_interfaces = None {{(pid=109522) log_opt_values /opt/stack/data/venv/lib/python3.12/site-packages/oslo_config/cfg.py:3006}}
Apr 28 20:11:14.433940 np0000171166 devstack@n-api-meta.service[109522]: DEBUG nova.api.openstack.wsgi_app [None req-5d1568a2-c552-423c-bf67-5c6c6dd198f1 None None] oslo_limit.version = None {{(pid=109522) log_opt_values /opt/stack/data/venv/lib/python3.12/site-packages/oslo_config/cfg.py:3006}}
Apr 28 20:11:14.434077 np0000171166 devstack@n-api-meta.service[109522]: DEBUG nova.api.openstack.wsgi_app [None req-5d1568a2-c552-423c-bf67-5c6c6dd198f1 None None] oslo_messaging_rabbit.amqp_auto_delete = False {{(pid=109522) log_opt_values /opt/stack/data/venv/lib/python3.12/site-packages/oslo_config/cfg.py:3006}}
Apr 28 20:11:14.434203 np0000171166 devstack@n-api-meta.service[109522]: DEBUG nova.api.openstack.wsgi_app [None req-5d1568a2-c552-423c-bf67-5c6c6dd198f1 None None] oslo_messaging_rabbit.amqp_durable_queues = False {{(pid=109522) log_opt_values /opt/stack/data/venv/lib/python3.12/site-packages/oslo_config/cfg.py:3006}}
Apr 28 20:11:14.434330 np0000171166 devstack@n-api-meta.service[109522]: DEBUG nova.api.openstack.wsgi_app [None req-5d1568a2-c552-423c-bf67-5c6c6dd198f1 None None] oslo_messaging_rabbit.conn_pool_min_size = 2 {{(pid=109522) log_opt_values /opt/stack/data/venv/lib/python3.12/site-packages/oslo_config/cfg.py:3006}}
Apr 28 20:11:14.434520 np0000171166 devstack@n-api-meta.service[109522]: DEBUG nova.api.openstack.wsgi_app [None req-5d1568a2-c552-423c-bf67-5c6c6dd198f1 None None] oslo_messaging_rabbit.conn_pool_ttl = 1200 {{(pid=109522) log_opt_values /opt/stack/data/venv/lib/python3.12/site-packages/oslo_config/cfg.py:3006}}
Apr 28 20:11:14.434580 np0000171166 devstack@n-api-meta.service[109522]: DEBUG nova.api.openstack.wsgi_app [None req-5d1568a2-c552-423c-bf67-5c6c6dd198f1 None None] oslo_messaging_rabbit.direct_mandatory_flag = True {{(pid=109522) log_opt_values /opt/stack/data/venv/lib/python3.12/site-packages/oslo_config/cfg.py:3006}}
Apr 28 20:11:14.434705 np0000171166 devstack@n-api-meta.service[109522]: DEBUG nova.api.openstack.wsgi_app [None req-5d1568a2-c552-423c-bf67-5c6c6dd198f1 None None] oslo_messaging_rabbit.enable_cancel_on_failover = False {{(pid=109522) log_opt_values /opt/stack/data/venv/lib/python3.12/site-packages/oslo_config/cfg.py:3006}}
Apr 28 20:11:14.434837 np0000171166 devstack@n-api-meta.service[109522]: DEBUG nova.api.openstack.wsgi_app [None req-5d1568a2-c552-423c-bf67-5c6c6dd198f1 None None] oslo_messaging_rabbit.heartbeat_in_pthread = False {{(pid=109522) log_opt_values /opt/stack/data/venv/lib/python3.12/site-packages/oslo_config/cfg.py:3006}}
Apr 28 20:11:14.434982 np0000171166 devstack@n-api-meta.service[109522]: DEBUG nova.api.openstack.wsgi_app [None req-5d1568a2-c552-423c-bf67-5c6c6dd198f1 None None] oslo_messaging_rabbit.heartbeat_rate = 3 {{(pid=109522) log_opt_values /opt/stack/data/venv/lib/python3.12/site-packages/oslo_config/cfg.py:3006}}
Apr 28 20:11:14.435112 np0000171166 devstack@n-api-meta.service[109522]: DEBUG nova.api.openstack.wsgi_app [None req-5d1568a2-c552-423c-bf67-5c6c6dd198f1 None None] oslo_messaging_rabbit.heartbeat_timeout_threshold = 60 {{(pid=109522) log_opt_values /opt/stack/data/venv/lib/python3.12/site-packages/oslo_config/cfg.py:3006}}
Apr 28 20:11:14.435245 np0000171166 devstack@n-api-meta.service[109522]: DEBUG nova.api.openstack.wsgi_app [None req-5d1568a2-c552-423c-bf67-5c6c6dd198f1 None None] oslo_messaging_rabbit.hostname = np0000171166 {{(pid=109522) log_opt_values /opt/stack/data/venv/lib/python3.12/site-packages/oslo_config/cfg.py:3006}}
Apr 28 20:11:14.435370 np0000171166 devstack@n-api-meta.service[109522]: DEBUG nova.api.openstack.wsgi_app [None req-5d1568a2-c552-423c-bf67-5c6c6dd198f1 None None] oslo_messaging_rabbit.kombu_compression = None {{(pid=109522) log_opt_values /opt/stack/data/venv/lib/python3.12/site-packages/oslo_config/cfg.py:3006}}
Apr 28 20:11:14.435503 np0000171166 devstack@n-api-meta.service[109522]: DEBUG nova.api.openstack.wsgi_app [None req-5d1568a2-c552-423c-bf67-5c6c6dd198f1 None None] oslo_messaging_rabbit.kombu_failover_strategy = round-robin {{(pid=109522) log_opt_values /opt/stack/data/venv/lib/python3.12/site-packages/oslo_config/cfg.py:3006}}
Apr 28 20:11:14.435679 np0000171166 devstack@n-api-meta.service[109522]: DEBUG nova.api.openstack.wsgi_app [None req-5d1568a2-c552-423c-bf67-5c6c6dd198f1 None None] oslo_messaging_rabbit.kombu_missing_consumer_retry_timeout = 60 {{(pid=109522) log_opt_values /opt/stack/data/venv/lib/python3.12/site-packages/oslo_config/cfg.py:3006}}
Apr 28 20:11:14.435805 np0000171166 devstack@n-api-meta.service[109522]: DEBUG nova.api.openstack.wsgi_app [None req-5d1568a2-c552-423c-bf67-5c6c6dd198f1 None None] oslo_messaging_rabbit.kombu_reconnect_delay = 1.0 {{(pid=109522) log_opt_values /opt/stack/data/venv/lib/python3.12/site-packages/oslo_config/cfg.py:3006}}
Apr 28 20:11:14.435990 np0000171166 devstack@n-api-meta.service[109522]: DEBUG nova.api.openstack.wsgi_app [None req-5d1568a2-c552-423c-bf67-5c6c6dd198f1 None None] oslo_messaging_rabbit.kombu_reconnect_splay = 0.0 {{(pid=109522) log_opt_values /opt/stack/data/venv/lib/python3.12/site-packages/oslo_config/cfg.py:3006}}
Apr 28 20:11:14.436088 np0000171166 devstack@n-api-meta.service[109522]: DEBUG nova.api.openstack.wsgi_app [None req-5d1568a2-c552-423c-bf67-5c6c6dd198f1 None None] oslo_messaging_rabbit.processname = uwsgi {{(pid=109522) log_opt_values /opt/stack/data/venv/lib/python3.12/site-packages/oslo_config/cfg.py:3006}}
Apr 28 20:11:14.436216 np0000171166 devstack@n-api-meta.service[109522]: DEBUG nova.api.openstack.wsgi_app [None req-5d1568a2-c552-423c-bf67-5c6c6dd198f1 None None] oslo_messaging_rabbit.rabbit_ha_queues = False {{(pid=109522) log_opt_values /opt/stack/data/venv/lib/python3.12/site-packages/oslo_config/cfg.py:3006}}
Apr 28 20:11:14.436342 np0000171166 devstack@n-api-meta.service[109522]: DEBUG nova.api.openstack.wsgi_app [None req-5d1568a2-c552-423c-bf67-5c6c6dd198f1 None None] oslo_messaging_rabbit.rabbit_interval_max = 30 {{(pid=109522) log_opt_values /opt/stack/data/venv/lib/python3.12/site-packages/oslo_config/cfg.py:3006}}
Apr 28 20:11:14.436483 np0000171166 devstack@n-api-meta.service[109522]: DEBUG nova.api.openstack.wsgi_app [None req-5d1568a2-c552-423c-bf67-5c6c6dd198f1 None None] oslo_messaging_rabbit.rabbit_login_method = AMQPLAIN {{(pid=109522) log_opt_values /opt/stack/data/venv/lib/python3.12/site-packages/oslo_config/cfg.py:3006}}
Apr 28 20:11:14.436659 np0000171166 devstack@n-api-meta.service[109522]: DEBUG nova.api.openstack.wsgi_app [None req-5d1568a2-c552-423c-bf67-5c6c6dd198f1 None None] oslo_messaging_rabbit.rabbit_qos_prefetch_count = 0 {{(pid=109522) log_opt_values /opt/stack/data/venv/lib/python3.12/site-packages/oslo_config/cfg.py:3006}}
Apr 28 20:11:14.436781 np0000171166 devstack@n-api-meta.service[109522]: DEBUG nova.api.openstack.wsgi_app [None req-5d1568a2-c552-423c-bf67-5c6c6dd198f1 None None] oslo_messaging_rabbit.rabbit_quorum_delivery_limit = 0 {{(pid=109522) log_opt_values /opt/stack/data/venv/lib/python3.12/site-packages/oslo_config/cfg.py:3006}}
Apr 28 20:11:14.436934 np0000171166 devstack@n-api-meta.service[109522]: DEBUG nova.api.openstack.wsgi_app [None req-5d1568a2-c552-423c-bf67-5c6c6dd198f1 None None] oslo_messaging_rabbit.rabbit_quorum_max_memory_bytes = 0 {{(pid=109522) log_opt_values /opt/stack/data/venv/lib/python3.12/site-packages/oslo_config/cfg.py:3006}}
Apr 28 20:11:14.437065 np0000171166 devstack@n-api-meta.service[109522]: DEBUG nova.api.openstack.wsgi_app [None req-5d1568a2-c552-423c-bf67-5c6c6dd198f1 None None] oslo_messaging_rabbit.rabbit_quorum_max_memory_length = 0 {{(pid=109522) log_opt_values /opt/stack/data/venv/lib/python3.12/site-packages/oslo_config/cfg.py:3006}}
Apr 28 20:11:14.437194 np0000171166 devstack@n-api-meta.service[109522]: DEBUG nova.api.openstack.wsgi_app [None req-5d1568a2-c552-423c-bf67-5c6c6dd198f1 None None] oslo_messaging_rabbit.rabbit_quorum_queue = False {{(pid=109522) log_opt_values /opt/stack/data/venv/lib/python3.12/site-packages/oslo_config/cfg.py:3006}}
Apr 28 20:11:14.437324 np0000171166 devstack@n-api-meta.service[109522]: DEBUG nova.api.openstack.wsgi_app [None req-5d1568a2-c552-423c-bf67-5c6c6dd198f1 None None] oslo_messaging_rabbit.rabbit_retry_backoff = 2 {{(pid=109522) log_opt_values /opt/stack/data/venv/lib/python3.12/site-packages/oslo_config/cfg.py:3006}}
Apr 28 20:11:14.437454 np0000171166 devstack@n-api-meta.service[109522]: DEBUG nova.api.openstack.wsgi_app [None req-5d1568a2-c552-423c-bf67-5c6c6dd198f1 None None] oslo_messaging_rabbit.rabbit_retry_interval = 1 {{(pid=109522) log_opt_values /opt/stack/data/venv/lib/python3.12/site-packages/oslo_config/cfg.py:3006}}
Apr 28 20:11:14.437600 np0000171166 devstack@n-api-meta.service[109522]: DEBUG nova.api.openstack.wsgi_app [None req-5d1568a2-c552-423c-bf67-5c6c6dd198f1 None None] oslo_messaging_rabbit.rabbit_stream_fanout = False {{(pid=109522) log_opt_values /opt/stack/data/venv/lib/python3.12/site-packages/oslo_config/cfg.py:3006}}
Apr 28 20:11:14.437733 np0000171166 devstack@n-api-meta.service[109522]: DEBUG nova.api.openstack.wsgi_app [None req-5d1568a2-c552-423c-bf67-5c6c6dd198f1 None None] oslo_messaging_rabbit.rabbit_transient_queues_ttl = 1800 {{(pid=109522) log_opt_values /opt/stack/data/venv/lib/python3.12/site-packages/oslo_config/cfg.py:3006}}
Apr 28 20:11:14.437866 np0000171166 devstack@n-api-meta.service[109522]: DEBUG nova.api.openstack.wsgi_app [None req-5d1568a2-c552-423c-bf67-5c6c6dd198f1 None None] oslo_messaging_rabbit.rabbit_transient_quorum_queue = False {{(pid=109522) log_opt_values /opt/stack/data/venv/lib/python3.12/site-packages/oslo_config/cfg.py:3006}}
Apr 28 20:11:14.438015 np0000171166 devstack@n-api-meta.service[109522]: DEBUG nova.api.openstack.wsgi_app [None req-5d1568a2-c552-423c-bf67-5c6c6dd198f1 None None] oslo_messaging_rabbit.rpc_conn_pool_size = 30 {{(pid=109522) log_opt_values /opt/stack/data/venv/lib/python3.12/site-packages/oslo_config/cfg.py:3006}}
Apr 28 20:11:14.438145 np0000171166 devstack@n-api-meta.service[109522]: DEBUG nova.api.openstack.wsgi_app [None req-5d1568a2-c552-423c-bf67-5c6c6dd198f1 None None] oslo_messaging_rabbit.ssl = False {{(pid=109522) log_opt_values /opt/stack/data/venv/lib/python3.12/site-packages/oslo_config/cfg.py:3006}}
Apr 28 20:11:14.438279 np0000171166 devstack@n-api-meta.service[109522]: DEBUG nova.api.openstack.wsgi_app [None req-5d1568a2-c552-423c-bf67-5c6c6dd198f1 None None] oslo_messaging_rabbit.ssl_ca_file = {{(pid=109522) log_opt_values /opt/stack/data/venv/lib/python3.12/site-packages/oslo_config/cfg.py:3006}}
Apr 28 20:11:14.438413 np0000171166 devstack@n-api-meta.service[109522]: DEBUG nova.api.openstack.wsgi_app [None req-5d1568a2-c552-423c-bf67-5c6c6dd198f1 None None] oslo_messaging_rabbit.ssl_cert_file = {{(pid=109522) log_opt_values /opt/stack/data/venv/lib/python3.12/site-packages/oslo_config/cfg.py:3006}}
Apr 28 20:11:14.438556 np0000171166 devstack@n-api-meta.service[109522]: DEBUG nova.api.openstack.wsgi_app [None req-5d1568a2-c552-423c-bf67-5c6c6dd198f1 None None] oslo_messaging_rabbit.ssl_enforce_fips_mode = False {{(pid=109522) log_opt_values /opt/stack/data/venv/lib/python3.12/site-packages/oslo_config/cfg.py:3006}}
Apr 28 20:11:14.438708 np0000171166 devstack@n-api-meta.service[109522]: DEBUG nova.api.openstack.wsgi_app [None req-5d1568a2-c552-423c-bf67-5c6c6dd198f1 None None] oslo_messaging_rabbit.ssl_key_file = {{(pid=109522) log_opt_values /opt/stack/data/venv/lib/python3.12/site-packages/oslo_config/cfg.py:3006}}
Apr 28 20:11:14.438902 np0000171166 devstack@n-api-meta.service[109522]: DEBUG nova.api.openstack.wsgi_app [None req-5d1568a2-c552-423c-bf67-5c6c6dd198f1 None None] oslo_messaging_rabbit.ssl_version = {{(pid=109522) log_opt_values /opt/stack/data/venv/lib/python3.12/site-packages/oslo_config/cfg.py:3006}}
Apr 28 20:11:14.439045 np0000171166 devstack@n-api-meta.service[109522]: DEBUG nova.api.openstack.wsgi_app [None req-5d1568a2-c552-423c-bf67-5c6c6dd198f1 None None] oslo_messaging_rabbit.use_queue_manager = False {{(pid=109522) log_opt_values /opt/stack/data/venv/lib/python3.12/site-packages/oslo_config/cfg.py:3006}}
Apr 28 20:11:14.439245 np0000171166 devstack@n-api-meta.service[109522]: DEBUG nova.api.openstack.wsgi_app [None req-5d1568a2-c552-423c-bf67-5c6c6dd198f1 None None] oslo_messaging_notifications.driver = ['messagingv2'] {{(pid=109522) log_opt_values /opt/stack/data/venv/lib/python3.12/site-packages/oslo_config/cfg.py:3006}}
Apr 28 20:11:14.439395 np0000171166 devstack@n-api-meta.service[109522]: DEBUG nova.api.openstack.wsgi_app [None req-5d1568a2-c552-423c-bf67-5c6c6dd198f1 None None] oslo_messaging_notifications.retry = -1 {{(pid=109522) log_opt_values /opt/stack/data/venv/lib/python3.12/site-packages/oslo_config/cfg.py:3006}}
Apr 28 20:11:14.439552 np0000171166 devstack@n-api-meta.service[109522]: DEBUG nova.api.openstack.wsgi_app [None req-5d1568a2-c552-423c-bf67-5c6c6dd198f1 None None] oslo_messaging_notifications.topics = ['notifications'] {{(pid=109522) log_opt_values /opt/stack/data/venv/lib/python3.12/site-packages/oslo_config/cfg.py:3006}}
Apr 28 20:11:14.439804 np0000171166 devstack@n-api-meta.service[109522]: DEBUG nova.api.openstack.wsgi_app [None req-5d1568a2-c552-423c-bf67-5c6c6dd198f1 None None] oslo_messaging_notifications.transport_url = **** {{(pid=109522) log_opt_values /opt/stack/data/venv/lib/python3.12/site-packages/oslo_config/cfg.py:3006}}
Apr 28 20:11:14.439977 np0000171166 devstack@n-api-meta.service[109522]: DEBUG nova.api.openstack.wsgi_app [None req-5d1568a2-c552-423c-bf67-5c6c6dd198f1 None None] oslo_reports.file_event_handler = None {{(pid=109522) log_opt_values /opt/stack/data/venv/lib/python3.12/site-packages/oslo_config/cfg.py:3006}}
Apr 28 20:11:14.440114 np0000171166 devstack@n-api-meta.service[109522]: DEBUG nova.api.openstack.wsgi_app [None req-5d1568a2-c552-423c-bf67-5c6c6dd198f1 None None] oslo_reports.file_event_handler_interval = 1 {{(pid=109522) log_opt_values /opt/stack/data/venv/lib/python3.12/site-packages/oslo_config/cfg.py:3006}}
Apr 28 20:11:14.440237 np0000171166 devstack@n-api-meta.service[109522]: DEBUG nova.api.openstack.wsgi_app [None req-5d1568a2-c552-423c-bf67-5c6c6dd198f1 None None] oslo_reports.log_dir = None {{(pid=109522) log_opt_values /opt/stack/data/venv/lib/python3.12/site-packages/oslo_config/cfg.py:3006}}
Apr 28 20:11:14.440345 np0000171166 devstack@n-api-meta.service[109522]: DEBUG nova.api.openstack.wsgi_app [None req-5d1568a2-c552-423c-bf67-5c6c6dd198f1 None None] ******************************************************************************** {{(pid=109522) log_opt_values /opt/stack/data/venv/lib/python3.12/site-packages/oslo_config/cfg.py:3013}}
Apr 28 20:11:14.440465 np0000171166 devstack@n-api-meta.service[109522]: WSGI app 0 (mountpoint='') ready in 2 seconds on interpreter 0x7db2c46a3668 pid: 109522 (default app)
Apr 28 20:11:23.966771 np0000171166 devstack@n-api-meta.service[109524]: DEBUG dbcounter [-] [109524] Writing DB stats nova_api:SELECT=1 {{(pid=109524) stat_writer /opt/stack/data/venv/lib/python3.12/site-packages/dbcounter.py:115}}
Apr 28 20:11:23.970389 np0000171166 devstack@n-api-meta.service[109521]: DEBUG dbcounter [-] [109521] Writing DB stats nova_api:SELECT=1 {{(pid=109521) stat_writer /opt/stack/data/venv/lib/python3.12/site-packages/dbcounter.py:115}}
Apr 28 20:11:24.000432 np0000171166 devstack@n-api-meta.service[109523]: DEBUG dbcounter [-] [109523] Writing DB stats nova_api:SELECT=1 {{(pid=109523) stat_writer /opt/stack/data/venv/lib/python3.12/site-packages/dbcounter.py:115}}
Apr 28 20:11:24.099612 np0000171166 devstack@n-api-meta.service[109521]: DEBUG dbcounter [-] [109521] Writing DB stats nova_cell1:SELECT=1 {{(pid=109521) stat_writer /opt/stack/data/venv/lib/python3.12/site-packages/dbcounter.py:115}}
Apr 28 20:11:24.099860 np0000171166 devstack@n-api-meta.service[109522]: DEBUG dbcounter [-] [109522] Writing DB stats nova_api:SELECT=1 {{(pid=109522) stat_writer /opt/stack/data/venv/lib/python3.12/site-packages/dbcounter.py:115}}
Apr 28 20:11:24.101250 np0000171166 devstack@n-api-meta.service[109521]: DEBUG dbcounter [-] [109521] Writing DB stats nova_cell0:SELECT=1 {{(pid=109521) stat_writer /opt/stack/data/venv/lib/python3.12/site-packages/dbcounter.py:115}}
Apr 28 20:11:24.107728 np0000171166 devstack@n-api-meta.service[109524]: DEBUG dbcounter [-] [109524] Writing DB stats nova_cell0:SELECT=1 {{(pid=109524) stat_writer /opt/stack/data/venv/lib/python3.12/site-packages/dbcounter.py:115}}
Apr 28 20:11:24.109078 np0000171166 devstack@n-api-meta.service[109524]: DEBUG dbcounter [-] [109524] Writing DB stats nova_cell1:SELECT=1 {{(pid=109524) stat_writer /opt/stack/data/venv/lib/python3.12/site-packages/dbcounter.py:115}}
Apr 28 20:11:24.118798 np0000171166 devstack@n-api-meta.service[109523]: DEBUG dbcounter [-] [109523] Writing DB stats nova_cell0:SELECT=1 {{(pid=109523) stat_writer /opt/stack/data/venv/lib/python3.12/site-packages/dbcounter.py:115}}
Apr 28 20:11:24.123441 np0000171166 devstack@n-api-meta.service[109523]: DEBUG dbcounter [-] [109523] Writing DB stats nova_cell1:SELECT=1 {{(pid=109523) stat_writer /opt/stack/data/venv/lib/python3.12/site-packages/dbcounter.py:115}}
Apr 28 20:11:24.132603 np0000171166 devstack@n-api-meta.service[109521]: DEBUG dbcounter [-] [109521] Writing DB stats nova_cell0:SELECT=2,nova_cell0:INSERT=1 {{(pid=109521) stat_writer /opt/stack/data/venv/lib/python3.12/site-packages/dbcounter.py:115}}
Apr 28 20:11:24.143804 np0000171166 devstack@n-api-meta.service[109524]: DEBUG dbcounter [-] [109524] Writing DB stats nova_cell0:SELECT=2,nova_cell0:INSERT=1 {{(pid=109524) stat_writer /opt/stack/data/venv/lib/python3.12/site-packages/dbcounter.py:115}}
Apr 28 20:11:24.144891 np0000171166 devstack@n-api-meta.service[109523]: DEBUG dbcounter [-] [109523] Writing DB stats nova_cell0:SELECT=1 {{(pid=109523) stat_writer /opt/stack/data/venv/lib/python3.12/site-packages/dbcounter.py:115}}
Apr 28 20:11:24.223661 np0000171166 devstack@n-api-meta.service[109522]: DEBUG dbcounter [-] [109522] Writing DB stats nova_cell0:SELECT=1 {{(pid=109522) stat_writer /opt/stack/data/venv/lib/python3.12/site-packages/dbcounter.py:115}}
Apr 28 20:11:24.228828 np0000171166 devstack@n-api-meta.service[109522]: DEBUG dbcounter [-] [109522] Writing DB stats nova_cell1:SELECT=1 {{(pid=109522) stat_writer /opt/stack/data/venv/lib/python3.12/site-packages/dbcounter.py:115}}
Apr 28 20:11:24.251149 np0000171166 devstack@n-api-meta.service[109522]: DEBUG dbcounter [-] [109522] Writing DB stats nova_cell0:SELECT=1 {{(pid=109522) stat_writer /opt/stack/data/venv/lib/python3.12/site-packages/dbcounter.py:115}}
Apr 28 20:16:10.385943 np0000171166 devstack@n-api-meta.service[109521]: DEBUG nova.api.metadata.handler [None req-4bdb2a4a-f9b5-4c60-876a-ee23704885d3 None None] Metadata request headers: {'Host': '199.204.45.141:8775', 'User-Agent': 'python-requests/2.33.1', 'Accept-Encoding': 'gzip, deflate', 'Accept': '*/*', 'Connection': 'keep-alive', 'X-Forwarded-For': '192.168.24.119', 'X-Instance-Id': '369d5861-1dfd-46af-b101-3477e98519dd', 'X-Tenant-Id': '7627c6ea34dd4ea580ab5ab6147f7939', 'X-Instance-Id-Signature': 'fa8ce0894115b7fea089057d384b9ae9331c95b11a9a0064f4e1c33f82a825c0'} {{(pid=109521) __call__ /opt/stack/nova/nova/api/metadata/handler.py:109}}
Apr 28 20:16:10.397974 np0000171166 devstack@n-api-meta.service[109521]: DEBUG oslo_concurrency.lockutils [None req-89a19b7d-ffeb-4619-b6dd-b58479b29949 None None] Acquiring lock "03d3fc8a-89fe-4a10-bfc0-bd87ef4683f8" by "nova.context.set_target_cell..get_or_set_cached_cell_and_set_connections" {{(pid=109521) inner /opt/stack/data/venv/lib/python3.12/site-packages/oslo_concurrency/lockutils.py:506}}
Apr 28 20:16:10.398116 np0000171166 devstack@n-api-meta.service[109521]: DEBUG oslo_concurrency.lockutils [None req-89a19b7d-ffeb-4619-b6dd-b58479b29949 None None] Lock "03d3fc8a-89fe-4a10-bfc0-bd87ef4683f8" acquired by "nova.context.set_target_cell..get_or_set_cached_cell_and_set_connections" :: waited 0.000s {{(pid=109521) inner /opt/stack/data/venv/lib/python3.12/site-packages/oslo_concurrency/lockutils.py:519}}
Apr 28 20:16:10.398256 np0000171166 devstack@n-api-meta.service[109521]: DEBUG oslo_concurrency.lockutils [None req-89a19b7d-ffeb-4619-b6dd-b58479b29949 None None] Lock "03d3fc8a-89fe-4a10-bfc0-bd87ef4683f8" "released" by "nova.context.set_target_cell..get_or_set_cached_cell_and_set_connections" :: held 0.000s {{(pid=109521) inner /opt/stack/data/venv/lib/python3.12/site-packages/oslo_concurrency/lockutils.py:538}}
Apr 28 20:16:10.452619 np0000171166 devstack@n-api-meta.service[109521]: WARNING neutronclient.v2_0.client [None req-89a19b7d-ffeb-4619-b6dd-b58479b29949 None None] The python binding code in neutronclient is deprecated in favor of OpenstackSDK, please use that as this will be removed in a future release.
Apr 28 20:16:10.879740 np0000171166 devstack@n-api-meta.service[109521]: [pid: 109521|app: 0|req: 1/1] 199.204.45.141 () {40 vars in 643 bytes} [Tue Apr 28 20:16:10 2026] GET /openstack => generated 116 bytes in 494 msecs (HTTP/1.1 200) 3 headers in 100 bytes (1 switches on core 0)
Apr 28 20:16:10.891534 np0000171166 devstack@n-api-meta.service[109523]: DEBUG nova.api.metadata.handler [None req-7004ff7c-1b55-41ec-a825-88c97b789fe1 None None] Metadata request headers: {'Host': '199.204.45.141:8775', 'User-Agent': 'python-requests/2.33.1', 'Accept-Encoding': 'gzip, deflate', 'Accept': '*/*', 'Connection': 'keep-alive', 'X-Forwarded-For': '192.168.24.119', 'X-Instance-Id': '369d5861-1dfd-46af-b101-3477e98519dd', 'X-Tenant-Id': '7627c6ea34dd4ea580ab5ab6147f7939', 'X-Instance-Id-Signature': 'fa8ce0894115b7fea089057d384b9ae9331c95b11a9a0064f4e1c33f82a825c0'} {{(pid=109523) __call__ /opt/stack/nova/nova/api/metadata/handler.py:109}}
Apr 28 20:16:10.895862 np0000171166 devstack@n-api-meta.service[109523]: DEBUG nova.api.metadata.handler [None req-7004ff7c-1b55-41ec-a825-88c97b789fe1 None None] Using cached metadata for instance 369d5861-1dfd-46af-b101-3477e98519dd {{(pid=109523) get_metadata_by_instance_id /opt/stack/nova/nova/api/metadata/handler.py:84}}
Apr 28 20:16:10.896395 np0000171166 devstack@n-api-meta.service[109523]: [pid: 109523|app: 0|req: 1/2] 199.204.45.141 () {40 vars in 643 bytes} [Tue Apr 28 20:16:10 2026] GET /openstack => generated 116 bytes in 6 msecs (HTTP/1.1 200) 3 headers in 100 bytes (1 switches on core 0)
Apr 28 20:16:10.907407 np0000171166 devstack@n-api-meta.service[109524]: DEBUG nova.api.metadata.handler [None req-b0b0a0a6-75f4-4275-b37d-1466437d69b3 None None] Metadata request headers: {'Host': '199.204.45.141:8775', 'User-Agent': 'python-requests/2.33.1', 'Accept-Encoding': 'gzip, deflate', 'Accept': '*/*', 'Connection': 'keep-alive', 'X-Forwarded-For': '192.168.24.119', 'X-Instance-Id': '369d5861-1dfd-46af-b101-3477e98519dd', 'X-Tenant-Id': '7627c6ea34dd4ea580ab5ab6147f7939', 'X-Instance-Id-Signature': 'fa8ce0894115b7fea089057d384b9ae9331c95b11a9a0064f4e1c33f82a825c0'} {{(pid=109524) __call__ /opt/stack/nova/nova/api/metadata/handler.py:109}}
Apr 28 20:16:10.912565 np0000171166 devstack@n-api-meta.service[109524]: DEBUG nova.api.metadata.handler [None req-b0b0a0a6-75f4-4275-b37d-1466437d69b3 None None] Using cached metadata for instance 369d5861-1dfd-46af-b101-3477e98519dd {{(pid=109524) get_metadata_by_instance_id /opt/stack/nova/nova/api/metadata/handler.py:84}}
Apr 28 20:16:10.913541 np0000171166 devstack@n-api-meta.service[109524]: [pid: 109524|app: 0|req: 1/3] 199.204.45.141 () {40 vars in 695 bytes} [Tue Apr 28 20:16:10 2026] GET /openstack/2018-08-27/meta_data.json => generated 946 bytes in 7 msecs (HTTP/1.1 200) 3 headers in 91 bytes (1 switches on core 0)
Apr 28 20:16:10.922951 np0000171166 devstack@n-api-meta.service[109522]: DEBUG nova.api.metadata.handler [None req-5d1568a2-c552-423c-bf67-5c6c6dd198f1 None None] Metadata request headers: {'Host': '199.204.45.141:8775', 'User-Agent': 'python-requests/2.33.1', 'Accept-Encoding': 'gzip, deflate', 'Accept': '*/*', 'Connection': 'keep-alive', 'X-Forwarded-For': '192.168.24.119', 'X-Instance-Id': '369d5861-1dfd-46af-b101-3477e98519dd', 'X-Tenant-Id': '7627c6ea34dd4ea580ab5ab6147f7939', 'X-Instance-Id-Signature': 'fa8ce0894115b7fea089057d384b9ae9331c95b11a9a0064f4e1c33f82a825c0'} {{(pid=109522) __call__ /opt/stack/nova/nova/api/metadata/handler.py:109}}
Apr 28 20:16:10.926864 np0000171166 devstack@n-api-meta.service[109522]: DEBUG nova.api.metadata.handler [None req-5d1568a2-c552-423c-bf67-5c6c6dd198f1 None None] Using cached metadata for instance 369d5861-1dfd-46af-b101-3477e98519dd {{(pid=109522) get_metadata_by_instance_id /opt/stack/nova/nova/api/metadata/handler.py:84}}
Apr 28 20:16:10.927339 np0000171166 devstack@n-api-meta.service[109522]: [pid: 109522|app: 0|req: 1/4] 199.204.45.141 () {40 vars in 685 bytes} [Tue Apr 28 20:16:10 2026] GET /openstack/2018-08-27/user_data => generated 26434 bytes in 5 msecs (HTTP/1.1 200) 3 headers in 102 bytes (1 switches on core 0)
Apr 28 20:16:10.938067 np0000171166 devstack@n-api-meta.service[109521]: DEBUG nova.api.metadata.handler [None req-89a19b7d-ffeb-4619-b6dd-b58479b29949 None None] Metadata request headers: {'Host': '199.204.45.141:8775', 'User-Agent': 'python-requests/2.33.1', 'Accept-Encoding': 'gzip, deflate', 'Accept': '*/*', 'Connection': 'keep-alive', 'X-Forwarded-For': '192.168.24.119', 'X-Instance-Id': '369d5861-1dfd-46af-b101-3477e98519dd', 'X-Tenant-Id': '7627c6ea34dd4ea580ab5ab6147f7939', 'X-Instance-Id-Signature': 'fa8ce0894115b7fea089057d384b9ae9331c95b11a9a0064f4e1c33f82a825c0'} {{(pid=109521) __call__ /opt/stack/nova/nova/api/metadata/handler.py:109}}
Apr 28 20:16:10.940345 np0000171166 devstack@n-api-meta.service[109521]: DEBUG nova.api.metadata.handler [None req-89a19b7d-ffeb-4619-b6dd-b58479b29949 None None] Using cached metadata for instance 369d5861-1dfd-46af-b101-3477e98519dd {{(pid=109521) get_metadata_by_instance_id /opt/stack/nova/nova/api/metadata/handler.py:84}}
Apr 28 20:16:10.941030 np0000171166 devstack@n-api-meta.service[109521]: [pid: 109521|app: 0|req: 2/5] 199.204.45.141 () {40 vars in 699 bytes} [Tue Apr 28 20:16:10 2026] GET /openstack/2018-08-27/vendor_data.json => generated 2 bytes in 4 msecs (HTTP/1.1 200) 3 headers in 89 bytes (1 switches on core 0)
Apr 28 20:16:10.949584 np0000171166 devstack@n-api-meta.service[109523]: DEBUG nova.api.metadata.handler [None req-7004ff7c-1b55-41ec-a825-88c97b789fe1 None None] Metadata request headers: {'Host': '199.204.45.141:8775', 'User-Agent': 'python-requests/2.33.1', 'Accept-Encoding': 'gzip, deflate', 'Accept': '*/*', 'Connection': 'keep-alive', 'X-Forwarded-For': '192.168.24.119', 'X-Instance-Id': '369d5861-1dfd-46af-b101-3477e98519dd', 'X-Tenant-Id': '7627c6ea34dd4ea580ab5ab6147f7939', 'X-Instance-Id-Signature': 'fa8ce0894115b7fea089057d384b9ae9331c95b11a9a0064f4e1c33f82a825c0'} {{(pid=109523) __call__ /opt/stack/nova/nova/api/metadata/handler.py:109}}
Apr 28 20:16:10.952610 np0000171166 devstack@n-api-meta.service[109523]: DEBUG nova.api.metadata.handler [None req-7004ff7c-1b55-41ec-a825-88c97b789fe1 None None] Using cached metadata for instance 369d5861-1dfd-46af-b101-3477e98519dd {{(pid=109523) get_metadata_by_instance_id /opt/stack/nova/nova/api/metadata/handler.py:84}}
Apr 28 20:16:10.953445 np0000171166 devstack@n-api-meta.service[109523]: [pid: 109523|app: 0|req: 2/6] 199.204.45.141 () {40 vars in 701 bytes} [Tue Apr 28 20:16:10 2026] GET /openstack/2018-08-27/vendor_data2.json => generated 14 bytes in 4 msecs (HTTP/1.1 200) 3 headers in 90 bytes (1 switches on core 0)
Apr 28 20:16:10.962059 np0000171166 devstack@n-api-meta.service[109524]: DEBUG nova.api.metadata.handler [None req-b0b0a0a6-75f4-4275-b37d-1466437d69b3 None None] Metadata request headers: {'Host': '199.204.45.141:8775', 'User-Agent': 'python-requests/2.33.1', 'Accept-Encoding': 'gzip, deflate', 'Accept': '*/*', 'Connection': 'keep-alive', 'X-Forwarded-For': '192.168.24.119', 'X-Instance-Id': '369d5861-1dfd-46af-b101-3477e98519dd', 'X-Tenant-Id': '7627c6ea34dd4ea580ab5ab6147f7939', 'X-Instance-Id-Signature': 'fa8ce0894115b7fea089057d384b9ae9331c95b11a9a0064f4e1c33f82a825c0'} {{(pid=109524) __call__ /opt/stack/nova/nova/api/metadata/handler.py:109}}
Apr 28 20:16:10.965209 np0000171166 devstack@n-api-meta.service[109524]: DEBUG nova.api.metadata.handler [None req-b0b0a0a6-75f4-4275-b37d-1466437d69b3 None None] Using cached metadata for instance 369d5861-1dfd-46af-b101-3477e98519dd {{(pid=109524) get_metadata_by_instance_id /opt/stack/nova/nova/api/metadata/handler.py:84}}
Apr 28 20:16:10.965909 np0000171166 devstack@n-api-meta.service[109524]: [pid: 109524|app: 0|req: 2/7] 199.204.45.141 () {40 vars in 701 bytes} [Tue Apr 28 20:16:10 2026] GET /openstack/2018-08-27/network_data.json => generated 348 bytes in 5 msecs (HTTP/1.1 200) 3 headers in 100 bytes (1 switches on core 0)
Apr 28 20:16:10.971695 np0000171166 devstack@n-api-meta.service[109522]: DEBUG nova.api.metadata.handler [None req-5d1568a2-c552-423c-bf67-5c6c6dd198f1 None None] Metadata request headers: {'Host': '199.204.45.141:8775', 'User-Agent': 'python-requests/2.33.1', 'Accept-Encoding': 'gzip, deflate', 'Accept': '*/*', 'Connection': 'keep-alive', 'X-Forwarded-For': '192.168.24.119', 'X-Instance-Id': '369d5861-1dfd-46af-b101-3477e98519dd', 'X-Tenant-Id': '7627c6ea34dd4ea580ab5ab6147f7939', 'X-Instance-Id-Signature': 'fa8ce0894115b7fea089057d384b9ae9331c95b11a9a0064f4e1c33f82a825c0'} {{(pid=109522) __call__ /opt/stack/nova/nova/api/metadata/handler.py:109}}
Apr 28 20:16:10.973542 np0000171166 devstack@n-api-meta.service[109522]: DEBUG nova.api.metadata.handler [None req-5d1568a2-c552-423c-bf67-5c6c6dd198f1 None None] Using cached metadata for instance 369d5861-1dfd-46af-b101-3477e98519dd {{(pid=109522) get_metadata_by_instance_id /opt/stack/nova/nova/api/metadata/handler.py:84}}
Apr 28 20:16:10.974067 np0000171166 devstack@n-api-meta.service[109522]: [pid: 109522|app: 0|req: 2/8] 199.204.45.141 () {40 vars in 659 bytes} [Tue Apr 28 20:16:10 2026] GET /latest/meta-data/ => generated 210 bytes in 3 msecs (HTTP/1.1 200) 3 headers in 100 bytes (1 switches on core 0)
Apr 28 20:16:10.980613 np0000171166 devstack@n-api-meta.service[109521]: DEBUG nova.api.metadata.handler [None req-89a19b7d-ffeb-4619-b6dd-b58479b29949 None None] Metadata request headers: {'Host': '199.204.45.141:8775', 'User-Agent': 'python-requests/2.33.1', 'Accept-Encoding': 'gzip, deflate', 'Accept': '*/*', 'Connection': 'keep-alive', 'X-Forwarded-For': '192.168.24.119', 'X-Instance-Id': '369d5861-1dfd-46af-b101-3477e98519dd', 'X-Tenant-Id': '7627c6ea34dd4ea580ab5ab6147f7939', 'X-Instance-Id-Signature': 'fa8ce0894115b7fea089057d384b9ae9331c95b11a9a0064f4e1c33f82a825c0'} {{(pid=109521) __call__ /opt/stack/nova/nova/api/metadata/handler.py:109}}
Apr 28 20:16:10.982670 np0000171166 devstack@n-api-meta.service[109521]: DEBUG nova.api.metadata.handler [None req-89a19b7d-ffeb-4619-b6dd-b58479b29949 None None] Using cached metadata for instance 369d5861-1dfd-46af-b101-3477e98519dd {{(pid=109521) get_metadata_by_instance_id /opt/stack/nova/nova/api/metadata/handler.py:84}}
Apr 28 20:16:10.983238 np0000171166 devstack@n-api-meta.service[109521]: [pid: 109521|app: 0|req: 3/9] 199.204.45.141 () {40 vars in 701 bytes} [Tue Apr 28 20:16:10 2026] GET /latest/meta-data/block-device-mapping/ => generated 8 bytes in 3 msecs (HTTP/1.1 200) 3 headers in 98 bytes (1 switches on core 0)
Apr 28 20:16:10.990292 np0000171166 devstack@n-api-meta.service[109523]: DEBUG nova.api.metadata.handler [None req-7004ff7c-1b55-41ec-a825-88c97b789fe1 None None] Metadata request headers: {'Host': '199.204.45.141:8775', 'User-Agent': 'python-requests/2.33.1', 'Accept-Encoding': 'gzip, deflate', 'Accept': '*/*', 'Connection': 'keep-alive', 'X-Forwarded-For': '192.168.24.119', 'X-Instance-Id': '369d5861-1dfd-46af-b101-3477e98519dd', 'X-Tenant-Id': '7627c6ea34dd4ea580ab5ab6147f7939', 'X-Instance-Id-Signature': 'fa8ce0894115b7fea089057d384b9ae9331c95b11a9a0064f4e1c33f82a825c0'} {{(pid=109523) __call__ /opt/stack/nova/nova/api/metadata/handler.py:109}}
Apr 28 20:16:10.992604 np0000171166 devstack@n-api-meta.service[109523]: DEBUG nova.api.metadata.handler [None req-7004ff7c-1b55-41ec-a825-88c97b789fe1 None None] Using cached metadata for instance 369d5861-1dfd-46af-b101-3477e98519dd {{(pid=109523) get_metadata_by_instance_id /opt/stack/nova/nova/api/metadata/handler.py:84}}
Apr 28 20:16:10.993222 np0000171166 devstack@n-api-meta.service[109523]: [pid: 109523|app: 0|req: 3/10] 199.204.45.141 () {40 vars in 707 bytes} [Tue Apr 28 20:16:10 2026] GET /latest/meta-data/block-device-mapping/ami => generated 3 bytes in 3 msecs (HTTP/1.1 200) 3 headers in 98 bytes (1 switches on core 0)
Apr 28 20:16:11.000564 np0000171166 devstack@n-api-meta.service[109524]: DEBUG nova.api.metadata.handler [None req-b0b0a0a6-75f4-4275-b37d-1466437d69b3 None None] Metadata request headers: {'Host': '199.204.45.141:8775', 'User-Agent': 'python-requests/2.33.1', 'Accept-Encoding': 'gzip, deflate', 'Accept': '*/*', 'Connection': 'keep-alive', 'X-Forwarded-For': '192.168.24.119', 'X-Instance-Id': '369d5861-1dfd-46af-b101-3477e98519dd', 'X-Tenant-Id': '7627c6ea34dd4ea580ab5ab6147f7939', 'X-Instance-Id-Signature': 'fa8ce0894115b7fea089057d384b9ae9331c95b11a9a0064f4e1c33f82a825c0'} {{(pid=109524) __call__ /opt/stack/nova/nova/api/metadata/handler.py:109}}
Apr 28 20:16:11.003388 np0000171166 devstack@n-api-meta.service[109524]: DEBUG nova.api.metadata.handler [None req-b0b0a0a6-75f4-4275-b37d-1466437d69b3 None None] Using cached metadata for instance 369d5861-1dfd-46af-b101-3477e98519dd {{(pid=109524) get_metadata_by_instance_id /opt/stack/nova/nova/api/metadata/handler.py:84}}
Apr 28 20:16:11.004025 np0000171166 devstack@n-api-meta.service[109524]: [pid: 109524|app: 0|req: 3/11] 199.204.45.141 () {40 vars in 709 bytes} [Tue Apr 28 20:16:10 2026] GET /latest/meta-data/block-device-mapping/root => generated 8 bytes in 4 msecs (HTTP/1.1 200) 3 headers in 98 bytes (1 switches on core 0)
Apr 28 20:16:11.015228 np0000171166 devstack@n-api-meta.service[109522]: DEBUG nova.api.metadata.handler [None req-5d1568a2-c552-423c-bf67-5c6c6dd198f1 None None] Metadata request headers: {'Host': '199.204.45.141:8775', 'User-Agent': 'python-requests/2.33.1', 'Accept-Encoding': 'gzip, deflate', 'Accept': '*/*', 'Connection': 'keep-alive', 'X-Forwarded-For': '192.168.24.119', 'X-Instance-Id': '369d5861-1dfd-46af-b101-3477e98519dd', 'X-Tenant-Id': '7627c6ea34dd4ea580ab5ab6147f7939', 'X-Instance-Id-Signature': 'fa8ce0894115b7fea089057d384b9ae9331c95b11a9a0064f4e1c33f82a825c0'} {{(pid=109522) __call__ /opt/stack/nova/nova/api/metadata/handler.py:109}}
Apr 28 20:16:11.018258 np0000171166 devstack@n-api-meta.service[109522]: DEBUG nova.api.metadata.handler [None req-5d1568a2-c552-423c-bf67-5c6c6dd198f1 None None] Using cached metadata for instance 369d5861-1dfd-46af-b101-3477e98519dd {{(pid=109522) get_metadata_by_instance_id /opt/stack/nova/nova/api/metadata/handler.py:84}}
Apr 28 20:16:11.018975 np0000171166 devstack@n-api-meta.service[109522]: [pid: 109522|app: 0|req: 3/12] 199.204.45.141 () {40 vars in 679 bytes} [Tue Apr 28 20:16:11 2026] GET /latest/meta-data/placement/ => generated 17 bytes in 4 msecs (HTTP/1.1 200) 3 headers in 99 bytes (1 switches on core 0)
Apr 28 20:16:11.026788 np0000171166 devstack@n-api-meta.service[109521]: DEBUG nova.api.metadata.handler [None req-89a19b7d-ffeb-4619-b6dd-b58479b29949 None None] Metadata request headers: {'Host': '199.204.45.141:8775', 'User-Agent': 'python-requests/2.33.1', 'Accept-Encoding': 'gzip, deflate', 'Accept': '*/*', 'Connection': 'keep-alive', 'X-Forwarded-For': '192.168.24.119', 'X-Instance-Id': '369d5861-1dfd-46af-b101-3477e98519dd', 'X-Tenant-Id': '7627c6ea34dd4ea580ab5ab6147f7939', 'X-Instance-Id-Signature': 'fa8ce0894115b7fea089057d384b9ae9331c95b11a9a0064f4e1c33f82a825c0'} {{(pid=109521) __call__ /opt/stack/nova/nova/api/metadata/handler.py:109}}
Apr 28 20:16:11.029051 np0000171166 devstack@n-api-meta.service[109521]: DEBUG nova.api.metadata.handler [None req-89a19b7d-ffeb-4619-b6dd-b58479b29949 None None] Using cached metadata for instance 369d5861-1dfd-46af-b101-3477e98519dd {{(pid=109521) get_metadata_by_instance_id /opt/stack/nova/nova/api/metadata/handler.py:84}}
Apr 28 20:16:11.029520 np0000171166 devstack@n-api-meta.service[109521]: [pid: 109521|app: 0|req: 4/13] 199.204.45.141 () {40 vars in 713 bytes} [Tue Apr 28 20:16:11 2026] GET /latest/meta-data/placement/availability-zone => generated 4 bytes in 3 msecs (HTTP/1.1 200) 3 headers in 98 bytes (1 switches on core 0)
Apr 28 20:16:11.036680 np0000171166 devstack@n-api-meta.service[109523]: DEBUG nova.api.metadata.handler [None req-7004ff7c-1b55-41ec-a825-88c97b789fe1 None None] Metadata request headers: {'Host': '199.204.45.141:8775', 'User-Agent': 'python-requests/2.33.1', 'Accept-Encoding': 'gzip, deflate', 'Accept': '*/*', 'Connection': 'keep-alive', 'X-Forwarded-For': '192.168.24.119', 'X-Instance-Id': '369d5861-1dfd-46af-b101-3477e98519dd', 'X-Tenant-Id': '7627c6ea34dd4ea580ab5ab6147f7939', 'X-Instance-Id-Signature': 'fa8ce0894115b7fea089057d384b9ae9331c95b11a9a0064f4e1c33f82a825c0'} {{(pid=109523) __call__ /opt/stack/nova/nova/api/metadata/handler.py:109}}
Apr 28 20:16:11.038872 np0000171166 devstack@n-api-meta.service[109523]: DEBUG nova.api.metadata.handler [None req-7004ff7c-1b55-41ec-a825-88c97b789fe1 None None] Using cached metadata for instance 369d5861-1dfd-46af-b101-3477e98519dd {{(pid=109523) get_metadata_by_instance_id /opt/stack/nova/nova/api/metadata/handler.py:84}}
Apr 28 20:16:11.039323 np0000171166 devstack@n-api-meta.service[109523]: [pid: 109523|app: 0|req: 4/14] 199.204.45.141 () {40 vars in 671 bytes} [Tue Apr 28 20:16:11 2026] GET /latest/meta-data/ami-id => generated 12 bytes in 3 msecs (HTTP/1.1 200) 3 headers in 99 bytes (1 switches on core 0)
Apr 28 20:16:11.046813 np0000171166 devstack@n-api-meta.service[109524]: DEBUG nova.api.metadata.handler [None req-b0b0a0a6-75f4-4275-b37d-1466437d69b3 None None] Metadata request headers: {'Host': '199.204.45.141:8775', 'User-Agent': 'python-requests/2.33.1', 'Accept-Encoding': 'gzip, deflate', 'Accept': '*/*', 'Connection': 'keep-alive', 'X-Forwarded-For': '192.168.24.119', 'X-Instance-Id': '369d5861-1dfd-46af-b101-3477e98519dd', 'X-Tenant-Id': '7627c6ea34dd4ea580ab5ab6147f7939', 'X-Instance-Id-Signature': 'fa8ce0894115b7fea089057d384b9ae9331c95b11a9a0064f4e1c33f82a825c0'} {{(pid=109524) __call__ /opt/stack/nova/nova/api/metadata/handler.py:109}}
Apr 28 20:16:11.049748 np0000171166 devstack@n-api-meta.service[109524]: DEBUG nova.api.metadata.handler [None req-b0b0a0a6-75f4-4275-b37d-1466437d69b3 None None] Using cached metadata for instance 369d5861-1dfd-46af-b101-3477e98519dd {{(pid=109524) get_metadata_by_instance_id /opt/stack/nova/nova/api/metadata/handler.py:84}}
Apr 28 20:16:11.050396 np0000171166 devstack@n-api-meta.service[109524]: [pid: 109524|app: 0|req: 4/15] 199.204.45.141 () {40 vars in 691 bytes} [Tue Apr 28 20:16:11 2026] GET /latest/meta-data/ami-launch-index => generated 1 bytes in 4 msecs (HTTP/1.1 200) 3 headers in 98 bytes (1 switches on core 0)
Apr 28 20:16:11.056682 np0000171166 devstack@n-api-meta.service[109522]: DEBUG nova.api.metadata.handler [None req-5d1568a2-c552-423c-bf67-5c6c6dd198f1 None None] Metadata request headers: {'Host': '199.204.45.141:8775', 'User-Agent': 'python-requests/2.33.1', 'Accept-Encoding': 'gzip, deflate', 'Accept': '*/*', 'Connection': 'keep-alive', 'X-Forwarded-For': '192.168.24.119', 'X-Instance-Id': '369d5861-1dfd-46af-b101-3477e98519dd', 'X-Tenant-Id': '7627c6ea34dd4ea580ab5ab6147f7939', 'X-Instance-Id-Signature': 'fa8ce0894115b7fea089057d384b9ae9331c95b11a9a0064f4e1c33f82a825c0'} {{(pid=109522) __call__ /opt/stack/nova/nova/api/metadata/handler.py:109}}
Apr 28 20:16:11.058573 np0000171166 devstack@n-api-meta.service[109522]: DEBUG nova.api.metadata.handler [None req-5d1568a2-c552-423c-bf67-5c6c6dd198f1 None None] Using cached metadata for instance 369d5861-1dfd-46af-b101-3477e98519dd {{(pid=109522) get_metadata_by_instance_id /opt/stack/nova/nova/api/metadata/handler.py:84}}
Apr 28 20:16:11.058983 np0000171166 devstack@n-api-meta.service[109522]: [pid: 109522|app: 0|req: 4/16] 199.204.45.141 () {40 vars in 693 bytes} [Tue Apr 28 20:16:11 2026] GET /latest/meta-data/ami-manifest-path => generated 5 bytes in 3 msecs (HTTP/1.1 200) 3 headers in 98 bytes (1 switches on core 0)
Apr 28 20:16:11.066787 np0000171166 devstack@n-api-meta.service[109521]: DEBUG nova.api.metadata.handler [None req-89a19b7d-ffeb-4619-b6dd-b58479b29949 None None] Metadata request headers: {'Host': '199.204.45.141:8775', 'User-Agent': 'python-requests/2.33.1', 'Accept-Encoding': 'gzip, deflate', 'Accept': '*/*', 'Connection': 'keep-alive', 'X-Forwarded-For': '192.168.24.119', 'X-Instance-Id': '369d5861-1dfd-46af-b101-3477e98519dd', 'X-Tenant-Id': '7627c6ea34dd4ea580ab5ab6147f7939', 'X-Instance-Id-Signature': 'fa8ce0894115b7fea089057d384b9ae9331c95b11a9a0064f4e1c33f82a825c0'} {{(pid=109521) __call__ /opt/stack/nova/nova/api/metadata/handler.py:109}}
Apr 28 20:16:11.069077 np0000171166 devstack@n-api-meta.service[109521]: DEBUG nova.api.metadata.handler [None req-89a19b7d-ffeb-4619-b6dd-b58479b29949 None None] Using cached metadata for instance 369d5861-1dfd-46af-b101-3477e98519dd {{(pid=109521) get_metadata_by_instance_id /opt/stack/nova/nova/api/metadata/handler.py:84}}
Apr 28 20:16:11.069625 np0000171166 devstack@n-api-meta.service[109521]: [pid: 109521|app: 0|req: 5/17] 199.204.45.141 () {40 vars in 675 bytes} [Tue Apr 28 20:16:11 2026] GET /latest/meta-data/hostname => generated 32 bytes in 3 msecs (HTTP/1.1 200) 3 headers in 99 bytes (1 switches on core 0)
Apr 28 20:16:11.079284 np0000171166 devstack@n-api-meta.service[109523]: DEBUG nova.api.metadata.handler [None req-7004ff7c-1b55-41ec-a825-88c97b789fe1 None None] Metadata request headers: {'Host': '199.204.45.141:8775', 'User-Agent': 'python-requests/2.33.1', 'Accept-Encoding': 'gzip, deflate', 'Accept': '*/*', 'Connection': 'keep-alive', 'X-Forwarded-For': '192.168.24.119', 'X-Instance-Id': '369d5861-1dfd-46af-b101-3477e98519dd', 'X-Tenant-Id': '7627c6ea34dd4ea580ab5ab6147f7939', 'X-Instance-Id-Signature': 'fa8ce0894115b7fea089057d384b9ae9331c95b11a9a0064f4e1c33f82a825c0'} {{(pid=109523) __call__ /opt/stack/nova/nova/api/metadata/handler.py:109}}
Apr 28 20:16:11.081161 np0000171166 devstack@n-api-meta.service[109523]: DEBUG nova.api.metadata.handler [None req-7004ff7c-1b55-41ec-a825-88c97b789fe1 None None] Using cached metadata for instance 369d5861-1dfd-46af-b101-3477e98519dd {{(pid=109523) get_metadata_by_instance_id /opt/stack/nova/nova/api/metadata/handler.py:84}}
Apr 28 20:16:11.081599 np0000171166 devstack@n-api-meta.service[109523]: [pid: 109523|app: 0|req: 5/18] 199.204.45.141 () {40 vars in 688 bytes} [Tue Apr 28 20:16:11 2026] GET /latest/meta-data/instance-action => generated 4 bytes in 3 msecs (HTTP/1.1 200) 3 headers in 98 bytes (1 switches on core 0)
Apr 28 20:16:11.091791 np0000171166 devstack@n-api-meta.service[109524]: DEBUG nova.api.metadata.handler [None req-b0b0a0a6-75f4-4275-b37d-1466437d69b3 None None] Metadata request headers: {'Host': '199.204.45.141:8775', 'User-Agent': 'python-requests/2.33.1', 'Accept-Encoding': 'gzip, deflate', 'Accept': '*/*', 'Connection': 'keep-alive', 'X-Forwarded-For': '192.168.24.119', 'X-Instance-Id': '369d5861-1dfd-46af-b101-3477e98519dd', 'X-Tenant-Id': '7627c6ea34dd4ea580ab5ab6147f7939', 'X-Instance-Id-Signature': 'fa8ce0894115b7fea089057d384b9ae9331c95b11a9a0064f4e1c33f82a825c0'} {{(pid=109524) __call__ /opt/stack/nova/nova/api/metadata/handler.py:109}}
Apr 28 20:16:11.094632 np0000171166 devstack@n-api-meta.service[109524]: DEBUG nova.api.metadata.handler [None req-b0b0a0a6-75f4-4275-b37d-1466437d69b3 None None] Using cached metadata for instance 369d5861-1dfd-46af-b101-3477e98519dd {{(pid=109524) get_metadata_by_instance_id /opt/stack/nova/nova/api/metadata/handler.py:84}}
Apr 28 20:16:11.095259 np0000171166 devstack@n-api-meta.service[109524]: [pid: 109524|app: 0|req: 5/19] 199.204.45.141 () {40 vars in 680 bytes} [Tue Apr 28 20:16:11 2026] GET /latest/meta-data/instance-id => generated 10 bytes in 4 msecs (HTTP/1.1 200) 3 headers in 99 bytes (1 switches on core 0)
Apr 28 20:16:11.102746 np0000171166 devstack@n-api-meta.service[109522]: DEBUG nova.api.metadata.handler [None req-5d1568a2-c552-423c-bf67-5c6c6dd198f1 None None] Metadata request headers: {'Host': '199.204.45.141:8775', 'User-Agent': 'python-requests/2.33.1', 'Accept-Encoding': 'gzip, deflate', 'Accept': '*/*', 'Connection': 'keep-alive', 'X-Forwarded-For': '192.168.24.119', 'X-Instance-Id': '369d5861-1dfd-46af-b101-3477e98519dd', 'X-Tenant-Id': '7627c6ea34dd4ea580ab5ab6147f7939', 'X-Instance-Id-Signature': 'fa8ce0894115b7fea089057d384b9ae9331c95b11a9a0064f4e1c33f82a825c0'} {{(pid=109522) __call__ /opt/stack/nova/nova/api/metadata/handler.py:109}}
