Apr 28 20:11:12.001447 np0000171166 systemd[1]: Starting devstack@n-api-meta.service - Devstack devstack@n-api-meta.service...
Apr 28 20:11:12.011470 np0000171166 devstack@n-api-meta.service[109520]: [uWSGI] getting INI configuration from /etc/nova/nova-metadata-uwsgi.ini
Apr 28 20:11:12.012016 np0000171166 devstack@n-api-meta.service[109520]: open("./http_plugin.so"): No such file or directory [core/utils.c line 3709]
Apr 28 20:11:12.012016 np0000171166 devstack@n-api-meta.service[109520]: !!! UNABLE to load uWSGI plugin: ./http_plugin.so: cannot open shared object file: No such file or directory !!!
Apr 28 20:11:12.012016 np0000171166 devstack@n-api-meta.service[109520]: open("./python3_plugin.so"): No such file or directory [core/utils.c line 3709]
Apr 28 20:11:12.012016 np0000171166 devstack@n-api-meta.service[109520]: !!! UNABLE to load uWSGI plugin: ./python3_plugin.so: cannot open shared object file: No such file or directory !!!
Apr 28 20:11:12.012016 np0000171166 devstack@n-api-meta.service[109520]: *** Starting uWSGI 2.0.31 (64bit) on [Tue Apr 28 20:11:12 2026] ***
Apr 28 20:11:12.012016 np0000171166 devstack@n-api-meta.service[109520]: compiled with version: 13.3.0 on 28 April 2026 20:00:26
Apr 28 20:11:12.012016 np0000171166 devstack@n-api-meta.service[109520]: os: Linux-6.8.0-110-generic #110-Ubuntu SMP PREEMPT_DYNAMIC Thu Mar 19 15:09:20 UTC 2026
Apr 28 20:11:12.012016 np0000171166 devstack@n-api-meta.service[109520]: nodename: np0000171166
Apr 28 20:11:12.012016 np0000171166 devstack@n-api-meta.service[109520]: machine: x86_64
Apr 28 20:11:12.012016 np0000171166 devstack@n-api-meta.service[109520]: clock source: unix
Apr 28 20:11:12.012016 np0000171166 devstack@n-api-meta.service[109520]: pcre jit disabled
Apr 28 20:11:12.012016 np0000171166 devstack@n-api-meta.service[109520]: detected number of CPU cores: 16
Apr 28 20:11:12.012016 np0000171166 devstack@n-api-meta.service[109520]: current working directory: /
Apr 28 20:11:12.012016 np0000171166 devstack@n-api-meta.service[109520]: detected binary path: /opt/stack/data/venv/bin/uwsgi
Apr 28 20:11:12.012016 np0000171166 devstack@n-api-meta.service[109520]: your processes number limit is 256917
Apr 28 20:11:12.012016 np0000171166 devstack@n-api-meta.service[109520]: your memory page size is 4096 bytes
Apr 28 20:11:12.012016 np0000171166 devstack@n-api-meta.service[109520]: detected max file descriptor number: 2048
Apr 28 20:11:12.012016 np0000171166 devstack@n-api-meta.service[109520]: lock engine: pthread robust mutexes
Apr 28 20:11:12.012016 np0000171166 devstack@n-api-meta.service[109520]: thunder lock: enabled
Apr 28 20:11:12.013077 np0000171166 devstack@n-api-meta.service[109520]: uWSGI http bound on 0.0.0.0:8775 fd 5
Apr 28 20:11:12.013077 np0000171166 devstack@n-api-meta.service[109520]: uwsgi socket 0 bound to TCP address 127.0.0.1:45883 (port auto-assigned) fd 4
Apr 28 20:11:12.013077 np0000171166 devstack@n-api-meta.service[109520]: Python version: 3.12.3 (main, Mar 23 2026, 19:04:32) [GCC 13.3.0]
Apr 28 20:11:12.013077 np0000171166 devstack@n-api-meta.service[109520]: PEP 405 virtualenv detected: /opt/stack/data/venv
Apr 28 20:11:12.013077 np0000171166 devstack@n-api-meta.service[109520]: Set PythonHome to /opt/stack/data/venv
Apr 28 20:11:12.054199 np0000171166 devstack@n-api-meta.service[109520]: Python main interpreter initialized at 0x7db2c46a3668
Apr 28 20:11:12.054199 np0000171166 devstack@n-api-meta.service[109520]: python threads support enabled
Apr 28 20:11:12.054199 np0000171166 devstack@n-api-meta.service[109520]: your server socket listen backlog is limited to 100 connections
Apr 28 20:11:12.054199 np0000171166 devstack@n-api-meta.service[109520]: your mercy for graceful operations on workers is 80 seconds
Apr 28 20:11:12.055063 np0000171166 devstack@n-api-meta.service[109520]: mapped 671795 bytes (656 KB) for 4 cores
Apr 28 20:11:12.055063 np0000171166 devstack@n-api-meta.service[109520]: *** Operational MODE: preforking ***
Apr 28 20:11:12.055063 np0000171166 devstack@n-api-meta.service[109520]: *** uWSGI is running in multiple interpreter mode ***
Apr 28 20:11:12.055063 np0000171166 devstack@n-api-meta.service[109520]: spawned uWSGI master process (pid: 109520)
Apr 28 20:11:12.055259 np0000171166 systemd[1]: Started devstack@n-api-meta.service - Devstack devstack@n-api-meta.service.
Apr 28 20:11:12.056041 np0000171166 devstack@n-api-meta.service[109520]: spawned uWSGI worker 1 (pid: 109521, cores: 1)
Apr 28 20:11:12.056250 np0000171166 devstack@n-api-meta.service[109520]: spawned uWSGI worker 2 (pid: 109522, cores: 1)
Apr 28 20:11:12.056911 np0000171166 devstack@n-api-meta.service[109520]: spawned uWSGI worker 3 (pid: 109523, cores: 1)
Apr 28 20:11:12.057549 np0000171166 devstack@n-api-meta.service[109520]: spawned uWSGI worker 4 (pid: 109524, cores: 1)
Apr 28 20:11:12.058341 np0000171166 devstack@n-api-meta.service[109520]: spawned uWSGI http 1 (pid: 109525)
Apr 28 20:11:12.058341 np0000171166 devstack@n-api-meta.service[109520]: running "unix_signal:15 gracefully_kill_them_all" (master-start)...
Apr 28 20:11:12.373693 np0000171166 devstack@n-api-meta.service[109521]: /opt/stack/data/venv/lib/python3.12/site-packages/oslo_concurrency/lockutils.py:41: EventletDeprecationWarning:
Apr 28 20:11:12.373693 np0000171166 devstack@n-api-meta.service[109521]: Eventlet is deprecated. It is currently being maintained in bugfix mode, and
Apr 28 20:11:12.373693 np0000171166 devstack@n-api-meta.service[109521]: we strongly recommend against using it for new projects.
Apr 28 20:11:12.373693 np0000171166 devstack@n-api-meta.service[109521]: If you are already using Eventlet, we recommend migrating to a different
Apr 28 20:11:12.373693 np0000171166 devstack@n-api-meta.service[109521]: framework. For more detail see
Apr 28 20:11:12.373693 np0000171166 devstack@n-api-meta.service[109521]: https://eventlet.readthedocs.io/en/latest/asyncio/migration.html
Apr 28 20:11:12.373693 np0000171166 devstack@n-api-meta.service[109521]: import eventlet
Apr 28 20:11:12.387102 np0000171166 devstack@n-api-meta.service[109524]: /opt/stack/data/venv/lib/python3.12/site-packages/oslo_concurrency/lockutils.py:41: EventletDeprecationWarning:
Apr 28 20:11:12.387102 np0000171166 devstack@n-api-meta.service[109524]: Eventlet is deprecated. It is currently being maintained in bugfix mode, and
Apr 28 20:11:12.387102 np0000171166 devstack@n-api-meta.service[109524]: we strongly recommend against using it for new projects.
Apr 28 20:11:12.387102 np0000171166 devstack@n-api-meta.service[109524]: If you are already using Eventlet, we recommend migrating to a different
Apr 28 20:11:12.387102 np0000171166 devstack@n-api-meta.service[109524]: framework. For more detail see
Apr 28 20:11:12.387102 np0000171166 devstack@n-api-meta.service[109524]: https://eventlet.readthedocs.io/en/latest/asyncio/migration.html
Apr 28 20:11:12.387102 np0000171166 devstack@n-api-meta.service[109524]: import eventlet
Apr 28 20:11:12.388495 np0000171166 devstack@n-api-meta.service[109523]: /opt/stack/data/venv/lib/python3.12/site-packages/oslo_concurrency/lockutils.py:41: EventletDeprecationWarning:
Apr 28 20:11:12.388495 np0000171166 devstack@n-api-meta.service[109523]: Eventlet is deprecated. It is currently being maintained in bugfix mode, and
Apr 28 20:11:12.388495 np0000171166 devstack@n-api-meta.service[109523]: we strongly recommend against using it for new projects.
Apr 28 20:11:12.388495 np0000171166 devstack@n-api-meta.service[109523]: If you are already using Eventlet, we recommend migrating to a different
Apr 28 20:11:12.388495 np0000171166 devstack@n-api-meta.service[109523]: framework. For more detail see
Apr 28 20:11:12.388495 np0000171166 devstack@n-api-meta.service[109523]: https://eventlet.readthedocs.io/en/latest/asyncio/migration.html
Apr 28 20:11:12.388495 np0000171166 devstack@n-api-meta.service[109523]: import eventlet
Apr 28 20:11:12.389688 np0000171166 devstack@n-api-meta.service[109522]: /opt/stack/data/venv/lib/python3.12/site-packages/oslo_concurrency/lockutils.py:41: EventletDeprecationWarning:
Apr 28 20:11:12.389688 np0000171166 devstack@n-api-meta.service[109522]: Eventlet is deprecated. It is currently being maintained in bugfix mode, and
Apr 28 20:11:12.389688 np0000171166 devstack@n-api-meta.service[109522]: we strongly recommend against using it for new projects.
Apr 28 20:11:12.389688 np0000171166 devstack@n-api-meta.service[109522]: If you are already using Eventlet, we recommend migrating to a different
Apr 28 20:11:12.389688 np0000171166 devstack@n-api-meta.service[109522]: framework. For more detail see
Apr 28 20:11:12.389688 np0000171166 devstack@n-api-meta.service[109522]: https://eventlet.readthedocs.io/en/latest/asyncio/migration.html
Apr 28 20:11:12.389688 np0000171166 devstack@n-api-meta.service[109522]: import eventlet
Apr 28 20:11:12.436923 np0000171166 devstack@n-api-meta.service[109524]: Service is starting with native threading. This is currently experimental. Do not use it in production without first testing it in pre-production.
Apr 28 20:11:12.437368 np0000171166 devstack@n-api-meta.service[109523]: Service is starting with native threading. This is currently experimental. Do not use it in production without first testing it in pre-production.
Apr 28 20:11:12.439289 np0000171166 devstack@n-api-meta.service[109521]: Service is starting with native threading. This is currently experimental. Do not use it in production without first testing it in pre-production.
Apr 28 20:11:12.440706 np0000171166 devstack@n-api-meta.service[109522]: Service is starting with native threading. This is currently experimental. Do not use it in production without first testing it in pre-production.
Apr 28 20:11:13.920540 np0000171166 devstack@n-api-meta.service[109524]: INFO dbcounter [None req-b0b0a0a6-75f4-4275-b37d-1466437d69b3 None None] Registered counter for database nova_api
Apr 28 20:11:13.922156 np0000171166 devstack@n-api-meta.service[109521]: INFO dbcounter [None req-4bdb2a4a-f9b5-4c60-876a-ee23704885d3 None None] Registered counter for database nova_api
Apr 28 20:11:13.936008 np0000171166 devstack@n-api-meta.service[109524]: DEBUG oslo_db.sqlalchemy.engines [None req-b0b0a0a6-75f4-4275-b37d-1466437d69b3 None None] MySQL server mode set to STRICT_TRANS_TABLES,STRICT_ALL_TABLES,NO_ZERO_IN_DATE,NO_ZERO_DATE,ERROR_FOR_DIVISION_BY_ZERO,TRADITIONAL,NO_ENGINE_SUBSTITUTION {{(pid=109524) _check_effective_sql_mode /opt/stack/data/venv/lib/python3.12/site-packages/oslo_db/sqlalchemy/engines.py:325}}
Apr 28 20:11:13.940549 np0000171166 devstack@n-api-meta.service[109521]: DEBUG oslo_db.sqlalchemy.engines [None req-4bdb2a4a-f9b5-4c60-876a-ee23704885d3 None None] MySQL server mode set to STRICT_TRANS_TABLES,STRICT_ALL_TABLES,NO_ZERO_IN_DATE,NO_ZERO_DATE,ERROR_FOR_DIVISION_BY_ZERO,TRADITIONAL,NO_ENGINE_SUBSTITUTION {{(pid=109521) _check_effective_sql_mode /opt/stack/data/venv/lib/python3.12/site-packages/oslo_db/sqlalchemy/engines.py:325}}
Apr 28 20:11:13.949659 np0000171166 devstack@n-api-meta.service[109523]: INFO dbcounter [None req-7004ff7c-1b55-41ec-a825-88c97b789fe1 None None] Registered counter for database nova_api
Apr 28 20:11:13.964471 np0000171166 devstack@n-api-meta.service[109523]: DEBUG oslo_db.sqlalchemy.engines [None req-7004ff7c-1b55-41ec-a825-88c97b789fe1 None None] MySQL server mode set to STRICT_TRANS_TABLES,STRICT_ALL_TABLES,NO_ZERO_IN_DATE,NO_ZERO_DATE,ERROR_FOR_DIVISION_BY_ZERO,TRADITIONAL,NO_ENGINE_SUBSTITUTION {{(pid=109523) _check_effective_sql_mode /opt/stack/data/venv/lib/python3.12/site-packages/oslo_db/sqlalchemy/engines.py:325}}
Apr 28 20:11:13.965861 np0000171166 devstack@n-api-meta.service[109524]: DEBUG dbcounter [-] [109524] Writer thread running {{(pid=109524) stat_writer /opt/stack/data/venv/lib/python3.12/site-packages/dbcounter.py:102}}
Apr 28 20:11:13.968170 np0000171166 devstack@n-api-meta.service[109524]: DEBUG nova.context [None req-b0b0a0a6-75f4-4275-b37d-1466437d69b3 None None] Found 2 cells: 00000000-0000-0000-0000-000000000000(cell0),03d3fc8a-89fe-4a10-bfc0-bd87ef4683f8(cell1) {{(pid=109524) load_cells /opt/stack/nova/nova/context.py:509}}
Apr 28 20:11:13.968386 np0000171166 devstack@n-api-meta.service[109524]: INFO nova.utils [None req-b0b0a0a6-75f4-4275-b37d-1466437d69b3 None None] The cell worker thread pool MainProcess.cell_worker is initialized
Apr 28 20:11:13.969758 np0000171166 devstack@n-api-meta.service[109521]: DEBUG dbcounter [-] [109521] Writer thread running {{(pid=109521) stat_writer /opt/stack/data/venv/lib/python3.12/site-packages/dbcounter.py:102}}
Apr 28 20:11:13.970111 np0000171166 devstack@n-api-meta.service[109524]: DEBUG oslo_concurrency.lockutils [None req-b0b0a0a6-75f4-4275-b37d-1466437d69b3 None None] Acquiring lock "00000000-0000-0000-0000-000000000000" by "nova.context.set_target_cell..get_or_set_cached_cell_and_set_connections" {{(pid=109524) inner /opt/stack/data/venv/lib/python3.12/site-packages/oslo_concurrency/lockutils.py:506}}
Apr 28 20:11:13.970248 np0000171166 devstack@n-api-meta.service[109524]: DEBUG oslo_concurrency.lockutils [None req-b0b0a0a6-75f4-4275-b37d-1466437d69b3 None None] Lock "00000000-0000-0000-0000-000000000000" acquired by "nova.context.set_target_cell..get_or_set_cached_cell_and_set_connections" :: waited 0.000s {{(pid=109524) inner /opt/stack/data/venv/lib/python3.12/site-packages/oslo_concurrency/lockutils.py:519}}
Apr 28 20:11:13.970605 np0000171166 devstack@n-api-meta.service[109524]: DEBUG oslo_concurrency.lockutils [None req-b0b0a0a6-75f4-4275-b37d-1466437d69b3 None None] Lock "00000000-0000-0000-0000-000000000000" "released" by "nova.context.set_target_cell..get_or_set_cached_cell_and_set_connections" :: held 0.000s {{(pid=109524) inner /opt/stack/data/venv/lib/python3.12/site-packages/oslo_concurrency/lockutils.py:538}}
Apr 28 20:11:13.971395 np0000171166 devstack@n-api-meta.service[109524]: DEBUG oslo_concurrency.lockutils [None req-b0b0a0a6-75f4-4275-b37d-1466437d69b3 None None] Acquiring lock "03d3fc8a-89fe-4a10-bfc0-bd87ef4683f8" by "nova.context.set_target_cell..get_or_set_cached_cell_and_set_connections" {{(pid=109524) inner /opt/stack/data/venv/lib/python3.12/site-packages/oslo_concurrency/lockutils.py:506}}
Apr 28 20:11:13.971395 np0000171166 devstack@n-api-meta.service[109524]: DEBUG oslo_concurrency.lockutils [None req-b0b0a0a6-75f4-4275-b37d-1466437d69b3 None None] Lock "03d3fc8a-89fe-4a10-bfc0-bd87ef4683f8" acquired by "nova.context.set_target_cell..get_or_set_cached_cell_and_set_connections" :: waited 0.000s {{(pid=109524) inner /opt/stack/data/venv/lib/python3.12/site-packages/oslo_concurrency/lockutils.py:519}}
Apr 28 20:11:13.972243 np0000171166 devstack@n-api-meta.service[109524]: DEBUG oslo_concurrency.lockutils [None req-b0b0a0a6-75f4-4275-b37d-1466437d69b3 None None] Lock "03d3fc8a-89fe-4a10-bfc0-bd87ef4683f8" "released" by "nova.context.set_target_cell..get_or_set_cached_cell_and_set_connections" :: held 0.001s {{(pid=109524) inner /opt/stack/data/venv/lib/python3.12/site-packages/oslo_concurrency/lockutils.py:538}}
Apr 28 20:11:13.972540 np0000171166 devstack@n-api-meta.service[109521]: DEBUG nova.context [None req-4bdb2a4a-f9b5-4c60-876a-ee23704885d3 None None] Found 2 cells: 00000000-0000-0000-0000-000000000000(cell0),03d3fc8a-89fe-4a10-bfc0-bd87ef4683f8(cell1) {{(pid=109521) load_cells /opt/stack/nova/nova/context.py:509}}
Apr 28 20:11:13.972745 np0000171166 devstack@n-api-meta.service[109521]: INFO nova.utils [None req-4bdb2a4a-f9b5-4c60-876a-ee23704885d3 None None] The cell worker thread pool MainProcess.cell_worker is initialized
Apr 28 20:11:13.974409 np0000171166 devstack@n-api-meta.service[109521]: DEBUG oslo_concurrency.lockutils [None req-4bdb2a4a-f9b5-4c60-876a-ee23704885d3 None None] Acquiring lock "00000000-0000-0000-0000-000000000000" by "nova.context.set_target_cell..get_or_set_cached_cell_and_set_connections" {{(pid=109521) inner /opt/stack/data/venv/lib/python3.12/site-packages/oslo_concurrency/lockutils.py:506}}
Apr 28 20:11:13.974507 np0000171166 devstack@n-api-meta.service[109524]: INFO dbcounter [None req-b0b0a0a6-75f4-4275-b37d-1466437d69b3 None None] Registered counter for database nova_cell0
Apr 28 20:11:13.974608 np0000171166 devstack@n-api-meta.service[109521]: DEBUG oslo_concurrency.lockutils [None req-4bdb2a4a-f9b5-4c60-876a-ee23704885d3 None None] Lock "00000000-0000-0000-0000-000000000000" acquired by "nova.context.set_target_cell..get_or_set_cached_cell_and_set_connections" :: waited 0.000s {{(pid=109521) inner /opt/stack/data/venv/lib/python3.12/site-packages/oslo_concurrency/lockutils.py:519}}
Apr 28 20:11:13.974874 np0000171166 devstack@n-api-meta.service[109521]: DEBUG oslo_concurrency.lockutils [None req-4bdb2a4a-f9b5-4c60-876a-ee23704885d3 None None] Lock "00000000-0000-0000-0000-000000000000" "released" by "nova.context.set_target_cell..get_or_set_cached_cell_and_set_connections" :: held 0.000s {{(pid=109521) inner /opt/stack/data/venv/lib/python3.12/site-packages/oslo_concurrency/lockutils.py:538}}
Apr 28 20:11:13.975522 np0000171166 devstack@n-api-meta.service[109521]: DEBUG oslo_concurrency.lockutils [None req-4bdb2a4a-f9b5-4c60-876a-ee23704885d3 None None] Acquiring lock "03d3fc8a-89fe-4a10-bfc0-bd87ef4683f8" by "nova.context.set_target_cell..get_or_set_cached_cell_and_set_connections" {{(pid=109521) inner /opt/stack/data/venv/lib/python3.12/site-packages/oslo_concurrency/lockutils.py:506}}
Apr 28 20:11:13.975644 np0000171166 devstack@n-api-meta.service[109521]: DEBUG oslo_concurrency.lockutils [None req-4bdb2a4a-f9b5-4c60-876a-ee23704885d3 None None] Lock "03d3fc8a-89fe-4a10-bfc0-bd87ef4683f8" acquired by "nova.context.set_target_cell..get_or_set_cached_cell_and_set_connections" :: waited 0.000s {{(pid=109521) inner /opt/stack/data/venv/lib/python3.12/site-packages/oslo_concurrency/lockutils.py:519}}
Apr 28 20:11:13.976462 np0000171166 devstack@n-api-meta.service[109521]: DEBUG oslo_concurrency.lockutils [None req-4bdb2a4a-f9b5-4c60-876a-ee23704885d3 None None] Lock "03d3fc8a-89fe-4a10-bfc0-bd87ef4683f8" "released" by "nova.context.set_target_cell..get_or_set_cached_cell_and_set_connections" :: held 0.001s {{(pid=109521) inner /opt/stack/data/venv/lib/python3.12/site-packages/oslo_concurrency/lockutils.py:538}}
Apr 28 20:11:13.978519 np0000171166 devstack@n-api-meta.service[109524]: INFO dbcounter [None req-b0b0a0a6-75f4-4275-b37d-1466437d69b3 None None] Registered counter for database nova_cell1
Apr 28 20:11:13.978618 np0000171166 devstack@n-api-meta.service[109521]: INFO dbcounter [None req-4bdb2a4a-f9b5-4c60-876a-ee23704885d3 None None] Registered counter for database nova_cell0
Apr 28 20:11:13.984065 np0000171166 devstack@n-api-meta.service[109521]: INFO dbcounter [None req-4bdb2a4a-f9b5-4c60-876a-ee23704885d3 None None] Registered counter for database nova_cell1
Apr 28 20:11:13.989562 np0000171166 devstack@n-api-meta.service[109524]: DEBUG oslo_db.sqlalchemy.engines [None req-b0b0a0a6-75f4-4275-b37d-1466437d69b3 None None] MySQL server mode set to STRICT_TRANS_TABLES,STRICT_ALL_TABLES,NO_ZERO_IN_DATE,NO_ZERO_DATE,ERROR_FOR_DIVISION_BY_ZERO,TRADITIONAL,NO_ENGINE_SUBSTITUTION {{(pid=109524) _check_effective_sql_mode /opt/stack/data/venv/lib/python3.12/site-packages/oslo_db/sqlalchemy/engines.py:325}}
Apr 28 20:11:13.998030 np0000171166 devstack@n-api-meta.service[109521]: DEBUG oslo_db.sqlalchemy.engines [None req-4bdb2a4a-f9b5-4c60-876a-ee23704885d3 None None] MySQL server mode set to STRICT_TRANS_TABLES,STRICT_ALL_TABLES,NO_ZERO_IN_DATE,NO_ZERO_DATE,ERROR_FOR_DIVISION_BY_ZERO,TRADITIONAL,NO_ENGINE_SUBSTITUTION {{(pid=109521) _check_effective_sql_mode /opt/stack/data/venv/lib/python3.12/site-packages/oslo_db/sqlalchemy/engines.py:325}}
Apr 28 20:11:13.999558 np0000171166 devstack@n-api-meta.service[109524]: DEBUG oslo_db.sqlalchemy.engines [None req-b0b0a0a6-75f4-4275-b37d-1466437d69b3 None None] MySQL server mode set to STRICT_TRANS_TABLES,STRICT_ALL_TABLES,NO_ZERO_IN_DATE,NO_ZERO_DATE,ERROR_FOR_DIVISION_BY_ZERO,TRADITIONAL,NO_ENGINE_SUBSTITUTION {{(pid=109524) _check_effective_sql_mode /opt/stack/data/venv/lib/python3.12/site-packages/oslo_db/sqlalchemy/engines.py:325}}
Apr 28 20:11:13.999665 np0000171166 devstack@n-api-meta.service[109523]: DEBUG dbcounter [-] [109523] Writer thread running {{(pid=109523) stat_writer /opt/stack/data/venv/lib/python3.12/site-packages/dbcounter.py:102}}
Apr 28 20:11:14.002474 np0000171166 devstack@n-api-meta.service[109523]: DEBUG nova.context [None req-7004ff7c-1b55-41ec-a825-88c97b789fe1 None None] Found 2 cells: 00000000-0000-0000-0000-000000000000(cell0),03d3fc8a-89fe-4a10-bfc0-bd87ef4683f8(cell1) {{(pid=109523) load_cells /opt/stack/nova/nova/context.py:509}}
Apr 28 20:11:14.002706 np0000171166 devstack@n-api-meta.service[109523]: INFO nova.utils [None req-7004ff7c-1b55-41ec-a825-88c97b789fe1 None None] The cell worker thread pool MainProcess.cell_worker is initialized
Apr 28 20:11:14.003083 np0000171166 devstack@n-api-meta.service[109521]: DEBUG oslo_db.sqlalchemy.engines [None req-4bdb2a4a-f9b5-4c60-876a-ee23704885d3 None None] MySQL server mode set to STRICT_TRANS_TABLES,STRICT_ALL_TABLES,NO_ZERO_IN_DATE,NO_ZERO_DATE,ERROR_FOR_DIVISION_BY_ZERO,TRADITIONAL,NO_ENGINE_SUBSTITUTION {{(pid=109521) _check_effective_sql_mode /opt/stack/data/venv/lib/python3.12/site-packages/oslo_db/sqlalchemy/engines.py:325}}
Apr 28 20:11:14.005069 np0000171166 devstack@n-api-meta.service[109523]: DEBUG oslo_concurrency.lockutils [None req-7004ff7c-1b55-41ec-a825-88c97b789fe1 None None] Acquiring lock "00000000-0000-0000-0000-000000000000" by "nova.context.set_target_cell..get_or_set_cached_cell_and_set_connections" {{(pid=109523) inner /opt/stack/data/venv/lib/python3.12/site-packages/oslo_concurrency/lockutils.py:506}}
Apr 28 20:11:14.005278 np0000171166 devstack@n-api-meta.service[109523]: DEBUG oslo_concurrency.lockutils [None req-7004ff7c-1b55-41ec-a825-88c97b789fe1 None None] Lock "00000000-0000-0000-0000-000000000000" acquired by "nova.context.set_target_cell..get_or_set_cached_cell_and_set_connections" :: waited 0.000s {{(pid=109523) inner /opt/stack/data/venv/lib/python3.12/site-packages/oslo_concurrency/lockutils.py:519}}
Apr 28 20:11:14.005770 np0000171166 devstack@n-api-meta.service[109523]: DEBUG oslo_concurrency.lockutils [None req-7004ff7c-1b55-41ec-a825-88c97b789fe1 None None] Lock "00000000-0000-0000-0000-000000000000" "released" by "nova.context.set_target_cell..get_or_set_cached_cell_and_set_connections" :: held 0.000s {{(pid=109523) inner /opt/stack/data/venv/lib/python3.12/site-packages/oslo_concurrency/lockutils.py:538}}
Apr 28 20:11:14.006665 np0000171166 devstack@n-api-meta.service[109523]: DEBUG oslo_concurrency.lockutils [None req-7004ff7c-1b55-41ec-a825-88c97b789fe1 None None] Acquiring lock "03d3fc8a-89fe-4a10-bfc0-bd87ef4683f8" by "nova.context.set_target_cell..get_or_set_cached_cell_and_set_connections" {{(pid=109523) inner /opt/stack/data/venv/lib/python3.12/site-packages/oslo_concurrency/lockutils.py:506}}
Apr 28 20:11:14.006875 np0000171166 devstack@n-api-meta.service[109523]: DEBUG oslo_concurrency.lockutils [None req-7004ff7c-1b55-41ec-a825-88c97b789fe1 None None] Lock "03d3fc8a-89fe-4a10-bfc0-bd87ef4683f8" acquired by "nova.context.set_target_cell..get_or_set_cached_cell_and_set_connections" :: waited 0.000s {{(pid=109523) inner /opt/stack/data/venv/lib/python3.12/site-packages/oslo_concurrency/lockutils.py:519}}
Apr 28 20:11:14.008156 np0000171166 devstack@n-api-meta.service[109523]: DEBUG oslo_concurrency.lockutils [None req-7004ff7c-1b55-41ec-a825-88c97b789fe1 None None] Lock "03d3fc8a-89fe-4a10-bfc0-bd87ef4683f8" "released" by "nova.context.set_target_cell..get_or_set_cached_cell_and_set_connections" :: held 0.001s {{(pid=109523) inner /opt/stack/data/venv/lib/python3.12/site-packages/oslo_concurrency/lockutils.py:538}}
Apr 28 20:11:14.010408 np0000171166 devstack@n-api-meta.service[109523]: INFO dbcounter [None req-7004ff7c-1b55-41ec-a825-88c97b789fe1 None None] Registered counter for database nova_cell0
Apr 28 20:11:14.014409 np0000171166 devstack@n-api-meta.service[109523]: INFO dbcounter [None req-7004ff7c-1b55-41ec-a825-88c97b789fe1 None None] Registered counter for database nova_cell1
Apr 28 20:11:14.023906 np0000171166 devstack@n-api-meta.service[109523]: DEBUG oslo_db.sqlalchemy.engines [None req-7004ff7c-1b55-41ec-a825-88c97b789fe1 None None] MySQL server mode set to STRICT_TRANS_TABLES,STRICT_ALL_TABLES,NO_ZERO_IN_DATE,NO_ZERO_DATE,ERROR_FOR_DIVISION_BY_ZERO,TRADITIONAL,NO_ENGINE_SUBSTITUTION {{(pid=109523) _check_effective_sql_mode /opt/stack/data/venv/lib/python3.12/site-packages/oslo_db/sqlalchemy/engines.py:325}}
Apr 28 20:11:14.028491 np0000171166 devstack@n-api-meta.service[109523]: DEBUG oslo_db.sqlalchemy.engines [None req-7004ff7c-1b55-41ec-a825-88c97b789fe1 None None] MySQL server mode set to STRICT_TRANS_TABLES,STRICT_ALL_TABLES,NO_ZERO_IN_DATE,NO_ZERO_DATE,ERROR_FOR_DIVISION_BY_ZERO,TRADITIONAL,NO_ENGINE_SUBSTITUTION {{(pid=109523) _check_effective_sql_mode /opt/stack/data/venv/lib/python3.12/site-packages/oslo_db/sqlalchemy/engines.py:325}}
Apr 28 20:11:14.039142 np0000171166 devstack@n-api-meta.service[109522]: INFO dbcounter [None req-5d1568a2-c552-423c-bf67-5c6c6dd198f1 None None] Registered counter for database nova_api
Apr 28 20:11:14.061271 np0000171166 devstack@n-api-meta.service[109522]: DEBUG oslo_db.sqlalchemy.engines [None req-5d1568a2-c552-423c-bf67-5c6c6dd198f1 None None] MySQL server mode set to STRICT_TRANS_TABLES,STRICT_ALL_TABLES,NO_ZERO_IN_DATE,NO_ZERO_DATE,ERROR_FOR_DIVISION_BY_ZERO,TRADITIONAL,NO_ENGINE_SUBSTITUTION {{(pid=109522) _check_effective_sql_mode /opt/stack/data/venv/lib/python3.12/site-packages/oslo_db/sqlalchemy/engines.py:325}}
Apr 28 20:11:14.098577 np0000171166 devstack@n-api-meta.service[109521]: DEBUG dbcounter [-] [109521] Writer thread running {{(pid=109521) stat_writer /opt/stack/data/venv/lib/python3.12/site-packages/dbcounter.py:102}}
Apr 28 20:11:14.098803 np0000171166 devstack@n-api-meta.service[109522]: DEBUG dbcounter [-] [109522] Writer thread running {{(pid=109522) stat_writer /opt/stack/data/venv/lib/python3.12/site-packages/dbcounter.py:102}}
Apr 28 20:11:14.099582 np0000171166 devstack@n-api-meta.service[109521]: DEBUG dbcounter [-] [109521] Writer thread running {{(pid=109521) stat_writer /opt/stack/data/venv/lib/python3.12/site-packages/dbcounter.py:102}}
Apr 28 20:11:14.100992 np0000171166 devstack@n-api-meta.service[109522]: DEBUG nova.context [None req-5d1568a2-c552-423c-bf67-5c6c6dd198f1 None None] Found 2 cells: 00000000-0000-0000-0000-000000000000(cell0),03d3fc8a-89fe-4a10-bfc0-bd87ef4683f8(cell1) {{(pid=109522) load_cells /opt/stack/nova/nova/context.py:509}}
Apr 28 20:11:14.101217 np0000171166 devstack@n-api-meta.service[109522]: INFO nova.utils [None req-5d1568a2-c552-423c-bf67-5c6c6dd198f1 None None] The cell worker thread pool MainProcess.cell_worker is initialized
Apr 28 20:11:14.102976 np0000171166 devstack@n-api-meta.service[109522]: DEBUG oslo_concurrency.lockutils [None req-5d1568a2-c552-423c-bf67-5c6c6dd198f1 None None] Acquiring lock "00000000-0000-0000-0000-000000000000" by "nova.context.set_target_cell..get_or_set_cached_cell_and_set_connections" {{(pid=109522) inner /opt/stack/data/venv/lib/python3.12/site-packages/oslo_concurrency/lockutils.py:506}}
Apr 28 20:11:14.103132 np0000171166 devstack@n-api-meta.service[109522]: DEBUG oslo_concurrency.lockutils [None req-5d1568a2-c552-423c-bf67-5c6c6dd198f1 None None] Lock "00000000-0000-0000-0000-000000000000" acquired by "nova.context.set_target_cell..get_or_set_cached_cell_and_set_connections" :: waited 0.000s {{(pid=109522) inner /opt/stack/data/venv/lib/python3.12/site-packages/oslo_concurrency/lockutils.py:519}}
Apr 28 20:11:14.103516 np0000171166 devstack@n-api-meta.service[109522]: DEBUG oslo_concurrency.lockutils [None req-5d1568a2-c552-423c-bf67-5c6c6dd198f1 None None] Lock "00000000-0000-0000-0000-000000000000" "released" by "nova.context.set_target_cell..get_or_set_cached_cell_and_set_connections" :: held 0.000s {{(pid=109522) inner /opt/stack/data/venv/lib/python3.12/site-packages/oslo_concurrency/lockutils.py:538}}
Apr 28 20:11:14.103563 np0000171166 devstack@n-api-meta.service[109524]: DEBUG dbcounter [-] [109524] Writer thread running {{(pid=109524) stat_writer /opt/stack/data/venv/lib/python3.12/site-packages/dbcounter.py:102}}
Apr 28 20:11:14.104225 np0000171166 devstack@n-api-meta.service[109522]: DEBUG oslo_concurrency.lockutils [None req-5d1568a2-c552-423c-bf67-5c6c6dd198f1 None None] Acquiring lock "03d3fc8a-89fe-4a10-bfc0-bd87ef4683f8" by "nova.context.set_target_cell..get_or_set_cached_cell_and_set_connections" {{(pid=109522) inner /opt/stack/data/venv/lib/python3.12/site-packages/oslo_concurrency/lockutils.py:506}}
Apr 28 20:11:14.104372 np0000171166 devstack@n-api-meta.service[109522]: DEBUG oslo_concurrency.lockutils [None req-5d1568a2-c552-423c-bf67-5c6c6dd198f1 None None] Lock "03d3fc8a-89fe-4a10-bfc0-bd87ef4683f8" acquired by "nova.context.set_target_cell..get_or_set_cached_cell_and_set_connections" :: waited 0.000s {{(pid=109522) inner /opt/stack/data/venv/lib/python3.12/site-packages/oslo_concurrency/lockutils.py:519}}
Apr 28 20:11:14.104557 np0000171166 devstack@n-api-meta.service[109521]: INFO dbcounter [None req-4bdb2a4a-f9b5-4c60-876a-ee23704885d3 None None] Registered counter for database nova_cell0
Apr 28 20:11:14.105326 np0000171166 devstack@n-api-meta.service[109522]: DEBUG oslo_concurrency.lockutils [None req-5d1568a2-c552-423c-bf67-5c6c6dd198f1 None None] Lock "03d3fc8a-89fe-4a10-bfc0-bd87ef4683f8" "released" by "nova.context.set_target_cell..get_or_set_cached_cell_and_set_connections" :: held 0.001s {{(pid=109522) inner /opt/stack/data/venv/lib/python3.12/site-packages/oslo_concurrency/lockutils.py:538}}
Apr 28 20:11:14.106820 np0000171166 devstack@n-api-meta.service[109524]: DEBUG dbcounter [-] [109524] Writer thread running {{(pid=109524) stat_writer /opt/stack/data/venv/lib/python3.12/site-packages/dbcounter.py:102}}
Apr 28 20:11:14.107725 np0000171166 devstack@n-api-meta.service[109522]: INFO dbcounter [None req-5d1568a2-c552-423c-bf67-5c6c6dd198f1 None None] Registered counter for database nova_cell0
Apr 28 20:11:14.112769 np0000171166 devstack@n-api-meta.service[109522]: INFO dbcounter [None req-5d1568a2-c552-423c-bf67-5c6c6dd198f1 None None] Registered counter for database nova_cell1
Apr 28 20:11:14.113441 np0000171166 devstack@n-api-meta.service[109524]: INFO dbcounter [None req-b0b0a0a6-75f4-4275-b37d-1466437d69b3 None None] Registered counter for database nova_cell0
Apr 28 20:11:14.114638 np0000171166 devstack@n-api-meta.service[109521]: DEBUG oslo_db.sqlalchemy.engines [None req-4bdb2a4a-f9b5-4c60-876a-ee23704885d3 None None] MySQL server mode set to STRICT_TRANS_TABLES,STRICT_ALL_TABLES,NO_ZERO_IN_DATE,NO_ZERO_DATE,ERROR_FOR_DIVISION_BY_ZERO,TRADITIONAL,NO_ENGINE_SUBSTITUTION {{(pid=109521) _check_effective_sql_mode /opt/stack/data/venv/lib/python3.12/site-packages/oslo_db/sqlalchemy/engines.py:325}}
Apr 28 20:11:14.117954 np0000171166 devstack@n-api-meta.service[109523]: DEBUG dbcounter [-] [109523] Writer thread running {{(pid=109523) stat_writer /opt/stack/data/venv/lib/python3.12/site-packages/dbcounter.py:102}}
Apr 28 20:11:14.120729 np0000171166 devstack@n-api-meta.service[109522]: DEBUG oslo_db.sqlalchemy.engines [None req-5d1568a2-c552-423c-bf67-5c6c6dd198f1 None None] MySQL server mode set to STRICT_TRANS_TABLES,STRICT_ALL_TABLES,NO_ZERO_IN_DATE,NO_ZERO_DATE,ERROR_FOR_DIVISION_BY_ZERO,TRADITIONAL,NO_ENGINE_SUBSTITUTION {{(pid=109522) _check_effective_sql_mode /opt/stack/data/venv/lib/python3.12/site-packages/oslo_db/sqlalchemy/engines.py:325}}
Apr 28 20:11:14.122522 np0000171166 devstack@n-api-meta.service[109523]: DEBUG dbcounter [-] [109523] Writer thread running {{(pid=109523) stat_writer /opt/stack/data/venv/lib/python3.12/site-packages/dbcounter.py:102}}
Apr 28 20:11:14.124970 np0000171166 devstack@n-api-meta.service[109521]: DEBUG dbcounter [-] [109521] Writer thread running {{(pid=109521) stat_writer /opt/stack/data/venv/lib/python3.12/site-packages/dbcounter.py:102}}
Apr 28 20:11:14.125681 np0000171166 devstack@n-api-meta.service[109524]: DEBUG oslo_db.sqlalchemy.engines [None req-b0b0a0a6-75f4-4275-b37d-1466437d69b3 None None] MySQL server mode set to STRICT_TRANS_TABLES,STRICT_ALL_TABLES,NO_ZERO_IN_DATE,NO_ZERO_DATE,ERROR_FOR_DIVISION_BY_ZERO,TRADITIONAL,NO_ENGINE_SUBSTITUTION {{(pid=109524) _check_effective_sql_mode /opt/stack/data/venv/lib/python3.12/site-packages/oslo_db/sqlalchemy/engines.py:325}}
Apr 28 20:11:14.128340 np0000171166 devstack@n-api-meta.service[109523]: INFO dbcounter [None req-7004ff7c-1b55-41ec-a825-88c97b789fe1 None None] Registered counter for database nova_cell0
Apr 28 20:11:14.133340 np0000171166 devstack@n-api-meta.service[109524]: DEBUG dbcounter [-] [109524] Writer thread running {{(pid=109524) stat_writer /opt/stack/data/venv/lib/python3.12/site-packages/dbcounter.py:102}}
Apr 28 20:11:14.136508 np0000171166 devstack@n-api-meta.service[109523]: DEBUG oslo_db.sqlalchemy.engines [None req-7004ff7c-1b55-41ec-a825-88c97b789fe1 None None] MySQL server mode set to STRICT_TRANS_TABLES,STRICT_ALL_TABLES,NO_ZERO_IN_DATE,NO_ZERO_DATE,ERROR_FOR_DIVISION_BY_ZERO,TRADITIONAL,NO_ENGINE_SUBSTITUTION {{(pid=109523) _check_effective_sql_mode /opt/stack/data/venv/lib/python3.12/site-packages/oslo_db/sqlalchemy/engines.py:325}}
Apr 28 20:11:14.141866 np0000171166 devstack@n-api-meta.service[109522]: DEBUG oslo_db.sqlalchemy.engines [None req-5d1568a2-c552-423c-bf67-5c6c6dd198f1 None None] MySQL server mode set to STRICT_TRANS_TABLES,STRICT_ALL_TABLES,NO_ZERO_IN_DATE,NO_ZERO_DATE,ERROR_FOR_DIVISION_BY_ZERO,TRADITIONAL,NO_ENGINE_SUBSTITUTION {{(pid=109522) _check_effective_sql_mode /opt/stack/data/venv/lib/python3.12/site-packages/oslo_db/sqlalchemy/engines.py:325}}
Apr 28 20:11:14.144088 np0000171166 devstack@n-api-meta.service[109523]: DEBUG dbcounter [-] [109523] Writer thread running {{(pid=109523) stat_writer /opt/stack/data/venv/lib/python3.12/site-packages/dbcounter.py:102}}
Apr 28 20:11:14.172226 np0000171166 devstack@n-api-meta.service[109521]: WARNING nova.api.metadata.handler [None req-4bdb2a4a-f9b5-4c60-876a-ee23704885d3 None None] metadata_proxy_shared_secret is not configured, the metadata information returned by the proxy cannot be trusted
Apr 28 20:11:14.174404 np0000171166 devstack@n-api-meta.service[109521]: DEBUG nova.api.openstack.wsgi_app [None req-4bdb2a4a-f9b5-4c60-876a-ee23704885d3 None None] ******************************************************************************** {{(pid=109521) log_opt_values /opt/stack/data/venv/lib/python3.12/site-packages/oslo_config/cfg.py:2979}}
Apr 28 20:11:14.174552 np0000171166 devstack@n-api-meta.service[109521]: DEBUG nova.api.openstack.wsgi_app [None req-4bdb2a4a-f9b5-4c60-876a-ee23704885d3 None None] Configuration options gathered from: {{(pid=109521) log_opt_values /opt/stack/data/venv/lib/python3.12/site-packages/oslo_config/cfg.py:2980}}
Apr 28 20:11:14.174552 np0000171166 devstack@n-api-meta.service[109521]: DEBUG nova.api.openstack.wsgi_app [None req-4bdb2a4a-f9b5-4c60-876a-ee23704885d3 None None] command line args: [] {{(pid=109521) log_opt_values /opt/stack/data/venv/lib/python3.12/site-packages/oslo_config/cfg.py:2981}}
Apr 28 20:11:14.174731 np0000171166 devstack@n-api-meta.service[109521]: DEBUG nova.api.openstack.wsgi_app [None req-4bdb2a4a-f9b5-4c60-876a-ee23704885d3 None None] config files: ['/etc/nova/api-paste.ini', '/etc/nova/nova.conf'] {{(pid=109521) log_opt_values /opt/stack/data/venv/lib/python3.12/site-packages/oslo_config/cfg.py:2982}}
Apr 28 20:11:14.174826 np0000171166 devstack@n-api-meta.service[109521]: DEBUG nova.api.openstack.wsgi_app [None req-4bdb2a4a-f9b5-4c60-876a-ee23704885d3 None None] ================================================================================ {{(pid=109521) log_opt_values /opt/stack/data/venv/lib/python3.12/site-packages/oslo_config/cfg.py:2987}}
Apr 28 20:11:14.176077 np0000171166 devstack@n-api-meta.service[109521]: DEBUG nova.api.openstack.wsgi_app [None req-4bdb2a4a-f9b5-4c60-876a-ee23704885d3 None None] allow_resize_to_same_host = True {{(pid=109521) log_opt_values /opt/stack/data/venv/lib/python3.12/site-packages/oslo_config/cfg.py:2995}}
Apr 28 20:11:14.176077 np0000171166 devstack@n-api-meta.service[109521]: DEBUG nova.api.openstack.wsgi_app [None req-4bdb2a4a-f9b5-4c60-876a-ee23704885d3 None None] arq_binding_timeout = 300 {{(pid=109521) log_opt_values /opt/stack/data/venv/lib/python3.12/site-packages/oslo_config/cfg.py:2995}}
Apr 28 20:11:14.176077 np0000171166 devstack@n-api-meta.service[109521]: DEBUG nova.api.openstack.wsgi_app [None req-4bdb2a4a-f9b5-4c60-876a-ee23704885d3 None None] block_device_allocate_retries = 60 {{(pid=109521) log_opt_values /opt/stack/data/venv/lib/python3.12/site-packages/oslo_config/cfg.py:2995}}
Apr 28 20:11:14.176077 np0000171166 devstack@n-api-meta.service[109521]: DEBUG nova.api.openstack.wsgi_app [None req-4bdb2a4a-f9b5-4c60-876a-ee23704885d3 None None] block_device_allocate_retries_interval = 3 {{(pid=109521) log_opt_values /opt/stack/data/venv/lib/python3.12/site-packages/oslo_config/cfg.py:2995}}
Apr 28 20:11:14.176077 np0000171166 devstack@n-api-meta.service[109521]: DEBUG nova.api.openstack.wsgi_app [None req-4bdb2a4a-f9b5-4c60-876a-ee23704885d3 None None] cell_worker_thread_pool_size = 5 {{(pid=109521) log_opt_values /opt/stack/data/venv/lib/python3.12/site-packages/oslo_config/cfg.py:2995}}
Apr 28 20:11:14.176077 np0000171166 devstack@n-api-meta.service[109521]: DEBUG nova.api.openstack.wsgi_app [None req-4bdb2a4a-f9b5-4c60-876a-ee23704885d3 None None] cert = self.pem {{(pid=109521) log_opt_values /opt/stack/data/venv/lib/python3.12/site-packages/oslo_config/cfg.py:2995}}
Apr 28 20:11:14.176077 np0000171166 devstack@n-api-meta.service[109521]: DEBUG nova.api.openstack.wsgi_app [None req-4bdb2a4a-f9b5-4c60-876a-ee23704885d3 None None] compute_driver = libvirt.LibvirtDriver {{(pid=109521) log_opt_values /opt/stack/data/venv/lib/python3.12/site-packages/oslo_config/cfg.py:2995}}
Apr 28 20:11:14.176475 np0000171166 devstack@n-api-meta.service[109521]: DEBUG nova.api.openstack.wsgi_app [None req-4bdb2a4a-f9b5-4c60-876a-ee23704885d3 None None] compute_monitors = [] {{(pid=109521) log_opt_values /opt/stack/data/venv/lib/python3.12/site-packages/oslo_config/cfg.py:2995}}
Apr 28 20:11:14.176475 np0000171166 devstack@n-api-meta.service[109521]: DEBUG nova.api.openstack.wsgi_app [None req-4bdb2a4a-f9b5-4c60-876a-ee23704885d3 None None] config_dir = [] {{(pid=109521) log_opt_values /opt/stack/data/venv/lib/python3.12/site-packages/oslo_config/cfg.py:2995}}
Apr 28 20:11:14.176475 np0000171166 devstack@n-api-meta.service[109521]: DEBUG nova.api.openstack.wsgi_app [None req-4bdb2a4a-f9b5-4c60-876a-ee23704885d3 None None] config_drive_format = iso9660 {{(pid=109521) log_opt_values /opt/stack/data/venv/lib/python3.12/site-packages/oslo_config/cfg.py:2995}}
Apr 28 20:11:14.176475 np0000171166 devstack@n-api-meta.service[109521]: DEBUG nova.api.openstack.wsgi_app [None req-4bdb2a4a-f9b5-4c60-876a-ee23704885d3 None None] config_file = ['/etc/nova/api-paste.ini', '/etc/nova/nova.conf'] {{(pid=109521) log_opt_values /opt/stack/data/venv/lib/python3.12/site-packages/oslo_config/cfg.py:2995}}
Apr 28 20:11:14.176475 np0000171166 devstack@n-api-meta.service[109521]: DEBUG nova.api.openstack.wsgi_app [None req-4bdb2a4a-f9b5-4c60-876a-ee23704885d3 None None] config_source = [] {{(pid=109521) log_opt_values /opt/stack/data/venv/lib/python3.12/site-packages/oslo_config/cfg.py:2995}}
Apr 28 20:11:14.176654 np0000171166 devstack@n-api-meta.service[109521]: DEBUG nova.api.openstack.wsgi_app [None req-4bdb2a4a-f9b5-4c60-876a-ee23704885d3 None None] console_host = np0000171166 {{(pid=109521) log_opt_values /opt/stack/data/venv/lib/python3.12/site-packages/oslo_config/cfg.py:2995}}
Apr 28 20:11:14.176705 np0000171166 devstack@n-api-meta.service[109523]: WARNING nova.api.metadata.handler [None req-7004ff7c-1b55-41ec-a825-88c97b789fe1 None None] metadata_proxy_shared_secret is not configured, the metadata information returned by the proxy cannot be trusted
Apr 28 20:11:14.176755 np0000171166 devstack@n-api-meta.service[109521]: DEBUG nova.api.openstack.wsgi_app [None req-4bdb2a4a-f9b5-4c60-876a-ee23704885d3 None None] control_exchange = nova {{(pid=109521) log_opt_values /opt/stack/data/venv/lib/python3.12/site-packages/oslo_config/cfg.py:2995}}
Apr 28 20:11:14.176870 np0000171166 devstack@n-api-meta.service[109521]: DEBUG nova.api.openstack.wsgi_app [None req-4bdb2a4a-f9b5-4c60-876a-ee23704885d3 None None] cpu_allocation_ratio = None {{(pid=109521) log_opt_values /opt/stack/data/venv/lib/python3.12/site-packages/oslo_config/cfg.py:2995}}
Apr 28 20:11:14.177010 np0000171166 devstack@n-api-meta.service[109521]: DEBUG nova.api.openstack.wsgi_app [None req-4bdb2a4a-f9b5-4c60-876a-ee23704885d3 None None] daemon = False {{(pid=109521) log_opt_values /opt/stack/data/venv/lib/python3.12/site-packages/oslo_config/cfg.py:2995}}
Apr 28 20:11:14.177142 np0000171166 devstack@n-api-meta.service[109521]: DEBUG nova.api.openstack.wsgi_app [None req-4bdb2a4a-f9b5-4c60-876a-ee23704885d3 None None] debug = True {{(pid=109521) log_opt_values /opt/stack/data/venv/lib/python3.12/site-packages/oslo_config/cfg.py:2995}}
Apr 28 20:11:14.177267 np0000171166 devstack@n-api-meta.service[109521]: DEBUG nova.api.openstack.wsgi_app [None req-4bdb2a4a-f9b5-4c60-876a-ee23704885d3 None None] default_access_ip_network_name = None {{(pid=109521) log_opt_values /opt/stack/data/venv/lib/python3.12/site-packages/oslo_config/cfg.py:2995}}
Apr 28 20:11:14.177397 np0000171166 devstack@n-api-meta.service[109521]: DEBUG nova.api.openstack.wsgi_app [None req-4bdb2a4a-f9b5-4c60-876a-ee23704885d3 None None] default_availability_zone = nova {{(pid=109521) log_opt_values /opt/stack/data/venv/lib/python3.12/site-packages/oslo_config/cfg.py:2995}}
Apr 28 20:11:14.177525 np0000171166 devstack@n-api-meta.service[109521]: DEBUG nova.api.openstack.wsgi_app [None req-4bdb2a4a-f9b5-4c60-876a-ee23704885d3 None None] default_ephemeral_format = ext4 {{(pid=109521) log_opt_values /opt/stack/data/venv/lib/python3.12/site-packages/oslo_config/cfg.py:2995}}
Apr 28 20:11:14.177651 np0000171166 devstack@n-api-meta.service[109521]: DEBUG nova.api.openstack.wsgi_app [None req-4bdb2a4a-f9b5-4c60-876a-ee23704885d3 None None] default_green_pool_size = 1000 {{(pid=109521) log_opt_values /opt/stack/data/venv/lib/python3.12/site-packages/oslo_config/cfg.py:2995}}
Apr 28 20:11:14.177850 np0000171166 devstack@n-api-meta.service[109521]: DEBUG nova.api.openstack.wsgi_app [None req-4bdb2a4a-f9b5-4c60-876a-ee23704885d3 None None] default_log_levels = ['amqp=WARN', 'boto=WARN', 'sqlalchemy=WARN', 'suds=INFO', 'oslo.messaging=INFO', 'oslo_messaging=INFO', 'iso8601=WARN', 'requests.packages.urllib3.connectionpool=WARN', 'urllib3.connectionpool=WARN', 'websocket=WARN', 'requests.packages.urllib3.util.retry=WARN', 'urllib3.util.retry=WARN', 'keystonemiddleware=WARN', 'routes.middleware=WARN', 'stevedore=WARN', 'taskflow=WARN', 'keystoneauth=WARN', 'oslo.cache=INFO', 'oslo_policy=INFO', 'dogpile.core.dogpile=INFO', 'glanceclient=WARN', 'oslo.privsep.daemon=INFO'] {{(pid=109521) log_opt_values /opt/stack/data/venv/lib/python3.12/site-packages/oslo_config/cfg.py:2995}}
Apr 28 20:11:14.178018 np0000171166 devstack@n-api-meta.service[109521]: DEBUG nova.api.openstack.wsgi_app [None req-4bdb2a4a-f9b5-4c60-876a-ee23704885d3 None None] default_schedule_zone = None {{(pid=109521) log_opt_values /opt/stack/data/venv/lib/python3.12/site-packages/oslo_config/cfg.py:2995}}
Apr 28 20:11:14.178116 np0000171166 devstack@n-api-meta.service[109521]: DEBUG nova.api.openstack.wsgi_app [None req-4bdb2a4a-f9b5-4c60-876a-ee23704885d3 None None] default_thread_pool_size = 10 {{(pid=109521) log_opt_values /opt/stack/data/venv/lib/python3.12/site-packages/oslo_config/cfg.py:2995}}
Apr 28 20:11:14.178246 np0000171166 devstack@n-api-meta.service[109521]: DEBUG nova.api.openstack.wsgi_app [None req-4bdb2a4a-f9b5-4c60-876a-ee23704885d3 None None] disk_allocation_ratio = None {{(pid=109521) log_opt_values /opt/stack/data/venv/lib/python3.12/site-packages/oslo_config/cfg.py:2995}}
Apr 28 20:11:14.178327 np0000171166 devstack@n-api-meta.service[109524]: WARNING nova.api.metadata.handler [None req-b0b0a0a6-75f4-4275-b37d-1466437d69b3 None None] metadata_proxy_shared_secret is not configured, the metadata information returned by the proxy cannot be trusted
Apr 28 20:11:14.178380 np0000171166 devstack@n-api-meta.service[109521]: DEBUG nova.api.openstack.wsgi_app [None req-4bdb2a4a-f9b5-4c60-876a-ee23704885d3 None None] enable_new_services = True {{(pid=109521) log_opt_values /opt/stack/data/venv/lib/python3.12/site-packages/oslo_config/cfg.py:2995}}
Apr 28 20:11:14.178500 np0000171166 devstack@n-api-meta.service[109521]: DEBUG nova.api.openstack.wsgi_app [None req-4bdb2a4a-f9b5-4c60-876a-ee23704885d3 None None] flat_injected = False {{(pid=109521) log_opt_values /opt/stack/data/venv/lib/python3.12/site-packages/oslo_config/cfg.py:2995}}
Apr 28 20:11:14.178643 np0000171166 devstack@n-api-meta.service[109521]: DEBUG nova.api.openstack.wsgi_app [None req-4bdb2a4a-f9b5-4c60-876a-ee23704885d3 None None] force_config_drive = False {{(pid=109521) log_opt_values /opt/stack/data/venv/lib/python3.12/site-packages/oslo_config/cfg.py:2995}}
Apr 28 20:11:14.178796 np0000171166 devstack@n-api-meta.service[109521]: DEBUG nova.api.openstack.wsgi_app [None req-4bdb2a4a-f9b5-4c60-876a-ee23704885d3 None None] force_raw_images = True {{(pid=109521) log_opt_values /opt/stack/data/venv/lib/python3.12/site-packages/oslo_config/cfg.py:2995}}
Apr 28 20:11:14.178948 np0000171166 devstack@n-api-meta.service[109521]: DEBUG nova.api.openstack.wsgi_app [None req-4bdb2a4a-f9b5-4c60-876a-ee23704885d3 None None] graceful_shutdown_timeout = 5 {{(pid=109521) log_opt_values /opt/stack/data/venv/lib/python3.12/site-packages/oslo_config/cfg.py:2995}}
Apr 28 20:11:14.179080 np0000171166 devstack@n-api-meta.service[109521]: DEBUG nova.api.openstack.wsgi_app [None req-4bdb2a4a-f9b5-4c60-876a-ee23704885d3 None None] heal_instance_info_cache_interval = -1 {{(pid=109521) log_opt_values /opt/stack/data/venv/lib/python3.12/site-packages/oslo_config/cfg.py:2995}}
Apr 28 20:11:14.179948 np0000171166 devstack@n-api-meta.service[109521]: DEBUG nova.api.openstack.wsgi_app [None req-4bdb2a4a-f9b5-4c60-876a-ee23704885d3 None None] host = np0000171166 {{(pid=109521) log_opt_values /opt/stack/data/venv/lib/python3.12/site-packages/oslo_config/cfg.py:2995}}
Apr 28 20:11:14.179948 np0000171166 devstack@n-api-meta.service[109521]: DEBUG nova.api.openstack.wsgi_app [None req-4bdb2a4a-f9b5-4c60-876a-ee23704885d3 None None] initial_cpu_allocation_ratio = 4.0 {{(pid=109521) log_opt_values /opt/stack/data/venv/lib/python3.12/site-packages/oslo_config/cfg.py:2995}}
Apr 28 20:11:14.180066 np0000171166 devstack@n-api-meta.service[109523]: DEBUG nova.api.openstack.wsgi_app [None req-7004ff7c-1b55-41ec-a825-88c97b789fe1 None None] ******************************************************************************** {{(pid=109523) log_opt_values /opt/stack/data/venv/lib/python3.12/site-packages/oslo_config/cfg.py:2979}}
Apr 28 20:11:14.180154 np0000171166 devstack@n-api-meta.service[109521]: DEBUG nova.api.openstack.wsgi_app [None req-4bdb2a4a-f9b5-4c60-876a-ee23704885d3 None None] initial_disk_allocation_ratio = 1.0 {{(pid=109521) log_opt_values /opt/stack/data/venv/lib/python3.12/site-packages/oslo_config/cfg.py:2995}}
Apr 28 20:11:14.180220 np0000171166 devstack@n-api-meta.service[109523]: DEBUG nova.api.openstack.wsgi_app [None req-7004ff7c-1b55-41ec-a825-88c97b789fe1 None None] Configuration options gathered from: {{(pid=109523) log_opt_values /opt/stack/data/venv/lib/python3.12/site-packages/oslo_config/cfg.py:2980}}
Apr 28 20:11:14.180278 np0000171166 devstack@n-api-meta.service[109521]: DEBUG nova.api.openstack.wsgi_app [None req-4bdb2a4a-f9b5-4c60-876a-ee23704885d3 None None] initial_ram_allocation_ratio = 1.0 {{(pid=109521) log_opt_values /opt/stack/data/venv/lib/python3.12/site-packages/oslo_config/cfg.py:2995}}
Apr 28 20:11:14.180343 np0000171166 devstack@n-api-meta.service[109523]: DEBUG nova.api.openstack.wsgi_app [None req-7004ff7c-1b55-41ec-a825-88c97b789fe1 None None] command line args: [] {{(pid=109523) log_opt_values /opt/stack/data/venv/lib/python3.12/site-packages/oslo_config/cfg.py:2981}}
Apr 28 20:11:14.180399 np0000171166 devstack@n-api-meta.service[109521]: DEBUG nova.api.openstack.wsgi_app [None req-4bdb2a4a-f9b5-4c60-876a-ee23704885d3 None None] injected_network_template = /opt/stack/nova/nova/virt/interfaces.template {{(pid=109521) log_opt_values /opt/stack/data/venv/lib/python3.12/site-packages/oslo_config/cfg.py:2995}}
Apr 28 20:11:14.180399 np0000171166 devstack@n-api-meta.service[109521]: DEBUG nova.api.openstack.wsgi_app [None req-4bdb2a4a-f9b5-4c60-876a-ee23704885d3 None None] instance_build_timeout = 0 {{(pid=109521) log_opt_values /opt/stack/data/venv/lib/python3.12/site-packages/oslo_config/cfg.py:2995}}
Apr 28 20:11:14.180504 np0000171166 devstack@n-api-meta.service[109523]: DEBUG nova.api.openstack.wsgi_app [None req-7004ff7c-1b55-41ec-a825-88c97b789fe1 None None] config files: ['/etc/nova/api-paste.ini', '/etc/nova/nova.conf'] {{(pid=109523) log_opt_values /opt/stack/data/venv/lib/python3.12/site-packages/oslo_config/cfg.py:2982}}
Apr 28 20:11:14.180559 np0000171166 devstack@n-api-meta.service[109521]: DEBUG nova.api.openstack.wsgi_app [None req-4bdb2a4a-f9b5-4c60-876a-ee23704885d3 None None] instance_delete_interval = 300 {{(pid=109521) log_opt_values /opt/stack/data/venv/lib/python3.12/site-packages/oslo_config/cfg.py:2995}}
