2026-05-30 06:32:45.686 7 INFO placement.requestlog [req-61277556-acfa-4c4f-bcac-93c69f4cb71e req-06cd7c28-0dbe-4485-86f5-e2a50955c0c0 5ad6d21d17f24aaca977de70c73942d1 1ad6e18d6af54785a6bc9a38e4f9fab7 - - 691c19205afc4aeab58c40fdafd43f08 691c19205afc4aeab58c40fdafd43f08] 199.204.45.216 "GET /allocations/6a1ddef8-f02e-442a-8eb3-bafd47d752d5" status: 200 len: 258 microversion: 1.28 [pid: 7|app: 0|req: 513/1034] 199.204.45.216 () {34 vars in 862 bytes} [Sat May 30 06:32:45 2026] GET /allocations/6a1ddef8-f02e-442a-8eb3-bafd47d752d5 => generated 258 bytes in 12 msecs (HTTP/1.1 200) 8 headers in 296 bytes (1 switches on core 0)
2026-05-30 06:32:45.708 8 INFO placement.requestlog [req-61277556-acfa-4c4f-bcac-93c69f4cb71e req-3c30c471-6303-49f5-b1fa-b93b6c1617fd 5ad6d21d17f24aaca977de70c73942d1 1ad6e18d6af54785a6bc9a38e4f9fab7 - - 691c19205afc4aeab58c40fdafd43f08 691c19205afc4aeab58c40fdafd43f08] 199.204.45.216 "GET /allocations/90bd583d-4741-4aaf-b16f-0318d835dc2d" status: 200 len: 258 microversion: 1.28 [pid: 8|app: 0|req: 522/1035] 199.204.45.216 () {34 vars in 862 bytes} [Sat May 30 06:32:45 2026] GET /allocations/90bd583d-4741-4aaf-b16f-0318d835dc2d => generated 258 bytes in 14 msecs (HTTP/1.1 200) 8 headers in 296 bytes (1 switches on core 0)
2026-05-30 06:32:45.729 7 INFO placement.requestlog [req-61277556-acfa-4c4f-bcac-93c69f4cb71e req-496480ee-9fcd-4361-9e5f-7d770d837172 5ad6d21d17f24aaca977de70c73942d1 1ad6e18d6af54785a6bc9a38e4f9fab7 - - 691c19205afc4aeab58c40fdafd43f08 691c19205afc4aeab58c40fdafd43f08] 199.204.45.216 "GET /allocations/415185cb-96b0-4ebb-b53f-bc3428634777" status: 200 len: 258 microversion: 1.28 [pid: 7|app: 0|req: 514/1036] 199.204.45.216 () {34 vars in 862 bytes} [Sat May 30 06:32:45 2026] GET /allocations/415185cb-96b0-4ebb-b53f-bc3428634777 => generated 258 bytes in 15 msecs (HTTP/1.1 200) 8 headers in 296 bytes (1 switches on core 0)
2026-05-30 06:32:46.554 8 INFO placement.requestlog [None req-a46a3734-6e8c-48ec-a2e4-d6820dfbb5cf d0dcd80881854963adc6db716ef01381 1ad6e18d6af54785a6bc9a38e4f9fab7 - - 691c19205afc4aeab58c40fdafd43f08 691c19205afc4aeab58c40fdafd43f08] 10.0.0.134 "GET /resource_providers/603bf870-f05f-4f89-8293-1347f6b55c81/aggregates" status: 404 len: 235 microversion: 1.1 [pid: 8|app: 0|req: 523/1037] 10.0.0.134 () {32 vars in 815 bytes} [Sat May 30 06:32:46 2026] GET /resource_providers/603bf870-f05f-4f89-8293-1347f6b55c81/aggregates => generated 235 bytes in 12 msecs (HTTP/1.1 404) 5 headers in 202 bytes (1 switches on core 0)
2026-05-30 06:32:46.555 7 INFO placement.requestlog [None req-ada63b10-3bf3-4110-9a0d-8463ccb4f6fd d0dcd80881854963adc6db716ef01381 1ad6e18d6af54785a6bc9a38e4f9fab7 - - 691c19205afc4aeab58c40fdafd43f08 691c19205afc4aeab58c40fdafd43f08] 10.0.0.134 "GET /resource_providers/603bf870-f05f-4f89-8293-1347f6b55c81/aggregates" status: 404 len: 235 microversion: 1.1 [pid: 7|app: 0|req: 515/1038] 10.0.0.134 () {32 vars in 815 bytes} [Sat May 30 06:32:46 2026] GET /resource_providers/603bf870-f05f-4f89-8293-1347f6b55c81/aggregates => generated 235 bytes in 13 msecs (HTTP/1.1 404) 5 headers in 202 bytes (1 switches on core 0)
2026-05-30 06:32:46.578 8 INFO placement.requestlog [None req-8dd6956d-56c6-4de7-a701-a6f31a275f24 d0dcd80881854963adc6db716ef01381 1ad6e18d6af54785a6bc9a38e4f9fab7 - - 691c19205afc4aeab58c40fdafd43f08 691c19205afc4aeab58c40fdafd43f08] 10.0.0.134 "DELETE /resource_providers/603bf870-f05f-4f89-8293-1347f6b55c81" status: 404 len: 246 microversion: 1.1 [pid: 8|app: 0|req: 524/1039] 10.0.0.134 () {34 vars in 815 bytes} [Sat May 30 06:32:46 2026] DELETE /resource_providers/603bf870-f05f-4f89-8293-1347f6b55c81 => generated 246 bytes in 10 msecs (HTTP/1.1 404) 6 headers in 231 bytes (1 switches on core 0)
2026-05-30 06:32:46.581 7 INFO placement.requestlog [None req-a4b0bdfb-b934-423c-bc20-392a1a011ba3 d0dcd80881854963adc6db716ef01381 1ad6e18d6af54785a6bc9a38e4f9fab7 - - 691c19205afc4aeab58c40fdafd43f08 691c19205afc4aeab58c40fdafd43f08] 10.0.0.134 "DELETE /resource_providers/603bf870-f05f-4f89-8293-1347f6b55c81" status: 404 len: 246 microversion: 1.1 [pid: 7|app: 0|req: 516/1040] 10.0.0.134 () {34 vars in 815 bytes} [Sat May 30 06:32:46 2026] DELETE /resource_providers/603bf870-f05f-4f89-8293-1347f6b55c81 => generated 246 bytes in 9 msecs (HTTP/1.1 404) 6 headers in 231 bytes (1 switches on core 0)
2026-05-30 06:32:46.677 8 INFO placement.requestlog [req-77a91421-8774-4f1d-bef9-622767087332 req-3dee348d-6c6a-4ed2-9a6f-ba769727ead2 5ad6d21d17f24aaca977de70c73942d1 1ad6e18d6af54785a6bc9a38e4f9fab7 - - 691c19205afc4aeab58c40fdafd43f08 691c19205afc4aeab58c40fdafd43f08] 10.0.0.155 "GET /allocation_candidates?limit=1000&resources=MEMORY_MB%3A2048%2CVCPU%3A2&root_required=%21COMPUTE_STATUS_DISABLED" status: 200 len: 2432 microversion: 1.36 [pid: 8|app: 0|req: 525/1041] 10.0.0.155 () {34 vars in 985 bytes} [Sat May 30 06:32:46 2026] GET /allocation_candidates?limit=1000&resources=MEMORY_MB%3A2048%2CVCPU%3A2&root_required=%21COMPUTE_STATUS_DISABLED => generated 2432 bytes in 44 msecs (HTTP/1.1 200) 8 headers in 297 bytes (1 switches on core 0)
2026-05-30 06:32:46.715 7 INFO placement.requestlog [req-77a91421-8774-4f1d-bef9-622767087332 req-be81ad0d-9c42-4695-b10b-814494d590ed 5ad6d21d17f24aaca977de70c73942d1 1ad6e18d6af54785a6bc9a38e4f9fab7 - - 691c19205afc4aeab58c40fdafd43f08 691c19205afc4aeab58c40fdafd43f08] 10.0.0.155 "GET /allocations/b3743859-29cd-4f19-a21b-f8f0a4f0a7e3" status: 200 len: 19 microversion: 1.28 [pid: 7|app: 0|req: 517/1042] 10.0.0.155 () {34 vars in 860 bytes} [Sat May 30 06:32:46 2026] GET /allocations/b3743859-29cd-4f19-a21b-f8f0a4f0a7e3 => generated 19 bytes in 15 msecs (HTTP/1.1 200) 8 headers in 295 bytes (1 switches on core 0)
2026-05-30 06:32:46.795 8 INFO placement.requestlog [req-77a91421-8774-4f1d-bef9-622767087332 req-178efb8e-24dc-4959-b14a-92de3402a915 5ad6d21d17f24aaca977de70c73942d1 1ad6e18d6af54785a6bc9a38e4f9fab7 - - 691c19205afc4aeab58c40fdafd43f08 691c19205afc4aeab58c40fdafd43f08] 10.0.0.155 "PUT /allocations/b3743859-29cd-4f19-a21b-f8f0a4f0a7e3" status: 204 len: 0 microversion: 1.36 [pid: 8|app: 0|req: 526/1043] 10.0.0.155 () {38 vars in 913 bytes} [Sat May 30 06:32:46 2026] PUT /allocations/b3743859-29cd-4f19-a21b-f8f0a4f0a7e3 => generated 0 bytes in 76 msecs (HTTP/1.1 204) 5 headers in 199 bytes (1 switches on core 0)
2026-05-30 06:32:46.800 7 INFO placement.requestlog [req-61277556-acfa-4c4f-bcac-93c69f4cb71e req-701c6339-f21b-475b-aba7-c3a61d5edd95 5ad6d21d17f24aaca977de70c73942d1 1ad6e18d6af54785a6bc9a38e4f9fab7 - - 691c19205afc4aeab58c40fdafd43f08 691c19205afc4aeab58c40fdafd43f08] 199.204.45.216 "DELETE /allocations/bf0f1a7d-b441-4376-aed6-4f1aab9f2b8b" status: 204 len: 0 microversion: 1.0 [pid: 7|app: 0|req: 518/1044] 199.204.45.216 () {34 vars in 840 bytes} [Sat May 30 06:32:46 2026] DELETE /allocations/bf0f1a7d-b441-4376-aed6-4f1aab9f2b8b => generated 0 bytes in 42 msecs (HTTP/1.1 204) 5 headers in 198 bytes (1 switches on core 0)
2026-05-30 06:32:48.362 8 INFO placement.requestlog [req-77a91421-8774-4f1d-bef9-622767087332 req-878e7557-c30d-4d78-956d-55383bd8a28c 5ad6d21d17f24aaca977de70c73942d1 1ad6e18d6af54785a6bc9a38e4f9fab7 - - 691c19205afc4aeab58c40fdafd43f08 691c19205afc4aeab58c40fdafd43f08] 199.204.45.216 "GET /allocations/b3743859-29cd-4f19-a21b-f8f0a4f0a7e3" status: 200 len: 245 microversion: 1.28 [pid: 8|app: 0|req: 527/1045] 199.204.45.216 () {34 vars in 862 bytes} [Sat May 30 06:32:48 2026] GET /allocations/b3743859-29cd-4f19-a21b-f8f0a4f0a7e3 => generated 245 bytes in 25 msecs (HTTP/1.1 200) 8 headers in 296 bytes (1 switches on core 0)
2026-05-30 06:32:48.598 7 INFO placement.requestlog [None req-840d5b66-82b9-4129-86c9-a15d8d85c554 d0dcd80881854963adc6db716ef01381 1ad6e18d6af54785a6bc9a38e4f9fab7 - - 691c19205afc4aeab58c40fdafd43f08 691c19205afc4aeab58c40fdafd43f08] 10.0.0.134 "GET /resource_providers/7c02e27a-14a6-44a4-8972-fdc3c06e9ebf/aggregates" status: 404 len: 235 microversion: 1.1 [pid: 7|app: 0|req: 519/1046] 10.0.0.134 () {32 vars in 815 bytes} [Sat May 30 06:32:48 2026] GET /resource_providers/7c02e27a-14a6-44a4-8972-fdc3c06e9ebf/aggregates => generated 235 bytes in 8 msecs (HTTP/1.1 404) 5 headers in 202 bytes (1 switches on core 0)
2026-05-30 06:32:48.603 8 INFO placement.requestlog [None req-9a3a5b16-f979-4ee5-a15a-29302d0bc362 d0dcd80881854963adc6db716ef01381 1ad6e18d6af54785a6bc9a38e4f9fab7 - - 691c19205afc4aeab58c40fdafd43f08 691c19205afc4aeab58c40fdafd43f08] 10.0.0.134 "GET /resource_providers/7c02e27a-14a6-44a4-8972-fdc3c06e9ebf/aggregates" status: 404 len: 235 microversion: 1.1 [pid: 8|app: 0|req: 528/1047] 10.0.0.134 () {32 vars in 815 bytes} [Sat May 30 06:32:48 2026] GET /resource_providers/7c02e27a-14a6-44a4-8972-fdc3c06e9ebf/aggregates => generated 235 bytes in 12 msecs (HTTP/1.1 404) 5 headers in 202 bytes (1 switches on core 0)
2026-05-30 06:32:48.621 7 INFO placement.requestlog [None req-33198f5c-4806-486f-8e04-b33ea108a201 d0dcd80881854963adc6db716ef01381 1ad6e18d6af54785a6bc9a38e4f9fab7 - - 691c19205afc4aeab58c40fdafd43f08 691c19205afc4aeab58c40fdafd43f08] 10.0.0.134 "DELETE /resource_providers/7c02e27a-14a6-44a4-8972-fdc3c06e9ebf" status: 404 len: 246 microversion: 1.1 [pid: 7|app: 0|req: 520/1048] 10.0.0.134 () {34 vars in 815 bytes} [Sat May 30 06:32:48 2026] DELETE /resource_providers/7c02e27a-14a6-44a4-8972-fdc3c06e9ebf => generated 246 bytes in 10 msecs (HTTP/1.1 404) 6 headers in 231 bytes (1 switches on core 0)
2026-05-30 06:32:48.622 8 INFO placement.requestlog [None req-d14d2a85-7aca-40e7-aaf8-44e447c72737 d0dcd80881854963adc6db716ef01381 1ad6e18d6af54785a6bc9a38e4f9fab7 - - 691c19205afc4aeab58c40fdafd43f08 691c19205afc4aeab58c40fdafd43f08] 10.0.0.134 "DELETE /resource_providers/7c02e27a-14a6-44a4-8972-fdc3c06e9ebf" status: 404 len: 246 microversion: 1.1 [pid: 8|app: 0|req: 529/1049] 10.0.0.134 () {34 vars in 815 bytes} [Sat May 30 06:32:48 2026] DELETE /resource_providers/7c02e27a-14a6-44a4-8972-fdc3c06e9ebf => generated 246 bytes in 9 msecs (HTTP/1.1 404) 6 headers in 231 bytes (1 switches on core 0)
2026-05-30 06:32:48.643 7 INFO placement.requestlog [None req-0348bc34-1d97-45fd-8b37-3b62f6b7b96a d0dcd80881854963adc6db716ef01381 1ad6e18d6af54785a6bc9a38e4f9fab7 - - 691c19205afc4aeab58c40fdafd43f08 691c19205afc4aeab58c40fdafd43f08] 10.0.0.134 "GET /resource_providers/7c02e27a-14a6-44a4-8972-fdc3c06e9ebf/aggregates" status: 404 len: 235 microversion: 1.1 [pid: 7|app: 0|req: 521/1050] 10.0.0.134 () {32 vars in 815 bytes} [Sat May 30 06:32:48 2026] GET /resource_providers/7c02e27a-14a6-44a4-8972-fdc3c06e9ebf/aggregates => generated 235 bytes in 10 msecs (HTTP/1.1 404) 5 headers in 202 bytes (1 switches on core 0)
2026-05-30 06:32:48.647 8 INFO placement.requestlog [None req-90ada5d1-7bcc-4dbc-8938-6c9ddc1bbb95 d0dcd80881854963adc6db716ef01381 1ad6e18d6af54785a6bc9a38e4f9fab7 - - 691c19205afc4aeab58c40fdafd43f08 691c19205afc4aeab58c40fdafd43f08] 10.0.0.134 "GET /resource_providers/7c02e27a-14a6-44a4-8972-fdc3c06e9ebf/aggregates" status: 404 len: 235 microversion: 1.1 [pid: 8|app: 0|req: 530/1051] 10.0.0.134 () {32 vars in 815 bytes} [Sat May 30 06:32:48 2026] GET /resource_providers/7c02e27a-14a6-44a4-8972-fdc3c06e9ebf/aggregates => generated 235 bytes in 10 msecs (HTTP/1.1 404) 5 headers in 202 bytes (1 switches on core 0)
2026-05-30 06:32:48.666 8 INFO placement.requestlog [None req-6a99901b-944d-43d0-ae5e-32b5d2527351 d0dcd80881854963adc6db716ef01381 1ad6e18d6af54785a6bc9a38e4f9fab7 - - 691c19205afc4aeab58c40fdafd43f08 691c19205afc4aeab58c40fdafd43f08] 10.0.0.134 "DELETE /resource_providers/7c02e27a-14a6-44a4-8972-fdc3c06e9ebf" status: 404 len: 246 microversion: 1.1
2026-05-30 06:32:48.666 7 INFO placement.requestlog [None req-0f916e84-e78d-4471-874c-6a3c6417dbc8 d0dcd80881854963adc6db716ef01381 1ad6e18d6af54785a6bc9a38e4f9fab7 - - 691c19205afc4aeab58c40fdafd43f08 691c19205afc4aeab58c40fdafd43f08] 10.0.0.134 "DELETE /resource_providers/7c02e27a-14a6-44a4-8972-fdc3c06e9ebf" status: 404 len: 246 microversion: 1.1 [pid: 8|app: 0|req: 531/1052] 10.0.0.134 () {34 vars in 815 bytes} [Sat May 30 06:32:48 2026] DELETE /resource_providers/7c02e27a-14a6-44a4-8972-fdc3c06e9ebf => generated 246 bytes in 9 msecs (HTTP/1.1 404) 6 headers in 231 bytes (1 switches on core 0) [pid: 7|app: 0|req: 522/1053] 10.0.0.134 () {34 vars in 815 bytes} [Sat May 30 06:32:48 2026] DELETE /resource_providers/7c02e27a-14a6-44a4-8972-fdc3c06e9ebf => generated 246 bytes in 11 msecs (HTTP/1.1 404) 6 headers in 231 bytes (1 switches on core 0)
2026-05-30 06:32:49.411 8 INFO placement.requestlog [req-77a91421-8774-4f1d-bef9-622767087332 req-5a8db886-4940-4e8e-aff1-6db4a1fa6a85 5ad6d21d17f24aaca977de70c73942d1 1ad6e18d6af54785a6bc9a38e4f9fab7 - - 691c19205afc4aeab58c40fdafd43f08 691c19205afc4aeab58c40fdafd43f08] 199.204.45.216 "GET /resource_providers/b120da87-32e4-4421-a7fb-b7616857ea5b/allocations" status: 200 len: 540 microversion: 1.0 [pid: 8|app: 0|req: 532/1054] 199.204.45.216 () {32 vars in 856 bytes} [Sat May 30 06:32:49 2026] GET /resource_providers/b120da87-32e4-4421-a7fb-b7616857ea5b/allocations => generated 540 bytes in 18 msecs (HTTP/1.1 200) 6 headers in 224 bytes (1 switches on core 0)
2026-05-30 06:32:49.448 7 INFO placement.requestlog [req-77a91421-8774-4f1d-bef9-622767087332 req-62cc8480-94eb-4dbc-abba-ebeb31c6b8bc 5ad6d21d17f24aaca977de70c73942d1 1ad6e18d6af54785a6bc9a38e4f9fab7 - - 691c19205afc4aeab58c40fdafd43f08 691c19205afc4aeab58c40fdafd43f08] 199.204.45.216 "GET /allocations/2ca2b5e3-e698-4420-87f8-57ab82af6300" status: 200 len: 258 microversion: 1.28 [pid: 7|app: 0|req: 523/1055] 199.204.45.216 () {34 vars in 862 bytes} [Sat May 30 06:32:49 2026] GET /allocations/2ca2b5e3-e698-4420-87f8-57ab82af6300 => generated 258 bytes in 30 msecs (HTTP/1.1 200) 8 headers in 296 bytes (1 switches on core 0)
2026-05-30 06:32:49.471 8 INFO placement.requestlog [req-77a91421-8774-4f1d-bef9-622767087332 req-8843a67b-fa79-4659-baae-5f2f86ba3271 5ad6d21d17f24aaca977de70c73942d1 1ad6e18d6af54785a6bc9a38e4f9fab7 - - 691c19205afc4aeab58c40fdafd43f08 691c19205afc4aeab58c40fdafd43f08] 199.204.45.216 "GET /allocations/6a1ddef8-f02e-442a-8eb3-bafd47d752d5" status: 200 len: 258 microversion: 1.28 [pid: 8|app: 0|req: 533/1056] 199.204.45.216 () {34 vars in 862 bytes} [Sat May 30 06:32:49 2026] GET /allocations/6a1ddef8-f02e-442a-8eb3-bafd47d752d5 => generated 258 bytes in 14 msecs (HTTP/1.1 200) 8 headers in 296 bytes (1 switches on core 0)
2026-05-30 06:32:49.501 7 INFO placement.requestlog [req-77a91421-8774-4f1d-bef9-622767087332 req-211f0b16-c2f8-4e7a-bf18-7f52801f5b59 5ad6d21d17f24aaca977de70c73942d1 1ad6e18d6af54785a6bc9a38e4f9fab7 - - 691c19205afc4aeab58c40fdafd43f08 691c19205afc4aeab58c40fdafd43f08] 199.204.45.216 "GET /allocations/90bd583d-4741-4aaf-b16f-0318d835dc2d" status: 200 len: 258 microversion: 1.28 [pid: 7|app: 0|req: 524/1057] 199.204.45.216 () {34 vars in 862 bytes} [Sat May 30 06:32:49 2026] GET /allocations/90bd583d-4741-4aaf-b16f-0318d835dc2d => generated 258 bytes in 22 msecs (HTTP/1.1 200) 8 headers in 296 bytes (1 switches on core 0)
2026-05-30 06:32:49.519 8 INFO placement.requestlog [req-77a91421-8774-4f1d-bef9-622767087332 req-58461713-7ab9-45b5-a488-9543f13a96b4 5ad6d21d17f24aaca977de70c73942d1 1ad6e18d6af54785a6bc9a38e4f9fab7 - - 691c19205afc4aeab58c40fdafd43f08 691c19205afc4aeab58c40fdafd43f08] 199.204.45.216 "GET /allocations/415185cb-96b0-4ebb-b53f-bc3428634777" status: 200 len: 258 microversion: 1.28 [pid: 8|app: 0|req: 534/1058] 199.204.45.216 () {34 vars in 862 bytes} [Sat May 30 06:32:49 2026] GET /allocations/415185cb-96b0-4ebb-b53f-bc3428634777 => generated 258 bytes in 12 msecs (HTTP/1.1 200) 8 headers in 296 bytes (1 switches on core 0)
2026-05-30 06:32:49.538 7 INFO placement.requestlog [req-77a91421-8774-4f1d-bef9-622767087332 req-a0165a1c-34b0-467c-8e4e-4fd2d8c60b62 5ad6d21d17f24aaca977de70c73942d1 1ad6e18d6af54785a6bc9a38e4f9fab7 - - 691c19205afc4aeab58c40fdafd43f08 691c19205afc4aeab58c40fdafd43f08] 199.204.45.216 "GET /allocations/b3743859-29cd-4f19-a21b-f8f0a4f0a7e3" status: 200 len: 245 microversion: 1.28 [pid: 7|app: 0|req: 525/1059] 199.204.45.216 () {34 vars in 862 bytes} [Sat May 30 06:32:49 2026] GET /allocations/b3743859-29cd-4f19-a21b-f8f0a4f0a7e3 => generated 245 bytes in 14 msecs (HTTP/1.1 200) 8 headers in 296 bytes (1 switches on core 0)
2026-05-30 06:32:51.070 8 INFO placement.requestlog [None req-8bf7c48e-3c66-4ec5-a81e-36ab9dc7b31a d0dcd80881854963adc6db716ef01381 1ad6e18d6af54785a6bc9a38e4f9fab7 - - 691c19205afc4aeab58c40fdafd43f08 691c19205afc4aeab58c40fdafd43f08] 10.0.0.134 "GET /resource_providers/7cc0a895-d2f6-40ab-81d9-8ec6ee312a26/aggregates" status: 404 len: 235 microversion: 1.1 [pid: 8|app: 0|req: 535/1060] 10.0.0.134 () {32 vars in 815 bytes} [Sat May 30 06:32:51 2026] GET /resource_providers/7cc0a895-d2f6-40ab-81d9-8ec6ee312a26/aggregates => generated 235 bytes in 12 msecs (HTTP/1.1 404) 5 headers in 202 bytes (1 switches on core 0)
2026-05-30 06:32:51.071 7 INFO placement.requestlog [None req-0e4a272d-f7a1-44ce-a10f-6f6ee8965212 d0dcd80881854963adc6db716ef01381 1ad6e18d6af54785a6bc9a38e4f9fab7 - - 691c19205afc4aeab58c40fdafd43f08 691c19205afc4aeab58c40fdafd43f08] 10.0.0.134 "GET /resource_providers/7cc0a895-d2f6-40ab-81d9-8ec6ee312a26/aggregates" status: 404 len: 235 microversion: 1.1 [pid: 7|app: 0|req: 526/1061] 10.0.0.134 () {32 vars in 815 bytes} [Sat May 30 06:32:51 2026] GET /resource_providers/7cc0a895-d2f6-40ab-81d9-8ec6ee312a26/aggregates => generated 235 bytes in 13 msecs (HTTP/1.1 404) 5 headers in 202 bytes (1 switches on core 0)
2026-05-30 06:32:51.095 8 INFO placement.requestlog [None req-059b68a8-8750-4f69-b0cf-2a715126cc89 d0dcd80881854963adc6db716ef01381 1ad6e18d6af54785a6bc9a38e4f9fab7 - - 691c19205afc4aeab58c40fdafd43f08 691c19205afc4aeab58c40fdafd43f08] 10.0.0.134 "DELETE /resource_providers/7cc0a895-d2f6-40ab-81d9-8ec6ee312a26" status: 404 len: 246 microversion: 1.1
2026-05-30 06:32:51.095 7 INFO placement.requestlog [None req-173e3c59-e125-4776-beaf-9a72e94abcf3 d0dcd80881854963adc6db716ef01381 1ad6e18d6af54785a6bc9a38e4f9fab7 - - 691c19205afc4aeab58c40fdafd43f08 691c19205afc4aeab58c40fdafd43f08] 10.0.0.134 "DELETE /resource_providers/7cc0a895-d2f6-40ab-81d9-8ec6ee312a26" status: 404 len: 246 microversion: 1.1 [pid: 8|app: 0|req: 536/1062] 10.0.0.134 () {34 vars in 815 bytes} [Sat May 30 06:32:51 2026] DELETE /resource_providers/7cc0a895-d2f6-40ab-81d9-8ec6ee312a26 => generated 246 bytes in 11 msecs (HTTP/1.1 404) 6 headers in 231 bytes (1 switches on core 0) [pid: 7|app: 0|req: 527/1063] 10.0.0.134 () {34 vars in 815 bytes} [Sat May 30 06:32:51 2026] DELETE /resource_providers/7cc0a895-d2f6-40ab-81d9-8ec6ee312a26 => generated 246 bytes in 11 msecs (HTTP/1.1 404) 6 headers in 231 bytes (1 switches on core 0)
2026-05-30 06:32:51.701 7 INFO placement.requestlog [None req-9261a3ac-ecca-430a-91f6-2db90940c7de - - - - - -] 10.0.0.151 "GET /" status: 200 len: 136 microversion: 1.0
2026-05-30 06:32:51.701 8 INFO placement.requestlog [None req-d09e2c23-72f8-4a17-9c59-001bbb02f112 - - - - - -] 10.0.0.151 "GET /" status: 200 len: 136 microversion: 1.0
2026-05-30 06:32:53.124 7 INFO placement.requestlog [None req-4f58a9cf-391f-4ac0-9215-7537a932cb27 d0dcd80881854963adc6db716ef01381 1ad6e18d6af54785a6bc9a38e4f9fab7 - - 691c19205afc4aeab58c40fdafd43f08 691c19205afc4aeab58c40fdafd43f08] 10.0.0.134 "GET /resource_providers/fab45aca-242f-4d7c-96ae-ef9499c67f8a/aggregates" status: 404 len: 235 microversion: 1.1 [pid: 7|app: 0|req: 529/1066] 10.0.0.134 () {32 vars in 815 bytes} [Sat May 30 06:32:53 2026] GET /resource_providers/fab45aca-242f-4d7c-96ae-ef9499c67f8a/aggregates => generated 235 bytes in 19 msecs (HTTP/1.1 404) 5 headers in 202 bytes (1 switches on core 0)
2026-05-30 06:32:53.127 8 INFO placement.requestlog [None req-c2d28b87-39c7-4269-8ca9-261fd20e7850 d0dcd80881854963adc6db716ef01381 1ad6e18d6af54785a6bc9a38e4f9fab7 - - 691c19205afc4aeab58c40fdafd43f08 691c19205afc4aeab58c40fdafd43f08] 10.0.0.134 "GET /resource_providers/fab45aca-242f-4d7c-96ae-ef9499c67f8a/aggregates" status: 404 len: 235 microversion: 1.1 [pid: 8|app: 0|req: 538/1067] 10.0.0.134 () {32 vars in 815 bytes} [Sat May 30 06:32:53 2026] GET /resource_providers/fab45aca-242f-4d7c-96ae-ef9499c67f8a/aggregates => generated 235 bytes in 13 msecs (HTTP/1.1 404) 5 headers in 202 bytes (1 switches on core 0)
2026-05-30 06:32:53.141 7 INFO placement.requestlog [None req-3b624659-edfb-4f77-8f17-fde85c5ee458 d0dcd80881854963adc6db716ef01381 1ad6e18d6af54785a6bc9a38e4f9fab7 - - 691c19205afc4aeab58c40fdafd43f08 691c19205afc4aeab58c40fdafd43f08] 10.0.0.134 "DELETE /resource_providers/fab45aca-242f-4d7c-96ae-ef9499c67f8a" status: 404 len: 246 microversion: 1.1 [pid: 7|app: 0|req: 530/1068] 10.0.0.134 () {34 vars in 815 bytes} [Sat May 30 06:32:53 2026] DELETE /resource_providers/fab45aca-242f-4d7c-96ae-ef9499c67f8a => generated 246 bytes in 10 msecs (HTTP/1.1 404) 6 headers in 231 bytes (1 switches on core 0)
2026-05-30 06:32:53.150 8 INFO placement.requestlog [None req-13e855a9-34d0-4f60-aa7e-ec640c381e7c d0dcd80881854963adc6db716ef01381 1ad6e18d6af54785a6bc9a38e4f9fab7 - - 691c19205afc4aeab58c40fdafd43f08 691c19205afc4aeab58c40fdafd43f08] 10.0.0.134 "DELETE /resource_providers/fab45aca-242f-4d7c-96ae-ef9499c67f8a" status: 404 len: 246 microversion: 1.1 [pid: 8|app: 0|req: 539/1069] 10.0.0.134 () {34 vars in 815 bytes} [Sat May 30 06:32:53 2026] DELETE /resource_providers/fab45aca-242f-4d7c-96ae-ef9499c67f8a => generated 246 bytes in 15 msecs (HTTP/1.1 404) 6 headers in 231 bytes (1 switches on core 0)
2026-05-30 06:33:01.700 7 INFO placement.requestlog [None req-5c697811-6618-4daf-8afd-5f8996ff7215 - - - - - -] 10.0.0.151 "GET /" status: 200 len: 136 microversion: 1.0
2026-05-30 06:33:01.702 8 INFO placement.requestlog [None req-bb8b4f8d-c769-4652-b00a-a226d6ac8d47 - - - - - -] 10.0.0.151 "GET /" status: 200 len: 136 microversion: 1.0
2026-05-30 06:33:07.573 7 INFO placement.requestlog [req-f8faa297-0ba2-4c66-af17-90f7ed54f6ab req-fd38abf2-a51e-46c5-8f30-daf3e00b31b9 5ad6d21d17f24aaca977de70c73942d1 1ad6e18d6af54785a6bc9a38e4f9fab7 - - 691c19205afc4aeab58c40fdafd43f08 691c19205afc4aeab58c40fdafd43f08] 10.0.0.155 "GET /allocation_candidates?limit=1000&resources=DISK_GB%3A1%2CMEMORY_MB%3A512%2CVCPU%3A1&root_required=%21COMPUTE_STATUS_DISABLED" status: 200 len: 2445 microversion: 1.36 [pid: 7|app: 0|req: 532/1072] 10.0.0.155 () {34 vars in 1011 bytes} [Sat May 30 06:33:07 2026] GET /allocation_candidates?limit=1000&resources=DISK_GB%3A1%2CMEMORY_MB%3A512%2CVCPU%3A1&root_required=%21COMPUTE_STATUS_DISABLED => generated 2445 bytes in 65 msecs (HTTP/1.1 200) 8 headers in 297 bytes (1 switches on core 0)
2026-05-30 06:33:07.600 8 INFO placement.requestlog [req-f8faa297-0ba2-4c66-af17-90f7ed54f6ab req-e682a7e7-de6a-431e-92f8-30ea6b9085f3 5ad6d21d17f24aaca977de70c73942d1 1ad6e18d6af54785a6bc9a38e4f9fab7 - - 691c19205afc4aeab58c40fdafd43f08 691c19205afc4aeab58c40fdafd43f08] 10.0.0.155 "GET /allocations/5fa1454b-38c9-415c-8aed-5da6e197217c" status: 200 len: 19 microversion: 1.28 [pid: 8|app: 0|req: 541/1073] 10.0.0.155 () {34 vars in 860 bytes} [Sat May 30 06:33:07 2026] GET /allocations/5fa1454b-38c9-415c-8aed-5da6e197217c => generated 19 bytes in 9 msecs (HTTP/1.1 200) 8 headers in 295 bytes (1 switches on core 0)
2026-05-30 06:33:07.694 7 INFO placement.requestlog [req-f8faa297-0ba2-4c66-af17-90f7ed54f6ab req-62b437b2-4259-4120-baae-6412dbf78052 5ad6d21d17f24aaca977de70c73942d1 1ad6e18d6af54785a6bc9a38e4f9fab7 - - 691c19205afc4aeab58c40fdafd43f08 691c19205afc4aeab58c40fdafd43f08] 10.0.0.155 "PUT /allocations/5fa1454b-38c9-415c-8aed-5da6e197217c" status: 204 len: 0 microversion: 1.36 [pid: 7|app: 0|req: 533/1074] 10.0.0.155 () {38 vars in 913 bytes} [Sat May 30 06:33:07 2026] PUT /allocations/5fa1454b-38c9-415c-8aed-5da6e197217c => generated 0 bytes in 91 msecs (HTTP/1.1 204) 5 headers in 199 bytes (1 switches on core 0)
2026-05-30 06:33:09.192 8 INFO placement.requestlog [req-f8faa297-0ba2-4c66-af17-90f7ed54f6ab req-ba323038-2d57-4711-a47e-676018ab916f 5ad6d21d17f24aaca977de70c73942d1 1ad6e18d6af54785a6bc9a38e4f9fab7 - - 691c19205afc4aeab58c40fdafd43f08 691c19205afc4aeab58c40fdafd43f08] 199.204.45.216 "GET /allocations/5fa1454b-38c9-415c-8aed-5da6e197217c" status: 200 len: 258 microversion: 1.28 [pid: 8|app: 0|req: 542/1075] 199.204.45.216 () {34 vars in 862 bytes} [Sat May 30 06:33:09 2026] GET /allocations/5fa1454b-38c9-415c-8aed-5da6e197217c => generated 258 bytes in 13 msecs (HTTP/1.1 200) 8 headers in 296 bytes (1 switches on core 0)
2026-05-30 06:33:10.247 7 INFO placement.requestlog [req-f8faa297-0ba2-4c66-af17-90f7ed54f6ab req-c8c57b0a-fdcc-4b92-94f2-1d1cfbc42b9a 5ad6d21d17f24aaca977de70c73942d1 1ad6e18d6af54785a6bc9a38e4f9fab7 - - 691c19205afc4aeab58c40fdafd43f08 691c19205afc4aeab58c40fdafd43f08] 199.204.45.216 "GET /resource_providers/b120da87-32e4-4421-a7fb-b7616857ea5b/allocations" status: 200 len: 640 microversion: 1.0 [pid: 7|app: 0|req: 534/1076] 199.204.45.216 () {32 vars in 856 bytes} [Sat May 30 06:33:10 2026] GET /resource_providers/b120da87-32e4-4421-a7fb-b7616857ea5b/allocations => generated 640 bytes in 23 msecs (HTTP/1.1 200) 6 headers in 224 bytes (1 switches on core 0)
2026-05-30 06:33:10.273 8 INFO placement.requestlog [req-f8faa297-0ba2-4c66-af17-90f7ed54f6ab req-589ce517-bc9c-4814-99b7-5c0f7119a6cb 5ad6d21d17f24aaca977de70c73942d1 1ad6e18d6af54785a6bc9a38e4f9fab7 - - 691c19205afc4aeab58c40fdafd43f08 691c19205afc4aeab58c40fdafd43f08] 199.204.45.216 "GET /allocations/2ca2b5e3-e698-4420-87f8-57ab82af6300" status: 200 len: 258 microversion: 1.28 [pid: 8|app: 0|req: 543/1077] 199.204.45.216 () {34 vars in 862 bytes} [Sat May 30 06:33:10 2026] GET /allocations/2ca2b5e3-e698-4420-87f8-57ab82af6300 => generated 258 bytes in 14 msecs (HTTP/1.1 200) 8 headers in 296 bytes (1 switches on core 0)
2026-05-30 06:33:10.291 7 INFO placement.requestlog [req-f8faa297-0ba2-4c66-af17-90f7ed54f6ab req-fe78331d-c6f9-4c2d-97d3-fa17fe2eec2c 5ad6d21d17f24aaca977de70c73942d1 1ad6e18d6af54785a6bc9a38e4f9fab7 - - 691c19205afc4aeab58c40fdafd43f08 691c19205afc4aeab58c40fdafd43f08] 199.204.45.216 "GET /allocations/5fa1454b-38c9-415c-8aed-5da6e197217c" status: 200 len: 258 microversion: 1.28 [pid: 7|app: 0|req: 535/1078] 199.204.45.216 () {34 vars in 862 bytes} [Sat May 30 06:33:10 2026] GET /allocations/5fa1454b-38c9-415c-8aed-5da6e197217c => generated 258 bytes in 11 msecs (HTTP/1.1 200) 8 headers in 296 bytes (1 switches on core 0)
2026-05-30 06:33:10.308 8 INFO placement.requestlog [req-f8faa297-0ba2-4c66-af17-90f7ed54f6ab req-6906a18c-dfcc-477b-941b-3a3bf01350a3 5ad6d21d17f24aaca977de70c73942d1 1ad6e18d6af54785a6bc9a38e4f9fab7 - - 691c19205afc4aeab58c40fdafd43f08 691c19205afc4aeab58c40fdafd43f08] 199.204.45.216 "GET /allocations/6a1ddef8-f02e-442a-8eb3-bafd47d752d5" status: 200 len: 258 microversion: 1.28 [pid: 8|app: 0|req: 544/1079] 199.204.45.216 () {34 vars in 862 bytes} [Sat May 30 06:33:10 2026] GET /allocations/6a1ddef8-f02e-442a-8eb3-bafd47d752d5 => generated 258 bytes in 11 msecs (HTTP/1.1 200) 8 headers in 296 bytes (1 switches on core 0)
2026-05-30 06:33:10.330 7 INFO placement.requestlog [req-f8faa297-0ba2-4c66-af17-90f7ed54f6ab req-4eac1a08-c83f-41d4-b8a8-e381e41572bf 5ad6d21d17f24aaca977de70c73942d1 1ad6e18d6af54785a6bc9a38e4f9fab7 - - 691c19205afc4aeab58c40fdafd43f08 691c19205afc4aeab58c40fdafd43f08] 199.204.45.216 "GET /allocations/90bd583d-4741-4aaf-b16f-0318d835dc2d" status: 200 len: 258 microversion: 1.28 [pid: 7|app: 0|req: 536/1080] 199.204.45.216 () {34 vars in 862 bytes} [Sat May 30 06:33:10 2026] GET /allocations/90bd583d-4741-4aaf-b16f-0318d835dc2d => generated 258 bytes in 13 msecs (HTTP/1.1 200) 8 headers in 296 bytes (1 switches on core 0)
2026-05-30 06:33:10.378 8 INFO placement.requestlog [req-f8faa297-0ba2-4c66-af17-90f7ed54f6ab req-f719d141-d59f-4fe3-88f1-88bd91955553 5ad6d21d17f24aaca977de70c73942d1 1ad6e18d6af54785a6bc9a38e4f9fab7 - - 691c19205afc4aeab58c40fdafd43f08 691c19205afc4aeab58c40fdafd43f08] 199.204.45.216 "GET /allocations/415185cb-96b0-4ebb-b53f-bc3428634777" status: 200 len: 258 microversion: 1.28 [pid: 8|app: 0|req: 545/1081] 199.204.45.216 () {34 vars in 862 bytes} [Sat May 30 06:33:10 2026] GET /allocations/415185cb-96b0-4ebb-b53f-bc3428634777 => generated 258 bytes in 42 msecs (HTTP/1.1 200) 8 headers in 296 bytes (1 switches on core 0)
2026-05-30 06:33:10.397 7 INFO placement.requestlog [req-f8faa297-0ba2-4c66-af17-90f7ed54f6ab req-166c8280-9e19-469d-addd-369e4d125c3f 5ad6d21d17f24aaca977de70c73942d1 1ad6e18d6af54785a6bc9a38e4f9fab7 - - 691c19205afc4aeab58c40fdafd43f08 691c19205afc4aeab58c40fdafd43f08] 199.204.45.216 "GET /allocations/b3743859-29cd-4f19-a21b-f8f0a4f0a7e3" status: 200 len: 245 microversion: 1.28 [pid: 7|app: 0|req: 537/1082] 199.204.45.216 () {34 vars in 862 bytes} [Sat May 30 06:33:10 2026] GET /allocations/b3743859-29cd-4f19-a21b-f8f0a4f0a7e3 => generated 245 bytes in 12 msecs (HTTP/1.1 200) 8 headers in 296 bytes (1 switches on core 0)
2026-05-30 06:33:11.700 8 INFO placement.requestlog [None req-267ecd14-a131-46f3-8e8b-6e377ff6ef0c - - - - - -] 10.0.0.151 "GET /" status: 200 len: 136 microversion: 1.0
2026-05-30 06:33:11.701 7 INFO placement.requestlog [None req-a161bb01-60c8-41ac-8a0b-3315930ace1b - - - - - -] 10.0.0.151 "GET /" status: 200 len: 136 microversion: 1.0
2026-05-30 06:33:14.072 7 INFO placement.requestlog [None req-d5d5844f-ee2f-4d89-8c76-52bb9ad76841 d0dcd80881854963adc6db716ef01381 1ad6e18d6af54785a6bc9a38e4f9fab7 - - 691c19205afc4aeab58c40fdafd43f08 691c19205afc4aeab58c40fdafd43f08] 10.0.0.134 "GET /resource_providers/09c07374-3bcb-4b28-a367-d23bfa40f7a6/aggregates" status: 404 len: 235 microversion: 1.1 [pid: 7|app: 0|req: 539/1085] 10.0.0.134 () {32 vars in 815 bytes} [Sat May 30 06:33:14 2026] GET /resource_providers/09c07374-3bcb-4b28-a367-d23bfa40f7a6/aggregates => generated 235 bytes in 11 msecs (HTTP/1.1 404) 5 headers in 202 bytes (1 switches on core 0)
2026-05-30 06:33:14.075 8 INFO placement.requestlog [None req-de15ea1b-6b4b-4c7a-91d3-3368ee385400 d0dcd80881854963adc6db716ef01381 1ad6e18d6af54785a6bc9a38e4f9fab7 - - 691c19205afc4aeab58c40fdafd43f08 691c19205afc4aeab58c40fdafd43f08] 10.0.0.134 "GET /resource_providers/09c07374-3bcb-4b28-a367-d23bfa40f7a6/aggregates" status: 404 len: 235 microversion: 1.1 [pid: 8|app: 0|req: 547/1086] 10.0.0.134 () {32 vars in 815 bytes} [Sat May 30 06:33:14 2026] GET /resource_providers/09c07374-3bcb-4b28-a367-d23bfa40f7a6/aggregates => generated 235 bytes in 13 msecs (HTTP/1.1 404) 5 headers in 202 bytes (1 switches on core 0)
2026-05-30 06:33:14.094 7 INFO placement.requestlog [None req-50220674-702d-4bd4-8c55-b4cb3395026d d0dcd80881854963adc6db716ef01381 1ad6e18d6af54785a6bc9a38e4f9fab7 - - 691c19205afc4aeab58c40fdafd43f08 691c19205afc4aeab58c40fdafd43f08] 10.0.0.134 "DELETE /resource_providers/09c07374-3bcb-4b28-a367-d23bfa40f7a6" status: 404 len: 246 microversion: 1.1 [pid: 7|app: 0|req: 540/1087] 10.0.0.134 () {34 vars in 815 bytes} [Sat May 30 06:33:14 2026] DELETE /resource_providers/09c07374-3bcb-4b28-a367-d23bfa40f7a6 => generated 246 bytes in 11 msecs (HTTP/1.1 404) 6 headers in 231 bytes (1 switches on core 0)
2026-05-30 06:33:14.100 8 INFO placement.requestlog [None req-b9f3da46-9b9b-4944-98da-ad512148b2bb d0dcd80881854963adc6db716ef01381 1ad6e18d6af54785a6bc9a38e4f9fab7 - - 691c19205afc4aeab58c40fdafd43f08 691c19205afc4aeab58c40fdafd43f08] 10.0.0.134 "DELETE /resource_providers/09c07374-3bcb-4b28-a367-d23bfa40f7a6" status: 404 len: 246 microversion: 1.1 [pid: 8|app: 0|req: 548/1088] 10.0.0.134 () {34 vars in 815 bytes} [Sat May 30 06:33:14 2026] DELETE /resource_providers/09c07374-3bcb-4b28-a367-d23bfa40f7a6 => generated 246 bytes in 17 msecs (HTTP/1.1 404) 6 headers in 231 bytes (1 switches on core 0)
2026-05-30 06:33:14.246 8 INFO placement.requestlog [None req-0daed6ac-e45b-4812-9d54-101f90a00170 d0dcd80881854963adc6db716ef01381 1ad6e18d6af54785a6bc9a38e4f9fab7 - - 691c19205afc4aeab58c40fdafd43f08 691c19205afc4aeab58c40fdafd43f08] 10.0.0.134 "GET /resource_providers/10270ee7-29dd-4fe4-84b5-fcba603b020d/aggregates" status: 404 len: 235 microversion: 1.1 [pid: 8|app: 0|req: 549/1089] 10.0.0.134 () {32 vars in 815 bytes} [Sat May 30 06:33:14 2026] GET /resource_providers/10270ee7-29dd-4fe4-84b5-fcba603b020d/aggregates => generated 235 bytes in 8 msecs (HTTP/1.1 404) 5 headers in 202 bytes (1 switches on core 0)
2026-05-30 06:33:14.248 7 INFO placement.requestlog [None req-08bbf9aa-ca07-4ea8-9916-82c5c673edfb d0dcd80881854963adc6db716ef01381 1ad6e18d6af54785a6bc9a38e4f9fab7 - - 691c19205afc4aeab58c40fdafd43f08 691c19205afc4aeab58c40fdafd43f08] 10.0.0.134 "GET /resource_providers/10270ee7-29dd-4fe4-84b5-fcba603b020d/aggregates" status: 404 len: 235 microversion: 1.1 [pid: 7|app: 0|req: 541/1090] 10.0.0.134 () {32 vars in 815 bytes} [Sat May 30 06:33:14 2026] GET /resource_providers/10270ee7-29dd-4fe4-84b5-fcba603b020d/aggregates => generated 235 bytes in 10 msecs (HTTP/1.1 404) 5 headers in 202 bytes (1 switches on core 0)
2026-05-30 06:33:14.269 8 INFO placement.requestlog [None req-a526669b-78ba-4271-b995-d3a80007071c d0dcd80881854963adc6db716ef01381 1ad6e18d6af54785a6bc9a38e4f9fab7 - - 691c19205afc4aeab58c40fdafd43f08 691c19205afc4aeab58c40fdafd43f08] 10.0.0.134 "DELETE /resource_providers/10270ee7-29dd-4fe4-84b5-fcba603b020d" status: 404 len: 246 microversion: 1.1 [pid: 8|app: 0|req: 550/1091] 10.0.0.134 () {34 vars in 815 bytes} [Sat May 30 06:33:14 2026] DELETE /resource_providers/10270ee7-29dd-4fe4-84b5-fcba603b020d => generated 246 bytes in 11 msecs (HTTP/1.1 404) 6 headers in 231 bytes (1 switches on core 0)
2026-05-30 06:33:14.272 7 INFO placement.requestlog [None req-7296f4ae-2a08-4107-895d-5028f44f2806 d0dcd80881854963adc6db716ef01381 1ad6e18d6af54785a6bc9a38e4f9fab7 - - 691c19205afc4aeab58c40fdafd43f08 691c19205afc4aeab58c40fdafd43f08] 10.0.0.134 "DELETE /resource_providers/10270ee7-29dd-4fe4-84b5-fcba603b020d" status: 404 len: 246 microversion: 1.1 [pid: 7|app: 0|req: 542/1092] 10.0.0.134 () {34 vars in 815 bytes} [Sat May 30 06:33:14 2026] DELETE /resource_providers/10270ee7-29dd-4fe4-84b5-fcba603b020d => generated 246 bytes in 10 msecs (HTTP/1.1 404) 6 headers in 231 bytes (1 switches on core 0)
2026-05-30 06:33:14.976 8 INFO placement.requestlog [req-675de61d-8c23-497d-a716-8e2d39239907 req-86b27613-4bed-4f17-a012-114463c94790 5ad6d21d17f24aaca977de70c73942d1 1ad6e18d6af54785a6bc9a38e4f9fab7 - - 691c19205afc4aeab58c40fdafd43f08 691c19205afc4aeab58c40fdafd43f08] 199.204.45.216 "GET /resource_providers/b120da87-32e4-4421-a7fb-b7616857ea5b/allocations" status: 200 len: 640 microversion: 1.0 [pid: 8|app: 0|req: 551/1093] 199.204.45.216 () {32 vars in 856 bytes} [Sat May 30 06:33:14 2026] GET /resource_providers/b120da87-32e4-4421-a7fb-b7616857ea5b/allocations => generated 640 bytes in 20 msecs (HTTP/1.1 200) 6 headers in 224 bytes (1 switches on core 0)
2026-05-30 06:33:14.993 7 INFO placement.requestlog [req-675de61d-8c23-497d-a716-8e2d39239907 req-f4a5e653-f2b4-4470-9839-bc65a238bbd3 5ad6d21d17f24aaca977de70c73942d1 1ad6e18d6af54785a6bc9a38e4f9fab7 - - 691c19205afc4aeab58c40fdafd43f08 691c19205afc4aeab58c40fdafd43f08] 199.204.45.216 "GET /allocations/2ca2b5e3-e698-4420-87f8-57ab82af6300" status: 200 len: 258 microversion: 1.28 [pid: 7|app: 0|req: 543/1094] 199.204.45.216 () {34 vars in 862 bytes} [Sat May 30 06:33:14 2026] GET /allocations/2ca2b5e3-e698-4420-87f8-57ab82af6300 => generated 258 bytes in 11 msecs (HTTP/1.1 200) 8 headers in 296 bytes (1 switches on core 0)
2026-05-30 06:33:15.013 8 INFO placement.requestlog [req-675de61d-8c23-497d-a716-8e2d39239907 req-8979f0a2-b3bf-4e98-88dd-e451554e933b 5ad6d21d17f24aaca977de70c73942d1 1ad6e18d6af54785a6bc9a38e4f9fab7 - - 691c19205afc4aeab58c40fdafd43f08 691c19205afc4aeab58c40fdafd43f08] 199.204.45.216 "GET /allocations/5fa1454b-38c9-415c-8aed-5da6e197217c" status: 200 len: 258 microversion: 1.28 [pid: 8|app: 0|req: 552/1095] 199.204.45.216 () {34 vars in 862 bytes} [Sat May 30 06:33:14 2026] GET /allocations/5fa1454b-38c9-415c-8aed-5da6e197217c => generated 258 bytes in 18 msecs (HTTP/1.1 200) 8 headers in 296 bytes (1 switches on core 0)
2026-05-30 06:33:15.034 7 INFO placement.requestlog [req-675de61d-8c23-497d-a716-8e2d39239907 req-e17d8843-59dc-49b9-a7f5-8f4aaf3baff8 5ad6d21d17f24aaca977de70c73942d1 1ad6e18d6af54785a6bc9a38e4f9fab7 - - 691c19205afc4aeab58c40fdafd43f08 691c19205afc4aeab58c40fdafd43f08] 199.204.45.216 "GET /allocations/6a1ddef8-f02e-442a-8eb3-bafd47d752d5" status: 200 len: 258 microversion: 1.28 [pid: 7|app: 0|req: 544/1096] 199.204.45.216 () {34 vars in 862 bytes} [Sat May 30 06:33:15 2026] GET /allocations/6a1ddef8-f02e-442a-8eb3-bafd47d752d5 => generated 258 bytes in 13 msecs (HTTP/1.1 200) 8 headers in 296 bytes (1 switches on core 0)
2026-05-30 06:33:15.055 8 INFO placement.requestlog [req-675de61d-8c23-497d-a716-8e2d39239907 req-df9d4584-a613-4f46-8734-06a12902e1c0 5ad6d21d17f24aaca977de70c73942d1 1ad6e18d6af54785a6bc9a38e4f9fab7 - - 691c19205afc4aeab58c40fdafd43f08 691c19205afc4aeab58c40fdafd43f08] 199.204.45.216 "GET /allocations/90bd583d-4741-4aaf-b16f-0318d835dc2d" status: 200 len: 258 microversion: 1.28 [pid: 8|app: 0|req: 553/1097] 199.204.45.216 () {34 vars in 862 bytes} [Sat May 30 06:33:15 2026] GET /allocations/90bd583d-4741-4aaf-b16f-0318d835dc2d => generated 258 bytes in 15 msecs (HTTP/1.1 200) 8 headers in 296 bytes (1 switches on core 0)
2026-05-30 06:33:15.075 7 INFO placement.requestlog [req-675de61d-8c23-497d-a716-8e2d39239907 req-69f58c1e-a0e1-417b-a1d6-f285a46c0bda 5ad6d21d17f24aaca977de70c73942d1 1ad6e18d6af54785a6bc9a38e4f9fab7 - - 691c19205afc4aeab58c40fdafd43f08 691c19205afc4aeab58c40fdafd43f08] 199.204.45.216 "GET /allocations/415185cb-96b0-4ebb-b53f-bc3428634777" status: 200 len: 258 microversion: 1.28 [pid: 7|app: 0|req: 545/1098] 199.204.45.216 () {34 vars in 862 bytes} [Sat May 30 06:33:15 2026] GET /allocations/415185cb-96b0-4ebb-b53f-bc3428634777 => generated 258 bytes in 14 msecs (HTTP/1.1 200) 8 headers in 296 bytes (1 switches on core 0)
2026-05-30 06:33:15.095 8 INFO placement.requestlog [req-675de61d-8c23-497d-a716-8e2d39239907 req-8966ecc2-e530-41a8-ab73-e13845f377e5 5ad6d21d17f24aaca977de70c73942d1 1ad6e18d6af54785a6bc9a38e4f9fab7 - - 691c19205afc4aeab58c40fdafd43f08 691c19205afc4aeab58c40fdafd43f08] 199.204.45.216 "GET /allocations/b3743859-29cd-4f19-a21b-f8f0a4f0a7e3" status: 200 len: 245 microversion: 1.28 [pid: 8|app: 0|req: 554/1099] 199.204.45.216 () {34 vars in 862 bytes} [Sat May 30 06:33:15 2026] GET /allocations/b3743859-29cd-4f19-a21b-f8f0a4f0a7e3 => generated 245 bytes in 15 msecs (HTTP/1.1 200) 8 headers in 296 bytes (1 switches on core 0)
2026-05-30 06:33:16.131 8 INFO placement.requestlog [None req-c59955d6-caeb-4ca1-9a9b-95e29deb49d5 d0dcd80881854963adc6db716ef01381 1ad6e18d6af54785a6bc9a38e4f9fab7 - - 691c19205afc4aeab58c40fdafd43f08 691c19205afc4aeab58c40fdafd43f08] 10.0.0.134 "GET /resource_providers/b45286d2-da69-4551-bc9d-db722a83508c/aggregates" status: 404 len: 235 microversion: 1.1 [pid: 8|app: 0|req: 555/1100] 10.0.0.134 () {32 vars in 815 bytes} [Sat May 30 06:33:16 2026] GET /resource_providers/b45286d2-da69-4551-bc9d-db722a83508c/aggregates => generated 235 bytes in 15 msecs (HTTP/1.1 404) 5 headers in 202 bytes (1 switches on core 0)
2026-05-30 06:33:16.133 7 INFO placement.requestlog [None req-5aa9debd-f4c4-498f-a83e-58d42d647951 d0dcd80881854963adc6db716ef01381 1ad6e18d6af54785a6bc9a38e4f9fab7 - - 691c19205afc4aeab58c40fdafd43f08 691c19205afc4aeab58c40fdafd43f08] 10.0.0.134 "GET /resource_providers/b45286d2-da69-4551-bc9d-db722a83508c/aggregates" status: 404 len: 235 microversion: 1.1 [pid: 7|app: 0|req: 546/1101] 10.0.0.134 () {32 vars in 815 bytes} [Sat May 30 06:33:16 2026] GET /resource_providers/b45286d2-da69-4551-bc9d-db722a83508c/aggregates => generated 235 bytes in 25 msecs (HTTP/1.1 404) 5 headers in 202 bytes (1 switches on core 0)
2026-05-30 06:33:16.160 7 INFO placement.requestlog [None req-6b3ab740-6912-4a88-a433-729ed920d2f5 d0dcd80881854963adc6db716ef01381 1ad6e18d6af54785a6bc9a38e4f9fab7 - - 691c19205afc4aeab58c40fdafd43f08 691c19205afc4aeab58c40fdafd43f08] 10.0.0.134 "DELETE /resource_providers/b45286d2-da69-4551-bc9d-db722a83508c" status: 404 len: 246 microversion: 1.1 [pid: 7|app: 0|req: 547/1102] 10.0.0.134 () {34 vars in 815 bytes} [Sat May 30 06:33:16 2026] DELETE /resource_providers/b45286d2-da69-4551-bc9d-db722a83508c => generated 246 bytes in 11 msecs (HTTP/1.1 404) 6 headers in 231 bytes (1 switches on core 0)
2026-05-30 06:33:16.169 7 INFO placement.requestlog [None req-f90a92c4-4c69-4aaa-a298-3878af2ad411 d0dcd80881854963adc6db716ef01381 1ad6e18d6af54785a6bc9a38e4f9fab7 - - 691c19205afc4aeab58c40fdafd43f08 691c19205afc4aeab58c40fdafd43f08] 10.0.0.134 "DELETE /resource_providers/b45286d2-da69-4551-bc9d-db722a83508c" status: 404 len: 246 microversion: 1.1 [pid: 7|app: 0|req: 548/1103] 10.0.0.134 () {34 vars in 815 bytes} [Sat May 30 06:33:16 2026] DELETE /resource_providers/b45286d2-da69-4551-bc9d-db722a83508c => generated 246 bytes in 8 msecs (HTTP/1.1 404) 6 headers in 231 bytes (1 switches on core 0)
2026-05-30 06:33:16.189 7 INFO placement.requestlog [None req-589dda9f-3ba5-4af8-8fce-d5e04c1bfd38 d0dcd80881854963adc6db716ef01381 1ad6e18d6af54785a6bc9a38e4f9fab7 - - 691c19205afc4aeab58c40fdafd43f08 691c19205afc4aeab58c40fdafd43f08] 10.0.0.134 "GET /resource_providers/b94c451f-c9a5-4758-8a3c-c2d2a85a2d85/aggregates" status: 404 len: 235 microversion: 1.1 [pid: 7|app: 0|req: 549/1104] 10.0.0.134 () {32 vars in 815 bytes} [Sat May 30 06:33:16 2026] GET /resource_providers/b94c451f-c9a5-4758-8a3c-c2d2a85a2d85/aggregates => generated 235 bytes in 20 msecs (HTTP/1.1 404) 5 headers in 202 bytes (1 switches on core 0)
2026-05-30 06:33:16.197 7 INFO placement.requestlog [None req-80e03259-8af3-4267-ae12-6f547b07c5a7 d0dcd80881854963adc6db716ef01381 1ad6e18d6af54785a6bc9a38e4f9fab7 - - 691c19205afc4aeab58c40fdafd43f08 691c19205afc4aeab58c40fdafd43f08] 10.0.0.134 "GET /resource_providers/b94c451f-c9a5-4758-8a3c-c2d2a85a2d85/aggregates" status: 404 len: 235 microversion: 1.1 [pid: 7|app: 0|req: 550/1105] 10.0.0.134 () {32 vars in 815 bytes} [Sat May 30 06:33:16 2026] GET /resource_providers/b94c451f-c9a5-4758-8a3c-c2d2a85a2d85/aggregates => generated 235 bytes in 7 msecs (HTTP/1.1 404) 5 headers in 202 bytes (1 switches on core 0)
2026-05-30 06:33:16.204 8 INFO placement.requestlog [req-675de61d-8c23-497d-a716-8e2d39239907 req-0d5677b7-b52d-4425-a610-197606cfa2ae 5ad6d21d17f24aaca977de70c73942d1 1ad6e18d6af54785a6bc9a38e4f9fab7 - - 691c19205afc4aeab58c40fdafd43f08 691c19205afc4aeab58c40fdafd43f08] 199.204.45.216 "DELETE /allocations/90bd583d-4741-4aaf-b16f-0318d835dc2d" status: 204 len: 0 microversion: 1.0 [pid: 8|app: 0|req: 556/1106] 199.204.45.216 () {34 vars in 840 bytes} [Sat May 30 06:33:16 2026] DELETE /allocations/90bd583d-4741-4aaf-b16f-0318d835dc2d => generated 0 bytes in 72 msecs (HTTP/1.1 204) 5 headers in 198 bytes (1 switches on core 0)
2026-05-30 06:33:16.210 7 INFO placement.requestlog [None req-021ea6ec-2b6b-4d04-a1db-473ed072bd1b d0dcd80881854963adc6db716ef01381 1ad6e18d6af54785a6bc9a38e4f9fab7 - - 691c19205afc4aeab58c40fdafd43f08 691c19205afc4aeab58c40fdafd43f08] 10.0.0.134 "DELETE /resource_providers/b94c451f-c9a5-4758-8a3c-c2d2a85a2d85" status: 404 len: 246 microversion: 1.1 [pid: 7|app: 0|req: 551/1107] 10.0.0.134 () {34 vars in 815 bytes} [Sat May 30 06:33:16 2026] DELETE /resource_providers/b94c451f-c9a5-4758-8a3c-c2d2a85a2d85 => generated 246 bytes in 7 msecs (HTTP/1.1 404) 6 headers in 231 bytes (1 switches on core 0)
2026-05-30 06:33:16.211 8 INFO placement.requestlog [None req-9d473cd5-cfcd-4dcc-b9c2-eecccd40c255 d0dcd80881854963adc6db716ef01381 1ad6e18d6af54785a6bc9a38e4f9fab7 - - 691c19205afc4aeab58c40fdafd43f08 691c19205afc4aeab58c40fdafd43f08] 10.0.0.134 "DELETE /resource_providers/b94c451f-c9a5-4758-8a3c-c2d2a85a2d85" status: 404 len: 246 microversion: 1.1 [pid: 8|app: 0|req: 557/1108] 10.0.0.134 () {34 vars in 815 bytes} [Sat May 30 06:33:16 2026] DELETE /resource_providers/b94c451f-c9a5-4758-8a3c-c2d2a85a2d85 => generated 246 bytes in 6 msecs (HTTP/1.1 404) 6 headers in 231 bytes (1 switches on core 0)
2026-05-30 06:33:16.291 7 INFO placement.requestlog [None req-09c626e6-1e43-499c-ba2b-780344658594 d0dcd80881854963adc6db716ef01381 1ad6e18d6af54785a6bc9a38e4f9fab7 - - 691c19205afc4aeab58c40fdafd43f08 691c19205afc4aeab58c40fdafd43f08] 10.0.0.134 "GET /resource_providers/30717c5e-0de2-4b18-a02a-ff47165162ae/aggregates" status: 404 len: 235 microversion: 1.1 [pid: 7|app: 0|req: 552/1109] 10.0.0.134 () {32 vars in 815 bytes} [Sat May 30 06:33:16 2026] GET /resource_providers/30717c5e-0de2-4b18-a02a-ff47165162ae/aggregates => generated 235 bytes in 11 msecs (HTTP/1.1 404) 5 headers in 202 bytes (1 switches on core 0)
2026-05-30 06:33:16.294 8 INFO placement.requestlog [None req-f53c0be5-6113-4f78-af69-8a949bac3414 d0dcd80881854963adc6db716ef01381 1ad6e18d6af54785a6bc9a38e4f9fab7 - - 691c19205afc4aeab58c40fdafd43f08 691c19205afc4aeab58c40fdafd43f08] 10.0.0.134 "GET /resource_providers/30717c5e-0de2-4b18-a02a-ff47165162ae/aggregates" status: 404 len: 235 microversion: 1.1 [pid: 8|app: 0|req: 558/1110] 10.0.0.134 () {32 vars in 815 bytes} [Sat May 30 06:33:16 2026] GET /resource_providers/30717c5e-0de2-4b18-a02a-ff47165162ae/aggregates => generated 235 bytes in 12 msecs (HTTP/1.1 404) 5 headers in 202 bytes (1 switches on core 0)
2026-05-30 06:33:16.317 7 INFO placement.requestlog [None req-cde2d3a8-c49e-4cd1-aed1-8a7f1d0a9faf d0dcd80881854963adc6db716ef01381 1ad6e18d6af54785a6bc9a38e4f9fab7 - - 691c19205afc4aeab58c40fdafd43f08 691c19205afc4aeab58c40fdafd43f08] 10.0.0.134 "DELETE /resource_providers/30717c5e-0de2-4b18-a02a-ff47165162ae" status: 404 len: 246 microversion: 1.1 [pid: 7|app: 0|req: 553/1111] 10.0.0.134 () {34 vars in 815 bytes} [Sat May 30 06:33:16 2026] DELETE /resource_providers/30717c5e-0de2-4b18-a02a-ff47165162ae => generated 246 bytes in 12 msecs (HTTP/1.1 404) 6 headers in 231 bytes (1 switches on core 0)
2026-05-30 06:33:16.317 8 INFO placement.requestlog [None req-115d07b7-1428-4d10-b02f-33be736f31a1 d0dcd80881854963adc6db716ef01381 1ad6e18d6af54785a6bc9a38e4f9fab7 - - 691c19205afc4aeab58c40fdafd43f08 691c19205afc4aeab58c40fdafd43f08] 10.0.0.134 "DELETE /resource_providers/30717c5e-0de2-4b18-a02a-ff47165162ae" status: 404 len: 246 microversion: 1.1 [pid: 8|app: 0|req: 559/1112] 10.0.0.134 () {34 vars in 815 bytes} [Sat May 30 06:33:16 2026] DELETE /resource_providers/30717c5e-0de2-4b18-a02a-ff47165162ae => generated 246 bytes in 11 msecs (HTTP/1.1 404) 6 headers in 231 bytes (1 switches on core 0)
2026-05-30 06:33:21.700 7 INFO placement.requestlog [None req-10d392f1-0b01-46cb-9bd4-e2106df3dc17 - - - - - -] 10.0.0.151 "GET /" status: 200 len: 136 microversion: 1.0
2026-05-30 06:33:21.701 8 INFO placement.requestlog [None req-59b399f1-19f5-446a-8bc2-48a9291159cd - - - - - -] 10.0.0.151 "GET /" status: 200 len: 136 microversion: 1.0
2026-05-30 06:33:22.085 7 INFO placement.requestlog [req-df1675f5-f875-48a7-81f4-32daa53c994b req-ca14f690-2d6a-4834-b6b2-cca606a0a969 5ad6d21d17f24aaca977de70c73942d1 1ad6e18d6af54785a6bc9a38e4f9fab7 - - 691c19205afc4aeab58c40fdafd43f08 691c19205afc4aeab58c40fdafd43f08] 199.204.45.216 "GET /resource_providers/b120da87-32e4-4421-a7fb-b7616857ea5b/allocations" status: 200 len: 540 microversion: 1.0 [pid: 7|app: 0|req: 555/1115] 199.204.45.216 () {32 vars in 856 bytes} [Sat May 30 06:33:22 2026] GET /resource_providers/b120da87-32e4-4421-a7fb-b7616857ea5b/allocations => generated 540 bytes in 18 msecs (HTTP/1.1 200) 6 headers in 224 bytes (1 switches on core 0)
2026-05-30 06:33:22.116 8 INFO placement.requestlog [req-df1675f5-f875-48a7-81f4-32daa53c994b req-59b7eccc-b603-475d-9e20-27fe7e0654eb 5ad6d21d17f24aaca977de70c73942d1 1ad6e18d6af54785a6bc9a38e4f9fab7 - - 691c19205afc4aeab58c40fdafd43f08 691c19205afc4aeab58c40fdafd43f08] 199.204.45.216 "GET /allocations/2ca2b5e3-e698-4420-87f8-57ab82af6300" status: 200 len: 258 microversion: 1.28 [pid: 8|app: 0|req: 561/1116] 199.204.45.216 () {34 vars in 862 bytes} [Sat May 30 06:33:22 2026] GET /allocations/2ca2b5e3-e698-4420-87f8-57ab82af6300 => generated 258 bytes in 22 msecs (HTTP/1.1 200) 8 headers in 296 bytes (1 switches on core 0)
2026-05-30 06:33:22.149 7 INFO placement.requestlog [req-df1675f5-f875-48a7-81f4-32daa53c994b req-82354797-1354-4b38-9be3-53ae53bf3d44 5ad6d21d17f24aaca977de70c73942d1 1ad6e18d6af54785a6bc9a38e4f9fab7 - - 691c19205afc4aeab58c40fdafd43f08 691c19205afc4aeab58c40fdafd43f08] 199.204.45.216 "GET /allocations/6a1ddef8-f02e-442a-8eb3-bafd47d752d5" status: 200 len: 258 microversion: 1.28 [pid: 7|app: 0|req: 556/1117] 199.204.45.216 () {34 vars in 862 bytes} [Sat May 30 06:33:22 2026] GET /allocations/6a1ddef8-f02e-442a-8eb3-bafd47d752d5 => generated 258 bytes in 25 msecs (HTTP/1.1 200) 8 headers in 296 bytes (1 switches on core 0)
2026-05-30 06:33:22.186 8 INFO placement.requestlog [req-df1675f5-f875-48a7-81f4-32daa53c994b req-46065c8d-121f-4e74-b8f3-68fba0c27f61 5ad6d21d17f24aaca977de70c73942d1 1ad6e18d6af54785a6bc9a38e4f9fab7 - - 691c19205afc4aeab58c40fdafd43f08 691c19205afc4aeab58c40fdafd43f08] 199.204.45.216 "GET /allocations/5fa1454b-38c9-415c-8aed-5da6e197217c" status: 200 len: 258 microversion: 1.28 [pid: 8|app: 0|req: 562/1118] 199.204.45.216 () {34 vars in 862 bytes} [Sat May 30 06:33:22 2026] GET /allocations/5fa1454b-38c9-415c-8aed-5da6e197217c => generated 258 bytes in 28 msecs (HTTP/1.1 200) 8 headers in 296 bytes (1 switches on core 0)
