2026-05-30 06:34:08.802 7 INFO placement.requestlog [None req-8f5c13f1-2065-4bc6-9efa-488c37f619da d0dcd80881854963adc6db716ef01381 1ad6e18d6af54785a6bc9a38e4f9fab7 - - 691c19205afc4aeab58c40fdafd43f08 691c19205afc4aeab58c40fdafd43f08] 10.0.0.134 "DELETE /resource_providers/4cabfc80-a38a-45e1-97b2-501a07a4af5d" status: 404 len: 246 microversion: 1.1 [pid: 7|app: 0|req: 600/1205] 10.0.0.134 () {34 vars in 815 bytes} [Sat May 30 06:34:08 2026] DELETE /resource_providers/4cabfc80-a38a-45e1-97b2-501a07a4af5d => generated 246 bytes in 20 msecs (HTTP/1.1 404) 6 headers in 231 bytes (1 switches on core 0)
2026-05-30 06:34:08.811 8 INFO placement.requestlog [None req-f7bd58cd-a2d1-4671-bb68-5a317453625a d0dcd80881854963adc6db716ef01381 1ad6e18d6af54785a6bc9a38e4f9fab7 - - 691c19205afc4aeab58c40fdafd43f08 691c19205afc4aeab58c40fdafd43f08] 10.0.0.134 "GET /resource_providers/21cb8f67-34bf-4d51-a83e-bc97d0708ece/aggregates" status: 404 len: 235 microversion: 1.1 [pid: 8|app: 0|req: 606/1206] 10.0.0.134 () {32 vars in 815 bytes} [Sat May 30 06:34:08 2026] GET /resource_providers/21cb8f67-34bf-4d51-a83e-bc97d0708ece/aggregates => generated 235 bytes in 15 msecs (HTTP/1.1 404) 5 headers in 202 bytes (1 switches on core 0)
2026-05-30 06:34:08.824 7 INFO placement.requestlog [None req-d544b2fa-f937-4bae-aaeb-99dd611d7a0d d0dcd80881854963adc6db716ef01381 1ad6e18d6af54785a6bc9a38e4f9fab7 - - 691c19205afc4aeab58c40fdafd43f08 691c19205afc4aeab58c40fdafd43f08] 10.0.0.134 "GET /resource_providers/21cb8f67-34bf-4d51-a83e-bc97d0708ece/aggregates" status: 404 len: 235 microversion: 1.1 [pid: 7|app: 0|req: 601/1207] 10.0.0.134 () {32 vars in 815 bytes} [Sat May 30 06:34:08 2026] GET /resource_providers/21cb8f67-34bf-4d51-a83e-bc97d0708ece/aggregates => generated 235 bytes in 13 msecs (HTTP/1.1 404) 5 headers in 202 bytes (1 switches on core 0)
2026-05-30 06:34:08.837 8 INFO placement.requestlog [None req-ec79fe09-6f9d-45f7-9df0-8b15f5add96b d0dcd80881854963adc6db716ef01381 1ad6e18d6af54785a6bc9a38e4f9fab7 - - 691c19205afc4aeab58c40fdafd43f08 691c19205afc4aeab58c40fdafd43f08] 10.0.0.134 "DELETE /resource_providers/21cb8f67-34bf-4d51-a83e-bc97d0708ece" status: 404 len: 246 microversion: 1.1 [pid: 8|app: 0|req: 607/1208] 10.0.0.134 () {34 vars in 815 bytes} [Sat May 30 06:34:08 2026] DELETE /resource_providers/21cb8f67-34bf-4d51-a83e-bc97d0708ece => generated 246 bytes in 15 msecs (HTTP/1.1 404) 6 headers in 231 bytes (1 switches on core 0)
2026-05-30 06:34:08.842 7 INFO placement.requestlog [None req-2f6ee562-a134-4a6a-8090-e8c9cb3a6856 d0dcd80881854963adc6db716ef01381 1ad6e18d6af54785a6bc9a38e4f9fab7 - - 691c19205afc4aeab58c40fdafd43f08 691c19205afc4aeab58c40fdafd43f08] 10.0.0.134 "DELETE /resource_providers/21cb8f67-34bf-4d51-a83e-bc97d0708ece" status: 404 len: 246 microversion: 1.1 [pid: 7|app: 0|req: 602/1209] 10.0.0.134 () {34 vars in 815 bytes} [Sat May 30 06:34:08 2026] DELETE /resource_providers/21cb8f67-34bf-4d51-a83e-bc97d0708ece => generated 246 bytes in 9 msecs (HTTP/1.1 404) 6 headers in 231 bytes (1 switches on core 0)
2026-05-30 06:34:08.863 7 INFO placement.requestlog [None req-3f5a316a-37b4-44cf-b412-351ae029d839 d0dcd80881854963adc6db716ef01381 1ad6e18d6af54785a6bc9a38e4f9fab7 - - 691c19205afc4aeab58c40fdafd43f08 691c19205afc4aeab58c40fdafd43f08] 10.0.0.134 "GET /resource_providers/2a9b2bd7-51b9-41bc-a52e-21d2ce881c7b/aggregates" status: 404 len: 235 microversion: 1.1
2026-05-30 06:34:08.864 8 INFO placement.requestlog [None req-599bd8b7-6fca-4a33-85d1-2676968b3828 d0dcd80881854963adc6db716ef01381 1ad6e18d6af54785a6bc9a38e4f9fab7 - - 691c19205afc4aeab58c40fdafd43f08 691c19205afc4aeab58c40fdafd43f08] 10.0.0.134 "GET /resource_providers/2a9b2bd7-51b9-41bc-a52e-21d2ce881c7b/aggregates" status: 404 len: 235 microversion: 1.1 [pid: 7|app: 0|req: 603/1210] 10.0.0.134 () {32 vars in 815 bytes} [Sat May 30 06:34:08 2026] GET /resource_providers/2a9b2bd7-51b9-41bc-a52e-21d2ce881c7b/aggregates => generated 235 bytes in 11 msecs (HTTP/1.1 404) 5 headers in 202 bytes (1 switches on core 0) [pid: 8|app: 0|req: 608/1211] 10.0.0.134 () {32 vars in 815 bytes} [Sat May 30 06:34:08 2026] GET /resource_providers/2a9b2bd7-51b9-41bc-a52e-21d2ce881c7b/aggregates => generated 235 bytes in 11 msecs (HTTP/1.1 404) 5 headers in 202 bytes (1 switches on core 0)
2026-05-30 06:34:08.887 7 INFO placement.requestlog [None req-b0e15534-9077-43de-be14-73669aa7ee65 d0dcd80881854963adc6db716ef01381 1ad6e18d6af54785a6bc9a38e4f9fab7 - - 691c19205afc4aeab58c40fdafd43f08 691c19205afc4aeab58c40fdafd43f08] 10.0.0.134 "DELETE /resource_providers/2a9b2bd7-51b9-41bc-a52e-21d2ce881c7b" status: 404 len: 246 microversion: 1.1 [pid: 7|app: 0|req: 604/1212] 10.0.0.134 () {34 vars in 815 bytes} [Sat May 30 06:34:08 2026] DELETE /resource_providers/2a9b2bd7-51b9-41bc-a52e-21d2ce881c7b => generated 246 bytes in 12 msecs (HTTP/1.1 404) 6 headers in 231 bytes (1 switches on core 0)
2026-05-30 06:34:08.889 8 INFO placement.requestlog [None req-db56ab9a-51b0-47dc-a3b5-f5658f4f58a3 d0dcd80881854963adc6db716ef01381 1ad6e18d6af54785a6bc9a38e4f9fab7 - - 691c19205afc4aeab58c40fdafd43f08 691c19205afc4aeab58c40fdafd43f08] 10.0.0.134 "DELETE /resource_providers/2a9b2bd7-51b9-41bc-a52e-21d2ce881c7b" status: 404 len: 246 microversion: 1.1 [pid: 8|app: 0|req: 609/1213] 10.0.0.134 () {34 vars in 815 bytes} [Sat May 30 06:34:08 2026] DELETE /resource_providers/2a9b2bd7-51b9-41bc-a52e-21d2ce881c7b => generated 246 bytes in 13 msecs (HTTP/1.1 404) 6 headers in 231 bytes (1 switches on core 0)
2026-05-30 06:34:11.700 7 INFO placement.requestlog [None req-e1cb232a-4db4-4535-bfeb-0148c28558f9 - - - - - -] 10.0.0.151 "GET /" status: 200 len: 136 microversion: 1.0
2026-05-30 06:34:11.700 8 INFO placement.requestlog [None req-4f63b9a8-b595-4a6b-a75f-5d0b3e0740da - - - - - -] 10.0.0.151 "GET /" status: 200 len: 136 microversion: 1.0
2026-05-30 06:34:14.215 7 INFO placement.requestlog [None req-dd30b74b-479c-4e5c-bfe8-071620a53495 d0dcd80881854963adc6db716ef01381 1ad6e18d6af54785a6bc9a38e4f9fab7 - - 691c19205afc4aeab58c40fdafd43f08 691c19205afc4aeab58c40fdafd43f08] 10.0.0.134 "GET /resource_providers/e193179f-39f7-4b3b-a40e-d9574c130941/aggregates" status: 404 len: 235 microversion: 1.1 [pid: 7|app: 0|req: 606/1216] 10.0.0.134 () {32 vars in 815 bytes} [Sat May 30 06:34:14 2026] GET /resource_providers/e193179f-39f7-4b3b-a40e-d9574c130941/aggregates => generated 235 bytes in 10 msecs (HTTP/1.1 404) 5 headers in 202 bytes (1 switches on core 0)
2026-05-30 06:34:14.218 8 INFO placement.requestlog [None req-ff9a4c22-af98-49a7-b406-a72e497fbd72 d0dcd80881854963adc6db716ef01381 1ad6e18d6af54785a6bc9a38e4f9fab7 - - 691c19205afc4aeab58c40fdafd43f08 691c19205afc4aeab58c40fdafd43f08] 10.0.0.134 "GET /resource_providers/e193179f-39f7-4b3b-a40e-d9574c130941/aggregates" status: 404 len: 235 microversion: 1.1 [pid: 8|app: 0|req: 611/1217] 10.0.0.134 () {32 vars in 815 bytes} [Sat May 30 06:34:14 2026] GET /resource_providers/e193179f-39f7-4b3b-a40e-d9574c130941/aggregates => generated 235 bytes in 9 msecs (HTTP/1.1 404) 5 headers in 202 bytes (1 switches on core 0)
2026-05-30 06:34:14.245 8 INFO placement.requestlog [None req-80b443d9-3e59-4883-b958-c37b4bbdbf20 d0dcd80881854963adc6db716ef01381 1ad6e18d6af54785a6bc9a38e4f9fab7 - - 691c19205afc4aeab58c40fdafd43f08 691c19205afc4aeab58c40fdafd43f08] 10.0.0.134 "DELETE /resource_providers/e193179f-39f7-4b3b-a40e-d9574c130941" status: 404 len: 246 microversion: 1.1
2026-05-30 06:34:14.245 7 INFO placement.requestlog [None req-ca8503b4-d512-49e6-b5ff-cb22bb002209 d0dcd80881854963adc6db716ef01381 1ad6e18d6af54785a6bc9a38e4f9fab7 - - 691c19205afc4aeab58c40fdafd43f08 691c19205afc4aeab58c40fdafd43f08] 10.0.0.134 "DELETE /resource_providers/e193179f-39f7-4b3b-a40e-d9574c130941" status: 404 len: 246 microversion: 1.1 [pid: 8|app: 0|req: 612/1218] 10.0.0.134 () {34 vars in 815 bytes} [Sat May 30 06:34:14 2026] DELETE /resource_providers/e193179f-39f7-4b3b-a40e-d9574c130941 => generated 246 bytes in 9 msecs (HTTP/1.1 404) 6 headers in 231 bytes (1 switches on core 0) [pid: 7|app: 0|req: 607/1219] 10.0.0.134 () {34 vars in 815 bytes} [Sat May 30 06:34:14 2026] DELETE /resource_providers/e193179f-39f7-4b3b-a40e-d9574c130941 => generated 246 bytes in 12 msecs (HTTP/1.1 404) 6 headers in 231 bytes (1 switches on core 0)
2026-05-30 06:34:16.272 8 INFO placement.requestlog [None req-e662c717-df96-4d18-9f53-bf65acb8d586 d0dcd80881854963adc6db716ef01381 1ad6e18d6af54785a6bc9a38e4f9fab7 - - 691c19205afc4aeab58c40fdafd43f08 691c19205afc4aeab58c40fdafd43f08] 10.0.0.134 "GET /resource_providers/530e4cd5-a80e-47fa-bd37-0b240d6ad75b/aggregates" status: 404 len: 235 microversion: 1.1
2026-05-30 06:34:16.272 7 INFO placement.requestlog [None req-ead3c230-9401-438a-bcf6-dbcf2aba7c15 d0dcd80881854963adc6db716ef01381 1ad6e18d6af54785a6bc9a38e4f9fab7 - - 691c19205afc4aeab58c40fdafd43f08 691c19205afc4aeab58c40fdafd43f08] 10.0.0.134 "GET /resource_providers/530e4cd5-a80e-47fa-bd37-0b240d6ad75b/aggregates" status: 404 len: 235 microversion: 1.1 [pid: 8|app: 0|req: 613/1220] 10.0.0.134 () {32 vars in 815 bytes} [Sat May 30 06:34:16 2026] GET /resource_providers/530e4cd5-a80e-47fa-bd37-0b240d6ad75b/aggregates => generated 235 bytes in 14 msecs (HTTP/1.1 404) 5 headers in 202 bytes (1 switches on core 0) [pid: 7|app: 0|req: 608/1221] 10.0.0.134 () {32 vars in 815 bytes} [Sat May 30 06:34:16 2026] GET /resource_providers/530e4cd5-a80e-47fa-bd37-0b240d6ad75b/aggregates => generated 235 bytes in 13 msecs (HTTP/1.1 404) 5 headers in 202 bytes (1 switches on core 0)
2026-05-30 06:34:16.292 8 INFO placement.requestlog [None req-89012585-5a49-4d88-b0bc-8144fb68ef61 d0dcd80881854963adc6db716ef01381 1ad6e18d6af54785a6bc9a38e4f9fab7 - - 691c19205afc4aeab58c40fdafd43f08 691c19205afc4aeab58c40fdafd43f08] 10.0.0.134 "DELETE /resource_providers/530e4cd5-a80e-47fa-bd37-0b240d6ad75b" status: 404 len: 246 microversion: 1.1 [pid: 8|app: 0|req: 614/1222] 10.0.0.134 () {34 vars in 815 bytes} [Sat May 30 06:34:16 2026] DELETE /resource_providers/530e4cd5-a80e-47fa-bd37-0b240d6ad75b => generated 246 bytes in 10 msecs (HTTP/1.1 404) 6 headers in 231 bytes (1 switches on core 0)
2026-05-30 06:34:16.296 7 INFO placement.requestlog [None req-1ff18b1a-d110-49e7-8d7d-3a8f35534b40 d0dcd80881854963adc6db716ef01381 1ad6e18d6af54785a6bc9a38e4f9fab7 - - 691c19205afc4aeab58c40fdafd43f08 691c19205afc4aeab58c40fdafd43f08] 10.0.0.134 "DELETE /resource_providers/530e4cd5-a80e-47fa-bd37-0b240d6ad75b" status: 404 len: 246 microversion: 1.1 [pid: 7|app: 0|req: 609/1223] 10.0.0.134 () {34 vars in 815 bytes} [Sat May 30 06:34:16 2026] DELETE /resource_providers/530e4cd5-a80e-47fa-bd37-0b240d6ad75b => generated 246 bytes in 9 msecs (HTTP/1.1 404) 6 headers in 231 bytes (1 switches on core 0)
2026-05-30 06:34:19.462 8 INFO placement.requestlog [None req-bad9cbd0-611e-47e1-b9ee-3afb1ac448a9 d0dcd80881854963adc6db716ef01381 1ad6e18d6af54785a6bc9a38e4f9fab7 - - 691c19205afc4aeab58c40fdafd43f08 691c19205afc4aeab58c40fdafd43f08] 10.0.0.134 "GET /resource_providers/bc7016c6-1634-43e7-aa30-d07b3bed9c89/aggregates" status: 404 len: 235 microversion: 1.1 [pid: 8|app: 0|req: 615/1224] 10.0.0.134 () {32 vars in 815 bytes} [Sat May 30 06:34:19 2026] GET /resource_providers/bc7016c6-1634-43e7-aa30-d07b3bed9c89/aggregates => generated 235 bytes in 8 msecs (HTTP/1.1 404) 5 headers in 202 bytes (1 switches on core 0)
2026-05-30 06:34:19.465 7 INFO placement.requestlog [None req-98df717b-032a-4952-98dd-714a2b1116d0 d0dcd80881854963adc6db716ef01381 1ad6e18d6af54785a6bc9a38e4f9fab7 - - 691c19205afc4aeab58c40fdafd43f08 691c19205afc4aeab58c40fdafd43f08] 10.0.0.134 "GET /resource_providers/bc7016c6-1634-43e7-aa30-d07b3bed9c89/aggregates" status: 404 len: 235 microversion: 1.1 [pid: 7|app: 0|req: 610/1225] 10.0.0.134 () {32 vars in 815 bytes} [Sat May 30 06:34:19 2026] GET /resource_providers/bc7016c6-1634-43e7-aa30-d07b3bed9c89/aggregates => generated 235 bytes in 11 msecs (HTTP/1.1 404) 5 headers in 202 bytes (1 switches on core 0)
2026-05-30 06:34:19.486 7 INFO placement.requestlog [None req-2277b477-3084-438f-abff-10926095855c d0dcd80881854963adc6db716ef01381 1ad6e18d6af54785a6bc9a38e4f9fab7 - - 691c19205afc4aeab58c40fdafd43f08 691c19205afc4aeab58c40fdafd43f08] 10.0.0.134 "DELETE /resource_providers/bc7016c6-1634-43e7-aa30-d07b3bed9c89" status: 404 len: 246 microversion: 1.1 [pid: 7|app: 0|req: 611/1226] 10.0.0.134 () {34 vars in 815 bytes} [Sat May 30 06:34:19 2026] DELETE /resource_providers/bc7016c6-1634-43e7-aa30-d07b3bed9c89 => generated 246 bytes in 10 msecs (HTTP/1.1 404) 6 headers in 231 bytes (1 switches on core 0)
2026-05-30 06:34:19.488 8 INFO placement.requestlog [None req-b7f3d22d-9be4-4f63-bd93-1062d9256ed4 d0dcd80881854963adc6db716ef01381 1ad6e18d6af54785a6bc9a38e4f9fab7 - - 691c19205afc4aeab58c40fdafd43f08 691c19205afc4aeab58c40fdafd43f08] 10.0.0.134 "DELETE /resource_providers/bc7016c6-1634-43e7-aa30-d07b3bed9c89" status: 404 len: 246 microversion: 1.1 [pid: 8|app: 0|req: 616/1227] 10.0.0.134 () {34 vars in 815 bytes} [Sat May 30 06:34:19 2026] DELETE /resource_providers/bc7016c6-1634-43e7-aa30-d07b3bed9c89 => generated 246 bytes in 11 msecs (HTTP/1.1 404) 6 headers in 231 bytes (1 switches on core 0)
2026-05-30 06:34:19.748 8 INFO placement.requestlog [None req-6ca626ee-eb43-4860-a361-acaf2a5ebcc2 d0dcd80881854963adc6db716ef01381 1ad6e18d6af54785a6bc9a38e4f9fab7 - - 691c19205afc4aeab58c40fdafd43f08 691c19205afc4aeab58c40fdafd43f08] 10.0.0.134 "GET /resource_providers/5e20a381-908a-4c43-b574-4d53720d7950/aggregates" status: 404 len: 235 microversion: 1.1 [pid: 8|app: 0|req: 617/1228] 10.0.0.134 () {32 vars in 815 bytes} [Sat May 30 06:34:19 2026] GET /resource_providers/5e20a381-908a-4c43-b574-4d53720d7950/aggregates => generated 235 bytes in 7 msecs (HTTP/1.1 404) 5 headers in 202 bytes (1 switches on core 0)
2026-05-30 06:34:19.754 7 INFO placement.requestlog [None req-80169dd5-1313-48dc-bf6c-4313d1314b15 d0dcd80881854963adc6db716ef01381 1ad6e18d6af54785a6bc9a38e4f9fab7 - - 691c19205afc4aeab58c40fdafd43f08 691c19205afc4aeab58c40fdafd43f08] 10.0.0.134 "GET /resource_providers/5e20a381-908a-4c43-b574-4d53720d7950/aggregates" status: 404 len: 235 microversion: 1.1 [pid: 7|app: 0|req: 612/1229] 10.0.0.134 () {32 vars in 815 bytes} [Sat May 30 06:34:19 2026] GET /resource_providers/5e20a381-908a-4c43-b574-4d53720d7950/aggregates => generated 235 bytes in 13 msecs (HTTP/1.1 404) 5 headers in 202 bytes (1 switches on core 0)
2026-05-30 06:34:19.764 8 INFO placement.requestlog [None req-75269e75-81b9-456f-a318-55e1bb5129e7 d0dcd80881854963adc6db716ef01381 1ad6e18d6af54785a6bc9a38e4f9fab7 - - 691c19205afc4aeab58c40fdafd43f08 691c19205afc4aeab58c40fdafd43f08] 10.0.0.134 "DELETE /resource_providers/5e20a381-908a-4c43-b574-4d53720d7950" status: 404 len: 246 microversion: 1.1 [pid: 8|app: 0|req: 618/1230] 10.0.0.134 () {34 vars in 815 bytes} [Sat May 30 06:34:19 2026] DELETE /resource_providers/5e20a381-908a-4c43-b574-4d53720d7950 => generated 246 bytes in 9 msecs (HTTP/1.1 404) 6 headers in 231 bytes (1 switches on core 0)
2026-05-30 06:34:19.777 7 INFO placement.requestlog [None req-a900853a-1802-4cad-8eee-9f4c4584c0f1 d0dcd80881854963adc6db716ef01381 1ad6e18d6af54785a6bc9a38e4f9fab7 - - 691c19205afc4aeab58c40fdafd43f08 691c19205afc4aeab58c40fdafd43f08] 10.0.0.134 "DELETE /resource_providers/5e20a381-908a-4c43-b574-4d53720d7950" status: 404 len: 246 microversion: 1.1 [pid: 7|app: 0|req: 613/1231] 10.0.0.134 () {34 vars in 815 bytes} [Sat May 30 06:34:19 2026] DELETE /resource_providers/5e20a381-908a-4c43-b574-4d53720d7950 => generated 246 bytes in 10 msecs (HTTP/1.1 404) 6 headers in 231 bytes (1 switches on core 0)
2026-05-30 06:34:21.507 7 INFO placement.requestlog [None req-61fc0c95-66f2-4740-ae43-b464af93db94 d0dcd80881854963adc6db716ef01381 1ad6e18d6af54785a6bc9a38e4f9fab7 - - 691c19205afc4aeab58c40fdafd43f08 691c19205afc4aeab58c40fdafd43f08] 10.0.0.134 "GET /resource_providers/db942461-0e76-4085-88c4-695c0a62457d/aggregates" status: 404 len: 235 microversion: 1.1 [pid: 7|app: 0|req: 614/1232] 10.0.0.134 () {32 vars in 815 bytes} [Sat May 30 06:34:21 2026] GET /resource_providers/db942461-0e76-4085-88c4-695c0a62457d/aggregates => generated 235 bytes in 9 msecs (HTTP/1.1 404) 5 headers in 202 bytes (1 switches on core 0)
2026-05-30 06:34:21.507 8 INFO placement.requestlog [None req-d1328e55-5574-4cd7-89cc-21e17a5c2115 d0dcd80881854963adc6db716ef01381 1ad6e18d6af54785a6bc9a38e4f9fab7 - - 691c19205afc4aeab58c40fdafd43f08 691c19205afc4aeab58c40fdafd43f08] 10.0.0.134 "GET /resource_providers/db942461-0e76-4085-88c4-695c0a62457d/aggregates" status: 404 len: 235 microversion: 1.1 [pid: 8|app: 0|req: 619/1233] 10.0.0.134 () {32 vars in 815 bytes} [Sat May 30 06:34:21 2026] GET /resource_providers/db942461-0e76-4085-88c4-695c0a62457d/aggregates => generated 235 bytes in 11 msecs (HTTP/1.1 404) 5 headers in 202 bytes (1 switches on core 0)
2026-05-30 06:34:21.524 7 INFO placement.requestlog [None req-0afbc94b-9447-42fe-a0e6-b8565f6cc53b d0dcd80881854963adc6db716ef01381 1ad6e18d6af54785a6bc9a38e4f9fab7 - - 691c19205afc4aeab58c40fdafd43f08 691c19205afc4aeab58c40fdafd43f08] 10.0.0.134 "DELETE /resource_providers/db942461-0e76-4085-88c4-695c0a62457d" status: 404 len: 246 microversion: 1.1 [pid: 7|app: 0|req: 615/1234] 10.0.0.134 () {34 vars in 815 bytes} [Sat May 30 06:34:21 2026] DELETE /resource_providers/db942461-0e76-4085-88c4-695c0a62457d => generated 246 bytes in 7 msecs (HTTP/1.1 404) 6 headers in 231 bytes (1 switches on core 0)
2026-05-30 06:34:21.529 8 INFO placement.requestlog [None req-8911d04a-3cf0-41b0-9ee1-1107a303b72e d0dcd80881854963adc6db716ef01381 1ad6e18d6af54785a6bc9a38e4f9fab7 - - 691c19205afc4aeab58c40fdafd43f08 691c19205afc4aeab58c40fdafd43f08] 10.0.0.134 "DELETE /resource_providers/db942461-0e76-4085-88c4-695c0a62457d" status: 404 len: 246 microversion: 1.1 [pid: 8|app: 0|req: 620/1235] 10.0.0.134 () {34 vars in 815 bytes} [Sat May 30 06:34:21 2026] DELETE /resource_providers/db942461-0e76-4085-88c4-695c0a62457d => generated 246 bytes in 11 msecs (HTTP/1.1 404) 6 headers in 231 bytes (1 switches on core 0)
2026-05-30 06:34:21.550 7 INFO placement.requestlog [None req-c8cce5cd-16f9-480e-87bd-b6fbf043f742 d0dcd80881854963adc6db716ef01381 1ad6e18d6af54785a6bc9a38e4f9fab7 - - 691c19205afc4aeab58c40fdafd43f08 691c19205afc4aeab58c40fdafd43f08] 10.0.0.134 "GET /resource_providers/4fba0dbb-644c-4e38-a988-b0fc8a571b0a/aggregates" status: 404 len: 235 microversion: 1.1 [pid: 7|app: 0|req: 616/1236] 10.0.0.134 () {32 vars in 815 bytes} [Sat May 30 06:34:21 2026] GET /resource_providers/4fba0dbb-644c-4e38-a988-b0fc8a571b0a/aggregates => generated 235 bytes in 11 msecs (HTTP/1.1 404) 5 headers in 202 bytes (1 switches on core 0)
2026-05-30 06:34:21.553 8 INFO placement.requestlog [None req-77e8263c-cf71-479a-82b3-082ecd102e09 d0dcd80881854963adc6db716ef01381 1ad6e18d6af54785a6bc9a38e4f9fab7 - - 691c19205afc4aeab58c40fdafd43f08 691c19205afc4aeab58c40fdafd43f08] 10.0.0.134 "GET /resource_providers/4fba0dbb-644c-4e38-a988-b0fc8a571b0a/aggregates" status: 404 len: 235 microversion: 1.1 [pid: 8|app: 0|req: 621/1237] 10.0.0.134 () {32 vars in 815 bytes} [Sat May 30 06:34:21 2026] GET /resource_providers/4fba0dbb-644c-4e38-a988-b0fc8a571b0a/aggregates => generated 235 bytes in 10 msecs (HTTP/1.1 404) 5 headers in 202 bytes (1 switches on core 0)
2026-05-30 06:34:21.567 8 INFO placement.requestlog [None req-aa193c2f-fe29-4a24-adaf-e375eece25fc d0dcd80881854963adc6db716ef01381 1ad6e18d6af54785a6bc9a38e4f9fab7 - - 691c19205afc4aeab58c40fdafd43f08 691c19205afc4aeab58c40fdafd43f08] 10.0.0.134 "DELETE /resource_providers/4fba0dbb-644c-4e38-a988-b0fc8a571b0a" status: 404 len: 246 microversion: 1.1 [pid: 8|app: 0|req: 622/1238] 10.0.0.134 () {34 vars in 815 bytes} [Sat May 30 06:34:21 2026] DELETE /resource_providers/4fba0dbb-644c-4e38-a988-b0fc8a571b0a => generated 246 bytes in 6 msecs (HTTP/1.1 404) 6 headers in 231 bytes (1 switches on core 0)
2026-05-30 06:34:21.569 7 INFO placement.requestlog [None req-c01f4ae3-bf8d-406d-bdbc-0136ddc9ad3a d0dcd80881854963adc6db716ef01381 1ad6e18d6af54785a6bc9a38e4f9fab7 - - 691c19205afc4aeab58c40fdafd43f08 691c19205afc4aeab58c40fdafd43f08] 10.0.0.134 "DELETE /resource_providers/4fba0dbb-644c-4e38-a988-b0fc8a571b0a" status: 404 len: 246 microversion: 1.1 [pid: 7|app: 0|req: 617/1239] 10.0.0.134 () {34 vars in 815 bytes} [Sat May 30 06:34:21 2026] DELETE /resource_providers/4fba0dbb-644c-4e38-a988-b0fc8a571b0a => generated 246 bytes in 10 msecs (HTTP/1.1 404) 6 headers in 231 bytes (1 switches on core 0)
2026-05-30 06:34:21.700 7 INFO placement.requestlog [None req-739976bc-1b03-43d2-b281-e348c2a959f4 - - - - - -] 10.0.0.151 "GET /" status: 200 len: 136 microversion: 1.0
2026-05-30 06:34:21.701 8 INFO placement.requestlog [None req-88fec409-c164-4159-ad61-3dc4f76e59af - - - - - -] 10.0.0.151 "GET /" status: 200 len: 136 microversion: 1.0
2026-05-30 06:34:21.782 7 INFO placement.requestlog [None req-102364a5-2e23-406a-97a9-5786e9b4c68f d0dcd80881854963adc6db716ef01381 1ad6e18d6af54785a6bc9a38e4f9fab7 - - 691c19205afc4aeab58c40fdafd43f08 691c19205afc4aeab58c40fdafd43f08] 10.0.0.134 "GET /resource_providers/96eaf693-ede7-46c6-ab92-32494a7e0d83/aggregates" status: 404 len: 235 microversion: 1.1 [pid: 7|app: 0|req: 619/1242] 10.0.0.134 () {32 vars in 815 bytes} [Sat May 30 06:34:21 2026] GET /resource_providers/96eaf693-ede7-46c6-ab92-32494a7e0d83/aggregates => generated 235 bytes in 9 msecs (HTTP/1.1 404) 5 headers in 202 bytes (1 switches on core 0)
2026-05-30 06:34:21.798 8 INFO placement.requestlog [None req-3e0b1428-2d36-441e-8dd4-48a620ca2b29 d0dcd80881854963adc6db716ef01381 1ad6e18d6af54785a6bc9a38e4f9fab7 - - 691c19205afc4aeab58c40fdafd43f08 691c19205afc4aeab58c40fdafd43f08] 10.0.0.134 "GET /resource_providers/96eaf693-ede7-46c6-ab92-32494a7e0d83/aggregates" status: 404 len: 235 microversion: 1.1 [pid: 8|app: 0|req: 624/1243] 10.0.0.134 () {32 vars in 815 bytes} [Sat May 30 06:34:21 2026] GET /resource_providers/96eaf693-ede7-46c6-ab92-32494a7e0d83/aggregates => generated 235 bytes in 11 msecs (HTTP/1.1 404) 5 headers in 202 bytes (1 switches on core 0)
2026-05-30 06:34:21.801 7 INFO placement.requestlog [None req-9ab5b4c2-6da9-4380-b662-0a82a8c6f667 d0dcd80881854963adc6db716ef01381 1ad6e18d6af54785a6bc9a38e4f9fab7 - - 691c19205afc4aeab58c40fdafd43f08 691c19205afc4aeab58c40fdafd43f08] 10.0.0.134 "DELETE /resource_providers/96eaf693-ede7-46c6-ab92-32494a7e0d83" status: 404 len: 246 microversion: 1.1 [pid: 7|app: 0|req: 620/1244] 10.0.0.134 () {34 vars in 815 bytes} [Sat May 30 06:34:21 2026] DELETE /resource_providers/96eaf693-ede7-46c6-ab92-32494a7e0d83 => generated 246 bytes in 12 msecs (HTTP/1.1 404) 6 headers in 231 bytes (1 switches on core 0)
2026-05-30 06:34:21.821 8 INFO placement.requestlog [None req-af038e21-12aa-4b42-8ea0-35bb9e1b5515 d0dcd80881854963adc6db716ef01381 1ad6e18d6af54785a6bc9a38e4f9fab7 - - 691c19205afc4aeab58c40fdafd43f08 691c19205afc4aeab58c40fdafd43f08] 10.0.0.134 "DELETE /resource_providers/96eaf693-ede7-46c6-ab92-32494a7e0d83" status: 404 len: 246 microversion: 1.1 [pid: 8|app: 0|req: 625/1245] 10.0.0.134 () {34 vars in 815 bytes} [Sat May 30 06:34:21 2026] DELETE /resource_providers/96eaf693-ede7-46c6-ab92-32494a7e0d83 => generated 246 bytes in 9 msecs (HTTP/1.1 404) 6 headers in 231 bytes (1 switches on core 0)
2026-05-30 06:34:28.675 7 INFO placement.requestlog [req-1bf8117f-f7d3-4bc4-a1c3-36c33027167f req-a34ce38e-0358-4112-a029-91dd61b6702c 5ad6d21d17f24aaca977de70c73942d1 1ad6e18d6af54785a6bc9a38e4f9fab7 - - 691c19205afc4aeab58c40fdafd43f08 691c19205afc4aeab58c40fdafd43f08] 199.204.45.216 "GET /resource_providers/b120da87-32e4-4421-a7fb-b7616857ea5b/allocations" status: 200 len: 340 microversion: 1.0 [pid: 7|app: 0|req: 621/1246] 199.204.45.216 () {32 vars in 856 bytes} [Sat May 30 06:34:28 2026] GET /resource_providers/b120da87-32e4-4421-a7fb-b7616857ea5b/allocations => generated 340 bytes in 25 msecs (HTTP/1.1 200) 6 headers in 224 bytes (1 switches on core 0)
2026-05-30 06:34:28.703 8 INFO placement.requestlog [req-1bf8117f-f7d3-4bc4-a1c3-36c33027167f req-f6175f23-6708-485f-b2c5-11ed39b6f665 5ad6d21d17f24aaca977de70c73942d1 1ad6e18d6af54785a6bc9a38e4f9fab7 - - 691c19205afc4aeab58c40fdafd43f08 691c19205afc4aeab58c40fdafd43f08] 199.204.45.216 "GET /resource_providers/b120da87-32e4-4421-a7fb-b7616857ea5b/allocations" status: 200 len: 340 microversion: 1.0 [pid: 8|app: 0|req: 626/1247] 199.204.45.216 () {32 vars in 856 bytes} [Sat May 30 06:34:28 2026] GET /resource_providers/b120da87-32e4-4421-a7fb-b7616857ea5b/allocations => generated 340 bytes in 20 msecs (HTTP/1.1 200) 6 headers in 224 bytes (1 switches on core 0)
2026-05-30 06:34:28.722 7 INFO placement.requestlog [req-1bf8117f-f7d3-4bc4-a1c3-36c33027167f req-d53bece9-13cb-4810-9911-3abe80593d55 5ad6d21d17f24aaca977de70c73942d1 1ad6e18d6af54785a6bc9a38e4f9fab7 - - 691c19205afc4aeab58c40fdafd43f08 691c19205afc4aeab58c40fdafd43f08] 199.204.45.216 "GET /allocations/6a1ddef8-f02e-442a-8eb3-bafd47d752d5" status: 200 len: 258 microversion: 1.28 [pid: 7|app: 0|req: 622/1248] 199.204.45.216 () {34 vars in 862 bytes} [Sat May 30 06:34:28 2026] GET /allocations/6a1ddef8-f02e-442a-8eb3-bafd47d752d5 => generated 258 bytes in 13 msecs (HTTP/1.1 200) 8 headers in 296 bytes (1 switches on core 0)
2026-05-30 06:34:28.742 8 INFO placement.requestlog [req-1bf8117f-f7d3-4bc4-a1c3-36c33027167f req-334dba68-2a4f-4214-9a47-7506b7dda70f 5ad6d21d17f24aaca977de70c73942d1 1ad6e18d6af54785a6bc9a38e4f9fab7 - - 691c19205afc4aeab58c40fdafd43f08 691c19205afc4aeab58c40fdafd43f08] 199.204.45.216 "GET /allocations/415185cb-96b0-4ebb-b53f-bc3428634777" status: 200 len: 258 microversion: 1.28 [pid: 8|app: 0|req: 627/1249] 199.204.45.216 () {34 vars in 862 bytes} [Sat May 30 06:34:28 2026] GET /allocations/415185cb-96b0-4ebb-b53f-bc3428634777 => generated 258 bytes in 13 msecs (HTTP/1.1 200) 8 headers in 296 bytes (1 switches on core 0)
2026-05-30 06:34:28.761 7 INFO placement.requestlog [req-1bf8117f-f7d3-4bc4-a1c3-36c33027167f req-f8ada7d8-22b6-4e52-881c-6a677fc23737 5ad6d21d17f24aaca977de70c73942d1 1ad6e18d6af54785a6bc9a38e4f9fab7 - - 691c19205afc4aeab58c40fdafd43f08 691c19205afc4aeab58c40fdafd43f08] 199.204.45.216 "GET /allocations/b3743859-29cd-4f19-a21b-f8f0a4f0a7e3" status: 200 len: 245 microversion: 1.28 [pid: 7|app: 0|req: 623/1250] 199.204.45.216 () {34 vars in 862 bytes} [Sat May 30 06:34:28 2026] GET /allocations/b3743859-29cd-4f19-a21b-f8f0a4f0a7e3 => generated 245 bytes in 14 msecs (HTTP/1.1 200) 8 headers in 296 bytes (1 switches on core 0)
2026-05-30 06:34:29.682 7 INFO placement.requestlog [None req-7e332dc7-0876-4ced-a220-fa212b3393d3 d0dcd80881854963adc6db716ef01381 1ad6e18d6af54785a6bc9a38e4f9fab7 - - 691c19205afc4aeab58c40fdafd43f08 691c19205afc4aeab58c40fdafd43f08] 10.0.0.134 "GET /resource_providers/f926f339-9e43-4017-ab83-408b45b260d5/aggregates" status: 404 len: 235 microversion: 1.1 [pid: 7|app: 0|req: 624/1251] 10.0.0.134 () {32 vars in 815 bytes} [Sat May 30 06:34:29 2026] GET /resource_providers/f926f339-9e43-4017-ab83-408b45b260d5/aggregates => generated 235 bytes in 111 msecs (HTTP/1.1 404) 5 headers in 202 bytes (1 switches on core 0)
2026-05-30 06:34:29.700 8 INFO placement.requestlog [None req-670ab798-e318-440c-bd7c-01bf07946630 d0dcd80881854963adc6db716ef01381 1ad6e18d6af54785a6bc9a38e4f9fab7 - - 691c19205afc4aeab58c40fdafd43f08 691c19205afc4aeab58c40fdafd43f08] 10.0.0.134 "GET /resource_providers/f926f339-9e43-4017-ab83-408b45b260d5/aggregates" status: 404 len: 235 microversion: 1.1 [pid: 8|app: 0|req: 628/1252] 10.0.0.134 () {32 vars in 815 bytes} [Sat May 30 06:34:29 2026] GET /resource_providers/f926f339-9e43-4017-ab83-408b45b260d5/aggregates => generated 235 bytes in 134 msecs (HTTP/1.1 404) 5 headers in 202 bytes (1 switches on core 0)
2026-05-30 06:34:29.702 7 INFO placement.requestlog [None req-31bf3001-4852-4fb7-abf9-3545273515b3 d0dcd80881854963adc6db716ef01381 1ad6e18d6af54785a6bc9a38e4f9fab7 - - 691c19205afc4aeab58c40fdafd43f08 691c19205afc4aeab58c40fdafd43f08] 10.0.0.134 "DELETE /resource_providers/f926f339-9e43-4017-ab83-408b45b260d5" status: 404 len: 246 microversion: 1.1 [pid: 7|app: 0|req: 625/1253] 10.0.0.134 () {34 vars in 815 bytes} [Sat May 30 06:34:29 2026] DELETE /resource_providers/f926f339-9e43-4017-ab83-408b45b260d5 => generated 246 bytes in 11 msecs (HTTP/1.1 404) 6 headers in 231 bytes (1 switches on core 0)
2026-05-30 06:34:29.718 8 INFO placement.requestlog [None req-94ceb362-e8d6-4a7e-95f2-c1a3f3e50052 d0dcd80881854963adc6db716ef01381 1ad6e18d6af54785a6bc9a38e4f9fab7 - - 691c19205afc4aeab58c40fdafd43f08 691c19205afc4aeab58c40fdafd43f08] 10.0.0.134 "DELETE /resource_providers/f926f339-9e43-4017-ab83-408b45b260d5" status: 404 len: 246 microversion: 1.1 [pid: 8|app: 0|req: 629/1254] 10.0.0.134 () {34 vars in 815 bytes} [Sat May 30 06:34:29 2026] DELETE /resource_providers/f926f339-9e43-4017-ab83-408b45b260d5 => generated 246 bytes in 9 msecs (HTTP/1.1 404) 6 headers in 231 bytes (1 switches on core 0)
2026-05-30 06:34:31.702 7 INFO placement.requestlog [None req-3ba2ccc0-01df-4993-9165-e29cf2c1b27d - - - - - -] 10.0.0.151 "GET /" status: 200 len: 136 microversion: 1.0
2026-05-30 06:34:31.701 8 INFO placement.requestlog [None req-661d0a9f-350b-43ae-9399-41419ba7070c - - - - - -] 10.0.0.151 "GET /" status: 200 len: 136 microversion: 1.0
2026-05-30 06:34:41.700 7 INFO placement.requestlog [None req-b0b6771a-9173-4fd8-9a47-9c0787d06a1f - - - - - -] 10.0.0.151 "GET /" status: 200 len: 136 microversion: 1.0
2026-05-30 06:34:41.701 8 INFO placement.requestlog [None req-44937ecb-e931-4e8d-8277-58e43a57fbfa - - - - - -] 10.0.0.151 "GET /" status: 200 len: 136 microversion: 1.0
2026-05-30 06:34:51.700 8 INFO placement.requestlog [None req-a2d84ecc-f9ea-4f89-a958-c4c17928eab1 - - - - - -] 10.0.0.151 "GET /" status: 200 len: 136 microversion: 1.0
2026-05-30 06:34:51.700 7 INFO placement.requestlog [None req-564eaa6a-1342-44cc-8deb-60c4a3e8434c - - - - - -] 10.0.0.151 "GET /" status: 200 len: 136 microversion: 1.0
2026-05-30 06:35:01.700 7 INFO placement.requestlog [None req-4d1a4b0e-8aa7-4a78-ae81-8f42f88ab423 - - - - - -] 10.0.0.151 "GET /" status: 200 len: 136 microversion: 1.0
2026-05-30 06:35:01.700 8 INFO placement.requestlog [None req-1159787b-0c19-4b86-b6ed-66d436a09d25 - - - - - -] 10.0.0.151 "GET /" status: 200 len: 136 microversion: 1.0
2026-05-30 06:35:11.700 8 INFO placement.requestlog [None req-12415af3-0794-4b51-be01-37646fdc9411 - - - - - -] 10.0.0.151 "GET /" status: 200 len: 136 microversion: 1.0
2026-05-30 06:35:11.700 7 INFO placement.requestlog [None req-9fa39d0d-9aca-4d8f-83b6-00f9610c52ac - - - - - -] 10.0.0.151 "GET /" status: 200 len: 136 microversion: 1.0
2026-05-30 06:35:21.701 8 INFO placement.requestlog [None req-f5c42da4-9b40-4f31-b1c8-01a59d0b8ef3 - - - - - -] 10.0.0.151 "GET /" status: 200 len: 136 microversion: 1.0
2026-05-30 06:35:21.701 7 INFO placement.requestlog [None req-d35e317f-f528-4a54-a93e-1d3a5187ff67 - - - - - -] 10.0.0.151 "GET /" status: 200 len: 136 microversion: 1.0
2026-05-30 06:35:28.476 8 INFO placement.requestlog [req-ba3ee292-ef77-42fd-a92c-27f9382b1fa3 req-8ba68a8f-ee8b-49a3-8896-30c65290b581 5ad6d21d17f24aaca977de70c73942d1 1ad6e18d6af54785a6bc9a38e4f9fab7 - - 691c19205afc4aeab58c40fdafd43f08 691c19205afc4aeab58c40fdafd43f08] 199.204.45.216 "GET /resource_providers/b120da87-32e4-4421-a7fb-b7616857ea5b/allocations" status: 200 len: 340 microversion: 1.0 [pid: 8|app: 0|req: 636/1267] 199.204.45.216 () {32 vars in 856 bytes} [Sat May 30 06:35:28 2026] GET /resource_providers/b120da87-32e4-4421-a7fb-b7616857ea5b/allocations => generated 340 bytes in 15 msecs (HTTP/1.1 200) 6 headers in 224 bytes (1 switches on core 0)
2026-05-30 06:35:28.503 7 INFO placement.requestlog [req-ba3ee292-ef77-42fd-a92c-27f9382b1fa3 req-204a0cb8-92c4-4c47-9dc9-c0027a273038 5ad6d21d17f24aaca977de70c73942d1 1ad6e18d6af54785a6bc9a38e4f9fab7 - - 691c19205afc4aeab58c40fdafd43f08 691c19205afc4aeab58c40fdafd43f08] 199.204.45.216 "GET /resource_providers/b120da87-32e4-4421-a7fb-b7616857ea5b/allocations" status: 200 len: 340 microversion: 1.0 [pid: 7|app: 0|req: 632/1268] 199.204.45.216 () {32 vars in 856 bytes} [Sat May 30 06:35:28 2026] GET /resource_providers/b120da87-32e4-4421-a7fb-b7616857ea5b/allocations => generated 340 bytes in 16 msecs (HTTP/1.1 200) 6 headers in 224 bytes (1 switches on core 0)
2026-05-30 06:35:28.523 8 INFO placement.requestlog [req-ba3ee292-ef77-42fd-a92c-27f9382b1fa3 req-ac6bbc1e-910d-4039-a702-6956f230b4e6 5ad6d21d17f24aaca977de70c73942d1 1ad6e18d6af54785a6bc9a38e4f9fab7 - - 691c19205afc4aeab58c40fdafd43f08 691c19205afc4aeab58c40fdafd43f08] 199.204.45.216 "GET /allocations/6a1ddef8-f02e-442a-8eb3-bafd47d752d5" status: 200 len: 258 microversion: 1.28 [pid: 8|app: 0|req: 637/1269] 199.204.45.216 () {34 vars in 862 bytes} [Sat May 30 06:35:28 2026] GET /allocations/6a1ddef8-f02e-442a-8eb3-bafd47d752d5 => generated 258 bytes in 13 msecs (HTTP/1.1 200) 8 headers in 296 bytes (1 switches on core 0)
2026-05-30 06:35:28.543 7 INFO placement.requestlog [req-ba3ee292-ef77-42fd-a92c-27f9382b1fa3 req-2b567fc5-e1ac-405a-ae36-8a66b23efcca 5ad6d21d17f24aaca977de70c73942d1 1ad6e18d6af54785a6bc9a38e4f9fab7 - - 691c19205afc4aeab58c40fdafd43f08 691c19205afc4aeab58c40fdafd43f08] 199.204.45.216 "GET /allocations/415185cb-96b0-4ebb-b53f-bc3428634777" status: 200 len: 258 microversion: 1.28 [pid: 7|app: 0|req: 633/1270] 199.204.45.216 () {34 vars in 862 bytes} [Sat May 30 06:35:28 2026] GET /allocations/415185cb-96b0-4ebb-b53f-bc3428634777 => generated 258 bytes in 12 msecs (HTTP/1.1 200) 8 headers in 296 bytes (1 switches on core 0)
2026-05-30 06:35:28.566 8 INFO placement.requestlog [req-ba3ee292-ef77-42fd-a92c-27f9382b1fa3 req-0dcddc54-bf2e-469b-8467-d3a056fedbd3 5ad6d21d17f24aaca977de70c73942d1 1ad6e18d6af54785a6bc9a38e4f9fab7 - - 691c19205afc4aeab58c40fdafd43f08 691c19205afc4aeab58c40fdafd43f08] 199.204.45.216 "GET /allocations/b3743859-29cd-4f19-a21b-f8f0a4f0a7e3" status: 200 len: 245 microversion: 1.28 [pid: 8|app: 0|req: 638/1271] 199.204.45.216 () {34 vars in 862 bytes} [Sat May 30 06:35:28 2026] GET /allocations/b3743859-29cd-4f19-a21b-f8f0a4f0a7e3 => generated 245 bytes in 15 msecs (HTTP/1.1 200) 8 headers in 296 bytes (1 switches on core 0)
2026-05-30 06:35:31.700 7 INFO placement.requestlog [None req-5657a576-c33e-4fbf-9aa2-38f7ddc43c1a - - - - - -] 10.0.0.151 "GET /" status: 200 len: 136 microversion: 1.0
2026-05-30 06:35:31.701 8 INFO placement.requestlog [None req-b56b0972-918a-43ff-95e5-f85943b976d0 - - - - - -] 10.0.0.151 "GET /" status: 200 len: 136 microversion: 1.0
2026-05-30 06:35:40.430 7 INFO placement.requestlog [req-ee5c2736-b576-46bc-8db9-d16ba86809c3 req-5b2a8ec8-5974-47d6-b682-6a4b5f725cc4 5ad6d21d17f24aaca977de70c73942d1 1ad6e18d6af54785a6bc9a38e4f9fab7 - - 691c19205afc4aeab58c40fdafd43f08 691c19205afc4aeab58c40fdafd43f08] 199.204.45.216 "GET /resource_providers/b120da87-32e4-4421-a7fb-b7616857ea5b/allocations" status: 200 len: 340 microversion: 1.0 [pid: 7|app: 0|req: 635/1274] 199.204.45.216 () {32 vars in 856 bytes} [Sat May 30 06:35:40 2026] GET /resource_providers/b120da87-32e4-4421-a7fb-b7616857ea5b/allocations => generated 340 bytes in 30 msecs (HTTP/1.1 200) 6 headers in 224 bytes (1 switches on core 0)
2026-05-30 06:35:40.449 8 INFO placement.requestlog [req-ee5c2736-b576-46bc-8db9-d16ba86809c3 req-7ba1110a-1f5b-42bd-8c48-c4181c52c142 5ad6d21d17f24aaca977de70c73942d1 1ad6e18d6af54785a6bc9a38e4f9fab7 - - 691c19205afc4aeab58c40fdafd43f08 691c19205afc4aeab58c40fdafd43f08] 199.204.45.216 "GET /allocations/6a1ddef8-f02e-442a-8eb3-bafd47d752d5" status: 200 len: 258 microversion: 1.28 [pid: 8|app: 0|req: 640/1275] 199.204.45.216 () {34 vars in 862 bytes} [Sat May 30 06:35:40 2026] GET /allocations/6a1ddef8-f02e-442a-8eb3-bafd47d752d5 => generated 258 bytes in 11 msecs (HTTP/1.1 200) 8 headers in 296 bytes (1 switches on core 0)
2026-05-30 06:35:40.483 7 INFO placement.requestlog [req-ee5c2736-b576-46bc-8db9-d16ba86809c3 req-9b08a469-a2a9-4d3a-9d90-22dc1213b0a3 5ad6d21d17f24aaca977de70c73942d1 1ad6e18d6af54785a6bc9a38e4f9fab7 - - 691c19205afc4aeab58c40fdafd43f08 691c19205afc4aeab58c40fdafd43f08] 199.204.45.216 "GET /allocations/415185cb-96b0-4ebb-b53f-bc3428634777" status: 200 len: 258 microversion: 1.28 [pid: 7|app: 0|req: 636/1276] 199.204.45.216 () {34 vars in 862 bytes} [Sat May 30 06:35:40 2026] GET /allocations/415185cb-96b0-4ebb-b53f-bc3428634777 => generated 258 bytes in 30 msecs (HTTP/1.1 200) 8 headers in 296 bytes (1 switches on core 0)
2026-05-30 06:35:40.504 8 INFO placement.requestlog [req-ee5c2736-b576-46bc-8db9-d16ba86809c3 req-4453934d-cf01-4fd0-a1b2-cca79b257aa9 5ad6d21d17f24aaca977de70c73942d1 1ad6e18d6af54785a6bc9a38e4f9fab7 - - 691c19205afc4aeab58c40fdafd43f08 691c19205afc4aeab58c40fdafd43f08] 199.204.45.216 "GET /allocations/b3743859-29cd-4f19-a21b-f8f0a4f0a7e3" status: 200 len: 245 microversion: 1.28 [pid: 8|app: 0|req: 641/1277] 199.204.45.216 () {34 vars in 862 bytes} [Sat May 30 06:35:40 2026] GET /allocations/b3743859-29cd-4f19-a21b-f8f0a4f0a7e3 => generated 245 bytes in 13 msecs (HTTP/1.1 200) 8 headers in 296 bytes (1 switches on core 0)
2026-05-30 06:35:41.558 7 INFO placement.requestlog [req-ee5c2736-b576-46bc-8db9-d16ba86809c3 req-3691761a-de3a-45f1-b794-9c8b55478296 5ad6d21d17f24aaca977de70c73942d1 1ad6e18d6af54785a6bc9a38e4f9fab7 - - 691c19205afc4aeab58c40fdafd43f08 691c19205afc4aeab58c40fdafd43f08] 199.204.45.216 "DELETE /allocations/b3743859-29cd-4f19-a21b-f8f0a4f0a7e3" status: 204 len: 0 microversion: 1.0 [pid: 7|app: 0|req: 637/1278] 199.204.45.216 () {34 vars in 840 bytes} [Sat May 30 06:35:41 2026] DELETE /allocations/b3743859-29cd-4f19-a21b-f8f0a4f0a7e3 => generated 0 bytes in 25 msecs (HTTP/1.1 204) 5 headers in 198 bytes (1 switches on core 0)
2026-05-30 06:35:41.700 8 INFO placement.requestlog [None req-a8ef8fe5-8781-4248-a725-f1d9137c3b1e - - - - - -] 10.0.0.151 "GET /" status: 200 len: 136 microversion: 1.0
2026-05-30 06:35:41.701 7 INFO placement.requestlog [None req-eb568d4c-c9cc-4005-a5ec-a6f52bcdfabe - - - - - -] 10.0.0.151 "GET /" status: 200 len: 136 microversion: 1.0
2026-05-30 06:35:44.763 8 INFO placement.requestlog [req-6b8a004c-897d-4262-bb27-a6fb2b8f10ae req-b7ae1a87-34a2-4fbb-98d8-ce22cef44ca5 5ad6d21d17f24aaca977de70c73942d1 1ad6e18d6af54785a6bc9a38e4f9fab7 - - 691c19205afc4aeab58c40fdafd43f08 691c19205afc4aeab58c40fdafd43f08] 199.204.45.216 "GET /resource_providers/b120da87-32e4-4421-a7fb-b7616857ea5b/allocations" status: 200 len: 253 microversion: 1.0 [pid: 8|app: 0|req: 643/1281] 199.204.45.216 () {32 vars in 856 bytes} [Sat May 30 06:35:44 2026] GET /resource_providers/b120da87-32e4-4421-a7fb-b7616857ea5b/allocations => generated 253 bytes in 17 msecs (HTTP/1.1 200) 6 headers in 224 bytes (1 switches on core 0)
2026-05-30 06:35:44.781 7 INFO placement.requestlog [req-6b8a004c-897d-4262-bb27-a6fb2b8f10ae req-1f8bf7ee-97dc-4f4e-86bc-1e6edf515ab9 5ad6d21d17f24aaca977de70c73942d1 1ad6e18d6af54785a6bc9a38e4f9fab7 - - 691c19205afc4aeab58c40fdafd43f08 691c19205afc4aeab58c40fdafd43f08] 199.204.45.216 "GET /allocations/6a1ddef8-f02e-442a-8eb3-bafd47d752d5" status: 200 len: 258 microversion: 1.28 [pid: 7|app: 0|req: 639/1282] 199.204.45.216 () {34 vars in 862 bytes} [Sat May 30 06:35:44 2026] GET /allocations/6a1ddef8-f02e-442a-8eb3-bafd47d752d5 => generated 258 bytes in 11 msecs (HTTP/1.1 200) 8 headers in 296 bytes (1 switches on core 0)
2026-05-30 06:35:44.802 8 INFO placement.requestlog [req-6b8a004c-897d-4262-bb27-a6fb2b8f10ae req-8823fca4-c299-447d-81b7-22a2d943a3d8 5ad6d21d17f24aaca977de70c73942d1 1ad6e18d6af54785a6bc9a38e4f9fab7 - - 691c19205afc4aeab58c40fdafd43f08 691c19205afc4aeab58c40fdafd43f08] 199.204.45.216 "GET /allocations/415185cb-96b0-4ebb-b53f-bc3428634777" status: 200 len: 258 microversion: 1.28 [pid: 8|app: 0|req: 644/1283] 199.204.45.216 () {34 vars in 862 bytes} [Sat May 30 06:35:44 2026] GET /allocations/415185cb-96b0-4ebb-b53f-bc3428634777 => generated 258 bytes in 14 msecs (HTTP/1.1 200) 8 headers in 296 bytes (1 switches on core 0)
2026-05-30 06:35:45.851 7 INFO placement.requestlog [req-6b8a004c-897d-4262-bb27-a6fb2b8f10ae req-93dbfbc6-d955-4d62-b12a-8f8a65bc4f75 5ad6d21d17f24aaca977de70c73942d1 1ad6e18d6af54785a6bc9a38e4f9fab7 - - 691c19205afc4aeab58c40fdafd43f08 691c19205afc4aeab58c40fdafd43f08] 199.204.45.216 "DELETE /allocations/6a1ddef8-f02e-442a-8eb3-bafd47d752d5" status: 204 len: 0 microversion: 1.0 [pid: 7|app: 0|req: 640/1284] 199.204.45.216 () {34 vars in 840 bytes} [Sat May 30 06:35:45 2026] DELETE /allocations/6a1ddef8-f02e-442a-8eb3-bafd47d752d5 => generated 0 bytes in 26 msecs (HTTP/1.1 204) 5 headers in 198 bytes (1 switches on core 0)
2026-05-30 06:35:51.700 7 INFO placement.requestlog [None req-5c5d075a-d679-4b74-930f-b77aea35386a - - - - - -] 10.0.0.151 "GET /" status: 200 len: 136 microversion: 1.0
2026-05-30 06:35:51.702 8 INFO placement.requestlog [None req-82b7be66-33dd-4726-adf7-22c6b533d469 - - - - - -] 10.0.0.151 "GET /" status: 200 len: 136 microversion: 1.0
2026-05-30 06:35:56.319 7 INFO placement.requestlog [req-d4766249-9b7d-4852-9416-4375e720ed9f req-65c16ea4-9f86-402e-97fa-cc2bf4f32754 5ad6d21d17f24aaca977de70c73942d1 1ad6e18d6af54785a6bc9a38e4f9fab7 - - 691c19205afc4aeab58c40fdafd43f08 691c19205afc4aeab58c40fdafd43f08] 199.204.45.216 "GET /resource_providers/b120da87-32e4-4421-a7fb-b7616857ea5b/allocations" status: 200 len: 153 microversion: 1.0 [pid: 7|app: 0|req: 642/1287] 199.204.45.216 () {32 vars in 856 bytes} [Sat May 30 06:35:56 2026] GET /resource_providers/b120da87-32e4-4421-a7fb-b7616857ea5b/allocations => generated 153 bytes in 13 msecs (HTTP/1.1 200) 6 headers in 224 bytes (1 switches on core 0)
2026-05-30 06:35:56.342 8 INFO placement.requestlog [req-d4766249-9b7d-4852-9416-4375e720ed9f req-4549fa77-f7e4-400a-b01e-27c48d0e0446 5ad6d21d17f24aaca977de70c73942d1 1ad6e18d6af54785a6bc9a38e4f9fab7 - - 691c19205afc4aeab58c40fdafd43f08 691c19205afc4aeab58c40fdafd43f08] 199.204.45.216 "GET /allocations/415185cb-96b0-4ebb-b53f-bc3428634777" status: 200 len: 258 microversion: 1.28 [pid: 8|app: 0|req: 646/1288] 199.204.45.216 () {34 vars in 862 bytes} [Sat May 30 06:35:56 2026] GET /allocations/415185cb-96b0-4ebb-b53f-bc3428634777 => generated 258 bytes in 17 msecs (HTTP/1.1 200) 8 headers in 296 bytes (1 switches on core 0)
2026-05-30 06:35:57.389 7 INFO placement.requestlog [req-d4766249-9b7d-4852-9416-4375e720ed9f req-d555c328-4822-401a-8ed5-086422a73a55 5ad6d21d17f24aaca977de70c73942d1 1ad6e18d6af54785a6bc9a38e4f9fab7 - - 691c19205afc4aeab58c40fdafd43f08 691c19205afc4aeab58c40fdafd43f08] 199.204.45.216 "DELETE /allocations/415185cb-96b0-4ebb-b53f-bc3428634777" status: 204 len: 0 microversion: 1.0 [pid: 7|app: 0|req: 643/1289] 199.204.45.216 () {34 vars in 840 bytes} [Sat May 30 06:35:57 2026] DELETE /allocations/415185cb-96b0-4ebb-b53f-bc3428634777 => generated 0 bytes in 23 msecs (HTTP/1.1 204) 5 headers in 198 bytes (1 switches on core 0)
2026-05-30 06:36:01.700 8 INFO placement.requestlog [None req-1f692044-f7ef-4e07-807b-2c60a5c8a617 - - - - - -] 10.0.0.151 "GET /" status: 200 len: 136 microversion: 1.0
2026-05-30 06:36:01.700 7 INFO placement.requestlog [None req-f79453cc-27dc-4f2d-91bb-79f3117f868f - - - - - -] 10.0.0.151 "GET /" status: 200 len: 136 microversion: 1.0
2026-05-30 06:36:07.431 7 INFO placement.requestlog [None req-f7de5051-1794-4f06-ba91-5a7e1d78e0fa d0dcd80881854963adc6db716ef01381 1ad6e18d6af54785a6bc9a38e4f9fab7 - - 691c19205afc4aeab58c40fdafd43f08 691c19205afc4aeab58c40fdafd43f08] 10.0.0.134 "GET /resource_providers/1d225c8c-5d7f-40b0-814f-be5876dd9d27/aggregates" status: 404 len: 235 microversion: 1.1 [pid: 7|app: 0|req: 645/1292] 10.0.0.134 () {32 vars in 815 bytes} [Sat May 30 06:36:07 2026] GET /resource_providers/1d225c8c-5d7f-40b0-814f-be5876dd9d27/aggregates => generated 235 bytes in 12 msecs (HTTP/1.1 404) 5 headers in 202 bytes (1 switches on core 0)
2026-05-30 06:36:07.434 8 INFO placement.requestlog [None req-8ce57f4f-712e-467a-8a73-b96f9a28ff64 d0dcd80881854963adc6db716ef01381 1ad6e18d6af54785a6bc9a38e4f9fab7 - - 691c19205afc4aeab58c40fdafd43f08 691c19205afc4aeab58c40fdafd43f08] 10.0.0.134 "GET /resource_providers/1d225c8c-5d7f-40b0-814f-be5876dd9d27/aggregates" status: 404 len: 235 microversion: 1.1 [pid: 8|app: 0|req: 648/1293] 10.0.0.134 () {32 vars in 815 bytes} [Sat May 30 06:36:07 2026] GET /resource_providers/1d225c8c-5d7f-40b0-814f-be5876dd9d27/aggregates => generated 235 bytes in 15 msecs (HTTP/1.1 404) 5 headers in 202 bytes (1 switches on core 0)
2026-05-30 06:36:07.456 7 INFO placement.requestlog [None req-1992ddbb-ca7e-4fc6-894e-987e40b9f7b0 d0dcd80881854963adc6db716ef01381 1ad6e18d6af54785a6bc9a38e4f9fab7 - - 691c19205afc4aeab58c40fdafd43f08 691c19205afc4aeab58c40fdafd43f08] 10.0.0.134 "DELETE /resource_providers/1d225c8c-5d7f-40b0-814f-be5876dd9d27" status: 404 len: 246 microversion: 1.1 [pid: 7|app: 0|req: 646/1294] 10.0.0.134 () {34 vars in 815 bytes} [Sat May 30 06:36:07 2026] DELETE /resource_providers/1d225c8c-5d7f-40b0-814f-be5876dd9d27 => generated 246 bytes in 10 msecs (HTTP/1.1 404) 6 headers in 231 bytes (1 switches on core 0)
2026-05-30 06:36:07.459 8 INFO placement.requestlog [None req-7f4ab4cf-56ce-4a9d-baef-485b5a127595 d0dcd80881854963adc6db716ef01381 1ad6e18d6af54785a6bc9a38e4f9fab7 - - 691c19205afc4aeab58c40fdafd43f08 691c19205afc4aeab58c40fdafd43f08] 10.0.0.134 "DELETE /resource_providers/1d225c8c-5d7f-40b0-814f-be5876dd9d27" status: 404 len: 246 microversion: 1.1 [pid: 8|app: 0|req: 649/1295] 10.0.0.134 () {34 vars in 815 bytes} [Sat May 30 06:36:07 2026] DELETE /resource_providers/1d225c8c-5d7f-40b0-814f-be5876dd9d27 => generated 246 bytes in 11 msecs (HTTP/1.1 404) 6 headers in 231 bytes (1 switches on core 0)
2026-05-30 06:36:09.484 7 INFO placement.requestlog [None req-465df4de-d2c7-4a52-baea-fe08c229ba51 d0dcd80881854963adc6db716ef01381 1ad6e18d6af54785a6bc9a38e4f9fab7 - - 691c19205afc4aeab58c40fdafd43f08 691c19205afc4aeab58c40fdafd43f08] 10.0.0.134 "GET /resource_providers/3328a492-a2e7-4fa0-8e9c-81c521b6e514/aggregates" status: 404 len: 235 microversion: 1.1 [pid: 7|app: 0|req: 647/1296] 10.0.0.134 () {32 vars in 815 bytes} [Sat May 30 06:36:09 2026] GET /resource_providers/3328a492-a2e7-4fa0-8e9c-81c521b6e514/aggregates => generated 235 bytes in 12 msecs (HTTP/1.1 404) 5 headers in 202 bytes (1 switches on core 0)
2026-05-30 06:36:09.488 8 INFO placement.requestlog [None req-0d21ae48-c981-4d9b-a82a-f6b3dcc6f79d d0dcd80881854963adc6db716ef01381 1ad6e18d6af54785a6bc9a38e4f9fab7 - - 691c19205afc4aeab58c40fdafd43f08 691c19205afc4aeab58c40fdafd43f08] 10.0.0.134 "GET /resource_providers/3328a492-a2e7-4fa0-8e9c-81c521b6e514/aggregates" status: 404 len: 235 microversion: 1.1 [pid: 8|app: 0|req: 650/1297] 10.0.0.134 () {32 vars in 815 bytes} [Sat May 30 06:36:09 2026] GET /resource_providers/3328a492-a2e7-4fa0-8e9c-81c521b6e514/aggregates => generated 235 bytes in 16 msecs (HTTP/1.1 404) 5 headers in 202 bytes (1 switches on core 0)
2026-05-30 06:36:09.505 7 INFO placement.requestlog [None req-c20930cd-5c90-4bf6-9991-a7a719808c1f d0dcd80881854963adc6db716ef01381 1ad6e18d6af54785a6bc9a38e4f9fab7 - - 691c19205afc4aeab58c40fdafd43f08 691c19205afc4aeab58c40fdafd43f08] 10.0.0.134 "DELETE /resource_providers/3328a492-a2e7-4fa0-8e9c-81c521b6e514" status: 404 len: 246 microversion: 1.1 [pid: 7|app: 0|req: 648/1298] 10.0.0.134 () {34 vars in 815 bytes} [Sat May 30 06:36:09 2026] DELETE /resource_providers/3328a492-a2e7-4fa0-8e9c-81c521b6e514 => generated 246 bytes in 11 msecs (HTTP/1.1 404) 6 headers in 231 bytes (1 switches on core 0)
2026-05-30 06:36:09.512 8 INFO placement.requestlog [None req-239fd92f-81d7-46a3-a3f3-b235471f3d2e d0dcd80881854963adc6db716ef01381 1ad6e18d6af54785a6bc9a38e4f9fab7 - - 691c19205afc4aeab58c40fdafd43f08 691c19205afc4aeab58c40fdafd43f08] 10.0.0.134 "DELETE /resource_providers/3328a492-a2e7-4fa0-8e9c-81c521b6e514" status: 404 len: 246 microversion: 1.1 [pid: 8|app: 0|req: 651/1299] 10.0.0.134 () {34 vars in 815 bytes} [Sat May 30 06:36:09 2026] DELETE /resource_providers/3328a492-a2e7-4fa0-8e9c-81c521b6e514 => generated 246 bytes in 13 msecs (HTTP/1.1 404) 6 headers in 231 bytes (1 switches on core 0)
2026-05-30 06:36:09.522 7 INFO placement.requestlog [None req-41969669-2fb8-4b09-9bdf-6500cb1a35a3 d0dcd80881854963adc6db716ef01381 1ad6e18d6af54785a6bc9a38e4f9fab7 - - 691c19205afc4aeab58c40fdafd43f08 691c19205afc4aeab58c40fdafd43f08] 10.0.0.134 "GET /resource_providers/04fae44e-602a-4bec-9a76-bff6689d2906/aggregates" status: 404 len: 235 microversion: 1.1 [pid: 7|app: 0|req: 649/1300] 10.0.0.134 () {32 vars in 815 bytes} [Sat May 30 06:36:09 2026] GET /resource_providers/04fae44e-602a-4bec-9a76-bff6689d2906/aggregates => generated 235 bytes in 10 msecs (HTTP/1.1 404) 5 headers in 202 bytes (1 switches on core 0)
2026-05-30 06:36:09.533 8 INFO placement.requestlog [None req-868f094e-dc81-445c-b306-58e347ff098e d0dcd80881854963adc6db716ef01381 1ad6e18d6af54785a6bc9a38e4f9fab7 - - 691c19205afc4aeab58c40fdafd43f08 691c19205afc4aeab58c40fdafd43f08] 10.0.0.134 "GET /resource_providers/04fae44e-602a-4bec-9a76-bff6689d2906/aggregates" status: 404 len: 235 microversion: 1.1 [pid: 8|app: 0|req: 652/1301] 10.0.0.134 () {32 vars in 815 bytes} [Sat May 30 06:36:09 2026] GET /resource_providers/04fae44e-602a-4bec-9a76-bff6689d2906/aggregates => generated 235 bytes in 8 msecs (HTTP/1.1 404) 5 headers in 202 bytes (1 switches on core 0)
