Apr 29 21:42:29.299254 np0000171312 systemd[1]: Starting devstack@n-api-meta.service - Devstack devstack@n-api-meta.service...
Apr 29 21:42:29.310093 np0000171312 devstack@n-api-meta.service[109879]: [uWSGI] getting INI configuration from /etc/nova/nova-metadata-uwsgi.ini
Apr 29 21:42:29.310093 np0000171312 devstack@n-api-meta.service[109879]: open("./http_plugin.so"): No such file or directory [core/utils.c line 3709]
Apr 29 21:42:29.310093 np0000171312 devstack@n-api-meta.service[109879]: !!! UNABLE to load uWSGI plugin: ./http_plugin.so: cannot open shared object file: No such file or directory !!!
Apr 29 21:42:29.310958 np0000171312 devstack@n-api-meta.service[109879]: open("./python3_plugin.so"): No such file or directory [core/utils.c line 3709]
Apr 29 21:42:29.310958 np0000171312 devstack@n-api-meta.service[109879]: !!! UNABLE to load uWSGI plugin: ./python3_plugin.so: cannot open shared object file: No such file or directory !!!
Apr 29 21:42:29.310958 np0000171312 devstack@n-api-meta.service[109879]: *** Starting uWSGI 2.0.31 (64bit) on [Wed Apr 29 21:42:29 2026] ***
Apr 29 21:42:29.310958 np0000171312 devstack@n-api-meta.service[109879]: compiled with version: 13.3.0 on 29 April 2026 21:31:06
Apr 29 21:42:29.310958 np0000171312 devstack@n-api-meta.service[109879]: os: Linux-6.8.0-110-generic #110-Ubuntu SMP PREEMPT_DYNAMIC Thu Mar 19 15:09:20 UTC 2026
Apr 29 21:42:29.310958 np0000171312 devstack@n-api-meta.service[109879]: nodename: np0000171312
Apr 29 21:42:29.310958 np0000171312 devstack@n-api-meta.service[109879]: machine: x86_64
Apr 29 21:42:29.310958 np0000171312 devstack@n-api-meta.service[109879]: clock source: unix
Apr 29 21:42:29.310958 np0000171312 devstack@n-api-meta.service[109879]: pcre jit disabled
Apr 29 21:42:29.310958 np0000171312 devstack@n-api-meta.service[109879]: detected number of CPU cores: 16
Apr 29 21:42:29.310958 np0000171312 devstack@n-api-meta.service[109879]: current working directory: /
Apr 29 21:42:29.310958 np0000171312 devstack@n-api-meta.service[109879]: detected binary path: /opt/stack/data/venv/bin/uwsgi
Apr 29 21:42:29.310958 np0000171312 devstack@n-api-meta.service[109879]: your processes number limit is 256917
Apr 29 21:42:29.310958 np0000171312 devstack@n-api-meta.service[109879]: your memory page size is 4096 bytes
Apr 29 21:42:29.310958 np0000171312 devstack@n-api-meta.service[109879]: detected max file descriptor number: 2048
Apr 29 21:42:29.310958 np0000171312 devstack@n-api-meta.service[109879]: lock engine: pthread robust mutexes
Apr 29 21:42:29.310958 np0000171312 devstack@n-api-meta.service[109879]: thunder lock: enabled
Apr 29 21:42:29.311454 np0000171312 devstack@n-api-meta.service[109879]: uWSGI http bound on 0.0.0.0:8775 fd 5
Apr 29 21:42:29.311454 np0000171312 devstack@n-api-meta.service[109879]: uwsgi socket 0 bound to TCP address 127.0.0.1:36115 (port auto-assigned) fd 4
Apr 29 21:42:29.311454 np0000171312 devstack@n-api-meta.service[109879]: Python version: 3.12.3 (main, Mar 23 2026, 19:04:32) [GCC 13.3.0]
Apr 29 21:42:29.311454 np0000171312 devstack@n-api-meta.service[109879]: PEP 405 virtualenv detected: /opt/stack/data/venv
Apr 29 21:42:29.311454 np0000171312 devstack@n-api-meta.service[109879]: Set PythonHome to /opt/stack/data/venv
Apr 29 21:42:29.350538 np0000171312 devstack@n-api-meta.service[109879]: Python main interpreter initialized at 0x7a9b304a3668
Apr 29 21:42:29.350538 np0000171312 devstack@n-api-meta.service[109879]: python threads support enabled
Apr 29 21:42:29.350538 np0000171312 devstack@n-api-meta.service[109879]: your server socket listen backlog is limited to 100 connections
Apr 29 21:42:29.350538 np0000171312 devstack@n-api-meta.service[109879]: your mercy for graceful operations on workers is 80 seconds
Apr 29 21:42:29.351116 np0000171312 devstack@n-api-meta.service[109879]: mapped 671795 bytes (656 KB) for 4 cores
Apr 29 21:42:29.351282 np0000171312 devstack@n-api-meta.service[109879]: *** Operational MODE: preforking ***
Apr 29 21:42:29.351525 np0000171312 devstack@n-api-meta.service[109879]: *** uWSGI is running in multiple interpreter mode ***
Apr 29 21:42:29.351525 np0000171312 devstack@n-api-meta.service[109879]: spawned uWSGI master process (pid: 109879)
Apr 29 21:42:29.351766 np0000171312 systemd[1]: Started devstack@n-api-meta.service - Devstack devstack@n-api-meta.service.
Apr 29 21:42:29.352283 np0000171312 devstack@n-api-meta.service[109879]: spawned uWSGI worker 1 (pid: 109880, cores: 1)
Apr 29 21:42:29.352934 np0000171312 devstack@n-api-meta.service[109879]: spawned uWSGI worker 2 (pid: 109881, cores: 1)
Apr 29 21:42:29.353465 np0000171312 devstack@n-api-meta.service[109879]: spawned uWSGI worker 3 (pid: 109882, cores: 1)
Apr 29 21:42:29.354243 np0000171312 devstack@n-api-meta.service[109879]: spawned uWSGI worker 4 (pid: 109883, cores: 1)
Apr 29 21:42:29.354859 np0000171312 devstack@n-api-meta.service[109879]: spawned uWSGI http 1 (pid: 109884)
Apr 29 21:42:29.354859 np0000171312 devstack@n-api-meta.service[109879]: running "unix_signal:15 gracefully_kill_them_all" (master-start)...
Apr 29 21:42:29.690341 np0000171312 devstack@n-api-meta.service[109880]: /opt/stack/data/venv/lib/python3.12/site-packages/oslo_concurrency/lockutils.py:41: EventletDeprecationWarning:
Apr 29 21:42:29.690341 np0000171312 devstack@n-api-meta.service[109880]: Eventlet is deprecated. It is currently being maintained in bugfix mode, and
Apr 29 21:42:29.690341 np0000171312 devstack@n-api-meta.service[109880]: we strongly recommend against using it for new projects.
Apr 29 21:42:29.690341 np0000171312 devstack@n-api-meta.service[109880]: If you are already using Eventlet, we recommend migrating to a different
Apr 29 21:42:29.690341 np0000171312 devstack@n-api-meta.service[109880]: framework. For more detail see
Apr 29 21:42:29.690341 np0000171312 devstack@n-api-meta.service[109880]: https://eventlet.readthedocs.io/en/latest/asyncio/migration.html
Apr 29 21:42:29.690341 np0000171312 devstack@n-api-meta.service[109880]: import eventlet
Apr 29 21:42:29.701942 np0000171312 devstack@n-api-meta.service[109882]: /opt/stack/data/venv/lib/python3.12/site-packages/oslo_concurrency/lockutils.py:41: EventletDeprecationWarning:
Apr 29 21:42:29.701942 np0000171312 devstack@n-api-meta.service[109882]: Eventlet is deprecated. It is currently being maintained in bugfix mode, and
Apr 29 21:42:29.701942 np0000171312 devstack@n-api-meta.service[109882]: we strongly recommend against using it for new projects.
Apr 29 21:42:29.701942 np0000171312 devstack@n-api-meta.service[109882]: If you are already using Eventlet, we recommend migrating to a different
Apr 29 21:42:29.701942 np0000171312 devstack@n-api-meta.service[109882]: framework. For more detail see
Apr 29 21:42:29.701942 np0000171312 devstack@n-api-meta.service[109882]: https://eventlet.readthedocs.io/en/latest/asyncio/migration.html
Apr 29 21:42:29.701942 np0000171312 devstack@n-api-meta.service[109882]: import eventlet
Apr 29 21:42:29.712467 np0000171312 devstack@n-api-meta.service[109883]: /opt/stack/data/venv/lib/python3.12/site-packages/oslo_concurrency/lockutils.py:41: EventletDeprecationWarning:
Apr 29 21:42:29.712467 np0000171312 devstack@n-api-meta.service[109883]: Eventlet is deprecated. It is currently being maintained in bugfix mode, and
Apr 29 21:42:29.712467 np0000171312 devstack@n-api-meta.service[109883]: we strongly recommend against using it for new projects.
Apr 29 21:42:29.712467 np0000171312 devstack@n-api-meta.service[109883]: If you are already using Eventlet, we recommend migrating to a different
Apr 29 21:42:29.712467 np0000171312 devstack@n-api-meta.service[109883]: framework. For more detail see
Apr 29 21:42:29.712467 np0000171312 devstack@n-api-meta.service[109883]: https://eventlet.readthedocs.io/en/latest/asyncio/migration.html
Apr 29 21:42:29.712467 np0000171312 devstack@n-api-meta.service[109883]: import eventlet
Apr 29 21:42:29.716472 np0000171312 devstack@n-api-meta.service[109881]: /opt/stack/data/venv/lib/python3.12/site-packages/oslo_concurrency/lockutils.py:41: EventletDeprecationWarning:
Apr 29 21:42:29.716472 np0000171312 devstack@n-api-meta.service[109881]: Eventlet is deprecated. It is currently being maintained in bugfix mode, and
Apr 29 21:42:29.716472 np0000171312 devstack@n-api-meta.service[109881]: we strongly recommend against using it for new projects.
Apr 29 21:42:29.716472 np0000171312 devstack@n-api-meta.service[109881]: If you are already using Eventlet, we recommend migrating to a different
Apr 29 21:42:29.716472 np0000171312 devstack@n-api-meta.service[109881]: framework. For more detail see
Apr 29 21:42:29.716472 np0000171312 devstack@n-api-meta.service[109881]: https://eventlet.readthedocs.io/en/latest/asyncio/migration.html
Apr 29 21:42:29.716472 np0000171312 devstack@n-api-meta.service[109881]: import eventlet
Apr 29 21:42:29.744297 np0000171312 devstack@n-api-meta.service[109880]: Service is starting with native threading. This is currently experimental. Do not use it in production without first testing it in pre-production.
Apr 29 21:42:29.754705 np0000171312 devstack@n-api-meta.service[109882]: Service is starting with native threading. This is currently experimental. Do not use it in production without first testing it in pre-production.
Apr 29 21:42:29.764678 np0000171312 devstack@n-api-meta.service[109881]: Service is starting with native threading. This is currently experimental. Do not use it in production without first testing it in pre-production.
Apr 29 21:42:29.775234 np0000171312 devstack@n-api-meta.service[109883]: Service is starting with native threading. This is currently experimental. Do not use it in production without first testing it in pre-production.
Apr 29 21:42:31.283353 np0000171312 devstack@n-api-meta.service[109882]: INFO dbcounter [None req-0e0a7268-90b6-4062-8bdd-597f56e81b76 None None] Registered counter for database nova_api
Apr 29 21:42:31.301659 np0000171312 devstack@n-api-meta.service[109882]: DEBUG oslo_db.sqlalchemy.engines [None req-0e0a7268-90b6-4062-8bdd-597f56e81b76 None None] MySQL server mode set to STRICT_TRANS_TABLES,STRICT_ALL_TABLES,NO_ZERO_IN_DATE,NO_ZERO_DATE,ERROR_FOR_DIVISION_BY_ZERO,TRADITIONAL,NO_ENGINE_SUBSTITUTION {{(pid=109882) _check_effective_sql_mode /opt/stack/data/venv/lib/python3.12/site-packages/oslo_db/sqlalchemy/engines.py:325}}
Apr 29 21:42:31.314817 np0000171312 devstack@n-api-meta.service[109880]: INFO dbcounter [None req-16a5060d-02e1-43e7-bd7c-8a1e1ef1c894 None None] Registered counter for database nova_api
Apr 29 21:42:31.329965 np0000171312 devstack@n-api-meta.service[109880]: DEBUG oslo_db.sqlalchemy.engines [None req-16a5060d-02e1-43e7-bd7c-8a1e1ef1c894 None None] MySQL server mode set to STRICT_TRANS_TABLES,STRICT_ALL_TABLES,NO_ZERO_IN_DATE,NO_ZERO_DATE,ERROR_FOR_DIVISION_BY_ZERO,TRADITIONAL,NO_ENGINE_SUBSTITUTION {{(pid=109880) _check_effective_sql_mode /opt/stack/data/venv/lib/python3.12/site-packages/oslo_db/sqlalchemy/engines.py:325}}
Apr 29 21:42:31.345534 np0000171312 devstack@n-api-meta.service[109882]: DEBUG dbcounter [-] [109882] Writer thread running {{(pid=109882) stat_writer /opt/stack/data/venv/lib/python3.12/site-packages/dbcounter.py:102}}
Apr 29 21:42:31.348064 np0000171312 devstack@n-api-meta.service[109882]: DEBUG nova.context [None req-0e0a7268-90b6-4062-8bdd-597f56e81b76 None None] Found 2 cells: 00000000-0000-0000-0000-000000000000(cell0),97b29ec1-81fc-4a56-bbf5-8e9938ac7c62(cell1) {{(pid=109882) load_cells /opt/stack/nova/nova/context.py:509}}
Apr 29 21:42:31.348295 np0000171312 devstack@n-api-meta.service[109882]: INFO nova.utils [None req-0e0a7268-90b6-4062-8bdd-597f56e81b76 None None] The cell worker thread pool MainProcess.cell_worker is initialized
Apr 29 21:42:31.350127 np0000171312 devstack@n-api-meta.service[109882]: DEBUG oslo_concurrency.lockutils [None req-0e0a7268-90b6-4062-8bdd-597f56e81b76 None None] Acquiring lock "00000000-0000-0000-0000-000000000000" by "nova.context.set_target_cell..get_or_set_cached_cell_and_set_connections" {{(pid=109882) inner /opt/stack/data/venv/lib/python3.12/site-packages/oslo_concurrency/lockutils.py:506}}
Apr 29 21:42:31.350284 np0000171312 devstack@n-api-meta.service[109882]: DEBUG oslo_concurrency.lockutils [None req-0e0a7268-90b6-4062-8bdd-597f56e81b76 None None] Lock "00000000-0000-0000-0000-000000000000" acquired by "nova.context.set_target_cell..get_or_set_cached_cell_and_set_connections" :: waited 0.000s {{(pid=109882) inner /opt/stack/data/venv/lib/python3.12/site-packages/oslo_concurrency/lockutils.py:519}}
Apr 29 21:42:31.350659 np0000171312 devstack@n-api-meta.service[109882]: DEBUG oslo_concurrency.lockutils [None req-0e0a7268-90b6-4062-8bdd-597f56e81b76 None None] Lock "00000000-0000-0000-0000-000000000000" "released" by "nova.context.set_target_cell..get_or_set_cached_cell_and_set_connections" :: held 0.000s {{(pid=109882) inner /opt/stack/data/venv/lib/python3.12/site-packages/oslo_concurrency/lockutils.py:538}}
Apr 29 21:42:31.351219 np0000171312 devstack@n-api-meta.service[109882]: DEBUG oslo_concurrency.lockutils [None req-0e0a7268-90b6-4062-8bdd-597f56e81b76 None None] Acquiring lock "97b29ec1-81fc-4a56-bbf5-8e9938ac7c62" by "nova.context.set_target_cell..get_or_set_cached_cell_and_set_connections" {{(pid=109882) inner /opt/stack/data/venv/lib/python3.12/site-packages/oslo_concurrency/lockutils.py:506}}
Apr 29 21:42:31.351357 np0000171312 devstack@n-api-meta.service[109882]: DEBUG oslo_concurrency.lockutils [None req-0e0a7268-90b6-4062-8bdd-597f56e81b76 None None] Lock "97b29ec1-81fc-4a56-bbf5-8e9938ac7c62" acquired by "nova.context.set_target_cell..get_or_set_cached_cell_and_set_connections" :: waited 0.000s {{(pid=109882) inner /opt/stack/data/venv/lib/python3.12/site-packages/oslo_concurrency/lockutils.py:519}}
Apr 29 21:42:31.352194 np0000171312 devstack@n-api-meta.service[109882]: DEBUG oslo_concurrency.lockutils [None req-0e0a7268-90b6-4062-8bdd-597f56e81b76 None None] Lock "97b29ec1-81fc-4a56-bbf5-8e9938ac7c62" "released" by "nova.context.set_target_cell..get_or_set_cached_cell_and_set_connections" :: held 0.001s {{(pid=109882) inner /opt/stack/data/venv/lib/python3.12/site-packages/oslo_concurrency/lockutils.py:538}}
Apr 29 21:42:31.355638 np0000171312 devstack@n-api-meta.service[109882]: INFO dbcounter [None req-0e0a7268-90b6-4062-8bdd-597f56e81b76 None None] Registered counter for database nova_cell0
Apr 29 21:42:31.359403 np0000171312 devstack@n-api-meta.service[109882]: INFO dbcounter [None req-0e0a7268-90b6-4062-8bdd-597f56e81b76 None None] Registered counter for database nova_cell1
Apr 29 21:42:31.364905 np0000171312 devstack@n-api-meta.service[109880]: DEBUG dbcounter [-] [109880] Writer thread running {{(pid=109880) stat_writer /opt/stack/data/venv/lib/python3.12/site-packages/dbcounter.py:102}}
Apr 29 21:42:31.368547 np0000171312 devstack@n-api-meta.service[109882]: DEBUG oslo_db.sqlalchemy.engines [None req-0e0a7268-90b6-4062-8bdd-597f56e81b76 None None] MySQL server mode set to STRICT_TRANS_TABLES,STRICT_ALL_TABLES,NO_ZERO_IN_DATE,NO_ZERO_DATE,ERROR_FOR_DIVISION_BY_ZERO,TRADITIONAL,NO_ENGINE_SUBSTITUTION {{(pid=109882) _check_effective_sql_mode /opt/stack/data/venv/lib/python3.12/site-packages/oslo_db/sqlalchemy/engines.py:325}}
Apr 29 21:42:31.372367 np0000171312 devstack@n-api-meta.service[109882]: DEBUG oslo_db.sqlalchemy.engines [None req-0e0a7268-90b6-4062-8bdd-597f56e81b76 None None] MySQL server mode set to STRICT_TRANS_TABLES,STRICT_ALL_TABLES,NO_ZERO_IN_DATE,NO_ZERO_DATE,ERROR_FOR_DIVISION_BY_ZERO,TRADITIONAL,NO_ENGINE_SUBSTITUTION {{(pid=109882) _check_effective_sql_mode /opt/stack/data/venv/lib/python3.12/site-packages/oslo_db/sqlalchemy/engines.py:325}}
Apr 29 21:42:31.374516 np0000171312 devstack@n-api-meta.service[109880]: DEBUG nova.context [None req-16a5060d-02e1-43e7-bd7c-8a1e1ef1c894 None None] Found 2 cells: 00000000-0000-0000-0000-000000000000(cell0),97b29ec1-81fc-4a56-bbf5-8e9938ac7c62(cell1) {{(pid=109880) load_cells /opt/stack/nova/nova/context.py:509}}
Apr 29 21:42:31.374872 np0000171312 devstack@n-api-meta.service[109880]: INFO nova.utils [None req-16a5060d-02e1-43e7-bd7c-8a1e1ef1c894 None None] The cell worker thread pool MainProcess.cell_worker is initialized
Apr 29 21:42:31.380326 np0000171312 devstack@n-api-meta.service[109880]: DEBUG oslo_concurrency.lockutils [None req-16a5060d-02e1-43e7-bd7c-8a1e1ef1c894 None None] Acquiring lock "00000000-0000-0000-0000-000000000000" by "nova.context.set_target_cell..get_or_set_cached_cell_and_set_connections" {{(pid=109880) inner /opt/stack/data/venv/lib/python3.12/site-packages/oslo_concurrency/lockutils.py:506}}
Apr 29 21:42:31.380526 np0000171312 devstack@n-api-meta.service[109880]: DEBUG oslo_concurrency.lockutils [None req-16a5060d-02e1-43e7-bd7c-8a1e1ef1c894 None None] Lock "00000000-0000-0000-0000-000000000000" acquired by "nova.context.set_target_cell..get_or_set_cached_cell_and_set_connections" :: waited 0.000s {{(pid=109880) inner /opt/stack/data/venv/lib/python3.12/site-packages/oslo_concurrency/lockutils.py:519}}
Apr 29 21:42:31.381200 np0000171312 devstack@n-api-meta.service[109880]: DEBUG oslo_concurrency.lockutils [None req-16a5060d-02e1-43e7-bd7c-8a1e1ef1c894 None None] Lock "00000000-0000-0000-0000-000000000000" "released" by "nova.context.set_target_cell..get_or_set_cached_cell_and_set_connections" :: held 0.001s {{(pid=109880) inner /opt/stack/data/venv/lib/python3.12/site-packages/oslo_concurrency/lockutils.py:538}}
Apr 29 21:42:31.383901 np0000171312 devstack@n-api-meta.service[109880]: DEBUG oslo_concurrency.lockutils [None req-16a5060d-02e1-43e7-bd7c-8a1e1ef1c894 None None] Acquiring lock "97b29ec1-81fc-4a56-bbf5-8e9938ac7c62" by "nova.context.set_target_cell..get_or_set_cached_cell_and_set_connections" {{(pid=109880) inner /opt/stack/data/venv/lib/python3.12/site-packages/oslo_concurrency/lockutils.py:506}}
Apr 29 21:42:31.387668 np0000171312 devstack@n-api-meta.service[109880]: INFO dbcounter [None req-16a5060d-02e1-43e7-bd7c-8a1e1ef1c894 None None] Registered counter for database nova_cell0
Apr 29 21:42:31.388403 np0000171312 devstack@n-api-meta.service[109881]: INFO dbcounter [None req-dfd99d06-6530-4a89-8f8d-eb702fde5e66 None None] Registered counter for database nova_api
Apr 29 21:42:31.389681 np0000171312 devstack@n-api-meta.service[109880]: DEBUG oslo_concurrency.lockutils [None req-16a5060d-02e1-43e7-bd7c-8a1e1ef1c894 None None] Lock "97b29ec1-81fc-4a56-bbf5-8e9938ac7c62" acquired by "nova.context.set_target_cell..get_or_set_cached_cell_and_set_connections" :: waited 0.004s {{(pid=109880) inner /opt/stack/data/venv/lib/python3.12/site-packages/oslo_concurrency/lockutils.py:519}}
Apr 29 21:42:31.392578 np0000171312 devstack@n-api-meta.service[109880]: DEBUG oslo_concurrency.lockutils [None req-16a5060d-02e1-43e7-bd7c-8a1e1ef1c894 None None] Lock "97b29ec1-81fc-4a56-bbf5-8e9938ac7c62" "released" by "nova.context.set_target_cell..get_or_set_cached_cell_and_set_connections" :: held 0.005s {{(pid=109880) inner /opt/stack/data/venv/lib/python3.12/site-packages/oslo_concurrency/lockutils.py:538}}
Apr 29 21:42:31.397488 np0000171312 devstack@n-api-meta.service[109880]: INFO dbcounter [None req-16a5060d-02e1-43e7-bd7c-8a1e1ef1c894 None None] Registered counter for database nova_cell1
Apr 29 21:42:31.408950 np0000171312 devstack@n-api-meta.service[109881]: DEBUG oslo_db.sqlalchemy.engines [None req-dfd99d06-6530-4a89-8f8d-eb702fde5e66 None None] MySQL server mode set to STRICT_TRANS_TABLES,STRICT_ALL_TABLES,NO_ZERO_IN_DATE,NO_ZERO_DATE,ERROR_FOR_DIVISION_BY_ZERO,TRADITIONAL,NO_ENGINE_SUBSTITUTION {{(pid=109881) _check_effective_sql_mode /opt/stack/data/venv/lib/python3.12/site-packages/oslo_db/sqlalchemy/engines.py:325}}
Apr 29 21:42:31.415630 np0000171312 devstack@n-api-meta.service[109880]: DEBUG oslo_db.sqlalchemy.engines [None req-16a5060d-02e1-43e7-bd7c-8a1e1ef1c894 None None] MySQL server mode set to STRICT_TRANS_TABLES,STRICT_ALL_TABLES,NO_ZERO_IN_DATE,NO_ZERO_DATE,ERROR_FOR_DIVISION_BY_ZERO,TRADITIONAL,NO_ENGINE_SUBSTITUTION {{(pid=109880) _check_effective_sql_mode /opt/stack/data/venv/lib/python3.12/site-packages/oslo_db/sqlalchemy/engines.py:325}}
Apr 29 21:42:31.427588 np0000171312 devstack@n-api-meta.service[109880]: DEBUG oslo_db.sqlalchemy.engines [None req-16a5060d-02e1-43e7-bd7c-8a1e1ef1c894 None None] MySQL server mode set to STRICT_TRANS_TABLES,STRICT_ALL_TABLES,NO_ZERO_IN_DATE,NO_ZERO_DATE,ERROR_FOR_DIVISION_BY_ZERO,TRADITIONAL,NO_ENGINE_SUBSTITUTION {{(pid=109880) _check_effective_sql_mode /opt/stack/data/venv/lib/python3.12/site-packages/oslo_db/sqlalchemy/engines.py:325}}
Apr 29 21:42:31.443287 np0000171312 devstack@n-api-meta.service[109883]: INFO dbcounter [None req-ed79d454-0904-4a7a-a0e6-792546a2666c None None] Registered counter for database nova_api
Apr 29 21:42:31.447067 np0000171312 devstack@n-api-meta.service[109881]: DEBUG dbcounter [-] [109881] Writer thread running {{(pid=109881) stat_writer /opt/stack/data/venv/lib/python3.12/site-packages/dbcounter.py:102}}
Apr 29 21:42:31.449971 np0000171312 devstack@n-api-meta.service[109881]: DEBUG nova.context [None req-dfd99d06-6530-4a89-8f8d-eb702fde5e66 None None] Found 2 cells: 00000000-0000-0000-0000-000000000000(cell0),97b29ec1-81fc-4a56-bbf5-8e9938ac7c62(cell1) {{(pid=109881) load_cells /opt/stack/nova/nova/context.py:509}}
Apr 29 21:42:31.450205 np0000171312 devstack@n-api-meta.service[109881]: INFO nova.utils [None req-dfd99d06-6530-4a89-8f8d-eb702fde5e66 None None] The cell worker thread pool MainProcess.cell_worker is initialized
Apr 29 21:42:31.452065 np0000171312 devstack@n-api-meta.service[109881]: DEBUG oslo_concurrency.lockutils [None req-dfd99d06-6530-4a89-8f8d-eb702fde5e66 None None] Acquiring lock "00000000-0000-0000-0000-000000000000" by "nova.context.set_target_cell..get_or_set_cached_cell_and_set_connections" {{(pid=109881) inner /opt/stack/data/venv/lib/python3.12/site-packages/oslo_concurrency/lockutils.py:506}}
Apr 29 21:42:31.452225 np0000171312 devstack@n-api-meta.service[109881]: DEBUG oslo_concurrency.lockutils [None req-dfd99d06-6530-4a89-8f8d-eb702fde5e66 None None] Lock "00000000-0000-0000-0000-000000000000" acquired by "nova.context.set_target_cell..get_or_set_cached_cell_and_set_connections" :: waited 0.000s {{(pid=109881) inner /opt/stack/data/venv/lib/python3.12/site-packages/oslo_concurrency/lockutils.py:519}}
Apr 29 21:42:31.452582 np0000171312 devstack@n-api-meta.service[109881]: DEBUG oslo_concurrency.lockutils [None req-dfd99d06-6530-4a89-8f8d-eb702fde5e66 None None] Lock "00000000-0000-0000-0000-000000000000" "released" by "nova.context.set_target_cell..get_or_set_cached_cell_and_set_connections" :: held 0.000s {{(pid=109881) inner /opt/stack/data/venv/lib/python3.12/site-packages/oslo_concurrency/lockutils.py:538}}
Apr 29 21:42:31.454793 np0000171312 devstack@n-api-meta.service[109881]: DEBUG oslo_concurrency.lockutils [None req-dfd99d06-6530-4a89-8f8d-eb702fde5e66 None None] Acquiring lock "97b29ec1-81fc-4a56-bbf5-8e9938ac7c62" by "nova.context.set_target_cell..get_or_set_cached_cell_and_set_connections" {{(pid=109881) inner /opt/stack/data/venv/lib/python3.12/site-packages/oslo_concurrency/lockutils.py:506}}
Apr 29 21:42:31.454793 np0000171312 devstack@n-api-meta.service[109881]: DEBUG oslo_concurrency.lockutils [None req-dfd99d06-6530-4a89-8f8d-eb702fde5e66 None None] Lock "97b29ec1-81fc-4a56-bbf5-8e9938ac7c62" acquired by "nova.context.set_target_cell..get_or_set_cached_cell_and_set_connections" :: waited 0.000s {{(pid=109881) inner /opt/stack/data/venv/lib/python3.12/site-packages/oslo_concurrency/lockutils.py:519}}
Apr 29 21:42:31.454793 np0000171312 devstack@n-api-meta.service[109881]: DEBUG oslo_concurrency.lockutils [None req-dfd99d06-6530-4a89-8f8d-eb702fde5e66 None None] Lock "97b29ec1-81fc-4a56-bbf5-8e9938ac7c62" "released" by "nova.context.set_target_cell..get_or_set_cached_cell_and_set_connections" :: held 0.001s {{(pid=109881) inner /opt/stack/data/venv/lib/python3.12/site-packages/oslo_concurrency/lockutils.py:538}}
Apr 29 21:42:31.458440 np0000171312 devstack@n-api-meta.service[109881]: INFO dbcounter [None req-dfd99d06-6530-4a89-8f8d-eb702fde5e66 None None] Registered counter for database nova_cell0
Apr 29 21:42:31.462558 np0000171312 devstack@n-api-meta.service[109883]: DEBUG oslo_db.sqlalchemy.engines [None req-ed79d454-0904-4a7a-a0e6-792546a2666c None None] MySQL server mode set to STRICT_TRANS_TABLES,STRICT_ALL_TABLES,NO_ZERO_IN_DATE,NO_ZERO_DATE,ERROR_FOR_DIVISION_BY_ZERO,TRADITIONAL,NO_ENGINE_SUBSTITUTION {{(pid=109883) _check_effective_sql_mode /opt/stack/data/venv/lib/python3.12/site-packages/oslo_db/sqlalchemy/engines.py:325}}
Apr 29 21:42:31.463698 np0000171312 devstack@n-api-meta.service[109881]: INFO dbcounter [None req-dfd99d06-6530-4a89-8f8d-eb702fde5e66 None None] Registered counter for database nova_cell1
Apr 29 21:42:31.472835 np0000171312 devstack@n-api-meta.service[109881]: DEBUG oslo_db.sqlalchemy.engines [None req-dfd99d06-6530-4a89-8f8d-eb702fde5e66 None None] MySQL server mode set to STRICT_TRANS_TABLES,STRICT_ALL_TABLES,NO_ZERO_IN_DATE,NO_ZERO_DATE,ERROR_FOR_DIVISION_BY_ZERO,TRADITIONAL,NO_ENGINE_SUBSTITUTION {{(pid=109881) _check_effective_sql_mode /opt/stack/data/venv/lib/python3.12/site-packages/oslo_db/sqlalchemy/engines.py:325}}
Apr 29 21:42:31.477650 np0000171312 devstack@n-api-meta.service[109882]: DEBUG dbcounter [-] [109882] Writer thread running {{(pid=109882) stat_writer /opt/stack/data/venv/lib/python3.12/site-packages/dbcounter.py:102}}
Apr 29 21:42:31.478738 np0000171312 devstack@n-api-meta.service[109882]: DEBUG dbcounter [-] [109882] Writer thread running {{(pid=109882) stat_writer /opt/stack/data/venv/lib/python3.12/site-packages/dbcounter.py:102}}
Apr 29 21:42:31.485580 np0000171312 devstack@n-api-meta.service[109882]: INFO dbcounter [None req-0e0a7268-90b6-4062-8bdd-597f56e81b76 None None] Registered counter for database nova_cell0
Apr 29 21:42:31.485745 np0000171312 devstack@n-api-meta.service[109881]: DEBUG oslo_db.sqlalchemy.engines [None req-dfd99d06-6530-4a89-8f8d-eb702fde5e66 None None] MySQL server mode set to STRICT_TRANS_TABLES,STRICT_ALL_TABLES,NO_ZERO_IN_DATE,NO_ZERO_DATE,ERROR_FOR_DIVISION_BY_ZERO,TRADITIONAL,NO_ENGINE_SUBSTITUTION {{(pid=109881) _check_effective_sql_mode /opt/stack/data/venv/lib/python3.12/site-packages/oslo_db/sqlalchemy/engines.py:325}}
Apr 29 21:42:31.492761 np0000171312 devstack@n-api-meta.service[109882]: DEBUG oslo_db.sqlalchemy.engines [None req-0e0a7268-90b6-4062-8bdd-597f56e81b76 None None] MySQL server mode set to STRICT_TRANS_TABLES,STRICT_ALL_TABLES,NO_ZERO_IN_DATE,NO_ZERO_DATE,ERROR_FOR_DIVISION_BY_ZERO,TRADITIONAL,NO_ENGINE_SUBSTITUTION {{(pid=109882) _check_effective_sql_mode /opt/stack/data/venv/lib/python3.12/site-packages/oslo_db/sqlalchemy/engines.py:325}}
Apr 29 21:42:31.499571 np0000171312 devstack@n-api-meta.service[109882]: DEBUG dbcounter [-] [109882] Writer thread running {{(pid=109882) stat_writer /opt/stack/data/venv/lib/python3.12/site-packages/dbcounter.py:102}}
Apr 29 21:42:31.501643 np0000171312 devstack@n-api-meta.service[109883]: DEBUG dbcounter [-] [109883] Writer thread running {{(pid=109883) stat_writer /opt/stack/data/venv/lib/python3.12/site-packages/dbcounter.py:102}}
Apr 29 21:42:31.505521 np0000171312 devstack@n-api-meta.service[109883]: DEBUG nova.context [None req-ed79d454-0904-4a7a-a0e6-792546a2666c None None] Found 2 cells: 00000000-0000-0000-0000-000000000000(cell0),97b29ec1-81fc-4a56-bbf5-8e9938ac7c62(cell1) {{(pid=109883) load_cells /opt/stack/nova/nova/context.py:509}}
Apr 29 21:42:31.505882 np0000171312 devstack@n-api-meta.service[109883]: INFO nova.utils [None req-ed79d454-0904-4a7a-a0e6-792546a2666c None None] The cell worker thread pool MainProcess.cell_worker is initialized
Apr 29 21:42:31.508492 np0000171312 devstack@n-api-meta.service[109883]: DEBUG oslo_concurrency.lockutils [None req-ed79d454-0904-4a7a-a0e6-792546a2666c None None] Acquiring lock "00000000-0000-0000-0000-000000000000" by "nova.context.set_target_cell..get_or_set_cached_cell_and_set_connections" {{(pid=109883) inner /opt/stack/data/venv/lib/python3.12/site-packages/oslo_concurrency/lockutils.py:506}}
Apr 29 21:42:31.508753 np0000171312 devstack@n-api-meta.service[109883]: DEBUG oslo_concurrency.lockutils [None req-ed79d454-0904-4a7a-a0e6-792546a2666c None None] Lock "00000000-0000-0000-0000-000000000000" acquired by "nova.context.set_target_cell..get_or_set_cached_cell_and_set_connections" :: waited 0.000s {{(pid=109883) inner /opt/stack/data/venv/lib/python3.12/site-packages/oslo_concurrency/lockutils.py:519}}
Apr 29 21:42:31.509268 np0000171312 devstack@n-api-meta.service[109883]: DEBUG oslo_concurrency.lockutils [None req-ed79d454-0904-4a7a-a0e6-792546a2666c None None] Lock "00000000-0000-0000-0000-000000000000" "released" by "nova.context.set_target_cell..get_or_set_cached_cell_and_set_connections" :: held 0.001s {{(pid=109883) inner /opt/stack/data/venv/lib/python3.12/site-packages/oslo_concurrency/lockutils.py:538}}
Apr 29 21:42:31.510369 np0000171312 devstack@n-api-meta.service[109883]: DEBUG oslo_concurrency.lockutils [None req-ed79d454-0904-4a7a-a0e6-792546a2666c None None] Acquiring lock "97b29ec1-81fc-4a56-bbf5-8e9938ac7c62" by "nova.context.set_target_cell..get_or_set_cached_cell_and_set_connections" {{(pid=109883) inner /opt/stack/data/venv/lib/python3.12/site-packages/oslo_concurrency/lockutils.py:506}}
Apr 29 21:42:31.510581 np0000171312 devstack@n-api-meta.service[109883]: DEBUG oslo_concurrency.lockutils [None req-ed79d454-0904-4a7a-a0e6-792546a2666c None None] Lock "97b29ec1-81fc-4a56-bbf5-8e9938ac7c62" acquired by "nova.context.set_target_cell..get_or_set_cached_cell_and_set_connections" :: waited 0.000s {{(pid=109883) inner /opt/stack/data/venv/lib/python3.12/site-packages/oslo_concurrency/lockutils.py:519}}
Apr 29 21:42:31.511511 np0000171312 devstack@n-api-meta.service[109883]: DEBUG oslo_concurrency.lockutils [None req-ed79d454-0904-4a7a-a0e6-792546a2666c None None] Lock "97b29ec1-81fc-4a56-bbf5-8e9938ac7c62" "released" by "nova.context.set_target_cell..get_or_set_cached_cell_and_set_connections" :: held 0.001s {{(pid=109883) inner /opt/stack/data/venv/lib/python3.12/site-packages/oslo_concurrency/lockutils.py:538}}
Apr 29 21:42:31.514936 np0000171312 devstack@n-api-meta.service[109883]: INFO dbcounter [None req-ed79d454-0904-4a7a-a0e6-792546a2666c None None] Registered counter for database nova_cell0
Apr 29 21:42:31.515697 np0000171312 devstack@n-api-meta.service[109880]: DEBUG dbcounter [-] [109880] Writer thread running {{(pid=109880) stat_writer /opt/stack/data/venv/lib/python3.12/site-packages/dbcounter.py:102}}
Apr 29 21:42:31.520623 np0000171312 devstack@n-api-meta.service[109883]: INFO dbcounter [None req-ed79d454-0904-4a7a-a0e6-792546a2666c None None] Registered counter for database nova_cell1
Apr 29 21:42:31.522836 np0000171312 devstack@n-api-meta.service[109880]: DEBUG dbcounter [-] [109880] Writer thread running {{(pid=109880) stat_writer /opt/stack/data/venv/lib/python3.12/site-packages/dbcounter.py:102}}
Apr 29 21:42:31.530503 np0000171312 devstack@n-api-meta.service[109880]: INFO dbcounter [None req-16a5060d-02e1-43e7-bd7c-8a1e1ef1c894 None None] Registered counter for database nova_cell0
Apr 29 21:42:31.533712 np0000171312 devstack@n-api-meta.service[109883]: DEBUG oslo_db.sqlalchemy.engines [None req-ed79d454-0904-4a7a-a0e6-792546a2666c None None] MySQL server mode set to STRICT_TRANS_TABLES,STRICT_ALL_TABLES,NO_ZERO_IN_DATE,NO_ZERO_DATE,ERROR_FOR_DIVISION_BY_ZERO,TRADITIONAL,NO_ENGINE_SUBSTITUTION {{(pid=109883) _check_effective_sql_mode /opt/stack/data/venv/lib/python3.12/site-packages/oslo_db/sqlalchemy/engines.py:325}}
Apr 29 21:42:31.542834 np0000171312 devstack@n-api-meta.service[109882]: WARNING nova.api.metadata.handler [None req-0e0a7268-90b6-4062-8bdd-597f56e81b76 None None] metadata_proxy_shared_secret is not configured, the metadata information returned by the proxy cannot be trusted
Apr 29 21:42:31.544971 np0000171312 devstack@n-api-meta.service[109880]: DEBUG oslo_db.sqlalchemy.engines [None req-16a5060d-02e1-43e7-bd7c-8a1e1ef1c894 None None] MySQL server mode set to STRICT_TRANS_TABLES,STRICT_ALL_TABLES,NO_ZERO_IN_DATE,NO_ZERO_DATE,ERROR_FOR_DIVISION_BY_ZERO,TRADITIONAL,NO_ENGINE_SUBSTITUTION {{(pid=109880) _check_effective_sql_mode /opt/stack/data/venv/lib/python3.12/site-packages/oslo_db/sqlalchemy/engines.py:325}}
Apr 29 21:42:31.545284 np0000171312 devstack@n-api-meta.service[109882]: DEBUG nova.api.openstack.wsgi_app [None req-0e0a7268-90b6-4062-8bdd-597f56e81b76 None None] ******************************************************************************** {{(pid=109882) log_opt_values /opt/stack/data/venv/lib/python3.12/site-packages/oslo_config/cfg.py:2979}}
Apr 29 21:42:31.545438 np0000171312 devstack@n-api-meta.service[109882]: DEBUG nova.api.openstack.wsgi_app [None req-0e0a7268-90b6-4062-8bdd-597f56e81b76 None None] Configuration options gathered from: {{(pid=109882) log_opt_values /opt/stack/data/venv/lib/python3.12/site-packages/oslo_config/cfg.py:2980}}
Apr 29 21:42:31.545590 np0000171312 devstack@n-api-meta.service[109882]: DEBUG nova.api.openstack.wsgi_app [None req-0e0a7268-90b6-4062-8bdd-597f56e81b76 None None] command line args: [] {{(pid=109882) log_opt_values /opt/stack/data/venv/lib/python3.12/site-packages/oslo_config/cfg.py:2981}}
Apr 29 21:42:31.545841 np0000171312 devstack@n-api-meta.service[109882]: DEBUG nova.api.openstack.wsgi_app [None req-0e0a7268-90b6-4062-8bdd-597f56e81b76 None None] config files: ['/etc/nova/api-paste.ini', '/etc/nova/nova.conf'] {{(pid=109882) log_opt_values /opt/stack/data/venv/lib/python3.12/site-packages/oslo_config/cfg.py:2982}}
Apr 29 21:42:31.545998 np0000171312 devstack@n-api-meta.service[109882]: DEBUG nova.api.openstack.wsgi_app [None req-0e0a7268-90b6-4062-8bdd-597f56e81b76 None None] ================================================================================ {{(pid=109882) log_opt_values /opt/stack/data/venv/lib/python3.12/site-packages/oslo_config/cfg.py:2987}}
Apr 29 21:42:31.546233 np0000171312 devstack@n-api-meta.service[109882]: DEBUG nova.api.openstack.wsgi_app [None req-0e0a7268-90b6-4062-8bdd-597f56e81b76 None None] allow_resize_to_same_host = True {{(pid=109882) log_opt_values /opt/stack/data/venv/lib/python3.12/site-packages/oslo_config/cfg.py:2995}}
Apr 29 21:42:31.546338 np0000171312 devstack@n-api-meta.service[109882]: DEBUG nova.api.openstack.wsgi_app [None req-0e0a7268-90b6-4062-8bdd-597f56e81b76 None None] arq_binding_timeout = 300 {{(pid=109882) log_opt_values /opt/stack/data/venv/lib/python3.12/site-packages/oslo_config/cfg.py:2995}}
Apr 29 21:42:31.546482 np0000171312 devstack@n-api-meta.service[109882]: DEBUG nova.api.openstack.wsgi_app [None req-0e0a7268-90b6-4062-8bdd-597f56e81b76 None None] block_device_allocate_retries = 60 {{(pid=109882) log_opt_values /opt/stack/data/venv/lib/python3.12/site-packages/oslo_config/cfg.py:2995}}
Apr 29 21:42:31.546555 np0000171312 devstack@n-api-meta.service[109883]: DEBUG oslo_db.sqlalchemy.engines [None req-ed79d454-0904-4a7a-a0e6-792546a2666c None None] MySQL server mode set to STRICT_TRANS_TABLES,STRICT_ALL_TABLES,NO_ZERO_IN_DATE,NO_ZERO_DATE,ERROR_FOR_DIVISION_BY_ZERO,TRADITIONAL,NO_ENGINE_SUBSTITUTION {{(pid=109883) _check_effective_sql_mode /opt/stack/data/venv/lib/python3.12/site-packages/oslo_db/sqlalchemy/engines.py:325}}
Apr 29 21:42:31.546654 np0000171312 devstack@n-api-meta.service[109882]: DEBUG nova.api.openstack.wsgi_app [None req-0e0a7268-90b6-4062-8bdd-597f56e81b76 None None] block_device_allocate_retries_interval = 3 {{(pid=109882) log_opt_values /opt/stack/data/venv/lib/python3.12/site-packages/oslo_config/cfg.py:2995}}
Apr 29 21:42:31.546768 np0000171312 devstack@n-api-meta.service[109882]: DEBUG nova.api.openstack.wsgi_app [None req-0e0a7268-90b6-4062-8bdd-597f56e81b76 None None] cell_worker_thread_pool_size = 5 {{(pid=109882) log_opt_values /opt/stack/data/venv/lib/python3.12/site-packages/oslo_config/cfg.py:2995}}
Apr 29 21:42:31.546895 np0000171312 devstack@n-api-meta.service[109882]: DEBUG nova.api.openstack.wsgi_app [None req-0e0a7268-90b6-4062-8bdd-597f56e81b76 None None] cert = self.pem {{(pid=109882) log_opt_values /opt/stack/data/venv/lib/python3.12/site-packages/oslo_config/cfg.py:2995}}
Apr 29 21:42:31.547029 np0000171312 devstack@n-api-meta.service[109882]: DEBUG nova.api.openstack.wsgi_app [None req-0e0a7268-90b6-4062-8bdd-597f56e81b76 None None] compute_driver = libvirt.LibvirtDriver {{(pid=109882) log_opt_values /opt/stack/data/venv/lib/python3.12/site-packages/oslo_config/cfg.py:2995}}
Apr 29 21:42:31.547182 np0000171312 devstack@n-api-meta.service[109882]: DEBUG nova.api.openstack.wsgi_app [None req-0e0a7268-90b6-4062-8bdd-597f56e81b76 None None] compute_monitors = [] {{(pid=109882) log_opt_values /opt/stack/data/venv/lib/python3.12/site-packages/oslo_config/cfg.py:2995}}
Apr 29 21:42:31.547341 np0000171312 devstack@n-api-meta.service[109882]: DEBUG nova.api.openstack.wsgi_app [None req-0e0a7268-90b6-4062-8bdd-597f56e81b76 None None] config_dir = [] {{(pid=109882) log_opt_values /opt/stack/data/venv/lib/python3.12/site-packages/oslo_config/cfg.py:2995}}
Apr 29 21:42:31.547475 np0000171312 devstack@n-api-meta.service[109882]: DEBUG nova.api.openstack.wsgi_app [None req-0e0a7268-90b6-4062-8bdd-597f56e81b76 None None] config_drive_format = iso9660 {{(pid=109882) log_opt_values /opt/stack/data/venv/lib/python3.12/site-packages/oslo_config/cfg.py:2995}}
Apr 29 21:42:31.547577 np0000171312 devstack@n-api-meta.service[109882]: DEBUG nova.api.openstack.wsgi_app [None req-0e0a7268-90b6-4062-8bdd-597f56e81b76 None None] config_file = ['/etc/nova/api-paste.ini', '/etc/nova/nova.conf'] {{(pid=109882) log_opt_values /opt/stack/data/venv/lib/python3.12/site-packages/oslo_config/cfg.py:2995}}
Apr 29 21:42:31.547738 np0000171312 devstack@n-api-meta.service[109882]: DEBUG nova.api.openstack.wsgi_app [None req-0e0a7268-90b6-4062-8bdd-597f56e81b76 None None] config_source = [] {{(pid=109882) log_opt_values /opt/stack/data/venv/lib/python3.12/site-packages/oslo_config/cfg.py:2995}}
Apr 29 21:42:31.547860 np0000171312 devstack@n-api-meta.service[109882]: DEBUG nova.api.openstack.wsgi_app [None req-0e0a7268-90b6-4062-8bdd-597f56e81b76 None None] console_host = np0000171312 {{(pid=109882) log_opt_values /opt/stack/data/venv/lib/python3.12/site-packages/oslo_config/cfg.py:2995}}
Apr 29 21:42:31.547986 np0000171312 devstack@n-api-meta.service[109882]: DEBUG nova.api.openstack.wsgi_app [None req-0e0a7268-90b6-4062-8bdd-597f56e81b76 None None] control_exchange = nova {{(pid=109882) log_opt_values /opt/stack/data/venv/lib/python3.12/site-packages/oslo_config/cfg.py:2995}}
Apr 29 21:42:31.548109 np0000171312 devstack@n-api-meta.service[109882]: DEBUG nova.api.openstack.wsgi_app [None req-0e0a7268-90b6-4062-8bdd-597f56e81b76 None None] cpu_allocation_ratio = None {{(pid=109882) log_opt_values /opt/stack/data/venv/lib/python3.12/site-packages/oslo_config/cfg.py:2995}}
Apr 29 21:42:31.548243 np0000171312 devstack@n-api-meta.service[109882]: DEBUG nova.api.openstack.wsgi_app [None req-0e0a7268-90b6-4062-8bdd-597f56e81b76 None None] daemon = False {{(pid=109882) log_opt_values /opt/stack/data/venv/lib/python3.12/site-packages/oslo_config/cfg.py:2995}}
Apr 29 21:42:31.548372 np0000171312 devstack@n-api-meta.service[109882]: DEBUG nova.api.openstack.wsgi_app [None req-0e0a7268-90b6-4062-8bdd-597f56e81b76 None None] debug = True {{(pid=109882) log_opt_values /opt/stack/data/venv/lib/python3.12/site-packages/oslo_config/cfg.py:2995}}
Apr 29 21:42:31.548497 np0000171312 devstack@n-api-meta.service[109882]: DEBUG nova.api.openstack.wsgi_app [None req-0e0a7268-90b6-4062-8bdd-597f56e81b76 None None] default_access_ip_network_name = None {{(pid=109882) log_opt_values /opt/stack/data/venv/lib/python3.12/site-packages/oslo_config/cfg.py:2995}}
Apr 29 21:42:31.548732 np0000171312 devstack@n-api-meta.service[109882]: DEBUG nova.api.openstack.wsgi_app [None req-0e0a7268-90b6-4062-8bdd-597f56e81b76 None None] default_availability_zone = nova {{(pid=109882) log_opt_values /opt/stack/data/venv/lib/python3.12/site-packages/oslo_config/cfg.py:2995}}
Apr 29 21:42:31.548867 np0000171312 devstack@n-api-meta.service[109882]: DEBUG nova.api.openstack.wsgi_app [None req-0e0a7268-90b6-4062-8bdd-597f56e81b76 None None] default_ephemeral_format = ext4 {{(pid=109882) log_opt_values /opt/stack/data/venv/lib/python3.12/site-packages/oslo_config/cfg.py:2995}}
Apr 29 21:42:31.548993 np0000171312 devstack@n-api-meta.service[109882]: DEBUG nova.api.openstack.wsgi_app [None req-0e0a7268-90b6-4062-8bdd-597f56e81b76 None None] default_green_pool_size = 1000 {{(pid=109882) log_opt_values /opt/stack/data/venv/lib/python3.12/site-packages/oslo_config/cfg.py:2995}}
Apr 29 21:42:31.549195 np0000171312 devstack@n-api-meta.service[109882]: DEBUG nova.api.openstack.wsgi_app [None req-0e0a7268-90b6-4062-8bdd-597f56e81b76 None None] default_log_levels = ['amqp=WARN', 'boto=WARN', 'sqlalchemy=WARN', 'suds=INFO', 'oslo.messaging=INFO', 'oslo_messaging=INFO', 'iso8601=WARN', 'requests.packages.urllib3.connectionpool=WARN', 'urllib3.connectionpool=WARN', 'websocket=WARN', 'requests.packages.urllib3.util.retry=WARN', 'urllib3.util.retry=WARN', 'keystonemiddleware=WARN', 'routes.middleware=WARN', 'stevedore=WARN', 'taskflow=WARN', 'keystoneauth=WARN', 'oslo.cache=INFO', 'oslo_policy=INFO', 'dogpile.core.dogpile=INFO', 'glanceclient=WARN', 'oslo.privsep.daemon=INFO'] {{(pid=109882) log_opt_values /opt/stack/data/venv/lib/python3.12/site-packages/oslo_config/cfg.py:2995}}
Apr 29 21:42:31.549331 np0000171312 devstack@n-api-meta.service[109882]: DEBUG nova.api.openstack.wsgi_app [None req-0e0a7268-90b6-4062-8bdd-597f56e81b76 None None] default_schedule_zone = None {{(pid=109882) log_opt_values /opt/stack/data/venv/lib/python3.12/site-packages/oslo_config/cfg.py:2995}}
Apr 29 21:42:31.549441 np0000171312 devstack@n-api-meta.service[109882]: DEBUG nova.api.openstack.wsgi_app [None req-0e0a7268-90b6-4062-8bdd-597f56e81b76 None None] default_thread_pool_size = 10 {{(pid=109882) log_opt_values /opt/stack/data/venv/lib/python3.12/site-packages/oslo_config/cfg.py:2995}}
Apr 29 21:42:31.549572 np0000171312 devstack@n-api-meta.service[109882]: DEBUG nova.api.openstack.wsgi_app [None req-0e0a7268-90b6-4062-8bdd-597f56e81b76 None None] disk_allocation_ratio = None {{(pid=109882) log_opt_values /opt/stack/data/venv/lib/python3.12/site-packages/oslo_config/cfg.py:2995}}
Apr 29 21:42:31.549708 np0000171312 devstack@n-api-meta.service[109882]: DEBUG nova.api.openstack.wsgi_app [None req-0e0a7268-90b6-4062-8bdd-597f56e81b76 None None] enable_new_services = True {{(pid=109882) log_opt_values /opt/stack/data/venv/lib/python3.12/site-packages/oslo_config/cfg.py:2995}}
Apr 29 21:42:31.549835 np0000171312 devstack@n-api-meta.service[109882]: DEBUG nova.api.openstack.wsgi_app [None req-0e0a7268-90b6-4062-8bdd-597f56e81b76 None None] flat_injected = False {{(pid=109882) log_opt_values /opt/stack/data/venv/lib/python3.12/site-packages/oslo_config/cfg.py:2995}}
Apr 29 21:42:31.550008 np0000171312 devstack@n-api-meta.service[109882]: DEBUG nova.api.openstack.wsgi_app [None req-0e0a7268-90b6-4062-8bdd-597f56e81b76 None None] force_config_drive = False {{(pid=109882) log_opt_values /opt/stack/data/venv/lib/python3.12/site-packages/oslo_config/cfg.py:2995}}
Apr 29 21:42:31.550133 np0000171312 devstack@n-api-meta.service[109882]: DEBUG nova.api.openstack.wsgi_app [None req-0e0a7268-90b6-4062-8bdd-597f56e81b76 None None] force_raw_images = True {{(pid=109882) log_opt_values /opt/stack/data/venv/lib/python3.12/site-packages/oslo_config/cfg.py:2995}}
Apr 29 21:42:31.550302 np0000171312 devstack@n-api-meta.service[109882]: DEBUG nova.api.openstack.wsgi_app [None req-0e0a7268-90b6-4062-8bdd-597f56e81b76 None None] graceful_shutdown_timeout = 5 {{(pid=109882) log_opt_values /opt/stack/data/venv/lib/python3.12/site-packages/oslo_config/cfg.py:2995}}
Apr 29 21:42:31.550446 np0000171312 devstack@n-api-meta.service[109882]: DEBUG nova.api.openstack.wsgi_app [None req-0e0a7268-90b6-4062-8bdd-597f56e81b76 None None] heal_instance_info_cache_interval = -1 {{(pid=109882) log_opt_values /opt/stack/data/venv/lib/python3.12/site-packages/oslo_config/cfg.py:2995}}
Apr 29 21:42:31.550623 np0000171312 devstack@n-api-meta.service[109882]: DEBUG nova.api.openstack.wsgi_app [None req-0e0a7268-90b6-4062-8bdd-597f56e81b76 None None] host = np0000171312 {{(pid=109882) log_opt_values /opt/stack/data/venv/lib/python3.12/site-packages/oslo_config/cfg.py:2995}}
Apr 29 21:42:31.551033 np0000171312 devstack@n-api-meta.service[109882]: DEBUG nova.api.openstack.wsgi_app [None req-0e0a7268-90b6-4062-8bdd-597f56e81b76 None None] initial_cpu_allocation_ratio = 4.0 {{(pid=109882) log_opt_values /opt/stack/data/venv/lib/python3.12/site-packages/oslo_config/cfg.py:2995}}
Apr 29 21:42:31.551033 np0000171312 devstack@n-api-meta.service[109882]: DEBUG nova.api.openstack.wsgi_app [None req-0e0a7268-90b6-4062-8bdd-597f56e81b76 None None] initial_disk_allocation_ratio = 1.0 {{(pid=109882) log_opt_values /opt/stack/data/venv/lib/python3.12/site-packages/oslo_config/cfg.py:2995}}
Apr 29 21:42:31.551033 np0000171312 devstack@n-api-meta.service[109882]: DEBUG nova.api.openstack.wsgi_app [None req-0e0a7268-90b6-4062-8bdd-597f56e81b76 None None] initial_ram_allocation_ratio = 1.0 {{(pid=109882) log_opt_values /opt/stack/data/venv/lib/python3.12/site-packages/oslo_config/cfg.py:2995}}
Apr 29 21:42:31.551182 np0000171312 devstack@n-api-meta.service[109882]: DEBUG nova.api.openstack.wsgi_app [None req-0e0a7268-90b6-4062-8bdd-597f56e81b76 None None] injected_network_template = /opt/stack/nova/nova/virt/interfaces.template {{(pid=109882) log_opt_values /opt/stack/data/venv/lib/python3.12/site-packages/oslo_config/cfg.py:2995}}
Apr 29 21:42:31.551510 np0000171312 devstack@n-api-meta.service[109882]: DEBUG nova.api.openstack.wsgi_app [None req-0e0a7268-90b6-4062-8bdd-597f56e81b76 None None] instance_build_timeout = 0 {{(pid=109882) log_opt_values /opt/stack/data/venv/lib/python3.12/site-packages/oslo_config/cfg.py:2995}}
Apr 29 21:42:31.551510 np0000171312 devstack@n-api-meta.service[109882]: DEBUG nova.api.openstack.wsgi_app [None req-0e0a7268-90b6-4062-8bdd-597f56e81b76 None None] instance_delete_interval = 300 {{(pid=109882) log_opt_values /opt/stack/data/venv/lib/python3.12/site-packages/oslo_config/cfg.py:2995}}
Apr 29 21:42:31.551597 np0000171312 devstack@n-api-meta.service[109882]: DEBUG nova.api.openstack.wsgi_app [None req-0e0a7268-90b6-4062-8bdd-597f56e81b76 None None] instance_format = [instance: %(uuid)s] {{(pid=109882) log_opt_values /opt/stack/data/venv/lib/python3.12/site-packages/oslo_config/cfg.py:2995}}
Apr 29 21:42:31.551698 np0000171312 devstack@n-api-meta.service[109882]: DEBUG nova.api.openstack.wsgi_app [None req-0e0a7268-90b6-4062-8bdd-597f56e81b76 None None] instance_name_template = instance-%08x {{(pid=109882) log_opt_values /opt/stack/data/venv/lib/python3.12/site-packages/oslo_config/cfg.py:2995}}
Apr 29 21:42:31.551833 np0000171312 devstack@n-api-meta.service[109882]: DEBUG nova.api.openstack.wsgi_app [None req-0e0a7268-90b6-4062-8bdd-597f56e81b76 None None] instance_usage_audit = False {{(pid=109882) log_opt_values /opt/stack/data/venv/lib/python3.12/site-packages/oslo_config/cfg.py:2995}}
Apr 29 21:42:31.551965 np0000171312 devstack@n-api-meta.service[109882]: DEBUG nova.api.openstack.wsgi_app [None req-0e0a7268-90b6-4062-8bdd-597f56e81b76 None None] instance_usage_audit_period = month {{(pid=109882) log_opt_values /opt/stack/data/venv/lib/python3.12/site-packages/oslo_config/cfg.py:2995}}
Apr 29 21:42:31.552096 np0000171312 devstack@n-api-meta.service[109882]: DEBUG nova.api.openstack.wsgi_app [None req-0e0a7268-90b6-4062-8bdd-597f56e81b76 None None] instance_uuid_format = [instance: %(uuid)s] {{(pid=109882) log_opt_values /opt/stack/data/venv/lib/python3.12/site-packages/oslo_config/cfg.py:2995}}
Apr 29 21:42:31.552226 np0000171312 devstack@n-api-meta.service[109882]: DEBUG nova.api.openstack.wsgi_app [None req-0e0a7268-90b6-4062-8bdd-597f56e81b76 None None] instances_path = /opt/stack/data/nova/instances {{(pid=109882) log_opt_values /opt/stack/data/venv/lib/python3.12/site-packages/oslo_config/cfg.py:2995}}
Apr 29 21:42:31.552358 np0000171312 devstack@n-api-meta.service[109882]: DEBUG nova.api.openstack.wsgi_app [None req-0e0a7268-90b6-4062-8bdd-597f56e81b76 None None] internal_service_availability_zone = internal {{(pid=109882) log_opt_values /opt/stack/data/venv/lib/python3.12/site-packages/oslo_config/cfg.py:2995}}
Apr 29 21:42:31.552481 np0000171312 devstack@n-api-meta.service[109882]: DEBUG nova.api.openstack.wsgi_app [None req-0e0a7268-90b6-4062-8bdd-597f56e81b76 None None] key = None {{(pid=109882) log_opt_values /opt/stack/data/venv/lib/python3.12/site-packages/oslo_config/cfg.py:2995}}
Apr 29 21:42:31.552639 np0000171312 devstack@n-api-meta.service[109882]: DEBUG nova.api.openstack.wsgi_app [None req-0e0a7268-90b6-4062-8bdd-597f56e81b76 None None] live_migration_retry_count = 30 {{(pid=109882) log_opt_values /opt/stack/data/venv/lib/python3.12/site-packages/oslo_config/cfg.py:2995}}
Apr 29 21:42:31.552763 np0000171312 devstack@n-api-meta.service[109882]: DEBUG nova.api.openstack.wsgi_app [None req-0e0a7268-90b6-4062-8bdd-597f56e81b76 None None] log_color = False {{(pid=109882) log_opt_values /opt/stack/data/venv/lib/python3.12/site-packages/oslo_config/cfg.py:2995}}
Apr 29 21:42:31.552922 np0000171312 devstack@n-api-meta.service[109882]: DEBUG nova.api.openstack.wsgi_app [None req-0e0a7268-90b6-4062-8bdd-597f56e81b76 None None] log_config_append = None {{(pid=109882) log_opt_values /opt/stack/data/venv/lib/python3.12/site-packages/oslo_config/cfg.py:2995}}
