Apr 15 08:48:02.633506 np0000166427 neutron-periodic-workers[106023]: DEBUG cotyledon.oslo_config_glue [-] ml2.path_mtu = 0 {{(pid=106023) log_opt_values /opt/stack/data/venv/lib/python3.12/site-packages/oslo_config/cfg.py:3006}}
Apr 15 08:48:02.633540 np0000166427 neutron-periodic-workers[106023]: DEBUG cotyledon.oslo_config_glue [-] ml2.physical_network_mtus = {} {{(pid=106023) log_opt_values /opt/stack/data/venv/lib/python3.12/site-packages/oslo_config/cfg.py:3006}}
Apr 15 08:48:02.633602 np0000166427 neutron-periodic-workers[106023]: DEBUG cotyledon.oslo_config_glue [-] ml2.project_network_types = ['geneve'] {{(pid=106023) log_opt_values /opt/stack/data/venv/lib/python3.12/site-packages/oslo_config/cfg.py:3006}}
Apr 15 08:48:02.633634 np0000166427 neutron-periodic-workers[106023]: DEBUG cotyledon.oslo_config_glue [-] ml2.tunnelled_network_rp_name = rp_tunnelled {{(pid=106023) log_opt_values /opt/stack/data/venv/lib/python3.12/site-packages/oslo_config/cfg.py:3006}}
Apr 15 08:48:02.633695 np0000166427 neutron-periodic-workers[106023]: DEBUG cotyledon.oslo_config_glue [-] ml2.type_drivers = ['local', 'flat', 'vlan', 'geneve'] {{(pid=106023) log_opt_values /opt/stack/data/venv/lib/python3.12/site-packages/oslo_config/cfg.py:3006}}
Apr 15 08:48:02.633785 np0000166427 neutron-periodic-workers[106023]: DEBUG cotyledon.oslo_config_glue [-] ml2_type_flat.flat_networks = ['public'] {{(pid=106023) log_opt_values /opt/stack/data/venv/lib/python3.12/site-packages/oslo_config/cfg.py:3006}}
Apr 15 08:48:02.633857 np0000166427 neutron-periodic-workers[106023]: DEBUG cotyledon.oslo_config_glue [-] ml2_type_geneve.max_header_size = 38 {{(pid=106023) log_opt_values /opt/stack/data/venv/lib/python3.12/site-packages/oslo_config/cfg.py:3006}}
Apr 15 08:48:02.633923 np0000166427 neutron-periodic-workers[106023]: DEBUG cotyledon.oslo_config_glue [-] ml2_type_geneve.vni_ranges = ['1:65536'] {{(pid=106023) log_opt_values /opt/stack/data/venv/lib/python3.12/site-packages/oslo_config/cfg.py:3006}}
Apr 15 08:48:02.634009 np0000166427 neutron-periodic-workers[106023]: DEBUG cotyledon.oslo_config_glue [-] ml2_type_vlan.network_vlan_ranges = ['public'] {{(pid=106023) log_opt_values /opt/stack/data/venv/lib/python3.12/site-packages/oslo_config/cfg.py:3006}}
Apr 15 08:48:02.634092 np0000166427 neutron-periodic-workers[106023]: DEBUG cotyledon.oslo_config_glue [-] network_log.burst_limit = 25 {{(pid=106023) log_opt_values /opt/stack/data/venv/lib/python3.12/site-packages/oslo_config/cfg.py:3006}}
Apr 15 08:48:02.634129 np0000166427 neutron-periodic-workers[106023]: DEBUG cotyledon.oslo_config_glue [-] network_log.local_output_log_base = None {{(pid=106023) log_opt_values /opt/stack/data/venv/lib/python3.12/site-packages/oslo_config/cfg.py:3006}}
Apr 15 08:48:02.634176 np0000166427 neutron-periodic-workers[106023]: DEBUG cotyledon.oslo_config_glue [-] network_log.rate_limit = 100 {{(pid=106023) log_opt_values /opt/stack/data/venv/lib/python3.12/site-packages/oslo_config/cfg.py:3006}}
Apr 15 08:48:02.634273 np0000166427 neutron-periodic-workers[106023]: DEBUG cotyledon.oslo_config_glue [-] database.asyncio_connection = **** {{(pid=106023) log_opt_values /opt/stack/data/venv/lib/python3.12/site-packages/oslo_config/cfg.py:3006}}
Apr 15 08:48:02.634308 np0000166427 neutron-periodic-workers[106023]: DEBUG cotyledon.oslo_config_glue [-] database.asyncio_slave_connection = **** {{(pid=106023) log_opt_values /opt/stack/data/venv/lib/python3.12/site-packages/oslo_config/cfg.py:3006}}
Apr 15 08:48:02.634369 np0000166427 neutron-periodic-workers[106023]: DEBUG cotyledon.oslo_config_glue [-] database.backend = sqlalchemy {{(pid=106023) log_opt_values /opt/stack/data/venv/lib/python3.12/site-packages/oslo_config/cfg.py:3006}}
Apr 15 08:48:02.634420 np0000166427 neutron-periodic-workers[106023]: DEBUG cotyledon.oslo_config_glue [-] database.connection = **** {{(pid=106023) log_opt_values /opt/stack/data/venv/lib/python3.12/site-packages/oslo_config/cfg.py:3006}}
Apr 15 08:48:02.634471 np0000166427 neutron-periodic-workers[106023]: DEBUG cotyledon.oslo_config_glue [-] database.connection_debug = 0 {{(pid=106023) log_opt_values /opt/stack/data/venv/lib/python3.12/site-packages/oslo_config/cfg.py:3006}}
Apr 15 08:48:02.634513 np0000166427 neutron-periodic-workers[106023]: DEBUG cotyledon.oslo_config_glue [-] database.connection_parameters = {{(pid=106023) log_opt_values /opt/stack/data/venv/lib/python3.12/site-packages/oslo_config/cfg.py:3006}}
Apr 15 08:48:02.634573 np0000166427 neutron-periodic-workers[106023]: DEBUG cotyledon.oslo_config_glue [-] database.connection_recycle_time = 3600 {{(pid=106023) log_opt_values /opt/stack/data/venv/lib/python3.12/site-packages/oslo_config/cfg.py:3006}}
Apr 15 08:48:02.634605 np0000166427 neutron-periodic-workers[106023]: DEBUG cotyledon.oslo_config_glue [-] database.connection_trace = False {{(pid=106023) log_opt_values /opt/stack/data/venv/lib/python3.12/site-packages/oslo_config/cfg.py:3006}}
Apr 15 08:48:02.634657 np0000166427 neutron-periodic-workers[106023]: DEBUG cotyledon.oslo_config_glue [-] database.db_inc_retry_interval = True {{(pid=106023) log_opt_values /opt/stack/data/venv/lib/python3.12/site-packages/oslo_config/cfg.py:3006}}
Apr 15 08:48:02.634709 np0000166427 neutron-periodic-workers[106023]: DEBUG cotyledon.oslo_config_glue [-] database.db_max_retries = 20 {{(pid=106023) log_opt_values /opt/stack/data/venv/lib/python3.12/site-packages/oslo_config/cfg.py:3006}}
Apr 15 08:48:02.634765 np0000166427 neutron-periodic-workers[106023]: DEBUG cotyledon.oslo_config_glue [-] database.db_max_retry_interval = 10 {{(pid=106023) log_opt_values /opt/stack/data/venv/lib/python3.12/site-packages/oslo_config/cfg.py:3006}}
Apr 15 08:48:02.634805 np0000166427 neutron-periodic-workers[106023]: DEBUG cotyledon.oslo_config_glue [-] database.db_retry_interval = 1 {{(pid=106023) log_opt_values /opt/stack/data/venv/lib/python3.12/site-packages/oslo_config/cfg.py:3006}}
Apr 15 08:48:02.634869 np0000166427 neutron-periodic-workers[106023]: DEBUG cotyledon.oslo_config_glue [-] database.max_overflow = 50 {{(pid=106023) log_opt_values /opt/stack/data/venv/lib/python3.12/site-packages/oslo_config/cfg.py:3006}}
Apr 15 08:48:02.634896 np0000166427 neutron-periodic-workers[106023]: DEBUG cotyledon.oslo_config_glue [-] database.max_pool_size = 5 {{(pid=106023) log_opt_values /opt/stack/data/venv/lib/python3.12/site-packages/oslo_config/cfg.py:3006}}
Apr 15 08:48:02.634952 np0000166427 neutron-periodic-workers[106023]: DEBUG cotyledon.oslo_config_glue [-] database.max_retries = 10 {{(pid=106023) log_opt_values /opt/stack/data/venv/lib/python3.12/site-packages/oslo_config/cfg.py:3006}}
Apr 15 08:48:02.634999 np0000166427 neutron-periodic-workers[106023]: DEBUG cotyledon.oslo_config_glue [-] database.mysql_sql_mode = TRADITIONAL {{(pid=106023) log_opt_values /opt/stack/data/venv/lib/python3.12/site-packages/oslo_config/cfg.py:3006}}
Apr 15 08:48:02.635039 np0000166427 neutron-periodic-workers[106023]: DEBUG cotyledon.oslo_config_glue [-] database.mysql_wsrep_sync_wait = None {{(pid=106023) log_opt_values /opt/stack/data/venv/lib/python3.12/site-packages/oslo_config/cfg.py:3006}}
Apr 15 08:48:02.635084 np0000166427 neutron-periodic-workers[106023]: DEBUG cotyledon.oslo_config_glue [-] database.pool_timeout = None {{(pid=106023) log_opt_values /opt/stack/data/venv/lib/python3.12/site-packages/oslo_config/cfg.py:3006}}
Apr 15 08:48:02.635119 np0000166427 neutron-periodic-workers[106023]: DEBUG cotyledon.oslo_config_glue [-] database.retry_interval = 10 {{(pid=106023) log_opt_values /opt/stack/data/venv/lib/python3.12/site-packages/oslo_config/cfg.py:3006}}
Apr 15 08:48:02.635174 np0000166427 neutron-periodic-workers[106023]: DEBUG cotyledon.oslo_config_glue [-] database.slave_connection = **** {{(pid=106023) log_opt_values /opt/stack/data/venv/lib/python3.12/site-packages/oslo_config/cfg.py:3006}}
Apr 15 08:48:02.635226 np0000166427 neutron-periodic-workers[106023]: DEBUG cotyledon.oslo_config_glue [-] database.sqlite_synchronous = True {{(pid=106023) log_opt_values /opt/stack/data/venv/lib/python3.12/site-packages/oslo_config/cfg.py:3006}}
Apr 15 08:48:02.635282 np0000166427 neutron-periodic-workers[106023]: DEBUG cotyledon.oslo_config_glue [-] database.synchronous_reader = True {{(pid=106023) log_opt_values /opt/stack/data/venv/lib/python3.12/site-packages/oslo_config/cfg.py:3006}}
Apr 15 08:48:02.635314 np0000166427 neutron-periodic-workers[106023]: DEBUG cotyledon.oslo_config_glue [-] database.use_db_reconnect = False {{(pid=106023) log_opt_values /opt/stack/data/venv/lib/python3.12/site-packages/oslo_config/cfg.py:3006}}
Apr 15 08:48:02.635405 np0000166427 neutron-periodic-workers[106023]: DEBUG cotyledon.oslo_config_glue [-] ovn.bfd_min_rx = 1000 {{(pid=106023) log_opt_values /opt/stack/data/venv/lib/python3.12/site-packages/oslo_config/cfg.py:3006}}
Apr 15 08:48:02.635438 np0000166427 neutron-periodic-workers[106023]: DEBUG cotyledon.oslo_config_glue [-] ovn.bfd_min_tx = 100 {{(pid=106023) log_opt_values /opt/stack/data/venv/lib/python3.12/site-packages/oslo_config/cfg.py:3006}}
Apr 15 08:48:02.635500 np0000166427 neutron-periodic-workers[106023]: DEBUG cotyledon.oslo_config_glue [-] ovn.bfd_mult = 3 {{(pid=106023) log_opt_values /opt/stack/data/venv/lib/python3.12/site-packages/oslo_config/cfg.py:3006}}
Apr 15 08:48:02.635542 np0000166427 neutron-periodic-workers[106023]: DEBUG cotyledon.oslo_config_glue [-] ovn.broadcast_arps_to_all_routers = True {{(pid=106023) log_opt_values /opt/stack/data/venv/lib/python3.12/site-packages/oslo_config/cfg.py:3006}}
Apr 15 08:48:02.635590 np0000166427 neutron-periodic-workers[106023]: DEBUG cotyledon.oslo_config_glue [-] ovn.dhcp_default_lease_time = 43200 {{(pid=106023) log_opt_values /opt/stack/data/venv/lib/python3.12/site-packages/oslo_config/cfg.py:3006}}
Apr 15 08:48:02.635623 np0000166427 neutron-periodic-workers[106023]: DEBUG cotyledon.oslo_config_glue [-] ovn.disable_ovn_dhcp_for_baremetal_ports = False {{(pid=106023) log_opt_values /opt/stack/data/venv/lib/python3.12/site-packages/oslo_config/cfg.py:3006}}
Apr 15 08:48:02.635674 np0000166427 neutron-periodic-workers[106023]: DEBUG cotyledon.oslo_config_glue [-] ovn.dns_records_ovn_owned = False {{(pid=106023) log_opt_values /opt/stack/data/venv/lib/python3.12/site-packages/oslo_config/cfg.py:3006}}
Apr 15 08:48:02.635727 np0000166427 neutron-periodic-workers[106023]: DEBUG cotyledon.oslo_config_glue [-] ovn.dns_servers = [] {{(pid=106023) log_opt_values /opt/stack/data/venv/lib/python3.12/site-packages/oslo_config/cfg.py:3006}}
Apr 15 08:48:02.635760 np0000166427 neutron-periodic-workers[106023]: DEBUG cotyledon.oslo_config_glue [-] ovn.enable_distributed_floating_ip = False {{(pid=106023) log_opt_values /opt/stack/data/venv/lib/python3.12/site-packages/oslo_config/cfg.py:3006}}
Apr 15 08:48:02.635834 np0000166427 neutron-periodic-workers[106023]: DEBUG cotyledon.oslo_config_glue [-] ovn.fdb_age_threshold = 300 {{(pid=106023) log_opt_values /opt/stack/data/venv/lib/python3.12/site-packages/oslo_config/cfg.py:3006}}
Apr 15 08:48:02.635834 np0000166427 neutron-periodic-workers[106023]: DEBUG cotyledon.oslo_config_glue [-] ovn.ha_failover_strategy = normal {{(pid=106023) log_opt_values /opt/stack/data/venv/lib/python3.12/site-packages/oslo_config/cfg.py:3006}}
Apr 15 08:48:02.635909 np0000166427 neutron-periodic-workers[106023]: DEBUG cotyledon.oslo_config_glue [-] ovn.live_migration_activation_strategy = rarp {{(pid=106023) log_opt_values /opt/stack/data/venv/lib/python3.12/site-packages/oslo_config/cfg.py:3006}}
Apr 15 08:48:02.635941 np0000166427 neutron-periodic-workers[106023]: DEBUG cotyledon.oslo_config_glue [-] ovn.localnet_learn_fdb = False {{(pid=106023) log_opt_values /opt/stack/data/venv/lib/python3.12/site-packages/oslo_config/cfg.py:3006}}
Apr 15 08:48:02.635972 np0000166427 neutron-periodic-workers[106023]: DEBUG cotyledon.oslo_config_glue [-] ovn.mac_binding_age_threshold = 300 {{(pid=106023) log_opt_values /opt/stack/data/venv/lib/python3.12/site-packages/oslo_config/cfg.py:3006}}
Apr 15 08:48:02.636022 np0000166427 neutron-periodic-workers[106023]: DEBUG cotyledon.oslo_config_glue [-] ovn.neutron_sync_mode = log {{(pid=106023) log_opt_values /opt/stack/data/venv/lib/python3.12/site-packages/oslo_config/cfg.py:3006}}
Apr 15 08:48:02.636054 np0000166427 neutron-periodic-workers[106023]: DEBUG cotyledon.oslo_config_glue [-] ovn.ovn_dhcp4_global_options = {} {{(pid=106023) log_opt_values /opt/stack/data/venv/lib/python3.12/site-packages/oslo_config/cfg.py:3006}}
Apr 15 08:48:02.636107 np0000166427 neutron-periodic-workers[106023]: DEBUG cotyledon.oslo_config_glue [-] ovn.ovn_dhcp6_global_options = {} {{(pid=106023) log_opt_values /opt/stack/data/venv/lib/python3.12/site-packages/oslo_config/cfg.py:3006}}
Apr 15 08:48:02.636152 np0000166427 neutron-periodic-workers[106023]: DEBUG cotyledon.oslo_config_glue [-] ovn.ovn_l3_scheduler = leastloaded {{(pid=106023) log_opt_values /opt/stack/data/venv/lib/python3.12/site-packages/oslo_config/cfg.py:3006}}
Apr 15 08:48:02.636214 np0000166427 neutron-periodic-workers[106023]: DEBUG cotyledon.oslo_config_glue [-] ovn.ovn_metadata_enabled = True {{(pid=106023) log_opt_values /opt/stack/data/venv/lib/python3.12/site-packages/oslo_config/cfg.py:3006}}
Apr 15 08:48:02.636270 np0000166427 neutron-periodic-workers[106023]: DEBUG cotyledon.oslo_config_glue [-] ovn.ovn_nb_ca_cert = /opt/stack/data/CA/int-ca/ca-chain.pem {{(pid=106023) log_opt_values /opt/stack/data/venv/lib/python3.12/site-packages/oslo_config/cfg.py:3006}}
Apr 15 08:48:02.636312 np0000166427 neutron-periodic-workers[106023]: DEBUG cotyledon.oslo_config_glue [-] ovn.ovn_nb_certificate = /opt/stack/data/CA/int-ca/devstack-cert.crt {{(pid=106023) log_opt_values /opt/stack/data/venv/lib/python3.12/site-packages/oslo_config/cfg.py:3006}}
Apr 15 08:48:02.636360 np0000166427 neutron-periodic-workers[106023]: DEBUG cotyledon.oslo_config_glue [-] ovn.ovn_nb_connection = ['ssl:199.204.45.19:6641'] {{(pid=106023) log_opt_values /opt/stack/data/venv/lib/python3.12/site-packages/oslo_config/cfg.py:3006}}
Apr 15 08:48:02.636392 np0000166427 neutron-periodic-workers[106023]: DEBUG cotyledon.oslo_config_glue [-] ovn.ovn_nb_private_key = /opt/stack/data/CA/int-ca/private/devstack-cert.key {{(pid=106023) log_opt_values /opt/stack/data/venv/lib/python3.12/site-packages/oslo_config/cfg.py:3006}}
Apr 15 08:48:02.636449 np0000166427 neutron-periodic-workers[106023]: DEBUG cotyledon.oslo_config_glue [-] ovn.ovn_router_indirect_snat = False {{(pid=106023) log_opt_values /opt/stack/data/venv/lib/python3.12/site-packages/oslo_config/cfg.py:3006}}
Apr 15 08:48:02.636482 np0000166427 neutron-periodic-workers[106023]: DEBUG cotyledon.oslo_config_glue [-] ovn.ovn_sb_ca_cert = /opt/stack/data/CA/int-ca/ca-chain.pem {{(pid=106023) log_opt_values /opt/stack/data/venv/lib/python3.12/site-packages/oslo_config/cfg.py:3006}}
Apr 15 08:48:02.636541 np0000166427 neutron-periodic-workers[106023]: DEBUG cotyledon.oslo_config_glue [-] ovn.ovn_sb_certificate = /opt/stack/data/CA/int-ca/devstack-cert.crt {{(pid=106023) log_opt_values /opt/stack/data/venv/lib/python3.12/site-packages/oslo_config/cfg.py:3006}}
Apr 15 08:48:02.636575 np0000166427 neutron-periodic-workers[106023]: DEBUG cotyledon.oslo_config_glue [-] ovn.ovn_sb_connection = ['ssl:199.204.45.19:6642'] {{(pid=106023) log_opt_values /opt/stack/data/venv/lib/python3.12/site-packages/oslo_config/cfg.py:3006}}
Apr 15 08:48:02.636626 np0000166427 neutron-periodic-workers[106023]: DEBUG cotyledon.oslo_config_glue [-] ovn.ovn_sb_private_key = /opt/stack/data/CA/int-ca/private/devstack-cert.key {{(pid=106023) log_opt_values /opt/stack/data/venv/lib/python3.12/site-packages/oslo_config/cfg.py:3006}}
Apr 15 08:48:02.636667 np0000166427 neutron-periodic-workers[106023]: DEBUG cotyledon.oslo_config_glue [-] ovn.ovs_create_tap = False {{(pid=106023) log_opt_values /opt/stack/data/venv/lib/python3.12/site-packages/oslo_config/cfg.py:3006}}
Apr 15 08:48:02.636699 np0000166427 neutron-periodic-workers[106023]: DEBUG cotyledon.oslo_config_glue [-] ovn.ovsdb_connection_timeout = 180 {{(pid=106023) log_opt_values /opt/stack/data/venv/lib/python3.12/site-packages/oslo_config/cfg.py:3006}}
Apr 15 08:48:02.636750 np0000166427 neutron-periodic-workers[106023]: DEBUG cotyledon.oslo_config_glue [-] ovn.ovsdb_log_level = INFO {{(pid=106023) log_opt_values /opt/stack/data/venv/lib/python3.12/site-packages/oslo_config/cfg.py:3006}}
Apr 15 08:48:02.636783 np0000166427 neutron-periodic-workers[106023]: DEBUG cotyledon.oslo_config_glue [-] ovn.ovsdb_probe_interval = 60000 {{(pid=106023) log_opt_values /opt/stack/data/venv/lib/python3.12/site-packages/oslo_config/cfg.py:3006}}
Apr 15 08:48:02.636833 np0000166427 neutron-periodic-workers[106023]: DEBUG cotyledon.oslo_config_glue [-] ovn.ovsdb_retry_max_interval = 180 {{(pid=106023) log_opt_values /opt/stack/data/venv/lib/python3.12/site-packages/oslo_config/cfg.py:3006}}
Apr 15 08:48:02.636865 np0000166427 neutron-periodic-workers[106023]: DEBUG cotyledon.oslo_config_glue [-] ovn.stateless_nat_enabled = False {{(pid=106023) log_opt_values /opt/stack/data/venv/lib/python3.12/site-packages/oslo_config/cfg.py:3006}}
Apr 15 08:48:02.636926 np0000166427 neutron-periodic-workers[106023]: DEBUG cotyledon.oslo_config_glue [-] ovn.vhost_sock_dir = /var/run/openvswitch {{(pid=106023) log_opt_values /opt/stack/data/venv/lib/python3.12/site-packages/oslo_config/cfg.py:3006}}
Apr 15 08:48:02.636983 np0000166427 neutron-periodic-workers[106023]: DEBUG cotyledon.oslo_config_glue [-] OVS.bridge_mac_table_size = 50000 {{(pid=106023) log_opt_values /opt/stack/data/venv/lib/python3.12/site-packages/oslo_config/cfg.py:3006}}
Apr 15 08:48:02.637037 np0000166427 neutron-periodic-workers[106023]: DEBUG cotyledon.oslo_config_glue [-] OVS.igmp_flood = False {{(pid=106023) log_opt_values /opt/stack/data/venv/lib/python3.12/site-packages/oslo_config/cfg.py:3006}}
Apr 15 08:48:02.637089 np0000166427 neutron-periodic-workers[106023]: DEBUG cotyledon.oslo_config_glue [-] OVS.igmp_flood_reports = True {{(pid=106023) log_opt_values /opt/stack/data/venv/lib/python3.12/site-packages/oslo_config/cfg.py:3006}}
Apr 15 08:48:02.637125 np0000166427 neutron-periodic-workers[106023]: DEBUG cotyledon.oslo_config_glue [-] OVS.igmp_flood_unregistered = False {{(pid=106023) log_opt_values /opt/stack/data/venv/lib/python3.12/site-packages/oslo_config/cfg.py:3006}}
Apr 15 08:48:02.637180 np0000166427 neutron-periodic-workers[106023]: DEBUG cotyledon.oslo_config_glue [-] OVS.igmp_snooping_enable = False {{(pid=106023) log_opt_values /opt/stack/data/venv/lib/python3.12/site-packages/oslo_config/cfg.py:3006}}
Apr 15 08:48:02.637235 np0000166427 neutron-periodic-workers[106023]: DEBUG cotyledon.oslo_config_glue [-] OVS.ovsdb_timeout = 10 {{(pid=106023) log_opt_values /opt/stack/data/venv/lib/python3.12/site-packages/oslo_config/cfg.py:3006}}
Apr 15 08:48:02.637301 np0000166427 neutron-periodic-workers[106023]: DEBUG cotyledon.oslo_config_glue [-] ovn_nb_global.fdb_removal_limit = 0 {{(pid=106023) log_opt_values /opt/stack/data/venv/lib/python3.12/site-packages/oslo_config/cfg.py:3006}}
Apr 15 08:48:02.637354 np0000166427 neutron-periodic-workers[106023]: DEBUG cotyledon.oslo_config_glue [-] ovn_nb_global.ignore_lsp_down = False {{(pid=106023) log_opt_values /opt/stack/data/venv/lib/python3.12/site-packages/oslo_config/cfg.py:3006}}
Apr 15 08:48:02.637420 np0000166427 neutron-periodic-workers[106023]: DEBUG cotyledon.oslo_config_glue [-] ovn_nb_global.mac_binding_removal_limit = 0 {{(pid=106023) log_opt_values /opt/stack/data/venv/lib/python3.12/site-packages/oslo_config/cfg.py:3006}}
Apr 15 08:48:02.637465 np0000166427 neutron-periodic-workers[106023]: DEBUG cotyledon.oslo_config_glue [-] ******************************************************************************** {{(pid=106023) log_opt_values /opt/stack/data/venv/lib/python3.12/site-packages/oslo_config/cfg.py:3013}}
Apr 15 08:48:02.637695 np0000166427 neutron-periodic-workers[106023]: DEBUG cotyledon._service_worker [-] Run service ServiceWrapper(0) [106023] {{(pid=106023) wait_forever /opt/stack/data/venv/lib/python3.12/site-packages/cotyledon/_service_worker.py:218}}
Apr 15 08:48:12.240000 np0000166427 neutron-periodic-workers[105271]: DEBUG dbcounter [-] [105271] Writing DB stats neutron:SELECT=4 {{(pid=105271) stat_writer /opt/stack/data/venv/lib/python3.12/site-packages/dbcounter.py:115}}
Apr 15 08:48:47.583526 np0000166427 neutron-periodic-workers[105992]: DEBUG oslo_db.sqlalchemy.engines [None req-e42fc9fd-e08e-41b2-a52b-29a073c5eae8 None None] Parent process 105271 forked (105992) with an open database connection, which is being discarded and recreated. {{(pid=105992) checkout /opt/stack/data/venv/lib/python3.12/site-packages/oslo_db/sqlalchemy/engines.py:402}}
Apr 15 08:48:47.592603 np0000166427 neutron-periodic-workers[105992]: DEBUG dbcounter [-] [105992] Writer thread running {{(pid=105992) stat_writer /opt/stack/data/venv/lib/python3.12/site-packages/dbcounter.py:102}}
Apr 15 08:48:47.603788 np0000166427 neutron-periodic-workers[105992]: DEBUG oslo.service.backend._threading.loopingcall [None req-e42fc9fd-e08e-41b2-a52b-29a073c5eae8 None None] Fixed interval looping call 'neutron.plugins.ml2.plugin.DhcpAgentSchedulerDbMixin.remove_networks_from_down_agents' sleeping for 36.97 seconds {{(pid=105992) _run_loop /opt/stack/data/venv/lib/python3.12/site-packages/oslo_service/backend/_threading/loopingcall.py:125}}
Apr 15 08:48:49.674553 np0000166427 neutron-periodic-workers[106023]: DEBUG dbcounter [-] [106023] Writer thread running {{(pid=106023) stat_writer /opt/stack/data/venv/lib/python3.12/site-packages/dbcounter.py:102}}
Apr 15 08:48:49.684336 np0000166427 neutron-periodic-workers[106023]: DEBUG oslo.service.backend._threading.loopingcall [None req-83197828-54a6-42fc-86ae-b74e4f90429e None None] Fixed interval looping call 'neutron.services.ovn_l3.plugin.L3_NAT_dbonly_mixin._clean_garbage' sleeping for 299.96 seconds {{(pid=106023) _run_loop /opt/stack/data/venv/lib/python3.12/site-packages/oslo_service/backend/_threading/loopingcall.py:125}}
Apr 15 08:48:57.602143 np0000166427 neutron-periodic-workers[105992]: DEBUG dbcounter [-] [105992] Writing DB stats neutron:SELECT=3 {{(pid=105992) stat_writer /opt/stack/data/venv/lib/python3.12/site-packages/dbcounter.py:115}}
Apr 15 08:48:59.676459 np0000166427 neutron-periodic-workers[106023]: DEBUG dbcounter [-] [106023] Writing DB stats neutron:SELECT=1 {{(pid=106023) stat_writer /opt/stack/data/venv/lib/python3.12/site-packages/dbcounter.py:115}}
Apr 15 08:49:05.640126 np0000166427 neutron-periodic-workers[106001]: DEBUG dbcounter [-] [106001] Writer thread running {{(pid=106001) stat_writer /opt/stack/data/venv/lib/python3.12/site-packages/dbcounter.py:102}}
Apr 15 08:49:05.644139 np0000166427 neutron-periodic-workers[106001]: DEBUG neutron.db.agents_db [None req-edf25a8d-5cde-44ae-916e-cc3bdb5fc648 None None] Agent healthcheck: found 0 active agents {{(pid=106001) agent_health_check /opt/stack/neutron/neutron/db/agents_db.py:317}}
Apr 15 08:49:05.644458 np0000166427 neutron-periodic-workers[106001]: DEBUG oslo.service.backend._threading.loopingcall [None req-edf25a8d-5cde-44ae-916e-cc3bdb5fc648 None None] Fixed interval looping call 'neutron.plugins.ml2.plugin.AgentDbMixin.agent_health_check' sleeping for 36.98 seconds {{(pid=106001) _run_loop /opt/stack/data/venv/lib/python3.12/site-packages/oslo_service/backend/_threading/loopingcall.py:125}}
Apr 15 08:49:15.641260 np0000166427 neutron-periodic-workers[106001]: DEBUG dbcounter [-] [106001] Writing DB stats neutron:SELECT=1 {{(pid=106001) stat_writer /opt/stack/data/venv/lib/python3.12/site-packages/dbcounter.py:115}}
Apr 15 08:49:24.584216 np0000166427 neutron-periodic-workers[105992]: DEBUG oslo.service.backend._threading.loopingcall [None req-e42fc9fd-e08e-41b2-a52b-29a073c5eae8 None None] Fixed interval looping call 'neutron.plugins.ml2.plugin.DhcpAgentSchedulerDbMixin.remove_networks_from_down_agents' sleeping for 36.99 seconds {{(pid=105992) _run_loop /opt/stack/data/venv/lib/python3.12/site-packages/oslo_service/backend/_threading/loopingcall.py:125}}
Apr 15 08:49:34.583254 np0000166427 neutron-periodic-workers[105992]: DEBUG dbcounter [-] [105992] Writing DB stats neutron:SELECT=3 {{(pid=105992) stat_writer /opt/stack/data/venv/lib/python3.12/site-packages/dbcounter.py:115}}
Apr 15 08:49:42.631779 np0000166427 neutron-periodic-workers[106001]: DEBUG neutron.db.agents_db [None req-edf25a8d-5cde-44ae-916e-cc3bdb5fc648 None None] Agent healthcheck: found 0 active agents {{(pid=106001) agent_health_check /opt/stack/neutron/neutron/db/agents_db.py:317}}
Apr 15 08:49:42.632632 np0000166427 neutron-periodic-workers[106001]: DEBUG oslo.service.backend._threading.loopingcall [None req-edf25a8d-5cde-44ae-916e-cc3bdb5fc648 None None] Fixed interval looping call 'neutron.plugins.ml2.plugin.AgentDbMixin.agent_health_check' sleeping for 36.99 seconds {{(pid=106001) _run_loop /opt/stack/data/venv/lib/python3.12/site-packages/oslo_service/backend/_threading/loopingcall.py:125}}
Apr 15 08:49:52.629764 np0000166427 neutron-periodic-workers[106001]: DEBUG dbcounter [-] [106001] Writing DB stats neutron:SELECT=1 {{(pid=106001) stat_writer /opt/stack/data/venv/lib/python3.12/site-packages/dbcounter.py:115}}
Apr 15 08:50:01.586606 np0000166427 neutron-periodic-workers[105992]: DEBUG oslo.service.backend._threading.loopingcall [None req-e42fc9fd-e08e-41b2-a52b-29a073c5eae8 None None] Fixed interval looping call 'neutron.plugins.ml2.plugin.DhcpAgentSchedulerDbMixin.remove_networks_from_down_agents' sleeping for 36.99 seconds {{(pid=105992) _run_loop /opt/stack/data/venv/lib/python3.12/site-packages/oslo_service/backend/_threading/loopingcall.py:125}}
Apr 15 08:50:02.638083 np0000166427 neutron-periodic-workers[106013]: DEBUG dbcounter [-] [106013] Writer thread running {{(pid=106013) stat_writer /opt/stack/data/venv/lib/python3.12/site-packages/dbcounter.py:102}}
Apr 15 08:50:02.640892 np0000166427 neutron-periodic-workers[106013]: DEBUG oslo.service.backend._threading.loopingcall [None req-b69fe606-1756-4e04-9076-57d58bf63089 None None] Fixed interval looping call 'neutron.db.quota.driver_nolock.DbQuotaNoLockDriver._remove_expired_reservations' sleeping for 119.98 seconds {{(pid=106013) _run_loop /opt/stack/data/venv/lib/python3.12/site-packages/oslo_service/backend/_threading/loopingcall.py:125}}
Apr 15 08:50:11.585792 np0000166427 neutron-periodic-workers[105992]: DEBUG dbcounter [-] [105992] Writing DB stats neutron:SELECT=3 {{(pid=105992) stat_writer /opt/stack/data/venv/lib/python3.12/site-packages/dbcounter.py:115}}
Apr 15 08:50:12.638760 np0000166427 neutron-periodic-workers[106013]: DEBUG dbcounter [-] [106013] Writing DB stats neutron:DELETE=1 {{(pid=106013) stat_writer /opt/stack/data/venv/lib/python3.12/site-packages/dbcounter.py:115}}
Apr 15 08:50:19.626409 np0000166427 neutron-periodic-workers[106001]: DEBUG neutron.db.agents_db [None req-edf25a8d-5cde-44ae-916e-cc3bdb5fc648 None None] Agent healthcheck: found 0 active agents {{(pid=106001) agent_health_check /opt/stack/neutron/neutron/db/agents_db.py:317}}
Apr 15 08:50:19.627103 np0000166427 neutron-periodic-workers[106001]: DEBUG oslo.service.backend._threading.loopingcall [None req-edf25a8d-5cde-44ae-916e-cc3bdb5fc648 None None] Fixed interval looping call 'neutron.plugins.ml2.plugin.AgentDbMixin.agent_health_check' sleeping for 37.00 seconds {{(pid=106001) _run_loop /opt/stack/data/venv/lib/python3.12/site-packages/oslo_service/backend/_threading/loopingcall.py:125}}
Apr 15 08:50:29.625205 np0000166427 neutron-periodic-workers[106001]: DEBUG dbcounter [-] [106001] Writing DB stats neutron:SELECT=1 {{(pid=106001) stat_writer /opt/stack/data/venv/lib/python3.12/site-packages/dbcounter.py:115}}
Apr 15 08:50:38.589243 np0000166427 neutron-periodic-workers[105992]: DEBUG oslo.service.backend._threading.loopingcall [None req-e42fc9fd-e08e-41b2-a52b-29a073c5eae8 None None] Fixed interval looping call 'neutron.plugins.ml2.plugin.DhcpAgentSchedulerDbMixin.remove_networks_from_down_agents' sleeping for 36.99 seconds {{(pid=105992) _run_loop /opt/stack/data/venv/lib/python3.12/site-packages/oslo_service/backend/_threading/loopingcall.py:125}}
Apr 15 08:50:48.588505 np0000166427 neutron-periodic-workers[105992]: DEBUG dbcounter [-] [105992] Writing DB stats neutron:SELECT=3 {{(pid=105992) stat_writer /opt/stack/data/venv/lib/python3.12/site-packages/dbcounter.py:115}}
Apr 15 08:50:56.633115 np0000166427 neutron-periodic-workers[106001]: DEBUG neutron.db.agents_db [None req-edf25a8d-5cde-44ae-916e-cc3bdb5fc648 None None] Agent healthcheck: found 0 active agents {{(pid=106001) agent_health_check /opt/stack/neutron/neutron/db/agents_db.py:317}}
Apr 15 08:50:56.633115 np0000166427 neutron-periodic-workers[106001]: DEBUG oslo.service.backend._threading.loopingcall [None req-edf25a8d-5cde-44ae-916e-cc3bdb5fc648 None None] Fixed interval looping call 'neutron.plugins.ml2.plugin.AgentDbMixin.agent_health_check' sleeping for 36.99 seconds {{(pid=106001) _run_loop /opt/stack/data/venv/lib/python3.12/site-packages/oslo_service/backend/_threading/loopingcall.py:125}}
Apr 15 08:51:06.631244 np0000166427 neutron-periodic-workers[106001]: DEBUG dbcounter [-] [106001] Writing DB stats neutron:SELECT=1 {{(pid=106001) stat_writer /opt/stack/data/venv/lib/python3.12/site-packages/dbcounter.py:115}}
Apr 15 08:51:15.590334 np0000166427 neutron-periodic-workers[105992]: DEBUG oslo.service.backend._threading.loopingcall [None req-e42fc9fd-e08e-41b2-a52b-29a073c5eae8 None None] Fixed interval looping call 'neutron.plugins.ml2.plugin.DhcpAgentSchedulerDbMixin.remove_networks_from_down_agents' sleeping for 36.99 seconds {{(pid=105992) _run_loop /opt/stack/data/venv/lib/python3.12/site-packages/oslo_service/backend/_threading/loopingcall.py:125}}
Apr 15 08:51:25.589340 np0000166427 neutron-periodic-workers[105992]: DEBUG dbcounter [-] [105992] Writing DB stats neutron:SELECT=3 {{(pid=105992) stat_writer /opt/stack/data/venv/lib/python3.12/site-packages/dbcounter.py:115}}
Apr 15 08:51:33.629610 np0000166427 neutron-periodic-workers[106001]: DEBUG neutron.db.agents_db [None req-edf25a8d-5cde-44ae-916e-cc3bdb5fc648 None None] Agent healthcheck: found 0 active agents {{(pid=106001) agent_health_check /opt/stack/neutron/neutron/db/agents_db.py:317}}
Apr 15 08:51:33.630497 np0000166427 neutron-periodic-workers[106001]: DEBUG oslo.service.backend._threading.loopingcall [None req-edf25a8d-5cde-44ae-916e-cc3bdb5fc648 None None] Fixed interval looping call 'neutron.plugins.ml2.plugin.AgentDbMixin.agent_health_check' sleeping for 36.99 seconds {{(pid=106001) _run_loop /opt/stack/data/venv/lib/python3.12/site-packages/oslo_service/backend/_threading/loopingcall.py:125}}
Apr 15 08:51:43.627628 np0000166427 neutron-periodic-workers[106001]: DEBUG dbcounter [-] [106001] Writing DB stats neutron:SELECT=1 {{(pid=106001) stat_writer /opt/stack/data/venv/lib/python3.12/site-packages/dbcounter.py:115}}
Apr 15 08:51:52.592041 np0000166427 neutron-periodic-workers[105992]: DEBUG oslo.service.backend._threading.loopingcall [None req-e42fc9fd-e08e-41b2-a52b-29a073c5eae8 None None] Fixed interval looping call 'neutron.plugins.ml2.plugin.DhcpAgentSchedulerDbMixin.remove_networks_from_down_agents' sleeping for 36.99 seconds {{(pid=105992) _run_loop /opt/stack/data/venv/lib/python3.12/site-packages/oslo_service/backend/_threading/loopingcall.py:125}}
Apr 15 08:52:02.590302 np0000166427 neutron-periodic-workers[105992]: DEBUG dbcounter [-] [105992] Writing DB stats neutron:SELECT=3 {{(pid=105992) stat_writer /opt/stack/data/venv/lib/python3.12/site-packages/dbcounter.py:115}}
Apr 15 08:52:02.627387 np0000166427 neutron-periodic-workers[106013]: DEBUG oslo.service.backend._threading.loopingcall [None req-b69fe606-1756-4e04-9076-57d58bf63089 None None] Fixed interval looping call 'neutron.db.quota.driver_nolock.DbQuotaNoLockDriver._remove_expired_reservations' sleeping for 119.99 seconds {{(pid=106013) _run_loop /opt/stack/data/venv/lib/python3.12/site-packages/oslo_service/backend/_threading/loopingcall.py:125}}
Apr 15 08:52:10.626435 np0000166427 neutron-periodic-workers[106001]: DEBUG neutron.db.agents_db [None req-edf25a8d-5cde-44ae-916e-cc3bdb5fc648 None None] Agent healthcheck: found 0 active agents {{(pid=106001) agent_health_check /opt/stack/neutron/neutron/db/agents_db.py:317}}
Apr 15 08:52:10.627390 np0000166427 neutron-periodic-workers[106001]: DEBUG oslo.service.backend._threading.loopingcall [None req-edf25a8d-5cde-44ae-916e-cc3bdb5fc648 None None] Fixed interval looping call 'neutron.plugins.ml2.plugin.AgentDbMixin.agent_health_check' sleeping for 36.99 seconds {{(pid=106001) _run_loop /opt/stack/data/venv/lib/python3.12/site-packages/oslo_service/backend/_threading/loopingcall.py:125}}
Apr 15 08:52:12.730838 np0000166427 neutron-periodic-workers[106013]: DEBUG dbcounter [-] [106013] Writing DB stats neutron:DELETE=1 {{(pid=106013) stat_writer /opt/stack/data/venv/lib/python3.12/site-packages/dbcounter.py:115}}
Apr 15 08:52:20.624299 np0000166427 neutron-periodic-workers[106001]: DEBUG dbcounter [-] [106001] Writing DB stats neutron:SELECT=1 {{(pid=106001) stat_writer /opt/stack/data/venv/lib/python3.12/site-packages/dbcounter.py:115}}
Apr 15 08:52:29.592568 np0000166427 neutron-periodic-workers[105992]: DEBUG oslo.service.backend._threading.loopingcall [None req-e42fc9fd-e08e-41b2-a52b-29a073c5eae8 None None] Fixed interval looping call 'neutron.plugins.ml2.plugin.DhcpAgentSchedulerDbMixin.remove_networks_from_down_agents' sleeping for 36.99 seconds {{(pid=105992) _run_loop /opt/stack/data/venv/lib/python3.12/site-packages/oslo_service/backend/_threading/loopingcall.py:125}}
Apr 15 08:52:39.591533 np0000166427 neutron-periodic-workers[105992]: DEBUG dbcounter [-] [105992] Writing DB stats neutron:SELECT=3 {{(pid=105992) stat_writer /opt/stack/data/venv/lib/python3.12/site-packages/dbcounter.py:115}}
Apr 15 08:52:47.623179 np0000166427 neutron-periodic-workers[106001]: DEBUG neutron.db.agents_db [None req-edf25a8d-5cde-44ae-916e-cc3bdb5fc648 None None] Agent healthcheck: found 0 active agents {{(pid=106001) agent_health_check /opt/stack/neutron/neutron/db/agents_db.py:317}}
Apr 15 08:52:47.624072 np0000166427 neutron-periodic-workers[106001]: DEBUG oslo.service.backend._threading.loopingcall [None req-edf25a8d-5cde-44ae-916e-cc3bdb5fc648 None None] Fixed interval looping call 'neutron.plugins.ml2.plugin.AgentDbMixin.agent_health_check' sleeping for 36.99 seconds {{(pid=106001) _run_loop /opt/stack/data/venv/lib/python3.12/site-packages/oslo_service/backend/_threading/loopingcall.py:125}}
Apr 15 08:52:57.621299 np0000166427 neutron-periodic-workers[106001]: DEBUG dbcounter [-] [106001] Writing DB stats neutron:SELECT=1 {{(pid=106001) stat_writer /opt/stack/data/venv/lib/python3.12/site-packages/dbcounter.py:115}}
Apr 15 08:53:06.594329 np0000166427 neutron-periodic-workers[105992]: DEBUG oslo.service.backend._threading.loopingcall [None req-e42fc9fd-e08e-41b2-a52b-29a073c5eae8 None None] Fixed interval looping call 'neutron.plugins.ml2.plugin.DhcpAgentSchedulerDbMixin.remove_networks_from_down_agents' sleeping for 36.99 seconds {{(pid=105992) _run_loop /opt/stack/data/venv/lib/python3.12/site-packages/oslo_service/backend/_threading/loopingcall.py:125}}
Apr 15 08:53:16.593064 np0000166427 neutron-periodic-workers[105992]: DEBUG dbcounter [-] [105992] Writing DB stats neutron:SELECT=3 {{(pid=105992) stat_writer /opt/stack/data/venv/lib/python3.12/site-packages/dbcounter.py:115}}
Apr 15 08:53:24.621222 np0000166427 neutron-periodic-workers[106001]: DEBUG neutron.db.agents_db [None req-edf25a8d-5cde-44ae-916e-cc3bdb5fc648 None None] Agent healthcheck: found 0 active agents {{(pid=106001) agent_health_check /opt/stack/neutron/neutron/db/agents_db.py:317}}
Apr 15 08:53:24.621978 np0000166427 neutron-periodic-workers[106001]: DEBUG oslo.service.backend._threading.loopingcall [None req-edf25a8d-5cde-44ae-916e-cc3bdb5fc648 None None] Fixed interval looping call 'neutron.plugins.ml2.plugin.AgentDbMixin.agent_health_check' sleeping for 36.99 seconds {{(pid=106001) _run_loop /opt/stack/data/venv/lib/python3.12/site-packages/oslo_service/backend/_threading/loopingcall.py:125}}
Apr 15 08:53:34.618784 np0000166427 neutron-periodic-workers[106001]: DEBUG dbcounter [-] [106001] Writing DB stats neutron:SELECT=1 {{(pid=106001) stat_writer /opt/stack/data/venv/lib/python3.12/site-packages/dbcounter.py:115}}
Apr 15 08:53:43.592651 np0000166427 neutron-periodic-workers[105992]: DEBUG oslo.service.backend._threading.loopingcall [None req-e42fc9fd-e08e-41b2-a52b-29a073c5eae8 None None] Fixed interval looping call 'neutron.plugins.ml2.plugin.DhcpAgentSchedulerDbMixin.remove_networks_from_down_agents' sleeping for 36.99 seconds {{(pid=105992) _run_loop /opt/stack/data/venv/lib/python3.12/site-packages/oslo_service/backend/_threading/loopingcall.py:125}}
Apr 15 08:53:49.656874 np0000166427 neutron-periodic-workers[106023]: DEBUG oslo.service.backend._threading.loopingcall [None req-83197828-54a6-42fc-86ae-b74e4f90429e None None] Fixed interval looping call 'neutron.services.ovn_l3.plugin.L3_NAT_dbonly_mixin._clean_garbage' sleeping for 299.99 seconds {{(pid=106023) _run_loop /opt/stack/data/venv/lib/python3.12/site-packages/oslo_service/backend/_threading/loopingcall.py:125}}
Apr 15 08:53:53.591698 np0000166427 neutron-periodic-workers[105992]: DEBUG dbcounter [-] [105992] Writing DB stats neutron:SELECT=3 {{(pid=105992) stat_writer /opt/stack/data/venv/lib/python3.12/site-packages/dbcounter.py:115}}
Apr 15 08:53:59.650122 np0000166427 neutron-periodic-workers[106023]: DEBUG dbcounter [-] [106023] Writing DB stats neutron:SELECT=1 {{(pid=106023) stat_writer /opt/stack/data/venv/lib/python3.12/site-packages/dbcounter.py:115}}
Apr 15 08:54:01.618456 np0000166427 neutron-periodic-workers[106001]: DEBUG neutron.db.agents_db [None req-edf25a8d-5cde-44ae-916e-cc3bdb5fc648 None None] Agent healthcheck: found 0 active agents {{(pid=106001) agent_health_check /opt/stack/neutron/neutron/db/agents_db.py:317}}
Apr 15 08:54:01.619073 np0000166427 neutron-periodic-workers[106001]: DEBUG oslo.service.backend._threading.loopingcall [None req-edf25a8d-5cde-44ae-916e-cc3bdb5fc648 None None] Fixed interval looping call 'neutron.plugins.ml2.plugin.AgentDbMixin.agent_health_check' sleeping for 36.99 seconds {{(pid=106001) _run_loop /opt/stack/data/venv/lib/python3.12/site-packages/oslo_service/backend/_threading/loopingcall.py:125}}
Apr 15 08:54:02.622821 np0000166427 neutron-periodic-workers[106013]: DEBUG oslo.service.backend._threading.loopingcall [None req-b69fe606-1756-4e04-9076-57d58bf63089 None None] Fixed interval looping call 'neutron.db.quota.driver_nolock.DbQuotaNoLockDriver._remove_expired_reservations' sleeping for 120.00 seconds {{(pid=106013) _run_loop /opt/stack/data/venv/lib/python3.12/site-packages/oslo_service/backend/_threading/loopingcall.py:125}}
Apr 15 08:54:11.615750 np0000166427 neutron-periodic-workers[106001]: DEBUG dbcounter [-] [106001] Writing DB stats neutron:SELECT=1 {{(pid=106001) stat_writer /opt/stack/data/venv/lib/python3.12/site-packages/dbcounter.py:115}}
Apr 15 08:54:12.622584 np0000166427 neutron-periodic-workers[106013]: DEBUG dbcounter [-] [106013] Writing DB stats neutron:DELETE=1 {{(pid=106013) stat_writer /opt/stack/data/venv/lib/python3.12/site-packages/dbcounter.py:115}}
Apr 15 08:54:20.592130 np0000166427 neutron-periodic-workers[105992]: DEBUG oslo.service.backend._threading.loopingcall [None req-e42fc9fd-e08e-41b2-a52b-29a073c5eae8 None None] Fixed interval looping call 'neutron.plugins.ml2.plugin.DhcpAgentSchedulerDbMixin.remove_networks_from_down_agents' sleeping for 36.99 seconds {{(pid=105992) _run_loop /opt/stack/data/venv/lib/python3.12/site-packages/oslo_service/backend/_threading/loopingcall.py:125}}
Apr 15 08:54:30.591218 np0000166427 neutron-periodic-workers[105992]: DEBUG dbcounter [-] [105992] Writing DB stats neutron:SELECT=3 {{(pid=105992) stat_writer /opt/stack/data/venv/lib/python3.12/site-packages/dbcounter.py:115}}
Apr 15 08:54:38.616452 np0000166427 neutron-periodic-workers[106001]: DEBUG neutron.db.agents_db [None req-edf25a8d-5cde-44ae-916e-cc3bdb5fc648 None None] Agent healthcheck: found 0 active agents {{(pid=106001) agent_health_check /opt/stack/neutron/neutron/db/agents_db.py:317}}
Apr 15 08:54:38.617469 np0000166427 neutron-periodic-workers[106001]: DEBUG oslo.service.backend._threading.loopingcall [None req-edf25a8d-5cde-44ae-916e-cc3bdb5fc648 None None] Fixed interval looping call 'neutron.plugins.ml2.plugin.AgentDbMixin.agent_health_check' sleeping for 36.99 seconds {{(pid=106001) _run_loop /opt/stack/data/venv/lib/python3.12/site-packages/oslo_service/backend/_threading/loopingcall.py:125}}
Apr 15 08:54:48.614455 np0000166427 neutron-periodic-workers[106001]: DEBUG dbcounter [-] [106001] Writing DB stats neutron:SELECT=1 {{(pid=106001) stat_writer /opt/stack/data/venv/lib/python3.12/site-packages/dbcounter.py:115}}
Apr 15 08:54:57.591830 np0000166427 neutron-periodic-workers[105992]: DEBUG oslo.service.backend._threading.loopingcall [None req-e42fc9fd-e08e-41b2-a52b-29a073c5eae8 None None] Fixed interval looping call 'neutron.plugins.ml2.plugin.DhcpAgentSchedulerDbMixin.remove_networks_from_down_agents' sleeping for 36.99 seconds {{(pid=105992) _run_loop /opt/stack/data/venv/lib/python3.12/site-packages/oslo_service/backend/_threading/loopingcall.py:125}}
Apr 15 08:55:07.590399 np0000166427 neutron-periodic-workers[105992]: DEBUG dbcounter [-] [105992] Writing DB stats neutron:SELECT=3 {{(pid=105992) stat_writer /opt/stack/data/venv/lib/python3.12/site-packages/dbcounter.py:115}}
Apr 15 08:55:15.612768 np0000166427 neutron-periodic-workers[106001]: DEBUG neutron.db.agents_db [None req-edf25a8d-5cde-44ae-916e-cc3bdb5fc648 None None] Agent healthcheck: found 0 active agents {{(pid=106001) agent_health_check /opt/stack/neutron/neutron/db/agents_db.py:317}}
Apr 15 08:55:15.613579 np0000166427 neutron-periodic-workers[106001]: DEBUG oslo.service.backend._threading.loopingcall [None req-edf25a8d-5cde-44ae-916e-cc3bdb5fc648 None None] Fixed interval looping call 'neutron.plugins.ml2.plugin.AgentDbMixin.agent_health_check' sleeping for 36.99 seconds {{(pid=106001) _run_loop /opt/stack/data/venv/lib/python3.12/site-packages/oslo_service/backend/_threading/loopingcall.py:125}}
Apr 15 08:55:25.610593 np0000166427 neutron-periodic-workers[106001]: DEBUG dbcounter [-] [106001] Writing DB stats neutron:SELECT=1 {{(pid=106001) stat_writer /opt/stack/data/venv/lib/python3.12/site-packages/dbcounter.py:115}}
Apr 15 08:55:34.591752 np0000166427 neutron-periodic-workers[105992]: DEBUG oslo.service.backend._threading.loopingcall [None req-e42fc9fd-e08e-41b2-a52b-29a073c5eae8 None None] Fixed interval looping call 'neutron.plugins.ml2.plugin.DhcpAgentSchedulerDbMixin.remove_networks_from_down_agents' sleeping for 36.99 seconds {{(pid=105992) _run_loop /opt/stack/data/venv/lib/python3.12/site-packages/oslo_service/backend/_threading/loopingcall.py:125}}
Apr 15 08:55:44.590498 np0000166427 neutron-periodic-workers[105992]: DEBUG dbcounter [-] [105992] Writing DB stats neutron:SELECT=3 {{(pid=105992) stat_writer /opt/stack/data/venv/lib/python3.12/site-packages/dbcounter.py:115}}
Apr 15 08:55:52.608069 np0000166427 neutron-periodic-workers[106001]: DEBUG neutron.db.agents_db [None req-edf25a8d-5cde-44ae-916e-cc3bdb5fc648 None None] Agent healthcheck: found 0 active agents {{(pid=106001) agent_health_check /opt/stack/neutron/neutron/db/agents_db.py:317}}
Apr 15 08:55:52.608918 np0000166427 neutron-periodic-workers[106001]: DEBUG oslo.service.backend._threading.loopingcall [None req-edf25a8d-5cde-44ae-916e-cc3bdb5fc648 None None] Fixed interval looping call 'neutron.plugins.ml2.plugin.AgentDbMixin.agent_health_check' sleeping for 37.00 seconds {{(pid=106001) _run_loop /opt/stack/data/venv/lib/python3.12/site-packages/oslo_service/backend/_threading/loopingcall.py:125}}
Apr 15 08:56:02.607683 np0000166427 neutron-periodic-workers[106001]: DEBUG dbcounter [-] [106001] Writing DB stats neutron:SELECT=1 {{(pid=106001) stat_writer /opt/stack/data/venv/lib/python3.12/site-packages/dbcounter.py:115}}
Apr 15 08:56:02.627983 np0000166427 neutron-periodic-workers[106013]: DEBUG oslo.service.backend._threading.loopingcall [None req-b69fe606-1756-4e04-9076-57d58bf63089 None None] Fixed interval looping call 'neutron.db.quota.driver_nolock.DbQuotaNoLockDriver._remove_expired_reservations' sleeping for 120.00 seconds {{(pid=106013) _run_loop /opt/stack/data/venv/lib/python3.12/site-packages/oslo_service/backend/_threading/loopingcall.py:125}}
Apr 15 08:56:11.593877 np0000166427 neutron-periodic-workers[105992]: DEBUG oslo.service.backend._threading.loopingcall [None req-e42fc9fd-e08e-41b2-a52b-29a073c5eae8 None None] Fixed interval looping call 'neutron.plugins.ml2.plugin.DhcpAgentSchedulerDbMixin.remove_networks_from_down_agents' sleeping for 36.99 seconds {{(pid=105992) _run_loop /opt/stack/data/venv/lib/python3.12/site-packages/oslo_service/backend/_threading/loopingcall.py:125}}
Apr 15 08:56:12.627407 np0000166427 neutron-periodic-workers[106013]: DEBUG dbcounter [-] [106013] Writing DB stats neutron:DELETE=1 {{(pid=106013) stat_writer /opt/stack/data/venv/lib/python3.12/site-packages/dbcounter.py:115}}
Apr 15 08:56:21.592169 np0000166427 neutron-periodic-workers[105992]: DEBUG dbcounter [-] [105992] Writing DB stats neutron:SELECT=3 {{(pid=105992) stat_writer /opt/stack/data/venv/lib/python3.12/site-packages/dbcounter.py:115}}
Apr 15 08:56:29.614936 np0000166427 neutron-periodic-workers[106001]: DEBUG neutron.db.agents_db [None req-edf25a8d-5cde-44ae-916e-cc3bdb5fc648 None None] Agent healthcheck: found 0 active agents {{(pid=106001) agent_health_check /opt/stack/neutron/neutron/db/agents_db.py:317}}
Apr 15 08:56:29.615782 np0000166427 neutron-periodic-workers[106001]: DEBUG oslo.service.backend._threading.loopingcall [None req-edf25a8d-5cde-44ae-916e-cc3bdb5fc648 None None] Fixed interval looping call 'neutron.plugins.ml2.plugin.AgentDbMixin.agent_health_check' sleeping for 36.99 seconds {{(pid=106001) _run_loop /opt/stack/data/venv/lib/python3.12/site-packages/oslo_service/backend/_threading/loopingcall.py:125}}
Apr 15 08:56:39.612712 np0000166427 neutron-periodic-workers[106001]: DEBUG dbcounter [-] [106001] Writing DB stats neutron:SELECT=1 {{(pid=106001) stat_writer /opt/stack/data/venv/lib/python3.12/site-packages/dbcounter.py:115}}
Apr 15 08:56:48.593759 np0000166427 neutron-periodic-workers[105992]: DEBUG oslo.service.backend._threading.loopingcall [None req-e42fc9fd-e08e-41b2-a52b-29a073c5eae8 None None] Fixed interval looping call 'neutron.plugins.ml2.plugin.DhcpAgentSchedulerDbMixin.remove_networks_from_down_agents' sleeping for 36.99 seconds {{(pid=105992) _run_loop /opt/stack/data/venv/lib/python3.12/site-packages/oslo_service/backend/_threading/loopingcall.py:125}}
Apr 15 08:56:58.592334 np0000166427 neutron-periodic-workers[105992]: DEBUG dbcounter [-] [105992] Writing DB stats neutron:SELECT=3 {{(pid=105992) stat_writer /opt/stack/data/venv/lib/python3.12/site-packages/dbcounter.py:115}}
Apr 15 08:57:06.613963 np0000166427 neutron-periodic-workers[106001]: DEBUG neutron.db.agents_db [None req-edf25a8d-5cde-44ae-916e-cc3bdb5fc648 None None] Agent healthcheck: found 0 active agents {{(pid=106001) agent_health_check /opt/stack/neutron/neutron/db/agents_db.py:317}}
Apr 15 08:57:06.613963 np0000166427 neutron-periodic-workers[106001]: DEBUG oslo.service.backend._threading.loopingcall [None req-edf25a8d-5cde-44ae-916e-cc3bdb5fc648 None None] Fixed interval looping call 'neutron.plugins.ml2.plugin.AgentDbMixin.agent_health_check' sleeping for 36.99 seconds {{(pid=106001) _run_loop /opt/stack/data/venv/lib/python3.12/site-packages/oslo_service/backend/_threading/loopingcall.py:125}}
Apr 15 08:57:16.609589 np0000166427 neutron-periodic-workers[106001]: DEBUG dbcounter [-] [106001] Writing DB stats neutron:SELECT=1 {{(pid=106001) stat_writer /opt/stack/data/venv/lib/python3.12/site-packages/dbcounter.py:115}}
Apr 15 08:57:25.596331 np0000166427 neutron-periodic-workers[105992]: DEBUG oslo.service.backend._threading.loopingcall [None req-e42fc9fd-e08e-41b2-a52b-29a073c5eae8 None None] Fixed interval looping call 'neutron.plugins.ml2.plugin.DhcpAgentSchedulerDbMixin.remove_networks_from_down_agents' sleeping for 36.99 seconds {{(pid=105992) _run_loop /opt/stack/data/venv/lib/python3.12/site-packages/oslo_service/backend/_threading/loopingcall.py:125}}
Apr 15 08:57:35.594698 np0000166427 neutron-periodic-workers[105992]: DEBUG dbcounter [-] [105992] Writing DB stats neutron:SELECT=3 {{(pid=105992) stat_writer /opt/stack/data/venv/lib/python3.12/site-packages/dbcounter.py:115}}
Apr 15 08:57:43.609875 np0000166427 neutron-periodic-workers[106001]: DEBUG neutron.db.agents_db [None req-edf25a8d-5cde-44ae-916e-cc3bdb5fc648 None None] Agent healthcheck: found 0 active agents {{(pid=106001) agent_health_check /opt/stack/neutron/neutron/db/agents_db.py:317}}
Apr 15 08:57:43.610696 np0000166427 neutron-periodic-workers[106001]: DEBUG oslo.service.backend._threading.loopingcall [None req-edf25a8d-5cde-44ae-916e-cc3bdb5fc648 None None] Fixed interval looping call 'neutron.plugins.ml2.plugin.AgentDbMixin.agent_health_check' sleeping for 36.99 seconds {{(pid=106001) _run_loop /opt/stack/data/venv/lib/python3.12/site-packages/oslo_service/backend/_threading/loopingcall.py:125}}
Apr 15 08:57:53.608328 np0000166427 neutron-periodic-workers[106001]: DEBUG dbcounter [-] [106001] Writing DB stats neutron:SELECT=1 {{(pid=106001) stat_writer /opt/stack/data/venv/lib/python3.12/site-packages/dbcounter.py:115}}
