Jun 08 19:24:25.898437 np0000179051 devstack@neutron-api.service[103655]: DEBUG neutron_lib.callbacks.manager [None req-47f94132-3e72-49b0-930a-b316e301fcad admin admin] Publish callbacks [] for subnetpool (None), before_response {{(pid=103655) _notify_loop /opt/stack/data/venv/lib/python3.12/site-packages/neutron_lib/callbacks/manager.py:184}}
Jun 08 19:24:25.899403 np0000179051 devstack@neutron-api.service[103655]: [pid: 103655|app: 0|req: 1/3] 199.204.45.169 () {68 vars in 1367 bytes} [Mon Jun 8 19:24:25 2026] POST /networking/v2.0/subnetpools => generated 533 bytes in 559 msecs (HTTP/1.1 201) 4 headers in 162 bytes (1 switches on core 0)
Jun 08 19:24:26.418831 np0000179051 devstack@neutron-api.service[103656]: DEBUG neutron.api.v2.base [None req-3549df91-b083-406d-875e-77ee3662dbeb admin admin] Request body: {'subnetpool': {'is_default': True, 'default_prefixlen': 64, 'prefixes': ['fd92:81fc:aad3::/56'], 'shared': True, 'name': 'shared-default-subnetpool-v6'}} {{(pid=103656) prepare_request_body /opt/stack/neutron/neutron/api/v2/base.py:727}}
Jun 08 19:24:26.590788 np0000179051 devstack@neutron-api.service[103656]: DEBUG neutron.policy [None req-3549df91-b083-406d-875e-77ee3662dbeb admin admin] Loaded default policies from ['neutron'] under neutron.policies entry points {{(pid=103656) register_rules /opt/stack/neutron/neutron/policy.py:65}}
Jun 08 19:24:26.732375 np0000179051 devstack@neutron-api.service[103656]: DEBUG neutron_lib.callbacks.manager [None req-3549df91-b083-406d-875e-77ee3662dbeb admin admin] Publish callbacks ['neutron.objects.securitygroup.RbacNeutronDbObjectMixin.validate_rbac_policy_change-2342574604469', 'neutron.objects.address_group.RbacNeutronDbObjectMixin.validate_rbac_policy_change-2342574385594', 'neutron.objects.network.RbacNeutronDbObjectMixin.validate_rbac_policy_change-2342574445969', 'neutron.objects.qos.policy.RbacNeutronDbObjectMixin.validate_rbac_policy_change-2342574487483', 'neutron.objects.subnetpool.RbacNeutronDbObjectMixin.validate_rbac_policy_change-2342574477954', 'neutron.objects.address_scope.RbacNeutronDbObjectMixin.validate_rbac_policy_change-2342574441929', 'neutron.plugins.ml2.plugin.External_net_db_mixin._process_ext_policy_create-4141453', 'neutron.plugins.ml2.plugin.NeutronDbPluginV2.validate_network_rbac_policy_change-3268001'] for rbac-policy (None), before_create {{(pid=103656) _notify_loop /opt/stack/data/venv/lib/python3.12/site-packages/neutron_lib/callbacks/manager.py:184}}
Jun 08 19:24:26.787122 np0000179051 devstack@neutron-api.service[103656]: DEBUG neutron_lib.callbacks.manager [None req-3549df91-b083-406d-875e-77ee3662dbeb admin admin] Publish callbacks [] for subnetpool (None), before_response {{(pid=103656) _notify_loop /opt/stack/data/venv/lib/python3.12/site-packages/neutron_lib/callbacks/manager.py:184}}
Jun 08 19:24:26.787386 np0000179051 devstack@neutron-api.service[103656]: [pid: 103656|app: 0|req: 2/4] 199.204.45.169 () {68 vars in 1367 bytes} [Mon Jun 8 19:24:26 2026] POST /networking/v2.0/subnetpools => generated 543 bytes in 631 msecs (HTTP/1.1 201) 4 headers in 162 bytes (1 switches on core 0)
Jun 08 19:24:27.202217 np0000179051 devstack@neutron-api.service[103657]: DEBUG neutron.api.v2.base [None req-e6632a86-1b5e-4425-a665-c097512604a5 admin admin] Request body: {'network': {'name': 'private', 'admin_state_up': True}} {{(pid=103657) prepare_request_body /opt/stack/neutron/neutron/api/v2/base.py:727}}
Jun 08 19:24:27.237494 np0000179051 devstack@neutron-api.service[103657]: DEBUG neutron.pecan_wsgi.hooks.quota_enforcement [None req-e6632a86-1b5e-4425-a665-c097512604a5 admin admin] Made reservation on behalf of 8f54949afd6242fcbc83afeec15192d1 for: {'network': 1} {{(pid=103657) before /opt/stack/neutron/neutron/pecan_wsgi/hooks/quota_enforcement.py:66}}
Jun 08 19:24:27.403731 np0000179051 devstack@neutron-api.service[103657]: DEBUG neutron.policy [None req-e6632a86-1b5e-4425-a665-c097512604a5 admin admin] Loaded default policies from ['neutron'] under neutron.policies entry points {{(pid=103657) register_rules /opt/stack/neutron/neutron/policy.py:65}}
Jun 08 19:24:27.499514 np0000179051 devstack@neutron-api.service[103657]: DEBUG neutron_lib.callbacks.manager [None req-e6632a86-1b5e-4425-a665-c097512604a5 admin admin] Publish callbacks ['neutron.plugins.ml2.plugin.SecurityGroupDbMixin._ensure_default_security_group_handler-1002332'] for network (None), before_create {{(pid=103657) _notify_loop /opt/stack/data/venv/lib/python3.12/site-packages/neutron_lib/callbacks/manager.py:184}}
Jun 08 19:24:27.520134 np0000179051 devstack@neutron-api.service[103657]: DEBUG neutron_lib.callbacks.manager [None req-e6632a86-1b5e-4425-a665-c097512604a5 admin admin] Publish callbacks [] for security_group (None), before_create {{(pid=103657) _notify_loop /opt/stack/data/venv/lib/python3.12/site-packages/neutron_lib/callbacks/manager.py:184}}
Jun 08 19:24:27.607503 np0000179051 devstack@neutron-api.service[103657]: DEBUG neutron_lib.callbacks.manager [None req-e6632a86-1b5e-4425-a665-c097512604a5 admin admin] Publish callbacks ['neutron.plugins.ml2.drivers.ovn.mech_driver.mech_driver.OVNMechanismDriver._create_security_group_precommit-342881'] for security_group (d69176e4-d0e1-40b0-9a6e-4bcd731e6307), precommit_create {{(pid=103657) _notify_loop /opt/stack/data/venv/lib/python3.12/site-packages/neutron_lib/callbacks/manager.py:184}}
Jun 08 19:24:27.607770 np0000179051 devstack@neutron-api.service[103657]: DEBUG neutron.db.ovn_revision_numbers_db [None req-e6632a86-1b5e-4425-a665-c097512604a5 admin admin] create_initial_revision uuid=d69176e4-d0e1-40b0-9a6e-4bcd731e6307, type=security_groups, rev=-1 {{(pid=103657) create_initial_revision /opt/stack/neutron/neutron/db/ovn_revision_numbers_db.py:98}}
Jun 08 19:24:27.609874 np0000179051 devstack@neutron-api.service[103657]: DEBUG neutron.db.ovn_revision_numbers_db [None req-e6632a86-1b5e-4425-a665-c097512604a5 admin admin] create_initial_revision uuid=37f896ec-418f-4570-b88c-601be043d2d3, type=security_group_rules, rev=-1 {{(pid=103657) create_initial_revision /opt/stack/neutron/neutron/db/ovn_revision_numbers_db.py:98}}
Jun 08 19:24:27.610841 np0000179051 devstack@neutron-api.service[103657]: DEBUG neutron.db.ovn_revision_numbers_db [None req-e6632a86-1b5e-4425-a665-c097512604a5 admin admin] create_initial_revision uuid=56f7d2e3-90b5-4f23-85ed-ff3a3cfc3c1f, type=security_group_rules, rev=-1 {{(pid=103657) create_initial_revision /opt/stack/neutron/neutron/db/ovn_revision_numbers_db.py:98}}
Jun 08 19:24:27.611883 np0000179051 devstack@neutron-api.service[103657]: DEBUG neutron.db.ovn_revision_numbers_db [None req-e6632a86-1b5e-4425-a665-c097512604a5 admin admin] create_initial_revision uuid=b5fc3781-a941-42c0-8ca1-08aa78470982, type=security_group_rules, rev=-1 {{(pid=103657) create_initial_revision /opt/stack/neutron/neutron/db/ovn_revision_numbers_db.py:98}}
Jun 08 19:24:27.612865 np0000179051 devstack@neutron-api.service[103657]: DEBUG neutron.db.ovn_revision_numbers_db [None req-e6632a86-1b5e-4425-a665-c097512604a5 admin admin] create_initial_revision uuid=be0e9384-7a3f-4d9a-ac6d-94775b173f91, type=security_group_rules, rev=-1 {{(pid=103657) create_initial_revision /opt/stack/neutron/neutron/db/ovn_revision_numbers_db.py:98}}
Jun 08 19:24:27.617740 np0000179051 devstack@neutron-api.service[103657]: DEBUG neutron_lib.callbacks.manager [None req-e6632a86-1b5e-4425-a665-c097512604a5 admin admin] Publish callbacks ['neutron.plugins.ml2.drivers.ovn.mech_driver.mech_driver.OVNMechanismDriver._create_security_group-342891', 'neutron.plugins.ml2.ovo_rpc._ObjectChangeHandler.handle_event-6416112'] for security_group (d69176e4-d0e1-40b0-9a6e-4bcd731e6307), after_create {{(pid=103657) _notify_loop /opt/stack/data/venv/lib/python3.12/site-packages/neutron_lib/callbacks/manager.py:184}}
Jun 08 19:24:27.617963 np0000179051 devstack@neutron-api.service[103657]: INFO neutron.plugins.ml2.drivers.ovn.mech_driver.ovsdb.extensions.qos [None req-e6632a86-1b5e-4425-a665-c097512604a5 admin admin] Starting OVNClientQosExtension
Jun 08 19:24:27.618099 np0000179051 devstack@neutron-api.service[103657]: INFO neutron.plugins.ml2.drivers.ovn.mech_driver.ovsdb.extensions.placement [None req-e6632a86-1b5e-4425-a665-c097512604a5 admin admin] Starting OVNClientPlacementExtension
Jun 08 19:24:27.619992 np0000179051 devstack@neutron-api.service[103657]: DEBUG ovsdbapp.backend.ovs_idl.transaction [-] Running txn n=1 command(idx=0): PgAddCommand(_result=None, name=pg_d69176e4_d0e1_40b0_9a6e_4bcd731e6307, may_exist=False, columns={'acls': [], 'external_ids': {'neutron:security_group_id': 'd69176e4-d0e1-40b0-9a6e-4bcd731e6307'}}) {{(pid=103657) do_commit /opt/stack/data/venv/lib/python3.12/site-packages/ovsdbapp/backend/ovs_idl/transaction.py:89}}
Jun 08 19:24:27.622755 np0000179051 devstack@neutron-api.service[103657]: DEBUG ovsdbapp.backend.ovs_idl.transaction [-] Running txn n=1 command(idx=1): PgAclAddCommand(_result=None, entity=pg_d69176e4_d0e1_40b0_9a6e_4bcd731e6307, direction=from-lport, priority=1002, match=inport == @pg_d69176e4_d0e1_40b0_9a6e_4bcd731e6307 && ip6, action=allow-related, log=False, may_exist=True, severity=[], name=[], meter=[], external_ids={'neutron:security_group_rule_id': '37f896ec-418f-4570-b88c-601be043d2d3'}) {{(pid=103657) do_commit /opt/stack/data/venv/lib/python3.12/site-packages/ovsdbapp/backend/ovs_idl/transaction.py:89}}
Jun 08 19:24:27.623495 np0000179051 devstack@neutron-api.service[103657]: DEBUG ovsdbapp.backend.ovs_idl.transaction [-] Running txn n=1 command(idx=2): PgAclAddCommand(_result=None, entity=pg_d69176e4_d0e1_40b0_9a6e_4bcd731e6307, direction=from-lport, priority=1002, match=inport == @pg_d69176e4_d0e1_40b0_9a6e_4bcd731e6307 && ip4, action=allow-related, log=False, may_exist=True, severity=[], name=[], meter=[], external_ids={'neutron:security_group_rule_id': '56f7d2e3-90b5-4f23-85ed-ff3a3cfc3c1f'}) {{(pid=103657) do_commit /opt/stack/data/venv/lib/python3.12/site-packages/ovsdbapp/backend/ovs_idl/transaction.py:89}}
Jun 08 19:24:27.624091 np0000179051 devstack@neutron-api.service[103657]: DEBUG ovsdbapp.backend.ovs_idl.transaction [-] Running txn n=1 command(idx=3): PgAclAddCommand(_result=None, entity=pg_d69176e4_d0e1_40b0_9a6e_4bcd731e6307, direction=to-lport, priority=1002, match=outport == @pg_d69176e4_d0e1_40b0_9a6e_4bcd731e6307 && ip4 && ip4.src == $pg_d69176e4_d0e1_40b0_9a6e_4bcd731e6307_ip4, action=allow-related, log=False, may_exist=True, severity=[], name=[], meter=[], external_ids={'neutron:security_group_rule_id': 'b5fc3781-a941-42c0-8ca1-08aa78470982'}) {{(pid=103657) do_commit /opt/stack/data/venv/lib/python3.12/site-packages/ovsdbapp/backend/ovs_idl/transaction.py:89}}
Jun 08 19:24:27.624605 np0000179051 devstack@neutron-api.service[103657]: DEBUG ovsdbapp.backend.ovs_idl.transaction [-] Running txn n=1 command(idx=4): PgAclAddCommand(_result=None, entity=pg_d69176e4_d0e1_40b0_9a6e_4bcd731e6307, direction=to-lport, priority=1002, match=outport == @pg_d69176e4_d0e1_40b0_9a6e_4bcd731e6307 && ip6 && ip6.src == $pg_d69176e4_d0e1_40b0_9a6e_4bcd731e6307_ip6, action=allow-related, log=False, may_exist=True, severity=[], name=[], meter=[], external_ids={'neutron:security_group_rule_id': 'be0e9384-7a3f-4d9a-ac6d-94775b173f91'}) {{(pid=103657) do_commit /opt/stack/data/venv/lib/python3.12/site-packages/ovsdbapp/backend/ovs_idl/transaction.py:89}}
Jun 08 19:24:27.630940 np0000179051 devstack@neutron-api.service[103657]: DEBUG neutron.plugins.ml2.drivers.ovn.mech_driver.ovsdb.ovsdb_monitor [-] Hash Ring: Node 3861fdea9b8f523a8bcad0e23d7c7233 (host: np0000179051) handling event "create" for row 5b263024-a3bc-45c1-ab1d-530079bee346 (table: Port_Group) {{(pid=103657) notify /opt/stack/neutron/neutron/plugins/ml2/drivers/ovn/mech_driver/ovsdb/ovsdb_monitor.py:1015}}
Jun 08 19:24:27.633996 np0000179051 devstack@neutron-api.service[103658]: DEBUG neutron.plugins.ml2.drivers.ovn.mech_driver.ovsdb.ovsdb_monitor [-] Hash Ring: Node 3c54b34305b358b5aff9caecb7d2bb8e (host: np0000179051) handling event "create" for row 8fabaaea-6802-4626-997d-42c94799760e (table: ACL) {{(pid=103658) notify /opt/stack/neutron/neutron/plugins/ml2/drivers/ovn/mech_driver/ovsdb/ovsdb_monitor.py:1015}}
Jun 08 19:24:27.634331 np0000179051 devstack@neutron-api.service[103656]: DEBUG neutron.plugins.ml2.drivers.ovn.mech_driver.ovsdb.ovsdb_monitor [-] Hash Ring: Node d9fe8b43c35856f88c5bb9e5d6510d98 (host: np0000179051) handling event "create" for row 8fabaaea-6802-4626-997d-42c94799760e (table: ACL) {{(pid=103656) notify /opt/stack/neutron/neutron/plugins/ml2/drivers/ovn/mech_driver/ovsdb/ovsdb_monitor.py:1015}}
Jun 08 19:24:27.634331 np0000179051 devstack@neutron-api.service[103656]: DEBUG neutron.plugins.ml2.drivers.ovn.mech_driver.ovsdb.ovsdb_monitor [-] Hash Ring: Node d9fe8b43c35856f88c5bb9e5d6510d98 (host: np0000179051) handling event "create" for row 93f074a8-d310-4132-8058-af78352aaaa0 (table: ACL) {{(pid=103656) notify /opt/stack/neutron/neutron/plugins/ml2/drivers/ovn/mech_driver/ovsdb/ovsdb_monitor.py:1015}}
Jun 08 19:24:27.634620 np0000179051 devstack@neutron-api.service[103655]: DEBUG neutron.plugins.ml2.drivers.ovn.mech_driver.ovsdb.ovsdb_monitor [-] Hash Ring: Node 04dd89f859c85272b58eed22bc7113dc (host: np0000179051) handling event "create" for row 93f074a8-d310-4132-8058-af78352aaaa0 (table: ACL) {{(pid=103655) notify /opt/stack/neutron/neutron/plugins/ml2/drivers/ovn/mech_driver/ovsdb/ovsdb_monitor.py:1015}}
Jun 08 19:24:27.634886 np0000179051 devstack@neutron-api.service[103656]: DEBUG neutron.plugins.ml2.drivers.ovn.mech_driver.ovsdb.ovsdb_monitor [-] Hash Ring: Node d9fe8b43c35856f88c5bb9e5d6510d98 (host: np0000179051) handling event "create" for row aa215a02-6d5b-46e2-acc6-a2d65cbe1e48 (table: ACL) {{(pid=103656) notify /opt/stack/neutron/neutron/plugins/ml2/drivers/ovn/mech_driver/ovsdb/ovsdb_monitor.py:1015}}
Jun 08 19:24:27.634939 np0000179051 devstack@neutron-api.service[103658]: DEBUG neutron.plugins.ml2.drivers.ovn.mech_driver.ovsdb.ovsdb_monitor [-] Hash Ring: Node 3c54b34305b358b5aff9caecb7d2bb8e (host: np0000179051) handling event "create" for row baa81155-264b-42b7-8408-fc75ef05b769 (table: ACL) {{(pid=103658) notify /opt/stack/neutron/neutron/plugins/ml2/drivers/ovn/mech_driver/ovsdb/ovsdb_monitor.py:1015}}
Jun 08 19:24:27.634997 np0000179051 devstack@neutron-api.service[103656]: DEBUG neutron.plugins.ml2.drivers.ovn.mech_driver.ovsdb.ovsdb_monitor [-] Hash Ring: Node d9fe8b43c35856f88c5bb9e5d6510d98 (host: np0000179051) handling event "create" for row baa81155-264b-42b7-8408-fc75ef05b769 (table: ACL) {{(pid=103656) notify /opt/stack/neutron/neutron/plugins/ml2/drivers/ovn/mech_driver/ovsdb/ovsdb_monitor.py:1015}}
Jun 08 19:24:27.634997 np0000179051 devstack@neutron-api.service[103656]: DEBUG neutron.plugins.ml2.drivers.ovn.mech_driver.ovsdb.ovsdb_monitor [-] Hash Ring: Node d9fe8b43c35856f88c5bb9e5d6510d98 (host: np0000179051) handling event "create" for row 5b263024-a3bc-45c1-ab1d-530079bee346 (table: Port_Group) {{(pid=103656) notify /opt/stack/neutron/neutron/plugins/ml2/drivers/ovn/mech_driver/ovsdb/ovsdb_monitor.py:1015}}
Jun 08 19:24:27.662539 np0000179051 devstack@neutron-api.service[103657]: INFO neutron.db.ovn_revision_numbers_db [None req-e6632a86-1b5e-4425-a665-c097512604a5 admin admin] Successfully bumped revision number for resource d69176e4-d0e1-40b0-9a6e-4bcd731e6307 (type: security_groups) to 1
Jun 08 19:24:27.680758 np0000179051 devstack@neutron-api.service[103657]: INFO neutron.db.ovn_revision_numbers_db [None req-e6632a86-1b5e-4425-a665-c097512604a5 admin admin] Successfully bumped revision number for resource 37f896ec-418f-4570-b88c-601be043d2d3 (type: security_group_rules) to 0
Jun 08 19:24:27.692632 np0000179051 devstack@neutron-api.service[103657]: INFO neutron.db.ovn_revision_numbers_db [None req-e6632a86-1b5e-4425-a665-c097512604a5 admin admin] Successfully bumped revision number for resource 56f7d2e3-90b5-4f23-85ed-ff3a3cfc3c1f (type: security_group_rules) to 0
Jun 08 19:24:27.704424 np0000179051 devstack@neutron-api.service[103657]: INFO neutron.db.ovn_revision_numbers_db [None req-e6632a86-1b5e-4425-a665-c097512604a5 admin admin] Successfully bumped revision number for resource b5fc3781-a941-42c0-8ca1-08aa78470982 (type: security_group_rules) to 0
Jun 08 19:24:27.716476 np0000179051 devstack@neutron-api.service[103657]: INFO neutron.db.ovn_revision_numbers_db [None req-e6632a86-1b5e-4425-a665-c097512604a5 admin admin] Successfully bumped revision number for resource be0e9384-7a3f-4d9a-ac6d-94775b173f91 (type: security_group_rules) to 0
Jun 08 19:24:27.738385 np0000179051 devstack@neutron-api.service[103657]: DEBUG neutron.api.rpc.handlers.resources_rpc [None req-e6632a86-1b5e-4425-a665-c097512604a5 admin admin] Pushing event updated for resources: {'SecurityGroup': ['ID=d69176e4-d0e1-40b0-9a6e-4bcd731e6307,revision_number=1']} {{(pid=103657) push /opt/stack/neutron/neutron/api/rpc/handlers/resources_rpc.py:237}}
Jun 08 19:24:27.747006 np0000179051 devstack@neutron-api.service[103657]: DEBUG ovsdbapp.backend.ovs_idl.transaction [-] Running txn n=1 command(idx=0): CheckLivenessCommand(_result=None) {{(pid=103657) do_commit /opt/stack/data/venv/lib/python3.12/site-packages/ovsdbapp/backend/ovs_idl/transaction.py:89}}
Jun 08 19:24:27.752653 np0000179051 devstack@neutron-api.service[103656]: DEBUG neutron.plugins.ml2.drivers.ovn.mech_driver.ovsdb.ovsdb_monitor [-] Hash Ring: Node d9fe8b43c35856f88c5bb9e5d6510d98 (host: np0000179051) handling event "update" for row 61c1ee0e-ff96-48b7-8018-d6a432115971 (table: NB_Global) {{(pid=103656) notify /opt/stack/neutron/neutron/plugins/ml2/drivers/ovn/mech_driver/ovsdb/ovsdb_monitor.py:1015}}
Jun 08 19:24:27.752895 np0000179051 devstack@neutron-api.service[103657]: DEBUG neutron.api.rpc.callbacks.version_manager [None req-e6632a86-1b5e-4425-a665-c097512604a5 admin admin] Tracked resource versions report:
Jun 08 19:24:27.752895 np0000179051 devstack@neutron-api.service[103657]: pushed versions:
Jun 08 19:24:27.752895 np0000179051 devstack@neutron-api.service[103657]: { 'AddressGroup': {'1.2'},
Jun 08 19:24:27.752895 np0000179051 devstack@neutron-api.service[103657]: 'Agent': {'1.1'},
Jun 08 19:24:27.752895 np0000179051 devstack@neutron-api.service[103657]: 'ConntrackHelper': {'1.0'},
Jun 08 19:24:27.752895 np0000179051 devstack@neutron-api.service[103657]: 'LocalIPAssociation': {'1.0'},
Jun 08 19:24:27.752895 np0000179051 devstack@neutron-api.service[103657]: 'Log': {'1.0'},
Jun 08 19:24:27.752895 np0000179051 devstack@neutron-api.service[103657]: 'NDPProxy': {'1.0'},
Jun 08 19:24:27.752895 np0000179051 devstack@neutron-api.service[103657]: 'Network': {'1.3'},
Jun 08 19:24:27.752895 np0000179051 devstack@neutron-api.service[103657]: 'Port': {'1.11'},
Jun 08 19:24:27.752895 np0000179051 devstack@neutron-api.service[103657]: 'PortForwarding': {'1.3'},
Jun 08 19:24:27.752895 np0000179051 devstack@neutron-api.service[103657]: 'QosPolicy': {'1.10'},
Jun 08 19:24:27.752895 np0000179051 devstack@neutron-api.service[103657]: 'SecurityGroup': {'1.6'},
Jun 08 19:24:27.752895 np0000179051 devstack@neutron-api.service[103657]: 'SecurityGroupRule': {'1.3'},
Jun 08 19:24:27.752895 np0000179051 devstack@neutron-api.service[103657]: 'SubPort': {'1.0'},
Jun 08 19:24:27.752895 np0000179051 devstack@neutron-api.service[103657]: 'Subnet': {'1.2'},
Jun 08 19:24:27.752895 np0000179051 devstack@neutron-api.service[103657]: 'Trunk': {'1.1'}}
Jun 08 19:24:27.752895 np0000179051 devstack@neutron-api.service[103657]: consumer versions:
Jun 08 19:24:27.752895 np0000179051 devstack@neutron-api.service[103657]: {}
Jun 08 19:24:27.752895 np0000179051 devstack@neutron-api.service[103657]: {{(pid=103657) report /opt/stack/neutron/neutron/api/rpc/callbacks/version_manager.py:183}}
Jun 08 19:24:27.754862 np0000179051 devstack@neutron-api.service[103655]: DEBUG neutron.plugins.ml2.drivers.ovn.mech_driver.ovsdb.ovsdb_monitor [-] Hash Ring: Node 04dd89f859c85272b58eed22bc7113dc (host: np0000179051) handling event "update" for row 61c1ee0e-ff96-48b7-8018-d6a432115971 (table: NB_Global) {{(pid=103655) notify /opt/stack/neutron/neutron/plugins/ml2/drivers/ovn/mech_driver/ovsdb/ovsdb_monitor.py:1015}}
Jun 08 19:24:27.754862 np0000179051 devstack@neutron-api.service[103655]: DEBUG neutron.plugins.ml2.drivers.ovn.mech_driver.ovsdb.ovsdb_monitor [-] Hash Ring: Node 04dd89f859c85272b58eed22bc7113dc (host: np0000179051) handling event "update" for row 61c1ee0e-ff96-48b7-8018-d6a432115971 (table: NB_Global) {{(pid=103655) notify /opt/stack/neutron/neutron/plugins/ml2/drivers/ovn/mech_driver/ovsdb/ovsdb_monitor.py:1015}}
Jun 08 19:24:27.755205 np0000179051 devstack@neutron-api.service[103656]: DEBUG neutron.plugins.ml2.drivers.ovn.mech_driver.ovsdb.ovsdb_monitor [-] Hash Ring: Node d9fe8b43c35856f88c5bb9e5d6510d98 (host: np0000179051) handling event "update" for row 61c1ee0e-ff96-48b7-8018-d6a432115971 (table: NB_Global) {{(pid=103656) notify /opt/stack/neutron/neutron/plugins/ml2/drivers/ovn/mech_driver/ovsdb/ovsdb_monitor.py:1015}}
Jun 08 19:24:27.755401 np0000179051 devstack@neutron-api.service[103655]: DEBUG neutron.plugins.ml2.drivers.ovn.mech_driver.ovsdb.ovsdb_monitor [-] Hash Ring: Node 04dd89f859c85272b58eed22bc7113dc (host: np0000179051) handling event "update" for row 61c1ee0e-ff96-48b7-8018-d6a432115971 (table: NB_Global) {{(pid=103655) notify /opt/stack/neutron/neutron/plugins/ml2/drivers/ovn/mech_driver/ovsdb/ovsdb_monitor.py:1015}}
Jun 08 19:24:27.756322 np0000179051 devstack@neutron-api.service[103656]: DEBUG neutron.plugins.ml2.drivers.ovn.mech_driver.ovsdb.ovsdb_monitor [-] ChassisAgentWriteEvent : Matched Chassis_Private, update, None None {{(pid=103656) matches /opt/stack/neutron/neutron/plugins/ml2/drivers/ovn/mech_driver/ovsdb/ovsdb_monitor.py:64}}
Jun 08 19:24:27.756616 np0000179051 devstack@neutron-api.service[103658]: DEBUG neutron.plugins.ml2.drivers.ovn.mech_driver.ovsdb.ovsdb_monitor [-] ChassisAgentWriteEvent : Matched Chassis_Private, update, None None {{(pid=103658) matches /opt/stack/neutron/neutron/plugins/ml2/drivers/ovn/mech_driver/ovsdb/ovsdb_monitor.py:64}}
Jun 08 19:24:27.757071 np0000179051 devstack@neutron-api.service[103655]: DEBUG neutron.plugins.ml2.drivers.ovn.mech_driver.ovsdb.ovsdb_monitor [-] ChassisAgentWriteEvent : Matched Chassis_Private, update, None None {{(pid=103655) matches /opt/stack/neutron/neutron/plugins/ml2/drivers/ovn/mech_driver/ovsdb/ovsdb_monitor.py:64}}
Jun 08 19:24:27.759138 np0000179051 devstack@neutron-api.service[103657]: DEBUG neutron.plugins.ml2.drivers.ovn.mech_driver.ovsdb.ovsdb_monitor [-] ChassisAgentWriteEvent : Matched Chassis_Private, update, None None {{(pid=103657) matches /opt/stack/neutron/neutron/plugins/ml2/drivers/ovn/mech_driver/ovsdb/ovsdb_monitor.py:64}}
Jun 08 19:24:27.759595 np0000179051 devstack@neutron-api.service[103656]: DEBUG neutron.plugins.ml2.drivers.ovn.mech_driver.ovsdb.ovsdb_monitor [-] Hash Ring: Node d9fe8b43c35856f88c5bb9e5d6510d98 (host: np0000179051) handling event "update" for row 61c1ee0e-ff96-48b7-8018-d6a432115971 (table: NB_Global) {{(pid=103656) notify /opt/stack/neutron/neutron/plugins/ml2/drivers/ovn/mech_driver/ovsdb/ovsdb_monitor.py:1015}}
Jun 08 19:24:27.760241 np0000179051 devstack@neutron-api.service[103655]: DEBUG neutron.plugins.ml2.drivers.ovn.mech_driver.ovsdb.ovsdb_monitor [-] Hash Ring: Node 04dd89f859c85272b58eed22bc7113dc (host: np0000179051) handling event "update" for row 61c1ee0e-ff96-48b7-8018-d6a432115971 (table: NB_Global) {{(pid=103655) notify /opt/stack/neutron/neutron/plugins/ml2/drivers/ovn/mech_driver/ovsdb/ovsdb_monitor.py:1015}}
Jun 08 19:24:27.761786 np0000179051 devstack@neutron-api.service[103656]: DEBUG neutron.plugins.ml2.drivers.ovn.mech_driver.ovsdb.ovsdb_monitor [-] Hash Ring: Node d9fe8b43c35856f88c5bb9e5d6510d98 (host: np0000179051) handling event "update" for row 61c1ee0e-ff96-48b7-8018-d6a432115971 (table: NB_Global) {{(pid=103656) notify /opt/stack/neutron/neutron/plugins/ml2/drivers/ovn/mech_driver/ovsdb/ovsdb_monitor.py:1015}}
Jun 08 19:24:27.762663 np0000179051 devstack@neutron-api.service[103658]: DEBUG neutron.plugins.ml2.drivers.ovn.mech_driver.ovsdb.ovsdb_monitor [-] ChassisOVNAgentWriteEvent : Matched Chassis_Private, update, None None {{(pid=103658) matches /opt/stack/neutron/neutron/plugins/ml2/drivers/ovn/mech_driver/ovsdb/ovsdb_monitor.py:64}}
Jun 08 19:24:27.763046 np0000179051 devstack@neutron-api.service[103655]: DEBUG neutron.plugins.ml2.drivers.ovn.mech_driver.ovsdb.ovsdb_monitor [-] ChassisOVNAgentWriteEvent : Matched Chassis_Private, update, None None {{(pid=103655) matches /opt/stack/neutron/neutron/plugins/ml2/drivers/ovn/mech_driver/ovsdb/ovsdb_monitor.py:64}}
Jun 08 19:24:27.764518 np0000179051 devstack@neutron-api.service[103657]: DEBUG neutron.plugins.ml2.drivers.ovn.mech_driver.ovsdb.ovsdb_monitor [-] ChassisOVNAgentWriteEvent : Matched Chassis_Private, update, None None {{(pid=103657) matches /opt/stack/neutron/neutron/plugins/ml2/drivers/ovn/mech_driver/ovsdb/ovsdb_monitor.py:64}}
Jun 08 19:24:27.766358 np0000179051 devstack@neutron-api.service[103656]: DEBUG neutron.common.ovn.hash_ring_manager [-] Allow caching, nodes 4>=4 {{(pid=103656) _wait_startup_before_caching /opt/stack/neutron/neutron/common/ovn/hash_ring_manager.py:65}}
Jun 08 19:24:27.766491 np0000179051 devstack@neutron-api.service[103656]: DEBUG neutron.plugins.ml2.drivers.ovn.mech_driver.ovsdb.ovsdb_monitor [-] Hash Ring: Node d9fe8b43c35856f88c5bb9e5d6510d98 (host: np0000179051) handling event "update" for row f3b4198f-f709-45f6-b1b5-6c81ffb6a9b7 (table: Chassis_Private) {{(pid=103656) notify /opt/stack/neutron/neutron/plugins/ml2/drivers/ovn/mech_driver/ovsdb/ovsdb_monitor.py:1015}}
Jun 08 19:24:27.767153 np0000179051 devstack@neutron-api.service[103656]: DEBUG neutron.plugins.ml2.drivers.ovn.mech_driver.ovsdb.ovsdb_monitor [-] ChassisOVNAgentWriteEvent : Matched Chassis_Private, update, None None {{(pid=103656) matches /opt/stack/neutron/neutron/plugins/ml2/drivers/ovn/mech_driver/ovsdb/ovsdb_monitor.py:64}}
Jun 08 19:24:27.767400 np0000179051 devstack@neutron-api.service[103656]: DEBUG neutron.plugins.ml2.drivers.ovn.mech_driver.ovsdb.ovsdb_monitor [-] Hash Ring: Node d9fe8b43c35856f88c5bb9e5d6510d98 (host: np0000179051) handling event "update" for row f3b4198f-f709-45f6-b1b5-6c81ffb6a9b7 (table: Chassis_Private) {{(pid=103656) notify /opt/stack/neutron/neutron/plugins/ml2/drivers/ovn/mech_driver/ovsdb/ovsdb_monitor.py:1015}}
Jun 08 19:24:27.820647 np0000179051 devstack@neutron-api.service[103657]: DEBUG neutron.plugins.ml2.drivers.helpers [None req-e6632a86-1b5e-4425-a665-c097512604a5 admin admin] geneve segment allocate from pool success with {'geneve_vni': 22131} {{(pid=103657) allocate_partially_specified_segment /opt/stack/neutron/neutron/plugins/ml2/drivers/helpers.py:142}}
Jun 08 19:24:27.831945 np0000179051 devstack@neutron-api.service[103657]: DEBUG neutron_lib.callbacks.manager [None req-e6632a86-1b5e-4425-a665-c097512604a5 admin admin] Publish callbacks ['neutron.services.segments.db._add_segment_host_mapping_for_segment-8404157859540', 'neutron.plugins.ml2.plugin.Ml2Plugin._handle_segment_change-209960'] for segment (ed5fbd74-de7c-4230-a692-6c573766f8a8), precommit_create {{(pid=103657) _notify_loop /opt/stack/data/venv/lib/python3.12/site-packages/neutron_lib/callbacks/manager.py:184}}
Jun 08 19:24:27.832136 np0000179051 devstack@neutron-api.service[103657]: INFO neutron.db.segments_db [None req-e6632a86-1b5e-4425-a665-c097512604a5 admin admin] Added segment ed5fbd74-de7c-4230-a692-6c573766f8a8 of type geneve for network 757d9098-93d4-44fe-82af-3e1051bf7a7c
Jun 08 19:24:27.878177 np0000179051 devstack@neutron-api.service[103657]: DEBUG neutron_lib.callbacks.manager [None req-e6632a86-1b5e-4425-a665-c097512604a5 admin admin] Publish callbacks ['neutron.services.auto_allocate.db._ensure_external_network_default_value_callback-8404156542196'] for network (757d9098-93d4-44fe-82af-3e1051bf7a7c), precommit_create {{(pid=103657) _notify_loop /opt/stack/data/venv/lib/python3.12/site-packages/neutron_lib/callbacks/manager.py:184}}
Jun 08 19:24:27.892877 np0000179051 devstack@neutron-api.service[103657]: DEBUG neutron.plugins.ml2.drivers.ovn.mech_driver.mech_driver [None req-e6632a86-1b5e-4425-a665-c097512604a5 admin admin] Validating network segment with type geneve, segmentation ID 22131, physical network None {{(pid=103657) _validate_network_segments /opt/stack/neutron/neutron/plugins/ml2/drivers/ovn/mech_driver/mech_driver.py:643}}
Jun 08 19:24:27.893092 np0000179051 devstack@neutron-api.service[103657]: DEBUG neutron.db.ovn_revision_numbers_db [None req-e6632a86-1b5e-4425-a665-c097512604a5 admin admin] create_initial_revision uuid=757d9098-93d4-44fe-82af-3e1051bf7a7c, type=networks, rev=-1 {{(pid=103657) create_initial_revision /opt/stack/neutron/neutron/db/ovn_revision_numbers_db.py:98}}
Jun 08 19:24:27.913283 np0000179051 devstack@neutron-api.service[103657]: DEBUG neutron_lib.callbacks.manager [None req-e6632a86-1b5e-4425-a665-c097512604a5 admin admin] Publish callbacks ['neutron.plugins.ml2.ovo_rpc._ObjectChangeHandler.handle_event-6416125'] for network (757d9098-93d4-44fe-82af-3e1051bf7a7c), after_create {{(pid=103657) _notify_loop /opt/stack/data/venv/lib/python3.12/site-packages/neutron_lib/callbacks/manager.py:184}}
Jun 08 19:24:27.956592 np0000179051 devstack@neutron-api.service[103657]: DEBUG neutron.api.rpc.handlers.resources_rpc [None req-e6632a86-1b5e-4425-a665-c097512604a5 admin admin] Pushing event updated for resources: {'Network': ['ID=757d9098-93d4-44fe-82af-3e1051bf7a7c,revision_number=1']} {{(pid=103657) push /opt/stack/neutron/neutron/api/rpc/handlers/resources_rpc.py:237}}
Jun 08 19:24:27.965409 np0000179051 devstack@neutron-api.service[103657]: DEBUG ovsdbapp.backend.ovs_idl.transaction [-] Running txn n=1 command(idx=0): AddNetworkCommand(_result=None, network_uuid=757d9098-93d4-44fe-82af-3e1051bf7a7c, may_exist=True, columns={'external_ids': {'neutron:network_name': 'private', 'neutron:mtu': '1372', 'neutron:revision_number': '1', 'neutron:availability_zone_hints': '', 'neutron:provnet-network-type': 'geneve'}, 'other_config': {'mcast_snoop': 'false', 'mcast_flood_unregistered': 'false', 'vlan-passthru': 'false'}}) {{(pid=103657) do_commit /opt/stack/data/venv/lib/python3.12/site-packages/ovsdbapp/backend/ovs_idl/transaction.py:89}}
Jun 08 19:24:27.966366 np0000179051 devstack@neutron-api.service[103657]: DEBUG neutron.common.ovn.utils [-] OVS persist_uuid supported=True {{(pid=103657) ovs_persist_uuid_supported /opt/stack/neutron/neutron/common/ovn/utils.py:1544}}
Jun 08 19:24:27.971792 np0000179051 devstack@neutron-api.service[103656]: DEBUG neutron.plugins.ml2.drivers.ovn.mech_driver.ovsdb.ovsdb_monitor [-] Hash Ring: Node d9fe8b43c35856f88c5bb9e5d6510d98 (host: np0000179051) handling event "create" for row 757d9098-93d4-44fe-82af-3e1051bf7a7c (table: Logical_Switch) {{(pid=103656) notify /opt/stack/neutron/neutron/plugins/ml2/drivers/ovn/mech_driver/ovsdb/ovsdb_monitor.py:1015}}
Jun 08 19:24:27.973152 np0000179051 devstack@neutron-api.service[103655]: DEBUG neutron.plugins.ml2.drivers.ovn.mech_driver.ovsdb.ovsdb_monitor [-] Hash Ring: Node 04dd89f859c85272b58eed22bc7113dc (host: np0000179051) handling event "create" for row 757d9098-93d4-44fe-82af-3e1051bf7a7c (table: Logical_Switch) {{(pid=103655) notify /opt/stack/neutron/neutron/plugins/ml2/drivers/ovn/mech_driver/ovsdb/ovsdb_monitor.py:1015}}
Jun 08 19:24:27.977427 np0000179051 devstack@neutron-api.service[103656]: DEBUG neutron.plugins.ml2.drivers.ovn.mech_driver.ovsdb.ovsdb_monitor [-] Hash Ring: Node d9fe8b43c35856f88c5bb9e5d6510d98 (host: np0000179051) handling event "create" for row d2b73ef3-efd9-45e7-bca9-ae021aa3c388 (table: Datapath_Binding) {{(pid=103656) notify /opt/stack/neutron/neutron/plugins/ml2/drivers/ovn/mech_driver/ovsdb/ovsdb_monitor.py:1015}}
Jun 08 19:24:27.985810 np0000179051 devstack@neutron-api.service[103657]: DEBUG neutron.plugins.ml2.drivers.ovn.mech_driver.ovsdb.ovsdb_monitor [-] Hash Ring: Node 3861fdea9b8f523a8bcad0e23d7c7233 (host: np0000179051) handling event "create" for row d2b73ef3-efd9-45e7-bca9-ae021aa3c388 (table: Datapath_Binding) {{(pid=103657) notify /opt/stack/neutron/neutron/plugins/ml2/drivers/ovn/mech_driver/ovsdb/ovsdb_monitor.py:1015}}
Jun 08 19:24:28.005033 np0000179051 devstack@neutron-api.service[103657]: INFO neutron.db.ovn_revision_numbers_db [None req-e6632a86-1b5e-4425-a665-c097512604a5 admin admin] Successfully bumped revision number for resource 757d9098-93d4-44fe-82af-3e1051bf7a7c (type: networks) to 1
Jun 08 19:24:28.262265 np0000179051 devstack@neutron-api.service[103657]: DEBUG neutron_lib.callbacks.manager [None req-e6632a86-1b5e-4425-a665-c097512604a5 admin admin] Publish callbacks ['neutron.plugins.ml2.plugin.SecurityGroupDbMixin._ensure_default_security_group_handler-1002332'] for port (None), before_create {{(pid=103657) _notify_loop /opt/stack/data/venv/lib/python3.12/site-packages/neutron_lib/callbacks/manager.py:184}}
Jun 08 19:24:28.360006 np0000179051 devstack@neutron-api.service[103657]: DEBUG neutron_lib.callbacks.manager [None req-e6632a86-1b5e-4425-a665-c097512604a5 admin admin] Publish callbacks ['neutron.plugins.ml2.drivers.ovn.mech_driver.mech_driver.OVNMechanismDriver._validate_allowed_address_pairs-342777'] for allowed_address_pair (951dd704-1146-4f43-864a-f7e5cde26245), before_create {{(pid=103657) _notify_loop /opt/stack/data/venv/lib/python3.12/site-packages/neutron_lib/callbacks/manager.py:184}}
Jun 08 19:24:28.360463 np0000179051 devstack@neutron-api.service[103657]: DEBUG neutron_lib.callbacks.manager [None req-e6632a86-1b5e-4425-a665-c097512604a5 admin admin] Publish callbacks [] for port (951dd704-1146-4f43-864a-f7e5cde26245), precommit_create {{(pid=103657) _notify_loop /opt/stack/data/venv/lib/python3.12/site-packages/neutron_lib/callbacks/manager.py:184}}
Jun 08 19:24:28.360636 np0000179051 devstack@neutron-api.service[103657]: DEBUG neutron.plugins.ml2.drivers.ovn.mech_driver.mech_driver [None req-e6632a86-1b5e-4425-a665-c097512604a5 admin admin] No provisioning block for port 951dd704-1146-4f43-864a-f7e5cde26245 since it does not have a host {{(pid=103657) _is_port_provisioning_required /opt/stack/neutron/neutron/plugins/ml2/drivers/ovn/mech_driver/mech_driver.py:896}}
Jun 08 19:24:28.360738 np0000179051 devstack@neutron-api.service[103657]: DEBUG neutron.db.ovn_revision_numbers_db [None req-e6632a86-1b5e-4425-a665-c097512604a5 admin admin] create_initial_revision uuid=951dd704-1146-4f43-864a-f7e5cde26245, type=ports, rev=-1 {{(pid=103657) create_initial_revision /opt/stack/neutron/neutron/db/ovn_revision_numbers_db.py:98}}
Jun 08 19:24:28.416493 np0000179051 devstack@neutron-api.service[103657]: DEBUG neutron_lib.callbacks.manager [None req-e6632a86-1b5e-4425-a665-c097512604a5 admin admin] Publish callbacks ['neutron.plugins.ml2.ovo_rpc._ObjectChangeHandler.handle_event-6416202'] for port (951dd704-1146-4f43-864a-f7e5cde26245), after_create {{(pid=103657) _notify_loop /opt/stack/data/venv/lib/python3.12/site-packages/neutron_lib/callbacks/manager.py:184}}
Jun 08 19:24:28.468680 np0000179051 devstack@neutron-api.service[103657]: DEBUG neutron.api.rpc.handlers.resources_rpc [None req-e6632a86-1b5e-4425-a665-c097512604a5 admin admin] Pushing event updated for resources: {'Port': ['ID=951dd704-1146-4f43-864a-f7e5cde26245,revision_number=1']} {{(pid=103657) push /opt/stack/neutron/neutron/api/rpc/handlers/resources_rpc.py:237}}
Jun 08 19:24:28.505478 np0000179051 devstack@neutron-api.service[103657]: DEBUG ovsdbapp.backend.ovs_idl.transaction [-] Running txn n=1 command(idx=0): AddLSwitchPortCommand(_result=None, lport=951dd704-1146-4f43-864a-f7e5cde26245, lswitch=neutron-757d9098-93d4-44fe-82af-3e1051bf7a7c, may_exist=True, network_uuid=757d9098-93d4-44fe-82af-3e1051bf7a7c, columns={'addresses': ['fa:16:3e:b0:9f:d9'], 'external_ids': {'neutron:port_name': '', 'neutron:device_id': 'ovnmeta-757d9098-93d4-44fe-82af-3e1051bf7a7c', 'neutron:project_id': '8f54949afd6242fcbc83afeec15192d1', 'neutron:cidrs': '', 'neutron:device_owner': 'network:distributed', 'neutron:subnet_pool_addr_scope4': '', 'neutron:subnet_pool_addr_scope6': '', 'neutron:network_name': 'neutron-757d9098-93d4-44fe-82af-3e1051bf7a7c', 'neutron:security_group_ids': '', 'neutron:revision_number': '1', 'neutron:vnic_type': 'normal', 'neutron:port_capabilities': '', 'neutron:mtu': '1372'}, 'parent_name': [], 'tag': [], 'enabled': True, 'options': {}, 'type': 'localport', 'port_security': [], 'dhcpv4_options': [], 'dhcpv6_options': []}) {{(pid=103657) do_commit /opt/stack/data/venv/lib/python3.12/site-packages/ovsdbapp/backend/ovs_idl/transaction.py:89}}
Jun 08 19:24:28.506478 np0000179051 devstack@neutron-api.service[103657]: DEBUG ovsdbapp.backend.ovs_idl.transaction [-] Running txn n=1 command(idx=1): QoSDelCommand(_result=None, switch=neutron-757d9098-93d4-44fe-82af-3e1051bf7a7c, conditions=[('direction', '=', 'to-lport'), ('priority', '=', 2002), ('match', '=', 'outport == "951dd704-1146-4f43-864a-f7e5cde26245"')], if_exists=True) {{(pid=103657) do_commit /opt/stack/data/venv/lib/python3.12/site-packages/ovsdbapp/backend/ovs_idl/transaction.py:89}}
Jun 08 19:24:28.506786 np0000179051 devstack@neutron-api.service[103657]: DEBUG ovsdbapp.backend.ovs_idl.transaction [-] Running txn n=1 command(idx=2): QoSDelCommand(_result=None, switch=neutron-757d9098-93d4-44fe-82af-3e1051bf7a7c, conditions=[('direction', '=', 'from-lport'), ('priority', '=', 2002), ('match', '=', 'inport == "951dd704-1146-4f43-864a-f7e5cde26245"')], if_exists=True) {{(pid=103657) do_commit /opt/stack/data/venv/lib/python3.12/site-packages/ovsdbapp/backend/ovs_idl/transaction.py:89}}
Jun 08 19:24:28.511900 np0000179051 devstack@neutron-api.service[103655]: DEBUG neutron.plugins.ml2.drivers.ovn.mech_driver.ovsdb.ovsdb_monitor [-] Hash Ring: Node 04dd89f859c85272b58eed22bc7113dc (host: np0000179051) handling event "update" for row 757d9098-93d4-44fe-82af-3e1051bf7a7c (table: Logical_Switch) {{(pid=103655) notify /opt/stack/neutron/neutron/plugins/ml2/drivers/ovn/mech_driver/ovsdb/ovsdb_monitor.py:1015}}
Jun 08 19:24:28.512247 np0000179051 devstack@neutron-api.service[103655]: DEBUG neutron.plugins.ml2.drivers.ovn.mech_driver.ovsdb.ovsdb_monitor [-] Hash Ring: Node 04dd89f859c85272b58eed22bc7113dc (host: np0000179051) handling event "create" for row 3d9be8f1-642c-404a-900f-40d2676c9ed4 (table: Logical_Switch_Port) {{(pid=103655) notify /opt/stack/neutron/neutron/plugins/ml2/drivers/ovn/mech_driver/ovsdb/ovsdb_monitor.py:1015}}
Jun 08 19:24:28.513124 np0000179051 devstack@neutron-api.service[103656]: DEBUG neutron.plugins.ml2.drivers.ovn.mech_driver.ovsdb.ovsdb_monitor [-] Hash Ring: Node d9fe8b43c35856f88c5bb9e5d6510d98 (host: np0000179051) handling event "update" for row 757d9098-93d4-44fe-82af-3e1051bf7a7c (table: Logical_Switch) {{(pid=103656) notify /opt/stack/neutron/neutron/plugins/ml2/drivers/ovn/mech_driver/ovsdb/ovsdb_monitor.py:1015}}
Jun 08 19:24:28.513421 np0000179051 devstack@neutron-api.service[103655]: DEBUG ovsdbapp.backend.ovs_idl.event [-] Matched CREATE: LogicalSwitchPortCreateEvent(events=('create',), table='Logical_Switch_Port', conditions=[], old_conditions=None), priority=20 to row=Logical_Switch_Port(uuid=3d9be8f1-642c-404a-900f-40d2676c9ed4, addresses=['fa:16:3e:b0:9f:d9'], dhcpv4_options=[], dhcpv6_options=[], dynamic_addresses=[], enabled=True, external_ids={'neutron:cidrs': '', 'neutron:device_id': 'ovnmeta-757d9098-93d4-44fe-82af-3e1051bf7a7c', 'neutron:device_owner': 'network:distributed', 'neutron:mtu': '1372', 'neutron:network_name': 'neutron-757d9098-93d4-44fe-82af-3e1051bf7a7c', 'neutron:port_capabilities': '', 'neutron:port_name': '', 'neutron:project_id': '8f54949afd6242fcbc83afeec15192d1', 'neutron:revision_number': '1', 'neutron:security_group_ids': '', 'neutron:subnet_pool_addr_scope4': '', 'neutron:subnet_pool_addr_scope6': '', 'neutron:vnic_type': 'normal'}, ha_chassis_group=[], mirror_rules=[], name='951dd704-1146-4f43-864a-f7e5cde26245', options={}, parent_name=[], port_security=[], tag=[], tag_request=[], type='localport', up=[]) old= {{(pid=103655) matches /opt/stack/data/venv/lib/python3.12/site-packages/ovsdbapp/backend/ovs_idl/event.py:55}}
Jun 08 19:24:28.513777 np0000179051 devstack@neutron-api.service[103656]: DEBUG neutron.plugins.ml2.drivers.ovn.mech_driver.ovsdb.ovsdb_monitor [-] Hash Ring: Node d9fe8b43c35856f88c5bb9e5d6510d98 (host: np0000179051) handling event "create" for row 3d9be8f1-642c-404a-900f-40d2676c9ed4 (table: Logical_Switch_Port) {{(pid=103656) notify /opt/stack/neutron/neutron/plugins/ml2/drivers/ovn/mech_driver/ovsdb/ovsdb_monitor.py:1015}}
Jun 08 19:24:28.514684 np0000179051 devstack@neutron-api.service[103655]: INFO neutron.plugins.ml2.drivers.ovn.mech_driver.mech_driver [-] OVN reports status down for port: 951dd704-1146-4f43-864a-f7e5cde26245
Jun 08 19:24:28.515255 np0000179051 devstack@neutron-api.service[103655]: DEBUG neutron.plugins.ml2.drivers.ovn.mech_driver.ovsdb.ovsdb_monitor [-] Hash Ring: Node 04dd89f859c85272b58eed22bc7113dc (host: np0000179051) handling event "update" for row 3d9be8f1-642c-404a-900f-40d2676c9ed4 (table: Logical_Switch_Port) {{(pid=103655) notify /opt/stack/neutron/neutron/plugins/ml2/drivers/ovn/mech_driver/ovsdb/ovsdb_monitor.py:1015}}
Jun 08 19:24:28.515654 np0000179051 devstack@neutron-api.service[103656]: DEBUG ovsdbapp.backend.ovs_idl.event [-] Matched CREATE: LogicalSwitchPortCreateEvent(events=('create',), table='Logical_Switch_Port', conditions=[], old_conditions=None), priority=20 to row=Logical_Switch_Port(uuid=3d9be8f1-642c-404a-900f-40d2676c9ed4, addresses=['fa:16:3e:b0:9f:d9'], dhcpv4_options=[], dhcpv6_options=[], dynamic_addresses=[], enabled=True, external_ids={'neutron:cidrs': '', 'neutron:device_id': 'ovnmeta-757d9098-93d4-44fe-82af-3e1051bf7a7c', 'neutron:device_owner': 'network:distributed', 'neutron:mtu': '1372', 'neutron:network_name': 'neutron-757d9098-93d4-44fe-82af-3e1051bf7a7c', 'neutron:port_capabilities': '', 'neutron:port_name': '', 'neutron:project_id': '8f54949afd6242fcbc83afeec15192d1', 'neutron:revision_number': '1', 'neutron:security_group_ids': '', 'neutron:subnet_pool_addr_scope4': '', 'neutron:subnet_pool_addr_scope6': '', 'neutron:vnic_type': 'normal'}, ha_chassis_group=[], mirror_rules=[], name='951dd704-1146-4f43-864a-f7e5cde26245', options={}, parent_name=[], port_security=[], tag=[], tag_request=[], type='localport', up=[]) old= {{(pid=103656) matches /opt/stack/data/venv/lib/python3.12/site-packages/ovsdbapp/backend/ovs_idl/event.py:55}}
Jun 08 19:24:28.516538 np0000179051 devstack@neutron-api.service[103656]: INFO neutron.plugins.ml2.drivers.ovn.mech_driver.mech_driver [-] OVN reports status down for port: 951dd704-1146-4f43-864a-f7e5cde26245
Jun 08 19:24:28.519362 np0000179051 devstack@neutron-api.service[103656]: DEBUG neutron.plugins.ml2.drivers.ovn.mech_driver.ovsdb.ovsdb_monitor [-] Hash Ring: Node d9fe8b43c35856f88c5bb9e5d6510d98 (host: np0000179051) handling event "update" for row 3d9be8f1-642c-404a-900f-40d2676c9ed4 (table: Logical_Switch_Port) {{(pid=103656) notify /opt/stack/neutron/neutron/plugins/ml2/drivers/ovn/mech_driver/ovsdb/ovsdb_monitor.py:1015}}
Jun 08 19:24:28.520980 np0000179051 devstack@neutron-api.service[103656]: DEBUG neutron.plugins.ml2.drivers.ovn.mech_driver.ovsdb.ovsdb_monitor [-] Hash Ring: Node d9fe8b43c35856f88c5bb9e5d6510d98 (host: np0000179051) handling event "create" for row 4000f86a-5caf-4671-8db4-88a542c64529 (table: Port_Binding) {{(pid=103656) notify /opt/stack/neutron/neutron/plugins/ml2/drivers/ovn/mech_driver/ovsdb/ovsdb_monitor.py:1015}}
Jun 08 19:24:28.558298 np0000179051 devstack@neutron-api.service[103657]: INFO neutron.db.ovn_revision_numbers_db [None req-e6632a86-1b5e-4425-a665-c097512604a5 admin admin] Successfully bumped revision number for resource 951dd704-1146-4f43-864a-f7e5cde26245 (type: ports) to 1
Jun 08 19:24:28.568109 np0000179051 devstack@neutron-api.service[103657]: DEBUG neutron.pecan_wsgi.hooks.policy_enforcement [None req-e6632a86-1b5e-4425-a665-c097512604a5 admin admin] Attributes excluded by policy engine: ['standard_attr_id'] {{(pid=103657) _exclude_attributes_by_policy /opt/stack/neutron/neutron/pecan_wsgi/hooks/policy_enforcement.py:256}}
Jun 08 19:24:28.568938 np0000179051 devstack@neutron-api.service[103657]: DEBUG neutron_lib.callbacks.manager [None req-e6632a86-1b5e-4425-a665-c097512604a5 admin admin] Publish callbacks [] for network (None), before_response {{(pid=103657) _notify_loop /opt/stack/data/venv/lib/python3.12/site-packages/neutron_lib/callbacks/manager.py:184}}
Jun 08 19:24:28.575814 np0000179051 devstack@neutron-api.service[103656]: DEBUG neutron.db.provisioning_blocks [None req-e0ce0613-3dcf-44f5-874e-23603fed402c None None] Transition to ACTIVE for port object 951dd704-1146-4f43-864a-f7e5cde26245 will not be triggered until provisioned by entity L2. {{(pid=103656) add_provisioning_component /opt/stack/neutron/neutron/db/provisioning_blocks.py:74}}
Jun 08 19:24:28.583635 np0000179051 devstack@neutron-api.service[103655]: DEBUG neutron_lib.db.api [None req-ca81d3e6-1761-4816-be9f-766cfba00c60 None None] Retry wrapper got retriable exception: Failed to create a duplicate ProvisioningBlock: for attribute(s) ['provisioningblocks.PRIMARY'] with value(s) 14-L2 {{(pid=103655) wrapped /opt/stack/data/venv/lib/python3.12/site-packages/neutron_lib/db/api.py:185}}
Jun 08 19:24:28.583776 np0000179051 devstack@neutron-api.service[103655]: DEBUG oslo_db.api [None req-ca81d3e6-1761-4816-be9f-766cfba00c60 None None] Performing DB retry for function neutron.db.provisioning_blocks.add_provisioning_component {{(pid=103655) wrapper /opt/stack/data/venv/lib/python3.12/site-packages/oslo_db/api.py:155}}
Jun 08 19:24:28.586290 np0000179051 devstack@neutron-api.service[103657]: [pid: 103657|app: 0|req: 1/5] 199.204.45.169 () {68 vars in 1357 bytes} [Mon Jun 8 19:24:27 2026] POST /networking/v2.0/networks => generated 681 bytes in 1500 msecs (HTTP/1.1 201) 4 headers in 162 bytes (1 switches on core 0)
Jun 08 19:24:28.622504 np0000179051 devstack@neutron-api.service[103656]: DEBUG neutron.plugins.ml2.plugin [None req-e0ce0613-3dcf-44f5-874e-23603fed402c None None] Current status of the port 951dd704-1146-4f43-864a-f7e5cde26245 is: DOWN; New status is: DOWN {{(pid=103656) _update_individual_port_db_status /opt/stack/neutron/neutron/plugins/ml2/plugin.py:2470}}
Jun 08 19:24:28.625077 np0000179051 devstack@neutron-api.service[103656]: DEBUG ovsdbapp.backend.ovs_idl.transaction [-] Running txn n=1 command(idx=0): DbRemoveCommand(_result=None, table=Logical_Switch_Port, record=951dd704-1146-4f43-864a-f7e5cde26245, column=external_ids, values=('neutron:host_id',), keyvalues={}, if_exists=True) {{(pid=103656) do_commit /opt/stack/data/venv/lib/python3.12/site-packages/ovsdbapp/backend/ovs_idl/transaction.py:89}}
Jun 08 19:24:28.812648 np0000179051 devstack@neutron-api.service[103658]: DEBUG dbcounter [-] [103658] Writing DB stats neutron:SELECT=30,neutron:INSERT=2,neutron:DELETE=1 {{(pid=103658) stat_writer /opt/stack/data/venv/lib/python3.12/site-packages/dbcounter.py:115}}
Jun 08 19:24:29.091113 np0000179051 devstack@neutron-api.service[103655]: DEBUG neutron.db.provisioning_blocks [None req-ca81d3e6-1761-4816-be9f-766cfba00c60 None None] Ignored duplicate provisioning block setup for port 951dd704-1146-4f43-864a-f7e5cde26245 by entity L2. {{(pid=103655) add_provisioning_component /opt/stack/neutron/neutron/db/provisioning_blocks.py:69}}
Jun 08 19:24:29.129573 np0000179051 devstack@neutron-api.service[103655]: DEBUG neutron.plugins.ml2.plugin [None req-ca81d3e6-1761-4816-be9f-766cfba00c60 None None] Current status of the port 951dd704-1146-4f43-864a-f7e5cde26245 is: DOWN; New status is: DOWN {{(pid=103655) _update_individual_port_db_status /opt/stack/neutron/neutron/plugins/ml2/plugin.py:2470}}
Jun 08 19:24:29.132750 np0000179051 devstack@neutron-api.service[103655]: DEBUG ovsdbapp.backend.ovs_idl.transaction [-] Running txn n=1 command(idx=0): DbRemoveCommand(_result=None, table=Logical_Switch_Port, record=951dd704-1146-4f43-864a-f7e5cde26245, column=external_ids, values=('neutron:host_id',), keyvalues={}, if_exists=True) {{(pid=103655) do_commit /opt/stack/data/venv/lib/python3.12/site-packages/ovsdbapp/backend/ovs_idl/transaction.py:89}}
Jun 08 19:24:29.154378 np0000179051 devstack@neutron-api.service[103658]: DEBUG neutron.policy [None req-144e0635-c4ac-457e-9470-c665762dd4c7 admin admin] Loaded default policies from ['neutron'] under neutron.policies entry points {{(pid=103658) register_rules /opt/stack/neutron/neutron/policy.py:65}}
Jun 08 19:24:29.253593 np0000179051 devstack@neutron-api.service[103658]: DEBUG neutron.pecan_wsgi.hooks.policy_enforcement [None req-144e0635-c4ac-457e-9470-c665762dd4c7 admin admin] Attributes excluded by policy engine: ['standard_attr_id'] {{(pid=103658) _exclude_attributes_by_policy /opt/stack/neutron/neutron/pecan_wsgi/hooks/policy_enforcement.py:256}}
Jun 08 19:24:29.254465 np0000179051 devstack@neutron-api.service[103658]: [pid: 103658|app: 0|req: 2/6] 199.204.45.169 () {64 vars in 1415 bytes} [Mon Jun 8 19:24:28 2026] GET /networking/v2.0/networks/757d9098-93d4-44fe-82af-3e1051bf7a7c => generated 662 bytes in 307 msecs (HTTP/1.1 200) 4 headers in 157 bytes (1 switches on core 0)
Jun 08 19:24:29.275052 np0000179051 devstack@neutron-api.service[103655]: DEBUG neutron.api.wsgi [None req-0747e925-9e11-4f46-abfa-6ab94ab6af1a admin admin] Missing Content-Type {{(pid=103655) get_content_type /opt/stack/neutron/neutron/api/wsgi.py:80}}
