Jun 08 19:24:18.304482 np0000179051 devstack@neutron-api.service[103658]: DEBUG neutron.api.extensions [None req-06c56abf-dd1e-4c69-8a74-5566f2f07586 None None] Ext name="Floating IP port forwarding detail" alias="floating-ip-port-forwarding-detail" description="Allow list floating ip return more port forwarding data, include'id' and 'internal_port_id'" updated="2022-05-06T10:00:00-00:00" {{(pid=103658) _check_extension /opt/stack/neutron/neutron/api/extensions.py:415}}
Jun 08 19:24:18.304482 np0000179051 devstack@neutron-api.service[103658]: INFO neutron.api.extensions [None req-06c56abf-dd1e-4c69-8a74-5566f2f07586 None None] Loaded extension: floating-ip-port-forwarding-detail
Jun 08 19:24:18.304482 np0000179051 devstack@neutron-api.service[103658]: DEBUG neutron.api.extensions [None req-06c56abf-dd1e-4c69-8a74-5566f2f07586 None None] Loading extension file: fip_pf_port_range.py {{(pid=103658) _load_all_extensions_from_path /opt/stack/neutron/neutron/api/extensions.py:449}}
Jun 08 19:24:18.305109 np0000179051 devstack@neutron-api.service[103658]: DEBUG neutron.api.extensions [None req-06c56abf-dd1e-4c69-8a74-5566f2f07586 None None] Ext name="Floating IP Port Forwarding support port ranges" alias="floating-ip-port-forwarding-port-ranges" description="Add support to port ranges" updated="2020-07-01T10:00:00-00:00" {{(pid=103658) _check_extension /opt/stack/neutron/neutron/api/extensions.py:415}}
Jun 08 19:24:18.305109 np0000179051 devstack@neutron-api.service[103658]: INFO neutron.api.extensions [None req-06c56abf-dd1e-4c69-8a74-5566f2f07586 None None] Extension floating-ip-port-forwarding-port-ranges not supported by any of loaded plugins
Jun 08 19:24:18.305109 np0000179051 devstack@neutron-api.service[103658]: DEBUG neutron.api.extensions [None req-06c56abf-dd1e-4c69-8a74-5566f2f07586 None None] Loading extension file: fip_port_details.py {{(pid=103658) _load_all_extensions_from_path /opt/stack/neutron/neutron/api/extensions.py:449}}
Jun 08 19:24:18.305109 np0000179051 devstack@neutron-api.service[103658]: DEBUG neutron.api.extensions [None req-06c56abf-dd1e-4c69-8a74-5566f2f07586 None None] Ext name="Floating IP Port Details Extension" alias="fip-port-details" description="Add port_details attribute to Floating IP resource" updated="2018-04-09T10:00:00-00:00" {{(pid=103658) _check_extension /opt/stack/neutron/neutron/api/extensions.py:415}}
Jun 08 19:24:18.305109 np0000179051 devstack@neutron-api.service[103658]: INFO neutron.api.extensions [None req-06c56abf-dd1e-4c69-8a74-5566f2f07586 None None] Loaded extension: fip-port-details
Jun 08 19:24:18.305433 np0000179051 devstack@neutron-api.service[103658]: DEBUG neutron.api.extensions [None req-06c56abf-dd1e-4c69-8a74-5566f2f07586 None None] Loading extension file: flavors.py {{(pid=103658) _load_all_extensions_from_path /opt/stack/neutron/neutron/api/extensions.py:449}}
Jun 08 19:24:18.305433 np0000179051 devstack@neutron-api.service[103658]: DEBUG neutron.api.extensions [None req-06c56abf-dd1e-4c69-8a74-5566f2f07586 None None] Ext name="Neutron Service Flavors" alias="flavors" description="Flavor specification for Neutron advanced services." updated="2015-09-17T10:00:00-00:00" {{(pid=103658) _check_extension /opt/stack/neutron/neutron/api/extensions.py:415}}
Jun 08 19:24:18.305806 np0000179051 devstack@neutron-api.service[103658]: INFO neutron.api.extensions [None req-06c56abf-dd1e-4c69-8a74-5566f2f07586 None None] Loaded extension: flavors
Jun 08 19:24:18.305806 np0000179051 devstack@neutron-api.service[103658]: DEBUG neutron.api.extensions [None req-06c56abf-dd1e-4c69-8a74-5566f2f07586 None None] Loading extension file: floating_ip_port_forwarding.py {{(pid=103658) _load_all_extensions_from_path /opt/stack/neutron/neutron/api/extensions.py:449}}
Jun 08 19:24:18.305917 np0000179051 devstack@neutron-api.service[103658]: DEBUG neutron.api.extensions [None req-06c56abf-dd1e-4c69-8a74-5566f2f07586 None None] Ext name="Floating IP Port Forwarding" alias="floating-ip-port-forwarding" description="Allow port forwarding from floating IP port to an internal port" updated="2018-01-19T10:00:00-00:00" {{(pid=103658) _check_extension /opt/stack/neutron/neutron/api/extensions.py:415}}
Jun 08 19:24:18.306136 np0000179051 devstack@neutron-api.service[103658]: INFO neutron.api.extensions [None req-06c56abf-dd1e-4c69-8a74-5566f2f07586 None None] Extension floating-ip-port-forwarding not supported by any of loaded plugins
Jun 08 19:24:18.306320 np0000179051 devstack@neutron-api.service[103658]: DEBUG neutron.api.extensions [None req-06c56abf-dd1e-4c69-8a74-5566f2f07586 None None] Loading extension file: floatingip_pools.py {{(pid=103658) _load_all_extensions_from_path /opt/stack/neutron/neutron/api/extensions.py:449}}
Jun 08 19:24:18.306467 np0000179051 devstack@neutron-api.service[103658]: DEBUG neutron.api.extensions [None req-06c56abf-dd1e-4c69-8a74-5566f2f07586 None None] Ext name="Floating IP Pools Extension" alias="floatingip-pools" description="Provides a floating IP pools API." updated="2018-03-21T10:00:00-00:00" {{(pid=103658) _check_extension /opt/stack/neutron/neutron/api/extensions.py:415}}
Jun 08 19:24:18.306720 np0000179051 devstack@neutron-api.service[103658]: INFO neutron.api.extensions [None req-06c56abf-dd1e-4c69-8a74-5566f2f07586 None None] Loaded extension: floatingip-pools
Jun 08 19:24:18.306720 np0000179051 devstack@neutron-api.service[103658]: DEBUG neutron.api.extensions [None req-06c56abf-dd1e-4c69-8a74-5566f2f07586 None None] Loading extension file: ip_allocation.py {{(pid=103658) _load_all_extensions_from_path /opt/stack/neutron/neutron/api/extensions.py:449}}
Jun 08 19:24:18.306915 np0000179051 devstack@neutron-api.service[103658]: DEBUG neutron.api.extensions [None req-06c56abf-dd1e-4c69-8a74-5566f2f07586 None None] Ext name="IP Allocation" alias="ip_allocation" description="IP allocation extension." updated="2016-06-10T23:00:00-00:00" {{(pid=103658) _check_extension /opt/stack/neutron/neutron/api/extensions.py:415}}
Jun 08 19:24:18.307110 np0000179051 devstack@neutron-api.service[103658]: INFO neutron.api.extensions [None req-06c56abf-dd1e-4c69-8a74-5566f2f07586 None None] Extension ip_allocation not supported by any of loaded plugins
Jun 08 19:24:18.307346 np0000179051 devstack@neutron-api.service[103658]: DEBUG neutron.api.extensions [None req-06c56abf-dd1e-4c69-8a74-5566f2f07586 None None] Loading extension file: ip_substring_port_filtering.py {{(pid=103658) _load_all_extensions_from_path /opt/stack/neutron/neutron/api/extensions.py:449}}
Jun 08 19:24:18.307408 np0000179051 devstack@neutron-api.service[103658]: DEBUG neutron.api.extensions [None req-06c56abf-dd1e-4c69-8a74-5566f2f07586 None None] Ext name="IP address substring filtering" alias="ip-substring-filtering" description="Provides IP address substring filtering when listing ports" updated="2017-11-28T09:00:00-00:00" {{(pid=103658) _check_extension /opt/stack/neutron/neutron/api/extensions.py:415}}
Jun 08 19:24:18.307657 np0000179051 devstack@neutron-api.service[103658]: INFO neutron.api.extensions [None req-06c56abf-dd1e-4c69-8a74-5566f2f07586 None None] Extension ip-substring-filtering not supported by any of loaded plugins
Jun 08 19:24:18.307657 np0000179051 devstack@neutron-api.service[103658]: DEBUG neutron.api.extensions [None req-06c56abf-dd1e-4c69-8a74-5566f2f07586 None None] Loading extension file: l2_adjacency.py {{(pid=103658) _load_all_extensions_from_path /opt/stack/neutron/neutron/api/extensions.py:449}}
Jun 08 19:24:18.307989 np0000179051 devstack@neutron-api.service[103658]: DEBUG neutron.api.extensions [None req-06c56abf-dd1e-4c69-8a74-5566f2f07586 None None] Ext name="L2 Adjacency" alias="l2_adjacency" description="Display L2 Adjacency for Neutron Networks." updated="2016-04-12T16:00:00-00:00" {{(pid=103658) _check_extension /opt/stack/neutron/neutron/api/extensions.py:415}}
Jun 08 19:24:18.308159 np0000179051 devstack@neutron-api.service[103658]: INFO neutron.api.extensions [None req-06c56abf-dd1e-4c69-8a74-5566f2f07586 None None] Extension l2_adjacency not supported by any of loaded plugins
Jun 08 19:24:18.308159 np0000179051 devstack@neutron-api.service[103658]: DEBUG neutron.api.extensions [None req-06c56abf-dd1e-4c69-8a74-5566f2f07586 None None] Loading extension file: l3.py {{(pid=103658) _load_all_extensions_from_path /opt/stack/neutron/neutron/api/extensions.py:449}}
Jun 08 19:24:18.308629 np0000179051 devstack@neutron-api.service[103658]: DEBUG neutron.api.extensions [None req-06c56abf-dd1e-4c69-8a74-5566f2f07586 None None] Ext name="Neutron L3 Router" alias="router" description="Router abstraction for basic L3 forwarding between L2 Neutron networks and access to external networks via a NAT gateway." updated="2012-07-20T10:00:00-00:00" {{(pid=103658) _check_extension /opt/stack/neutron/neutron/api/extensions.py:415}}
Jun 08 19:24:18.308820 np0000179051 devstack@neutron-api.service[103655]: DEBUG neutron_lib.callbacks.manager [None req-1ebc0977-766b-4982-b89a-f44ce676e55a None None] Subscribe: > router before_delete 55550000, False {{(pid=103655) subscribe /opt/stack/data/venv/lib/python3.12/site-packages/neutron_lib/callbacks/manager.py:52}}
Jun 08 19:24:18.308820 np0000179051 devstack@neutron-api.service[103655]: DEBUG neutron_lib.callbacks.manager [None req-1ebc0977-766b-4982-b89a-f44ce676e55a None None] Subscribe: port before_update 55550000, False {{(pid=103655) subscribe /opt/stack/data/venv/lib/python3.12/site-packages/neutron_lib/callbacks/manager.py:52}}
Jun 08 19:24:18.309015 np0000179051 devstack@neutron-api.service[103658]: INFO neutron.api.extensions [None req-06c56abf-dd1e-4c69-8a74-5566f2f07586 None None] Loaded extension: router
Jun 08 19:24:18.309015 np0000179051 devstack@neutron-api.service[103658]: DEBUG neutron.api.extensions [None req-06c56abf-dd1e-4c69-8a74-5566f2f07586 None None] Loading extension file: l3_agent_scheduler_ha_chassis_priority.py {{(pid=103658) _load_all_extensions_from_path /opt/stack/neutron/neutron/api/extensions.py:449}}
Jun 08 19:24:18.309109 np0000179051 devstack@neutron-api.service[103655]: DEBUG neutron_lib.callbacks.manager [None req-1ebc0977-766b-4982-b89a-f44ce676e55a None None] Subscribe: port after_update 55550000, False {{(pid=103655) subscribe /opt/stack/data/venv/lib/python3.12/site-packages/neutron_lib/callbacks/manager.py:52}}
Jun 08 19:24:18.309109 np0000179051 devstack@neutron-api.service[103655]: DEBUG neutron_lib.callbacks.manager [None req-1ebc0977-766b-4982-b89a-f44ce676e55a None None] Subscribe: > port precommit_delete 55550000, False {{(pid=103655) subscribe /opt/stack/data/venv/lib/python3.12/site-packages/neutron_lib/callbacks/manager.py:52}}
Jun 08 19:24:18.309109 np0000179051 devstack@neutron-api.service[103655]: DEBUG neutron_lib.callbacks.manager [None req-1ebc0977-766b-4982-b89a-f44ce676e55a None None] Subscribe: port before_update 55550000, False {{(pid=103655) subscribe /opt/stack/data/venv/lib/python3.12/site-packages/neutron_lib/callbacks/manager.py:52}}
Jun 08 19:24:18.309288 np0000179051 devstack@neutron-api.service[103658]: DEBUG neutron.api.extensions [None req-06c56abf-dd1e-4c69-8a74-5566f2f07586 None None] Ext name="L3 Agent Scheduler HA Chassis Priority" alias="l3-agent-scheduler-ha-chassis-priority" description="Exposes the HA_Chassis priority in the L3 Agent Scheduler API responses and allows setting priority when scheduling a router to a chassis." updated="2026-03-31T00:00:00-00:00" {{(pid=103658) _check_extension /opt/stack/neutron/neutron/api/extensions.py:415}}
Jun 08 19:24:18.309513 np0000179051 devstack@neutron-api.service[103655]: DEBUG neutron_lib.callbacks.manager [None req-1ebc0977-766b-4982-b89a-f44ce676e55a None None] Subscribe: port before_delete 55550000, False {{(pid=103655) subscribe /opt/stack/data/venv/lib/python3.12/site-packages/neutron_lib/callbacks/manager.py:52}}
Jun 08 19:24:18.309660 np0000179051 devstack@neutron-api.service[103658]: INFO neutron.api.extensions [None req-06c56abf-dd1e-4c69-8a74-5566f2f07586 None None] Loaded extension: l3-agent-scheduler-ha-chassis-priority
Jun 08 19:24:18.309720 np0000179051 devstack@neutron-api.service[103655]: DEBUG neutron_lib.callbacks.manager [None req-1ebc0977-766b-4982-b89a-f44ce676e55a None None] Subscribe: > router precommit_create 55550000, False {{(pid=103655) subscribe /opt/stack/data/venv/lib/python3.12/site-packages/neutron_lib/callbacks/manager.py:52}}
Jun 08 19:24:18.309785 np0000179051 devstack@neutron-api.service[103658]: DEBUG neutron.api.extensions [None req-06c56abf-dd1e-4c69-8a74-5566f2f07586 None None] Loading extension file: l3_conntrack_helper.py {{(pid=103658) _load_all_extensions_from_path /opt/stack/neutron/neutron/api/extensions.py:449}}
Jun 08 19:24:18.309816 np0000179051 devstack@neutron-api.service[103655]: DEBUG neutron_lib.callbacks.manager [None req-1ebc0977-766b-4982-b89a-f44ce676e55a None None] Subscribe: > router precommit_create 55550000, False {{(pid=103655) subscribe /opt/stack/data/venv/lib/python3.12/site-packages/neutron_lib/callbacks/manager.py:52}}
Jun 08 19:24:18.309816 np0000179051 devstack@neutron-api.service[103655]: DEBUG neutron_lib.callbacks.manager [None req-1ebc0977-766b-4982-b89a-f44ce676e55a None None] Subscribe: > router precommit_update 55550000, False {{(pid=103655) subscribe /opt/stack/data/venv/lib/python3.12/site-packages/neutron_lib/callbacks/manager.py:52}}
Jun 08 19:24:18.309816 np0000179051 devstack@neutron-api.service[103655]: DEBUG neutron_lib.callbacks.manager [None req-1ebc0977-766b-4982-b89a-f44ce676e55a None None] Subscribe: subnet after_update 55550000, False {{(pid=103655) subscribe /opt/stack/data/venv/lib/python3.12/site-packages/neutron_lib/callbacks/manager.py:52}}
Jun 08 19:24:18.309816 np0000179051 devstack@neutron-api.service[103655]: DEBUG neutron.quota.resource_registry [None req-1ebc0977-766b-4982-b89a-f44ce676e55a None None] Tracking information for resource: router configured {{(pid=103655) set_tracked_resource /opt/stack/neutron/neutron/quota/resource_registry.py:203}}
Jun 08 19:24:18.309816 np0000179051 devstack@neutron-api.service[103655]: DEBUG neutron.quota.resource_registry [None req-1ebc0977-766b-4982-b89a-f44ce676e55a None None] Tracking information for resource: floatingip configured {{(pid=103655) set_tracked_resource /opt/stack/neutron/neutron/quota/resource_registry.py:203}}
Jun 08 19:24:18.310063 np0000179051 devstack@neutron-api.service[103658]: DEBUG neutron.api.extensions [None req-06c56abf-dd1e-4c69-8a74-5566f2f07586 None None] Ext name="L3 Conntrack helper" alias="l3-conntrack-helper" description="Allow adding CT target rules for conntrack helper" updated="2019-04-04T10:00:00-00:00" {{(pid=103658) _check_extension /opt/stack/neutron/neutron/api/extensions.py:415}}
Jun 08 19:24:18.310134 np0000179051 devstack@neutron-api.service[103655]: INFO neutron.services.ovn_l3.plugin [None req-1ebc0977-766b-4982-b89a-f44ce676e55a None None] Starting OVNL3RouterPlugin
Jun 08 19:24:18.310195 np0000179051 devstack@neutron-api.service[103658]: INFO neutron.api.extensions [None req-06c56abf-dd1e-4c69-8a74-5566f2f07586 None None] Extension l3-conntrack-helper not supported by any of loaded plugins
Jun 08 19:24:18.310231 np0000179051 devstack@neutron-api.service[103655]: DEBUG neutron_lib.callbacks.manager [None req-1ebc0977-766b-4982-b89a-f44ce676e55a None None] Subscribe: > port_forwarding_plugin after_init 55550000, False {{(pid=103655) subscribe /opt/stack/data/venv/lib/python3.12/site-packages/neutron_lib/callbacks/manager.py:52}}
Jun 08 19:24:18.310313 np0000179051 devstack@neutron-api.service[103658]: DEBUG neutron.api.extensions [None req-06c56abf-dd1e-4c69-8a74-5566f2f07586 None None] Loading extension file: l3_enable_default_route_bfd.py {{(pid=103658) _load_all_extensions_from_path /opt/stack/neutron/neutron/api/extensions.py:449}}
Jun 08 19:24:18.310380 np0000179051 devstack@neutron-api.service[103655]: DEBUG neutron_lib.callbacks.manager [None req-1ebc0977-766b-4982-b89a-f44ce676e55a None None] Subscribe: > router before_create 55550100, False {{(pid=103655) subscribe /opt/stack/data/venv/lib/python3.12/site-packages/neutron_lib/callbacks/manager.py:52}}
Jun 08 19:24:18.310467 np0000179051 devstack@neutron-api.service[103658]: DEBUG neutron.api.extensions [None req-06c56abf-dd1e-4c69-8a74-5566f2f07586 None None] Ext name="Enable Default Route BFD" alias="enable-default-route-bfd" description="Enables configurable BFD behavior for default routes" updated="2023-02-27T00:00:00-00:00" {{(pid=103658) _check_extension /opt/stack/neutron/neutron/api/extensions.py:415}}
Jun 08 19:24:18.310559 np0000179051 devstack@neutron-api.service[103655]: DEBUG neutron_lib.callbacks.manager [None req-1ebc0977-766b-4982-b89a-f44ce676e55a None None] Subscribe: > router precommit_delete 55550100, False {{(pid=103655) subscribe /opt/stack/data/venv/lib/python3.12/site-packages/neutron_lib/callbacks/manager.py:52}}
Jun 08 19:24:18.310559 np0000179051 devstack@neutron-api.service[103655]: DEBUG neutron_lib.callbacks.manager [None req-1ebc0977-766b-4982-b89a-f44ce676e55a None None] Subscribe: > router precommit_create 55550100, False {{(pid=103655) subscribe /opt/stack/data/venv/lib/python3.12/site-packages/neutron_lib/callbacks/manager.py:52}}
Jun 08 19:24:18.310618 np0000179051 devstack@neutron-api.service[103658]: INFO neutron.api.extensions [None req-06c56abf-dd1e-4c69-8a74-5566f2f07586 None None] Loaded extension: enable-default-route-bfd
Jun 08 19:24:18.310680 np0000179051 devstack@neutron-api.service[103655]: DEBUG neutron_lib.callbacks.manager [None req-1ebc0977-766b-4982-b89a-f44ce676e55a None None] Subscribe: > router precommit_update 55550100, False {{(pid=103655) subscribe /opt/stack/data/venv/lib/python3.12/site-packages/neutron_lib/callbacks/manager.py:52}}
Jun 08 19:24:18.310749 np0000179051 devstack@neutron-api.service[103658]: DEBUG neutron.api.extensions [None req-06c56abf-dd1e-4c69-8a74-5566f2f07586 None None] Loading extension file: l3_enable_default_route_ecmp.py {{(pid=103658) _load_all_extensions_from_path /opt/stack/neutron/neutron/api/extensions.py:449}}
Jun 08 19:24:18.310806 np0000179051 devstack@neutron-api.service[103658]: DEBUG neutron.api.extensions [None req-06c56abf-dd1e-4c69-8a74-5566f2f07586 None None] Ext name="Enable Default Route ECMP" alias="enable-default-route-ecmp" description="Enables configurable ECMP behavior for default routes" updated="2023-02-27T00:00:00-00:00" {{(pid=103658) _check_extension /opt/stack/neutron/neutron/api/extensions.py:415}}
Jun 08 19:24:18.311190 np0000179051 devstack@neutron-api.service[103658]: INFO neutron.api.extensions [None req-06c56abf-dd1e-4c69-8a74-5566f2f07586 None None] Loaded extension: enable-default-route-ecmp
Jun 08 19:24:18.311190 np0000179051 devstack@neutron-api.service[103658]: DEBUG neutron.api.extensions [None req-06c56abf-dd1e-4c69-8a74-5566f2f07586 None None] Loading extension file: l3_ext_gw_mode.py {{(pid=103658) _load_all_extensions_from_path /opt/stack/neutron/neutron/api/extensions.py:449}}
Jun 08 19:24:18.311566 np0000179051 devstack@neutron-api.service[103658]: DEBUG neutron.api.extensions [None req-06c56abf-dd1e-4c69-8a74-5566f2f07586 None None] Ext name="Neutron L3 Configurable external gateway mode" alias="ext-gw-mode" description="Extension of the router abstraction for specifying whether SNAT should occur on the external gateway" updated="2013-03-28T10:00:00-00:00" {{(pid=103658) _check_extension /opt/stack/neutron/neutron/api/extensions.py:415}}
Jun 08 19:24:18.311566 np0000179051 devstack@neutron-api.service[103658]: INFO neutron.api.extensions [None req-06c56abf-dd1e-4c69-8a74-5566f2f07586 None None] Loaded extension: ext-gw-mode
Jun 08 19:24:18.311566 np0000179051 devstack@neutron-api.service[103658]: DEBUG neutron.api.extensions [None req-06c56abf-dd1e-4c69-8a74-5566f2f07586 None None] Loading extension file: l3_ext_ha_mode.py {{(pid=103658) _load_all_extensions_from_path /opt/stack/neutron/neutron/api/extensions.py:449}}
Jun 08 19:24:18.311871 np0000179051 devstack@neutron-api.service[103658]: DEBUG neutron.api.extensions [None req-06c56abf-dd1e-4c69-8a74-5566f2f07586 None None] Ext name="HA Router extension" alias="l3-ha" description="Adds HA capability to routers." updated="2014-04-26T00:00:00-00:00" {{(pid=103658) _check_extension /opt/stack/neutron/neutron/api/extensions.py:415}}
Jun 08 19:24:18.312026 np0000179051 devstack@neutron-api.service[103658]: INFO neutron.api.extensions [None req-06c56abf-dd1e-4c69-8a74-5566f2f07586 None None] Loaded extension: l3-ha
Jun 08 19:24:18.312026 np0000179051 devstack@neutron-api.service[103658]: DEBUG neutron.api.extensions [None req-06c56abf-dd1e-4c69-8a74-5566f2f07586 None None] Loading extension file: l3_ext_ndp_proxy.py {{(pid=103658) _load_all_extensions_from_path /opt/stack/neutron/neutron/api/extensions.py:449}}
Jun 08 19:24:18.312292 np0000179051 devstack@neutron-api.service[103658]: DEBUG neutron.api.extensions [None req-06c56abf-dd1e-4c69-8a74-5566f2f07586 None None] Ext name="Router support to enable NDP proxy" alias="l3-ext-ndp-proxy" description="Router extension to enable ndp proxy" updated="2020-08-25T00:00:00-00:00" {{(pid=103658) _check_extension /opt/stack/neutron/neutron/api/extensions.py:415}}
Jun 08 19:24:18.312408 np0000179051 devstack@neutron-api.service[103658]: INFO neutron.api.extensions [None req-06c56abf-dd1e-4c69-8a74-5566f2f07586 None None] Extension l3-ext-ndp-proxy not supported by any of loaded plugins
Jun 08 19:24:18.312486 np0000179051 devstack@neutron-api.service[103658]: DEBUG neutron.api.extensions [None req-06c56abf-dd1e-4c69-8a74-5566f2f07586 None None] Loading extension file: l3_extra_gws.py {{(pid=103658) _load_all_extensions_from_path /opt/stack/neutron/neutron/api/extensions.py:449}}
Jun 08 19:24:18.312702 np0000179051 devstack@neutron-api.service[103658]: DEBUG neutron.api.extensions [None req-06c56abf-dd1e-4c69-8a74-5566f2f07586 None None] Ext name="Neutron L3 External Gateway Multihoming" alias="external-gateway-multihoming" description="Allow multiple external gateway ports per router" updated="2023-01-18T00:00:00-00:00" {{(pid=103658) _check_extension /opt/stack/neutron/neutron/api/extensions.py:415}}
Jun 08 19:24:18.313005 np0000179051 devstack@neutron-api.service[103658]: INFO neutron.api.extensions [None req-06c56abf-dd1e-4c69-8a74-5566f2f07586 None None] Loaded extension: external-gateway-multihoming
Jun 08 19:24:18.313066 np0000179051 devstack@neutron-api.service[103658]: DEBUG neutron.api.extensions [None req-06c56abf-dd1e-4c69-8a74-5566f2f07586 None None] Loading extension file: l3_flavors.py {{(pid=103658) _load_all_extensions_from_path /opt/stack/neutron/neutron/api/extensions.py:449}}
Jun 08 19:24:18.313462 np0000179051 devstack@neutron-api.service[103658]: DEBUG neutron.api.extensions [None req-06c56abf-dd1e-4c69-8a74-5566f2f07586 None None] Ext name="Router Flavor Extension" alias="l3-flavors" description="Flavor support for routers." updated="2016-05-17T00:00:00-00:00" {{(pid=103658) _check_extension /opt/stack/neutron/neutron/api/extensions.py:415}}
Jun 08 19:24:18.313462 np0000179051 devstack@neutron-api.service[103658]: INFO neutron.api.extensions [None req-06c56abf-dd1e-4c69-8a74-5566f2f07586 None None] Loaded extension: l3-flavors
Jun 08 19:24:18.313578 np0000179051 devstack@neutron-api.service[103658]: DEBUG neutron.api.extensions [None req-06c56abf-dd1e-4c69-8a74-5566f2f07586 None None] Loading extension file: l3_ndp_proxy.py {{(pid=103658) _load_all_extensions_from_path /opt/stack/neutron/neutron/api/extensions.py:449}}
Jun 08 19:24:18.313808 np0000179051 devstack@neutron-api.service[103658]: DEBUG neutron.api.extensions [None req-06c56abf-dd1e-4c69-8a74-5566f2f07586 None None] Ext name="name" alias="l3-ndp-proxy" description="description" updated="2021-06-29T10:00:00-00:00" {{(pid=103658) _check_extension /opt/stack/neutron/neutron/api/extensions.py:415}}
Jun 08 19:24:18.314188 np0000179051 devstack@neutron-api.service[103658]: INFO neutron.api.extensions [None req-06c56abf-dd1e-4c69-8a74-5566f2f07586 None None] Extension l3-ndp-proxy not supported by any of loaded plugins
Jun 08 19:24:18.314188 np0000179051 devstack@neutron-api.service[103658]: DEBUG neutron.api.extensions [None req-06c56abf-dd1e-4c69-8a74-5566f2f07586 None None] Loading extension file: l3_port_ip_change_not_allowed.py {{(pid=103658) _load_all_extensions_from_path /opt/stack/neutron/neutron/api/extensions.py:449}}
Jun 08 19:24:18.314338 np0000179051 devstack@neutron-api.service[103655]: DEBUG neutron.services.provider_configuration [None req-1ebc0977-766b-4982-b89a-f44ce676e55a None None] Service providers = [] {{(pid=103655) parse_service_provider_opt /opt/stack/neutron/neutron/services/provider_configuration.py:170}}
Jun 08 19:24:18.314338 np0000179051 devstack@neutron-api.service[103655]: DEBUG neutron.db.servicetype_db [None req-1ebc0977-766b-4982-b89a-f44ce676e55a None None] Adding provider configuration for service L3_ROUTER_NAT {{(pid=103655) add_provider_configuration /opt/stack/neutron/neutron/db/servicetype_db.py:45}}
Jun 08 19:24:18.314462 np0000179051 devstack@neutron-api.service[103658]: DEBUG neutron.api.extensions [None req-06c56abf-dd1e-4c69-8a74-5566f2f07586 None None] Ext name="Prevent L3 router ports IP address change extension" alias="l3-port-ip-change-not-allowed" description="Prevent change of IP address for some L3 router ports" updated="2018-10-09T10:00:00-00:00" {{(pid=103658) _check_extension /opt/stack/neutron/neutron/api/extensions.py:415}}
Jun 08 19:24:18.314462 np0000179051 devstack@neutron-api.service[103658]: INFO neutron.api.extensions [None req-06c56abf-dd1e-4c69-8a74-5566f2f07586 None None] Extension l3-port-ip-change-not-allowed not supported by any of loaded plugins
Jun 08 19:24:18.314571 np0000179051 devstack@neutron-api.service[103658]: DEBUG neutron.api.extensions [None req-06c56abf-dd1e-4c69-8a74-5566f2f07586 None None] Loading extension file: l3agentscheduler.py {{(pid=103658) _load_all_extensions_from_path /opt/stack/neutron/neutron/api/extensions.py:449}}
Jun 08 19:24:18.315527 np0000179051 devstack@neutron-api.service[103658]: DEBUG neutron.api.extensions [None req-06c56abf-dd1e-4c69-8a74-5566f2f07586 None None] Ext name="L3 Agent Scheduler" alias="l3_agent_scheduler" description="Schedule routers among l3 agents" updated="2013-02-07T10:00:00-00:00" {{(pid=103658) _check_extension /opt/stack/neutron/neutron/api/extensions.py:415}}
Jun 08 19:24:18.315527 np0000179051 devstack@neutron-api.service[103658]: INFO neutron.api.extensions [None req-06c56abf-dd1e-4c69-8a74-5566f2f07586 None None] Loaded extension: l3_agent_scheduler
Jun 08 19:24:18.315527 np0000179051 devstack@neutron-api.service[103658]: DEBUG neutron.api.extensions [None req-06c56abf-dd1e-4c69-8a74-5566f2f07586 None None] Loading extension file: local_ip.py {{(pid=103658) _load_all_extensions_from_path /opt/stack/neutron/neutron/api/extensions.py:449}}
Jun 08 19:24:18.316062 np0000179051 devstack@neutron-api.service[103655]: DEBUG neutron_lib.callbacks.manager [None req-1ebc0977-766b-4982-b89a-f44ce676e55a None None] Subscribe: > router precommit_create 55549900, False {{(pid=103655) subscribe /opt/stack/data/venv/lib/python3.12/site-packages/neutron_lib/callbacks/manager.py:52}}
Jun 08 19:24:18.316062 np0000179051 devstack@neutron-api.service[103655]: DEBUG neutron_lib.callbacks.manager [None req-1ebc0977-766b-4982-b89a-f44ce676e55a None None] Subscribe: > router_interface after_create 55550000, False {{(pid=103655) subscribe /opt/stack/data/venv/lib/python3.12/site-packages/neutron_lib/callbacks/manager.py:52}}
Jun 08 19:24:18.316062 np0000179051 devstack@neutron-api.service[103655]: DEBUG neutron_lib.callbacks.manager [None req-1ebc0977-766b-4982-b89a-f44ce676e55a None None] Subscribe: > floatingip after_create 55550000, False {{(pid=103655) subscribe /opt/stack/data/venv/lib/python3.12/site-packages/neutron_lib/callbacks/manager.py:52}}
Jun 08 19:24:18.316296 np0000179051 devstack@neutron-api.service[103658]: DEBUG neutron.api.extensions [None req-06c56abf-dd1e-4c69-8a74-5566f2f07586 None None] Ext name="Local IP" alias="local_ip" description="Support Node Local Virtual IP" updated="2021-07-26T10:00:00-00:00" {{(pid=103658) _check_extension /opt/stack/neutron/neutron/api/extensions.py:415}}
Jun 08 19:24:18.316389 np0000179051 devstack@neutron-api.service[103655]: DEBUG neutron_lib.callbacks.manager [None req-1ebc0977-766b-4982-b89a-f44ce676e55a None None] Subscribe: > floatingip precommit_create 55550000, False {{(pid=103655) subscribe /opt/stack/data/venv/lib/python3.12/site-packages/neutron_lib/callbacks/manager.py:52}}
Jun 08 19:24:18.316389 np0000179051 devstack@neutron-api.service[103655]: DEBUG neutron_lib.callbacks.manager [None req-1ebc0977-766b-4982-b89a-f44ce676e55a None None] Subscribe: > floatingip precommit_update 55550000, False {{(pid=103655) subscribe /opt/stack/data/venv/lib/python3.12/site-packages/neutron_lib/callbacks/manager.py:52}}
Jun 08 19:24:18.316447 np0000179051 devstack@neutron-api.service[103658]: INFO neutron.api.extensions [None req-06c56abf-dd1e-4c69-8a74-5566f2f07586 None None] Extension local_ip not supported by any of loaded plugins
Jun 08 19:24:18.316447 np0000179051 devstack@neutron-api.service[103658]: DEBUG neutron.api.extensions [None req-06c56abf-dd1e-4c69-8a74-5566f2f07586 None None] Loading extension file: logging.py {{(pid=103658) _load_all_extensions_from_path /opt/stack/neutron/neutron/api/extensions.py:449}}
Jun 08 19:24:18.316551 np0000179051 devstack@neutron-api.service[103655]: DEBUG neutron_lib.callbacks.manager [None req-1ebc0977-766b-4982-b89a-f44ce676e55a None None] Subscribe: > floatingip after_delete 55550000, False {{(pid=103655) subscribe /opt/stack/data/venv/lib/python3.12/site-packages/neutron_lib/callbacks/manager.py:52}}
Jun 08 19:24:18.316551 np0000179051 devstack@neutron-api.service[103655]: DEBUG neutron_lib.callbacks.manager [None req-1ebc0977-766b-4982-b89a-f44ce676e55a None None] Subscribe: > floatingip after_status_update 55550000, False {{(pid=103655) subscribe /opt/stack/data/venv/lib/python3.12/site-packages/neutron_lib/callbacks/manager.py:52}}
Jun 08 19:24:18.316551 np0000179051 devstack@neutron-api.service[103655]: DEBUG neutron_lib.callbacks.manager [None req-1ebc0977-766b-4982-b89a-f44ce676e55a None None] Subscribe: > floatingip after_update 55550000, False {{(pid=103655) subscribe /opt/stack/data/venv/lib/python3.12/site-packages/neutron_lib/callbacks/manager.py:52}}
Jun 08 19:24:18.316629 np0000179051 devstack@neutron-api.service[103658]: DEBUG neutron.api.extensions [None req-06c56abf-dd1e-4c69-8a74-5566f2f07586 None None] Ext name="Logging API Extension" alias="logging" description="Provides a logging API for resources such as security group and firewall." updated="2017-01-01T10:00:00-00:00" {{(pid=103658) _check_extension /opt/stack/neutron/neutron/api/extensions.py:415}}
Jun 08 19:24:18.316718 np0000179051 devstack@neutron-api.service[103655]: DEBUG neutron_lib.callbacks.manager [None req-1ebc0977-766b-4982-b89a-f44ce676e55a None None] Subscribe: > port_forwarding after_create 55550000, False {{(pid=103655) subscribe /opt/stack/data/venv/lib/python3.12/site-packages/neutron_lib/callbacks/manager.py:52}}
Jun 08 19:24:18.316718 np0000179051 devstack@neutron-api.service[103655]: DEBUG neutron_lib.callbacks.manager [None req-1ebc0977-766b-4982-b89a-f44ce676e55a None None] Subscribe: > router_interface after_delete 55550000, False {{(pid=103655) subscribe /opt/stack/data/venv/lib/python3.12/site-packages/neutron_lib/callbacks/manager.py:52}}
Jun 08 19:24:18.316797 np0000179051 devstack@neutron-api.service[103658]: INFO neutron.api.extensions [None req-06c56abf-dd1e-4c69-8a74-5566f2f07586 None None] Extension logging not supported by any of loaded plugins
Jun 08 19:24:18.316874 np0000179051 devstack@neutron-api.service[103655]: DEBUG neutron_lib.callbacks.manager [None req-1ebc0977-766b-4982-b89a-f44ce676e55a None None] Subscribe: > router after_create 55550000, False {{(pid=103655) subscribe /opt/stack/data/venv/lib/python3.12/site-packages/neutron_lib/callbacks/manager.py:52}}
Jun 08 19:24:18.316949 np0000179051 devstack@neutron-api.service[103658]: DEBUG neutron.api.extensions [None req-06c56abf-dd1e-4c69-8a74-5566f2f07586 None None] Loading extension file: metering.py {{(pid=103658) _load_all_extensions_from_path /opt/stack/neutron/neutron/api/extensions.py:449}}
Jun 08 19:24:18.317043 np0000179051 devstack@neutron-api.service[103655]: DEBUG neutron_lib.callbacks.manager [None req-1ebc0977-766b-4982-b89a-f44ce676e55a None None] Subscribe: > router precommit_create 55550000, False {{(pid=103655) subscribe /opt/stack/data/venv/lib/python3.12/site-packages/neutron_lib/callbacks/manager.py:52}}
Jun 08 19:24:18.317043 np0000179051 devstack@neutron-api.service[103655]: DEBUG neutron_lib.callbacks.manager [None req-1ebc0977-766b-4982-b89a-f44ce676e55a None None] Subscribe: > router after_delete 55550000, False {{(pid=103655) subscribe /opt/stack/data/venv/lib/python3.12/site-packages/neutron_lib/callbacks/manager.py:52}}
Jun 08 19:24:18.317043 np0000179051 devstack@neutron-api.service[103655]: DEBUG neutron_lib.callbacks.manager [None req-1ebc0977-766b-4982-b89a-f44ce676e55a None None] Subscribe: > router after_update 55550000, False {{(pid=103655) subscribe /opt/stack/data/venv/lib/python3.12/site-packages/neutron_lib/callbacks/manager.py:52}}
Jun 08 19:24:18.317185 np0000179051 devstack@neutron-api.service[103658]: DEBUG neutron.api.extensions [None req-06c56abf-dd1e-4c69-8a74-5566f2f07586 None None] Ext name="Neutron Metering" alias="metering" description="Neutron Metering extension." updated="2013-06-12T10:00:00-00:00" {{(pid=103658) _check_extension /opt/stack/neutron/neutron/api/extensions.py:415}}
Jun 08 19:24:18.317219 np0000179051 devstack@neutron-api.service[103655]: DEBUG neutron.services.service_base [None req-1ebc0977-766b-4982-b89a-f44ce676e55a None None] Loaded 'neutron.services.ovn_l3.service_providers.ovn.OvnDriver' provider for service L3_ROUTER_NAT {{(pid=103655) load_drivers /opt/stack/neutron/neutron/services/service_base.py:49}}
Jun 08 19:24:18.317277 np0000179051 devstack@neutron-api.service[103658]: INFO neutron.api.extensions [None req-06c56abf-dd1e-4c69-8a74-5566f2f07586 None None] Extension metering not supported by any of loaded plugins
Jun 08 19:24:18.317306 np0000179051 devstack@neutron-api.service[103655]: DEBUG neutron_lib.callbacks.manager [None req-1ebc0977-766b-4982-b89a-f44ce676e55a None None] Subscribe: > process after_init 55550001, True {{(pid=103655) subscribe /opt/stack/data/venv/lib/python3.12/site-packages/neutron_lib/callbacks/manager.py:52}}
Jun 08 19:24:18.317373 np0000179051 devstack@neutron-api.service[103658]: DEBUG neutron.api.extensions [None req-06c56abf-dd1e-4c69-8a74-5566f2f07586 None None] Loading extension file: metering_source_and_destination_fields.py {{(pid=103658) _load_all_extensions_from_path /opt/stack/neutron/neutron/api/extensions.py:449}}
Jun 08 19:24:18.317456 np0000179051 devstack@neutron-api.service[103655]: DEBUG neutron.manager [None req-1ebc0977-766b-4982-b89a-f44ce676e55a None None] Successfully loaded L3_ROUTER_NAT plugin. Description: L3 Router Service Plugin for basic L3 forwarding using OVN {{(pid=103655) _create_and_add_service_plugin /opt/stack/neutron/neutron/manager.py:239}}
Jun 08 19:24:18.317456 np0000179051 devstack@neutron-api.service[103655]: INFO neutron.manager [None req-1ebc0977-766b-4982-b89a-f44ce676e55a None None] Loading Plugin: auto_allocate
Jun 08 19:24:18.317536 np0000179051 devstack@neutron-api.service[103658]: DEBUG neutron.api.extensions [None req-06c56abf-dd1e-4c69-8a74-5566f2f07586 None None] Ext name="Neutron Metering with source and destination filtering" alias="metering_source_and_destination_fields" description="Neutron Metering extension that enables the use of source and destination IP prefixes to create metering label rules." updated="2020-08-21T08:12:00-00:00" {{(pid=103658) _check_extension /opt/stack/neutron/neutron/api/extensions.py:415}}
Jun 08 19:24:18.317536 np0000179051 devstack@neutron-api.service[103658]: INFO neutron.api.extensions [None req-06c56abf-dd1e-4c69-8a74-5566f2f07586 None None] Extension metering_source_and_destination_fields not supported by any of loaded plugins
Jun 08 19:24:18.317630 np0000179051 devstack@neutron-api.service[103658]: DEBUG neutron.api.extensions [None req-06c56abf-dd1e-4c69-8a74-5566f2f07586 None None] Loading extension file: multiprovidernet.py {{(pid=103658) _load_all_extensions_from_path /opt/stack/neutron/neutron/api/extensions.py:449}}
Jun 08 19:24:18.318635 np0000179051 devstack@neutron-api.service[103658]: DEBUG neutron.api.extensions [None req-06c56abf-dd1e-4c69-8a74-5566f2f07586 None None] Ext name="Multi Provider Network" alias="multi-provider" description="Expose mapping of virtual networks to multiple physical networks" updated="2013-06-27T10:00:00-00:00" {{(pid=103658) _check_extension /opt/stack/neutron/neutron/api/extensions.py:415}}
Jun 08 19:24:18.318635 np0000179051 devstack@neutron-api.service[103658]: INFO neutron.api.extensions [None req-06c56abf-dd1e-4c69-8a74-5566f2f07586 None None] Loaded extension: multi-provider
Jun 08 19:24:18.318635 np0000179051 devstack@neutron-api.service[103658]: DEBUG neutron.api.extensions [None req-06c56abf-dd1e-4c69-8a74-5566f2f07586 None None] Loading extension file: netmtu.py {{(pid=103658) _load_all_extensions_from_path /opt/stack/neutron/neutron/api/extensions.py:449}}
Jun 08 19:24:18.320386 np0000179051 devstack@neutron-api.service[103655]: DEBUG neutron_lib.callbacks.manager [None req-1ebc0977-766b-4982-b89a-f44ce676e55a None None] Subscribe: network precommit_update 55550000, False {{(pid=103655) subscribe /opt/stack/data/venv/lib/python3.12/site-packages/neutron_lib/callbacks/manager.py:52}}
Jun 08 19:24:18.320386 np0000179051 devstack@neutron-api.service[103655]: DEBUG neutron_lib.callbacks.manager [None req-1ebc0977-766b-4982-b89a-f44ce676e55a None None] Subscribe: network precommit_create 55550000, False {{(pid=103655) subscribe /opt/stack/data/venv/lib/python3.12/site-packages/neutron_lib/callbacks/manager.py:52}}
Jun 08 19:24:18.320729 np0000179051 devstack@neutron-api.service[103658]: DEBUG neutron.api.extensions [None req-06c56abf-dd1e-4c69-8a74-5566f2f07586 None None] Ext name="Network MTU" alias="net-mtu" description="Provides MTU attribute for a network resource." updated="2015-03-25T10:00:00-00:00" {{(pid=103658) _check_extension /opt/stack/neutron/neutron/api/extensions.py:415}}
Jun 08 19:24:18.321664 np0000179051 devstack@neutron-api.service[103655]: DEBUG neutron.manager [None req-1ebc0977-766b-4982-b89a-f44ce676e55a None None] Successfully loaded auto-allocated-topology plugin. Description: Auto Allocated Topology - aka get me a network. {{(pid=103655) _create_and_add_service_plugin /opt/stack/neutron/neutron/manager.py:239}}
Jun 08 19:24:18.322017 np0000179051 devstack@neutron-api.service[103658]: INFO neutron.api.extensions [None req-06c56abf-dd1e-4c69-8a74-5566f2f07586 None None] Loaded extension: net-mtu
Jun 08 19:24:18.322236 np0000179051 devstack@neutron-api.service[103655]: INFO neutron.manager [None req-1ebc0977-766b-4982-b89a-f44ce676e55a None None] Loading Plugin: tag
Jun 08 19:24:18.322454 np0000179051 devstack@neutron-api.service[103658]: DEBUG neutron.api.extensions [None req-06c56abf-dd1e-4c69-8a74-5566f2f07586 None None] Loading extension file: netmtu_writable.py {{(pid=103658) _load_all_extensions_from_path /opt/stack/neutron/neutron/api/extensions.py:449}}
Jun 08 19:24:18.322454 np0000179051 devstack@neutron-api.service[103658]: DEBUG neutron.api.extensions [None req-06c56abf-dd1e-4c69-8a74-5566f2f07586 None None] Ext name="Network MTU (writable)" alias="net-mtu-writable" description="Provides a writable MTU attribute for a network resource." updated="2017-07-12T00:00:00-00:00" {{(pid=103658) _check_extension /opt/stack/neutron/neutron/api/extensions.py:415}}
Jun 08 19:24:18.322454 np0000179051 devstack@neutron-api.service[103658]: INFO neutron.api.extensions [None req-06c56abf-dd1e-4c69-8a74-5566f2f07586 None None] Loaded extension: net-mtu-writable
Jun 08 19:24:18.322454 np0000179051 devstack@neutron-api.service[103658]: DEBUG neutron.api.extensions [None req-06c56abf-dd1e-4c69-8a74-5566f2f07586 None None] Loading extension file: network_availability_zone.py {{(pid=103658) _load_all_extensions_from_path /opt/stack/neutron/neutron/api/extensions.py:449}}
Jun 08 19:24:18.322454 np0000179051 devstack@neutron-api.service[103658]: DEBUG neutron.api.extensions [None req-06c56abf-dd1e-4c69-8a74-5566f2f07586 None None] Ext name="Network Availability Zone" alias="network_availability_zone" description="Availability zone support for network." updated="2015-01-01T10:00:00-00:00" {{(pid=103658) _check_extension /opt/stack/neutron/neutron/api/extensions.py:415}}
Jun 08 19:24:18.322454 np0000179051 devstack@neutron-api.service[103658]: INFO neutron.api.extensions [None req-06c56abf-dd1e-4c69-8a74-5566f2f07586 None None] Loaded extension: network_availability_zone
Jun 08 19:24:18.322454 np0000179051 devstack@neutron-api.service[103658]: DEBUG neutron.api.extensions [None req-06c56abf-dd1e-4c69-8a74-5566f2f07586 None None] Loading extension file: network_ha.py {{(pid=103658) _load_all_extensions_from_path /opt/stack/neutron/neutron/api/extensions.py:449}}
Jun 08 19:24:18.322799 np0000179051 devstack@neutron-api.service[103658]: DEBUG neutron.api.extensions [None req-06c56abf-dd1e-4c69-8a74-5566f2f07586 None None] Ext name="Network HA creation flag" alias="network_ha" description="Network high availability creation flag." updated="2023-04-27T10:00:00-00:00" {{(pid=103658) _check_extension /opt/stack/neutron/neutron/api/extensions.py:415}}
Jun 08 19:24:18.322799 np0000179051 devstack@neutron-api.service[103658]: INFO neutron.api.extensions [None req-06c56abf-dd1e-4c69-8a74-5566f2f07586 None None] Extension network_ha not supported by any of loaded plugins
Jun 08 19:24:18.322799 np0000179051 devstack@neutron-api.service[103658]: DEBUG neutron.api.extensions [None req-06c56abf-dd1e-4c69-8a74-5566f2f07586 None None] Loading extension file: network_ip_availability.py {{(pid=103658) _load_all_extensions_from_path /opt/stack/neutron/neutron/api/extensions.py:449}}
Jun 08 19:24:18.322799 np0000179051 devstack@neutron-api.service[103658]: DEBUG neutron.api.extensions [None req-06c56abf-dd1e-4c69-8a74-5566f2f07586 None None] Ext name="Network IP Availability" alias="network-ip-availability" description="Provides IP availability data for each network and subnet." updated="2015-09-24T00:00:00-00:00" {{(pid=103658) _check_extension /opt/stack/neutron/neutron/api/extensions.py:415}}
Jun 08 19:24:18.322799 np0000179051 devstack@neutron-api.service[103658]: INFO neutron.api.extensions [None req-06c56abf-dd1e-4c69-8a74-5566f2f07586 None None] Loaded extension: network-ip-availability
Jun 08 19:24:18.322799 np0000179051 devstack@neutron-api.service[103658]: DEBUG neutron.api.extensions [None req-06c56abf-dd1e-4c69-8a74-5566f2f07586 None None] Loading extension file: network_ip_availability_details.py {{(pid=103658) _load_all_extensions_from_path /opt/stack/neutron/neutron/api/extensions.py:449}}
Jun 08 19:24:18.323660 np0000179051 devstack@neutron-api.service[103658]: DEBUG neutron.api.extensions [None req-06c56abf-dd1e-4c69-8a74-5566f2f07586 None None] Ext name="Network IP Availability Details Extension" alias="network-ip-availability-details" description="Add ip_availability_details attribute to network-ip-availabilities resource." updated="2025-10-31T00:00:00-00:00" {{(pid=103658) _check_extension /opt/stack/neutron/neutron/api/extensions.py:415}}
Jun 08 19:24:18.323660 np0000179051 devstack@neutron-api.service[103658]: INFO neutron.api.extensions [None req-06c56abf-dd1e-4c69-8a74-5566f2f07586 None None] Loaded extension: network-ip-availability-details
Jun 08 19:24:18.323660 np0000179051 devstack@neutron-api.service[103658]: DEBUG neutron.api.extensions [None req-06c56abf-dd1e-4c69-8a74-5566f2f07586 None None] Loading extension file: network_segment_range.py {{(pid=103658) _load_all_extensions_from_path /opt/stack/neutron/neutron/api/extensions.py:449}}
Jun 08 19:24:18.324908 np0000179051 devstack@neutron-api.service[103655]: DEBUG neutron.manager [None req-1ebc0977-766b-4982-b89a-f44ce676e55a None None] Successfully loaded TAG plugin. Description: Tag support {{(pid=103655) _create_and_add_service_plugin /opt/stack/neutron/neutron/manager.py:239}}
Jun 08 19:24:18.324908 np0000179051 devstack@neutron-api.service[103655]: INFO neutron.manager [None req-1ebc0977-766b-4982-b89a-f44ce676e55a None None] Loading Plugin: timestamp
Jun 08 19:24:18.325240 np0000179051 devstack@neutron-api.service[103658]: DEBUG neutron.api.extensions [None req-06c56abf-dd1e-4c69-8a74-5566f2f07586 None None] Ext name="Neutron Network Segment Range" alias="network-segment-range" description="Provides support for the network segment range management" updated="2018-11-29T00:00:00-00:00" {{(pid=103658) _check_extension /opt/stack/neutron/neutron/api/extensions.py:415}}
Jun 08 19:24:18.325240 np0000179051 devstack@neutron-api.service[103658]: INFO neutron.api.extensions [None req-06c56abf-dd1e-4c69-8a74-5566f2f07586 None None] Extension network-segment-range not supported by any of loaded plugins
Jun 08 19:24:18.325240 np0000179051 devstack@neutron-api.service[103658]: DEBUG neutron.api.extensions [None req-06c56abf-dd1e-4c69-8a74-5566f2f07586 None None] Loading extension file: pagination.py {{(pid=103658) _load_all_extensions_from_path /opt/stack/neutron/neutron/api/extensions.py:449}}
Jun 08 19:24:18.325240 np0000179051 devstack@neutron-api.service[103658]: DEBUG neutron.api.extensions [None req-06c56abf-dd1e-4c69-8a74-5566f2f07586 None None] Ext name="Pagination support" alias="pagination" description="Extension that indicates that pagination is enabled." updated="2016-06-12T00:00:00-00:00" {{(pid=103658) _check_extension /opt/stack/neutron/neutron/api/extensions.py:415}}
Jun 08 19:24:18.325240 np0000179051 devstack@neutron-api.service[103658]: INFO neutron.api.extensions [None req-06c56abf-dd1e-4c69-8a74-5566f2f07586 None None] Loaded extension: pagination
Jun 08 19:24:18.325240 np0000179051 devstack@neutron-api.service[103658]: DEBUG neutron.api.extensions [None req-06c56abf-dd1e-4c69-8a74-5566f2f07586 None None] Loading extension file: port_device_profile.py {{(pid=103658) _load_all_extensions_from_path /opt/stack/neutron/neutron/api/extensions.py:449}}
Jun 08 19:24:18.325240 np0000179051 devstack@neutron-api.service[103658]: DEBUG neutron.api.extensions [None req-06c56abf-dd1e-4c69-8a74-5566f2f07586 None None] Ext name="Port device profile" alias="port-device-profile" description="Expose the port device profile (Cyborg)" updated="2020-12-17T10:00:00-00:00" {{(pid=103658) _check_extension /opt/stack/neutron/neutron/api/extensions.py:415}}
Jun 08 19:24:18.325615 np0000179051 devstack@neutron-api.service[103655]: DEBUG neutron.manager [None req-1ebc0977-766b-4982-b89a-f44ce676e55a None None] Successfully loaded timestamp plugin. Description: Adds timestamps to Neutron resources with standard attributes {{(pid=103655) _create_and_add_service_plugin /opt/stack/neutron/neutron/manager.py:239}}
Jun 08 19:24:18.325815 np0000179051 devstack@neutron-api.service[103658]: INFO neutron.api.extensions [None req-06c56abf-dd1e-4c69-8a74-5566f2f07586 None None] Loaded extension: port-device-profile
Jun 08 19:24:18.326067 np0000179051 devstack@neutron-api.service[103655]: INFO neutron.manager [None req-1ebc0977-766b-4982-b89a-f44ce676e55a None None] Loading Plugin: network_ip_availability
Jun 08 19:24:18.326434 np0000179051 devstack@neutron-api.service[103658]: DEBUG neutron.api.extensions [None req-06c56abf-dd1e-4c69-8a74-5566f2f07586 None None] Loading extension file: port_hardware_offload_type.py {{(pid=103658) _load_all_extensions_from_path /opt/stack/neutron/neutron/api/extensions.py:449}}
Jun 08 19:24:18.326434 np0000179051 devstack@neutron-api.service[103658]: DEBUG neutron.api.extensions [None req-06c56abf-dd1e-4c69-8a74-5566f2f07586 None None] Ext name="Port hardware offload" alias="port-hardware-offload-type" description="Expose port hardware offload extension" updated="2023-05-09T10:00:00-00:00" {{(pid=103658) _check_extension /opt/stack/neutron/neutron/api/extensions.py:415}}
Jun 08 19:24:18.326434 np0000179051 devstack@neutron-api.service[103658]: INFO neutron.api.extensions [None req-06c56abf-dd1e-4c69-8a74-5566f2f07586 None None] Extension port-hardware-offload-type not supported by any of loaded plugins
Jun 08 19:24:18.326434 np0000179051 devstack@neutron-api.service[103658]: DEBUG neutron.api.extensions [None req-06c56abf-dd1e-4c69-8a74-5566f2f07586 None None] Loading extension file: port_hint_ovs_tx_steering.py {{(pid=103658) _load_all_extensions_from_path /opt/stack/neutron/neutron/api/extensions.py:449}}
Jun 08 19:24:18.326434 np0000179051 devstack@neutron-api.service[103658]: DEBUG neutron.api.extensions [None req-06c56abf-dd1e-4c69-8a74-5566f2f07586 None None] Ext name="Port hint: Open vSwitch Tx steering" alias="port-hint-ovs-tx-steering" description="Enable Port hint: Open vSwitch Tx steering" updated="2023-01-01T00:00:00-00:00" {{(pid=103658) _check_extension /opt/stack/neutron/neutron/api/extensions.py:415}}
Jun 08 19:24:18.326434 np0000179051 devstack@neutron-api.service[103658]: INFO neutron.api.extensions [None req-06c56abf-dd1e-4c69-8a74-5566f2f07586 None None] Extension port-hint-ovs-tx-steering not supported by any of loaded plugins
Jun 08 19:24:18.326434 np0000179051 devstack@neutron-api.service[103658]: DEBUG neutron.api.extensions [None req-06c56abf-dd1e-4c69-8a74-5566f2f07586 None None] Loading extension file: port_hints.py {{(pid=103658) _load_all_extensions_from_path /opt/stack/neutron/neutron/api/extensions.py:449}}
