May 06 04:23:12.101470 np0000172173 devstack@neutron-api.service[103245]: DEBUG dbcounter [-] [103245] Writing DB stats neutron:UPDATE=1,neutron:SELECT=1 {{(pid=103245) stat_writer /opt/stack/data/venv/lib/python3.12/site-packages/dbcounter.py:115}}
May 06 04:23:12.126534 np0000172173 devstack@neutron-api.service[103242]: DEBUG dbcounter [-] [103242] Writing DB stats neutron:UPDATE=1,neutron:SELECT=1 {{(pid=103242) stat_writer /opt/stack/data/venv/lib/python3.12/site-packages/dbcounter.py:115}}
May 06 04:23:12.269962 np0000172173 devstack@neutron-api.service[103244]: DEBUG dbcounter [-] [103244] Writing DB stats neutron:UPDATE=1,neutron:SELECT=1 {{(pid=103244) stat_writer /opt/stack/data/venv/lib/python3.12/site-packages/dbcounter.py:115}}
May 06 04:23:16.381301 np0000172173 devstack@neutron-api.service[103243]: DEBUG futurist.periodics [-] Submitting periodic callback 'neutron.plugins.ml2.drivers.ovn.mech_driver.ovsdb.maintenance.HashRingHealthCheckPeriodics.touch_hash_ring_node' {{(pid=103243) _process_scheduled /opt/stack/data/venv/lib/python3.12/site-packages/futurist/periodics.py:784}}
May 06 04:23:16.382202 np0000172173 devstack@neutron-api.service[103243]: DEBUG neutron.plugins.ml2.drivers.ovn.mech_driver.ovsdb.maintenance [-] Touching Hash Ring node "1412e8b4e7c5574493037c008c4f3d39" from periodic health check thread {{(pid=103243) touch_hash_ring_node /opt/stack/neutron/neutron/plugins/ml2/drivers/ovn/mech_driver/ovsdb/maintenance.py:1466}}
May 06 04:23:17.091794 np0000172173 devstack@neutron-api.service[103245]: DEBUG futurist.periodics [-] Submitting periodic callback 'neutron.plugins.ml2.drivers.ovn.mech_driver.ovsdb.maintenance.HashRingHealthCheckPeriodics.touch_hash_ring_node' {{(pid=103245) _process_scheduled /opt/stack/data/venv/lib/python3.12/site-packages/futurist/periodics.py:784}}
May 06 04:23:17.092540 np0000172173 devstack@neutron-api.service[103245]: DEBUG neutron.plugins.ml2.drivers.ovn.mech_driver.ovsdb.maintenance [-] Touching Hash Ring node "472e3564e38a55dd997a2e3fb1d48b49" from periodic health check thread {{(pid=103245) touch_hash_ring_node /opt/stack/neutron/neutron/plugins/ml2/drivers/ovn/mech_driver/ovsdb/maintenance.py:1466}}
May 06 04:23:17.116686 np0000172173 devstack@neutron-api.service[103242]: DEBUG futurist.periodics [-] Submitting periodic callback 'neutron.plugins.ml2.drivers.ovn.mech_driver.ovsdb.maintenance.HashRingHealthCheckPeriodics.touch_hash_ring_node' {{(pid=103242) _process_scheduled /opt/stack/data/venv/lib/python3.12/site-packages/futurist/periodics.py:784}}
May 06 04:23:17.117286 np0000172173 devstack@neutron-api.service[103242]: DEBUG neutron.plugins.ml2.drivers.ovn.mech_driver.ovsdb.maintenance [-] Touching Hash Ring node "1703952edd9052dda2030abf43a30493" from periodic health check thread {{(pid=103242) touch_hash_ring_node /opt/stack/neutron/neutron/plugins/ml2/drivers/ovn/mech_driver/ovsdb/maintenance.py:1466}}
May 06 04:23:17.257627 np0000172173 devstack@neutron-api.service[103244]: DEBUG futurist.periodics [-] Submitting periodic callback 'neutron.plugins.ml2.drivers.ovn.mech_driver.ovsdb.maintenance.HashRingHealthCheckPeriodics.touch_hash_ring_node' {{(pid=103244) _process_scheduled /opt/stack/data/venv/lib/python3.12/site-packages/futurist/periodics.py:784}}
May 06 04:23:17.258193 np0000172173 devstack@neutron-api.service[103244]: DEBUG neutron.plugins.ml2.drivers.ovn.mech_driver.ovsdb.maintenance [-] Touching Hash Ring node "371e4d276f485c7ab2ed25501246cb08" from periodic health check thread {{(pid=103244) touch_hash_ring_node /opt/stack/neutron/neutron/plugins/ml2/drivers/ovn/mech_driver/ovsdb/maintenance.py:1466}}
May 06 04:23:26.391589 np0000172173 devstack@neutron-api.service[103243]: DEBUG dbcounter [-] [103243] Writing DB stats neutron:UPDATE=1,neutron:SELECT=1 {{(pid=103243) stat_writer /opt/stack/data/venv/lib/python3.12/site-packages/dbcounter.py:115}}
May 06 04:23:27.103732 np0000172173 devstack@neutron-api.service[103245]: DEBUG dbcounter [-] [103245] Writing DB stats neutron:UPDATE=1,neutron:SELECT=1 {{(pid=103245) stat_writer /opt/stack/data/venv/lib/python3.12/site-packages/dbcounter.py:115}}
May 06 04:23:27.225369 np0000172173 devstack@neutron-api.service[103242]: DEBUG dbcounter [-] [103242] Writing DB stats neutron:UPDATE=1,neutron:SELECT=1 {{(pid=103242) stat_writer /opt/stack/data/venv/lib/python3.12/site-packages/dbcounter.py:115}}
May 06 04:23:27.269167 np0000172173 devstack@neutron-api.service[103244]: DEBUG dbcounter [-] [103244] Writing DB stats neutron:UPDATE=1,neutron:SELECT=1 {{(pid=103244) stat_writer /opt/stack/data/venv/lib/python3.12/site-packages/dbcounter.py:115}}
May 06 04:23:31.382089 np0000172173 devstack@neutron-api.service[103243]: DEBUG futurist.periodics [-] Submitting periodic callback 'neutron.plugins.ml2.drivers.ovn.mech_driver.ovsdb.maintenance.HashRingHealthCheckPeriodics.touch_hash_ring_node' {{(pid=103243) _process_scheduled /opt/stack/data/venv/lib/python3.12/site-packages/futurist/periodics.py:784}}
May 06 04:23:31.384433 np0000172173 devstack@neutron-api.service[103243]: DEBUG neutron.plugins.ml2.drivers.ovn.mech_driver.ovsdb.maintenance [-] Touching Hash Ring node "1412e8b4e7c5574493037c008c4f3d39" from periodic health check thread {{(pid=103243) touch_hash_ring_node /opt/stack/neutron/neutron/plugins/ml2/drivers/ovn/mech_driver/ovsdb/maintenance.py:1466}}
May 06 04:23:32.092827 np0000172173 devstack@neutron-api.service[103245]: DEBUG futurist.periodics [-] Submitting periodic callback 'neutron.plugins.ml2.drivers.ovn.mech_driver.ovsdb.maintenance.HashRingHealthCheckPeriodics.touch_hash_ring_node' {{(pid=103245) _process_scheduled /opt/stack/data/venv/lib/python3.12/site-packages/futurist/periodics.py:784}}
May 06 04:23:32.093430 np0000172173 devstack@neutron-api.service[103245]: DEBUG neutron.plugins.ml2.drivers.ovn.mech_driver.ovsdb.maintenance [-] Touching Hash Ring node "472e3564e38a55dd997a2e3fb1d48b49" from periodic health check thread {{(pid=103245) touch_hash_ring_node /opt/stack/neutron/neutron/plugins/ml2/drivers/ovn/mech_driver/ovsdb/maintenance.py:1466}}
May 06 04:23:32.117266 np0000172173 devstack@neutron-api.service[103242]: DEBUG futurist.periodics [-] Submitting periodic callback 'neutron.plugins.ml2.drivers.ovn.mech_driver.ovsdb.maintenance.HashRingHealthCheckPeriodics.touch_hash_ring_node' {{(pid=103242) _process_scheduled /opt/stack/data/venv/lib/python3.12/site-packages/futurist/periodics.py:784}}
May 06 04:23:32.117924 np0000172173 devstack@neutron-api.service[103242]: DEBUG neutron.plugins.ml2.drivers.ovn.mech_driver.ovsdb.maintenance [-] Touching Hash Ring node "1703952edd9052dda2030abf43a30493" from periodic health check thread {{(pid=103242) touch_hash_ring_node /opt/stack/neutron/neutron/plugins/ml2/drivers/ovn/mech_driver/ovsdb/maintenance.py:1466}}
May 06 04:23:32.258371 np0000172173 devstack@neutron-api.service[103244]: DEBUG futurist.periodics [-] Submitting periodic callback 'neutron.plugins.ml2.drivers.ovn.mech_driver.ovsdb.maintenance.HashRingHealthCheckPeriodics.touch_hash_ring_node' {{(pid=103244) _process_scheduled /opt/stack/data/venv/lib/python3.12/site-packages/futurist/periodics.py:784}}
May 06 04:23:32.259097 np0000172173 devstack@neutron-api.service[103244]: DEBUG neutron.plugins.ml2.drivers.ovn.mech_driver.ovsdb.maintenance [-] Touching Hash Ring node "371e4d276f485c7ab2ed25501246cb08" from periodic health check thread {{(pid=103244) touch_hash_ring_node /opt/stack/neutron/neutron/plugins/ml2/drivers/ovn/mech_driver/ovsdb/maintenance.py:1466}}
May 06 04:23:41.394861 np0000172173 devstack@neutron-api.service[103243]: DEBUG dbcounter [-] [103243] Writing DB stats neutron:UPDATE=1,neutron:SELECT=1 {{(pid=103243) stat_writer /opt/stack/data/venv/lib/python3.12/site-packages/dbcounter.py:115}}
May 06 04:23:42.106058 np0000172173 devstack@neutron-api.service[103245]: DEBUG dbcounter [-] [103245] Writing DB stats neutron:UPDATE=1,neutron:SELECT=1 {{(pid=103245) stat_writer /opt/stack/data/venv/lib/python3.12/site-packages/dbcounter.py:115}}
May 06 04:23:42.127018 np0000172173 devstack@neutron-api.service[103242]: DEBUG dbcounter [-] [103242] Writing DB stats neutron:UPDATE=1,neutron:SELECT=1 {{(pid=103242) stat_writer /opt/stack/data/venv/lib/python3.12/site-packages/dbcounter.py:115}}
May 06 04:23:42.270481 np0000172173 devstack@neutron-api.service[103244]: DEBUG dbcounter [-] [103244] Writing DB stats neutron:UPDATE=1,neutron:SELECT=1 {{(pid=103244) stat_writer /opt/stack/data/venv/lib/python3.12/site-packages/dbcounter.py:115}}
May 06 04:23:46.383579 np0000172173 devstack@neutron-api.service[103243]: DEBUG futurist.periodics [-] Submitting periodic callback 'neutron.plugins.ml2.drivers.ovn.mech_driver.ovsdb.maintenance.HashRingHealthCheckPeriodics.touch_hash_ring_node' {{(pid=103243) _process_scheduled /opt/stack/data/venv/lib/python3.12/site-packages/futurist/periodics.py:784}}
May 06 04:23:46.385317 np0000172173 devstack@neutron-api.service[103243]: DEBUG neutron.plugins.ml2.drivers.ovn.mech_driver.ovsdb.maintenance [-] Touching Hash Ring node "1412e8b4e7c5574493037c008c4f3d39" from periodic health check thread {{(pid=103243) touch_hash_ring_node /opt/stack/neutron/neutron/plugins/ml2/drivers/ovn/mech_driver/ovsdb/maintenance.py:1466}}
May 06 04:23:46.606393 np0000172173 devstack@neutron-api.service[103245]: INFO neutron.pecan_wsgi.hooks.translation [None req-162361c2-dd62-4217-96c6-bed4623e2804 admin admin] GET failed (client error): The resource could not be found.
May 06 04:23:46.606934 np0000172173 devstack@neutron-api.service[103245]: [pid: 103245|app: 0|req: 23/91] 199.204.45.216 () {64 vars in 1334 bytes} [Wed May 6 04:23:46 2026] GET /networking/v2.0/networks/admin_net => generated 111 bytes in 8 msecs (HTTP/1.1 404) 4 headers in 164 bytes (1 switches on core 0)
May 06 04:23:46.641274 np0000172173 devstack@neutron-api.service[103242]: [pid: 103242|app: 0|req: 23/92] 199.204.45.216 () {64 vars in 1346 bytes} [Wed May 6 04:23:46 2026] GET /networking/v2.0/networks?name=admin_net => generated 15 bytes in 25 msecs (HTTP/1.1 200) 4 headers in 156 bytes (1 switches on core 0)
May 06 04:23:46.890177 np0000172173 devstack@neutron-api.service[103244]: DEBUG neutron.api.v2.base [None req-3b2d0976-6a77-4837-9846-dc08a5683bfd admin admin] Request body: {'network': {'admin_state_up': True, 'project_id': '17f40077b8a74666a149f421b9bd60c1', 'name': 'admin_net'}} {{(pid=103244) prepare_request_body /opt/stack/neutron/neutron/api/v2/base.py:727}}
May 06 04:23:46.904441 np0000172173 devstack@neutron-api.service[103244]: DEBUG neutron.pecan_wsgi.hooks.quota_enforcement [None req-3b2d0976-6a77-4837-9846-dc08a5683bfd admin admin] Made reservation on behalf of 17f40077b8a74666a149f421b9bd60c1 for: {'network': 1} {{(pid=103244) before /opt/stack/neutron/neutron/pecan_wsgi/hooks/quota_enforcement.py:66}}
May 06 04:23:46.907697 np0000172173 devstack@neutron-api.service[103244]: DEBUG neutron_lib.callbacks.manager [None req-3b2d0976-6a77-4837-9846-dc08a5683bfd admin admin] Publish callbacks ['neutron.plugins.ml2.plugin.SecurityGroupDbMixin._ensure_default_security_group_handler-4016182'] for network (None), before_create {{(pid=103244) _notify_loop /opt/stack/data/venv/lib/python3.12/site-packages/neutron_lib/callbacks/manager.py:184}}
May 06 04:23:46.912863 np0000172173 devstack@neutron-api.service[103244]: DEBUG neutron_lib.callbacks.manager [None req-3b2d0976-6a77-4837-9846-dc08a5683bfd admin admin] Publish callbacks [] for security_group (None), before_create {{(pid=103244) _notify_loop /opt/stack/data/venv/lib/python3.12/site-packages/neutron_lib/callbacks/manager.py:184}}
May 06 04:23:46.991135 np0000172173 devstack@neutron-api.service[103244]: DEBUG neutron_lib.callbacks.manager [None req-3b2d0976-6a77-4837-9846-dc08a5683bfd admin admin] Publish callbacks ['neutron.plugins.ml2.drivers.ovn.mech_driver.mech_driver.OVNMechanismDriver._create_security_group_precommit-340319'] for security_group (7785ec5a-b083-4ca1-8771-56e46ebd2912), precommit_create {{(pid=103244) _notify_loop /opt/stack/data/venv/lib/python3.12/site-packages/neutron_lib/callbacks/manager.py:184}}
May 06 04:23:46.991472 np0000172173 devstack@neutron-api.service[103244]: DEBUG neutron.db.ovn_revision_numbers_db [None req-3b2d0976-6a77-4837-9846-dc08a5683bfd admin admin] create_initial_revision uuid=7785ec5a-b083-4ca1-8771-56e46ebd2912, type=security_groups, rev=-1 {{(pid=103244) create_initial_revision /opt/stack/neutron/neutron/db/ovn_revision_numbers_db.py:98}}
May 06 04:23:46.992739 np0000172173 devstack@neutron-api.service[103244]: DEBUG neutron.db.ovn_revision_numbers_db [None req-3b2d0976-6a77-4837-9846-dc08a5683bfd admin admin] create_initial_revision uuid=3b99ca6d-8052-4c84-9bb7-a03ba4bb9919, type=security_group_rules, rev=-1 {{(pid=103244) create_initial_revision /opt/stack/neutron/neutron/db/ovn_revision_numbers_db.py:98}}
May 06 04:23:46.994016 np0000172173 devstack@neutron-api.service[103244]: DEBUG neutron.db.ovn_revision_numbers_db [None req-3b2d0976-6a77-4837-9846-dc08a5683bfd admin admin] create_initial_revision uuid=89c0f953-5fef-4cb4-953f-7c057eddbcde, type=security_group_rules, rev=-1 {{(pid=103244) create_initial_revision /opt/stack/neutron/neutron/db/ovn_revision_numbers_db.py:98}}
May 06 04:23:46.995290 np0000172173 devstack@neutron-api.service[103244]: DEBUG neutron.db.ovn_revision_numbers_db [None req-3b2d0976-6a77-4837-9846-dc08a5683bfd admin admin] create_initial_revision uuid=a050c11c-6ec9-446b-b561-9ee59edf5b1c, type=security_group_rules, rev=-1 {{(pid=103244) create_initial_revision /opt/stack/neutron/neutron/db/ovn_revision_numbers_db.py:98}}
May 06 04:23:46.996408 np0000172173 devstack@neutron-api.service[103244]: DEBUG neutron.db.ovn_revision_numbers_db [None req-3b2d0976-6a77-4837-9846-dc08a5683bfd admin admin] create_initial_revision uuid=b373667b-e697-43d1-9f29-468fba841c76, type=security_group_rules, rev=-1 {{(pid=103244) create_initial_revision /opt/stack/neutron/neutron/db/ovn_revision_numbers_db.py:98}}
May 06 04:23:47.002357 np0000172173 devstack@neutron-api.service[103244]: DEBUG neutron_lib.callbacks.manager [None req-3b2d0976-6a77-4837-9846-dc08a5683bfd admin admin] Publish callbacks ['neutron.plugins.ml2.drivers.ovn.mech_driver.mech_driver.OVNMechanismDriver._create_security_group-340261', 'neutron.plugins.ml2.ovo_rpc._ObjectChangeHandler.handle_event-2473665'] for security_group (7785ec5a-b083-4ca1-8771-56e46ebd2912), after_create {{(pid=103244) _notify_loop /opt/stack/data/venv/lib/python3.12/site-packages/neutron_lib/callbacks/manager.py:184}}
May 06 04:23:47.002890 np0000172173 devstack@neutron-api.service[103244]: DEBUG ovsdbapp.backend.ovs_idl.transaction [None req-8461fcfa-2e8b-4938-aa11-d29cdbf2ee2a None None] Running txn n=1 command(idx=0): PgAddCommand(_result=None, name=pg_7785ec5a_b083_4ca1_8771_56e46ebd2912, may_exist=False, columns={'acls': [], 'external_ids': {'neutron:security_group_id': '7785ec5a-b083-4ca1-8771-56e46ebd2912'}}) {{(pid=103244) do_commit /opt/stack/data/venv/lib/python3.12/site-packages/ovsdbapp/backend/ovs_idl/transaction.py:89}}
May 06 04:23:47.003157 np0000172173 devstack@neutron-api.service[103244]: DEBUG ovsdbapp.backend.ovs_idl.transaction [None req-8461fcfa-2e8b-4938-aa11-d29cdbf2ee2a None None] Running txn n=1 command(idx=1): PgAclAddCommand(_result=None, entity=pg_7785ec5a_b083_4ca1_8771_56e46ebd2912, direction=to-lport, priority=1002, match=outport == @pg_7785ec5a_b083_4ca1_8771_56e46ebd2912 && ip6 && ip6.src == $pg_7785ec5a_b083_4ca1_8771_56e46ebd2912_ip6, action=allow-related, log=False, may_exist=True, severity=[], name=[], meter=[], external_ids={'neutron:security_group_rule_id': '3b99ca6d-8052-4c84-9bb7-a03ba4bb9919'}) {{(pid=103244) do_commit /opt/stack/data/venv/lib/python3.12/site-packages/ovsdbapp/backend/ovs_idl/transaction.py:89}}
May 06 04:23:47.003408 np0000172173 devstack@neutron-api.service[103244]: DEBUG ovsdbapp.backend.ovs_idl.transaction [None req-8461fcfa-2e8b-4938-aa11-d29cdbf2ee2a None None] Running txn n=1 command(idx=2): PgAclAddCommand(_result=None, entity=pg_7785ec5a_b083_4ca1_8771_56e46ebd2912, direction=from-lport, priority=1002, match=inport == @pg_7785ec5a_b083_4ca1_8771_56e46ebd2912 && ip4, action=allow-related, log=False, may_exist=True, severity=[], name=[], meter=[], external_ids={'neutron:security_group_rule_id': '89c0f953-5fef-4cb4-953f-7c057eddbcde'}) {{(pid=103244) do_commit /opt/stack/data/venv/lib/python3.12/site-packages/ovsdbapp/backend/ovs_idl/transaction.py:89}}
May 06 04:23:47.003782 np0000172173 devstack@neutron-api.service[103244]: DEBUG ovsdbapp.backend.ovs_idl.transaction [None req-8461fcfa-2e8b-4938-aa11-d29cdbf2ee2a None None] Running txn n=1 command(idx=3): PgAclAddCommand(_result=None, entity=pg_7785ec5a_b083_4ca1_8771_56e46ebd2912, direction=from-lport, priority=1002, match=inport == @pg_7785ec5a_b083_4ca1_8771_56e46ebd2912 && ip6, action=allow-related, log=False, may_exist=True, severity=[], name=[], meter=[], external_ids={'neutron:security_group_rule_id': 'a050c11c-6ec9-446b-b561-9ee59edf5b1c'}) {{(pid=103244) do_commit /opt/stack/data/venv/lib/python3.12/site-packages/ovsdbapp/backend/ovs_idl/transaction.py:89}}
May 06 04:23:47.004056 np0000172173 devstack@neutron-api.service[103244]: DEBUG ovsdbapp.backend.ovs_idl.transaction [None req-8461fcfa-2e8b-4938-aa11-d29cdbf2ee2a None None] Running txn n=1 command(idx=4): PgAclAddCommand(_result=None, entity=pg_7785ec5a_b083_4ca1_8771_56e46ebd2912, direction=to-lport, priority=1002, match=outport == @pg_7785ec5a_b083_4ca1_8771_56e46ebd2912 && ip4 && ip4.src == $pg_7785ec5a_b083_4ca1_8771_56e46ebd2912_ip4, action=allow-related, log=False, may_exist=True, severity=[], name=[], meter=[], external_ids={'neutron:security_group_rule_id': 'b373667b-e697-43d1-9f29-468fba841c76'}) {{(pid=103244) do_commit /opt/stack/data/venv/lib/python3.12/site-packages/ovsdbapp/backend/ovs_idl/transaction.py:89}}
May 06 04:23:47.017572 np0000172173 devstack@neutron-api.service[103244]: DEBUG neutron.common.ovn.hash_ring_manager [None req-8461fcfa-2e8b-4938-aa11-d29cdbf2ee2a None None] Hash Ring loaded. 4 active nodes. 0 offline nodes {{(pid=103244) _load_hash_ring /opt/stack/neutron/neutron/common/ovn/hash_ring_manager.py:102}}
May 06 04:23:47.018518 np0000172173 devstack@neutron-api.service[103244]: DEBUG neutron.plugins.ml2.drivers.ovn.mech_driver.ovsdb.ovsdb_monitor [None req-8461fcfa-2e8b-4938-aa11-d29cdbf2ee2a None None] Touching Hash Ring node "371e4d276f485c7ab2ed25501246cb08" from IDL notify handler {{(pid=103244) notify /opt/stack/neutron/neutron/plugins/ml2/drivers/ovn/mech_driver/ovsdb/ovsdb_monitor.py:934}}
May 06 04:23:47.019648 np0000172173 devstack@neutron-api.service[103243]: DEBUG neutron.common.ovn.hash_ring_manager [None req-40326fab-162a-4892-b738-e9566556151b None None] Hash Ring loaded. 4 active nodes. 0 offline nodes {{(pid=103243) _load_hash_ring /opt/stack/neutron/neutron/common/ovn/hash_ring_manager.py:102}}
May 06 04:23:47.023051 np0000172173 devstack@neutron-api.service[103242]: DEBUG neutron.common.ovn.hash_ring_manager [None req-1545816c-f4a4-4079-8658-605ccc32b0e8 None None] Hash Ring loaded. 4 active nodes. 0 offline nodes {{(pid=103242) _load_hash_ring /opt/stack/neutron/neutron/common/ovn/hash_ring_manager.py:102}}
May 06 04:23:47.023644 np0000172173 devstack@neutron-api.service[103245]: DEBUG neutron.common.ovn.hash_ring_manager [None req-bba4a2f2-3088-4d7d-b950-1a5e610db7a5 None None] Hash Ring loaded. 4 active nodes. 0 offline nodes {{(pid=103245) _load_hash_ring /opt/stack/neutron/neutron/common/ovn/hash_ring_manager.py:102}}
May 06 04:23:47.024415 np0000172173 devstack@neutron-api.service[103245]: DEBUG neutron.plugins.ml2.drivers.ovn.mech_driver.ovsdb.ovsdb_monitor [None req-bba4a2f2-3088-4d7d-b950-1a5e610db7a5 None None] Touching Hash Ring node "472e3564e38a55dd997a2e3fb1d48b49" from IDL notify handler {{(pid=103245) notify /opt/stack/neutron/neutron/plugins/ml2/drivers/ovn/mech_driver/ovsdb/ovsdb_monitor.py:934}}
May 06 04:23:47.026261 np0000172173 devstack@neutron-api.service[103244]: DEBUG neutron.plugins.ml2.drivers.ovn.mech_driver.ovsdb.ovsdb_monitor [None req-8461fcfa-2e8b-4938-aa11-d29cdbf2ee2a None None] Hash Ring: Node 371e4d276f485c7ab2ed25501246cb08 (host: np0000172173) handling event "create" for row 0a90b71f-e546-451d-be32-9d484f631a03 (table: ACL) {{(pid=103244) notify /opt/stack/neutron/neutron/plugins/ml2/drivers/ovn/mech_driver/ovsdb/ovsdb_monitor.py:942}}
May 06 04:23:47.027209 np0000172173 devstack@neutron-api.service[103244]: DEBUG neutron.plugins.ml2.drivers.ovn.mech_driver.ovsdb.ovsdb_monitor [None req-8461fcfa-2e8b-4938-aa11-d29cdbf2ee2a None None] Touching Hash Ring node "371e4d276f485c7ab2ed25501246cb08" from IDL notify handler {{(pid=103244) notify /opt/stack/neutron/neutron/plugins/ml2/drivers/ovn/mech_driver/ovsdb/ovsdb_monitor.py:934}}
May 06 04:23:47.029450 np0000172173 devstack@neutron-api.service[103244]: DEBUG neutron.plugins.ml2.drivers.ovn.mech_driver.ovsdb.ovsdb_monitor [None req-8461fcfa-2e8b-4938-aa11-d29cdbf2ee2a None None] Hash Ring: Node 371e4d276f485c7ab2ed25501246cb08 (host: np0000172173) handling event "create" for row 3bcd39ab-56ab-4fd0-a123-3a3d7a07dd23 (table: ACL) {{(pid=103244) notify /opt/stack/neutron/neutron/plugins/ml2/drivers/ovn/mech_driver/ovsdb/ovsdb_monitor.py:942}}
May 06 04:23:47.030352 np0000172173 devstack@neutron-api.service[103245]: DEBUG neutron.plugins.ml2.drivers.ovn.mech_driver.ovsdb.ovsdb_monitor [None req-bba4a2f2-3088-4d7d-b950-1a5e610db7a5 None None] Hash Ring: Node 472e3564e38a55dd997a2e3fb1d48b49 (host: np0000172173) handling event "create" for row 77237525-ad7c-4acd-b45f-563b9ec322ca (table: ACL) {{(pid=103245) notify /opt/stack/neutron/neutron/plugins/ml2/drivers/ovn/mech_driver/ovsdb/ovsdb_monitor.py:942}}
May 06 04:23:47.030542 np0000172173 devstack@neutron-api.service[103244]: DEBUG neutron.plugins.ml2.drivers.ovn.mech_driver.ovsdb.ovsdb_monitor [None req-8461fcfa-2e8b-4938-aa11-d29cdbf2ee2a None None] Touching Hash Ring node "371e4d276f485c7ab2ed25501246cb08" from IDL notify handler {{(pid=103244) notify /opt/stack/neutron/neutron/plugins/ml2/drivers/ovn/mech_driver/ovsdb/ovsdb_monitor.py:934}}
May 06 04:23:47.031385 np0000172173 devstack@neutron-api.service[103245]: DEBUG neutron.plugins.ml2.drivers.ovn.mech_driver.ovsdb.ovsdb_monitor [None req-bba4a2f2-3088-4d7d-b950-1a5e610db7a5 None None] Touching Hash Ring node "472e3564e38a55dd997a2e3fb1d48b49" from IDL notify handler {{(pid=103245) notify /opt/stack/neutron/neutron/plugins/ml2/drivers/ovn/mech_driver/ovsdb/ovsdb_monitor.py:934}}
May 06 04:23:47.032720 np0000172173 devstack@neutron-api.service[103244]: DEBUG neutron.plugins.ml2.drivers.ovn.mech_driver.ovsdb.ovsdb_monitor [None req-8461fcfa-2e8b-4938-aa11-d29cdbf2ee2a None None] Hash Ring: Node 371e4d276f485c7ab2ed25501246cb08 (host: np0000172173) handling event "create" for row eb738344-34da-4719-a75d-e62f71b9065c (table: ACL) {{(pid=103244) notify /opt/stack/neutron/neutron/plugins/ml2/drivers/ovn/mech_driver/ovsdb/ovsdb_monitor.py:942}}
May 06 04:23:47.033842 np0000172173 devstack@neutron-api.service[103245]: DEBUG neutron.plugins.ml2.drivers.ovn.mech_driver.ovsdb.ovsdb_monitor [None req-bba4a2f2-3088-4d7d-b950-1a5e610db7a5 None None] Hash Ring: Node 472e3564e38a55dd997a2e3fb1d48b49 (host: np0000172173) handling event "create" for row 3c1c54cf-beba-42a9-824b-cb676d3d95de (table: Port_Group) {{(pid=103245) notify /opt/stack/neutron/neutron/plugins/ml2/drivers/ovn/mech_driver/ovsdb/ovsdb_monitor.py:942}}
May 06 04:23:47.057587 np0000172173 devstack@neutron-api.service[103244]: INFO neutron.db.ovn_revision_numbers_db [None req-3b2d0976-6a77-4837-9846-dc08a5683bfd admin admin] Successfully bumped revision number for resource 7785ec5a-b083-4ca1-8771-56e46ebd2912 (type: security_groups) to 1
May 06 04:23:47.071057 np0000172173 devstack@neutron-api.service[103244]: INFO neutron.db.ovn_revision_numbers_db [None req-3b2d0976-6a77-4837-9846-dc08a5683bfd admin admin] Successfully bumped revision number for resource 3b99ca6d-8052-4c84-9bb7-a03ba4bb9919 (type: security_group_rules) to 0
May 06 04:23:47.083279 np0000172173 devstack@neutron-api.service[103244]: INFO neutron.db.ovn_revision_numbers_db [None req-3b2d0976-6a77-4837-9846-dc08a5683bfd admin admin] Successfully bumped revision number for resource 89c0f953-5fef-4cb4-953f-7c057eddbcde (type: security_group_rules) to 0
May 06 04:23:47.093282 np0000172173 devstack@neutron-api.service[103245]: DEBUG futurist.periodics [-] Submitting periodic callback 'neutron.plugins.ml2.drivers.ovn.mech_driver.ovsdb.maintenance.HashRingHealthCheckPeriodics.touch_hash_ring_node' {{(pid=103245) _process_scheduled /opt/stack/data/venv/lib/python3.12/site-packages/futurist/periodics.py:784}}
May 06 04:23:47.093776 np0000172173 devstack@neutron-api.service[103245]: DEBUG neutron.plugins.ml2.drivers.ovn.mech_driver.ovsdb.maintenance [-] Touching Hash Ring node "472e3564e38a55dd997a2e3fb1d48b49" from periodic health check thread {{(pid=103245) touch_hash_ring_node /opt/stack/neutron/neutron/plugins/ml2/drivers/ovn/mech_driver/ovsdb/maintenance.py:1466}}
May 06 04:23:47.096545 np0000172173 devstack@neutron-api.service[103244]: INFO neutron.db.ovn_revision_numbers_db [None req-3b2d0976-6a77-4837-9846-dc08a5683bfd admin admin] Successfully bumped revision number for resource a050c11c-6ec9-446b-b561-9ee59edf5b1c (type: security_group_rules) to 0
May 06 04:23:47.109330 np0000172173 devstack@neutron-api.service[103244]: INFO neutron.db.ovn_revision_numbers_db [None req-3b2d0976-6a77-4837-9846-dc08a5683bfd admin admin] Successfully bumped revision number for resource b373667b-e697-43d1-9f29-468fba841c76 (type: security_group_rules) to 0
May 06 04:23:47.117967 np0000172173 devstack@neutron-api.service[103242]: DEBUG futurist.periodics [-] Submitting periodic callback 'neutron.plugins.ml2.drivers.ovn.mech_driver.ovsdb.maintenance.HashRingHealthCheckPeriodics.touch_hash_ring_node' {{(pid=103242) _process_scheduled /opt/stack/data/venv/lib/python3.12/site-packages/futurist/periodics.py:784}}
May 06 04:23:47.118558 np0000172173 devstack@neutron-api.service[103242]: DEBUG neutron.plugins.ml2.drivers.ovn.mech_driver.ovsdb.maintenance [-] Touching Hash Ring node "1703952edd9052dda2030abf43a30493" from periodic health check thread {{(pid=103242) touch_hash_ring_node /opt/stack/neutron/neutron/plugins/ml2/drivers/ovn/mech_driver/ovsdb/maintenance.py:1466}}
May 06 04:23:47.135026 np0000172173 devstack@neutron-api.service[103244]: DEBUG neutron.api.rpc.handlers.resources_rpc [None req-3b2d0976-6a77-4837-9846-dc08a5683bfd admin admin] Pushing event updated for resources: {'SecurityGroup': ['ID=7785ec5a-b083-4ca1-8771-56e46ebd2912,revision_number=1']} {{(pid=103244) push /opt/stack/neutron/neutron/api/rpc/handlers/resources_rpc.py:237}}
May 06 04:23:47.140540 np0000172173 devstack@neutron-api.service[103244]: DEBUG ovsdbapp.backend.ovs_idl.transaction [None req-8461fcfa-2e8b-4938-aa11-d29cdbf2ee2a None None] Running txn n=1 command(idx=0): CheckLivenessCommand(_result=None) {{(pid=103244) do_commit /opt/stack/data/venv/lib/python3.12/site-packages/ovsdbapp/backend/ovs_idl/transaction.py:89}}
May 06 04:23:47.143516 np0000172173 devstack@neutron-api.service[103242]: DEBUG neutron.plugins.ml2.drivers.ovn.mech_driver.ovsdb.ovsdb_monitor [None req-1545816c-f4a4-4079-8658-605ccc32b0e8 None None] Touching Hash Ring node "1703952edd9052dda2030abf43a30493" from IDL notify handler {{(pid=103242) notify /opt/stack/neutron/neutron/plugins/ml2/drivers/ovn/mech_driver/ovsdb/ovsdb_monitor.py:934}}
May 06 04:23:47.145849 np0000172173 devstack@neutron-api.service[103244]: DEBUG neutron.api.rpc.callbacks.version_manager [None req-3b2d0976-6a77-4837-9846-dc08a5683bfd admin admin] Tracked resource versions report:
May 06 04:23:47.145849 np0000172173 devstack@neutron-api.service[103244]: pushed versions:
May 06 04:23:47.145849 np0000172173 devstack@neutron-api.service[103244]: { 'AddressGroup': {'1.2'},
May 06 04:23:47.145849 np0000172173 devstack@neutron-api.service[103244]: 'Agent': {'1.1'},
May 06 04:23:47.145849 np0000172173 devstack@neutron-api.service[103244]: 'ConntrackHelper': {'1.0'},
May 06 04:23:47.145849 np0000172173 devstack@neutron-api.service[103244]: 'LocalIPAssociation': {'1.0'},
May 06 04:23:47.145849 np0000172173 devstack@neutron-api.service[103244]: 'Log': {'1.0'},
May 06 04:23:47.145849 np0000172173 devstack@neutron-api.service[103244]: 'NDPProxy': {'1.0'},
May 06 04:23:47.145849 np0000172173 devstack@neutron-api.service[103244]: 'Network': {'1.2'},
May 06 04:23:47.145849 np0000172173 devstack@neutron-api.service[103244]: 'Port': {'1.10'},
May 06 04:23:47.145849 np0000172173 devstack@neutron-api.service[103244]: 'PortForwarding': {'1.3'},
May 06 04:23:47.145849 np0000172173 devstack@neutron-api.service[103244]: 'QosPolicy': {'1.10'},
May 06 04:23:47.145849 np0000172173 devstack@neutron-api.service[103244]: 'SecurityGroup': {'1.6'},
May 06 04:23:47.145849 np0000172173 devstack@neutron-api.service[103244]: 'SecurityGroupRule': {'1.3'},
May 06 04:23:47.145849 np0000172173 devstack@neutron-api.service[103244]: 'SubPort': {'1.0'},
May 06 04:23:47.145849 np0000172173 devstack@neutron-api.service[103244]: 'Subnet': {'1.2'},
May 06 04:23:47.145849 np0000172173 devstack@neutron-api.service[103244]: 'Trunk': {'1.1'}}
May 06 04:23:47.145849 np0000172173 devstack@neutron-api.service[103244]: consumer versions:
May 06 04:23:47.145849 np0000172173 devstack@neutron-api.service[103244]: { OVN Neutron agent@np0000172173: {},
May 06 04:23:47.145849 np0000172173 devstack@neutron-api.service[103244]: OVN Controller Gateway agent@np0000172173: {}}
May 06 04:23:47.145849 np0000172173 devstack@neutron-api.service[103244]: {{(pid=103244) report /opt/stack/neutron/neutron/api/rpc/callbacks/version_manager.py:183}}
May 06 04:23:47.148062 np0000172173 devstack@neutron-api.service[103245]: DEBUG neutron.plugins.ml2.drivers.ovn.mech_driver.ovsdb.ovsdb_monitor [None req-432d67fb-72a6-4168-be0d-c58697e459d4 None None] ChassisAgentWriteEvent : Matched Chassis_Private, update, None None {{(pid=103245) matches /opt/stack/neutron/neutron/plugins/ml2/drivers/ovn/mech_driver/ovsdb/ovsdb_monitor.py:64}}
May 06 04:23:47.148534 np0000172173 devstack@neutron-api.service[103243]: DEBUG neutron.plugins.ml2.drivers.ovn.mech_driver.ovsdb.ovsdb_monitor [None req-50deb88b-8eeb-4449-94f1-158ea70aa201 None None] ChassisAgentWriteEvent : Matched Chassis_Private, update, None None {{(pid=103243) matches /opt/stack/neutron/neutron/plugins/ml2/drivers/ovn/mech_driver/ovsdb/ovsdb_monitor.py:64}}
May 06 04:23:47.149955 np0000172173 devstack@neutron-api.service[103242]: DEBUG neutron.plugins.ml2.drivers.ovn.mech_driver.ovsdb.ovsdb_monitor [None req-1ae7a36d-8483-4471-815e-865999e52cda None None] ChassisAgentWriteEvent : Matched Chassis_Private, update, None None {{(pid=103242) matches /opt/stack/neutron/neutron/plugins/ml2/drivers/ovn/mech_driver/ovsdb/ovsdb_monitor.py:64}}
May 06 04:23:47.151110 np0000172173 devstack@neutron-api.service[103244]: DEBUG neutron.plugins.ml2.drivers.ovn.mech_driver.ovsdb.ovsdb_monitor [None req-02519c6d-e8b1-4159-b994-e29231e2881c None None] ChassisAgentWriteEvent : Matched Chassis_Private, update, None None {{(pid=103244) matches /opt/stack/neutron/neutron/plugins/ml2/drivers/ovn/mech_driver/ovsdb/ovsdb_monitor.py:64}}
May 06 04:23:47.157280 np0000172173 devstack@neutron-api.service[103243]: DEBUG neutron.common.ovn.hash_ring_manager [None req-50deb88b-8eeb-4449-94f1-158ea70aa201 None None] Hash Ring loaded. 4 active nodes. 0 offline nodes {{(pid=103243) _load_hash_ring /opt/stack/neutron/neutron/common/ovn/hash_ring_manager.py:102}}
May 06 04:23:47.157972 np0000172173 devstack@neutron-api.service[103245]: DEBUG neutron.common.ovn.hash_ring_manager [None req-432d67fb-72a6-4168-be0d-c58697e459d4 None None] Hash Ring loaded. 4 active nodes. 0 offline nodes {{(pid=103245) _load_hash_ring /opt/stack/neutron/neutron/common/ovn/hash_ring_manager.py:102}}
May 06 04:23:47.159795 np0000172173 devstack@neutron-api.service[103242]: DEBUG neutron.plugins.ml2.drivers.ovn.mech_driver.ovsdb.ovsdb_monitor [None req-1545816c-f4a4-4079-8658-605ccc32b0e8 None None] Hash Ring: Node 1703952edd9052dda2030abf43a30493 (host: np0000172173) handling event "update" for row 24d93ad3-969c-4f22-9309-fd68de5f8ebc (table: NB_Global) {{(pid=103242) notify /opt/stack/neutron/neutron/plugins/ml2/drivers/ovn/mech_driver/ovsdb/ovsdb_monitor.py:942}}
May 06 04:23:47.162154 np0000172173 devstack@neutron-api.service[103244]: DEBUG neutron.common.ovn.hash_ring_manager [None req-02519c6d-e8b1-4159-b994-e29231e2881c None None] Hash Ring loaded. 4 active nodes. 0 offline nodes {{(pid=103244) _load_hash_ring /opt/stack/neutron/neutron/common/ovn/hash_ring_manager.py:102}}
May 06 04:23:47.162355 np0000172173 devstack@neutron-api.service[103244]: DEBUG neutron.plugins.ml2.drivers.ovn.mech_driver.ovsdb.ovsdb_monitor [None req-02519c6d-e8b1-4159-b994-e29231e2881c None None] Hash Ring: Node 371e4d276f485c7ab2ed25501246cb08 (host: np0000172173) handling event "update" for row d2f58a9b-e4b5-497b-8caa-d290169febbb (table: Chassis_Private) {{(pid=103244) notify /opt/stack/neutron/neutron/plugins/ml2/drivers/ovn/mech_driver/ovsdb/ovsdb_monitor.py:942}}
May 06 04:23:47.164447 np0000172173 devstack@neutron-api.service[103242]: DEBUG neutron.plugins.ml2.drivers.ovn.mech_driver.ovsdb.ovsdb_monitor [None req-1545816c-f4a4-4079-8658-605ccc32b0e8 None None] Touching Hash Ring node "1703952edd9052dda2030abf43a30493" from IDL notify handler {{(pid=103242) notify /opt/stack/neutron/neutron/plugins/ml2/drivers/ovn/mech_driver/ovsdb/ovsdb_monitor.py:934}}
May 06 04:23:47.168613 np0000172173 devstack@neutron-api.service[103242]: DEBUG neutron.common.ovn.hash_ring_manager [None req-1ae7a36d-8483-4471-815e-865999e52cda None None] Hash Ring loaded. 4 active nodes. 0 offline nodes {{(pid=103242) _load_hash_ring /opt/stack/neutron/neutron/common/ovn/hash_ring_manager.py:102}}
May 06 04:23:47.169335 np0000172173 devstack@neutron-api.service[103242]: DEBUG neutron.plugins.ml2.drivers.ovn.mech_driver.ovsdb.ovsdb_monitor [None req-1545816c-f4a4-4079-8658-605ccc32b0e8 None None] Hash Ring: Node 1703952edd9052dda2030abf43a30493 (host: np0000172173) handling event "update" for row 24d93ad3-969c-4f22-9309-fd68de5f8ebc (table: NB_Global) {{(pid=103242) notify /opt/stack/neutron/neutron/plugins/ml2/drivers/ovn/mech_driver/ovsdb/ovsdb_monitor.py:942}}
May 06 04:23:47.171145 np0000172173 devstack@neutron-api.service[103242]: DEBUG neutron.plugins.ml2.drivers.ovn.mech_driver.ovsdb.ovsdb_monitor [None req-1545816c-f4a4-4079-8658-605ccc32b0e8 None None] Touching Hash Ring node "1703952edd9052dda2030abf43a30493" from IDL notify handler {{(pid=103242) notify /opt/stack/neutron/neutron/plugins/ml2/drivers/ovn/mech_driver/ovsdb/ovsdb_monitor.py:934}}
May 06 04:23:47.174519 np0000172173 devstack@neutron-api.service[103242]: DEBUG neutron.plugins.ml2.drivers.ovn.mech_driver.ovsdb.ovsdb_monitor [None req-1545816c-f4a4-4079-8658-605ccc32b0e8 None None] Hash Ring: Node 1703952edd9052dda2030abf43a30493 (host: np0000172173) handling event "update" for row 24d93ad3-969c-4f22-9309-fd68de5f8ebc (table: NB_Global) {{(pid=103242) notify /opt/stack/neutron/neutron/plugins/ml2/drivers/ovn/mech_driver/ovsdb/ovsdb_monitor.py:942}}
May 06 04:23:47.176067 np0000172173 devstack@neutron-api.service[103242]: DEBUG neutron.plugins.ml2.drivers.ovn.mech_driver.ovsdb.ovsdb_monitor [None req-1545816c-f4a4-4079-8658-605ccc32b0e8 None None] Touching Hash Ring node "1703952edd9052dda2030abf43a30493" from IDL notify handler {{(pid=103242) notify /opt/stack/neutron/neutron/plugins/ml2/drivers/ovn/mech_driver/ovsdb/ovsdb_monitor.py:934}}
May 06 04:23:47.178301 np0000172173 devstack@neutron-api.service[103242]: DEBUG neutron.plugins.ml2.drivers.ovn.mech_driver.ovsdb.ovsdb_monitor [None req-1545816c-f4a4-4079-8658-605ccc32b0e8 None None] Hash Ring: Node 1703952edd9052dda2030abf43a30493 (host: np0000172173) handling event "update" for row 24d93ad3-969c-4f22-9309-fd68de5f8ebc (table: NB_Global) {{(pid=103242) notify /opt/stack/neutron/neutron/plugins/ml2/drivers/ovn/mech_driver/ovsdb/ovsdb_monitor.py:942}}
May 06 04:23:47.189903 np0000172173 devstack@neutron-api.service[103244]: DEBUG neutron.plugins.ml2.drivers.helpers [None req-3b2d0976-6a77-4837-9846-dc08a5683bfd admin admin] geneve segment allocate from pool success with {'geneve_vni': 35600} {{(pid=103244) allocate_partially_specified_segment /opt/stack/neutron/neutron/plugins/ml2/drivers/helpers.py:142}}
May 06 04:23:47.198015 np0000172173 devstack@neutron-api.service[103244]: DEBUG neutron_lib.callbacks.manager [None req-3b2d0976-6a77-4837-9846-dc08a5683bfd admin admin] Publish callbacks ['neutron.plugins.ml2.plugin.Ml2Plugin._handle_segment_change-117430'] for segment (6c683e4a-bbb3-45fd-8d3a-8dac89cc3cad), precommit_create {{(pid=103244) _notify_loop /opt/stack/data/venv/lib/python3.12/site-packages/neutron_lib/callbacks/manager.py:184}}
May 06 04:23:47.198187 np0000172173 devstack@neutron-api.service[103244]: INFO neutron.db.segments_db [None req-3b2d0976-6a77-4837-9846-dc08a5683bfd admin admin] Added segment 6c683e4a-bbb3-45fd-8d3a-8dac89cc3cad of type geneve for network 67eaf92b-6d1e-4488-8f31-ef9012942866
May 06 04:23:47.213306 np0000172173 devstack@neutron-api.service[103244]: DEBUG neutron_lib.callbacks.manager [None req-3b2d0976-6a77-4837-9846-dc08a5683bfd admin admin] Publish callbacks ['neutron.services.auto_allocate.db._ensure_external_network_default_value_callback-8333822414368'] for network (67eaf92b-6d1e-4488-8f31-ef9012942866), precommit_create {{(pid=103244) _notify_loop /opt/stack/data/venv/lib/python3.12/site-packages/neutron_lib/callbacks/manager.py:184}}
May 06 04:23:47.225744 np0000172173 devstack@neutron-api.service[103244]: DEBUG neutron.plugins.ml2.drivers.ovn.mech_driver.mech_driver [None req-3b2d0976-6a77-4837-9846-dc08a5683bfd admin admin] Validating network segment with type geneve, segmentation ID 35600, physical network None {{(pid=103244) _validate_network_segments /opt/stack/neutron/neutron/plugins/ml2/drivers/ovn/mech_driver/mech_driver.py:641}}
May 06 04:23:47.225744 np0000172173 devstack@neutron-api.service[103244]: DEBUG neutron.db.ovn_revision_numbers_db [None req-3b2d0976-6a77-4837-9846-dc08a5683bfd admin admin] create_initial_revision uuid=67eaf92b-6d1e-4488-8f31-ef9012942866, type=networks, rev=-1 {{(pid=103244) create_initial_revision /opt/stack/neutron/neutron/db/ovn_revision_numbers_db.py:98}}
May 06 04:23:47.234825 np0000172173 devstack@neutron-api.service[103244]: DEBUG neutron_lib.callbacks.manager [None req-3b2d0976-6a77-4837-9846-dc08a5683bfd admin admin] Publish callbacks ['neutron.plugins.ml2.ovo_rpc._ObjectChangeHandler.handle_event-2473676'] for network (67eaf92b-6d1e-4488-8f31-ef9012942866), after_create {{(pid=103244) _notify_loop /opt/stack/data/venv/lib/python3.12/site-packages/neutron_lib/callbacks/manager.py:184}}
May 06 04:23:47.251576 np0000172173 devstack@neutron-api.service[103244]: DEBUG neutron.api.rpc.handlers.resources_rpc [None req-3b2d0976-6a77-4837-9846-dc08a5683bfd admin admin] Pushing event updated for resources: {'Network': ['ID=67eaf92b-6d1e-4488-8f31-ef9012942866,revision_number=1']} {{(pid=103244) push /opt/stack/neutron/neutron/api/rpc/handlers/resources_rpc.py:237}}
May 06 04:23:47.259234 np0000172173 devstack@neutron-api.service[103244]: DEBUG futurist.periodics [-] Submitting periodic callback 'neutron.plugins.ml2.drivers.ovn.mech_driver.ovsdb.maintenance.HashRingHealthCheckPeriodics.touch_hash_ring_node' {{(pid=103244) _process_scheduled /opt/stack/data/venv/lib/python3.12/site-packages/futurist/periodics.py:784}}
May 06 04:23:47.260014 np0000172173 devstack@neutron-api.service[103244]: DEBUG neutron.plugins.ml2.drivers.ovn.mech_driver.ovsdb.maintenance [-] Touching Hash Ring node "371e4d276f485c7ab2ed25501246cb08" from periodic health check thread {{(pid=103244) touch_hash_ring_node /opt/stack/neutron/neutron/plugins/ml2/drivers/ovn/mech_driver/ovsdb/maintenance.py:1466}}
May 06 04:23:47.263795 np0000172173 devstack@neutron-api.service[103244]: DEBUG ovsdbapp.backend.ovs_idl.transaction [None req-8461fcfa-2e8b-4938-aa11-d29cdbf2ee2a None None] Running txn n=1 command(idx=0): AddNetworkCommand(_result=None, network_uuid=67eaf92b-6d1e-4488-8f31-ef9012942866, may_exist=True, columns={'external_ids': {'neutron:network_name': 'admin_net', 'neutron:mtu': '1372', 'neutron:revision_number': '1', 'neutron:availability_zone_hints': '', 'neutron:provnet-network-type': 'geneve'}, 'other_config': {'mcast_snoop': 'false', 'mcast_flood_unregistered': 'false', 'vlan-passthru': 'false'}}) {{(pid=103244) do_commit /opt/stack/data/venv/lib/python3.12/site-packages/ovsdbapp/backend/ovs_idl/transaction.py:89}}
May 06 04:23:47.271494 np0000172173 devstack@neutron-api.service[103242]: DEBUG neutron.plugins.ml2.drivers.ovn.mech_driver.ovsdb.ovsdb_monitor [None req-1545816c-f4a4-4079-8658-605ccc32b0e8 None None] Touching Hash Ring node "1703952edd9052dda2030abf43a30493" from IDL notify handler {{(pid=103242) notify /opt/stack/neutron/neutron/plugins/ml2/drivers/ovn/mech_driver/ovsdb/ovsdb_monitor.py:934}}
May 06 04:23:47.276176 np0000172173 devstack@neutron-api.service[103242]: DEBUG neutron.plugins.ml2.drivers.ovn.mech_driver.ovsdb.ovsdb_monitor [None req-1545816c-f4a4-4079-8658-605ccc32b0e8 None None] Hash Ring: Node 1703952edd9052dda2030abf43a30493 (host: np0000172173) handling event "create" for row 67eaf92b-6d1e-4488-8f31-ef9012942866 (table: Logical_Switch) {{(pid=103242) notify /opt/stack/neutron/neutron/plugins/ml2/drivers/ovn/mech_driver/ovsdb/ovsdb_monitor.py:942}}
May 06 04:23:47.278436 np0000172173 devstack@neutron-api.service[103242]: DEBUG neutron.plugins.ml2.drivers.ovn.mech_driver.ovsdb.ovsdb_monitor [None req-1ae7a36d-8483-4471-815e-865999e52cda None None] Hash Ring: Node 1703952edd9052dda2030abf43a30493 (host: np0000172173) handling event "create" for row 068c2366-00ed-4a6f-ab31-ed928756b82f (table: Datapath_Binding) {{(pid=103242) notify /opt/stack/neutron/neutron/plugins/ml2/drivers/ovn/mech_driver/ovsdb/ovsdb_monitor.py:942}}
May 06 04:23:47.300084 np0000172173 devstack@neutron-api.service[103244]: INFO neutron.db.ovn_revision_numbers_db [None req-3b2d0976-6a77-4837-9846-dc08a5683bfd admin admin] Successfully bumped revision number for resource 67eaf92b-6d1e-4488-8f31-ef9012942866 (type: networks) to 1
May 06 04:23:47.315652 np0000172173 devstack@neutron-api.service[103244]: DEBUG neutron_lib.callbacks.manager [None req-3b2d0976-6a77-4837-9846-dc08a5683bfd admin admin] Publish callbacks ['neutron.plugins.ml2.plugin.SecurityGroupDbMixin._ensure_default_security_group_handler-4016182'] for port (None), before_create {{(pid=103244) _notify_loop /opt/stack/data/venv/lib/python3.12/site-packages/neutron_lib/callbacks/manager.py:184}}
May 06 04:23:47.378432 np0000172173 devstack@neutron-api.service[103244]: DEBUG neutron_lib.callbacks.manager [None req-3b2d0976-6a77-4837-9846-dc08a5683bfd admin admin] Publish callbacks ['neutron.plugins.ml2.drivers.ovn.mech_driver.mech_driver.OVNMechanismDriver._validate_allowed_address_pairs-340695'] for allowed_address_pair (caf00f1a-a344-44d1-bde1-20a5ef72ffa7), before_create {{(pid=103244) _notify_loop /opt/stack/data/venv/lib/python3.12/site-packages/neutron_lib/callbacks/manager.py:184}}
May 06 04:23:47.378916 np0000172173 devstack@neutron-api.service[103244]: DEBUG neutron_lib.callbacks.manager [None req-3b2d0976-6a77-4837-9846-dc08a5683bfd admin admin] Publish callbacks [] for port (caf00f1a-a344-44d1-bde1-20a5ef72ffa7), precommit_create {{(pid=103244) _notify_loop /opt/stack/data/venv/lib/python3.12/site-packages/neutron_lib/callbacks/manager.py:184}}
May 06 04:23:47.379044 np0000172173 devstack@neutron-api.service[103244]: DEBUG neutron.plugins.ml2.drivers.ovn.mech_driver.mech_driver [None req-3b2d0976-6a77-4837-9846-dc08a5683bfd admin admin] No provisioning block for port caf00f1a-a344-44d1-bde1-20a5ef72ffa7 since it does not have a host {{(pid=103244) _is_port_provisioning_required /opt/stack/neutron/neutron/plugins/ml2/drivers/ovn/mech_driver/mech_driver.py:894}}
May 06 04:23:47.379152 np0000172173 devstack@neutron-api.service[103244]: DEBUG neutron.db.ovn_revision_numbers_db [None req-3b2d0976-6a77-4837-9846-dc08a5683bfd admin admin] create_initial_revision uuid=caf00f1a-a344-44d1-bde1-20a5ef72ffa7, type=ports, rev=-1 {{(pid=103244) create_initial_revision /opt/stack/neutron/neutron/db/ovn_revision_numbers_db.py:98}}
May 06 04:23:47.411275 np0000172173 devstack@neutron-api.service[103244]: DEBUG neutron_lib.callbacks.manager [None req-3b2d0976-6a77-4837-9846-dc08a5683bfd admin admin] Publish callbacks ['neutron.plugins.ml2.ovo_rpc._ObjectChangeHandler.handle_event-2473779'] for port (caf00f1a-a344-44d1-bde1-20a5ef72ffa7), after_create {{(pid=103244) _notify_loop /opt/stack/data/venv/lib/python3.12/site-packages/neutron_lib/callbacks/manager.py:184}}
May 06 04:23:47.441613 np0000172173 devstack@neutron-api.service[103244]: DEBUG neutron.api.rpc.handlers.resources_rpc [None req-3b2d0976-6a77-4837-9846-dc08a5683bfd admin admin] Pushing event updated for resources: {'Port': ['ID=caf00f1a-a344-44d1-bde1-20a5ef72ffa7,revision_number=1']} {{(pid=103244) push /opt/stack/neutron/neutron/api/rpc/handlers/resources_rpc.py:237}}
May 06 04:23:47.447946 np0000172173 devstack@neutron-api.service[103244]: DEBUG ovsdbapp.backend.ovs_idl.transaction [None req-8461fcfa-2e8b-4938-aa11-d29cdbf2ee2a None None] Running txn n=1 command(idx=0): AddLSwitchPortCommand(_result=None, lport=caf00f1a-a344-44d1-bde1-20a5ef72ffa7, lswitch=neutron-67eaf92b-6d1e-4488-8f31-ef9012942866, may_exist=True, network_uuid=67eaf92b-6d1e-4488-8f31-ef9012942866, columns={'addresses': ['fa:16:3e:07:18:28'], 'external_ids': {'neutron:port_name': '', 'neutron:device_id': 'ovnmeta-67eaf92b-6d1e-4488-8f31-ef9012942866', 'neutron:project_id': '17f40077b8a74666a149f421b9bd60c1', 'neutron:cidrs': '', 'neutron:device_owner': 'network:distributed', 'neutron:subnet_pool_addr_scope4': '', 'neutron:subnet_pool_addr_scope6': '', 'neutron:network_name': 'neutron-67eaf92b-6d1e-4488-8f31-ef9012942866', 'neutron:security_group_ids': '', 'neutron:revision_number': '1', 'neutron:vnic_type': 'normal', 'neutron:port_capabilities': '', 'neutron:mtu': ''}, 'parent_name': [], 'tag': [], 'enabled': True, 'options': {}, 'type': 'localport', 'port_security': [], 'dhcpv4_options': [], 'dhcpv6_options': []}) {{(pid=103244) do_commit /opt/stack/data/venv/lib/python3.12/site-packages/ovsdbapp/backend/ovs_idl/transaction.py:89}}
May 06 04:23:47.448926 np0000172173 devstack@neutron-api.service[103244]: DEBUG ovsdbapp.backend.ovs_idl.transaction [None req-8461fcfa-2e8b-4938-aa11-d29cdbf2ee2a None None] Running txn n=1 command(idx=1): QoSDelCommand(_result=None, switch=neutron-67eaf92b-6d1e-4488-8f31-ef9012942866, conditions=[('direction', '=', 'to-lport'), ('priority', '=', 2002), ('match', '=', 'outport == "caf00f1a-a344-44d1-bde1-20a5ef72ffa7"')], if_exists=True) {{(pid=103244) do_commit /opt/stack/data/venv/lib/python3.12/site-packages/ovsdbapp/backend/ovs_idl/transaction.py:89}}
May 06 04:23:47.449284 np0000172173 devstack@neutron-api.service[103244]: DEBUG ovsdbapp.backend.ovs_idl.transaction [None req-8461fcfa-2e8b-4938-aa11-d29cdbf2ee2a None None] Running txn n=1 command(idx=2): QoSDelCommand(_result=None, switch=neutron-67eaf92b-6d1e-4488-8f31-ef9012942866, conditions=[('direction', '=', 'from-lport'), ('priority', '=', 2002), ('match', '=', 'inport == "caf00f1a-a344-44d1-bde1-20a5ef72ffa7"')], if_exists=True) {{(pid=103244) do_commit /opt/stack/data/venv/lib/python3.12/site-packages/ovsdbapp/backend/ovs_idl/transaction.py:89}}
May 06 04:23:47.455688 np0000172173 devstack@neutron-api.service[103243]: DEBUG neutron.plugins.ml2.drivers.ovn.mech_driver.ovsdb.ovsdb_monitor [None req-40326fab-162a-4892-b738-e9566556151b None None] Hash Ring: Node 1412e8b4e7c5574493037c008c4f3d39 (host: np0000172173) handling event "create" for row 8b135df5-145f-4059-a8d0-79b1eb421cd4 (table: Logical_Switch_Port) {{(pid=103243) notify /opt/stack/neutron/neutron/plugins/ml2/drivers/ovn/mech_driver/ovsdb/ovsdb_monitor.py:942}}
May 06 04:23:47.457404 np0000172173 devstack@neutron-api.service[103242]: DEBUG neutron.plugins.ml2.drivers.ovn.mech_driver.ovsdb.ovsdb_monitor [None req-1545816c-f4a4-4079-8658-605ccc32b0e8 None None] Touching Hash Ring node "1703952edd9052dda2030abf43a30493" from IDL notify handler {{(pid=103242) notify /opt/stack/neutron/neutron/plugins/ml2/drivers/ovn/mech_driver/ovsdb/ovsdb_monitor.py:934}}
