2026-05-21 20:45:36.724 10 INFO neutron.db.ovn_revision_numbers_db [None req-7f986d73-3179-493f-ade1-ded29536ed2d f32d909ee4074899a349960e4eaa7102 0655296d055747bea15364f9fd10e526 - - default default] Successfully bumped revision number for resource 20053d42-7773-4163-be16-099dee07e5c0 (type: floatingips) to 1
2026-05-21 20:45:36.725 10 INFO neutron.db.l3_db [None req-7f986d73-3179-493f-ade1-ded29536ed2d f32d909ee4074899a349960e4eaa7102 0655296d055747bea15364f9fd10e526 - - default default] Floating IP 20053d42-7773-4163-be16-099dee07e5c0 associated. External IP: 10.96.250.215, port: 808fc138-4a03-4130-9a1b-c8e2a1f8a8cf.
2026-05-21 20:45:36.726 10 INFO neutron.db.ovn_revision_numbers_db [None req-144775f6-9450-470c-9362-3e92bc0cbc8e c310d653c3e34cc780cc55545c20f632 ee4a3e54630b41ccb9ca9d648993b818 - - default default] Successfully bumped revision number for resource d5a266a5-a810-4994-a891-70bcdc8f4a59 (type: networks) to 1
2026-05-21 20:45:36.786 10 INFO neutron.api.wsgi [None req-7f986d73-3179-493f-ade1-ded29536ed2d f32d909ee4074899a349960e4eaa7102 0655296d055747bea15364f9fd10e526 - - default default] 10.0.0.246 "POST /v2.0/floatingips HTTP/1.1" status: 201 len: 1042 time: 1.4857342
2026-05-21 20:45:36.834 10 INFO neutron.api.wsgi [None req-59ac76b9-4671-4359-8a6d-396e203c5aec f32d909ee4074899a349960e4eaa7102 0655296d055747bea15364f9fd10e526 - - default default] 10.0.0.246 "GET /v2.0/floatingips/20053d42-7773-4163-be16-099dee07e5c0 HTTP/1.1" status: 200 len: 1039 time: 0.0416172 /var/lib/openstack/lib/python3.12/site-packages/pycadf/identifier.py:71: UserWarning: Invalid uuid: neutron. To ensure interoperability, identifiers should be a valid uuid. warnings.warn(('Invalid uuid: %s. To ensure interoperability, '
2026-05-21 20:45:36.930 10 WARNING neutron.scheduler.dhcp_agent_scheduler [None req-144775f6-9450-470c-9362-3e92bc0cbc8e c310d653c3e34cc780cc55545c20f632 ee4a3e54630b41ccb9ca9d648993b818 - - default default] No more DHCP agents
2026-05-21 20:45:36.932 10 WARNING neutron.api.rpc.agentnotifiers.dhcp_rpc_agent_api [None req-144775f6-9450-470c-9362-3e92bc0cbc8e c310d653c3e34cc780cc55545c20f632 ee4a3e54630b41ccb9ca9d648993b818 - - default default] Unable to schedule network d5a266a5-a810-4994-a891-70bcdc8f4a59: no agents available; will retry on subsequent port and subnet creation events.
2026-05-21 20:45:36.979 9 INFO neutron.api.wsgi [None req-7fceb10d-40f8-4c23-a44f-32da0e8b0dff f32d909ee4074899a349960e4eaa7102 0655296d055747bea15364f9fd10e526 - - default default] 10.0.0.246 "GET /v2.0/floatingips HTTP/1.1" status: 200 len: 1042 time: 0.1336100
2026-05-21 20:45:36.993 9 INFO neutron.db.ovn_revision_numbers_db [None req-c88f259e-0caf-4a7f-870b-c5da70e04245 ccd9f02c1a86415a8dbb468899699ee4 359913d0a8db4235b541ea12e4041a4e - - default default] Successfully bumped revision number for resource da3feb0c-a650-4d60-a708-e278e88e5330 (type: floatingips) to 1
2026-05-21 20:45:37.013 10 INFO neutron.db.ovn_revision_numbers_db [None req-144775f6-9450-470c-9362-3e92bc0cbc8e c310d653c3e34cc780cc55545c20f632 ee4a3e54630b41ccb9ca9d648993b818 - - default default] Successfully bumped revision number for resource 21d6553b-c353-4960-9da7-557cdc2d7c22 (type: ports) to 1
2026-05-21 20:45:37.048 10 INFO neutron.api.wsgi [None req-144775f6-9450-470c-9362-3e92bc0cbc8e c310d653c3e34cc780cc55545c20f632 ee4a3e54630b41ccb9ca9d648993b818 - - default default] 10.0.0.246 "POST /v2.0/networks HTTP/1.1" status: 201 len: 1445 time: 1.8398027
2026-05-21 20:45:37.129 10 INFO neutron.api.wsgi [None req-3baa0b84-68e7-4d79-aae3-f8778f7388c4 c310d653c3e34cc780cc55545c20f632 ee4a3e54630b41ccb9ca9d648993b818 - - default default] 10.0.0.246 "GET /v2.0/networks HTTP/1.1" status: 200 len: 2051 time: 0.0738523
2026-05-21 20:45:37.129 9 INFO neutron.db.ovn_revision_numbers_db [None req-c88f259e-0caf-4a7f-870b-c5da70e04245 ccd9f02c1a86415a8dbb468899699ee4 359913d0a8db4235b541ea12e4041a4e - - default default] Successfully bumped revision number for resource da3feb0c-a650-4d60-a708-e278e88e5330 (type: floatingips) to 2
2026-05-21 20:45:37.130 9 INFO neutron.db.l3_db [None req-c88f259e-0caf-4a7f-870b-c5da70e04245 ccd9f02c1a86415a8dbb468899699ee4 359913d0a8db4235b541ea12e4041a4e - - default default] Floating IP da3feb0c-a650-4d60-a708-e278e88e5330 associated. External IP: 10.96.250.213, port: bf81e667-efe2-4295-bc7a-4201f604d8e0.
2026-05-21 20:45:37.184 9 INFO neutron.api.wsgi [None req-c88f259e-0caf-4a7f-870b-c5da70e04245 ccd9f02c1a86415a8dbb468899699ee4 359913d0a8db4235b541ea12e4041a4e - - default default] 10.0.0.246 "PUT /v2.0/floatingips/da3feb0c-a650-4d60-a708-e278e88e5330 HTTP/1.1" status: 200 len: 1050 time: 0.9804630
2026-05-21 20:45:37.695 10 INFO neutron.api.wsgi [req-ce870a64-3351-4533-95a3-ba33d925b0fe req-aa23df08-ce14-4912-a274-fafeac1bb1a3 ccd9f02c1a86415a8dbb468899699ee4 359913d0a8db4235b541ea12e4041a4e - - default default] 10.0.0.51 "GET /v2.0/ports?device_id=2c7dc9c7-b2cc-442b-99e3-6991f17ef94b HTTP/1.1" status: 200 len: 1174 time: 0.0827086
2026-05-21 20:45:37.724 9 INFO neutron.notifiers.nova [-] Nova event matching ['req-4e014a7f-ad5e-46b7-b8bd-e77b8c869a1b'] response: {'name': 'network-changed', 'server_uuid': '2c7dc9c7-b2cc-442b-99e3-6991f17ef94b', 'tag': 'bf81e667-efe2-4295-bc7a-4201f604d8e0', 'status': 'completed', 'code': 200}
2026-05-21 20:45:37.783 10 INFO neutron.api.wsgi [req-ce870a64-3351-4533-95a3-ba33d925b0fe req-04fcc430-a240-4d1b-879f-ac56ee4bbc34 ccd9f02c1a86415a8dbb468899699ee4 359913d0a8db4235b541ea12e4041a4e - - default default] 10.0.0.51 "GET /v2.0/security-groups?id=9ef62418-8333-4245-b47a-670eb8191e70&fields=id&fields=name HTTP/1.1" status: 200 len: 312 time: 0.0823562 /var/lib/openstack/lib/python3.12/site-packages/pycadf/identifier.py:71: UserWarning: Invalid uuid: neutron. To ensure interoperability, identifiers should be a valid uuid. warnings.warn(('Invalid uuid: %s. To ensure interoperability, '
2026-05-21 20:45:38.126 10 INFO neutron.services.segments.plugin [-] Segment 02375712-4cad-406b-a84f-212a347637e9 resource provider aggregate not found
2026-05-21 20:45:38.130 10 INFO neutron.services.segments.plugin [-] Segment 02375712-4cad-406b-a84f-212a347637e9 resource provider aggregate not found
2026-05-21 20:45:38.146 10 INFO neutron.services.segments.plugin [-] Segment 02375712-4cad-406b-a84f-212a347637e9 resource provider not found; error: Placement Client Error (4xx): {"errors": [{"status": 404, "title": "Not Found", "detail": "The resource could not be found.\n\n No resource provider with uuid 02375712-4cad-406b-a84f-212a347637e9 found for delete ", "request_id": "req-d2f57506-9d56-4a86-a291-e15eee300f65"}]}
2026-05-21 20:45:38.149 10 INFO neutron.services.segments.plugin [-] Segment 02375712-4cad-406b-a84f-212a347637e9 resource provider not found; error: Placement Client Error (4xx): {"errors": [{"status": 404, "title": "Not Found", "detail": "The resource could not be found.\n\n No resource provider with uuid 02375712-4cad-406b-a84f-212a347637e9 found for delete ", "request_id": "req-7ad92bf8-7b68-4800-9a30-5789437b17e1"}]}
2026-05-21 20:45:38.154 9 INFO neutron.api.wsgi [req-c5929334-bf0f-4584-a5c3-8a6df1111d72 req-994e2e23-baf5-4503-bed3-509876bc36a2 ccd9f02c1a86415a8dbb468899699ee4 359913d0a8db4235b541ea12e4041a4e - - default default] 10.0.0.51 "GET /v2.0/ports?device_id=2c7dc9c7-b2cc-442b-99e3-6991f17ef94b HTTP/1.1" status: 200 len: 1174 time: 0.0864866 /var/lib/openstack/lib/python3.12/site-packages/pycadf/identifier.py:71: UserWarning: Invalid uuid: neutron. To ensure interoperability, identifiers should be a valid uuid. warnings.warn(('Invalid uuid: %s. To ensure interoperability, '
2026-05-21 20:45:38.203 10 INFO neutron.db.ovn_revision_numbers_db [None req-ee51ae5c-84ff-40fe-b8a0-e894ef4d7133 f32d909ee4074899a349960e4eaa7102 0655296d055747bea15364f9fd10e526 - - default default] Successfully bumped revision number for resource 20053d42-7773-4163-be16-099dee07e5c0 (type: floatingips) to 2
2026-05-21 20:45:38.222 9 INFO neutron.api.wsgi [req-c5929334-bf0f-4584-a5c3-8a6df1111d72 req-c3aeb0ff-9e55-49b2-a500-8ed9bfc3879b ccd9f02c1a86415a8dbb468899699ee4 359913d0a8db4235b541ea12e4041a4e - - default default] 10.0.0.51 "GET /v2.0/security-groups?id=9ef62418-8333-4245-b47a-670eb8191e70&fields=id&fields=name HTTP/1.1" status: 200 len: 312 time: 0.0614800
2026-05-21 20:45:38.232 10 INFO neutron.api.wsgi [None req-89349e8c-8bdc-4cc0-846d-3421933d02a2 c310d653c3e34cc780cc55545c20f632 ee4a3e54630b41ccb9ca9d648993b818 - - default default] 10.0.0.246 "DELETE /v2.0/networks/4381b91e-2046-40dc-9954-0649953271f1 HTTP/1.1" status: 204 len: 168 time: 1.0943146
2026-05-21 20:45:38.278 10 INFO neutron.api.wsgi [req-60f64830-9c49-4928-989e-b49487cb3951 req-70ac9b6f-3506-4abc-bb90-fd978f250362 ed43b95edf94438e8c0f39cb43b9645c f729cf6bc5ef425a98d92696e4751bef - - 9a3d968ebfc1409faebfb5f1a7d96120 9a3d968ebfc1409faebfb5f1a7d96120] 199.19.213.150 "GET /v2.0/ports?tenant_id=359913d0a8db4235b541ea12e4041a4e&device_id=2c7dc9c7-b2cc-442b-99e3-6991f17ef94b HTTP/1.1" status: 200 len: 1413 time: 0.0432317
2026-05-21 20:45:38.345 10 INFO neutron.api.wsgi [req-60f64830-9c49-4928-989e-b49487cb3951 req-fd8a5ae9-6957-4090-b39e-817def877814 ed43b95edf94438e8c0f39cb43b9645c f729cf6bc5ef425a98d92696e4751bef - - 9a3d968ebfc1409faebfb5f1a7d96120 9a3d968ebfc1409faebfb5f1a7d96120] 199.19.213.150 "GET /v2.0/networks?id=68c75b7a-6324-40ee-977a-2e21abffc5fe HTTP/1.1" status: 200 len: 967 time: 0.0609360
2026-05-21 20:45:38.385 10 INFO neutron.db.ovn_revision_numbers_db [None req-ee51ae5c-84ff-40fe-b8a0-e894ef4d7133 f32d909ee4074899a349960e4eaa7102 0655296d055747bea15364f9fd10e526 - - default default] Successfully bumped revision number for resource 20053d42-7773-4163-be16-099dee07e5c0 (type: floatingips) to 2
2026-05-21 20:45:38.385 10 INFO neutron.db.l3_db [None req-ee51ae5c-84ff-40fe-b8a0-e894ef4d7133 f32d909ee4074899a349960e4eaa7102 0655296d055747bea15364f9fd10e526 - - default default] Floating IP 20053d42-7773-4163-be16-099dee07e5c0 associated. External IP: 10.96.250.215, port: 808fc138-4a03-4130-9a1b-c8e2a1f8a8cf.
2026-05-21 20:45:38.411 10 INFO neutron.api.wsgi [req-60f64830-9c49-4928-989e-b49487cb3951 req-8520e9ef-295a-4eba-8081-3084ebdf47c6 ed43b95edf94438e8c0f39cb43b9645c f729cf6bc5ef425a98d92696e4751bef - - 9a3d968ebfc1409faebfb5f1a7d96120 9a3d968ebfc1409faebfb5f1a7d96120] 199.19.213.150 "GET /v2.0/floatingips?fixed_ip_address=10.100.0.14&port_id=bf81e667-efe2-4295-bc7a-4201f604d8e0 HTTP/1.1" status: 200 len: 1060 time: 0.0579545
2026-05-21 20:45:38.461 10 INFO neutron.api.wsgi [req-60f64830-9c49-4928-989e-b49487cb3951 req-5bbd06d9-9db9-4ed2-8876-a45bdd7e0121 ed43b95edf94438e8c0f39cb43b9645c f729cf6bc5ef425a98d92696e4751bef - - 9a3d968ebfc1409faebfb5f1a7d96120 9a3d968ebfc1409faebfb5f1a7d96120] 199.19.213.150 "GET /v2.0/subnets?id=414025b1-6afb-403d-a45e-c07929781376 HTTP/1.1" status: 200 len: 886 time: 0.0433342
2026-05-21 20:45:38.483 10 INFO neutron.api.wsgi [None req-ee51ae5c-84ff-40fe-b8a0-e894ef4d7133 f32d909ee4074899a349960e4eaa7102 0655296d055747bea15364f9fd10e526 - - default default] 10.0.0.246 "PUT /v2.0/floatingips/20053d42-7773-4163-be16-099dee07e5c0 HTTP/1.1" status: 200 len: 1039 time: 1.4968724
2026-05-21 20:45:38.492 10 INFO neutron.api.wsgi [req-60f64830-9c49-4928-989e-b49487cb3951 req-eb209e7f-a235-4d6b-8255-0fb89a8d0ba4 ed43b95edf94438e8c0f39cb43b9645c f729cf6bc5ef425a98d92696e4751bef - - 9a3d968ebfc1409faebfb5f1a7d96120 9a3d968ebfc1409faebfb5f1a7d96120] 199.19.213.150 "GET /v2.0/ports?network_id=68c75b7a-6324-40ee-977a-2e21abffc5fe&device_owner=network%3Adhcp HTTP/1.1" status: 200 len: 210 time: 0.0225947
2026-05-21 20:45:38.538 10 INFO neutron.api.wsgi [req-60f64830-9c49-4928-989e-b49487cb3951 req-2146d2f2-7eb4-4350-8cc5-36e0fa696717 ed43b95edf94438e8c0f39cb43b9645c f729cf6bc5ef425a98d92696e4751bef - - 9a3d968ebfc1409faebfb5f1a7d96120 9a3d968ebfc1409faebfb5f1a7d96120] 199.19.213.150 "GET /v2.0/networks/68c75b7a-6324-40ee-977a-2e21abffc5fe?fields=segments HTTP/1.1" status: 200 len: 212 time: 0.0395076
2026-05-21 20:45:38.584 10 INFO neutron.api.wsgi [req-60f64830-9c49-4928-989e-b49487cb3951 req-62829f4b-bc60-4a5b-a496-32a8388e9b77 ed43b95edf94438e8c0f39cb43b9645c f729cf6bc5ef425a98d92696e4751bef - - 9a3d968ebfc1409faebfb5f1a7d96120 9a3d968ebfc1409faebfb5f1a7d96120] 199.19.213.150 "GET /v2.0/networks/68c75b7a-6324-40ee-977a-2e21abffc5fe?fields=provider%3Aphysical_network&fields=provider%3Anetwork_type HTTP/1.1" status: 200 len: 277 time: 0.0412493
2026-05-21 20:45:38.634 9 INFO neutron.plugins.ml2.drivers.ovn.mech_driver.mech_driver [None req-f84e16ed-5613-45df-a534-11890538da11 - - - - - -] OVN reports status down for port: bf81e667-efe2-4295-bc7a-4201f604d8e0
2026-05-21 20:45:38.709 9 INFO neutron.services.segments.plugin [-] Segment ce4eb111-b9e3-4168-b7b7-872d7bf840fd resource provider aggregate not found
2026-05-21 20:45:38.721 9 INFO neutron.services.segments.plugin [-] Segment ce4eb111-b9e3-4168-b7b7-872d7bf840fd resource provider aggregate not found
2026-05-21 20:45:38.733 9 INFO neutron.services.segments.plugin [-] Segment ce4eb111-b9e3-4168-b7b7-872d7bf840fd resource provider not found; error: Placement Client Error (4xx): {"errors": [{"status": 404, "title": "Not Found", "detail": "The resource could not be found.\n\n No resource provider with uuid ce4eb111-b9e3-4168-b7b7-872d7bf840fd found for delete ", "request_id": "req-0a2d8b49-f5b7-454c-96b0-979019a2d954"}]}
2026-05-21 20:45:38.740 9 INFO neutron.db.ovn_revision_numbers_db [None req-3ee74163-b177-49aa-a65d-f2d267cf9a11 f32d909ee4074899a349960e4eaa7102 0655296d055747bea15364f9fd10e526 - - default default] Successfully bumped revision number for resource 20053d42-7773-4163-be16-099dee07e5c0 (type: floatingips) to 3
2026-05-21 20:45:38.746 9 INFO neutron.services.segments.plugin [-] Segment ce4eb111-b9e3-4168-b7b7-872d7bf840fd resource provider not found; error: Placement Client Error (4xx): {"errors": [{"status": 404, "title": "Not Found", "detail": "The resource could not be found.\n\n No resource provider with uuid ce4eb111-b9e3-4168-b7b7-872d7bf840fd found for delete ", "request_id": "req-d1266dd4-de49-4687-b0e0-19d97c8386d4"}]}
2026-05-21 20:45:38.787 9 INFO neutron.api.wsgi [None req-1ba965bd-66bd-4576-9ed6-c09e1775f971 c310d653c3e34cc780cc55545c20f632 ee4a3e54630b41ccb9ca9d648993b818 - - default default] 10.0.0.246 "DELETE /v2.0/networks/d5a266a5-a810-4994-a891-70bcdc8f4a59 HTTP/1.1" status: 204 len: 168 time: 0.5482860
2026-05-21 20:45:38.808 9 INFO neutron.db.l3_db [None req-3ee74163-b177-49aa-a65d-f2d267cf9a11 f32d909ee4074899a349960e4eaa7102 0655296d055747bea15364f9fd10e526 - - default default] Floating IP 20053d42-7773-4163-be16-099dee07e5c0 disassociated. External IP: 10.96.250.215, port: ee26de53-4eb0-4b70-8c3f-28a6468a4f55.
2026-05-21 20:45:38.842 10 INFO neutron.api.wsgi [None req-337449e6-1a0b-4d97-926c-e916f580840c c310d653c3e34cc780cc55545c20f632 ee4a3e54630b41ccb9ca9d648993b818 - - default default] 10.0.0.246 "GET /v2.0/networks HTTP/1.1" status: 200 len: 845 time: 0.0476778
2026-05-21 20:45:38.844 9 INFO neutron.api.wsgi [None req-3ee74163-b177-49aa-a65d-f2d267cf9a11 f32d909ee4074899a349960e4eaa7102 0655296d055747bea15364f9fd10e526 - - default default] 10.0.0.246 "PUT /v2.0/floatingips/20053d42-7773-4163-be16-099dee07e5c0 HTTP/1.1" status: 200 len: 748 time: 0.3557503
2026-05-21 20:45:38.852 10 WARNING neutron_lib.context [None req-b268807a-d5d1-45a6-9f70-4c38164d847b c310d653c3e34cc780cc55545c20f632 ee4a3e54630b41ccb9ca9d648993b818 - - default default] Method 'is_advsvc' is deprecated since 2023.2 release (neutron-lib 3.8.0) and will be removed once support for the old RBAC API policies will be removed from Neutron. Please use method 'is_service_role' instead.
2026-05-21 20:45:38.973 10 INFO neutron.db.segments_db [None req-b268807a-d5d1-45a6-9f70-4c38164d847b c310d653c3e34cc780cc55545c20f632 ee4a3e54630b41ccb9ca9d648993b818 - - default default] Added segment aa4ec365-154b-4411-ac38-74d4d11a3a5d of type geneve for network 01bcfc3b-517d-4372-8e7a-db2a4e3cc62e
2026-05-21 20:45:38.992 9 INFO neutron.db.ovn_revision_numbers_db [None req-f84e16ed-5613-45df-a534-11890538da11 - - - - - -] Successfully bumped revision number for resource bf81e667-efe2-4295-bc7a-4201f604d8e0 (type: ports) to 6
2026-05-21 20:45:39.149 10 INFO neutron.db.ovn_revision_numbers_db [None req-b268807a-d5d1-45a6-9f70-4c38164d847b c310d653c3e34cc780cc55545c20f632 ee4a3e54630b41ccb9ca9d648993b818 - - default default] Successfully bumped revision number for resource 01bcfc3b-517d-4372-8e7a-db2a4e3cc62e (type: networks) to 1
2026-05-21 20:45:39.273 10 INFO neutron.api.wsgi [None req-9ac6c262-61a3-42fd-883a-772fe0dde379 f32d909ee4074899a349960e4eaa7102 0655296d055747bea15364f9fd10e526 - - default default] 10.0.0.246 "DELETE /v2.0/floatingips/20053d42-7773-4163-be16-099dee07e5c0 HTTP/1.1" status: 204 len: 168 time: 0.4241130
2026-05-21 20:45:39.311 10 INFO neutron.api.v2.resource [None req-9b9b46d1-21fd-4387-9c94-88d63c34798d f32d909ee4074899a349960e4eaa7102 0655296d055747bea15364f9fd10e526 - - default default] delete failed (client error): The resource could not be found.
2026-05-21 20:45:39.313 10 INFO neutron.api.wsgi [None req-9b9b46d1-21fd-4387-9c94-88d63c34798d f32d909ee4074899a349960e4eaa7102 0655296d055747bea15364f9fd10e526 - - default default] 10.0.0.246 "DELETE /v2.0/floatingips/20053d42-7773-4163-be16-099dee07e5c0 HTTP/1.1" status: 404 len: 345 time: 0.0281606 /var/lib/openstack/lib/python3.12/site-packages/pycadf/identifier.py:71: UserWarning: Invalid uuid: neutron. To ensure interoperability, identifiers should be a valid uuid. warnings.warn(('Invalid uuid: %s. To ensure interoperability, '
2026-05-21 20:45:39.357 10 INFO neutron.api.wsgi [req-887c8bfd-9391-4b4b-a8a7-579543c6a3a1 req-cad8fafa-5f01-430a-a58e-c79852954b37 ccd9f02c1a86415a8dbb468899699ee4 359913d0a8db4235b541ea12e4041a4e - - default default] 10.0.0.51 "GET /v2.0/ports?device_id=2c7dc9c7-b2cc-442b-99e3-6991f17ef94b HTTP/1.1" status: 200 len: 1172 time: 0.0518456
2026-05-21 20:45:39.403 10 INFO neutron.api.wsgi [req-887c8bfd-9391-4b4b-a8a7-579543c6a3a1 req-db28fec7-7973-4fb9-91c6-045b4cd7edef ccd9f02c1a86415a8dbb468899699ee4 359913d0a8db4235b541ea12e4041a4e - - default default] 10.0.0.51 "GET /v2.0/security-groups?id=9ef62418-8333-4245-b47a-670eb8191e70&fields=id&fields=name HTTP/1.1" status: 200 len: 312 time: 0.0396719
2026-05-21 20:45:39.406 10 WARNING neutron.scheduler.dhcp_agent_scheduler [None req-b268807a-d5d1-45a6-9f70-4c38164d847b c310d653c3e34cc780cc55545c20f632 ee4a3e54630b41ccb9ca9d648993b818 - - default default] No more DHCP agents
2026-05-21 20:45:39.407 10 WARNING neutron.api.rpc.agentnotifiers.dhcp_rpc_agent_api [None req-b268807a-d5d1-45a6-9f70-4c38164d847b c310d653c3e34cc780cc55545c20f632 ee4a3e54630b41ccb9ca9d648993b818 - - default default] Unable to schedule network 01bcfc3b-517d-4372-8e7a-db2a4e3cc62e: no agents available; will retry on subsequent port and subnet creation events.
2026-05-21 20:45:39.480 10 INFO neutron.db.ovn_revision_numbers_db [None req-b268807a-d5d1-45a6-9f70-4c38164d847b c310d653c3e34cc780cc55545c20f632 ee4a3e54630b41ccb9ca9d648993b818 - - default default] Successfully bumped revision number for resource 86e70a7d-11ce-4f88-a52f-29e72f384447 (type: ports) to 1
2026-05-21 20:45:39.504 10 INFO neutron.api.wsgi [None req-b268807a-d5d1-45a6-9f70-4c38164d847b c310d653c3e34cc780cc55545c20f632 ee4a3e54630b41ccb9ca9d648993b818 - - default default] 10.0.0.246 "POST /v2.0/networks HTTP/1.1" status: 201 len: 849 time: 0.6553478
2026-05-21 20:45:39.517 10 WARNING neutron_lib.context [None req-4ae8b280-eaa7-4850-9892-f53364fa70c1 c310d653c3e34cc780cc55545c20f632 ee4a3e54630b41ccb9ca9d648993b818 - - default default] Method 'is_advsvc' is deprecated since 2023.2 release (neutron-lib 3.8.0) and will be removed once support for the old RBAC API policies will be removed from Neutron. Please use method 'is_service_role' instead.
2026-05-21 20:45:39.612 10 INFO neutron.db.segments_db [None req-4ae8b280-eaa7-4850-9892-f53364fa70c1 c310d653c3e34cc780cc55545c20f632 ee4a3e54630b41ccb9ca9d648993b818 - - default default] Added segment 585b730b-1293-4578-b590-a37a8151e842 of type geneve for network 76dc9bb7-e5c3-4955-97e9-83e9ed93a918
2026-05-21 20:45:39.684 9 INFO neutron.api.wsgi [None req-32ae5400-62b4-4e13-8627-330c6cc989f6 f32d909ee4074899a349960e4eaa7102 0655296d055747bea15364f9fd10e526 - - default default] 10.0.0.246 "DELETE /v2.0/ports/ee26de53-4eb0-4b70-8c3f-28a6468a4f55 HTTP/1.1" status: 204 len: 168 time: 0.3612549
2026-05-21 20:45:39.782 9 INFO neutron.notifiers.nova [-] Nova event matching ['req-b8d6b886-eaa4-4f73-9703-61e7d999dc58'] response: {'server_uuid': '2c7dc9c7-b2cc-442b-99e3-6991f17ef94b', 'name': 'network-vif-unplugged', 'status': 'completed', 'tag': 'bf81e667-efe2-4295-bc7a-4201f604d8e0', 'code': 200}
2026-05-21 20:45:39.782 9 INFO neutron.notifiers.nova [-] Nova event matching ['req-b8d6b886-eaa4-4f73-9703-61e7d999dc58'] response: {'server_uuid': '2c7dc9c7-b2cc-442b-99e3-6991f17ef94b', 'name': 'network-vif-unplugged', 'status': 'completed', 'tag': 'bf81e667-efe2-4295-bc7a-4201f604d8e0', 'code': 200}
2026-05-21 20:45:39.810 10 INFO neutron.db.ovn_revision_numbers_db [None req-4ae8b280-eaa7-4850-9892-f53364fa70c1 c310d653c3e34cc780cc55545c20f632 ee4a3e54630b41ccb9ca9d648993b818 - - default default] Successfully bumped revision number for resource 76dc9bb7-e5c3-4955-97e9-83e9ed93a918 (type: networks) to 1
2026-05-21 20:45:39.883 10 INFO neutron.api.wsgi [req-1a8255c7-1e9e-4291-999e-1e8ae12c0178 req-12582728-dea8-4b41-832c-e8a51c2304a4 ccd9f02c1a86415a8dbb468899699ee4 359913d0a8db4235b541ea12e4041a4e - - default default] 199.19.213.150 "GET /v2.0/ports?device_id=2c7dc9c7-b2cc-442b-99e3-6991f17ef94b HTTP/1.1" status: 200 len: 1172 time: 0.0714369
2026-05-21 20:45:40.127 10 WARNING neutron.scheduler.dhcp_agent_scheduler [None req-4ae8b280-eaa7-4850-9892-f53364fa70c1 c310d653c3e34cc780cc55545c20f632 ee4a3e54630b41ccb9ca9d648993b818 - - default default] No more DHCP agents
2026-05-21 20:45:40.129 10 WARNING neutron.api.rpc.agentnotifiers.dhcp_rpc_agent_api [None req-4ae8b280-eaa7-4850-9892-f53364fa70c1 c310d653c3e34cc780cc55545c20f632 ee4a3e54630b41ccb9ca9d648993b818 - - default default] Unable to schedule network 76dc9bb7-e5c3-4955-97e9-83e9ed93a918: no agents available; will retry on subsequent port and subnet creation events.
2026-05-21 20:45:40.284 10 INFO neutron.db.ovn_revision_numbers_db [None req-4ae8b280-eaa7-4850-9892-f53364fa70c1 c310d653c3e34cc780cc55545c20f632 ee4a3e54630b41ccb9ca9d648993b818 - - default default] Successfully bumped revision number for resource 32b82815-b859-47d4-82d2-c3088a97e32b (type: ports) to 1
2026-05-21 20:45:40.344 10 INFO neutron.api.wsgi [None req-4ae8b280-eaa7-4850-9892-f53364fa70c1 c310d653c3e34cc780cc55545c20f632 ee4a3e54630b41ccb9ca9d648993b818 - - default default] 10.0.0.246 "POST /v2.0/networks HTTP/1.1" status: 201 len: 849 time: 0.8328867
2026-05-21 20:45:40.355 10 INFO neutron.api.wsgi [None req-918e4981-8d0d-4d96-8c6e-1ca593d2b980 f32d909ee4074899a349960e4eaa7102 0655296d055747bea15364f9fd10e526 - - default default] 10.0.0.246 "DELETE /v2.0/ports/808fc138-4a03-4130-9a1b-c8e2a1f8a8cf HTTP/1.1" status: 204 len: 168 time: 0.6645169
2026-05-21 20:45:40.356 9 WARNING neutron_lib.context [None req-cded362e-8fad-473b-9cb4-6a734af2af24 c310d653c3e34cc780cc55545c20f632 ee4a3e54630b41ccb9ca9d648993b818 - - default default] Method 'is_advsvc' is deprecated since 2023.2 release (neutron-lib 3.8.0) and will be removed once support for the old RBAC API policies will be removed from Neutron. Please use method 'is_service_role' instead.
2026-05-21 20:45:40.414 10 INFO neutron.db.l3_db [req-1a8255c7-1e9e-4291-999e-1e8ae12c0178 req-ebb70c84-1b16-4af5-b6f3-a73a5fcd5bfd ccd9f02c1a86415a8dbb468899699ee4 359913d0a8db4235b541ea12e4041a4e - - default default] Floating IP da3feb0c-a650-4d60-a708-e278e88e5330 disassociated. External IP: 10.96.250.213, port: bf81e667-efe2-4295-bc7a-4201f604d8e0.
2026-05-21 20:45:40.421 10 WARNING neutron.plugins.ml2.drivers.ovn.mech_driver.ovsdb.ovn_client [None req-9eed9881-0f17-44bb-88c0-5df942a91df7 - - - - - -] No hosting information found for port af1ef396-c2a7-48fd-9783-8b22ca7a780e: RuntimeError: No hosting information found for port af1ef396-c2a7-48fd-9783-8b22ca7a780e
2026-05-21 20:45:40.438 9 INFO neutron.api.wsgi [None req-d601ca01-d6f2-4c47-953f-40513c578291 f32d909ee4074899a349960e4eaa7102 0655296d055747bea15364f9fd10e526 - - default default] 10.0.0.246 "GET /v2.0/ports?device_id=0712e2ee-0778-46f4-8b47-763de7c2ca3f HTTP/1.1" status: 200 len: 1140 time: 0.0780699
2026-05-21 20:45:40.440 9 WARNING neutron_lib.context [None req-cded362e-8fad-473b-9cb4-6a734af2af24 c310d653c3e34cc780cc55545c20f632 ee4a3e54630b41ccb9ca9d648993b818 - - default default] Method 'is_advsvc' is deprecated since 2023.2 release (neutron-lib 3.8.0) and will be removed once support for the old RBAC API policies will be removed from Neutron. Please use method 'is_service_role' instead. /var/lib/openstack/lib/python3.12/site-packages/pycadf/identifier.py:71: UserWarning: Invalid uuid: neutron. To ensure interoperability, identifiers should be a valid uuid. warnings.warn(('Invalid uuid: %s. To ensure interoperability, '
2026-05-21 20:45:40.539 10 INFO neutron.api.wsgi [req-04a00dc6-cfb4-4d50-a3f9-c8fb204e31ea req-ccab250a-c473-4b95-a284-cafcf8e9120f ccd9f02c1a86415a8dbb468899699ee4 359913d0a8db4235b541ea12e4041a4e - - default default] 10.0.0.51 "GET /v2.0/ports?device_id=2c7dc9c7-b2cc-442b-99e3-6991f17ef94b HTTP/1.1" status: 200 len: 1172 time: 0.0489728
2026-05-21 20:45:40.541 10 INFO neutron.db.ovn_revision_numbers_db [None req-9eed9881-0f17-44bb-88c0-5df942a91df7 - - - - - -] Successfully bumped revision number for resource af1ef396-c2a7-48fd-9783-8b22ca7a780e (type: router_ports) to 2
2026-05-21 20:45:40.601 10 INFO neutron.api.wsgi [req-1a8255c7-1e9e-4291-999e-1e8ae12c0178 req-ebb70c84-1b16-4af5-b6f3-a73a5fcd5bfd ccd9f02c1a86415a8dbb468899699ee4 359913d0a8db4235b541ea12e4041a4e - - default default] 199.19.213.150 "DELETE /v2.0/ports/bf81e667-efe2-4295-bc7a-4201f604d8e0 HTTP/1.1" status: 204 len: 173 time: 0.7117639
2026-05-21 20:45:40.611 10 INFO neutron.api.wsgi [req-04a00dc6-cfb4-4d50-a3f9-c8fb204e31ea req-8ad9083c-6ced-48f2-aa38-fe38e9b7abf8 ccd9f02c1a86415a8dbb468899699ee4 359913d0a8db4235b541ea12e4041a4e - - default default] 10.0.0.51 "GET /v2.0/security-groups?id=9ef62418-8333-4245-b47a-670eb8191e70&fields=id&fields=name HTTP/1.1" status: 200 len: 312 time: 0.0622466
2026-05-21 20:45:40.671 10 INFO neutron.notifiers.nova [-] Nova event matching ['req-17f6fe82-3e92-4a15-8718-422340d033db'] response: {'server_uuid': '2c7dc9c7-b2cc-442b-99e3-6991f17ef94b', 'name': 'network-vif-deleted', 'tag': 'bf81e667-efe2-4295-bc7a-4201f604d8e0', 'status': 'completed', 'code': 200}
2026-05-21 20:45:41.038 9 WARNING neutron.scheduler.dhcp_agent_scheduler [None req-cded362e-8fad-473b-9cb4-6a734af2af24 c310d653c3e34cc780cc55545c20f632 ee4a3e54630b41ccb9ca9d648993b818 - - default default] No more DHCP agents
2026-05-21 20:45:41.040 9 WARNING neutron.api.rpc.agentnotifiers.dhcp_rpc_agent_api [None req-cded362e-8fad-473b-9cb4-6a734af2af24 c310d653c3e34cc780cc55545c20f632 ee4a3e54630b41ccb9ca9d648993b818 - - default default] Unable to schedule network 01bcfc3b-517d-4372-8e7a-db2a4e3cc62e: no agents available; will retry on subsequent port and subnet creation events.
2026-05-21 20:45:41.130 9 INFO neutron.db.ovn_revision_numbers_db [None req-cded362e-8fad-473b-9cb4-6a734af2af24 c310d653c3e34cc780cc55545c20f632 ee4a3e54630b41ccb9ca9d648993b818 - - default default] Successfully bumped revision number for resource c0917e57-efae-46af-99fa-669ab94f96eb (type: ports) to 1
2026-05-21 20:45:41.197 9 WARNING neutron.scheduler.dhcp_agent_scheduler [None req-cded362e-8fad-473b-9cb4-6a734af2af24 c310d653c3e34cc780cc55545c20f632 ee4a3e54630b41ccb9ca9d648993b818 - - default default] No more DHCP agents
2026-05-21 20:45:41.198 9 WARNING neutron.api.rpc.agentnotifiers.dhcp_rpc_agent_api [None req-cded362e-8fad-473b-9cb4-6a734af2af24 c310d653c3e34cc780cc55545c20f632 ee4a3e54630b41ccb9ca9d648993b818 - - default default] Unable to schedule network 76dc9bb7-e5c3-4955-97e9-83e9ed93a918: no agents available; will retry on subsequent port and subnet creation events.
2026-05-21 20:45:41.298 9 INFO neutron.db.ovn_revision_numbers_db [None req-cded362e-8fad-473b-9cb4-6a734af2af24 c310d653c3e34cc780cc55545c20f632 ee4a3e54630b41ccb9ca9d648993b818 - - default default] Successfully bumped revision number for resource dba04a1b-8116-4e67-ae08-5927ab8f9cae (type: ports) to 1
2026-05-21 20:45:41.333 9 INFO neutron.api.wsgi [None req-cded362e-8fad-473b-9cb4-6a734af2af24 c310d653c3e34cc780cc55545c20f632 ee4a3e54630b41ccb9ca9d648993b818 - - default default] 10.0.0.246 "POST /v2.0/ports HTTP/1.1" status: 201 len: 1706 time: 0.9834361 /var/lib/openstack/lib/python3.12/site-packages/pycadf/identifier.py:71: UserWarning: Invalid uuid: neutron. To ensure interoperability, identifiers should be a valid uuid. warnings.warn(('Invalid uuid: %s. To ensure interoperability, ' /var/lib/openstack/lib/python3.12/site-packages/pycadf/identifier.py:71: UserWarning: Invalid uuid: neutron. To ensure interoperability, identifiers should be a valid uuid. warnings.warn(('Invalid uuid: %s. To ensure interoperability, '
2026-05-21 20:45:41.715 10 INFO neutron.api.wsgi [req-4aef3b11-6ba6-4f70-b99f-40a40ee9ab44 req-9bf83696-d138-4d94-a63b-82f297e8a11c ccd9f02c1a86415a8dbb468899699ee4 359913d0a8db4235b541ea12e4041a4e - - default default] 10.0.0.51 "GET /v2.0/ports?device_id=2c7dc9c7-b2cc-442b-99e3-6991f17ef94b HTTP/1.1" status: 200 len: 210 time: 0.0211909
2026-05-21 20:45:41.906 9 INFO neutron.api.wsgi [None req-d4b36d56-cab3-4de7-91f8-b12d839d5436 c310d653c3e34cc780cc55545c20f632 ee4a3e54630b41ccb9ca9d648993b818 - - default default] 10.0.0.246 "GET /v2.0/ports HTTP/1.1" status: 200 len: 3213 time: 0.5682459
2026-05-21 20:45:41.980 9 INFO neutron.api.wsgi [None req-e0d9324b-a388-40e5-8a1c-5145ff202b62 f32d909ee4074899a349960e4eaa7102 0655296d055747bea15364f9fd10e526 - - default default] 10.0.0.246 "PUT /v2.0/routers/0712e2ee-0778-46f4-8b47-763de7c2ca3f/remove_router_interface HTTP/1.1" status: 200 len: 503 time: 1.5367155 /var/lib/openstack/lib/python3.12/site-packages/pycadf/identifier.py:71: UserWarning: Invalid uuid: neutron. To ensure interoperability, identifiers should be a valid uuid. warnings.warn(('Invalid uuid: %s. To ensure interoperability, '
2026-05-21 20:45:42.050 10 INFO neutron.db.ovn_revision_numbers_db [None req-e8817838-3135-4257-a3c5-5147637a7750 61ab6293e2234a2a9de4281143ec31a0 b3f58bab78cf4d5cba90882365d00150 - - default default] Successfully bumped revision number for resource 3f465f1f-ee1d-40e3-885c-8498bb89448e (type: security_groups) to 1
2026-05-21 20:45:42.068 10 INFO neutron.db.ovn_revision_numbers_db [None req-e8817838-3135-4257-a3c5-5147637a7750 61ab6293e2234a2a9de4281143ec31a0 b3f58bab78cf4d5cba90882365d00150 - - default default] Successfully bumped revision number for resource 2e7b2ddd-d9f5-4a8e-8028-64ae89aa12fe (type: security_group_rules) to 0
2026-05-21 20:45:42.084 10 INFO neutron.db.ovn_revision_numbers_db [None req-e8817838-3135-4257-a3c5-5147637a7750 61ab6293e2234a2a9de4281143ec31a0 b3f58bab78cf4d5cba90882365d00150 - - default default] Successfully bumped revision number for resource b46ea7aa-4f47-413c-83ad-7730ecb3be1e (type: security_group_rules) to 0
2026-05-21 20:45:42.098 10 INFO neutron.db.ovn_revision_numbers_db [None req-e8817838-3135-4257-a3c5-5147637a7750 61ab6293e2234a2a9de4281143ec31a0 b3f58bab78cf4d5cba90882365d00150 - - default default] Successfully bumped revision number for resource e9bc7529-0e2f-4537-b1b9-174dfec863c4 (type: security_group_rules) to 0
2026-05-21 20:45:42.119 10 INFO neutron.db.ovn_revision_numbers_db [None req-e8817838-3135-4257-a3c5-5147637a7750 61ab6293e2234a2a9de4281143ec31a0 b3f58bab78cf4d5cba90882365d00150 - - default default] Successfully bumped revision number for resource eb3f7fa7-2828-4374-aaab-9d9f93161c85 (type: security_group_rules) to 0
2026-05-21 20:45:42.159 10 INFO neutron.api.wsgi [None req-e8817838-3135-4257-a3c5-5147637a7750 61ab6293e2234a2a9de4281143ec31a0 b3f58bab78cf4d5cba90882365d00150 - - default default] 10.0.0.246 "GET /v2.0/security-groups?tenant_id=cef59398a6784612988539a4d806b666&name=default HTTP/1.1" status: 200 len: 3120 time: 0.4102676
2026-05-21 20:45:42.349 9 INFO neutron.api.wsgi [None req-1d07df42-ed12-4abc-8d6b-3c798a06b9d5 c310d653c3e34cc780cc55545c20f632 ee4a3e54630b41ccb9ca9d648993b818 - - default default] 10.0.0.246 "DELETE /v2.0/ports/c0917e57-efae-46af-99fa-669ab94f96eb HTTP/1.1" status: 204 len: 168 time: 0.4362481
2026-05-21 20:45:42.422 10 INFO neutron.api.wsgi [None req-b4fc10a0-6c3a-4c67-84a4-dc9af27cb531 61ab6293e2234a2a9de4281143ec31a0 b3f58bab78cf4d5cba90882365d00150 - - default default] 10.0.0.246 "DELETE /v2.0/security-groups/3f465f1f-ee1d-40e3-885c-8498bb89448e HTTP/1.1" status: 204 len: 168 time: 0.2559144
2026-05-21 20:45:42.656 9 INFO neutron.api.wsgi [None req-d8f3c785-2893-4d4e-9562-979f81999b66 c310d653c3e34cc780cc55545c20f632 ee4a3e54630b41ccb9ca9d648993b818 - - default default] 10.0.0.246 "DELETE /v2.0/ports/dba04a1b-8116-4e67-ae08-5927ab8f9cae HTTP/1.1" status: 204 len: 168 time: 0.2989750
2026-05-21 20:45:42.686 10 INFO neutron.db.ovn_revision_numbers_db [None req-12781d48-85f8-4025-a4cf-bad6e6a19030 61ab6293e2234a2a9de4281143ec31a0 b3f58bab78cf4d5cba90882365d00150 - - default default] Successfully bumped revision number for resource 284eef37-0be2-40fe-96f7-9d52d0a37914 (type: security_groups) to 1
2026-05-21 20:45:42.731 10 INFO neutron.db.ovn_revision_numbers_db [None req-12781d48-85f8-4025-a4cf-bad6e6a19030 61ab6293e2234a2a9de4281143ec31a0 b3f58bab78cf4d5cba90882365d00150 - - default default] Successfully bumped revision number for resource 0fa8a8e2-5e50-4569-bf8c-9a5f71c52d71 (type: security_group_rules) to 0
2026-05-21 20:45:42.754 10 INFO neutron.db.ovn_revision_numbers_db [None req-12781d48-85f8-4025-a4cf-bad6e6a19030 61ab6293e2234a2a9de4281143ec31a0 b3f58bab78cf4d5cba90882365d00150 - - default default] Successfully bumped revision number for resource 5b0d76eb-d4ca-44ab-b939-40c4f9ff335b (type: security_group_rules) to 0
2026-05-21 20:45:42.776 10 INFO neutron.db.ovn_revision_numbers_db [None req-12781d48-85f8-4025-a4cf-bad6e6a19030 61ab6293e2234a2a9de4281143ec31a0 b3f58bab78cf4d5cba90882365d00150 - - default default] Successfully bumped revision number for resource 72b68c0b-d36b-4744-8f78-60d99b6a1398 (type: security_group_rules) to 0
2026-05-21 20:45:42.796 10 INFO neutron.db.ovn_revision_numbers_db [None req-12781d48-85f8-4025-a4cf-bad6e6a19030 61ab6293e2234a2a9de4281143ec31a0 b3f58bab78cf4d5cba90882365d00150 - - default default] Successfully bumped revision number for resource a04bcb52-7df9-4bd5-acc2-ed6f19937c0b (type: security_group_rules) to 0
2026-05-21 20:45:42.802 10 INFO neutron.api.wsgi [None req-705b2310-22f3-4a66-b70f-be969e66089c c310d653c3e34cc780cc55545c20f632 ee4a3e54630b41ccb9ca9d648993b818 - - default default] 10.0.0.246 "GET /v2.0/ports HTTP/1.1" status: 200 len: 1718 time: 0.1390777
2026-05-21 20:45:42.826 9 WARNING neutron_lib.context [None req-ca03a0a1-9215-4056-a7f2-b45d740a149a c310d653c3e34cc780cc55545c20f632 ee4a3e54630b41ccb9ca9d648993b818 - - default default] Method 'is_advsvc' is deprecated since 2023.2 release (neutron-lib 3.8.0) and will be removed once support for the old RBAC API policies will be removed from Neutron. Please use method 'is_service_role' instead.
2026-05-21 20:45:42.835 10 INFO neutron.api.wsgi [None req-12781d48-85f8-4025-a4cf-bad6e6a19030 61ab6293e2234a2a9de4281143ec31a0 b3f58bab78cf4d5cba90882365d00150 - - default default] 10.0.0.246 "GET /v2.0/security-groups?tenant_id=84d158c78b77418ea50d23f25a647a18&name=default HTTP/1.1" status: 200 len: 3120 time: 0.3068421
2026-05-21 20:45:42.837 9 INFO neutron.api.wsgi [req-3ea55ec3-f832-4d3f-9ce0-0923493e4d00 req-abc89eb6-ab71-4374-bf58-7c18592ecb9d ccd9f02c1a86415a8dbb468899699ee4 359913d0a8db4235b541ea12e4041a4e - - default default] 10.0.0.51 "GET /v2.0/ports?device_id=2c7dc9c7-b2cc-442b-99e3-6991f17ef94b HTTP/1.1" status: 200 len: 210 time: 0.0350513
2026-05-21 20:45:42.943 9 INFO neutron.api.wsgi [None req-65d60f66-877a-4c09-841b-1f92ff84443c f32d909ee4074899a349960e4eaa7102 0655296d055747bea15364f9fd10e526 - - default default] 10.0.0.246 "DELETE /v2.0/routers/0712e2ee-0778-46f4-8b47-763de7c2ca3f HTTP/1.1" status: 204 len: 168 time: 0.9561281
2026-05-21 20:45:42.958 9 INFO neutron.db.segments_db [None req-ca03a0a1-9215-4056-a7f2-b45d740a149a c310d653c3e34cc780cc55545c20f632 ee4a3e54630b41ccb9ca9d648993b818 - - default default] Added segment 21ac3482-a1ba-45f1-b683-75007d4adb98 of type geneve for network 2a5d8128-ee2e-4354-9e4e-2fa65fda0a63
2026-05-21 20:45:43.094 9 INFO neutron.db.ovn_revision_numbers_db [None req-ca03a0a1-9215-4056-a7f2-b45d740a149a c310d653c3e34cc780cc55545c20f632 ee4a3e54630b41ccb9ca9d648993b818 - - default default] Successfully bumped revision number for resource 2a5d8128-ee2e-4354-9e4e-2fa65fda0a63 (type: networks) to 1
2026-05-21 20:45:43.104 10 INFO neutron.api.wsgi [None req-8ce5ae3e-58ab-4dcc-823e-cd89eb2c7704 61ab6293e2234a2a9de4281143ec31a0 b3f58bab78cf4d5cba90882365d00150 - - default default] 10.0.0.246 "DELETE /v2.0/security-groups/284eef37-0be2-40fe-96f7-9d52d0a37914 HTTP/1.1" status: 204 len: 168 time: 0.2618201
2026-05-21 20:45:43.124 10 INFO neutron.api.wsgi [None req-ee04499b-1a6f-4c36-8a77-a7681eecf9da f32d909ee4074899a349960e4eaa7102 0655296d055747bea15364f9fd10e526 - - default default] 10.0.0.246 "DELETE /v2.0/subnets/618fffec-8a5b-4161-aec4-2bfb5ab63077 HTTP/1.1" status: 204 len: 168 time: 0.1750267
2026-05-21 20:45:43.310 9 WARNING neutron.scheduler.dhcp_agent_scheduler [None req-ca03a0a1-9215-4056-a7f2-b45d740a149a c310d653c3e34cc780cc55545c20f632 ee4a3e54630b41ccb9ca9d648993b818 - - default default] No more DHCP agents
2026-05-21 20:45:43.312 9 WARNING neutron.api.rpc.agentnotifiers.dhcp_rpc_agent_api [None req-ca03a0a1-9215-4056-a7f2-b45d740a149a c310d653c3e34cc780cc55545c20f632 ee4a3e54630b41ccb9ca9d648993b818 - - default default] Unable to schedule network 2a5d8128-ee2e-4354-9e4e-2fa65fda0a63: no agents available; will retry on subsequent port and subnet creation events.
2026-05-21 20:45:43.424 9 INFO neutron.db.ovn_revision_numbers_db [None req-ca03a0a1-9215-4056-a7f2-b45d740a149a c310d653c3e34cc780cc55545c20f632 ee4a3e54630b41ccb9ca9d648993b818 - - default default] Successfully bumped revision number for resource 89b19f3f-de8b-4586-a159-9b59bff36524 (type: ports) to 1
2026-05-21 20:45:43.453 9 INFO neutron.api.wsgi [None req-ca03a0a1-9215-4056-a7f2-b45d740a149a c310d653c3e34cc780cc55545c20f632 ee4a3e54630b41ccb9ca9d648993b818 - - default default] 10.0.0.246 "POST /v2.0/networks HTTP/1.1" status: 201 len: 848 time: 0.6397817
2026-05-21 20:45:43.467 9 WARNING neutron_lib.context [None req-322ecb58-e047-4fb9-a6ee-11d7eee7ac1e c310d653c3e34cc780cc55545c20f632 ee4a3e54630b41ccb9ca9d648993b818 - - default default] Method 'is_advsvc' is deprecated since 2023.2 release (neutron-lib 3.8.0) and will be removed once support for the old RBAC API policies will be removed from Neutron. Please use method 'is_service_role' instead.
2026-05-21 20:45:43.527 10 INFO neutron.services.segments.plugin [-] Segment 123ae047-10a8-4359-8bdc-7f9909d6f74e resource provider aggregate not found
2026-05-21 20:45:43.535 10 INFO neutron.services.segments.plugin [-] Segment 123ae047-10a8-4359-8bdc-7f9909d6f74e resource provider aggregate not found
2026-05-21 20:45:43.544 10 INFO neutron.services.segments.plugin [-] Segment 123ae047-10a8-4359-8bdc-7f9909d6f74e resource provider not found; error: Placement Client Error (4xx): {"errors": [{"status": 404, "title": "Not Found", "detail": "The resource could not be found.\n\n No resource provider with uuid 123ae047-10a8-4359-8bdc-7f9909d6f74e found for delete ", "request_id": "req-18579ea3-e4cf-4d56-9303-4a970c5492b8"}]}
2026-05-21 20:45:43.559 10 INFO neutron.services.segments.plugin [-] Segment 123ae047-10a8-4359-8bdc-7f9909d6f74e resource provider not found; error: Placement Client Error (4xx): {"errors": [{"status": 404, "title": "Not Found", "detail": "The resource could not be found.\n\n No resource provider with uuid 123ae047-10a8-4359-8bdc-7f9909d6f74e found for delete ", "request_id": "req-1213762e-4a74-4887-825d-a45d57cf6eb4"}]}
2026-05-21 20:45:43.593 9 INFO neutron.db.segments_db [None req-322ecb58-e047-4fb9-a6ee-11d7eee7ac1e c310d653c3e34cc780cc55545c20f632 ee4a3e54630b41ccb9ca9d648993b818 - - default default] Added segment dae6684e-2956-4085-b574-1fc895b846d7 of type geneve for network d8b21ffe-9418-4367-b104-54a8016e9ebf
2026-05-21 20:45:43.609 10 INFO neutron.api.wsgi [None req-29200561-2159-4790-a718-4bd1e226b87d f32d909ee4074899a349960e4eaa7102 0655296d055747bea15364f9fd10e526 - - default default] 10.0.0.246 "DELETE /v2.0/networks/10bdf86f-40a3-490b-bc34-1add2ea16ee8 HTTP/1.1" status: 204 len: 168 time: 0.4795408
2026-05-21 20:45:43.769 9 INFO neutron.db.ovn_revision_numbers_db [None req-322ecb58-e047-4fb9-a6ee-11d7eee7ac1e c310d653c3e34cc780cc55545c20f632 ee4a3e54630b41ccb9ca9d648993b818 - - default default] Successfully bumped revision number for resource d8b21ffe-9418-4367-b104-54a8016e9ebf (type: networks) to 1
2026-05-21 20:45:43.971 9 WARNING neutron.scheduler.dhcp_agent_scheduler [None req-322ecb58-e047-4fb9-a6ee-11d7eee7ac1e c310d653c3e34cc780cc55545c20f632 ee4a3e54630b41ccb9ca9d648993b818 - - default default] No more DHCP agents
2026-05-21 20:45:43.972 9 WARNING neutron.api.rpc.agentnotifiers.dhcp_rpc_agent_api [None req-322ecb58-e047-4fb9-a6ee-11d7eee7ac1e c310d653c3e34cc780cc55545c20f632 ee4a3e54630b41ccb9ca9d648993b818 - - default default] Unable to schedule network d8b21ffe-9418-4367-b104-54a8016e9ebf: no agents available; will retry on subsequent port and subnet creation events.
2026-05-21 20:45:44.054 9 INFO neutron.db.ovn_revision_numbers_db [None req-322ecb58-e047-4fb9-a6ee-11d7eee7ac1e c310d653c3e34cc780cc55545c20f632 ee4a3e54630b41ccb9ca9d648993b818 - - default default] Successfully bumped revision number for resource a76cb731-c406-488a-83d4-250d59b0ad64 (type: ports) to 1
2026-05-21 20:45:44.089 9 INFO neutron.api.wsgi [None req-322ecb58-e047-4fb9-a6ee-11d7eee7ac1e c310d653c3e34cc780cc55545c20f632 ee4a3e54630b41ccb9ca9d648993b818 - - default default] 10.0.0.246 "POST /v2.0/networks HTTP/1.1" status: 201 len: 849 time: 0.6288483
2026-05-21 20:45:44.093 9 INFO neutron.api.wsgi [None req-f871f853-9999-4257-931f-955f63fcc6d5 ccd9f02c1a86415a8dbb468899699ee4 359913d0a8db4235b541ea12e4041a4e - - default default] 10.0.0.246 "DELETE /v2.0/security-groups/9ef62418-8333-4245-b47a-670eb8191e70 HTTP/1.1" status: 204 len: 168 time: 0.1657579
2026-05-21 20:45:44.109 9 INFO neutron.api.v2.resource [None req-e08ef1f1-c91e-40ce-8e99-a9e6728ccfcd ccd9f02c1a86415a8dbb468899699ee4 359913d0a8db4235b541ea12e4041a4e - - default default] show failed (client error): The resource could not be found.
2026-05-21 20:45:44.110 9 INFO neutron.api.wsgi [None req-e08ef1f1-c91e-40ce-8e99-a9e6728ccfcd ccd9f02c1a86415a8dbb468899699ee4 359913d0a8db4235b541ea12e4041a4e - - default default] 10.0.0.246 "GET /v2.0/security-groups/9ef62418-8333-4245-b47a-670eb8191e70 HTTP/1.1" status: 404 len: 347 time: 0.0113289
2026-05-21 20:45:44.137 9 WARNING neutron_lib.context [None req-c79da415-c8c9-4f06-898b-c3e1e97fdef7 c310d653c3e34cc780cc55545c20f632 ee4a3e54630b41ccb9ca9d648993b818 - - default default] Method 'is_advsvc' is deprecated since 2023.2 release (neutron-lib 3.8.0) and will be removed once support for the old RBAC API policies will be removed from Neutron. Please use method 'is_service_role' instead.
2026-05-21 20:45:44.173 9 WARNING neutron_lib.context [None req-c79da415-c8c9-4f06-898b-c3e1e97fdef7 c310d653c3e34cc780cc55545c20f632 ee4a3e54630b41ccb9ca9d648993b818 - - default default] Method 'is_advsvc' is deprecated since 2023.2 release (neutron-lib 3.8.0) and will be removed once support for the old RBAC API policies will be removed from Neutron. Please use method 'is_service_role' instead.
2026-05-21 20:45:44.461 10 INFO neutron.api.wsgi [None req-9cb4cb44-b8d1-4aa8-9e3d-c3783353dd0e ccd9f02c1a86415a8dbb468899699ee4 359913d0a8db4235b541ea12e4041a4e - - default default] 10.0.0.246 "DELETE /v2.0/floatingips/da3feb0c-a650-4d60-a708-e278e88e5330 HTTP/1.1" status: 204 len: 168 time: 0.3415716
2026-05-21 20:45:44.472 9 INFO neutron.api.wsgi [None req-25a9d3a6-6f04-4b1a-b34f-b13c553df1a9 61ab6293e2234a2a9de4281143ec31a0 b3f58bab78cf4d5cba90882365d00150 - - default default] 10.0.0.246 "GET /v2.0/security-groups?tenant_id=0655296d055747bea15364f9fd10e526&name=default HTTP/1.1" status: 200 len: 3120 time: 0.2504377
2026-05-21 20:45:44.641 9 WARNING neutron.scheduler.dhcp_agent_scheduler [None req-c79da415-c8c9-4f06-898b-c3e1e97fdef7 c310d653c3e34cc780cc55545c20f632 ee4a3e54630b41ccb9ca9d648993b818 - - default default] No more DHCP agents
2026-05-21 20:45:44.644 9 WARNING neutron.api.rpc.agentnotifiers.dhcp_rpc_agent_api [None req-c79da415-c8c9-4f06-898b-c3e1e97fdef7 c310d653c3e34cc780cc55545c20f632 ee4a3e54630b41ccb9ca9d648993b818 - - default default] Unable to schedule network 2a5d8128-ee2e-4354-9e4e-2fa65fda0a63: no agents available; will retry on subsequent port and subnet creation events.
2026-05-21 20:45:44.828 9 INFO neutron.api.wsgi [None req-d4eb027e-c869-44bf-8598-622c99db414d 61ab6293e2234a2a9de4281143ec31a0 b3f58bab78cf4d5cba90882365d00150 - - default default] 10.0.0.246 "DELETE /v2.0/security-groups/5326f7d7-a3e1-47b3-9404-78940ed4f619 HTTP/1.1" status: 204 len: 168 time: 0.3511541
2026-05-21 20:45:45.152 9 INFO neutron.db.ovn_revision_numbers_db [None req-fd51901b-0512-4b65-afd9-b17fc5c0dbee - - - - - -] Successfully bumped revision number for resource 89b19f3f-de8b-4586-a159-9b59bff36524 (type: ports) to 2
2026-05-21 20:45:45.186 9 INFO neutron.db.ovn_revision_numbers_db [None req-fd51901b-0512-4b65-afd9-b17fc5c0dbee - - - - - -] Successfully bumped revision number for resource 9d075e2f-9399-4795-af84-056ef060189c (type: subnets) to 0
2026-05-21 20:45:45.218 9 WARNING neutron.scheduler.dhcp_agent_scheduler [None req-c79da415-c8c9-4f06-898b-c3e1e97fdef7 c310d653c3e34cc780cc55545c20f632 ee4a3e54630b41ccb9ca9d648993b818 - - default default] No more DHCP agents
2026-05-21 20:45:45.219 9 WARNING neutron.api.rpc.agentnotifiers.dhcp_rpc_agent_api [None req-c79da415-c8c9-4f06-898b-c3e1e97fdef7 c310d653c3e34cc780cc55545c20f632 ee4a3e54630b41ccb9ca9d648993b818 - - default default] Unable to schedule network d8b21ffe-9418-4367-b104-54a8016e9ebf: no agents available; will retry on subsequent port and subnet creation events.
2026-05-21 20:45:45.482 10 INFO neutron.api.wsgi [None req-ce68348a-6625-4190-8198-dc15a8168e5c 61ab6293e2234a2a9de4281143ec31a0 b3f58bab78cf4d5cba90882365d00150 - - default default] 10.0.0.246 "PUT /v2.0/routers/973aa6ca-86b7-41c4-982c-3650e6b00818/remove_router_interface HTTP/1.1" status: 200 len: 503 time: 1.0163720 /var/lib/openstack/lib/python3.12/site-packages/pycadf/identifier.py:71: UserWarning: Invalid uuid: neutron. To ensure interoperability, identifiers should be a valid uuid. warnings.warn(('Invalid uuid: %s. To ensure interoperability, '
2026-05-21 20:45:45.711 9 INFO neutron.db.ovn_revision_numbers_db [None req-5759eb04-7a62-4602-b61e-5256bd604cb2 - - - - - -] Successfully bumped revision number for resource a76cb731-c406-488a-83d4-250d59b0ad64 (type: ports) to 2
2026-05-21 20:45:45.743 9 INFO neutron.db.ovn_revision_numbers_db [None req-5759eb04-7a62-4602-b61e-5256bd604cb2 - - - - - -] Successfully bumped revision number for resource 8d632f00-d98c-45ee-b9cf-949caab5158e (type: subnets) to 0
2026-05-21 20:45:45.762 9 INFO neutron.api.wsgi [None req-c79da415-c8c9-4f06-898b-c3e1e97fdef7 c310d653c3e34cc780cc55545c20f632 ee4a3e54630b41ccb9ca9d648993b818 - - default default] 10.0.0.246 "POST /v2.0/subnets HTTP/1.1" status: 201 len: 1473 time: 1.6368439
2026-05-21 20:45:45.816 9 INFO neutron.api.wsgi [None req-74bfef9c-a8ca-4394-8d66-f3dbee5f77e3 c310d653c3e34cc780cc55545c20f632 ee4a3e54630b41ccb9ca9d648993b818 - - default default] 10.0.0.246 "GET /v2.0/subnets HTTP/1.1" status: 200 len: 2104 time: 0.0475178
2026-05-21 20:45:46.037 9 INFO neutron.api.wsgi [None req-b59f97a2-e399-466e-ba7a-ea1c65d7df64 c310d653c3e34cc780cc55545c20f632 ee4a3e54630b41ccb9ca9d648993b818 - - default default] 10.0.0.246 "DELETE /v2.0/subnets/9d075e2f-9399-4795-af84-056ef060189c HTTP/1.1" status: 204 len: 168 time: 0.2163813
2026-05-21 20:45:46.242 9 INFO neutron.api.wsgi [None req-28bba67a-7a48-4f27-b3b0-3e4a6a5bf78c c310d653c3e34cc780cc55545c20f632 ee4a3e54630b41ccb9ca9d648993b818 - - default default] 10.0.0.246 "DELETE /v2.0/subnets/8d632f00-d98c-45ee-b9cf-949caab5158e HTTP/1.1" status: 204 len: 168 time: 0.1975341
2026-05-21 20:45:46.271 10 INFO neutron.api.wsgi [None req-7af535c6-68a3-4ae9-8cac-61930b035b61 61ab6293e2234a2a9de4281143ec31a0 b3f58bab78cf4d5cba90882365d00150 - - default default] 10.0.0.246 "DELETE /v2.0/routers/973aa6ca-86b7-41c4-982c-3650e6b00818 HTTP/1.1" status: 204 len: 168 time: 0.7835381
2026-05-21 20:45:46.279 9 INFO neutron.api.wsgi [None req-085625b2-47bc-42bb-b290-860f1a65ceaa c310d653c3e34cc780cc55545c20f632 ee4a3e54630b41ccb9ca9d648993b818 - - default default] 10.0.0.246 "GET /v2.0/subnets HTTP/1.1" status: 200 len: 843 time: 0.0324442
2026-05-21 20:45:46.505 10 INFO neutron.api.wsgi [None req-746be424-8d79-4013-80e2-f5ffac6850e9 61ab6293e2234a2a9de4281143ec31a0 b3f58bab78cf4d5cba90882365d00150 - - default default] 10.0.0.246 "DELETE /v2.0/subnets/414025b1-6afb-403d-a45e-c07929781376 HTTP/1.1" status: 204 len: 168 time: 0.2281404
2026-05-21 20:45:46.640 10 INFO neutron.services.segments.plugin [-] Segment dae6684e-2956-4085-b574-1fc895b846d7 resource provider aggregate not found
