2026-05-21 20:47:26.539 10 INFO neutron.plugins.ml2.drivers.ovn.mech_driver.mech_driver [None req-919b860d-25f8-4830-9288-1ef673e0f0a4 - - - - - -] OVN reports status up for port: 44a6787d-a4eb-4b78-a87b-de96f9bae056
2026-05-21 20:47:26.547 10 INFO neutron.plugins.ml2.plugin [None req-919b860d-25f8-4830-9288-1ef673e0f0a4 - - - - - -] Attempt 1 to provision port 44a6787d-a4eb-4b78-a87b-de96f9bae056
2026-05-21 20:47:26.567 9 INFO neutron.db.ovn_revision_numbers_db [None req-74f5a772-755f-47d7-bccf-10691f48bece 61ab6293e2234a2a9de4281143ec31a0 b3f58bab78cf4d5cba90882365d00150 - - default default] Successfully bumped revision number for resource 44a6787d-a4eb-4b78-a87b-de96f9bae056 (type: ports) to 1
2026-05-21 20:47:26.625 9 WARNING neutron.scheduler.dhcp_agent_scheduler [None req-74f5a772-755f-47d7-bccf-10691f48bece 61ab6293e2234a2a9de4281143ec31a0 b3f58bab78cf4d5cba90882365d00150 - - default default] No more DHCP agents
2026-05-21 20:47:26.626 9 WARNING neutron.api.rpc.agentnotifiers.dhcp_rpc_agent_api [None req-74f5a772-755f-47d7-bccf-10691f48bece 61ab6293e2234a2a9de4281143ec31a0 b3f58bab78cf4d5cba90882365d00150 - - default default] Unable to schedule network a935d6b6-8728-4255-8c1e-c899b371d32e: no agents available; will retry on subsequent port and subnet creation events.
2026-05-21 20:47:26.907 10 INFO neutron.db.ovn_revision_numbers_db [None req-919b860d-25f8-4830-9288-1ef673e0f0a4 - - - - - -] Successfully bumped revision number for resource 44a6787d-a4eb-4b78-a87b-de96f9bae056 (type: ports) to 2
2026-05-21 20:47:27.229 10 INFO neutron.db.ovn_revision_numbers_db [None req-5ff0335f-5829-4cea-bc93-da6f7b54f55a 61ab6293e2234a2a9de4281143ec31a0 b3f58bab78cf4d5cba90882365d00150 - - default default] Successfully bumped revision number for resource 81d1ccf9-6370-4a21-9e73-cab9778e702c (type: security_groups) to 1
2026-05-21 20:47:27.242 10 INFO neutron.db.ovn_revision_numbers_db [None req-5ff0335f-5829-4cea-bc93-da6f7b54f55a 61ab6293e2234a2a9de4281143ec31a0 b3f58bab78cf4d5cba90882365d00150 - - default default] Successfully bumped revision number for resource 7164725c-e962-4680-a5b4-4c72263220c8 (type: security_group_rules) to 0
2026-05-21 20:47:27.256 10 INFO neutron.db.ovn_revision_numbers_db [None req-5ff0335f-5829-4cea-bc93-da6f7b54f55a 61ab6293e2234a2a9de4281143ec31a0 b3f58bab78cf4d5cba90882365d00150 - - default default] Successfully bumped revision number for resource 81d44fde-1b31-4773-a05d-7ce0080ed1f8 (type: security_group_rules) to 0
2026-05-21 20:47:27.271 10 INFO neutron.db.ovn_revision_numbers_db [None req-5ff0335f-5829-4cea-bc93-da6f7b54f55a 61ab6293e2234a2a9de4281143ec31a0 b3f58bab78cf4d5cba90882365d00150 - - default default] Successfully bumped revision number for resource d60ba281-f6ec-446d-906b-5adda29925b7 (type: security_group_rules) to 0
2026-05-21 20:47:27.291 10 INFO neutron.db.ovn_revision_numbers_db [None req-5ff0335f-5829-4cea-bc93-da6f7b54f55a 61ab6293e2234a2a9de4281143ec31a0 b3f58bab78cf4d5cba90882365d00150 - - default default] Successfully bumped revision number for resource dcede304-dcca-4f7c-a6fe-6331bbfec7b3 (type: security_group_rules) to 0
2026-05-21 20:47:27.329 10 INFO neutron.api.wsgi [None req-5ff0335f-5829-4cea-bc93-da6f7b54f55a 61ab6293e2234a2a9de4281143ec31a0 b3f58bab78cf4d5cba90882365d00150 - - default default] 10.0.0.246 "GET /v2.0/security-groups?tenant_id=ad831b2b638e4c059f16c16a236123c0&name=default HTTP/1.1" status: 200 len: 3120 time: 0.3439713
2026-05-21 20:47:27.467 10 INFO neutron.api.wsgi [req-d1366e45-491b-4ddf-a643-cfe11b012ffc req-b87411e9-4671-44e5-8856-6814b550a383 ed43b95edf94438e8c0f39cb43b9645c f729cf6bc5ef425a98d92696e4751bef - - 9a3d968ebfc1409faebfb5f1a7d96120 9a3d968ebfc1409faebfb5f1a7d96120] 199.19.213.150 "GET /v2.0/ports?tenant_id=c6ed6d0bf173424ea41ae4bc3f852900&device_id=d9bb0252-b70a-432a-a10a-ca07ee395748 HTTP/1.1" status: 200 len: 1409 time: 0.0383048
2026-05-21 20:47:27.476 9 INFO neutron.api.wsgi [req-1e808c9e-55b1-47f8-a328-fee678bc58b2 req-1eeb3996-b357-47b7-953d-f58d31512dc7 6bbb3e6b4d4b4bdd9a1f0d6a0df079da ba21bf6657b24ddba547c64f3f5e415d - - default default] 10.0.0.51 "GET /v2.0/ports?device_id=2f78e3ea-ee35-41bd-9b77-fbc43b35df96 HTTP/1.1" status: 200 len: 1208 time: 0.0421507
2026-05-21 20:47:27.532 9 INFO neutron.api.wsgi [req-1e808c9e-55b1-47f8-a328-fee678bc58b2 req-e6c6f0ad-cb20-49c7-98ee-e13c4b2dca38 6bbb3e6b4d4b4bdd9a1f0d6a0df079da ba21bf6657b24ddba547c64f3f5e415d - - default default] 10.0.0.51 "GET /v2.0/security-groups?id=07ea39fd-e7dc-4698-ac87-cfefd82f9e2e&id=45a4ad5c-7794-4889-9b3f-cf46ae406c49&fields=id&fields=name HTTP/1.1" status: 200 len: 406 time: 0.0498648
2026-05-21 20:47:27.532 9 INFO neutron.db.ovn_revision_numbers_db [None req-74f5a772-755f-47d7-bccf-10691f48bece 61ab6293e2234a2a9de4281143ec31a0 b3f58bab78cf4d5cba90882365d00150 - - default default] Successfully bumped revision number for resource 44a6787d-a4eb-4b78-a87b-de96f9bae056 (type: router_ports) to 1
2026-05-21 20:47:27.537 9 INFO neutron.api.wsgi [None req-74f5a772-755f-47d7-bccf-10691f48bece 61ab6293e2234a2a9de4281143ec31a0 b3f58bab78cf4d5cba90882365d00150 - - default default] 10.0.0.246 "PUT /v2.0/routers/a171c160-a8c5-421d-98e2-e125d38b685c/add_router_interface HTTP/1.1" status: 200 len: 503 time: 2.4057152
2026-05-21 20:47:27.616 10 INFO neutron.api.wsgi [None req-6146619e-17cb-4147-a8d7-c9b972b978a8 61ab6293e2234a2a9de4281143ec31a0 b3f58bab78cf4d5cba90882365d00150 - - default default] 10.0.0.246 "DELETE /v2.0/security-groups/81d1ccf9-6370-4a21-9e73-cab9778e702c HTTP/1.1" status: 204 len: 168 time: 0.2804391
2026-05-21 20:47:27.866 10 INFO neutron.db.ovn_revision_numbers_db [None req-c0f12ebd-1e47-4c0a-a7c4-4f8d511fb61d 61ab6293e2234a2a9de4281143ec31a0 b3f58bab78cf4d5cba90882365d00150 - - default default] Successfully bumped revision number for resource c8216609-9245-4d31-8ce4-d324331325bb (type: security_groups) to 1
2026-05-21 20:47:27.879 10 INFO neutron.db.ovn_revision_numbers_db [None req-c0f12ebd-1e47-4c0a-a7c4-4f8d511fb61d 61ab6293e2234a2a9de4281143ec31a0 b3f58bab78cf4d5cba90882365d00150 - - default default] Successfully bumped revision number for resource 5e0e55bc-4fe0-4882-b2ce-831c0ccc98cb (type: security_group_rules) to 0
2026-05-21 20:47:27.892 10 INFO neutron.db.ovn_revision_numbers_db [None req-c0f12ebd-1e47-4c0a-a7c4-4f8d511fb61d 61ab6293e2234a2a9de4281143ec31a0 b3f58bab78cf4d5cba90882365d00150 - - default default] Successfully bumped revision number for resource 9f09f444-89d7-4acf-a70c-fc3d231f1e11 (type: security_group_rules) to 0
2026-05-21 20:47:27.904 10 INFO neutron.db.ovn_revision_numbers_db [None req-c0f12ebd-1e47-4c0a-a7c4-4f8d511fb61d 61ab6293e2234a2a9de4281143ec31a0 b3f58bab78cf4d5cba90882365d00150 - - default default] Successfully bumped revision number for resource c3334e56-1515-49eb-a5f6-1c09eab60012 (type: security_group_rules) to 0
2026-05-21 20:47:27.921 10 INFO neutron.db.ovn_revision_numbers_db [None req-c0f12ebd-1e47-4c0a-a7c4-4f8d511fb61d 61ab6293e2234a2a9de4281143ec31a0 b3f58bab78cf4d5cba90882365d00150 - - default default] Successfully bumped revision number for resource d4d7481b-52bb-42bb-993d-bc7e570a25b4 (type: security_group_rules) to 0
2026-05-21 20:47:27.964 10 INFO neutron.api.wsgi [None req-c0f12ebd-1e47-4c0a-a7c4-4f8d511fb61d 61ab6293e2234a2a9de4281143ec31a0 b3f58bab78cf4d5cba90882365d00150 - - default default] 10.0.0.246 "GET /v2.0/security-groups?tenant_id=ddaae4362de74ed09aa1c026b575703d&name=default HTTP/1.1" status: 200 len: 3120 time: 0.2152743
2026-05-21 20:47:28.032 10 INFO neutron.api.wsgi [req-d1366e45-491b-4ddf-a643-cfe11b012ffc req-d0350e99-3103-4aea-bca6-bb1c4477c05d ed43b95edf94438e8c0f39cb43b9645c f729cf6bc5ef425a98d92696e4751bef - - 9a3d968ebfc1409faebfb5f1a7d96120 9a3d968ebfc1409faebfb5f1a7d96120] 199.19.213.150 "GET /v2.0/networks?id=132d2eb9-80e2-4181-960c-b71d149157bc HTTP/1.1" status: 200 len: 958 time: 0.0538969
2026-05-21 20:47:28.085 10 INFO neutron.api.wsgi [req-d1366e45-491b-4ddf-a643-cfe11b012ffc req-a4015611-30e6-4e4b-91bf-2a799db7ca57 ed43b95edf94438e8c0f39cb43b9645c f729cf6bc5ef425a98d92696e4751bef - - 9a3d968ebfc1409faebfb5f1a7d96120 9a3d968ebfc1409faebfb5f1a7d96120] 199.19.213.150 "GET /v2.0/floatingips?fixed_ip_address=10.100.0.3&port_id=87d52c2c-9516-42fa-96d2-1bc9c039afb4 HTTP/1.1" status: 200 len: 1059 time: 0.0462062
2026-05-21 20:47:28.119 10 INFO neutron.api.wsgi [req-d1366e45-491b-4ddf-a643-cfe11b012ffc req-3f055252-689f-4282-b1f0-f329fd85a8fc ed43b95edf94438e8c0f39cb43b9645c f729cf6bc5ef425a98d92696e4751bef - - 9a3d968ebfc1409faebfb5f1a7d96120 9a3d968ebfc1409faebfb5f1a7d96120] 199.19.213.150 "GET /v2.0/subnets?id=62e4af02-5d2e-4520-89ba-632ca0fd861b HTTP/1.1" status: 200 len: 876 time: 0.0272660
2026-05-21 20:47:28.145 10 INFO neutron.api.wsgi [req-d1366e45-491b-4ddf-a643-cfe11b012ffc req-9778684a-cc3b-4c71-8266-39b7d25aa77f ed43b95edf94438e8c0f39cb43b9645c f729cf6bc5ef425a98d92696e4751bef - - 9a3d968ebfc1409faebfb5f1a7d96120 9a3d968ebfc1409faebfb5f1a7d96120] 199.19.213.150 "GET /v2.0/ports?network_id=132d2eb9-80e2-4181-960c-b71d149157bc&device_owner=network%3Adhcp HTTP/1.1" status: 200 len: 210 time: 0.0191259
2026-05-21 20:47:28.188 10 INFO neutron.api.wsgi [req-d1366e45-491b-4ddf-a643-cfe11b012ffc req-8c58bf18-3afa-47f4-990e-db19464dbaaa ed43b95edf94438e8c0f39cb43b9645c f729cf6bc5ef425a98d92696e4751bef - - 9a3d968ebfc1409faebfb5f1a7d96120 9a3d968ebfc1409faebfb5f1a7d96120] 199.19.213.150 "GET /v2.0/networks/132d2eb9-80e2-4181-960c-b71d149157bc?fields=segments HTTP/1.1" status: 200 len: 212 time: 0.0369494
2026-05-21 20:47:28.227 10 INFO neutron.api.wsgi [None req-5ca6fb6b-ab7d-4c0c-99f6-60b59aad5a6f 61ab6293e2234a2a9de4281143ec31a0 b3f58bab78cf4d5cba90882365d00150 - - default default] 10.0.0.246 "DELETE /v2.0/security-groups/c8216609-9245-4d31-8ce4-d324331325bb HTTP/1.1" status: 204 len: 168 time: 0.2552228
2026-05-21 20:47:28.234 10 INFO neutron.api.wsgi [req-d1366e45-491b-4ddf-a643-cfe11b012ffc req-3aad6aa6-dda9-422a-af21-eec8cc0865cf ed43b95edf94438e8c0f39cb43b9645c f729cf6bc5ef425a98d92696e4751bef - - 9a3d968ebfc1409faebfb5f1a7d96120 9a3d968ebfc1409faebfb5f1a7d96120] 199.19.213.150 "GET /v2.0/networks/132d2eb9-80e2-4181-960c-b71d149157bc?fields=provider%3Aphysical_network&fields=provider%3Anetwork_type HTTP/1.1" status: 200 len: 277 time: 0.0402176
2026-05-21 20:47:28.646 10 INFO neutron.api.wsgi [req-6af265e3-9987-4420-bc8a-3f0451f661d4 req-9cacecfc-93c8-450b-a785-790024cd84ea 6bbb3e6b4d4b4bdd9a1f0d6a0df079da ba21bf6657b24ddba547c64f3f5e415d - - default default] 10.0.0.51 "GET /v2.0/ports?device_id=2f78e3ea-ee35-41bd-9b77-fbc43b35df96 HTTP/1.1" status: 200 len: 1208 time: 0.0386336
2026-05-21 20:47:28.695 10 INFO neutron.api.wsgi [req-6af265e3-9987-4420-bc8a-3f0451f661d4 req-0dedbd22-d5ac-42aa-b8d9-667d66ff1274 6bbb3e6b4d4b4bdd9a1f0d6a0df079da ba21bf6657b24ddba547c64f3f5e415d - - default default] 10.0.0.51 "GET /v2.0/security-groups?id=07ea39fd-e7dc-4698-ac87-cfefd82f9e2e&id=45a4ad5c-7794-4889-9b3f-cf46ae406c49&fields=id&fields=name HTTP/1.1" status: 200 len: 406 time: 0.0413315
2026-05-21 20:47:28.998 10 INFO neutron.api.wsgi [req-82182102-0258-4170-8094-e7db3200402e req-7e51e0da-732f-4393-9cfb-457d47100d22 ed43b95edf94438e8c0f39cb43b9645c f729cf6bc5ef425a98d92696e4751bef - - 9a3d968ebfc1409faebfb5f1a7d96120 9a3d968ebfc1409faebfb5f1a7d96120] 199.19.213.150 "GET /v2.0/ports?device_id=2f78e3ea-ee35-41bd-9b77-fbc43b35df96 HTTP/1.1" status: 200 len: 1446 time: 0.0384941
2026-05-21 20:47:29.053 10 INFO neutron.api.wsgi [req-82182102-0258-4170-8094-e7db3200402e req-c91b8898-3a9c-4681-88d5-b8c69f6d5551 ed43b95edf94438e8c0f39cb43b9645c f729cf6bc5ef425a98d92696e4751bef - - 9a3d968ebfc1409faebfb5f1a7d96120 9a3d968ebfc1409faebfb5f1a7d96120] 199.19.213.150 "GET /v2.0/security-groups?id=45a4ad5c-7794-4889-9b3f-cf46ae406c49&id=07ea39fd-e7dc-4698-ac87-cfefd82f9e2e&fields=id&fields=name HTTP/1.1" status: 200 len: 406 time: 0.0484197
2026-05-21 20:47:29.177 9 INFO neutron.plugins.ml2.drivers.ovn.mech_driver.mech_driver [None req-3d92f273-8507-4b5e-a24f-3dc01b7f18cc - - - - - -] OVN reports status up for port: cb5e3de2-bfbf-440e-9e9a-7e7ee9c35a42
2026-05-21 20:47:29.218 9 INFO neutron.plugins.ml2.plugin [None req-3d92f273-8507-4b5e-a24f-3dc01b7f18cc - - - - - -] Attempt 1 to provision port cb5e3de2-bfbf-440e-9e9a-7e7ee9c35a42
2026-05-21 20:47:29.382 9 INFO neutron.notifiers.nova [-] Nova event matching ['req-25882556-9fad-4bc1-9548-d9658facdc14'] response: {'server_uuid': '2f78e3ea-ee35-41bd-9b77-fbc43b35df96', 'name': 'network-vif-plugged', 'status': 'completed', 'tag': 'cb5e3de2-bfbf-440e-9e9a-7e7ee9c35a42', 'code': 200}
2026-05-21 20:47:29.547 9 INFO neutron.db.ovn_revision_numbers_db [None req-3d92f273-8507-4b5e-a24f-3dc01b7f18cc - - - - - -] Successfully bumped revision number for resource cb5e3de2-bfbf-440e-9e9a-7e7ee9c35a42 (type: ports) to 5
2026-05-21 20:47:29.801 10 INFO neutron.api.wsgi [req-961b944f-e420-460f-b889-d8d46b471a2f req-0f96590f-b471-450c-bcc2-d881546681ae 6bbb3e6b4d4b4bdd9a1f0d6a0df079da ba21bf6657b24ddba547c64f3f5e415d - - default default] 10.0.0.51 "GET /v2.0/ports?device_id=2f78e3ea-ee35-41bd-9b77-fbc43b35df96 HTTP/1.1" status: 200 len: 1210 time: 0.0340319
2026-05-21 20:47:29.848 10 INFO neutron.api.wsgi [req-961b944f-e420-460f-b889-d8d46b471a2f req-7e551228-89b6-42d8-8ea1-8bd365fbf62a 6bbb3e6b4d4b4bdd9a1f0d6a0df079da ba21bf6657b24ddba547c64f3f5e415d - - default default] 10.0.0.51 "GET /v2.0/security-groups?id=07ea39fd-e7dc-4698-ac87-cfefd82f9e2e&id=45a4ad5c-7794-4889-9b3f-cf46ae406c49&fields=id&fields=name HTTP/1.1" status: 200 len: 406 time: 0.0428765 /var/lib/openstack/lib/python3.12/site-packages/pycadf/identifier.py:71: UserWarning: Invalid uuid: neutron. To ensure interoperability, identifiers should be a valid uuid. warnings.warn(('Invalid uuid: %s. To ensure interoperability, '
2026-05-21 20:47:29.973 9 INFO neutron.api.wsgi [req-7053abc4-de6f-403e-9b49-a94535426cf9 req-70ba4413-0e30-4cf1-a009-84b0e5dc7f14 7e628d321612428c88a285f992726357 f282a6398bab4fc5bd38af0bd527ca86 - - default default] 10.0.0.51 "GET /v2.0/networks?id=a935d6b6-8728-4255-8c1e-c899b371d32e HTTP/1.1" status: 200 len: 871 time: 0.0553977
2026-05-21 20:47:29.992 9 INFO neutron.api.wsgi [req-7053abc4-de6f-403e-9b49-a94535426cf9 req-531c58ce-21d5-47a9-933a-417ec37f8a50 7e628d321612428c88a285f992726357 f282a6398bab4fc5bd38af0bd527ca86 - - default default] 10.0.0.51 "GET /v2.0/quotas/f282a6398bab4fc5bd38af0bd527ca86 HTTP/1.1" status: 200 len: 491 time: 0.0156212
2026-05-21 20:47:30.075 9 INFO neutron.api.wsgi [req-7053abc4-de6f-403e-9b49-a94535426cf9 req-636bc811-aad8-4898-95e8-695f3baabf84 7e628d321612428c88a285f992726357 f282a6398bab4fc5bd38af0bd527ca86 - - default default] 10.0.0.51 "GET /v2.0/ports?tenant_id=f282a6398bab4fc5bd38af0bd527ca86&fields=id HTTP/1.1" status: 200 len: 302 time: 0.0780752
2026-05-21 20:47:30.128 9 INFO neutron.api.wsgi [req-7053abc4-de6f-403e-9b49-a94535426cf9 req-3c5e4cce-35ac-40ee-b5ac-8b951971a657 ed43b95edf94438e8c0f39cb43b9645c f729cf6bc5ef425a98d92696e4751bef - - 9a3d968ebfc1409faebfb5f1a7d96120 9a3d968ebfc1409faebfb5f1a7d96120] 10.0.0.51 "GET /v2.0/networks/a935d6b6-8728-4255-8c1e-c899b371d32e?fields=segments HTTP/1.1" status: 200 len: 212 time: 0.0449007
2026-05-21 20:47:30.196 9 INFO neutron.api.wsgi [req-7053abc4-de6f-403e-9b49-a94535426cf9 req-1fc9ca9e-547d-4d1f-bdba-54e100d489ef ed43b95edf94438e8c0f39cb43b9645c f729cf6bc5ef425a98d92696e4751bef - - 9a3d968ebfc1409faebfb5f1a7d96120 9a3d968ebfc1409faebfb5f1a7d96120] 10.0.0.51 "GET /v2.0/networks/a935d6b6-8728-4255-8c1e-c899b371d32e?fields=provider%3Aphysical_network&fields=provider%3Anetwork_type HTTP/1.1" status: 200 len: 277 time: 0.0599608
2026-05-21 20:47:30.299 9 INFO neutron.api.wsgi [req-e04f5d67-a9c7-4fcb-845b-8952b7a2f317 req-aa6358b1-d5cd-4ba5-8469-0dafb742b252 ed43b95edf94438e8c0f39cb43b9645c f729cf6bc5ef425a98d92696e4751bef - - 9a3d968ebfc1409faebfb5f1a7d96120 9a3d968ebfc1409faebfb5f1a7d96120] 10.0.0.159 "GET /v2.0/ports?device_id=d9bb0252-b70a-432a-a10a-ca07ee395748 HTTP/1.1" status: 200 len: 1409 time: 0.0519218
2026-05-21 20:47:30.328 10 INFO neutron.api.wsgi [req-f4bd8533-4ae9-4c4c-b7a3-f2c0241b8a06 req-1aac2c7f-9c87-4a4f-991b-3d152a59ad10 7e628d321612428c88a285f992726357 f282a6398bab4fc5bd38af0bd527ca86 - - default default] 10.0.0.51 "GET /v2.0/ports?device_id=0b83a494-1fc1-45b8-82f7-525f1782f17a HTTP/1.1" status: 200 len: 210 time: 0.0186381
2026-05-21 20:47:30.365 9 INFO neutron.api.wsgi [req-e04f5d67-a9c7-4fcb-845b-8952b7a2f317 req-140223e3-c8e5-43fb-b824-56345bf311b5 ed43b95edf94438e8c0f39cb43b9645c f729cf6bc5ef425a98d92696e4751bef - - 9a3d968ebfc1409faebfb5f1a7d96120 9a3d968ebfc1409faebfb5f1a7d96120] 10.0.0.159 "GET /v2.0/security-groups?id=4c4aaebd-7383-412a-b410-6b5fb56b241e&fields=id&fields=name HTTP/1.1" status: 200 len: 311 time: 0.0595775
2026-05-21 20:47:31.044 9 INFO neutron.api.wsgi [req-9f29cd1b-e40b-48ff-9ba9-dd97f6834fad req-770c3be6-dbcb-4955-b105-e1d81bad9c86 6bbb3e6b4d4b4bdd9a1f0d6a0df079da ba21bf6657b24ddba547c64f3f5e415d - - default default] 10.0.0.51 "GET /v2.0/ports?device_id=2f78e3ea-ee35-41bd-9b77-fbc43b35df96 HTTP/1.1" status: 200 len: 1210 time: 0.1112840
2026-05-21 20:47:31.098 9 INFO neutron.api.wsgi [req-9f29cd1b-e40b-48ff-9ba9-dd97f6834fad req-5e935bab-c1e4-403f-8f51-6e10347d406f 6bbb3e6b4d4b4bdd9a1f0d6a0df079da ba21bf6657b24ddba547c64f3f5e415d - - default default] 10.0.0.51 "GET /v2.0/security-groups?id=07ea39fd-e7dc-4698-ac87-cfefd82f9e2e&id=45a4ad5c-7794-4889-9b3f-cf46ae406c49&fields=id&fields=name HTTP/1.1" status: 200 len: 406 time: 0.0456038
2026-05-21 20:47:31.432 9 INFO neutron.api.wsgi [req-e01f7008-af4e-4074-8b71-2901a171a28f req-235d5e7e-6340-42d4-94ad-c49515e61480 7e628d321612428c88a285f992726357 f282a6398bab4fc5bd38af0bd527ca86 - - default default] 10.0.0.51 "GET /v2.0/ports?device_id=0b83a494-1fc1-45b8-82f7-525f1782f17a HTTP/1.1" status: 200 len: 210 time: 0.0219991
2026-05-21 20:47:31.481 9 INFO neutron.notifiers.nova [-] Nova event matching ['req-6c032fb5-5967-4b72-9643-7547e277b104'] response: {'server_uuid': '2f78e3ea-ee35-41bd-9b77-fbc43b35df96', 'name': 'network-vif-plugged', 'status': 'completed', 'tag': 'cb5e3de2-bfbf-440e-9e9a-7e7ee9c35a42', 'code': 200}
2026-05-21 20:47:31.938 10 WARNING neutron_lib.context [None req-67e2ff40-99c0-41f0-9be8-3bcb770ae2bf 4cd45a206aef45e49766c1b30cd8f916 525a6db284b74f5aba63409ef99e5a2e - - default default] Method 'is_advsvc' is deprecated since 2023.2 release (neutron-lib 3.8.0) and will be removed once support for the old RBAC API policies will be removed from Neutron. Please use method 'is_service_role' instead.
2026-05-21 20:47:32.033 10 INFO neutron.api.wsgi [None req-58406084-07de-44a0-a274-bd4c3acc9911 848ca227013f47349c665002d7d765d2 c5dbc9fe6d8245f4b2b9ae8d34b1265f - - default default] 10.0.0.246 "GET /v2.0/ports?project_id=c6ed6d0bf173424ea41ae4bc3f852900&network_id=132d2eb9-80e2-4181-960c-b71d149157bc HTTP/1.1" status: 200 len: 3510 time: 0.0603213
2026-05-21 20:47:32.068 10 WARNING neutron.plugins.ml2.drivers.ovn.mech_driver.ovsdb.ovn_client [None req-fc6d5dc8-da22-4bf8-b2bf-e9eca132e997 - - - - - -] No hosting information found for port 44a6787d-a4eb-4b78-a87b-de96f9bae056: RuntimeError: No hosting information found for port 44a6787d-a4eb-4b78-a87b-de96f9bae056
2026-05-21 20:47:32.160 10 INFO neutron.db.ovn_revision_numbers_db [None req-67e2ff40-99c0-41f0-9be8-3bcb770ae2bf 4cd45a206aef45e49766c1b30cd8f916 525a6db284b74f5aba63409ef99e5a2e - - default default] Successfully bumped revision number for resource 274bee79-010d-40bb-8876-9c260c0034c4 (type: security_groups) to 1
2026-05-21 20:47:32.172 10 INFO neutron.db.ovn_revision_numbers_db [None req-fc6d5dc8-da22-4bf8-b2bf-e9eca132e997 - - - - - -] Successfully bumped revision number for resource 44a6787d-a4eb-4b78-a87b-de96f9bae056 (type: router_ports) to 2
2026-05-21 20:47:32.189 10 INFO neutron.db.ovn_revision_numbers_db [None req-67e2ff40-99c0-41f0-9be8-3bcb770ae2bf 4cd45a206aef45e49766c1b30cd8f916 525a6db284b74f5aba63409ef99e5a2e - - default default] Successfully bumped revision number for resource 41c027ce-bc4f-43dd-baec-e477f3e4f0cb (type: security_group_rules) to 0
2026-05-21 20:47:32.207 10 INFO neutron.db.ovn_revision_numbers_db [None req-67e2ff40-99c0-41f0-9be8-3bcb770ae2bf 4cd45a206aef45e49766c1b30cd8f916 525a6db284b74f5aba63409ef99e5a2e - - default default] Successfully bumped revision number for resource b7824921-893b-4de2-a8f3-18f018f33610 (type: security_group_rules) to 0
2026-05-21 20:47:32.223 10 INFO neutron.db.ovn_revision_numbers_db [None req-67e2ff40-99c0-41f0-9be8-3bcb770ae2bf 4cd45a206aef45e49766c1b30cd8f916 525a6db284b74f5aba63409ef99e5a2e - - default default] Successfully bumped revision number for resource d775b151-03d0-4ea2-92a1-fe07032b06d6 (type: security_group_rules) to 0
2026-05-21 20:47:32.229 9 INFO neutron.api.wsgi [req-c27c941f-e202-4f58-a854-8d48aa2fbb80 req-9c86fb1e-c746-4462-97fe-6134c809b0fe 6bbb3e6b4d4b4bdd9a1f0d6a0df079da ba21bf6657b24ddba547c64f3f5e415d - - default default] 10.0.0.51 "GET /v2.0/ports?device_id=2f78e3ea-ee35-41bd-9b77-fbc43b35df96 HTTP/1.1" status: 200 len: 1210 time: 0.0417557
2026-05-21 20:47:32.245 10 INFO neutron.db.ovn_revision_numbers_db [None req-67e2ff40-99c0-41f0-9be8-3bcb770ae2bf 4cd45a206aef45e49766c1b30cd8f916 525a6db284b74f5aba63409ef99e5a2e - - default default] Successfully bumped revision number for resource f0cab255-b64d-430b-8881-221ecc110a36 (type: security_group_rules) to 0
2026-05-21 20:47:32.287 9 INFO neutron.api.wsgi [req-c27c941f-e202-4f58-a854-8d48aa2fbb80 req-861670d1-cc92-4810-ab3e-5206414e2426 6bbb3e6b4d4b4bdd9a1f0d6a0df079da ba21bf6657b24ddba547c64f3f5e415d - - default default] 10.0.0.51 "GET /v2.0/security-groups?id=07ea39fd-e7dc-4698-ac87-cfefd82f9e2e&id=45a4ad5c-7794-4889-9b3f-cf46ae406c49&fields=id&fields=name HTTP/1.1" status: 200 len: 406 time: 0.0514076
2026-05-21 20:47:32.324 10 INFO neutron.api.wsgi [None req-8712de20-03c1-434d-abe2-0f0e148592e9 848ca227013f47349c665002d7d765d2 c5dbc9fe6d8245f4b2b9ae8d34b1265f - - default default] 10.0.0.246 "GET /v2.0/subnets?network_id=f875c99c-a46d-4763-9a04-9a5b002d17f0 HTTP/1.1" status: 200 len: 861 time: 0.0350332
2026-05-21 20:47:32.336 10 INFO neutron.db.segments_db [None req-67e2ff40-99c0-41f0-9be8-3bcb770ae2bf 4cd45a206aef45e49766c1b30cd8f916 525a6db284b74f5aba63409ef99e5a2e - - default default] Added segment c9504cd2-6d95-41d2-a709-7c7fc1aa2468 of type geneve for network ee7bc6af-4a5f-4e1e-956a-473cbe7e3d36
2026-05-21 20:47:32.508 10 INFO neutron.api.wsgi [req-93331496-c6a5-4a7c-b46a-428758fe8e68 req-889ed5b7-fff4-43d1-81dd-624f48bc1889 6bbb3e6b4d4b4bdd9a1f0d6a0df079da ba21bf6657b24ddba547c64f3f5e415d - - default default] 10.0.0.51 "GET /v2.0/ports?device_id=2f78e3ea-ee35-41bd-9b77-fbc43b35df96 HTTP/1.1" status: 200 len: 1210 time: 0.1143990
2026-05-21 20:47:32.527 10 INFO neutron.db.ovn_revision_numbers_db [None req-67e2ff40-99c0-41f0-9be8-3bcb770ae2bf 4cd45a206aef45e49766c1b30cd8f916 525a6db284b74f5aba63409ef99e5a2e - - default default] Successfully bumped revision number for resource ee7bc6af-4a5f-4e1e-956a-473cbe7e3d36 (type: networks) to 1
2026-05-21 20:47:32.533 9 INFO neutron.api.wsgi [req-831432c7-89be-4a68-809b-d42f707f7709 req-a4d7ecc9-4cce-4fd2-85ee-e8bbed7beee0 7e628d321612428c88a285f992726357 f282a6398bab4fc5bd38af0bd527ca86 - - default default] 10.0.0.51 "GET /v2.0/ports?device_id=0b83a494-1fc1-45b8-82f7-525f1782f17a HTTP/1.1" status: 200 len: 210 time: 0.0238385
2026-05-21 20:47:32.650 10 INFO neutron.db.ovn_revision_numbers_db [None req-52b8b52e-27b3-43cc-820f-aeb0d7b284c3 29afe15562f844209a0b58d2304dc641 c6ed6d0bf173424ea41ae4bc3f852900 - - default default] Successfully bumped revision number for resource c7f0b84e-ce2d-4f01-9ba2-7ec9ddd76676 (type: floatingips) to 2
2026-05-21 20:47:32.733 10 INFO neutron.db.l3_db [None req-52b8b52e-27b3-43cc-820f-aeb0d7b284c3 29afe15562f844209a0b58d2304dc641 c6ed6d0bf173424ea41ae4bc3f852900 - - default default] Floating IP c7f0b84e-ce2d-4f01-9ba2-7ec9ddd76676 disassociated. External IP: 10.96.250.215, port: 87d52c2c-9516-42fa-96d2-1bc9c039afb4.
2026-05-21 20:47:32.772 10 INFO neutron.api.wsgi [None req-52b8b52e-27b3-43cc-820f-aeb0d7b284c3 29afe15562f844209a0b58d2304dc641 c6ed6d0bf173424ea41ae4bc3f852900 - - default default] 10.0.0.246 "PUT /v2.0/floatingips/c7f0b84e-ce2d-4f01-9ba2-7ec9ddd76676 HTTP/1.1" status: 200 len: 748 time: 0.2942231
2026-05-21 20:47:32.797 10 WARNING neutron.scheduler.dhcp_agent_scheduler [None req-67e2ff40-99c0-41f0-9be8-3bcb770ae2bf 4cd45a206aef45e49766c1b30cd8f916 525a6db284b74f5aba63409ef99e5a2e - - default default] No more DHCP agents
2026-05-21 20:47:32.800 10 INFO neutron.api.wsgi [None req-c188b50b-48bb-4306-bba2-3590d0b5c2d0 29afe15562f844209a0b58d2304dc641 c6ed6d0bf173424ea41ae4bc3f852900 - - default default] 10.0.0.246 "GET /v2.0/floatingips/c7f0b84e-ce2d-4f01-9ba2-7ec9ddd76676 HTTP/1.1" status: 200 len: 746 time: 0.0206912
2026-05-21 20:47:32.800 10 WARNING neutron.api.rpc.agentnotifiers.dhcp_rpc_agent_api [None req-67e2ff40-99c0-41f0-9be8-3bcb770ae2bf 4cd45a206aef45e49766c1b30cd8f916 525a6db284b74f5aba63409ef99e5a2e - - default default] Unable to schedule network ee7bc6af-4a5f-4e1e-956a-473cbe7e3d36: no agents available; will retry on subsequent port and subnet creation events.
2026-05-21 20:47:32.804 10 INFO neutron.notifiers.nova [-] Nova event matching ['req-872371bb-3ef1-4176-b060-c00ca5d9ff99'] response: {'name': 'network-changed', 'server_uuid': 'd9bb0252-b70a-432a-a10a-ca07ee395748', 'tag': '87d52c2c-9516-42fa-96d2-1bc9c039afb4', 'status': 'completed', 'code': 200}
2026-05-21 20:47:32.860 10 INFO neutron.db.ovn_revision_numbers_db [None req-67e2ff40-99c0-41f0-9be8-3bcb770ae2bf 4cd45a206aef45e49766c1b30cd8f916 525a6db284b74f5aba63409ef99e5a2e - - default default] Successfully bumped revision number for resource a2ed0523-609e-45d5-b90d-32522e1bf14e (type: ports) to 1
2026-05-21 20:47:32.882 10 INFO neutron.api.wsgi [None req-67e2ff40-99c0-41f0-9be8-3bcb770ae2bf 4cd45a206aef45e49766c1b30cd8f916 525a6db284b74f5aba63409ef99e5a2e - - default default] 10.0.0.246 "POST /v2.0/networks HTTP/1.1" status: 201 len: 831 time: 1.1096423
2026-05-21 20:47:32.896 10 WARNING neutron_lib.context [None req-a24a55fd-9a2f-44e1-a4c8-d378bbe7aa22 4cd45a206aef45e49766c1b30cd8f916 525a6db284b74f5aba63409ef99e5a2e - - default default] Method 'is_advsvc' is deprecated since 2023.2 release (neutron-lib 3.8.0) and will be removed once support for the old RBAC API policies will be removed from Neutron. Please use method 'is_service_role' instead.
2026-05-21 20:47:32.970 10 INFO neutron.api.wsgi [-] 10.0.0.205 "GET / HTTP/1.1" status: 200 len: 246 time: 0.0021958
2026-05-21 20:47:32.971 9 INFO neutron.api.wsgi [-] 10.0.0.205 "GET / HTTP/1.1" status: 200 len: 246 time: 0.0029898
2026-05-21 20:47:33.167 9 INFO neutron.db.ovn_revision_numbers_db [None req-0f37fc6a-e328-42c3-8066-d34cccc8c101 6bbb3e6b4d4b4bdd9a1f0d6a0df079da ba21bf6657b24ddba547c64f3f5e415d - - default default] Successfully bumped revision number for resource 8ac15b28-1a65-41c9-a95b-bfe16d369b6a (type: floatingips) to 1
2026-05-21 20:47:33.215 10 WARNING neutron.scheduler.dhcp_agent_scheduler [None req-a24a55fd-9a2f-44e1-a4c8-d378bbe7aa22 4cd45a206aef45e49766c1b30cd8f916 525a6db284b74f5aba63409ef99e5a2e - - default default] No more DHCP agents
2026-05-21 20:47:33.216 10 WARNING neutron.api.rpc.agentnotifiers.dhcp_rpc_agent_api [None req-a24a55fd-9a2f-44e1-a4c8-d378bbe7aa22 4cd45a206aef45e49766c1b30cd8f916 525a6db284b74f5aba63409ef99e5a2e - - default default] Unable to schedule network ee7bc6af-4a5f-4e1e-956a-473cbe7e3d36: no agents available; will retry on subsequent port and subnet creation events.
2026-05-21 20:47:33.303 10 INFO neutron.db.ovn_revision_numbers_db [None req-a24a55fd-9a2f-44e1-a4c8-d378bbe7aa22 4cd45a206aef45e49766c1b30cd8f916 525a6db284b74f5aba63409ef99e5a2e - - default default] Successfully bumped revision number for resource a1f91d4f-eb06-4e4b-8831-0565b357f80d (type: ports) to 1 /var/lib/openstack/lib/python3.12/site-packages/pycadf/identifier.py:71: UserWarning: Invalid uuid: neutron. To ensure interoperability, identifiers should be a valid uuid. warnings.warn(('Invalid uuid: %s. To ensure interoperability, '
2026-05-21 20:47:33.338 9 INFO neutron.db.ovn_revision_numbers_db [None req-0f37fc6a-e328-42c3-8066-d34cccc8c101 6bbb3e6b4d4b4bdd9a1f0d6a0df079da ba21bf6657b24ddba547c64f3f5e415d - - default default] Successfully bumped revision number for resource 8ac15b28-1a65-41c9-a95b-bfe16d369b6a (type: floatingips) to 2
2026-05-21 20:47:33.339 9 INFO neutron.db.l3_db [None req-0f37fc6a-e328-42c3-8066-d34cccc8c101 6bbb3e6b4d4b4bdd9a1f0d6a0df079da ba21bf6657b24ddba547c64f3f5e415d - - default default] Floating IP 8ac15b28-1a65-41c9-a95b-bfe16d369b6a associated. External IP: 10.96.250.216, port: cb5e3de2-bfbf-440e-9e9a-7e7ee9c35a42.
2026-05-21 20:47:33.350 10 INFO neutron.api.wsgi [None req-a24a55fd-9a2f-44e1-a4c8-d378bbe7aa22 4cd45a206aef45e49766c1b30cd8f916 525a6db284b74f5aba63409ef99e5a2e - - default default] 10.0.0.246 "POST /v2.0/ports HTTP/1.1" status: 201 len: 942 time: 0.4595256 /var/lib/openstack/lib/python3.12/site-packages/pycadf/identifier.py:71: UserWarning: Invalid uuid: neutron. To ensure interoperability, identifiers should be a valid uuid. warnings.warn(('Invalid uuid: %s. To ensure interoperability, '
2026-05-21 20:47:33.366 9 WARNING neutron_lib.context [None req-cc71ef44-bcf9-4d32-859e-1042a7262318 4cd45a206aef45e49766c1b30cd8f916 525a6db284b74f5aba63409ef99e5a2e - - default default] Method 'is_advsvc' is deprecated since 2023.2 release (neutron-lib 3.8.0) and will be removed once support for the old RBAC API policies will be removed from Neutron. Please use method 'is_service_role' instead.
2026-05-21 20:47:33.368 10 INFO neutron.api.wsgi [req-2f877b76-37f9-4f37-866c-fe12a870b09c req-81a18d8c-40c8-4a0b-a790-fdee8a4466a6 ed43b95edf94438e8c0f39cb43b9645c f729cf6bc5ef425a98d92696e4751bef - - 9a3d968ebfc1409faebfb5f1a7d96120 9a3d968ebfc1409faebfb5f1a7d96120] 199.19.213.150 "GET /v2.0/ports?tenant_id=c6ed6d0bf173424ea41ae4bc3f852900&device_id=d9bb0252-b70a-432a-a10a-ca07ee395748 HTTP/1.1" status: 200 len: 1409 time: 0.0497961
2026-05-21 20:47:33.384 9 INFO neutron.api.wsgi [None req-0f37fc6a-e328-42c3-8066-d34cccc8c101 6bbb3e6b4d4b4bdd9a1f0d6a0df079da ba21bf6657b24ddba547c64f3f5e415d - - default default] 10.0.0.246 "PUT /v2.0/floatingips/8ac15b28-1a65-41c9-a95b-bfe16d369b6a HTTP/1.1" status: 200 len: 1049 time: 0.8632643
2026-05-21 20:47:33.426 10 INFO neutron.api.wsgi [req-2f877b76-37f9-4f37-866c-fe12a870b09c req-fdf76b3c-808b-4165-b8a9-bb6c9aa629a9 ed43b95edf94438e8c0f39cb43b9645c f729cf6bc5ef425a98d92696e4751bef - - 9a3d968ebfc1409faebfb5f1a7d96120 9a3d968ebfc1409faebfb5f1a7d96120] 199.19.213.150 "GET /v2.0/networks?id=132d2eb9-80e2-4181-960c-b71d149157bc HTTP/1.1" status: 200 len: 958 time: 0.0528610
2026-05-21 20:47:33.453 10 INFO neutron.api.wsgi [req-2f877b76-37f9-4f37-866c-fe12a870b09c req-c566aa6d-ba0d-4b26-9bb3-5eb552798d4c ed43b95edf94438e8c0f39cb43b9645c f729cf6bc5ef425a98d92696e4751bef - - 9a3d968ebfc1409faebfb5f1a7d96120 9a3d968ebfc1409faebfb5f1a7d96120] 199.19.213.150 "GET /v2.0/floatingips?fixed_ip_address=10.100.0.3&port_id=87d52c2c-9516-42fa-96d2-1bc9c039afb4 HTTP/1.1" status: 200 len: 217 time: 0.0199683
2026-05-21 20:47:33.497 10 INFO neutron.api.wsgi [req-2f877b76-37f9-4f37-866c-fe12a870b09c req-f70cc71c-3cf9-46db-84a5-de09bbc545bf ed43b95edf94438e8c0f39cb43b9645c f729cf6bc5ef425a98d92696e4751bef - - 9a3d968ebfc1409faebfb5f1a7d96120 9a3d968ebfc1409faebfb5f1a7d96120] 199.19.213.150 "GET /v2.0/subnets?id=62e4af02-5d2e-4520-89ba-632ca0fd861b HTTP/1.1" status: 200 len: 876 time: 0.0352192
2026-05-21 20:47:33.521 10 INFO neutron.api.wsgi [req-2f877b76-37f9-4f37-866c-fe12a870b09c req-7ce24a46-4a59-448c-9c09-50f4d6058150 ed43b95edf94438e8c0f39cb43b9645c f729cf6bc5ef425a98d92696e4751bef - - 9a3d968ebfc1409faebfb5f1a7d96120 9a3d968ebfc1409faebfb5f1a7d96120] 199.19.213.150 "GET /v2.0/ports?network_id=132d2eb9-80e2-4181-960c-b71d149157bc&device_owner=network%3Adhcp HTTP/1.1" status: 200 len: 210 time: 0.0186906
2026-05-21 20:47:33.529 9 INFO neutron.notifiers.nova [-] Nova event matching ['req-10a10b63-035a-4e59-89df-ad1896eb8a20'] response: {'name': 'network-changed', 'server_uuid': '2f78e3ea-ee35-41bd-9b77-fbc43b35df96', 'tag': 'cb5e3de2-bfbf-440e-9e9a-7e7ee9c35a42', 'status': 'completed', 'code': 200}
2026-05-21 20:47:33.565 9 INFO neutron.api.wsgi [None req-cc71ef44-bcf9-4d32-859e-1042a7262318 4cd45a206aef45e49766c1b30cd8f916 525a6db284b74f5aba63409ef99e5a2e - - default default] 10.0.0.246 "POST /v2.0/trunks HTTP/1.1" status: 201 len: 608 time: 0.2085698
2026-05-21 20:47:33.577 10 INFO neutron.api.wsgi [req-2f877b76-37f9-4f37-866c-fe12a870b09c req-76b6df6e-4345-48b9-be44-ae1fa53f4eb8 ed43b95edf94438e8c0f39cb43b9645c f729cf6bc5ef425a98d92696e4751bef - - 9a3d968ebfc1409faebfb5f1a7d96120 9a3d968ebfc1409faebfb5f1a7d96120] 199.19.213.150 "GET /v2.0/networks/132d2eb9-80e2-4181-960c-b71d149157bc?fields=segments HTTP/1.1" status: 200 len: 212 time: 0.0442929
2026-05-21 20:47:33.605 9 INFO neutron.api.wsgi [None req-ff3088fe-3b50-4508-87cc-a8e13b3dc12b 4cd45a206aef45e49766c1b30cd8f916 525a6db284b74f5aba63409ef99e5a2e - - default default] 10.0.0.246 "PUT /v2.0/trunks/9ba58ecc-94e0-4cac-a5cc-5e6f814dfd50/tags HTTP/1.1" status: 200 len: 218 time: 0.0343926
2026-05-21 20:47:33.624 10 INFO neutron.api.wsgi [req-11d2721e-d51f-490e-aae1-33933bffb726 req-6aaff9a8-749d-4c35-b78a-61e5d0c6f55d 7e628d321612428c88a285f992726357 f282a6398bab4fc5bd38af0bd527ca86 - - default default] 10.0.0.51 "GET /v2.0/ports?device_id=0b83a494-1fc1-45b8-82f7-525f1782f17a HTTP/1.1" status: 200 len: 210 time: 0.0250821
2026-05-21 20:47:33.631 9 INFO neutron.api.wsgi [None req-59468be4-87a4-4f0f-96f5-fee5fdbce5c5 4cd45a206aef45e49766c1b30cd8f916 525a6db284b74f5aba63409ef99e5a2e - - default default] 10.0.0.246 "GET /v2.0/trunks/9ba58ecc-94e0-4cac-a5cc-5e6f814dfd50/tags HTTP/1.1" status: 200 len: 218 time: 0.0203962
2026-05-21 20:47:33.651 10 INFO neutron.api.wsgi [req-2f877b76-37f9-4f37-866c-fe12a870b09c req-31d3325f-abbd-4b40-8d6f-4e6b32879e75 ed43b95edf94438e8c0f39cb43b9645c f729cf6bc5ef425a98d92696e4751bef - - 9a3d968ebfc1409faebfb5f1a7d96120 9a3d968ebfc1409faebfb5f1a7d96120] 199.19.213.150 "GET /v2.0/networks/132d2eb9-80e2-4181-960c-b71d149157bc?fields=provider%3Aphysical_network&fields=provider%3Anetwork_type HTTP/1.1" status: 200 len: 277 time: 0.0642316
2026-05-21 20:47:33.676 9 INFO neutron.api.wsgi [None req-745c35c1-54ea-4230-aba2-9098f9e54735 4cd45a206aef45e49766c1b30cd8f916 525a6db284b74f5aba63409ef99e5a2e - - default default] 10.0.0.246 "PUT /v2.0/trunks/9ba58ecc-94e0-4cac-a5cc-5e6f814dfd50/tags/green HTTP/1.1" status: 201 len: 201 time: 0.0395951
2026-05-21 20:47:33.704 9 INFO neutron.api.wsgi [None req-cb0b4ff2-5fec-4c15-b439-af5bc007cfe4 4cd45a206aef45e49766c1b30cd8f916 525a6db284b74f5aba63409ef99e5a2e - - default default] 10.0.0.246 "GET /v2.0/trunks/9ba58ecc-94e0-4cac-a5cc-5e6f814dfd50/tags HTTP/1.1" status: 200 len: 227 time: 0.0222280
2026-05-21 20:47:33.736 9 INFO neutron.api.wsgi [None req-dc32b142-e005-40ed-bea1-c19e82ac8ac9 4cd45a206aef45e49766c1b30cd8f916 525a6db284b74f5aba63409ef99e5a2e - - default default] 10.0.0.246 "PUT /v2.0/trunks/9ba58ecc-94e0-4cac-a5cc-5e6f814dfd50/tags/red HTTP/1.1" status: 201 len: 201 time: 0.0252619
2026-05-21 20:47:33.769 10 INFO neutron.api.wsgi [None req-3862ff07-a822-4dae-947d-30a9c17a5f5d 4cd45a206aef45e49766c1b30cd8f916 525a6db284b74f5aba63409ef99e5a2e - - default default] 10.0.0.246 "GET /v2.0/trunks/9ba58ecc-94e0-4cac-a5cc-5e6f814dfd50/tags HTTP/1.1" status: 200 len: 227 time: 0.0239038
2026-05-21 20:47:33.836 10 INFO neutron.api.wsgi [None req-9b6e2e06-3883-4612-9038-288868f78b69 4cd45a206aef45e49766c1b30cd8f916 525a6db284b74f5aba63409ef99e5a2e - - default default] 10.0.0.246 "PUT /v2.0/trunks/9ba58ecc-94e0-4cac-a5cc-5e6f814dfd50/tags/black.or.white HTTP/1.1" status: 201 len: 201 time: 0.0596445
2026-05-21 20:47:33.863 10 INFO neutron.api.wsgi [None req-6c0e9872-a594-4f90-8af9-3c6883bea70c 4cd45a206aef45e49766c1b30cd8f916 525a6db284b74f5aba63409ef99e5a2e - - default default] 10.0.0.246 "GET /v2.0/trunks/9ba58ecc-94e0-4cac-a5cc-5e6f814dfd50/tags HTTP/1.1" status: 200 len: 245 time: 0.0220339
2026-05-21 20:47:33.901 9 WARNING neutron_lib.context [None req-c2c3a276-6f18-4aed-9f06-0f7dc23c06aa 29afe15562f844209a0b58d2304dc641 c6ed6d0bf173424ea41ae4bc3f852900 - - default default] Method 'is_advsvc' is deprecated since 2023.2 release (neutron-lib 3.8.0) and will be removed once support for the old RBAC API policies will be removed from Neutron. Please use method 'is_service_role' instead.
2026-05-21 20:47:33.909 10 INFO neutron.api.wsgi [None req-c9836fef-3525-41ec-9286-c3ffcf861bc1 4cd45a206aef45e49766c1b30cd8f916 525a6db284b74f5aba63409ef99e5a2e - - default default] 10.0.0.246 "PUT /v2.0/trunks/9ba58ecc-94e0-4cac-a5cc-5e6f814dfd50/tags HTTP/1.1" status: 200 len: 230 time: 0.0382762
2026-05-21 20:47:33.939 10 INFO neutron.api.wsgi [None req-0bba9f56-000a-4608-890b-9318e91ae750 4cd45a206aef45e49766c1b30cd8f916 525a6db284b74f5aba63409ef99e5a2e - - default default] 10.0.0.246 "GET /v2.0/trunks/9ba58ecc-94e0-4cac-a5cc-5e6f814dfd50/tags HTTP/1.1" status: 200 len: 230 time: 0.0219867
2026-05-21 20:47:34.008 10 INFO neutron.api.wsgi [None req-c384321b-1985-48ef-bd7d-de8f555c8fa3 4cd45a206aef45e49766c1b30cd8f916 525a6db284b74f5aba63409ef99e5a2e - - default default] 10.0.0.246 "GET /v2.0/trunks/9ba58ecc-94e0-4cac-a5cc-5e6f814dfd50/tags/red HTTP/1.1" status: 204 len: 168 time: 0.0639794
2026-05-21 20:47:34.040 9 INFO neutron.api.v2.resource [None req-387437ee-6c35-4808-8504-84945a70b1ef 4cd45a206aef45e49766c1b30cd8f916 525a6db284b74f5aba63409ef99e5a2e - - default default] show failed (client error): The resource could not be found.
2026-05-21 20:47:34.042 9 INFO neutron.api.wsgi [None req-387437ee-6c35-4808-8504-84945a70b1ef 4cd45a206aef45e49766c1b30cd8f916 525a6db284b74f5aba63409ef99e5a2e - - default default] 10.0.0.246 "GET /v2.0/trunks/9ba58ecc-94e0-4cac-a5cc-5e6f814dfd50/tags/green HTTP/1.1" status: 404 len: 299 time: 0.0257587
2026-05-21 20:47:34.071 9 INFO neutron.db.ovn_revision_numbers_db [None req-c2c3a276-6f18-4aed-9f06-0f7dc23c06aa 29afe15562f844209a0b58d2304dc641 c6ed6d0bf173424ea41ae4bc3f852900 - - default default] Successfully bumped revision number for resource a93c4244-848f-47eb-9dde-3b24d2fa0bb2 (type: security_groups) to 1
2026-05-21 20:47:34.087 9 INFO neutron.db.ovn_revision_numbers_db [None req-c2c3a276-6f18-4aed-9f06-0f7dc23c06aa 29afe15562f844209a0b58d2304dc641 c6ed6d0bf173424ea41ae4bc3f852900 - - default default] Successfully bumped revision number for resource 1a589425-278a-459b-b572-8b0820623d97 (type: security_group_rules) to 0
2026-05-21 20:47:34.092 10 INFO neutron.api.wsgi [req-fc322158-482b-473c-9569-92c8be3e10ab req-29974629-7fed-4cab-b038-ad6020e8cbf6 ed43b95edf94438e8c0f39cb43b9645c f729cf6bc5ef425a98d92696e4751bef - - 9a3d968ebfc1409faebfb5f1a7d96120 9a3d968ebfc1409faebfb5f1a7d96120] 199.19.213.150 "GET /v2.0/ports?tenant_id=ba21bf6657b24ddba547c64f3f5e415d&device_id=2f78e3ea-ee35-41bd-9b77-fbc43b35df96 HTTP/1.1" status: 200 len: 1448 time: 0.0501397
2026-05-21 20:47:34.093 9 INFO neutron.api.wsgi [None req-7aef3906-4b11-43e2-a11a-0efd96338e41 4cd45a206aef45e49766c1b30cd8f916 525a6db284b74f5aba63409ef99e5a2e - - default default] 10.0.0.246 "DELETE /v2.0/trunks/9ba58ecc-94e0-4cac-a5cc-5e6f814dfd50/tags/red HTTP/1.1" status: 204 len: 168 time: 0.0454590
2026-05-21 20:47:34.106 9 INFO neutron.db.ovn_revision_numbers_db [None req-c2c3a276-6f18-4aed-9f06-0f7dc23c06aa 29afe15562f844209a0b58d2304dc641 c6ed6d0bf173424ea41ae4bc3f852900 - - default default] Successfully bumped revision number for resource ab71a04c-1f85-401e-9111-c83cd30341c9 (type: security_group_rules) to 0
2026-05-21 20:47:34.146 9 INFO neutron.api.wsgi [None req-c2c3a276-6f18-4aed-9f06-0f7dc23c06aa 29afe15562f844209a0b58d2304dc641 c6ed6d0bf173424ea41ae4bc3f852900 - - default default] 10.0.0.246 "POST /v2.0/security-groups HTTP/1.1" status: 201 len: 1873 time: 0.2531998
2026-05-21 20:47:34.144 10 INFO neutron.api.wsgi [None req-eff9e734-c7eb-468d-9375-cc1e5677735d 4cd45a206aef45e49766c1b30cd8f916 525a6db284b74f5aba63409ef99e5a2e - - default default] 10.0.0.246 "GET /v2.0/trunks/9ba58ecc-94e0-4cac-a5cc-5e6f814dfd50/tags HTTP/1.1" status: 200 len: 223 time: 0.0435357
2026-05-21 20:47:34.164 9 WARNING neutron_lib.context [None req-0506a057-27e2-4d6c-91d9-9d0e5a417ebe 29afe15562f844209a0b58d2304dc641 c6ed6d0bf173424ea41ae4bc3f852900 - - default default] Method 'is_advsvc' is deprecated since 2023.2 release (neutron-lib 3.8.0) and will be removed once support for the old RBAC API policies will be removed from Neutron. Please use method 'is_service_role' instead.
2026-05-21 20:47:34.171 10 INFO neutron.api.wsgi [req-fc322158-482b-473c-9569-92c8be3e10ab req-a9879abd-7578-4751-bb9f-ceb321064301 ed43b95edf94438e8c0f39cb43b9645c f729cf6bc5ef425a98d92696e4751bef - - 9a3d968ebfc1409faebfb5f1a7d96120 9a3d968ebfc1409faebfb5f1a7d96120] 199.19.213.150 "GET /v2.0/networks?id=f3347829-e85e-4496-b46b-fbe1575984f6 HTTP/1.1" status: 200 len: 971 time: 0.0696287
2026-05-21 20:47:34.188 9 INFO neutron.api.v2.resource [None req-fea8666b-e2c6-44b5-8302-d4984b7abfe2 4cd45a206aef45e49766c1b30cd8f916 525a6db284b74f5aba63409ef99e5a2e - - default default] delete failed (client error): The resource could not be found.
2026-05-21 20:47:34.191 9 INFO neutron.api.wsgi [None req-fea8666b-e2c6-44b5-8302-d4984b7abfe2 4cd45a206aef45e49766c1b30cd8f916 525a6db284b74f5aba63409ef99e5a2e - - default default] 10.0.0.246 "DELETE /v2.0/trunks/9ba58ecc-94e0-4cac-a5cc-5e6f814dfd50/tags/green HTTP/1.1" status: 404 len: 299 time: 0.0407608
2026-05-21 20:47:34.238 10 INFO neutron.api.wsgi [req-fc322158-482b-473c-9569-92c8be3e10ab req-139ee455-48d3-485f-a833-dbcabc5ceb7d ed43b95edf94438e8c0f39cb43b9645c f729cf6bc5ef425a98d92696e4751bef - - 9a3d968ebfc1409faebfb5f1a7d96120 9a3d968ebfc1409faebfb5f1a7d96120] 199.19.213.150 "GET /v2.0/floatingips?fixed_ip_address=10.100.0.5&port_id=cb5e3de2-bfbf-440e-9e9a-7e7ee9c35a42 HTTP/1.1" status: 200 len: 1059 time: 0.0596492
2026-05-21 20:47:34.265 9 INFO neutron.api.wsgi [None req-cb7209a3-a7e1-4a5b-93ef-05ff3d550b9b 4cd45a206aef45e49766c1b30cd8f916 525a6db284b74f5aba63409ef99e5a2e - - default default] 10.0.0.246 "DELETE /v2.0/trunks/9ba58ecc-94e0-4cac-a5cc-5e6f814dfd50/tags HTTP/1.1" status: 204 len: 168 time: 0.0646167
2026-05-21 20:47:34.282 10 INFO neutron.api.wsgi [req-fc322158-482b-473c-9569-92c8be3e10ab req-8ce8b5bc-b60e-4d37-aac2-2805919578f2 ed43b95edf94438e8c0f39cb43b9645c f729cf6bc5ef425a98d92696e4751bef - - 9a3d968ebfc1409faebfb5f1a7d96120 9a3d968ebfc1409faebfb5f1a7d96120] 199.19.213.150 "GET /v2.0/subnets?id=1339c065-aab1-4894-9846-1b4edd88d607 HTTP/1.1" status: 200 len: 890 time: 0.0359466
2026-05-21 20:47:34.307 9 INFO neutron.api.wsgi [None req-fcee76cd-d43f-4b86-bdfb-30f5c225bc72 4cd45a206aef45e49766c1b30cd8f916 525a6db284b74f5aba63409ef99e5a2e - - default default] 10.0.0.246 "GET /v2.0/trunks/9ba58ecc-94e0-4cac-a5cc-5e6f814dfd50/tags HTTP/1.1" status: 200 len: 205 time: 0.0342350
2026-05-21 20:47:34.310 10 INFO neutron.api.wsgi [req-fc322158-482b-473c-9569-92c8be3e10ab req-d3aef603-805c-4040-86a0-6f464f306616 ed43b95edf94438e8c0f39cb43b9645c f729cf6bc5ef425a98d92696e4751bef - - 9a3d968ebfc1409faebfb5f1a7d96120 9a3d968ebfc1409faebfb5f1a7d96120] 199.19.213.150 "GET /v2.0/ports?network_id=f3347829-e85e-4496-b46b-fbe1575984f6&device_owner=network%3Adhcp HTTP/1.1" status: 200 len: 210 time: 0.0221665
2026-05-21 20:47:34.354 10 INFO neutron.api.wsgi [None req-f0f97c97-23a3-438e-94af-87a9d5e7fbfc 4cd45a206aef45e49766c1b30cd8f916 525a6db284b74f5aba63409ef99e5a2e - - default default] 10.0.0.246 "GET /v2.0/trunks/9ba58ecc-94e0-4cac-a5cc-5e6f814dfd50 HTTP/1.1" status: 200 len: 603 time: 0.0221002
2026-05-21 20:47:34.363 9 INFO neutron.db.ovn_revision_numbers_db [None req-0506a057-27e2-4d6c-91d9-9d0e5a417ebe 29afe15562f844209a0b58d2304dc641 c6ed6d0bf173424ea41ae4bc3f852900 - - default default] Successfully bumped revision number for resource 89c05d05-938a-4dc7-935b-c2a3bdc93e39 (type: security_group_rules) to 0
2026-05-21 20:47:34.391 10 INFO neutron.api.wsgi [req-fc322158-482b-473c-9569-92c8be3e10ab req-49da0bab-da08-4f12-979b-0865449b67a4 ed43b95edf94438e8c0f39cb43b9645c f729cf6bc5ef425a98d92696e4751bef - - 9a3d968ebfc1409faebfb5f1a7d96120 9a3d968ebfc1409faebfb5f1a7d96120] 199.19.213.150 "GET /v2.0/networks/f3347829-e85e-4496-b46b-fbe1575984f6?fields=segments HTTP/1.1" status: 200 len: 212 time: 0.0751257
2026-05-21 20:47:34.403 9 INFO neutron.api.wsgi [None req-0506a057-27e2-4d6c-91d9-9d0e5a417ebe 29afe15562f844209a0b58d2304dc641 c6ed6d0bf173424ea41ae4bc3f852900 - - default default] 10.0.0.246 "POST /v2.0/security-group-rules HTTP/1.1" status: 201 len: 796 time: 0.2513139
2026-05-21 20:47:34.418 9 WARNING neutron_lib.context [None req-d4e4b44d-3c98-4a5a-b628-b46b83389027 29afe15562f844209a0b58d2304dc641 c6ed6d0bf173424ea41ae4bc3f852900 - - default default] Method 'is_advsvc' is deprecated since 2023.2 release (neutron-lib 3.8.0) and will be removed once support for the old RBAC API policies will be removed from Neutron. Please use method 'is_service_role' instead.
2026-05-21 20:47:34.461 10 INFO neutron.api.wsgi [req-fc322158-482b-473c-9569-92c8be3e10ab req-2e0ab7c2-052e-4d2b-98f4-5973ba396ccf ed43b95edf94438e8c0f39cb43b9645c f729cf6bc5ef425a98d92696e4751bef - - 9a3d968ebfc1409faebfb5f1a7d96120 9a3d968ebfc1409faebfb5f1a7d96120] 199.19.213.150 "GET /v2.0/networks/f3347829-e85e-4496-b46b-fbe1575984f6?fields=provider%3Aphysical_network&fields=provider%3Anetwork_type HTTP/1.1" status: 200 len: 277 time: 0.0652890
2026-05-21 20:47:34.471 10 INFO neutron.api.wsgi [None req-6e5d8e28-ddef-4d91-b8c3-5dc00d6cba1b 4cd45a206aef45e49766c1b30cd8f916 525a6db284b74f5aba63409ef99e5a2e - - default default] 10.0.0.246 "GET /v2.0/ports/a1f91d4f-eb06-4e4b-8831-0565b357f80d HTTP/1.1" status: 200 len: 1020 time: 0.1111460
2026-05-21 20:47:34.560 10 INFO neutron.api.wsgi [None req-261b6f84-0871-4a66-a08f-1fe004bc440f 4cd45a206aef45e49766c1b30cd8f916 525a6db284b74f5aba63409ef99e5a2e - - default default] 10.0.0.246 "DELETE /v2.0/trunks/9ba58ecc-94e0-4cac-a5cc-5e6f814dfd50 HTTP/1.1" status: 204 len: 168 time: 0.0820272
2026-05-21 20:47:34.580 9 INFO neutron.db.ovn_revision_numbers_db [None req-d4e4b44d-3c98-4a5a-b628-b46b83389027 29afe15562f844209a0b58d2304dc641 c6ed6d0bf173424ea41ae4bc3f852900 - - default default] Successfully bumped revision number for resource 97f7b70e-5278-437c-a6f1-44bd2156fefe (type: security_group_rules) to 0
2026-05-21 20:47:34.627 9 INFO neutron.api.wsgi [None req-d4e4b44d-3c98-4a5a-b628-b46b83389027 29afe15562f844209a0b58d2304dc641 c6ed6d0bf173424ea41ae4bc3f852900 - - default default] 10.0.0.246 "POST /v2.0/security-group-rules HTTP/1.1" status: 201 len: 795 time: 0.2174289
2026-05-21 20:47:34.637 9 WARNING neutron_lib.context [None req-eb7e3f02-4e15-4161-bde2-2efc6ae89423 29afe15562f844209a0b58d2304dc641 c6ed6d0bf173424ea41ae4bc3f852900 - - default default] Method 'is_advsvc' is deprecated since 2023.2 release (neutron-lib 3.8.0) and will be removed once support for the old RBAC API policies will be removed from Neutron. Please use method 'is_service_role' instead.
2026-05-21 20:47:34.729 10 INFO neutron.api.wsgi [req-5085de8d-01fd-451c-9427-65179394a04a req-5a0976f1-60c9-43b0-b2b6-f4fec4fc729e 7e628d321612428c88a285f992726357 f282a6398bab4fc5bd38af0bd527ca86 - - default default] 10.0.0.51 "GET /v2.0/ports?device_id=0b83a494-1fc1-45b8-82f7-525f1782f17a HTTP/1.1" status: 200 len: 210 time: 0.0343139
2026-05-21 20:47:34.806 9 INFO neutron.db.ovn_revision_numbers_db [None req-eb7e3f02-4e15-4161-bde2-2efc6ae89423 29afe15562f844209a0b58d2304dc641 c6ed6d0bf173424ea41ae4bc3f852900 - - default default] Successfully bumped revision number for resource aad2da4c-36c1-4713-a14b-bea8a606b3d7 (type: security_group_rules) to 0
2026-05-21 20:47:34.862 9 INFO neutron.api.wsgi [None req-eb7e3f02-4e15-4161-bde2-2efc6ae89423 29afe15562f844209a0b58d2304dc641 c6ed6d0bf173424ea41ae4bc3f852900 - - default default] 10.0.0.246 "POST /v2.0/security-group-rules HTTP/1.1" status: 201 len: 801 time: 0.2289848
2026-05-21 20:47:34.868 10 INFO neutron.api.wsgi [None req-4d5c7a1a-546d-4ce6-8565-9447e2f9cfbe 4cd45a206aef45e49766c1b30cd8f916 525a6db284b74f5aba63409ef99e5a2e - - default default] 10.0.0.246 "DELETE /v2.0/ports/a1f91d4f-eb06-4e4b-8831-0565b357f80d HTTP/1.1" status: 204 len: 168 time: 0.3024073
2026-05-21 20:47:34.874 10 WARNING neutron_lib.context [None req-8d29ba78-e908-4b7a-b113-09bee33b4974 29afe15562f844209a0b58d2304dc641 c6ed6d0bf173424ea41ae4bc3f852900 - - default default] Method 'is_advsvc' is deprecated since 2023.2 release (neutron-lib 3.8.0) and will be removed once support for the old RBAC API policies will be removed from Neutron. Please use method 'is_service_role' instead.
2026-05-21 20:47:35.039 10 INFO neutron.db.ovn_revision_numbers_db [None req-8d29ba78-e908-4b7a-b113-09bee33b4974 29afe15562f844209a0b58d2304dc641 c6ed6d0bf173424ea41ae4bc3f852900 - - default default] Successfully bumped revision number for resource f265168e-9865-40e8-b12a-285f28c506b8 (type: security_group_rules) to 0
2026-05-21 20:47:35.090 10 INFO neutron.api.wsgi [None req-8d29ba78-e908-4b7a-b113-09bee33b4974 29afe15562f844209a0b58d2304dc641 c6ed6d0bf173424ea41ae4bc3f852900 - - default default] 10.0.0.246 "POST /v2.0/security-group-rules HTTP/1.1" status: 201 len: 800 time: 0.2199614
2026-05-21 20:47:35.099 9 WARNING neutron_lib.context [None req-e95f662d-7b57-4629-aa92-76765be03e2f 29afe15562f844209a0b58d2304dc641 c6ed6d0bf173424ea41ae4bc3f852900 - - default default] Method 'is_advsvc' is deprecated since 2023.2 release (neutron-lib 3.8.0) and will be removed once support for the old RBAC API policies will be removed from Neutron. Please use method 'is_service_role' instead.
