2026-05-21 20:46:20.213 9 INFO neutron.api.wsgi [None req-0eb1cab7-e217-4cbc-a496-88520b4293a5 acb8ed5b89de46cdb553e7f1545f1ae1 09a7bcc300ef45fd9f1a49df55516d3f - - default default] 10.0.0.246 "DELETE /v2.0/networks/da037eb0-faf3-4298-a310-3f329e45c8ed HTTP/1.1" status: 204 len: 168 time: 0.3338468
2026-05-21 20:46:20.225 9 WARNING neutron_lib.context [None req-99312698-6f03-4dd3-bea5-efde751ac080 acb8ed5b89de46cdb553e7f1545f1ae1 09a7bcc300ef45fd9f1a49df55516d3f - - default default] Method 'is_advsvc' is deprecated since 2023.2 release (neutron-lib 3.8.0) and will be removed once support for the old RBAC API policies will be removed from Neutron. Please use method 'is_service_role' instead.
2026-05-21 20:46:20.262 10 WARNING neutron.scheduler.dhcp_agent_scheduler [None req-283031f5-2c23-456d-b34a-3ef832684ec4 5e9dffd87b7c455aabc15a3b0687fbe2 5672f4cdd76844b6914348c9a80330cd - - default default] No more DHCP agents
2026-05-21 20:46:20.264 10 WARNING neutron.api.rpc.agentnotifiers.dhcp_rpc_agent_api [None req-283031f5-2c23-456d-b34a-3ef832684ec4 5e9dffd87b7c455aabc15a3b0687fbe2 5672f4cdd76844b6914348c9a80330cd - - default default] Unable to schedule network 0d07beed-07eb-45fa-8de8-9aa41d9e0f10: no agents available; will retry on subsequent port and subnet creation events.
2026-05-21 20:46:20.290 10 WARNING neutron.scheduler.dhcp_agent_scheduler [None req-bcf9d45c-0484-469d-a457-1e1c39f4a3b0 dc3787c16d084ba59aa9efd7807edb58 b2162badf0234b188e1cc9343b7664ec - - default default] No more DHCP agents
2026-05-21 20:46:20.292 10 WARNING neutron.api.rpc.agentnotifiers.dhcp_rpc_agent_api [None req-bcf9d45c-0484-469d-a457-1e1c39f4a3b0 dc3787c16d084ba59aa9efd7807edb58 b2162badf0234b188e1cc9343b7664ec - - default default] Unable to schedule network 5caea2b9-89c6-4383-a359-b42f82206e47: no agents available; will retry on subsequent port and subnet creation events.
2026-05-21 20:46:20.351 10 INFO neutron.db.ovn_revision_numbers_db [None req-283031f5-2c23-456d-b34a-3ef832684ec4 5e9dffd87b7c455aabc15a3b0687fbe2 5672f4cdd76844b6914348c9a80330cd - - default default] Successfully bumped revision number for resource cee9f524-43cb-453b-b9ad-a4cf449e2ad9 (type: ports) to 1
2026-05-21 20:46:20.375 10 INFO neutron.api.wsgi [None req-283031f5-2c23-456d-b34a-3ef832684ec4 5e9dffd87b7c455aabc15a3b0687fbe2 5672f4cdd76844b6914348c9a80330cd - - default default] 10.0.0.246 "POST /v2.0/networks HTTP/1.1" status: 201 len: 852 time: 0.5478613
2026-05-21 20:46:20.376 10 INFO neutron.db.ovn_revision_numbers_db [None req-bcf9d45c-0484-469d-a457-1e1c39f4a3b0 dc3787c16d084ba59aa9efd7807edb58 b2162badf0234b188e1cc9343b7664ec - - default default] Successfully bumped revision number for resource 63d40538-5d64-40e0-b040-56fe4c057b0e (type: ports) to 1
2026-05-21 20:46:20.387 10 WARNING neutron_lib.context [None req-7665e4f9-cb03-454d-ad5d-b82171398b89 5e9dffd87b7c455aabc15a3b0687fbe2 5672f4cdd76844b6914348c9a80330cd - - default default] Method 'is_advsvc' is deprecated since 2023.2 release (neutron-lib 3.8.0) and will be removed once support for the old RBAC API policies will be removed from Neutron. Please use method 'is_service_role' instead.
2026-05-21 20:46:20.414 10 INFO neutron.api.wsgi [None req-bcf9d45c-0484-469d-a457-1e1c39f4a3b0 dc3787c16d084ba59aa9efd7807edb58 b2162badf0234b188e1cc9343b7664ec - - default default] 10.0.0.246 "POST /v2.0/networks HTTP/1.1" status: 201 len: 833 time: 0.5689301
2026-05-21 20:46:20.436 9 WARNING neutron_lib.context [None req-ac82470b-06aa-46ba-ac86-6a58fb4b210d dc3787c16d084ba59aa9efd7807edb58 b2162badf0234b188e1cc9343b7664ec - - default default] Method 'is_advsvc' is deprecated since 2023.2 release (neutron-lib 3.8.0) and will be removed once support for the old RBAC API policies will be removed from Neutron. Please use method 'is_service_role' instead.
2026-05-21 20:46:20.473 10 INFO neutron.db.segments_db [None req-7665e4f9-cb03-454d-ad5d-b82171398b89 5e9dffd87b7c455aabc15a3b0687fbe2 5672f4cdd76844b6914348c9a80330cd - - default default] Added segment 66c03cb1-551f-4f18-a2d6-a6b8d9c0cfad of type geneve for network d9c9fbd3-f486-4f1e-9896-c07600da58be
2026-05-21 20:46:20.518 9 WARNING neutron.scheduler.dhcp_agent_scheduler [None req-99312698-6f03-4dd3-bea5-efde751ac080 acb8ed5b89de46cdb553e7f1545f1ae1 09a7bcc300ef45fd9f1a49df55516d3f - - default default] No more DHCP agents
2026-05-21 20:46:20.523 9 WARNING neutron.api.rpc.agentnotifiers.dhcp_rpc_agent_api [None req-99312698-6f03-4dd3-bea5-efde751ac080 acb8ed5b89de46cdb553e7f1545f1ae1 09a7bcc300ef45fd9f1a49df55516d3f - - default default] Unable to schedule network 755df4d3-372a-4d7a-bc9d-c3aa3801e103: no agents available; will retry on subsequent port and subnet creation events.
2026-05-21 20:46:20.618 10 INFO neutron.db.ovn_revision_numbers_db [None req-7665e4f9-cb03-454d-ad5d-b82171398b89 5e9dffd87b7c455aabc15a3b0687fbe2 5672f4cdd76844b6914348c9a80330cd - - default default] Successfully bumped revision number for resource d9c9fbd3-f486-4f1e-9896-c07600da58be (type: networks) to 1
2026-05-21 20:46:20.625 9 INFO neutron.db.ovn_revision_numbers_db [None req-99312698-6f03-4dd3-bea5-efde751ac080 acb8ed5b89de46cdb553e7f1545f1ae1 09a7bcc300ef45fd9f1a49df55516d3f - - default default] Successfully bumped revision number for resource d67b8c5a-15a5-468b-9949-0fb31a7bb0db (type: ports) to 1
2026-05-21 20:46:20.660 9 INFO neutron.api.wsgi [None req-99312698-6f03-4dd3-bea5-efde751ac080 acb8ed5b89de46cdb553e7f1545f1ae1 09a7bcc300ef45fd9f1a49df55516d3f - - default default] 10.0.0.246 "POST /v2.0/ports HTTP/1.1" status: 201 len: 978 time: 0.4411874 /var/lib/openstack/lib/python3.12/site-packages/pycadf/identifier.py:71: UserWarning: Invalid uuid: neutron. To ensure interoperability, identifiers should be a valid uuid. warnings.warn(('Invalid uuid: %s. To ensure interoperability, '
2026-05-21 20:46:20.723 9 WARNING neutron.scheduler.dhcp_agent_scheduler [None req-ac82470b-06aa-46ba-ac86-6a58fb4b210d dc3787c16d084ba59aa9efd7807edb58 b2162badf0234b188e1cc9343b7664ec - - default default] No more DHCP agents
2026-05-21 20:46:20.726 9 WARNING neutron.api.rpc.agentnotifiers.dhcp_rpc_agent_api [None req-ac82470b-06aa-46ba-ac86-6a58fb4b210d dc3787c16d084ba59aa9efd7807edb58 b2162badf0234b188e1cc9343b7664ec - - default default] Unable to schedule network 5caea2b9-89c6-4383-a359-b42f82206e47: no agents available; will retry on subsequent port and subnet creation events.
2026-05-21 20:46:20.756 9 INFO neutron.db.ovn_revision_numbers_db [None req-ac82470b-06aa-46ba-ac86-6a58fb4b210d dc3787c16d084ba59aa9efd7807edb58 b2162badf0234b188e1cc9343b7664ec - - default default] Successfully bumped revision number for resource 66ae886b-e279-470f-9f15-39087ac2f3ef (type: subnets) to 0
2026-05-21 20:46:20.791 9 INFO neutron.api.wsgi [None req-ac82470b-06aa-46ba-ac86-6a58fb4b210d dc3787c16d084ba59aa9efd7807edb58 b2162badf0234b188e1cc9343b7664ec - - default default] 10.0.0.246 "POST /v2.0/subnets HTTP/1.1" status: 201 len: 845 time: 0.3705428
2026-05-21 20:46:20.809 10 WARNING neutron_lib.context [None req-fe16ea0b-4bf7-4eb0-b6e9-fe902868cfc5 dc3787c16d084ba59aa9efd7807edb58 b2162badf0234b188e1cc9343b7664ec - - default default] Method 'is_advsvc' is deprecated since 2023.2 release (neutron-lib 3.8.0) and will be removed once support for the old RBAC API policies will be removed from Neutron. Please use method 'is_service_role' instead.
2026-05-21 20:46:20.824 10 WARNING neutron.scheduler.dhcp_agent_scheduler [None req-7665e4f9-cb03-454d-ad5d-b82171398b89 5e9dffd87b7c455aabc15a3b0687fbe2 5672f4cdd76844b6914348c9a80330cd - - default default] No more DHCP agents
2026-05-21 20:46:20.826 10 WARNING neutron.api.rpc.agentnotifiers.dhcp_rpc_agent_api [None req-7665e4f9-cb03-454d-ad5d-b82171398b89 5e9dffd87b7c455aabc15a3b0687fbe2 5672f4cdd76844b6914348c9a80330cd - - default default] Unable to schedule network d9c9fbd3-f486-4f1e-9896-c07600da58be: no agents available; will retry on subsequent port and subnet creation events.
2026-05-21 20:46:20.921 10 INFO neutron.db.ovn_revision_numbers_db [None req-fe16ea0b-4bf7-4eb0-b6e9-fe902868cfc5 dc3787c16d084ba59aa9efd7807edb58 b2162badf0234b188e1cc9343b7664ec - - default default] Successfully bumped revision number for resource b5481432-31c2-45ef-9c64-42b8fc0673e7 (type: routers) to 1
2026-05-21 20:46:20.929 10 INFO neutron.db.ovn_revision_numbers_db [None req-7665e4f9-cb03-454d-ad5d-b82171398b89 5e9dffd87b7c455aabc15a3b0687fbe2 5672f4cdd76844b6914348c9a80330cd - - default default] Successfully bumped revision number for resource 45b265be-d50d-4432-be5a-28b283df3cb6 (type: ports) to 1
2026-05-21 20:46:20.939 10 INFO neutron.api.wsgi [None req-fe16ea0b-4bf7-4eb0-b6e9-fe902868cfc5 dc3787c16d084ba59aa9efd7807edb58 b2162badf0234b188e1cc9343b7664ec - - default default] 10.0.0.246 "POST /v2.0/routers HTTP/1.1" status: 201 len: 806 time: 0.1368744
2026-05-21 20:46:20.973 10 INFO neutron.plugins.ml2.drivers.ovn.mech_driver.mech_driver [None req-8d6d5397-c274-4d9e-82ef-2f5501b4a612 - - - - - -] OVN reports status down for port: d67b8c5a-15a5-468b-9949-0fb31a7bb0db
2026-05-21 20:46:20.982 10 INFO neutron.api.wsgi [None req-7665e4f9-cb03-454d-ad5d-b82171398b89 5e9dffd87b7c455aabc15a3b0687fbe2 5672f4cdd76844b6914348c9a80330cd - - default default] 10.0.0.246 "POST /v2.0/networks HTTP/1.1" status: 201 len: 852 time: 0.6003065
2026-05-21 20:46:21.013 9 INFO neutron.db.ovn_revision_numbers_db [None req-e85a982b-4c34-45bb-b0ba-5f9eb77479a9 acb8ed5b89de46cdb553e7f1545f1ae1 09a7bcc300ef45fd9f1a49df55516d3f - - default default] Successfully bumped revision number for resource d67b8c5a-15a5-468b-9949-0fb31a7bb0db (type: ports) to 2
2026-05-21 20:46:21.026 9 INFO neutron.api.wsgi [None req-e85a982b-4c34-45bb-b0ba-5f9eb77479a9 acb8ed5b89de46cdb553e7f1545f1ae1 09a7bcc300ef45fd9f1a49df55516d3f - - default default] 10.0.0.246 "PUT /v2.0/ports/d67b8c5a-15a5-468b-9949-0fb31a7bb0db HTTP/1.1" status: 200 len: 946 time: 0.3584862
2026-05-21 20:46:21.434 10 INFO neutron.api.wsgi [None req-0c995cbc-7bad-4094-a067-d6e69baf2267 acb8ed5b89de46cdb553e7f1545f1ae1 09a7bcc300ef45fd9f1a49df55516d3f - - default default] 10.0.0.246 "DELETE /v2.0/ports/d67b8c5a-15a5-468b-9949-0fb31a7bb0db HTTP/1.1" status: 204 len: 168 time: 0.3912563 /var/lib/openstack/lib/python3.12/site-packages/pycadf/identifier.py:71: UserWarning: Invalid uuid: neutron. To ensure interoperability, identifiers should be a valid uuid. warnings.warn(('Invalid uuid: %s. To ensure interoperability, '
2026-05-21 20:46:21.478 10 WARNING neutron.scheduler.dhcp_agent_scheduler [None req-b5d986f9-f275-412e-bbab-3ff7df83c0d2 dc3787c16d084ba59aa9efd7807edb58 b2162badf0234b188e1cc9343b7664ec - - default default] No more DHCP agents
2026-05-21 20:46:21.480 10 WARNING neutron.api.rpc.agentnotifiers.dhcp_rpc_agent_api [None req-b5d986f9-f275-412e-bbab-3ff7df83c0d2 dc3787c16d084ba59aa9efd7807edb58 b2162badf0234b188e1cc9343b7664ec - - default default] Unable to schedule network 5caea2b9-89c6-4383-a359-b42f82206e47: no agents available; will retry on subsequent port and subnet creation events.
2026-05-21 20:46:21.514 9 INFO neutron.api.wsgi [None req-db32d18b-f749-4f36-8134-c490225572f9 acb8ed5b89de46cdb553e7f1545f1ae1 09a7bcc300ef45fd9f1a49df55516d3f - - default default] 10.0.0.246 "GET /v2.0/ports HTTP/1.1" status: 200 len: 1731 time: 0.0726402
2026-05-21 20:46:21.540 9 INFO neutron.pecan_wsgi.hooks.translation [None req-d1053d8e-9fde-460d-89ef-92eae49e611f acb8ed5b89de46cdb553e7f1545f1ae1 09a7bcc300ef45fd9f1a49df55516d3f - - default default] GET failed (client error): The resource could not be found.
2026-05-21 20:46:21.542 9 INFO neutron.api.wsgi [None req-d1053d8e-9fde-460d-89ef-92eae49e611f acb8ed5b89de46cdb553e7f1545f1ae1 09a7bcc300ef45fd9f1a49df55516d3f - - default default] 10.0.0.246 "GET /v2.0/ports/d67b8c5a-15a5-468b-9949-0fb31a7bb0db HTTP/1.1" status: 404 len: 333 time: 0.0180674
2026-05-21 20:46:21.572 9 WARNING neutron_lib.context [None req-58e687e4-1ea9-4514-9181-a9cf4a507668 5e9dffd87b7c455aabc15a3b0687fbe2 5672f4cdd76844b6914348c9a80330cd - - default default] Method 'is_advsvc' is deprecated since 2023.2 release (neutron-lib 3.8.0) and will be removed once support for the old RBAC API policies will be removed from Neutron. Please use method 'is_service_role' instead.
2026-05-21 20:46:21.596 9 INFO neutron.api.wsgi [None req-6bc81029-97ca-41eb-ac6b-ca0feb11b29d acb8ed5b89de46cdb553e7f1545f1ae1 09a7bcc300ef45fd9f1a49df55516d3f - - default default] 10.0.0.246 "GET /v2.0/ports HTTP/1.1" status: 200 len: 1731 time: 0.0442295
2026-05-21 20:46:21.617 10 INFO neutron.db.ovn_revision_numbers_db [None req-b5d986f9-f275-412e-bbab-3ff7df83c0d2 dc3787c16d084ba59aa9efd7807edb58 b2162badf0234b188e1cc9343b7664ec - - default default] Successfully bumped revision number for resource cf41648a-39e2-4b4c-9963-b25b54173bf1 (type: ports) to 1
2026-05-21 20:46:21.627 9 WARNING neutron_lib.context [None req-58e687e4-1ea9-4514-9181-a9cf4a507668 5e9dffd87b7c455aabc15a3b0687fbe2 5672f4cdd76844b6914348c9a80330cd - - default default] Method 'is_advsvc' is deprecated since 2023.2 release (neutron-lib 3.8.0) and will be removed once support for the old RBAC API policies will be removed from Neutron. Please use method 'is_service_role' instead.
2026-05-21 20:46:21.655 10 INFO neutron.api.wsgi [None req-dc047d50-1fe6-4dda-8602-e83c9339eaee acb8ed5b89de46cdb553e7f1545f1ae1 09a7bcc300ef45fd9f1a49df55516d3f - - default default] 10.0.0.246 "GET /v2.0/ports/8642121c-4b47-477f-b5b9-28c1e6848804 HTTP/1.1" status: 200 len: 971 time: 0.0497155
2026-05-21 20:46:21.687 9 INFO neutron.pecan_wsgi.hooks.translation [None req-634db14f-e400-4413-b802-ec92ba674bf2 acb8ed5b89de46cdb553e7f1545f1ae1 09a7bcc300ef45fd9f1a49df55516d3f - - default default] DELETE failed (client error): The resource could not be found.
2026-05-21 20:46:21.690 9 INFO neutron.api.wsgi [None req-634db14f-e400-4413-b802-ec92ba674bf2 acb8ed5b89de46cdb553e7f1545f1ae1 09a7bcc300ef45fd9f1a49df55516d3f - - default default] 10.0.0.246 "DELETE /v2.0/ports/6d3ec6cb-2a2c-47d3-b411-a854016f0b94 HTTP/1.1" status: 404 len: 333 time: 0.0261366
2026-05-21 20:46:21.714 10 INFO neutron.pecan_wsgi.hooks.translation [None req-01357a56-e1ef-4fae-8e4b-1eac786c3346 acb8ed5b89de46cdb553e7f1545f1ae1 09a7bcc300ef45fd9f1a49df55516d3f - - default default] DELETE failed (client error): The resource could not be found.
2026-05-21 20:46:21.717 10 INFO neutron.api.wsgi [None req-01357a56-e1ef-4fae-8e4b-1eac786c3346 acb8ed5b89de46cdb553e7f1545f1ae1 09a7bcc300ef45fd9f1a49df55516d3f - - default default] 10.0.0.246 "DELETE /v2.0/subnets/0ee32d29-5067-4f01-8d95-69fb02a4f73e HTTP/1.1" status: 404 len: 337 time: 0.0192037
2026-05-21 20:46:21.737 10 INFO neutron.pecan_wsgi.hooks.translation [None req-e7cb1c1e-8d96-4a66-b67b-e227e3c7bb29 acb8ed5b89de46cdb553e7f1545f1ae1 09a7bcc300ef45fd9f1a49df55516d3f - - default default] DELETE failed (client error): The resource could not be found.
2026-05-21 20:46:21.739 10 INFO neutron.api.wsgi [None req-e7cb1c1e-8d96-4a66-b67b-e227e3c7bb29 acb8ed5b89de46cdb553e7f1545f1ae1 09a7bcc300ef45fd9f1a49df55516d3f - - default default] 10.0.0.246 "DELETE /v2.0/subnets/f75c50df-4383-4286-aa99-ddc1645d1e5a HTTP/1.1" status: 404 len: 337 time: 0.0144923
2026-05-21 20:46:21.837 9 INFO neutron.services.segments.plugin [-] Segment 014eca22-28b2-42c1-bde2-8d8aca694fb0 resource provider aggregate not found
2026-05-21 20:46:21.843 9 INFO neutron.services.segments.plugin [-] Segment 014eca22-28b2-42c1-bde2-8d8aca694fb0 resource provider aggregate not found
2026-05-21 20:46:21.862 9 INFO neutron.services.segments.plugin [-] Segment 014eca22-28b2-42c1-bde2-8d8aca694fb0 resource provider not found; error: Placement Client Error (4xx): {"errors": [{"status": 404, "title": "Not Found", "detail": "The resource could not be found.\n\n No resource provider with uuid 014eca22-28b2-42c1-bde2-8d8aca694fb0 found for delete ", "request_id": "req-1f92f18e-33ce-493c-adb8-2440af662908"}]}
2026-05-21 20:46:21.866 9 INFO neutron.services.segments.plugin [-] Segment 014eca22-28b2-42c1-bde2-8d8aca694fb0 resource provider not found; error: Placement Client Error (4xx): {"errors": [{"status": 404, "title": "Not Found", "detail": "The resource could not be found.\n\n No resource provider with uuid 014eca22-28b2-42c1-bde2-8d8aca694fb0 found for delete ", "request_id": "req-7d4dca89-44f3-4d51-a8a2-2b0dc94f5d91"}]}
2026-05-21 20:46:22.100 9 INFO neutron.api.wsgi [None req-bbba2600-dcd0-4442-9151-04d98212bc1d acb8ed5b89de46cdb553e7f1545f1ae1 09a7bcc300ef45fd9f1a49df55516d3f - - default default] 10.0.0.246 "DELETE /v2.0/ports/8642121c-4b47-477f-b5b9-28c1e6848804 HTTP/1.1" status: 204 len: 168 time: 0.3541293
2026-05-21 20:46:22.109 9 WARNING neutron.plugins.ml2.drivers.ovn.mech_driver.ovsdb.ovn_client [None req-04273eb3-bdf4-4d47-ae57-4f882cd287ba - - - - - -] No port found with ID 5a40cdb9-dc6b-48c0-bba4-15093b37e0f0: RuntimeError: No port found with ID 5a40cdb9-dc6b-48c0-bba4-15093b37e0f0
2026-05-21 20:46:22.177 9 WARNING neutron.scheduler.dhcp_agent_scheduler [None req-58e687e4-1ea9-4514-9181-a9cf4a507668 5e9dffd87b7c455aabc15a3b0687fbe2 5672f4cdd76844b6914348c9a80330cd - - default default] No more DHCP agents
2026-05-21 20:46:22.180 9 WARNING neutron.api.rpc.agentnotifiers.dhcp_rpc_agent_api [None req-58e687e4-1ea9-4514-9181-a9cf4a507668 5e9dffd87b7c455aabc15a3b0687fbe2 5672f4cdd76844b6914348c9a80330cd - - default default] Unable to schedule network 0d07beed-07eb-45fa-8de8-9aa41d9e0f10: no agents available; will retry on subsequent port and subnet creation events.
2026-05-21 20:46:22.220 10 INFO neutron.plugins.ml2.drivers.ovn.mech_driver.mech_driver [None req-8d6d5397-c274-4d9e-82ef-2f5501b4a612 - - - - - -] OVN reports status up for port: cf41648a-39e2-4b4c-9963-b25b54173bf1
2026-05-21 20:46:22.221 9 INFO neutron.db.ovn_revision_numbers_db [None req-58e687e4-1ea9-4514-9181-a9cf4a507668 5e9dffd87b7c455aabc15a3b0687fbe2 5672f4cdd76844b6914348c9a80330cd - - default default] Successfully bumped revision number for resource 7215bd44-3d04-4b6c-b095-a23aacf0a7f1 (type: subnets) to 0
2026-05-21 20:46:22.251 10 INFO neutron.db.ovn_revision_numbers_db [None req-b5d986f9-f275-412e-bbab-3ff7df83c0d2 dc3787c16d084ba59aa9efd7807edb58 b2162badf0234b188e1cc9343b7664ec - - default default] Successfully bumped revision number for resource cf41648a-39e2-4b4c-9963-b25b54173bf1 (type: ports) to 1
2026-05-21 20:46:22.254 10 INFO neutron.plugins.ml2.plugin [None req-8d6d5397-c274-4d9e-82ef-2f5501b4a612 - - - - - -] Attempt 1 to provision port cf41648a-39e2-4b4c-9963-b25b54173bf1
2026-05-21 20:46:22.298 9 WARNING neutron.scheduler.dhcp_agent_scheduler [None req-58e687e4-1ea9-4514-9181-a9cf4a507668 5e9dffd87b7c455aabc15a3b0687fbe2 5672f4cdd76844b6914348c9a80330cd - - default default] No more DHCP agents
2026-05-21 20:46:22.300 9 WARNING neutron.api.rpc.agentnotifiers.dhcp_rpc_agent_api [None req-58e687e4-1ea9-4514-9181-a9cf4a507668 5e9dffd87b7c455aabc15a3b0687fbe2 5672f4cdd76844b6914348c9a80330cd - - default default] Unable to schedule network d9c9fbd3-f486-4f1e-9896-c07600da58be: no agents available; will retry on subsequent port and subnet creation events.
2026-05-21 20:46:22.374 9 INFO neutron.db.ovn_revision_numbers_db [None req-58e687e4-1ea9-4514-9181-a9cf4a507668 5e9dffd87b7c455aabc15a3b0687fbe2 5672f4cdd76844b6914348c9a80330cd - - default default] Successfully bumped revision number for resource 4e899a4d-9bac-4e49-8b68-6e5d7ea4b186 (type: subnets) to 0
2026-05-21 20:46:22.383 10 WARNING neutron.scheduler.dhcp_agent_scheduler [None req-b5d986f9-f275-412e-bbab-3ff7df83c0d2 dc3787c16d084ba59aa9efd7807edb58 b2162badf0234b188e1cc9343b7664ec - - default default] No more DHCP agents
2026-05-21 20:46:22.387 10 WARNING neutron.api.rpc.agentnotifiers.dhcp_rpc_agent_api [None req-b5d986f9-f275-412e-bbab-3ff7df83c0d2 dc3787c16d084ba59aa9efd7807edb58 b2162badf0234b188e1cc9343b7664ec - - default default] Unable to schedule network 5caea2b9-89c6-4383-a359-b42f82206e47: no agents available; will retry on subsequent port and subnet creation events.
2026-05-21 20:46:22.393 9 INFO neutron.api.wsgi [None req-58e687e4-1ea9-4514-9181-a9cf4a507668 5e9dffd87b7c455aabc15a3b0687fbe2 5672f4cdd76844b6914348c9a80330cd - - default default] 10.0.0.246 "POST /v2.0/subnets HTTP/1.1" status: 201 len: 1524 time: 0.8265054
2026-05-21 20:46:22.458 9 INFO neutron.api.wsgi [None req-6b442eb0-7f68-4464-9108-e1596de64e60 5e9dffd87b7c455aabc15a3b0687fbe2 5672f4cdd76844b6914348c9a80330cd - - default default] 10.0.0.246 "GET /v2.0/subnets HTTP/1.1" status: 200 len: 2155 time: 0.0530374
2026-05-21 20:46:22.620 9 INFO neutron.api.wsgi [None req-30c6f519-4781-4912-9a78-68f1a1958eff acb8ed5b89de46cdb553e7f1545f1ae1 09a7bcc300ef45fd9f1a49df55516d3f - - default default] 10.0.0.246 "DELETE /v2.0/networks/755df4d3-372a-4d7a-bc9d-c3aa3801e103 HTTP/1.1" status: 204 len: 168 time: 0.5125155
2026-05-21 20:46:22.651 9 INFO neutron.api.wsgi [None req-915dae2a-1bc7-4107-93f7-82d67b0f15d5 5e9dffd87b7c455aabc15a3b0687fbe2 5672f4cdd76844b6914348c9a80330cd - - default default] 10.0.0.246 "DELETE /v2.0/subnets/7215bd44-3d04-4b6c-b095-a23aacf0a7f1 HTTP/1.1" status: 204 len: 168 time: 0.1788473
2026-05-21 20:46:22.708 10 INFO neutron.db.ovn_revision_numbers_db [None req-b5d986f9-f275-412e-bbab-3ff7df83c0d2 dc3787c16d084ba59aa9efd7807edb58 b2162badf0234b188e1cc9343b7664ec - - default default] Successfully bumped revision number for resource cf41648a-39e2-4b4c-9963-b25b54173bf1 (type: router_ports) to 1
2026-05-21 20:46:22.714 10 INFO neutron.api.wsgi [None req-b5d986f9-f275-412e-bbab-3ff7df83c0d2 dc3787c16d084ba59aa9efd7807edb58 b2162badf0234b188e1cc9343b7664ec - - default default] 10.0.0.246 "PUT /v2.0/routers/b5481432-31c2-45ef-9c64-42b8fc0673e7/add_router_interface HTTP/1.1" status: 200 len: 503 time: 1.7701054
2026-05-21 20:46:22.798 9 INFO neutron.api.wsgi [None req-be26328f-cb57-4cf8-b720-cbd1a949e56a 5e9dffd87b7c455aabc15a3b0687fbe2 5672f4cdd76844b6914348c9a80330cd - - default default] 10.0.0.246 "DELETE /v2.0/subnets/4e899a4d-9bac-4e49-8b68-6e5d7ea4b186 HTTP/1.1" status: 204 len: 168 time: 0.1412740
2026-05-21 20:46:22.815 10 INFO neutron.api.wsgi [None req-21374536-9816-4929-bae1-e73d05ec3e43 dc3787c16d084ba59aa9efd7807edb58 b2162badf0234b188e1cc9343b7664ec - - default default] 10.0.0.246 "GET /v2.0/ports/cf41648a-39e2-4b4c-9963-b25b54173bf1 HTTP/1.1" status: 200 len: 1141 time: 0.0935044
2026-05-21 20:46:22.827 10 INFO neutron.db.ovn_revision_numbers_db [None req-8d6d5397-c274-4d9e-82ef-2f5501b4a612 - - - - - -] Successfully bumped revision number for resource cf41648a-39e2-4b4c-9963-b25b54173bf1 (type: ports) to 2
2026-05-21 20:46:22.844 9 INFO neutron.api.wsgi [None req-19db95e0-a472-49b1-88ab-f7dc5f798309 5e9dffd87b7c455aabc15a3b0687fbe2 5672f4cdd76844b6914348c9a80330cd - - default default] 10.0.0.246 "GET /v2.0/subnets HTTP/1.1" status: 200 len: 843 time: 0.0402553
2026-05-21 20:46:22.862 9 INFO neutron.api.wsgi [None req-1831c878-a77c-410a-9152-62773b121741 dc3787c16d084ba59aa9efd7807edb58 b2162badf0234b188e1cc9343b7664ec - - default default] 10.0.0.246 "GET /v2.0/ports/cf41648a-39e2-4b4c-9963-b25b54173bf1 HTTP/1.1" status: 200 len: 1141 time: 0.0392427
2026-05-21 20:46:23.314 10 INFO neutron.api.wsgi [None req-820d59d8-47b3-4faf-89ca-88026c0db11d 61ab6293e2234a2a9de4281143ec31a0 b3f58bab78cf4d5cba90882365d00150 - - default default] 10.0.0.246 "GET /v2.0/security-groups?tenant_id=09a7bcc300ef45fd9f1a49df55516d3f&name=default HTTP/1.1" status: 200 len: 3120 time: 0.1547408
2026-05-21 20:46:23.400 9 INFO neutron.api.wsgi [None req-3891a665-3307-4ce7-9fc2-9714fa4474f2 5e9dffd87b7c455aabc15a3b0687fbe2 5672f4cdd76844b6914348c9a80330cd - - default default] 10.0.0.246 "DELETE /v2.0/networks/d9c9fbd3-f486-4f1e-9896-c07600da58be HTTP/1.1" status: 204 len: 168 time: 0.5467305
2026-05-21 20:46:23.480 9 WARNING neutron_lib.context [None req-0857bba6-9d89-40c4-a2ee-2ec756a77178 98c7dcd97957455f947842272d05ac2c d836d2ce72eb42f6aba67a00aaa39830 - - default default] Method 'is_advsvc' is deprecated since 2023.2 release (neutron-lib 3.8.0) and will be removed once support for the old RBAC API policies will be removed from Neutron. Please use method 'is_service_role' instead.
2026-05-21 20:46:23.619 10 INFO neutron.api.wsgi [None req-1ea69e44-e6fa-44e5-95fc-0d5d1ca78f3f 61ab6293e2234a2a9de4281143ec31a0 b3f58bab78cf4d5cba90882365d00150 - - default default] 10.0.0.246 "DELETE /v2.0/security-groups/9245eeb6-34cb-4e13-9087-91902d749f08 HTTP/1.1" status: 204 len: 168 time: 0.2985995
2026-05-21 20:46:23.670 9 INFO neutron.api.wsgi [None req-1cfb31e2-61da-49b5-bd97-f305cd325298 dc3787c16d084ba59aa9efd7807edb58 b2162badf0234b188e1cc9343b7664ec - - default default] 10.0.0.246 "PUT /v2.0/routers/b5481432-31c2-45ef-9c64-42b8fc0673e7/remove_router_interface HTTP/1.1" status: 200 len: 503 time: 0.7996635
2026-05-21 20:46:23.698 10 INFO neutron.api.wsgi [None req-0329b9bf-8aec-472a-af0d-d3208efd07c3 dc3787c16d084ba59aa9efd7807edb58 b2162badf0234b188e1cc9343b7664ec - - default default] 10.0.0.246 "GET /v2.0/ports?device_id=b5481432-31c2-45ef-9c64-42b8fc0673e7 HTTP/1.1" status: 200 len: 205 time: 0.0217540 /var/lib/openstack/lib/python3.12/site-packages/pycadf/identifier.py:71: UserWarning: Invalid uuid: neutron. To ensure interoperability, identifiers should be a valid uuid. warnings.warn(('Invalid uuid: %s. To ensure interoperability, '
2026-05-21 20:46:23.756 9 INFO neutron.db.ovn_revision_numbers_db [None req-0857bba6-9d89-40c4-a2ee-2ec756a77178 98c7dcd97957455f947842272d05ac2c d836d2ce72eb42f6aba67a00aaa39830 - - default default] Successfully bumped revision number for resource ff32dc2a-6b01-4b92-b521-a0acd213227d (type: security_groups) to 1
2026-05-21 20:46:23.779 10 INFO neutron.services.segments.plugin [-] Segment 2c52059e-9c03-4a8d-8631-6a253fc2b3a8 resource provider aggregate not found
2026-05-21 20:46:23.783 10 INFO neutron.services.segments.plugin [-] Segment 2c52059e-9c03-4a8d-8631-6a253fc2b3a8 resource provider aggregate not found
2026-05-21 20:46:23.798 9 INFO neutron.db.ovn_revision_numbers_db [None req-0857bba6-9d89-40c4-a2ee-2ec756a77178 98c7dcd97957455f947842272d05ac2c d836d2ce72eb42f6aba67a00aaa39830 - - default default] Successfully bumped revision number for resource 383205bc-18e1-46b6-8565-bba9cc8912c7 (type: security_group_rules) to 0
2026-05-21 20:46:23.801 10 INFO neutron.services.segments.plugin [-] Segment 2c52059e-9c03-4a8d-8631-6a253fc2b3a8 resource provider not found; error: Placement Client Error (4xx): {"errors": [{"status": 404, "title": "Not Found", "detail": "The resource could not be found.\n\n No resource provider with uuid 2c52059e-9c03-4a8d-8631-6a253fc2b3a8 found for delete ", "request_id": "req-849ec42b-a39d-492b-b5dd-7135ed95708a"}]}
2026-05-21 20:46:23.803 10 INFO neutron.services.segments.plugin [-] Segment 2c52059e-9c03-4a8d-8631-6a253fc2b3a8 resource provider not found; error: Placement Client Error (4xx): {"errors": [{"status": 404, "title": "Not Found", "detail": "The resource could not be found.\n\n No resource provider with uuid 2c52059e-9c03-4a8d-8631-6a253fc2b3a8 found for delete ", "request_id": "req-416066c2-5eea-46f2-9898-1faf6955d672"}]}
2026-05-21 20:46:23.832 10 INFO neutron.api.wsgi [None req-50b4f2d3-b8a8-4c17-876b-f51393fce83f 5e9dffd87b7c455aabc15a3b0687fbe2 5672f4cdd76844b6914348c9a80330cd - - default default] 10.0.0.246 "DELETE /v2.0/networks/0d07beed-07eb-45fa-8de8-9aa41d9e0f10 HTTP/1.1" status: 204 len: 168 time: 0.4249775
2026-05-21 20:46:23.835 9 INFO neutron.db.ovn_revision_numbers_db [None req-0857bba6-9d89-40c4-a2ee-2ec756a77178 98c7dcd97957455f947842272d05ac2c d836d2ce72eb42f6aba67a00aaa39830 - - default default] Successfully bumped revision number for resource 6240e8b2-4902-4d08-b7ff-07a8178ddf6a (type: security_group_rules) to 0
2026-05-21 20:46:23.876 9 INFO neutron.db.ovn_revision_numbers_db [None req-0857bba6-9d89-40c4-a2ee-2ec756a77178 98c7dcd97957455f947842272d05ac2c d836d2ce72eb42f6aba67a00aaa39830 - - default default] Successfully bumped revision number for resource 64629e50-6975-4bc5-870e-bc0d3857a0f3 (type: security_group_rules) to 0
2026-05-21 20:46:23.890 9 INFO neutron.services.segments.plugin [-] Segment 77b9178a-c2dc-493e-bee7-223f6f1dc48d resource provider aggregate not found
2026-05-21 20:46:23.895 9 INFO neutron.services.segments.plugin [-] Segment 77b9178a-c2dc-493e-bee7-223f6f1dc48d resource provider aggregate not found
2026-05-21 20:46:23.912 9 INFO neutron.services.segments.plugin [-] Segment 77b9178a-c2dc-493e-bee7-223f6f1dc48d resource provider not found; error: Placement Client Error (4xx): {"errors": [{"status": 404, "title": "Not Found", "detail": "The resource could not be found.\n\n No resource provider with uuid 77b9178a-c2dc-493e-bee7-223f6f1dc48d found for delete ", "request_id": "req-9dc1ef39-4dc5-4b9e-acc8-6b6eef07a48f"}]}
2026-05-21 20:46:23.918 9 INFO neutron.services.segments.plugin [-] Segment 77b9178a-c2dc-493e-bee7-223f6f1dc48d resource provider not found; error: Placement Client Error (4xx): {"errors": [{"status": 404, "title": "Not Found", "detail": "The resource could not be found.\n\n No resource provider with uuid 77b9178a-c2dc-493e-bee7-223f6f1dc48d found for delete ", "request_id": "req-5d845808-b832-4d9b-b0c3-d661e3f8d91a"}]}
2026-05-21 20:46:23.923 9 INFO neutron.db.ovn_revision_numbers_db [None req-0857bba6-9d89-40c4-a2ee-2ec756a77178 98c7dcd97957455f947842272d05ac2c d836d2ce72eb42f6aba67a00aaa39830 - - default default] Successfully bumped revision number for resource bc4d5350-bc5a-4bf0-b624-0c3c0cab0224 (type: security_group_rules) to 0
2026-05-21 20:46:23.930 9 INFO neutron.services.segments.plugin [-] Segment 66c03cb1-551f-4f18-a2d6-a6b8d9c0cfad resource provider aggregate not found
2026-05-21 20:46:23.944 9 INFO neutron.services.segments.plugin [-] Segment 66c03cb1-551f-4f18-a2d6-a6b8d9c0cfad resource provider aggregate not found
2026-05-21 20:46:23.950 9 INFO neutron.services.segments.plugin [-] Segment 66c03cb1-551f-4f18-a2d6-a6b8d9c0cfad resource provider not found; error: Placement Client Error (4xx): {"errors": [{"status": 404, "title": "Not Found", "detail": "The resource could not be found.\n\n No resource provider with uuid 66c03cb1-551f-4f18-a2d6-a6b8d9c0cfad found for delete ", "request_id": "req-d6859beb-903c-4b4c-a038-da2861712867"}]}
2026-05-21 20:46:23.964 9 INFO neutron.services.segments.plugin [-] Segment 66c03cb1-551f-4f18-a2d6-a6b8d9c0cfad resource provider not found; error: Placement Client Error (4xx): {"errors": [{"status": 404, "title": "Not Found", "detail": "The resource could not be found.\n\n No resource provider with uuid 66c03cb1-551f-4f18-a2d6-a6b8d9c0cfad found for delete ", "request_id": "req-d4eb8516-143a-4829-bfa8-5267260b32f1"}]}
2026-05-21 20:46:23.981 9 INFO neutron.api.wsgi [None req-7eea703e-c907-484e-97d3-465a86e5c858 dc3787c16d084ba59aa9efd7807edb58 b2162badf0234b188e1cc9343b7664ec - - default default] 10.0.0.246 "DELETE /v2.0/routers/b5481432-31c2-45ef-9c64-42b8fc0673e7 HTTP/1.1" status: 204 len: 168 time: 0.2765427
2026-05-21 20:46:24.024 9 INFO neutron.db.segments_db [None req-0857bba6-9d89-40c4-a2ee-2ec756a77178 98c7dcd97957455f947842272d05ac2c d836d2ce72eb42f6aba67a00aaa39830 - - default default] Added segment 57bd7d17-4ffe-4dfb-932a-3d04b6835142 of type geneve for network 4b849ea2-4a4d-4f8e-a1ae-32133f0c6117
2026-05-21 20:46:24.152 9 INFO neutron.db.ovn_revision_numbers_db [None req-0857bba6-9d89-40c4-a2ee-2ec756a77178 98c7dcd97957455f947842272d05ac2c d836d2ce72eb42f6aba67a00aaa39830 - - default default] Successfully bumped revision number for resource 4b849ea2-4a4d-4f8e-a1ae-32133f0c6117 (type: networks) to 1
2026-05-21 20:46:24.200 10 INFO neutron.api.wsgi [None req-d4b84b0d-9a2f-4fa4-a513-447df706cbd7 dc3787c16d084ba59aa9efd7807edb58 b2162badf0234b188e1cc9343b7664ec - - default default] 10.0.0.246 "DELETE /v2.0/subnets/66ae886b-e279-470f-9f15-39087ac2f3ef HTTP/1.1" status: 204 len: 168 time: 0.2135968
2026-05-21 20:46:24.310 10 INFO neutron.api.wsgi [None req-97613a90-39d5-4a6c-8cec-105c48626d7c 5e9dffd87b7c455aabc15a3b0687fbe2 5672f4cdd76844b6914348c9a80330cd - - default default] 10.0.0.246 "DELETE /v2.0/networks/3d7d1add-9075-4332-9e78-51b1332d38af HTTP/1.1" status: 204 len: 168 time: 0.4691045
2026-05-21 20:46:24.363 9 WARNING neutron.scheduler.dhcp_agent_scheduler [None req-0857bba6-9d89-40c4-a2ee-2ec756a77178 98c7dcd97957455f947842272d05ac2c d836d2ce72eb42f6aba67a00aaa39830 - - default default] No more DHCP agents
2026-05-21 20:46:24.365 9 WARNING neutron.api.rpc.agentnotifiers.dhcp_rpc_agent_api [None req-0857bba6-9d89-40c4-a2ee-2ec756a77178 98c7dcd97957455f947842272d05ac2c d836d2ce72eb42f6aba67a00aaa39830 - - default default] Unable to schedule network 4b849ea2-4a4d-4f8e-a1ae-32133f0c6117: no agents available; will retry on subsequent port and subnet creation events.
2026-05-21 20:46:24.449 9 INFO neutron.db.ovn_revision_numbers_db [None req-0857bba6-9d89-40c4-a2ee-2ec756a77178 98c7dcd97957455f947842272d05ac2c d836d2ce72eb42f6aba67a00aaa39830 - - default default] Successfully bumped revision number for resource bf5155fb-5ac8-4ad0-a427-34f9235cf720 (type: ports) to 1
2026-05-21 20:46:24.474 9 INFO neutron.api.wsgi [None req-0857bba6-9d89-40c4-a2ee-2ec756a77178 98c7dcd97957455f947842272d05ac2c d836d2ce72eb42f6aba67a00aaa39830 - - default default] 10.0.0.246 "POST /v2.0/networks HTTP/1.1" status: 201 len: 830 time: 1.0603633
2026-05-21 20:46:24.485 9 WARNING neutron_lib.context [None req-631a986d-73ec-430e-930a-2fc89c22399e 98c7dcd97957455f947842272d05ac2c d836d2ce72eb42f6aba67a00aaa39830 - - default default] Method 'is_advsvc' is deprecated since 2023.2 release (neutron-lib 3.8.0) and will be removed once support for the old RBAC API policies will be removed from Neutron. Please use method 'is_service_role' instead.
2026-05-21 20:46:24.644 10 INFO neutron.api.wsgi [None req-126e3098-980f-455e-9ac2-0fb06c1fab4d dc3787c16d084ba59aa9efd7807edb58 b2162badf0234b188e1cc9343b7664ec - - default default] 10.0.0.246 "DELETE /v2.0/networks/5caea2b9-89c6-4383-a359-b42f82206e47 HTTP/1.1" status: 204 len: 168 time: 0.4379723
2026-05-21 20:46:24.663 10 WARNING neutron_lib.context [None req-50848f32-2256-4d1c-8f06-3521b4ee18d0 dc3787c16d084ba59aa9efd7807edb58 b2162badf0234b188e1cc9343b7664ec - - default default] Method 'is_advsvc' is deprecated since 2023.2 release (neutron-lib 3.8.0) and will be removed once support for the old RBAC API policies will be removed from Neutron. Please use method 'is_service_role' instead.
2026-05-21 20:46:24.821 9 WARNING neutron.scheduler.dhcp_agent_scheduler [None req-631a986d-73ec-430e-930a-2fc89c22399e 98c7dcd97957455f947842272d05ac2c d836d2ce72eb42f6aba67a00aaa39830 - - default default] No more DHCP agents
2026-05-21 20:46:24.824 9 WARNING neutron.api.rpc.agentnotifiers.dhcp_rpc_agent_api [None req-631a986d-73ec-430e-930a-2fc89c22399e 98c7dcd97957455f947842272d05ac2c d836d2ce72eb42f6aba67a00aaa39830 - - default default] Unable to schedule network 4b849ea2-4a4d-4f8e-a1ae-32133f0c6117: no agents available; will retry on subsequent port and subnet creation events.
2026-05-21 20:46:24.834 9 INFO neutron.api.wsgi [None req-1d7af163-5ae8-4d22-a167-ffbd24ac9807 5e9dffd87b7c455aabc15a3b0687fbe2 5672f4cdd76844b6914348c9a80330cd - - default default] 10.0.0.246 "DELETE /v2.0/networks/a47a9ba4-981d-4c6a-8146-e06c2950cdd9 HTTP/1.1" status: 204 len: 168 time: 0.5109248
2026-05-21 20:46:24.902 9 INFO neutron.db.ovn_revision_numbers_db [None req-631a986d-73ec-430e-930a-2fc89c22399e 98c7dcd97957455f947842272d05ac2c d836d2ce72eb42f6aba67a00aaa39830 - - default default] Successfully bumped revision number for resource 36636859-ed24-4c94-b21d-d8160953b4c6 (type: ports) to 1
2026-05-21 20:46:24.928 9 INFO neutron.api.wsgi [None req-631a986d-73ec-430e-930a-2fc89c22399e 98c7dcd97957455f947842272d05ac2c d836d2ce72eb42f6aba67a00aaa39830 - - default default] 10.0.0.246 "POST /v2.0/ports HTTP/1.1" status: 201 len: 942 time: 0.4462371 /var/lib/openstack/lib/python3.12/site-packages/pycadf/identifier.py:71: UserWarning: Invalid uuid: neutron. To ensure interoperability, identifiers should be a valid uuid. warnings.warn(('Invalid uuid: %s. To ensure interoperability, '
2026-05-21 20:46:24.939 9 WARNING neutron_lib.context [None req-4c72c0e0-a0b9-434a-acec-a16a1c3e5afe 98c7dcd97957455f947842272d05ac2c d836d2ce72eb42f6aba67a00aaa39830 - - default default] Method 'is_advsvc' is deprecated since 2023.2 release (neutron-lib 3.8.0) and will be removed once support for the old RBAC API policies will be removed from Neutron. Please use method 'is_service_role' instead.
2026-05-21 20:46:25.028 9 INFO neutron.db.segments_db [None req-4c72c0e0-a0b9-434a-acec-a16a1c3e5afe 98c7dcd97957455f947842272d05ac2c d836d2ce72eb42f6aba67a00aaa39830 - - default default] Added segment 5b0f10f1-6306-47e4-bd43-881514d59aba of type geneve for network 1251199f-6e27-43f7-ac96-af749a3380cf
2026-05-21 20:46:25.136 9 INFO neutron.db.ovn_revision_numbers_db [None req-4c72c0e0-a0b9-434a-acec-a16a1c3e5afe 98c7dcd97957455f947842272d05ac2c d836d2ce72eb42f6aba67a00aaa39830 - - default default] Successfully bumped revision number for resource 1251199f-6e27-43f7-ac96-af749a3380cf (type: networks) to 1
2026-05-21 20:46:25.326 9 WARNING neutron.scheduler.dhcp_agent_scheduler [None req-4c72c0e0-a0b9-434a-acec-a16a1c3e5afe 98c7dcd97957455f947842272d05ac2c d836d2ce72eb42f6aba67a00aaa39830 - - default default] No more DHCP agents
2026-05-21 20:46:25.327 9 WARNING neutron.api.rpc.agentnotifiers.dhcp_rpc_agent_api [None req-4c72c0e0-a0b9-434a-acec-a16a1c3e5afe 98c7dcd97957455f947842272d05ac2c d836d2ce72eb42f6aba67a00aaa39830 - - default default] Unable to schedule network 1251199f-6e27-43f7-ac96-af749a3380cf: no agents available; will retry on subsequent port and subnet creation events.
2026-05-21 20:46:25.398 9 INFO neutron.db.ovn_revision_numbers_db [None req-4c72c0e0-a0b9-434a-acec-a16a1c3e5afe 98c7dcd97957455f947842272d05ac2c d836d2ce72eb42f6aba67a00aaa39830 - - default default] Successfully bumped revision number for resource a7ffb360-643c-4461-9b93-3951953b92a6 (type: ports) to 1
2026-05-21 20:46:25.418 9 INFO neutron.api.wsgi [None req-4c72c0e0-a0b9-434a-acec-a16a1c3e5afe 98c7dcd97957455f947842272d05ac2c d836d2ce72eb42f6aba67a00aaa39830 - - default default] 10.0.0.246 "POST /v2.0/networks HTTP/1.1" status: 201 len: 831 time: 0.4841762
2026-05-21 20:46:25.427 9 WARNING neutron_lib.context [None req-905f0a56-b779-49e0-88cb-201972f74369 98c7dcd97957455f947842272d05ac2c d836d2ce72eb42f6aba67a00aaa39830 - - default default] Method 'is_advsvc' is deprecated since 2023.2 release (neutron-lib 3.8.0) and will be removed once support for the old RBAC API policies will be removed from Neutron. Please use method 'is_service_role' instead.
2026-05-21 20:46:25.590 10 WARNING neutron.scheduler.dhcp_agent_scheduler [None req-50848f32-2256-4d1c-8f06-3521b4ee18d0 dc3787c16d084ba59aa9efd7807edb58 b2162badf0234b188e1cc9343b7664ec - - default default] No more DHCP agents
2026-05-21 20:46:25.592 10 WARNING neutron.api.rpc.agentnotifiers.dhcp_rpc_agent_api [None req-50848f32-2256-4d1c-8f06-3521b4ee18d0 dc3787c16d084ba59aa9efd7807edb58 b2162badf0234b188e1cc9343b7664ec - - default default] Unable to schedule network f875c99c-a46d-4763-9a04-9a5b002d17f0: no agents available; will retry on subsequent port and subnet creation events.
2026-05-21 20:46:25.593 9 INFO neutron.api.wsgi [None req-8b5e7fd6-dec4-491a-8332-62d16b8acd9d 61ab6293e2234a2a9de4281143ec31a0 b3f58bab78cf4d5cba90882365d00150 - - default default] 10.0.0.246 "GET /v2.0/security-groups?tenant_id=5672f4cdd76844b6914348c9a80330cd&name=default HTTP/1.1" status: 200 len: 3120 time: 0.2383008
2026-05-21 20:46:25.610 10 WARNING neutron_lib.context [None req-3eec8641-4501-4e77-89b6-67e1fc15ee00 7a5c278a986143cb8efa28a21b451596 227e51f6f434461fac79784c88f6e737 - - default default] Method 'is_advsvc' is deprecated since 2023.2 release (neutron-lib 3.8.0) and will be removed once support for the old RBAC API policies will be removed from Neutron. Please use method 'is_service_role' instead.
2026-05-21 20:46:25.679 9 WARNING neutron.scheduler.dhcp_agent_scheduler [None req-905f0a56-b779-49e0-88cb-201972f74369 98c7dcd97957455f947842272d05ac2c d836d2ce72eb42f6aba67a00aaa39830 - - default default] No more DHCP agents
2026-05-21 20:46:25.682 9 WARNING neutron.api.rpc.agentnotifiers.dhcp_rpc_agent_api [None req-905f0a56-b779-49e0-88cb-201972f74369 98c7dcd97957455f947842272d05ac2c d836d2ce72eb42f6aba67a00aaa39830 - - default default] Unable to schedule network 1251199f-6e27-43f7-ac96-af749a3380cf: no agents available; will retry on subsequent port and subnet creation events.
2026-05-21 20:46:25.750 10 INFO neutron.db.ovn_revision_numbers_db [None req-50848f32-2256-4d1c-8f06-3521b4ee18d0 dc3787c16d084ba59aa9efd7807edb58 b2162badf0234b188e1cc9343b7664ec - - default default] Successfully bumped revision number for resource af90c8f8-5b22-44a8-8b18-852b5484d3b6 (type: ports) to 1
2026-05-21 20:46:25.775 10 INFO neutron.db.ovn_revision_numbers_db [None req-3eec8641-4501-4e77-89b6-67e1fc15ee00 7a5c278a986143cb8efa28a21b451596 227e51f6f434461fac79784c88f6e737 - - default default] Successfully bumped revision number for resource 591c88bb-1f78-43cc-aae4-ebd88d80da09 (type: security_groups) to 1
2026-05-21 20:46:25.797 9 INFO neutron.db.ovn_revision_numbers_db [None req-905f0a56-b779-49e0-88cb-201972f74369 98c7dcd97957455f947842272d05ac2c d836d2ce72eb42f6aba67a00aaa39830 - - default default] Successfully bumped revision number for resource 4d03bdfb-1eed-403f-94cb-ae3372039347 (type: ports) to 1
2026-05-21 20:46:25.815 10 INFO neutron.db.ovn_revision_numbers_db [None req-3eec8641-4501-4e77-89b6-67e1fc15ee00 7a5c278a986143cb8efa28a21b451596 227e51f6f434461fac79784c88f6e737 - - default default] Successfully bumped revision number for resource 245105b1-a4d9-457e-bfbe-473722e428fd (type: security_group_rules) to 0
2026-05-21 20:46:25.832 9 INFO neutron.api.wsgi [None req-905f0a56-b779-49e0-88cb-201972f74369 98c7dcd97957455f947842272d05ac2c d836d2ce72eb42f6aba67a00aaa39830 - - default default] 10.0.0.246 "POST /v2.0/ports HTTP/1.1" status: 201 len: 942 time: 0.4085522
2026-05-21 20:46:25.843 10 INFO neutron.services.segments.plugin [-] Segment 4ddd2957-3c83-45f0-8ca3-ff312e854678 resource provider aggregate not found /var/lib/openstack/lib/python3.12/site-packages/pycadf/identifier.py:71: UserWarning: Invalid uuid: neutron. To ensure interoperability, identifiers should be a valid uuid. warnings.warn(('Invalid uuid: %s. To ensure interoperability, '
2026-05-21 20:46:25.847 10 INFO neutron.services.segments.plugin [-] Segment 4ddd2957-3c83-45f0-8ca3-ff312e854678 resource provider aggregate not found
2026-05-21 20:46:25.847 9 WARNING neutron_lib.context [None req-b2d3d60a-bbe1-4832-9323-91ec3240384b 98c7dcd97957455f947842272d05ac2c d836d2ce72eb42f6aba67a00aaa39830 - - default default] Method 'is_advsvc' is deprecated since 2023.2 release (neutron-lib 3.8.0) and will be removed once support for the old RBAC API policies will be removed from Neutron. Please use method 'is_service_role' instead.
2026-05-21 20:46:25.859 10 INFO neutron.db.ovn_revision_numbers_db [None req-3eec8641-4501-4e77-89b6-67e1fc15ee00 7a5c278a986143cb8efa28a21b451596 227e51f6f434461fac79784c88f6e737 - - default default] Successfully bumped revision number for resource 3941c8b4-0180-4166-b26e-c2619c165093 (type: security_group_rules) to 0
2026-05-21 20:46:25.865 10 INFO neutron.services.segments.plugin [-] Segment 4ddd2957-3c83-45f0-8ca3-ff312e854678 resource provider not found; error: Placement Client Error (4xx): {"errors": [{"status": 404, "title": "Not Found", "detail": "The resource could not be found.\n\n No resource provider with uuid 4ddd2957-3c83-45f0-8ca3-ff312e854678 found for delete ", "request_id": "req-34ba40de-9449-474b-a932-47fc8aced8b8"}]}
2026-05-21 20:46:25.871 10 INFO neutron.services.segments.plugin [-] Segment 4ddd2957-3c83-45f0-8ca3-ff312e854678 resource provider not found; error: Placement Client Error (4xx): {"errors": [{"status": 404, "title": "Not Found", "detail": "The resource could not be found.\n\n No resource provider with uuid 4ddd2957-3c83-45f0-8ca3-ff312e854678 found for delete ", "request_id": "req-a216d6ab-3c96-41e3-bab1-72389b4f8abb"}]}
2026-05-21 20:46:25.895 10 INFO neutron.services.segments.plugin [-] Segment 57ba69b4-928b-414d-b86d-45c28b5a58cf resource provider aggregate not found
2026-05-21 20:46:25.904 10 INFO neutron.services.segments.plugin [-] Segment 57ba69b4-928b-414d-b86d-45c28b5a58cf resource provider aggregate not found
2026-05-21 20:46:25.913 10 INFO neutron.db.ovn_revision_numbers_db [None req-3eec8641-4501-4e77-89b6-67e1fc15ee00 7a5c278a986143cb8efa28a21b451596 227e51f6f434461fac79784c88f6e737 - - default default] Successfully bumped revision number for resource d6e12da8-9c91-42c1-a597-2ff3b3f240ce (type: security_group_rules) to 0
2026-05-21 20:46:25.932 10 INFO neutron.services.segments.plugin [-] Segment 57ba69b4-928b-414d-b86d-45c28b5a58cf resource provider not found; error: Placement Client Error (4xx): {"errors": [{"status": 404, "title": "Not Found", "detail": "The resource could not be found.\n\n No resource provider with uuid 57ba69b4-928b-414d-b86d-45c28b5a58cf found for delete ", "request_id": "req-1b972582-88c0-4cf6-9f53-9bdf1d0125a0"}]}
2026-05-21 20:46:25.935 10 INFO neutron.services.segments.plugin [-] Segment 57ba69b4-928b-414d-b86d-45c28b5a58cf resource provider not found; error: Placement Client Error (4xx): {"errors": [{"status": 404, "title": "Not Found", "detail": "The resource could not be found.\n\n No resource provider with uuid 57ba69b4-928b-414d-b86d-45c28b5a58cf found for delete ", "request_id": "req-03997967-5db6-4be3-8ff4-cdb04aecaeb4"}]}
2026-05-21 20:46:25.943 9 INFO neutron.api.wsgi [None req-e4c1f739-da6a-44c7-ba71-934b388f823a 61ab6293e2234a2a9de4281143ec31a0 b3f58bab78cf4d5cba90882365d00150 - - default default] 10.0.0.246 "DELETE /v2.0/security-groups/0273aded-2b94-4b2c-90a8-5116d8e6d411 HTTP/1.1" status: 204 len: 168 time: 0.3439188
2026-05-21 20:46:25.948 10 INFO neutron.db.ovn_revision_numbers_db [None req-3eec8641-4501-4e77-89b6-67e1fc15ee00 7a5c278a986143cb8efa28a21b451596 227e51f6f434461fac79784c88f6e737 - - default default] Successfully bumped revision number for resource f0c925be-1731-4fa0-870f-8adef6497f8c (type: security_group_rules) to 0
2026-05-21 20:46:25.973 9 INFO neutron.db.segments_db [None req-b2d3d60a-bbe1-4832-9323-91ec3240384b 98c7dcd97957455f947842272d05ac2c d836d2ce72eb42f6aba67a00aaa39830 - - default default] Added segment 97cf1501-fea9-440d-80d9-0bc4f33ac72e of type geneve for network 481834f0-fb66-4b54-8ae6-3520105f7d8d
2026-05-21 20:46:25.975 9 INFO neutron.services.segments.plugin [-] Segment c2924c30-b597-4f83-9ae3-5b040ea64f6e resource provider aggregate not found
2026-05-21 20:46:25.982 9 INFO neutron.services.segments.plugin [-] Segment c2924c30-b597-4f83-9ae3-5b040ea64f6e resource provider aggregate not found
2026-05-21 20:46:25.992 9 INFO neutron.services.segments.plugin [-] Segment c2924c30-b597-4f83-9ae3-5b040ea64f6e resource provider not found; error: Placement Client Error (4xx): {"errors": [{"status": 404, "title": "Not Found", "detail": "The resource could not be found.\n\n No resource provider with uuid c2924c30-b597-4f83-9ae3-5b040ea64f6e found for delete ", "request_id": "req-839e743f-0db9-4bc9-982f-bae62df02c21"}]}
2026-05-21 20:46:25.997 9 INFO neutron.services.segments.plugin [-] Segment c2924c30-b597-4f83-9ae3-5b040ea64f6e resource provider not found; error: Placement Client Error (4xx): {"errors": [{"status": 404, "title": "Not Found", "detail": "The resource could not be found.\n\n No resource provider with uuid c2924c30-b597-4f83-9ae3-5b040ea64f6e found for delete ", "request_id": "req-7a8b522f-b739-494a-a76b-c35d7b12e53c"}]}
2026-05-21 20:46:26.060 10 INFO neutron.db.segments_db [None req-3eec8641-4501-4e77-89b6-67e1fc15ee00 7a5c278a986143cb8efa28a21b451596 227e51f6f434461fac79784c88f6e737 - - default default] Added segment 768125c1-a49c-41c2-bce4-d7c4ccef3064 of type geneve for network 25fc2e62-c5e5-4f18-9c03-80bddca4b02a
2026-05-21 20:46:26.179 9 INFO neutron.db.ovn_revision_numbers_db [None req-b2d3d60a-bbe1-4832-9323-91ec3240384b 98c7dcd97957455f947842272d05ac2c d836d2ce72eb42f6aba67a00aaa39830 - - default default] Successfully bumped revision number for resource 481834f0-fb66-4b54-8ae6-3520105f7d8d (type: networks) to 1
2026-05-21 20:46:26.280 10 INFO neutron.db.ovn_revision_numbers_db [None req-3eec8641-4501-4e77-89b6-67e1fc15ee00 7a5c278a986143cb8efa28a21b451596 227e51f6f434461fac79784c88f6e737 - - default default] Successfully bumped revision number for resource 25fc2e62-c5e5-4f18-9c03-80bddca4b02a (type: networks) to 1
2026-05-21 20:46:26.534 10 WARNING neutron.scheduler.dhcp_agent_scheduler [None req-3eec8641-4501-4e77-89b6-67e1fc15ee00 7a5c278a986143cb8efa28a21b451596 227e51f6f434461fac79784c88f6e737 - - default default] No more DHCP agents
2026-05-21 20:46:26.541 10 WARNING neutron.api.rpc.agentnotifiers.dhcp_rpc_agent_api [None req-3eec8641-4501-4e77-89b6-67e1fc15ee00 7a5c278a986143cb8efa28a21b451596 227e51f6f434461fac79784c88f6e737 - - default default] Unable to schedule network 25fc2e62-c5e5-4f18-9c03-80bddca4b02a: no agents available; will retry on subsequent port and subnet creation events.
2026-05-21 20:46:26.643 10 INFO neutron.db.ovn_revision_numbers_db [None req-3eec8641-4501-4e77-89b6-67e1fc15ee00 7a5c278a986143cb8efa28a21b451596 227e51f6f434461fac79784c88f6e737 - - default default] Successfully bumped revision number for resource cbe72a15-3ef3-4de6-8408-7bbd51ac0a33 (type: ports) to 1
2026-05-21 20:46:26.669 10 INFO neutron.api.wsgi [None req-3eec8641-4501-4e77-89b6-67e1fc15ee00 7a5c278a986143cb8efa28a21b451596 227e51f6f434461fac79784c88f6e737 - - default default] 10.0.0.246 "POST /v2.0/networks HTTP/1.1" status: 201 len: 844 time: 1.1075962
