2026-05-21 20:46:38.014 9 INFO neutron.api.wsgi [None req-c0db99cc-be1d-403c-8e88-5929977c9c81 30bd1df30e834d1984d680bded2004da 2797794bb556424690bb9caf82202ae7 - - default default] 10.0.0.246 "GET /v2.0/security-groups/57c67395-d4a0-4ca2-b084-b3434d893a0b HTTP/1.1" status: 200 len: 1859 time: 0.0235212
2026-05-21 20:46:38.035 10 INFO neutron.db.ovn_revision_numbers_db [None req-f166e5eb-b43a-478e-a25d-0593c35fe4bf 61ab6293e2234a2a9de4281143ec31a0 b3f58bab78cf4d5cba90882365d00150 - - default default] Successfully bumped revision number for resource e494bce1-d3bf-4b46-ada8-e2a8f7fef3b0 (type: security_groups) to 1
2026-05-21 20:46:38.037 10 INFO neutron.db.ovn_revision_numbers_db [None req-627498a8-bd03-4d48-aa61-b805228df6fc - - - - - -] Successfully bumped revision number for resource 5b9c9dad-fa21-4007-9e00-9e5e6ee857bc (type: ports) to 2
2026-05-21 20:46:38.078 10 INFO neutron.db.ovn_revision_numbers_db [None req-f166e5eb-b43a-478e-a25d-0593c35fe4bf 61ab6293e2234a2a9de4281143ec31a0 b3f58bab78cf4d5cba90882365d00150 - - default default] Successfully bumped revision number for resource 04ef65a8-2ff4-4955-bc77-06480c7cca50 (type: security_group_rules) to 0
2026-05-21 20:46:38.091 10 INFO neutron.api.wsgi [None req-e42cc574-1808-4e21-b753-22046bd0a77d 61ab6293e2234a2a9de4281143ec31a0 b3f58bab78cf4d5cba90882365d00150 - - default default] 10.0.0.246 "DELETE /v2.0/security-groups/591c88bb-1f78-43cc-aae4-ebd88d80da09 HTTP/1.1" status: 204 len: 168 time: 0.4935756
2026-05-21 20:46:38.106 10 INFO neutron.db.ovn_revision_numbers_db [None req-f166e5eb-b43a-478e-a25d-0593c35fe4bf 61ab6293e2234a2a9de4281143ec31a0 b3f58bab78cf4d5cba90882365d00150 - - default default] Successfully bumped revision number for resource 0d1bb85f-2447-42d1-a761-a4b3af67b7b4 (type: security_group_rules) to 0
2026-05-21 20:46:38.144 10 INFO neutron.db.ovn_revision_numbers_db [None req-f166e5eb-b43a-478e-a25d-0593c35fe4bf 61ab6293e2234a2a9de4281143ec31a0 b3f58bab78cf4d5cba90882365d00150 - - default default] Successfully bumped revision number for resource 6a849340-4a18-453c-8958-3c5fef058315 (type: security_group_rules) to 0
2026-05-21 20:46:38.183 10 INFO neutron.db.ovn_revision_numbers_db [None req-f166e5eb-b43a-478e-a25d-0593c35fe4bf 61ab6293e2234a2a9de4281143ec31a0 b3f58bab78cf4d5cba90882365d00150 - - default default] Successfully bumped revision number for resource c304b475-6b84-4ec8-b7e0-cb8b27fb994e (type: security_group_rules) to 0
2026-05-21 20:46:38.204 9 INFO neutron.api.wsgi [None req-2dce1e3f-55a6-4f76-adba-bde8e9c4b4c4 30bd1df30e834d1984d680bded2004da 2797794bb556424690bb9caf82202ae7 - - default default] 10.0.0.246 "DELETE /v2.0/security-groups/57c67395-d4a0-4ca2-b084-b3434d893a0b HTTP/1.1" status: 204 len: 168 time: 0.1821463
2026-05-21 20:46:38.235 10 INFO neutron.api.wsgi [None req-f166e5eb-b43a-478e-a25d-0593c35fe4bf 61ab6293e2234a2a9de4281143ec31a0 b3f58bab78cf4d5cba90882365d00150 - - default default] 10.0.0.246 "GET /v2.0/security-groups?tenant_id=d889bc40e82f42ab8b90f862df71bb50&name=default HTTP/1.1" status: 200 len: 3120 time: 0.4469633
2026-05-21 20:46:38.256 9 INFO neutron.api.wsgi [None req-eade90fb-e0e3-479b-97c4-db174b26d0d9 30bd1df30e834d1984d680bded2004da 2797794bb556424690bb9caf82202ae7 - - default default] 10.0.0.246 "GET /v2.0/security-groups HTTP/1.1" status: 200 len: 3120 time: 0.0404894
2026-05-21 20:46:38.277 9 INFO neutron.api.v2.resource [None req-681caefc-aafa-4259-9eba-4fa5a16262ca 30bd1df30e834d1984d680bded2004da 2797794bb556424690bb9caf82202ae7 - - default default] delete failed (client error): The resource could not be found.
2026-05-21 20:46:38.278 9 INFO neutron.api.wsgi [None req-681caefc-aafa-4259-9eba-4fa5a16262ca 30bd1df30e834d1984d680bded2004da 2797794bb556424690bb9caf82202ae7 - - default default] 10.0.0.246 "DELETE /v2.0/security-groups/57c67395-d4a0-4ca2-b084-b3434d893a0b HTTP/1.1" status: 404 len: 347 time: 0.0156889
2026-05-21 20:46:38.306 9 WARNING neutron_lib.context [None req-ef4be196-f525-4719-bc8d-0fafc1a72ac5 30bd1df30e834d1984d680bded2004da 2797794bb556424690bb9caf82202ae7 - - default default] Method 'is_advsvc' is deprecated since 2023.2 release (neutron-lib 3.8.0) and will be removed once support for the old RBAC API policies will be removed from Neutron. Please use method 'is_service_role' instead.
2026-05-21 20:46:38.460 9 INFO neutron.db.ovn_revision_numbers_db [None req-ef4be196-f525-4719-bc8d-0fafc1a72ac5 30bd1df30e834d1984d680bded2004da 2797794bb556424690bb9caf82202ae7 - - default default] Successfully bumped revision number for resource ec753cee-6cb7-4e17-8faa-e35fd52ff030 (type: security_groups) to 1
2026-05-21 20:46:38.475 9 INFO neutron.db.ovn_revision_numbers_db [None req-ef4be196-f525-4719-bc8d-0fafc1a72ac5 30bd1df30e834d1984d680bded2004da 2797794bb556424690bb9caf82202ae7 - - default default] Successfully bumped revision number for resource 0377cfa9-d760-4709-a46a-ea6d3613582c (type: security_group_rules) to 0
2026-05-21 20:46:38.489 9 INFO neutron.db.ovn_revision_numbers_db [None req-ef4be196-f525-4719-bc8d-0fafc1a72ac5 30bd1df30e834d1984d680bded2004da 2797794bb556424690bb9caf82202ae7 - - default default] Successfully bumped revision number for resource c2859b92-50a2-41cb-8098-a1a0af640499 (type: security_group_rules) to 0
2026-05-21 20:46:38.536 9 INFO neutron.api.wsgi [None req-ef4be196-f525-4719-bc8d-0fafc1a72ac5 30bd1df30e834d1984d680bded2004da 2797794bb556424690bb9caf82202ae7 - - default default] 10.0.0.246 "POST /v2.0/security-groups HTTP/1.1" status: 201 len: 1825 time: 0.2374711
2026-05-21 20:46:38.548 9 WARNING neutron_lib.context [None req-593a851e-4f83-4ce8-a4a1-a0477296509c 30bd1df30e834d1984d680bded2004da 2797794bb556424690bb9caf82202ae7 - - default default] Method 'is_advsvc' is deprecated since 2023.2 release (neutron-lib 3.8.0) and will be removed once support for the old RBAC API policies will be removed from Neutron. Please use method 'is_service_role' instead.
2026-05-21 20:46:38.580 10 INFO neutron.api.wsgi [None req-8bad5bf3-89f2-4457-9e5f-04c3e0e78bee 61ab6293e2234a2a9de4281143ec31a0 b3f58bab78cf4d5cba90882365d00150 - - default default] 10.0.0.246 "DELETE /v2.0/security-groups/e494bce1-d3bf-4b46-ada8-e2a8f7fef3b0 HTTP/1.1" status: 204 len: 168 time: 0.3356938
2026-05-21 20:46:38.590 10 WARNING neutron.scheduler.dhcp_agent_scheduler [None req-406acd73-8ce7-4231-a68d-59680b6e8d60 914bd085bdc74d9abfb7224a641eeef2 1dd425f15d8d4e8786aeb3393bf0fc1d - - default default] No more DHCP agents
2026-05-21 20:46:38.591 10 WARNING neutron.api.rpc.agentnotifiers.dhcp_rpc_agent_api [None req-406acd73-8ce7-4231-a68d-59680b6e8d60 914bd085bdc74d9abfb7224a641eeef2 1dd425f15d8d4e8786aeb3393bf0fc1d - - default default] Unable to schedule network c2bc4508-ba2c-45a1-9c96-01ba21de0d70: no agents available; will retry on subsequent port and subnet creation events.
2026-05-21 20:46:38.711 9 INFO neutron.db.ovn_revision_numbers_db [None req-593a851e-4f83-4ce8-a4a1-a0477296509c 30bd1df30e834d1984d680bded2004da 2797794bb556424690bb9caf82202ae7 - - default default] Successfully bumped revision number for resource 927cf27d-e847-461e-a508-616305dc6bb2 (type: security_group_rules) to 0
2026-05-21 20:46:38.748 9 INFO neutron.api.wsgi [None req-593a851e-4f83-4ce8-a4a1-a0477296509c 30bd1df30e834d1984d680bded2004da 2797794bb556424690bb9caf82202ae7 - - default default] 10.0.0.246 "POST /v2.0/security-group-rules HTTP/1.1" status: 201 len: 800 time: 0.2063234
2026-05-21 20:46:38.752 10 INFO neutron.db.ovn_revision_numbers_db [None req-406acd73-8ce7-4231-a68d-59680b6e8d60 914bd085bdc74d9abfb7224a641eeef2 1dd425f15d8d4e8786aeb3393bf0fc1d - - default default] Successfully bumped revision number for resource 3dae68ce-6679-4c76-b0bb-056a7dc654a6 (type: ports) to 1
2026-05-21 20:46:38.773 9 INFO neutron.api.wsgi [None req-217af197-b5ec-45a1-9d9d-d120d998b362 30bd1df30e834d1984d680bded2004da 2797794bb556424690bb9caf82202ae7 - - default default] 10.0.0.246 "GET /v2.0/security-group-rules/927cf27d-e847-461e-a508-616305dc6bb2 HTTP/1.1" status: 200 len: 795 time: 0.0184443
2026-05-21 20:46:38.855 9 INFO neutron.api.wsgi [None req-e1c7e925-adb3-46e4-9457-c67c5106244b 30bd1df30e834d1984d680bded2004da 2797794bb556424690bb9caf82202ae7 - - default default] 10.0.0.246 "GET /v2.0/security-group-rules HTTP/1.1" status: 200 len: 4333 time: 0.0769455
2026-05-21 20:46:39.000 9 INFO neutron.api.wsgi [None req-2966f207-3f41-49c1-b1a1-9e3493988bb6 30bd1df30e834d1984d680bded2004da 2797794bb556424690bb9caf82202ae7 - - default default] 10.0.0.246 "DELETE /v2.0/security-group-rules/927cf27d-e847-461e-a508-616305dc6bb2 HTTP/1.1" status: 204 len: 168 time: 0.1387155
2026-05-21 20:46:39.085 9 INFO neutron.api.wsgi [None req-70a17b8b-6e54-405e-8853-8e44fc20ed36 30bd1df30e834d1984d680bded2004da 2797794bb556424690bb9caf82202ae7 - - default default] 10.0.0.246 "GET /v2.0/security-group-rules HTTP/1.1" status: 200 len: 3755 time: 0.0772038
2026-05-21 20:46:39.097 9 WARNING neutron_lib.context [None req-d6a497d8-fe85-44a8-922e-e4109278a13b 30bd1df30e834d1984d680bded2004da 2797794bb556424690bb9caf82202ae7 - - default default] Method 'is_advsvc' is deprecated since 2023.2 release (neutron-lib 3.8.0) and will be removed once support for the old RBAC API policies will be removed from Neutron. Please use method 'is_service_role' instead.
2026-05-21 20:46:39.416 10 INFO neutron.db.ovn_revision_numbers_db [None req-406acd73-8ce7-4231-a68d-59680b6e8d60 914bd085bdc74d9abfb7224a641eeef2 1dd425f15d8d4e8786aeb3393bf0fc1d - - default default] Successfully bumped revision number for resource 3dae68ce-6679-4c76-b0bb-056a7dc654a6 (type: ports) to 1
2026-05-21 20:46:39.465 10 WARNING neutron.scheduler.dhcp_agent_scheduler [None req-406acd73-8ce7-4231-a68d-59680b6e8d60 914bd085bdc74d9abfb7224a641eeef2 1dd425f15d8d4e8786aeb3393bf0fc1d - - default default] No more DHCP agents
2026-05-21 20:46:39.467 10 WARNING neutron.api.rpc.agentnotifiers.dhcp_rpc_agent_api [None req-406acd73-8ce7-4231-a68d-59680b6e8d60 914bd085bdc74d9abfb7224a641eeef2 1dd425f15d8d4e8786aeb3393bf0fc1d - - default default] Unable to schedule network c2bc4508-ba2c-45a1-9c96-01ba21de0d70: no agents available; will retry on subsequent port and subnet creation events.
2026-05-21 20:46:39.540 9 INFO neutron.db.ovn_revision_numbers_db [None req-d6a497d8-fe85-44a8-922e-e4109278a13b 30bd1df30e834d1984d680bded2004da 2797794bb556424690bb9caf82202ae7 - - default default] Successfully bumped revision number for resource 4134084b-b063-4e2f-a11e-b827b7583cc5 (type: security_group_rules) to 0
2026-05-21 20:46:39.574 9 INFO neutron.api.wsgi [None req-d6a497d8-fe85-44a8-922e-e4109278a13b 30bd1df30e834d1984d680bded2004da 2797794bb556424690bb9caf82202ae7 - - default default] 10.0.0.246 "POST /v2.0/security-group-rules HTTP/1.1" status: 201 len: 800 time: 0.4839988
2026-05-21 20:46:39.594 9 INFO neutron.api.wsgi [None req-0cbf5b0d-4634-4da1-a0eb-50632902de8e 30bd1df30e834d1984d680bded2004da 2797794bb556424690bb9caf82202ae7 - - default default] 10.0.0.246 "GET /v2.0/security-group-rules/4134084b-b063-4e2f-a11e-b827b7583cc5 HTTP/1.1" status: 200 len: 795 time: 0.0136645
2026-05-21 20:46:39.662 9 INFO neutron.api.wsgi [None req-f23154a5-401e-49ad-a3a6-16f401bb8b7e 30bd1df30e834d1984d680bded2004da 2797794bb556424690bb9caf82202ae7 - - default default] 10.0.0.246 "GET /v2.0/security-group-rules HTTP/1.1" status: 200 len: 4333 time: 0.0621557
2026-05-21 20:46:39.714 10 INFO neutron.db.ovn_revision_numbers_db [None req-406acd73-8ce7-4231-a68d-59680b6e8d60 914bd085bdc74d9abfb7224a641eeef2 1dd425f15d8d4e8786aeb3393bf0fc1d - - default default] Successfully bumped revision number for resource 3dae68ce-6679-4c76-b0bb-056a7dc654a6 (type: router_ports) to 1
2026-05-21 20:46:39.722 10 INFO neutron.api.wsgi [None req-406acd73-8ce7-4231-a68d-59680b6e8d60 914bd085bdc74d9abfb7224a641eeef2 1dd425f15d8d4e8786aeb3393bf0fc1d - - default default] 10.0.0.246 "PUT /v2.0/routers/c9e7f9be-b6b6-4e1a-8d65-40d56a3bde59/add_router_interface HTTP/1.1" status: 200 len: 503 time: 1.7761996
2026-05-21 20:46:39.771 9 INFO neutron.api.wsgi [None req-dc98350f-0719-4dfa-90f4-b59f2da337cb 914bd085bdc74d9abfb7224a641eeef2 1dd425f15d8d4e8786aeb3393bf0fc1d - - default default] 10.0.0.246 "GET /v2.0/ports/3dae68ce-6679-4c76-b0bb-056a7dc654a6 HTTP/1.1" status: 200 len: 1135 time: 0.0383136
2026-05-21 20:46:39.820 9 INFO neutron.api.wsgi [None req-c4d818f2-ebd1-4555-886c-c45b491e3700 914bd085bdc74d9abfb7224a641eeef2 1dd425f15d8d4e8786aeb3393bf0fc1d - - default default] 10.0.0.246 "GET /v2.0/ports/3dae68ce-6679-4c76-b0bb-056a7dc654a6 HTTP/1.1" status: 200 len: 1135 time: 0.0412784
2026-05-21 20:46:39.836 9 INFO neutron.api.wsgi [None req-31fafc3d-e0cf-49dd-92d5-a5a203a103f4 30bd1df30e834d1984d680bded2004da 2797794bb556424690bb9caf82202ae7 - - default default] 10.0.0.246 "DELETE /v2.0/security-group-rules/4134084b-b063-4e2f-a11e-b827b7583cc5 HTTP/1.1" status: 204 len: 168 time: 0.1666026
2026-05-21 20:46:39.899 9 INFO neutron.api.wsgi [None req-f9ca824d-c432-452c-a87a-46fe2eb579b4 30bd1df30e834d1984d680bded2004da 2797794bb556424690bb9caf82202ae7 - - default default] 10.0.0.246 "GET /v2.0/security-group-rules HTTP/1.1" status: 200 len: 3755 time: 0.0573657
2026-05-21 20:46:39.910 9 WARNING neutron_lib.context [None req-1d5d6a9b-c753-4d3a-bcbc-ab7998289158 30bd1df30e834d1984d680bded2004da 2797794bb556424690bb9caf82202ae7 - - default default] Method 'is_advsvc' is deprecated since 2023.2 release (neutron-lib 3.8.0) and will be removed once support for the old RBAC API policies will be removed from Neutron. Please use method 'is_service_role' instead.
2026-05-21 20:46:39.949 9 INFO neutron.db.securitygroups_db [None req-1d5d6a9b-c753-4d3a-bcbc-ab7998289158 30bd1df30e834d1984d680bded2004da 2797794bb556424690bb9caf82202ae7 - - default default] Project 2797794bb556424690bb9caf82202ae7 added a security group rule with legacy IPv6 ICMP protocol name icmp, ipv6-icmp should be used instead. It was automatically converted.
2026-05-21 20:46:40.040 9 INFO neutron.db.ovn_revision_numbers_db [None req-1d5d6a9b-c753-4d3a-bcbc-ab7998289158 30bd1df30e834d1984d680bded2004da 2797794bb556424690bb9caf82202ae7 - - default default] Successfully bumped revision number for resource 4e4e323c-4127-4b46-b845-644d8529a405 (type: security_group_rules) to 0
2026-05-21 20:46:40.087 9 INFO neutron.api.wsgi [None req-1d5d6a9b-c753-4d3a-bcbc-ab7998289158 30bd1df30e834d1984d680bded2004da 2797794bb556424690bb9caf82202ae7 - - default default] 10.0.0.246 "POST /v2.0/security-group-rules HTTP/1.1" status: 201 len: 806 time: 0.1816885
2026-05-21 20:46:40.109 9 INFO neutron.api.wsgi [None req-91c5a092-3006-4237-8515-b6d9e2806c74 30bd1df30e834d1984d680bded2004da 2797794bb556424690bb9caf82202ae7 - - default default] 10.0.0.246 "GET /v2.0/security-group-rules/4e4e323c-4127-4b46-b845-644d8529a405 HTTP/1.1" status: 200 len: 801 time: 0.0171592
2026-05-21 20:46:40.176 9 INFO neutron.api.wsgi [None req-c9f63011-b269-4f55-9ab9-419ecc3eb8bb 30bd1df30e834d1984d680bded2004da 2797794bb556424690bb9caf82202ae7 - - default default] 10.0.0.246 "GET /v2.0/security-group-rules HTTP/1.1" status: 200 len: 4339 time: 0.0618653
2026-05-21 20:46:40.298 9 INFO neutron.api.wsgi [None req-d6397da3-80ea-443c-a7c7-ccb18d1d5825 30bd1df30e834d1984d680bded2004da 2797794bb556424690bb9caf82202ae7 - - default default] 10.0.0.246 "DELETE /v2.0/security-group-rules/4e4e323c-4127-4b46-b845-644d8529a405 HTTP/1.1" status: 204 len: 168 time: 0.1170435
2026-05-21 20:46:40.370 9 INFO neutron.api.wsgi [None req-69c42799-1b61-42be-8315-513bfc634a63 30bd1df30e834d1984d680bded2004da 2797794bb556424690bb9caf82202ae7 - - default default] 10.0.0.246 "GET /v2.0/security-group-rules HTTP/1.1" status: 200 len: 3755 time: 0.0657108
2026-05-21 20:46:40.506 9 INFO neutron.api.wsgi [None req-26db4180-00f3-47fd-bc4a-5aba45b2920e 30bd1df30e834d1984d680bded2004da 2797794bb556424690bb9caf82202ae7 - - default default] 10.0.0.246 "DELETE /v2.0/security-groups/ec753cee-6cb7-4e17-8faa-e35fd52ff030 HTTP/1.1" status: 204 len: 168 time: 0.1292024
2026-05-21 20:46:40.552 9 INFO neutron.api.wsgi [None req-1d6e70b3-a814-493a-9089-5b18a98ac167 30bd1df30e834d1984d680bded2004da 2797794bb556424690bb9caf82202ae7 - - default default] 10.0.0.246 "GET /v2.0/security-groups HTTP/1.1" status: 200 len: 3120 time: 0.0404842
2026-05-21 20:46:40.595 9 INFO neutron.api.wsgi [None req-c9d33f58-13f0-490c-8e57-e296afa1db48 30bd1df30e834d1984d680bded2004da 2797794bb556424690bb9caf82202ae7 - - default default] 10.0.0.246 "GET /v2.0/security-groups HTTP/1.1" status: 200 len: 3120 time: 0.0363741
2026-05-21 20:46:40.900 9 INFO neutron.api.wsgi [None req-95d85b0c-253e-4f92-b884-b8c5238d0573 914bd085bdc74d9abfb7224a641eeef2 1dd425f15d8d4e8786aeb3393bf0fc1d - - default default] 10.0.0.246 "GET /v2.0/ports/3dae68ce-6679-4c76-b0bb-056a7dc654a6 HTTP/1.1" status: 200 len: 1135 time: 0.0736706
2026-05-21 20:46:41.442 10 INFO neutron.api.wsgi [None req-d4aec11a-908b-4111-a9b1-7ecb34c81523 61ab6293e2234a2a9de4281143ec31a0 b3f58bab78cf4d5cba90882365d00150 - - default default] 10.0.0.246 "GET /v2.0/security-groups?tenant_id=2797794bb556424690bb9caf82202ae7&name=default HTTP/1.1" status: 200 len: 3120 time: 0.2283697
2026-05-21 20:46:41.713 9 INFO neutron.api.wsgi [None req-e3958b61-c05c-4611-874a-7d8fe507555c 61ab6293e2234a2a9de4281143ec31a0 b3f58bab78cf4d5cba90882365d00150 - - default default] 10.0.0.246 "DELETE /v2.0/security-groups/b34bd225-ee4c-454b-82df-edf156b3da05 HTTP/1.1" status: 204 len: 168 time: 0.2653608
2026-05-21 20:46:41.955 9 INFO neutron.api.wsgi [None req-f10eb4e3-1ffd-4b83-9dd2-3d708026e6b0 914bd085bdc74d9abfb7224a641eeef2 1dd425f15d8d4e8786aeb3393bf0fc1d - - default default] 10.0.0.246 "GET /v2.0/ports/3dae68ce-6679-4c76-b0bb-056a7dc654a6 HTTP/1.1" status: 200 len: 1135 time: 0.0415523
2026-05-21 20:46:42.868 10 WARNING neutron.plugins.ml2.drivers.ovn.mech_driver.ovsdb.ovn_client [None req-305de74f-9985-42a6-9fb6-7b0599af1ad3 - - - - - -] No hosting information found for port 5b9c9dad-fa21-4007-9e00-9e5e6ee857bc: RuntimeError: No hosting information found for port 5b9c9dad-fa21-4007-9e00-9e5e6ee857bc
2026-05-21 20:46:42.941 10 INFO neutron.db.ovn_revision_numbers_db [None req-305de74f-9985-42a6-9fb6-7b0599af1ad3 - - - - - -] Successfully bumped revision number for resource 5b9c9dad-fa21-4007-9e00-9e5e6ee857bc (type: router_ports) to 2
2026-05-21 20:46:43.003 10 INFO neutron.plugins.ml2.drivers.ovn.mech_driver.mech_driver [None req-305de74f-9985-42a6-9fb6-7b0599af1ad3 - - - - - -] OVN reports status up for port: 3dae68ce-6679-4c76-b0bb-056a7dc654a6
2026-05-21 20:46:43.014 10 INFO neutron.plugins.ml2.plugin [None req-305de74f-9985-42a6-9fb6-7b0599af1ad3 - - - - - -] Attempt 1 to provision port 3dae68ce-6679-4c76-b0bb-056a7dc654a6
2026-05-21 20:46:43.044 10 INFO neutron.api.wsgi [None req-0febc0d4-1b18-4c14-afdf-c19a7722b8de 914bd085bdc74d9abfb7224a641eeef2 1dd425f15d8d4e8786aeb3393bf0fc1d - - default default] 10.0.0.246 "GET /v2.0/ports/3dae68ce-6679-4c76-b0bb-056a7dc654a6 HTTP/1.1" status: 200 len: 1135 time: 0.0813928
2026-05-21 20:46:43.463 10 INFO neutron.db.ovn_revision_numbers_db [None req-305de74f-9985-42a6-9fb6-7b0599af1ad3 - - - - - -] Successfully bumped revision number for resource 3dae68ce-6679-4c76-b0bb-056a7dc654a6 (type: ports) to 2
2026-05-21 20:46:43.804 9 WARNING neutron_lib.context [None req-478c4e34-065a-48ba-8ecf-9e53365e8063 8094e2fd6cb1423d8b61269bfdf0e07b 90b514427db94196966fa1f64ca6dfb2 - - default default] Method 'is_advsvc' is deprecated since 2023.2 release (neutron-lib 3.8.0) and will be removed once support for the old RBAC API policies will be removed from Neutron. Please use method 'is_service_role' instead.
2026-05-21 20:46:43.837 9 WARNING neutron_lib.context [None req-cde9c88f-8022-434b-b0c5-9da44db57c34 5a8ef5a226504997ac2d16b8f899ff4e a354f96285b74de28bd461d608274186 - - default default] Method 'is_advsvc' is deprecated since 2023.2 release (neutron-lib 3.8.0) and will be removed once support for the old RBAC API policies will be removed from Neutron. Please use method 'is_service_role' instead.
2026-05-21 20:46:43.982 9 INFO neutron.db.ovn_revision_numbers_db [None req-478c4e34-065a-48ba-8ecf-9e53365e8063 8094e2fd6cb1423d8b61269bfdf0e07b 90b514427db94196966fa1f64ca6dfb2 - - default default] Successfully bumped revision number for resource a1918cdc-8c70-4c7d-9d91-7865162a8df3 (type: security_groups) to 1
2026-05-21 20:46:44.005 9 INFO neutron.db.ovn_revision_numbers_db [None req-478c4e34-065a-48ba-8ecf-9e53365e8063 8094e2fd6cb1423d8b61269bfdf0e07b 90b514427db94196966fa1f64ca6dfb2 - - default default] Successfully bumped revision number for resource 0f9050aa-06da-4dde-ab5e-a94fac7fe10f (type: security_group_rules) to 0
2026-05-21 20:46:44.011 9 INFO neutron.db.ovn_revision_numbers_db [None req-cde9c88f-8022-434b-b0c5-9da44db57c34 5a8ef5a226504997ac2d16b8f899ff4e a354f96285b74de28bd461d608274186 - - default default] Successfully bumped revision number for resource 793dc434-f22a-4aad-89dc-9de710ca04b6 (type: security_groups) to 1
2026-05-21 20:46:44.019 9 INFO neutron.db.ovn_revision_numbers_db [None req-478c4e34-065a-48ba-8ecf-9e53365e8063 8094e2fd6cb1423d8b61269bfdf0e07b 90b514427db94196966fa1f64ca6dfb2 - - default default] Successfully bumped revision number for resource 527acdff-becf-4c92-8d94-4a4423cfe8d3 (type: security_group_rules) to 0
2026-05-21 20:46:44.024 9 INFO neutron.db.ovn_revision_numbers_db [None req-cde9c88f-8022-434b-b0c5-9da44db57c34 5a8ef5a226504997ac2d16b8f899ff4e a354f96285b74de28bd461d608274186 - - default default] Successfully bumped revision number for resource 0a77105e-40eb-423e-b778-d702df40048e (type: security_group_rules) to 0
2026-05-21 20:46:44.032 9 INFO neutron.db.ovn_revision_numbers_db [None req-478c4e34-065a-48ba-8ecf-9e53365e8063 8094e2fd6cb1423d8b61269bfdf0e07b 90b514427db94196966fa1f64ca6dfb2 - - default default] Successfully bumped revision number for resource a07f1633-764e-4b42-b020-7aa37aafa7af (type: security_group_rules) to 0
2026-05-21 20:46:44.036 9 INFO neutron.db.ovn_revision_numbers_db [None req-cde9c88f-8022-434b-b0c5-9da44db57c34 5a8ef5a226504997ac2d16b8f899ff4e a354f96285b74de28bd461d608274186 - - default default] Successfully bumped revision number for resource 31a2b251-c77b-405c-b6a2-7337ff7fca1d (type: security_group_rules) to 0
2026-05-21 20:46:44.045 9 INFO neutron.db.ovn_revision_numbers_db [None req-478c4e34-065a-48ba-8ecf-9e53365e8063 8094e2fd6cb1423d8b61269bfdf0e07b 90b514427db94196966fa1f64ca6dfb2 - - default default] Successfully bumped revision number for resource d65f36a1-11da-42d0-b5a1-0a534ee405ba (type: security_group_rules) to 0
2026-05-21 20:46:44.088 9 INFO neutron.db.ovn_revision_numbers_db [None req-cde9c88f-8022-434b-b0c5-9da44db57c34 5a8ef5a226504997ac2d16b8f899ff4e a354f96285b74de28bd461d608274186 - - default default] Successfully bumped revision number for resource 75d7f8f7-8503-4340-9cb6-79fc3fd37140 (type: security_group_rules) to 0
2026-05-21 20:46:44.116 9 INFO neutron.api.wsgi [None req-f1bda816-2a9d-4bbf-905a-602b7f4c427a 914bd085bdc74d9abfb7224a641eeef2 1dd425f15d8d4e8786aeb3393bf0fc1d - - default default] 10.0.0.246 "GET /v2.0/ports/3dae68ce-6679-4c76-b0bb-056a7dc654a6 HTTP/1.1" status: 200 len: 1137 time: 0.0577090
2026-05-21 20:46:44.119 9 INFO neutron.db.ovn_revision_numbers_db [None req-cde9c88f-8022-434b-b0c5-9da44db57c34 5a8ef5a226504997ac2d16b8f899ff4e a354f96285b74de28bd461d608274186 - - default default] Successfully bumped revision number for resource 883e9633-2f3a-4a60-9bdf-d561caf8f900 (type: security_group_rules) to 0
2026-05-21 20:46:44.224 9 INFO neutron.db.ovn_revision_numbers_db [None req-478c4e34-065a-48ba-8ecf-9e53365e8063 8094e2fd6cb1423d8b61269bfdf0e07b 90b514427db94196966fa1f64ca6dfb2 - - default default] Successfully bumped revision number for resource aa3bb749-d2ae-493c-af83-3d5c0b42fe84 (type: security_groups) to 1
2026-05-21 20:46:44.241 9 INFO neutron.db.ovn_revision_numbers_db [None req-478c4e34-065a-48ba-8ecf-9e53365e8063 8094e2fd6cb1423d8b61269bfdf0e07b 90b514427db94196966fa1f64ca6dfb2 - - default default] Successfully bumped revision number for resource 9b74807c-343b-4724-8ddd-bdb91fbd9ca6 (type: security_group_rules) to 0
2026-05-21 20:46:44.256 9 INFO neutron.db.ovn_revision_numbers_db [None req-478c4e34-065a-48ba-8ecf-9e53365e8063 8094e2fd6cb1423d8b61269bfdf0e07b 90b514427db94196966fa1f64ca6dfb2 - - default default] Successfully bumped revision number for resource c8476075-2121-4d3c-87e1-462505f14dc9 (type: security_group_rules) to 0
2026-05-21 20:46:44.277 9 INFO neutron.db.ovn_revision_numbers_db [None req-cde9c88f-8022-434b-b0c5-9da44db57c34 5a8ef5a226504997ac2d16b8f899ff4e a354f96285b74de28bd461d608274186 - - default default] Successfully bumped revision number for resource e234628f-34ff-49e6-b311-83d15b9cb7d4 (type: security_groups) to 1
2026-05-21 20:46:44.295 9 INFO neutron.api.wsgi [None req-478c4e34-065a-48ba-8ecf-9e53365e8063 8094e2fd6cb1423d8b61269bfdf0e07b 90b514427db94196966fa1f64ca6dfb2 - - default default] 10.0.0.246 "POST /v2.0/security-groups HTTP/1.1" status: 201 len: 1801 time: 0.7686877
2026-05-21 20:46:44.305 9 INFO neutron.db.ovn_revision_numbers_db [None req-cde9c88f-8022-434b-b0c5-9da44db57c34 5a8ef5a226504997ac2d16b8f899ff4e a354f96285b74de28bd461d608274186 - - default default] Successfully bumped revision number for resource 2059fd69-9745-496b-9950-d5c42dc85904 (type: security_group_rules) to 0
2026-05-21 20:46:44.305 10 WARNING neutron_lib.context [None req-fe1edf96-0e89-48d7-83ad-2d5eb4737098 8094e2fd6cb1423d8b61269bfdf0e07b 90b514427db94196966fa1f64ca6dfb2 - - default default] Method 'is_advsvc' is deprecated since 2023.2 release (neutron-lib 3.8.0) and will be removed once support for the old RBAC API policies will be removed from Neutron. Please use method 'is_service_role' instead.
2026-05-21 20:46:44.322 9 INFO neutron.db.ovn_revision_numbers_db [None req-cde9c88f-8022-434b-b0c5-9da44db57c34 5a8ef5a226504997ac2d16b8f899ff4e a354f96285b74de28bd461d608274186 - - default default] Successfully bumped revision number for resource 98571afc-91d6-4bc8-a0e7-5216c55271ba (type: security_group_rules) to 0
2026-05-21 20:46:44.365 9 INFO neutron.api.wsgi [None req-cde9c88f-8022-434b-b0c5-9da44db57c34 5a8ef5a226504997ac2d16b8f899ff4e a354f96285b74de28bd461d608274186 - - default default] 10.0.0.246 "POST /v2.0/security-groups HTTP/1.1" status: 201 len: 1825 time: 0.6805434
2026-05-21 20:46:44.405 9 INFO neutron.api.wsgi [None req-d3abb0a4-fc0c-4539-82cb-38508456ef10 5a8ef5a226504997ac2d16b8f899ff4e a354f96285b74de28bd461d608274186 - - default default] 10.0.0.246 "GET /v2.0/security-groups HTTP/1.1" status: 200 len: 4725 time: 0.0350475
2026-05-21 20:46:44.474 10 INFO neutron.db.ovn_revision_numbers_db [None req-fe1edf96-0e89-48d7-83ad-2d5eb4737098 8094e2fd6cb1423d8b61269bfdf0e07b 90b514427db94196966fa1f64ca6dfb2 - - default default] Successfully bumped revision number for resource 64e116ac-0263-43f4-889e-de2ff4b82f55 (type: security_groups) to 1
2026-05-21 20:46:44.490 9 INFO neutron.db.ovn_revision_numbers_db [None req-59f7f9d8-9de6-4b15-b124-ecb402393fca 5a8ef5a226504997ac2d16b8f899ff4e a354f96285b74de28bd461d608274186 - - default default] Successfully bumped revision number for resource e234628f-34ff-49e6-b311-83d15b9cb7d4 (type: security_groups) to 2
2026-05-21 20:46:44.492 10 INFO neutron.db.ovn_revision_numbers_db [None req-fe1edf96-0e89-48d7-83ad-2d5eb4737098 8094e2fd6cb1423d8b61269bfdf0e07b 90b514427db94196966fa1f64ca6dfb2 - - default default] Successfully bumped revision number for resource a4de9e28-0f5c-4462-80f4-0be44fd1f500 (type: security_group_rules) to 0
2026-05-21 20:46:44.511 9 INFO neutron.api.wsgi [None req-59f7f9d8-9de6-4b15-b124-ecb402393fca 5a8ef5a226504997ac2d16b8f899ff4e a354f96285b74de28bd461d608274186 - - default default] 10.0.0.246 "PUT /v2.0/security-groups/e234628f-34ff-49e6-b311-83d15b9cb7d4 HTTP/1.1" status: 200 len: 1859 time: 0.1006072
2026-05-21 20:46:44.517 10 INFO neutron.db.ovn_revision_numbers_db [None req-fe1edf96-0e89-48d7-83ad-2d5eb4737098 8094e2fd6cb1423d8b61269bfdf0e07b 90b514427db94196966fa1f64ca6dfb2 - - default default] Successfully bumped revision number for resource d62e5403-742e-4fd7-a0d9-2f7cf84ae3a4 (type: security_group_rules) to 0
2026-05-21 20:46:44.546 9 INFO neutron.api.wsgi [None req-b4e4bbf7-7654-47f6-a85c-10968df071ad 5a8ef5a226504997ac2d16b8f899ff4e a354f96285b74de28bd461d608274186 - - default default] 10.0.0.246 "GET /v2.0/security-groups/e234628f-34ff-49e6-b311-83d15b9cb7d4 HTTP/1.1" status: 200 len: 1859 time: 0.0287349
2026-05-21 20:46:44.570 10 INFO neutron.api.wsgi [None req-fe1edf96-0e89-48d7-83ad-2d5eb4737098 8094e2fd6cb1423d8b61269bfdf0e07b 90b514427db94196966fa1f64ca6dfb2 - - default default] 10.0.0.246 "POST /v2.0/security-groups HTTP/1.1" status: 201 len: 1801 time: 0.2682712
2026-05-21 20:46:44.583 10 WARNING neutron_lib.context [None req-e43a9925-6b6c-4bd7-a66a-55ad90b26c67 8094e2fd6cb1423d8b61269bfdf0e07b 90b514427db94196966fa1f64ca6dfb2 - - default default] Method 'is_advsvc' is deprecated since 2023.2 release (neutron-lib 3.8.0) and will be removed once support for the old RBAC API policies will be removed from Neutron. Please use method 'is_service_role' instead.
2026-05-21 20:46:44.765 10 INFO neutron.api.wsgi [None req-0a6f0993-bfa5-40c8-bc01-434a9d289c26 5a8ef5a226504997ac2d16b8f899ff4e a354f96285b74de28bd461d608274186 - - default default] 10.0.0.246 "DELETE /v2.0/security-groups/e234628f-34ff-49e6-b311-83d15b9cb7d4 HTTP/1.1" status: 204 len: 168 time: 0.2134926
2026-05-21 20:46:44.771 10 INFO neutron.db.ovn_revision_numbers_db [None req-e43a9925-6b6c-4bd7-a66a-55ad90b26c67 8094e2fd6cb1423d8b61269bfdf0e07b 90b514427db94196966fa1f64ca6dfb2 - - default default] Successfully bumped revision number for resource 1524e7cd-b5d1-4e99-b348-06c087f80c4b (type: security_groups) to 1
2026-05-21 20:46:44.815 10 INFO neutron.db.ovn_revision_numbers_db [None req-e43a9925-6b6c-4bd7-a66a-55ad90b26c67 8094e2fd6cb1423d8b61269bfdf0e07b 90b514427db94196966fa1f64ca6dfb2 - - default default] Successfully bumped revision number for resource a2be5898-726e-4ef5-be7b-09ccfb76c494 (type: security_group_rules) to 0
2026-05-21 20:46:44.825 9 INFO neutron.api.wsgi [None req-609a12f6-0310-4476-860a-0efe60af7be9 5a8ef5a226504997ac2d16b8f899ff4e a354f96285b74de28bd461d608274186 - - default default] 10.0.0.246 "GET /v2.0/security-groups HTTP/1.1" status: 200 len: 3120 time: 0.0533769
2026-05-21 20:46:44.841 10 INFO neutron.db.ovn_revision_numbers_db [None req-e43a9925-6b6c-4bd7-a66a-55ad90b26c67 8094e2fd6cb1423d8b61269bfdf0e07b 90b514427db94196966fa1f64ca6dfb2 - - default default] Successfully bumped revision number for resource dedb48fe-2c07-45be-8d79-b3666ab0adc1 (type: security_group_rules) to 0
2026-05-21 20:46:44.846 9 INFO neutron.api.v2.resource [None req-082af960-75e9-4a14-817f-a27e0242dae5 5a8ef5a226504997ac2d16b8f899ff4e a354f96285b74de28bd461d608274186 - - default default] delete failed (client error): The resource could not be found.
2026-05-21 20:46:44.847 9 INFO neutron.api.wsgi [None req-082af960-75e9-4a14-817f-a27e0242dae5 5a8ef5a226504997ac2d16b8f899ff4e a354f96285b74de28bd461d608274186 - - default default] 10.0.0.246 "DELETE /v2.0/security-groups/e234628f-34ff-49e6-b311-83d15b9cb7d4 HTTP/1.1" status: 404 len: 347 time: 0.0147574
2026-05-21 20:46:44.873 9 WARNING neutron_lib.context [None req-03cee11e-ba39-4639-afc9-3d01a301a160 5a8ef5a226504997ac2d16b8f899ff4e a354f96285b74de28bd461d608274186 - - default default] Method 'is_advsvc' is deprecated since 2023.2 release (neutron-lib 3.8.0) and will be removed once support for the old RBAC API policies will be removed from Neutron. Please use method 'is_service_role' instead.
2026-05-21 20:46:44.937 10 INFO neutron.api.wsgi [None req-e43a9925-6b6c-4bd7-a66a-55ad90b26c67 8094e2fd6cb1423d8b61269bfdf0e07b 90b514427db94196966fa1f64ca6dfb2 - - default default] 10.0.0.246 "POST /v2.0/security-groups HTTP/1.1" status: 201 len: 1801 time: 0.3608069
2026-05-21 20:46:44.950 9 WARNING neutron_lib.context [None req-3f1d2c65-86b6-40f8-942d-219e4c618676 8094e2fd6cb1423d8b61269bfdf0e07b 90b514427db94196966fa1f64ca6dfb2 - - default default] Method 'is_advsvc' is deprecated since 2023.2 release (neutron-lib 3.8.0) and will be removed once support for the old RBAC API policies will be removed from Neutron. Please use method 'is_service_role' instead.
2026-05-21 20:46:45.022 9 INFO neutron.db.ovn_revision_numbers_db [None req-03cee11e-ba39-4639-afc9-3d01a301a160 5a8ef5a226504997ac2d16b8f899ff4e a354f96285b74de28bd461d608274186 - - default default] Successfully bumped revision number for resource ef0c6d1b-315f-4f74-a01a-39d98a13ce40 (type: security_groups) to 1
2026-05-21 20:46:45.032 10 INFO neutron.api.wsgi [None req-4312ff60-7772-4413-b142-965d9ff21918 914bd085bdc74d9abfb7224a641eeef2 1dd425f15d8d4e8786aeb3393bf0fc1d - - default default] 10.0.0.246 "PUT /v2.0/routers/c9e7f9be-b6b6-4e1a-8d65-40d56a3bde59/remove_router_interface HTTP/1.1" status: 200 len: 503 time: 0.9066370
2026-05-21 20:46:45.058 9 INFO neutron.db.ovn_revision_numbers_db [None req-03cee11e-ba39-4639-afc9-3d01a301a160 5a8ef5a226504997ac2d16b8f899ff4e a354f96285b74de28bd461d608274186 - - default default] Successfully bumped revision number for resource 070bd375-4e11-479d-8e10-1424b06de3c0 (type: security_group_rules) to 0
2026-05-21 20:46:45.084 9 INFO neutron.db.ovn_revision_numbers_db [None req-03cee11e-ba39-4639-afc9-3d01a301a160 5a8ef5a226504997ac2d16b8f899ff4e a354f96285b74de28bd461d608274186 - - default default] Successfully bumped revision number for resource 88210024-56a9-40aa-85db-72f750efab83 (type: security_group_rules) to 0
2026-05-21 20:46:45.136 9 INFO neutron.db.ovn_revision_numbers_db [None req-3f1d2c65-86b6-40f8-942d-219e4c618676 8094e2fd6cb1423d8b61269bfdf0e07b 90b514427db94196966fa1f64ca6dfb2 - - default default] Successfully bumped revision number for resource d2f5ea6f-0e0e-42e9-911d-030ae664094a (type: security_groups) to 1
2026-05-21 20:46:45.155 9 INFO neutron.api.wsgi [None req-03cee11e-ba39-4639-afc9-3d01a301a160 5a8ef5a226504997ac2d16b8f899ff4e a354f96285b74de28bd461d608274186 - - default default] 10.0.0.246 "POST /v2.0/security-groups HTTP/1.1" status: 201 len: 1824 time: 0.2936804 /var/lib/openstack/lib/python3.12/site-packages/pycadf/identifier.py:71: UserWarning: Invalid uuid: neutron. To ensure interoperability, identifiers should be a valid uuid. warnings.warn(('Invalid uuid: %s. To ensure interoperability, '
2026-05-21 20:46:45.171 10 WARNING neutron_lib.context [None req-d916b0fa-20ec-441f-8e5a-3e2ad3288202 5a8ef5a226504997ac2d16b8f899ff4e a354f96285b74de28bd461d608274186 - - default default] Method 'is_advsvc' is deprecated since 2023.2 release (neutron-lib 3.8.0) and will be removed once support for the old RBAC API policies will be removed from Neutron. Please use method 'is_service_role' instead.
2026-05-21 20:46:45.175 9 INFO neutron.api.wsgi [None req-b08c7fcf-1e38-47fa-bee0-bb97ab99b0ee 914bd085bdc74d9abfb7224a641eeef2 1dd425f15d8d4e8786aeb3393bf0fc1d - - default default] 10.0.0.246 "GET /v2.0/ports/5b9c9dad-fa21-4007-9e00-9e5e6ee857bc HTTP/1.1" status: 200 len: 1137 time: 0.1364396
2026-05-21 20:46:45.176 9 INFO neutron.db.ovn_revision_numbers_db [None req-3f1d2c65-86b6-40f8-942d-219e4c618676 8094e2fd6cb1423d8b61269bfdf0e07b 90b514427db94196966fa1f64ca6dfb2 - - default default] Successfully bumped revision number for resource dbdf6dd1-a6db-4e4a-8a5a-ed643ad5faea (type: security_group_rules) to 0
2026-05-21 20:46:45.197 9 INFO neutron.db.ovn_revision_numbers_db [None req-3f1d2c65-86b6-40f8-942d-219e4c618676 8094e2fd6cb1423d8b61269bfdf0e07b 90b514427db94196966fa1f64ca6dfb2 - - default default] Successfully bumped revision number for resource f7c4561e-54ef-4b82-a1e2-0dab9c080c33 (type: security_group_rules) to 0
2026-05-21 20:46:45.263 9 INFO neutron.api.wsgi [None req-3f1d2c65-86b6-40f8-942d-219e4c618676 8094e2fd6cb1423d8b61269bfdf0e07b 90b514427db94196966fa1f64ca6dfb2 - - default default] 10.0.0.246 "POST /v2.0/security-groups HTTP/1.1" status: 201 len: 1801 time: 0.3194644
2026-05-21 20:46:45.279 9 WARNING neutron_lib.context [None req-d59e4281-faa7-44c6-b8fb-90f3c7d76859 8094e2fd6cb1423d8b61269bfdf0e07b 90b514427db94196966fa1f64ca6dfb2 - - default default] Method 'is_advsvc' is deprecated since 2023.2 release (neutron-lib 3.8.0) and will be removed once support for the old RBAC API policies will be removed from Neutron. Please use method 'is_service_role' instead.
2026-05-21 20:46:45.443 10 INFO neutron.db.ovn_revision_numbers_db [None req-d916b0fa-20ec-441f-8e5a-3e2ad3288202 5a8ef5a226504997ac2d16b8f899ff4e a354f96285b74de28bd461d608274186 - - default default] Successfully bumped revision number for resource 42a5ce6d-08e8-4764-93c3-0241bafb6a4c (type: security_group_rules) to 0
2026-05-21 20:46:45.453 9 INFO neutron.db.ovn_revision_numbers_db [None req-d59e4281-faa7-44c6-b8fb-90f3c7d76859 8094e2fd6cb1423d8b61269bfdf0e07b 90b514427db94196966fa1f64ca6dfb2 - - default default] Successfully bumped revision number for resource 423e5b3f-b2f0-4aea-8cbc-af6df6dae8a9 (type: security_groups) to 1
2026-05-21 20:46:45.469 9 INFO neutron.db.ovn_revision_numbers_db [None req-d59e4281-faa7-44c6-b8fb-90f3c7d76859 8094e2fd6cb1423d8b61269bfdf0e07b 90b514427db94196966fa1f64ca6dfb2 - - default default] Successfully bumped revision number for resource 1efd6b50-69b8-491a-a09f-cb56c7fee25a (type: security_group_rules) to 0
2026-05-21 20:46:45.487 9 INFO neutron.db.ovn_revision_numbers_db [None req-d59e4281-faa7-44c6-b8fb-90f3c7d76859 8094e2fd6cb1423d8b61269bfdf0e07b 90b514427db94196966fa1f64ca6dfb2 - - default default] Successfully bumped revision number for resource 664c39fc-141c-4425-b838-b324837a4f2b (type: security_group_rules) to 0
2026-05-21 20:46:45.499 10 INFO neutron.api.wsgi [None req-d916b0fa-20ec-441f-8e5a-3e2ad3288202 5a8ef5a226504997ac2d16b8f899ff4e a354f96285b74de28bd461d608274186 - - default default] 10.0.0.246 "POST /v2.0/security-group-rules HTTP/1.1" status: 201 len: 800 time: 0.3349175
2026-05-21 20:46:45.533 9 INFO neutron.api.wsgi [None req-d59e4281-faa7-44c6-b8fb-90f3c7d76859 8094e2fd6cb1423d8b61269bfdf0e07b 90b514427db94196966fa1f64ca6dfb2 - - default default] 10.0.0.246 "POST /v2.0/security-groups HTTP/1.1" status: 201 len: 1801 time: 0.2600975
2026-05-21 20:46:45.554 9 INFO neutron.api.wsgi [None req-5e57a30b-c381-4b9d-b6b3-242df7d22d46 5a8ef5a226504997ac2d16b8f899ff4e a354f96285b74de28bd461d608274186 - - default default] 10.0.0.246 "GET /v2.0/security-group-rules/42a5ce6d-08e8-4764-93c3-0241bafb6a4c HTTP/1.1" status: 200 len: 795 time: 0.0452924
2026-05-21 20:46:45.581 9 INFO neutron.api.wsgi [None req-8b4ee183-b2d4-4f90-8dc7-71726384f83f 8094e2fd6cb1423d8b61269bfdf0e07b 90b514427db94196966fa1f64ca6dfb2 - - default default] 10.0.0.246 "PUT /v2.0/security-groups/aa3bb749-d2ae-493c-af83-3d5c0b42fe84/tags HTTP/1.1" status: 200 len: 210 time: 0.0424986
2026-05-21 20:46:45.619 9 INFO neutron.api.wsgi [None req-b3a91720-0dd7-4a3b-9eeb-8288b491c152 8094e2fd6cb1423d8b61269bfdf0e07b 90b514427db94196966fa1f64ca6dfb2 - - default default] 10.0.0.246 "PUT /v2.0/security-groups/64e116ac-0263-43f4-889e-de2ff4b82f55/tags HTTP/1.1" status: 200 len: 218 time: 0.0328348
2026-05-21 20:46:45.663 9 INFO neutron.api.wsgi [None req-cacec3bf-7bc3-4b17-aa6b-2ad32b6380d8 8094e2fd6cb1423d8b61269bfdf0e07b 90b514427db94196966fa1f64ca6dfb2 - - default default] 10.0.0.246 "PUT /v2.0/security-groups/1524e7cd-b5d1-4e99-b348-06c087f80c4b/tags HTTP/1.1" status: 200 len: 227 time: 0.0375707
2026-05-21 20:46:45.669 10 INFO neutron.api.wsgi [None req-80864d24-b90c-41fa-89f6-5bc3e47b88f0 5a8ef5a226504997ac2d16b8f899ff4e a354f96285b74de28bd461d608274186 - - default default] 10.0.0.246 "GET /v2.0/security-group-rules HTTP/1.1" status: 200 len: 4333 time: 0.1081469
2026-05-21 20:46:45.714 9 INFO neutron.api.wsgi [None req-461ffaa8-d18a-432e-885c-6531a9f24764 8094e2fd6cb1423d8b61269bfdf0e07b 90b514427db94196966fa1f64ca6dfb2 - - default default] 10.0.0.246 "PUT /v2.0/security-groups/d2f5ea6f-0e0e-42e9-911d-030ae664094a/tags HTTP/1.1" status: 200 len: 212 time: 0.0454836
2026-05-21 20:46:45.777 9 INFO neutron.api.wsgi [None req-08717e4f-3977-4629-be95-d5b49dde8f93 8094e2fd6cb1423d8b61269bfdf0e07b 90b514427db94196966fa1f64ca6dfb2 - - default default] 10.0.0.246 "GET /v2.0/security-groups?tags=red HTTP/1.1" status: 200 len: 4999 time: 0.0570261
2026-05-21 20:46:45.840 10 INFO neutron.api.wsgi [None req-a0612215-f313-437d-a839-6ac5dba9d90b 8094e2fd6cb1423d8b61269bfdf0e07b 90b514427db94196966fa1f64ca6dfb2 - - default default] 10.0.0.246 "GET /v2.0/security-groups?tags=red%2Cblue HTTP/1.1" status: 200 len: 3413 time: 0.0572371
2026-05-21 20:46:45.840 9 INFO neutron.api.wsgi [None req-97e12921-bdc2-425c-a1b5-486bca2344b9 5a8ef5a226504997ac2d16b8f899ff4e a354f96285b74de28bd461d608274186 - - default default] 10.0.0.246 "DELETE /v2.0/security-group-rules/42a5ce6d-08e8-4764-93c3-0241bafb6a4c HTTP/1.1" status: 204 len: 168 time: 0.1561432
2026-05-21 20:46:45.908 10 INFO neutron.api.wsgi [None req-9ef6910e-5564-44b2-adf6-54ba98cb0d4f 8094e2fd6cb1423d8b61269bfdf0e07b 90b514427db94196966fa1f64ca6dfb2 - - default default] 10.0.0.246 "GET /v2.0/security-groups?tags-any=blue HTTP/1.1" status: 200 len: 3413 time: 0.0616803
2026-05-21 20:46:45.943 9 INFO neutron.api.wsgi [None req-6f534e57-8a6d-4b2f-a29c-4ee5cf472146 5a8ef5a226504997ac2d16b8f899ff4e a354f96285b74de28bd461d608274186 - - default default] 10.0.0.246 "GET /v2.0/security-group-rules HTTP/1.1" status: 200 len: 3755 time: 0.0979033
2026-05-21 20:46:45.954 9 WARNING neutron_lib.context [None req-93e98d93-7f7a-467d-97e6-27fc3542812d 5a8ef5a226504997ac2d16b8f899ff4e a354f96285b74de28bd461d608274186 - - default default] Method 'is_advsvc' is deprecated since 2023.2 release (neutron-lib 3.8.0) and will be removed once support for the old RBAC API policies will be removed from Neutron. Please use method 'is_service_role' instead.
2026-05-21 20:46:45.979 9 INFO neutron.api.wsgi [None req-74e17c55-f768-40ed-ab92-011c88570ee1 8094e2fd6cb1423d8b61269bfdf0e07b 90b514427db94196966fa1f64ca6dfb2 - - default default] 10.0.0.246 "GET /v2.0/security-groups?tags-any=red%2Cblue HTTP/1.1" status: 200 len: 4999 time: 0.0592575
2026-05-21 20:46:46.038 10 INFO neutron.api.wsgi [None req-f740b620-0256-48c3-b8ea-6ac90a5a731e 914bd085bdc74d9abfb7224a641eeef2 1dd425f15d8d4e8786aeb3393bf0fc1d - - default default] 10.0.0.246 "PUT /v2.0/routers/c9e7f9be-b6b6-4e1a-8d65-40d56a3bde59/remove_router_interface HTTP/1.1" status: 200 len: 503 time: 0.8568726
2026-05-21 20:46:46.074 9 INFO neutron.api.wsgi [None req-83d3c0e4-8236-4a22-b345-de966079fb0d 914bd085bdc74d9abfb7224a641eeef2 1dd425f15d8d4e8786aeb3393bf0fc1d - - default default] 10.0.0.246 "GET /v2.0/ports?device_id=c9e7f9be-b6b6-4e1a-8d65-40d56a3bde59 HTTP/1.1" status: 200 len: 205 time: 0.0298769
2026-05-21 20:46:46.092 10 INFO neutron.api.wsgi [None req-f4e8e876-fe71-40ea-a0fe-45e949d9cf57 8094e2fd6cb1423d8b61269bfdf0e07b 90b514427db94196966fa1f64ca6dfb2 - - default default] 10.0.0.246 "GET /v2.0/security-groups?not-tags=red HTTP/1.1" status: 200 len: 6289 time: 0.1064324 /var/lib/openstack/lib/python3.12/site-packages/pycadf/identifier.py:71: UserWarning: Invalid uuid: neutron. To ensure interoperability, identifiers should be a valid uuid. warnings.warn(('Invalid uuid: %s. To ensure interoperability, '
2026-05-21 20:46:46.127 9 INFO neutron.db.ovn_revision_numbers_db [None req-93e98d93-7f7a-467d-97e6-27fc3542812d 5a8ef5a226504997ac2d16b8f899ff4e a354f96285b74de28bd461d608274186 - - default default] Successfully bumped revision number for resource d85d5d58-fc43-455e-b768-4d177aca794c (type: security_group_rules) to 0
2026-05-21 20:46:46.150 10 INFO neutron.api.wsgi [None req-df5c651b-ddae-4625-ba7b-2431fff9c4d1 8094e2fd6cb1423d8b61269bfdf0e07b 90b514427db94196966fa1f64ca6dfb2 - - default default] 10.0.0.246 "GET /v2.0/security-groups?not-tags=red%2Cblue HTTP/1.1" status: 200 len: 7875 time: 0.0531123
2026-05-21 20:46:46.180 9 INFO neutron.api.wsgi [None req-93e98d93-7f7a-467d-97e6-27fc3542812d 5a8ef5a226504997ac2d16b8f899ff4e a354f96285b74de28bd461d608274186 - - default default] 10.0.0.246 "POST /v2.0/security-group-rules HTTP/1.1" status: 201 len: 800 time: 0.2310426
2026-05-21 20:46:46.208 10 INFO neutron.api.wsgi [None req-5ded94c1-5a7a-4d1f-b9d1-a25d739e4d23 5a8ef5a226504997ac2d16b8f899ff4e a354f96285b74de28bd461d608274186 - - default default] 10.0.0.246 "GET /v2.0/security-group-rules/d85d5d58-fc43-455e-b768-4d177aca794c HTTP/1.1" status: 200 len: 795 time: 0.0205195
2026-05-21 20:46:46.211 9 INFO neutron.api.wsgi [None req-bfb0b74a-0a6c-489d-b06b-84d8993e6156 8094e2fd6cb1423d8b61269bfdf0e07b 90b514427db94196966fa1f64ca6dfb2 - - default default] 10.0.0.246 "GET /v2.0/security-groups?not-tags-any=blue HTTP/1.1" status: 200 len: 7875 time: 0.0540032
2026-05-21 20:46:46.277 9 INFO neutron.api.wsgi [None req-390e5021-2919-496a-9e86-f4fd27dedf1f 8094e2fd6cb1423d8b61269bfdf0e07b 90b514427db94196966fa1f64ca6dfb2 - - default default] 10.0.0.246 "GET /v2.0/security-groups?not-tags-any=red%2Cblue HTTP/1.1" status: 200 len: 6289 time: 0.0593879
2026-05-21 20:46:46.280 10 INFO neutron.api.wsgi [None req-85a5161d-87b4-4f94-a95d-39424255992b 5a8ef5a226504997ac2d16b8f899ff4e a354f96285b74de28bd461d608274186 - - default default] 10.0.0.246 "GET /v2.0/security-group-rules HTTP/1.1" status: 200 len: 4333 time: 0.0662053
2026-05-21 20:46:46.301 9 INFO neutron.api.wsgi [None req-8d6cba04-f9c2-45dd-9afd-93bb03e7a2bd 914bd085bdc74d9abfb7224a641eeef2 1dd425f15d8d4e8786aeb3393bf0fc1d - - default default] 10.0.0.246 "DELETE /v2.0/routers/c9e7f9be-b6b6-4e1a-8d65-40d56a3bde59 HTTP/1.1" status: 204 len: 168 time: 0.2208669
2026-05-21 20:46:46.417 9 INFO neutron.api.wsgi [None req-df40e914-4edf-4740-b069-02afdabe8096 8094e2fd6cb1423d8b61269bfdf0e07b 90b514427db94196966fa1f64ca6dfb2 - - default default] 10.0.0.246 "DELETE /v2.0/security-groups/aa3bb749-d2ae-493c-af83-3d5c0b42fe84 HTTP/1.1" status: 204 len: 168 time: 0.1337185
2026-05-21 20:46:46.480 10 INFO neutron.api.wsgi [None req-57ae2a00-f375-428c-a50f-3001d0c3f1b3 5a8ef5a226504997ac2d16b8f899ff4e a354f96285b74de28bd461d608274186 - - default default] 10.0.0.246 "DELETE /v2.0/security-group-rules/d85d5d58-fc43-455e-b768-4d177aca794c HTTP/1.1" status: 204 len: 168 time: 0.1937327
2026-05-21 20:46:46.521 10 INFO neutron.api.wsgi [None req-8ddebab4-1e14-4709-a74a-afeeaf42dc97 914bd085bdc74d9abfb7224a641eeef2 1dd425f15d8d4e8786aeb3393bf0fc1d - - default default] 10.0.0.246 "DELETE /v2.0/subnets/4168567b-08de-4e1a-961c-cfa611911a61 HTTP/1.1" status: 204 len: 168 time: 0.2125657
2026-05-21 20:46:46.570 9 INFO neutron.api.wsgi [None req-8131484f-4e4d-4cb4-a716-7a4e03a76045 5a8ef5a226504997ac2d16b8f899ff4e a354f96285b74de28bd461d608274186 - - default default] 10.0.0.246 "GET /v2.0/security-group-rules HTTP/1.1" status: 200 len: 3755 time: 0.0845332
2026-05-21 20:46:46.585 10 WARNING neutron_lib.context [None req-ef366200-067e-4cdc-8c34-6e1a0ea187e2 5a8ef5a226504997ac2d16b8f899ff4e a354f96285b74de28bd461d608274186 - - default default] Method 'is_advsvc' is deprecated since 2023.2 release (neutron-lib 3.8.0) and will be removed once support for the old RBAC API policies will be removed from Neutron. Please use method 'is_service_role' instead.
2026-05-21 20:46:46.602 9 INFO neutron.api.wsgi [None req-bbf60e76-cb0a-4e40-8776-ed68cff10657 8094e2fd6cb1423d8b61269bfdf0e07b 90b514427db94196966fa1f64ca6dfb2 - - default default] 10.0.0.246 "DELETE /v2.0/security-groups/64e116ac-0263-43f4-889e-de2ff4b82f55 HTTP/1.1" status: 204 len: 168 time: 0.1775453
2026-05-21 20:46:46.748 10 INFO neutron.db.ovn_revision_numbers_db [None req-ef366200-067e-4cdc-8c34-6e1a0ea187e2 5a8ef5a226504997ac2d16b8f899ff4e a354f96285b74de28bd461d608274186 - - default default] Successfully bumped revision number for resource 3c38291b-4bb7-4fc1-8c81-220d385e9051 (type: security_group_rules) to 0
2026-05-21 20:46:46.754 10 INFO neutron.api.wsgi [None req-d74cacd7-0d32-471d-8914-0e23f39865da 8094e2fd6cb1423d8b61269bfdf0e07b 90b514427db94196966fa1f64ca6dfb2 - - default default] 10.0.0.246 "DELETE /v2.0/security-groups/1524e7cd-b5d1-4e99-b348-06c087f80c4b HTTP/1.1" status: 204 len: 168 time: 0.1459312
2026-05-21 20:46:46.756 9 INFO neutron.api.wsgi [None req-8067dea6-4150-4a82-8d56-25bfddb20ed2 914bd085bdc74d9abfb7224a641eeef2 1dd425f15d8d4e8786aeb3393bf0fc1d - - default default] 10.0.0.246 "DELETE /v2.0/subnets/9e593b64-f1bb-459a-8682-3033e4e94df0 HTTP/1.1" status: 204 len: 168 time: 0.2303400
2026-05-21 20:46:46.809 10 INFO neutron.api.wsgi [None req-ef366200-067e-4cdc-8c34-6e1a0ea187e2 5a8ef5a226504997ac2d16b8f899ff4e a354f96285b74de28bd461d608274186 - - default default] 10.0.0.246 "POST /v2.0/security-group-rules HTTP/1.1" status: 201 len: 801 time: 0.2311652
2026-05-21 20:46:46.842 10 INFO neutron.api.wsgi [None req-7ac11844-0a02-41ec-a825-1fceb1d59b2d 5a8ef5a226504997ac2d16b8f899ff4e a354f96285b74de28bd461d608274186 - - default default] 10.0.0.246 "GET /v2.0/security-group-rules/3c38291b-4bb7-4fc1-8c81-220d385e9051 HTTP/1.1" status: 200 len: 796 time: 0.0238566
2026-05-21 20:46:46.904 10 INFO neutron.api.wsgi [None req-da183e76-f427-4c11-a70f-a0ec988c878a 8094e2fd6cb1423d8b61269bfdf0e07b 90b514427db94196966fa1f64ca6dfb2 - - default default] 10.0.0.246 "DELETE /v2.0/security-groups/d2f5ea6f-0e0e-42e9-911d-030ae664094a HTTP/1.1" status: 204 len: 168 time: 0.1456060
2026-05-21 20:46:46.937 9 INFO neutron.api.wsgi [None req-a8c97d88-f0a6-4735-9e69-1e9d362fcf3a 5a8ef5a226504997ac2d16b8f899ff4e a354f96285b74de28bd461d608274186 - - default default] 10.0.0.246 "GET /v2.0/security-group-rules HTTP/1.1" status: 200 len: 4334 time: 0.0804665
