2026-05-21 20:45:46.647 10 INFO neutron.services.segments.plugin [-] Segment dae6684e-2956-4085-b574-1fc895b846d7 resource provider aggregate not found
2026-05-21 20:45:46.665 10 INFO neutron.services.segments.plugin [-] Segment dae6684e-2956-4085-b574-1fc895b846d7 resource provider not found; error: Placement Client Error (4xx): {"errors": [{"status": 404, "title": "Not Found", "detail": "The resource could not be found.\n\n No resource provider with uuid dae6684e-2956-4085-b574-1fc895b846d7 found for delete ", "request_id": "req-3e12c05f-42c2-45bc-821f-65e0711eafd9"}]}
2026-05-21 20:45:46.666 10 INFO neutron.services.segments.plugin [-] Segment dae6684e-2956-4085-b574-1fc895b846d7 resource provider not found; error: Placement Client Error (4xx): {"errors": [{"status": 404, "title": "Not Found", "detail": "The resource could not be found.\n\n No resource provider with uuid dae6684e-2956-4085-b574-1fc895b846d7 found for delete ", "request_id": "req-4cc7cae3-1b91-420e-864d-d633a9d80ae0"}]}
2026-05-21 20:45:46.694 10 INFO neutron.api.wsgi [None req-9f16fdf0-9d9d-4fa3-b70a-7c08fc35dcd4 c310d653c3e34cc780cc55545c20f632 ee4a3e54630b41ccb9ca9d648993b818 - - default default] 10.0.0.246 "DELETE /v2.0/networks/d8b21ffe-9418-4367-b104-54a8016e9ebf HTTP/1.1" status: 204 len: 168 time: 0.4073024
2026-05-21 20:45:46.894 9 INFO neutron.services.segments.plugin [-] Segment 48377967-54cd-4dbb-823f-2b26e1cfb9fb resource provider aggregate not found
2026-05-21 20:45:46.900 9 INFO neutron.services.segments.plugin [-] Segment 48377967-54cd-4dbb-823f-2b26e1cfb9fb resource provider aggregate not found
2026-05-21 20:45:46.921 9 INFO neutron.services.segments.plugin [-] Segment 48377967-54cd-4dbb-823f-2b26e1cfb9fb resource provider not found; error: Placement Client Error (4xx): {"errors": [{"status": 404, "title": "Not Found", "detail": "The resource could not be found.\n\n No resource provider with uuid 48377967-54cd-4dbb-823f-2b26e1cfb9fb found for delete ", "request_id": "req-b444d97f-57a4-4302-816d-4c2e2e947d5b"}]}
2026-05-21 20:45:46.921 9 INFO neutron.services.segments.plugin [-] Segment 48377967-54cd-4dbb-823f-2b26e1cfb9fb resource provider not found; error: Placement Client Error (4xx): {"errors": [{"status": 404, "title": "Not Found", "detail": "The resource could not be found.\n\n No resource provider with uuid 48377967-54cd-4dbb-823f-2b26e1cfb9fb found for delete ", "request_id": "req-4f5db1ae-6b22-4223-aab4-44e4124a0eeb"}]}
2026-05-21 20:45:46.973 9 INFO neutron.api.wsgi [None req-f367bfdd-011a-4b75-8fa2-4beff0241991 61ab6293e2234a2a9de4281143ec31a0 b3f58bab78cf4d5cba90882365d00150 - - default default] 10.0.0.246 "DELETE /v2.0/networks/68c75b7a-6324-40ee-977a-2e21abffc5fe HTTP/1.1" status: 204 len: 168 time: 0.4604568
2026-05-21 20:45:47.164 9 INFO neutron.api.wsgi [None req-b93b3f13-62ee-4f81-bb30-e3f18483bf50 c310d653c3e34cc780cc55545c20f632 ee4a3e54630b41ccb9ca9d648993b818 - - default default] 10.0.0.246 "DELETE /v2.0/networks/2a5d8128-ee2e-4354-9e4e-2fa65fda0a63 HTTP/1.1" status: 204 len: 168 time: 0.4655013
2026-05-21 20:45:47.170 9 INFO neutron.api.wsgi [None req-a259ef25-edca-4ec5-b132-c21d1c64471f 61ab6293e2234a2a9de4281143ec31a0 b3f58bab78cf4d5cba90882365d00150 - - default default] 10.0.0.246 "GET /v2.0/security-groups?tenant_id=359913d0a8db4235b541ea12e4041a4e&name=default HTTP/1.1" status: 200 len: 3120 time: 0.0394313
2026-05-21 20:45:47.453 9 INFO neutron.api.wsgi [None req-47213652-ac9a-4921-afaa-585863d6b2f8 61ab6293e2234a2a9de4281143ec31a0 b3f58bab78cf4d5cba90882365d00150 - - default default] 10.0.0.246 "DELETE /v2.0/security-groups/39e4fea2-ad3a-4bfb-b27c-2474856b2d55 HTTP/1.1" status: 204 len: 168 time: 0.2765365
2026-05-21 20:45:47.579 10 INFO neutron.api.wsgi [None req-9e42c1de-231c-4d52-b7c9-b288f959ba3b c310d653c3e34cc780cc55545c20f632 ee4a3e54630b41ccb9ca9d648993b818 - - default default] 10.0.0.246 "DELETE /v2.0/networks/76dc9bb7-e5c3-4955-97e9-83e9ed93a918 HTTP/1.1" status: 204 len: 168 time: 0.4080894
2026-05-21 20:45:47.930 10 INFO neutron.api.wsgi [None req-1fbbe652-ba37-4d4d-b1a5-321035ecdcf3 c310d653c3e34cc780cc55545c20f632 ee4a3e54630b41ccb9ca9d648993b818 - - default default] 10.0.0.246 "DELETE /v2.0/networks/01bcfc3b-517d-4372-8e7a-db2a4e3cc62e HTTP/1.1" status: 204 len: 168 time: 0.3452578
2026-05-21 20:45:47.972 9 INFO neutron.api.wsgi [-] 10.0.0.205 "GET / HTTP/1.1" status: 200 len: 246 time: 0.0033419
2026-05-21 20:45:47.974 10 INFO neutron.api.wsgi [-] 10.0.0.205 "GET / HTTP/1.1" status: 200 len: 246 time: 0.0059271
2026-05-21 20:45:48.617 10 INFO neutron.api.wsgi [None req-25395dbd-2425-4c08-b737-827d806a2823 61ab6293e2234a2a9de4281143ec31a0 b3f58bab78cf4d5cba90882365d00150 - - default default] 10.0.0.246 "GET /v2.0/security-groups?tenant_id=ee4a3e54630b41ccb9ca9d648993b818&name=default HTTP/1.1" status: 200 len: 3120 time: 0.2264466
2026-05-21 20:45:48.686 10 INFO neutron.services.segments.plugin [-] Segment 585b730b-1293-4578-b590-a37a8151e842 resource provider aggregate not found
2026-05-21 20:45:48.705 10 INFO neutron.services.segments.plugin [-] Segment 585b730b-1293-4578-b590-a37a8151e842 resource provider aggregate not found
2026-05-21 20:45:48.711 10 INFO neutron.services.segments.plugin [-] Segment 585b730b-1293-4578-b590-a37a8151e842 resource provider not found; error: Placement Client Error (4xx): {"errors": [{"status": 404, "title": "Not Found", "detail": "The resource could not be found.\n\n No resource provider with uuid 585b730b-1293-4578-b590-a37a8151e842 found for delete ", "request_id": "req-eedf93f2-1817-4ee8-9a4e-846580975597"}]}
2026-05-21 20:45:48.733 10 INFO neutron.services.segments.plugin [-] Segment aa4ec365-154b-4411-ac38-74d4d11a3a5d resource provider aggregate not found
2026-05-21 20:45:48.745 10 INFO neutron.services.segments.plugin [-] Segment 585b730b-1293-4578-b590-a37a8151e842 resource provider not found; error: Placement Client Error (4xx): {"errors": [{"status": 404, "title": "Not Found", "detail": "The resource could not be found.\n\n No resource provider with uuid 585b730b-1293-4578-b590-a37a8151e842 found for delete ", "request_id": "req-47f56b82-129a-49ac-a25d-933e7fc90ed4"}]}
2026-05-21 20:45:48.757 10 INFO neutron.services.segments.plugin [-] Segment aa4ec365-154b-4411-ac38-74d4d11a3a5d resource provider not found; error: Placement Client Error (4xx): {"errors": [{"status": 404, "title": "Not Found", "detail": "The resource could not be found.\n\n No resource provider with uuid aa4ec365-154b-4411-ac38-74d4d11a3a5d found for delete ", "request_id": "req-5413be53-27ee-409d-be33-f079620ac9e8"}]}
2026-05-21 20:45:48.777 10 INFO neutron.services.segments.plugin [-] Segment aa4ec365-154b-4411-ac38-74d4d11a3a5d resource provider aggregate not found
2026-05-21 20:45:48.799 10 INFO neutron.services.segments.plugin [-] Segment aa4ec365-154b-4411-ac38-74d4d11a3a5d resource provider not found; error: Placement Client Error (4xx): {"errors": [{"status": 404, "title": "Not Found", "detail": "The resource could not be found.\n\n No resource provider with uuid aa4ec365-154b-4411-ac38-74d4d11a3a5d found for delete ", "request_id": "req-e5a34c23-5ad8-48b7-9e29-e77caee5fd56"}]}
2026-05-21 20:45:48.872 10 INFO neutron.db.ovn_revision_numbers_db [None req-73f9f460-8540-4497-8a53-3f6dc5634a5a 61ab6293e2234a2a9de4281143ec31a0 b3f58bab78cf4d5cba90882365d00150 - - default default] Successfully bumped revision number for resource 7c565413-9769-49bb-95e4-91cb38d0580a (type: security_groups) to 1
2026-05-21 20:45:48.891 10 INFO neutron.db.ovn_revision_numbers_db [None req-73f9f460-8540-4497-8a53-3f6dc5634a5a 61ab6293e2234a2a9de4281143ec31a0 b3f58bab78cf4d5cba90882365d00150 - - default default] Successfully bumped revision number for resource 033e3d39-bd00-41c2-9875-f7d87fa593d0 (type: security_group_rules) to 0
2026-05-21 20:45:48.908 9 INFO neutron.api.wsgi [None req-07727f88-be2e-4e26-91f2-4125b96ab87b 61ab6293e2234a2a9de4281143ec31a0 b3f58bab78cf4d5cba90882365d00150 - - default default] 10.0.0.246 "DELETE /v2.0/security-groups/f498face-792a-48a5-b240-12132bc0ec8b HTTP/1.1" status: 204 len: 168 time: 0.2826145
2026-05-21 20:45:48.918 10 INFO neutron.db.ovn_revision_numbers_db [None req-73f9f460-8540-4497-8a53-3f6dc5634a5a 61ab6293e2234a2a9de4281143ec31a0 b3f58bab78cf4d5cba90882365d00150 - - default default] Successfully bumped revision number for resource 08ffcb15-88c7-4ffb-b337-4a1bb22d7d4b (type: security_group_rules) to 0
2026-05-21 20:45:48.943 9 INFO neutron.services.segments.plugin [-] Segment 21ac3482-a1ba-45f1-b683-75007d4adb98 resource provider aggregate not found
2026-05-21 20:45:48.946 10 INFO neutron.db.ovn_revision_numbers_db [None req-73f9f460-8540-4497-8a53-3f6dc5634a5a 61ab6293e2234a2a9de4281143ec31a0 b3f58bab78cf4d5cba90882365d00150 - - default default] Successfully bumped revision number for resource 1d58d0b1-55fd-47e3-810b-eec24f2ae85f (type: security_group_rules) to 0
2026-05-21 20:45:48.950 9 INFO neutron.services.segments.plugin [-] Segment 21ac3482-a1ba-45f1-b683-75007d4adb98 resource provider aggregate not found
2026-05-21 20:45:48.959 9 INFO neutron.services.segments.plugin [-] Segment 21ac3482-a1ba-45f1-b683-75007d4adb98 resource provider not found; error: Placement Client Error (4xx): {"errors": [{"status": 404, "title": "Not Found", "detail": "The resource could not be found.\n\n No resource provider with uuid 21ac3482-a1ba-45f1-b683-75007d4adb98 found for delete ", "request_id": "req-f0c6823c-9566-41df-9a8b-e3cb6103e365"}]}
2026-05-21 20:45:48.966 10 INFO neutron.db.ovn_revision_numbers_db [None req-73f9f460-8540-4497-8a53-3f6dc5634a5a 61ab6293e2234a2a9de4281143ec31a0 b3f58bab78cf4d5cba90882365d00150 - - default default] Successfully bumped revision number for resource 47bada14-cc2a-499e-9105-cf9bcff9be56 (type: security_group_rules) to 0
2026-05-21 20:45:48.969 9 INFO neutron.services.segments.plugin [-] Segment 21ac3482-a1ba-45f1-b683-75007d4adb98 resource provider not found; error: Placement Client Error (4xx): {"errors": [{"status": 404, "title": "Not Found", "detail": "The resource could not be found.\n\n No resource provider with uuid 21ac3482-a1ba-45f1-b683-75007d4adb98 found for delete ", "request_id": "req-beb9acda-94f0-49d1-97c6-9e7ec2733c91"}]}
2026-05-21 20:45:49.011 10 INFO neutron.api.wsgi [None req-73f9f460-8540-4497-8a53-3f6dc5634a5a 61ab6293e2234a2a9de4281143ec31a0 b3f58bab78cf4d5cba90882365d00150 - - default default] 10.0.0.246 "GET /v2.0/security-groups?tenant_id=0a2ae11797b14ed59badd06868cfd709&name=default HTTP/1.1" status: 200 len: 3120 time: 0.4616199
2026-05-21 20:45:49.295 10 INFO neutron.api.wsgi [None req-b4536167-f468-47fb-b397-2966e2054fea 61ab6293e2234a2a9de4281143ec31a0 b3f58bab78cf4d5cba90882365d00150 - - default default] 10.0.0.246 "DELETE /v2.0/security-groups/7c565413-9769-49bb-95e4-91cb38d0580a HTTP/1.1" status: 204 len: 168 time: 0.2787333
2026-05-21 20:45:49.672 9 INFO neutron.db.ovn_revision_numbers_db [None req-b79978f4-5b09-4f89-aaae-b570acf7becc 61ab6293e2234a2a9de4281143ec31a0 b3f58bab78cf4d5cba90882365d00150 - - default default] Successfully bumped revision number for resource 3315f46f-2b24-470e-8085-71c712e3cc9e (type: security_groups) to 1
2026-05-21 20:45:49.689 9 INFO neutron.db.ovn_revision_numbers_db [None req-b79978f4-5b09-4f89-aaae-b570acf7becc 61ab6293e2234a2a9de4281143ec31a0 b3f58bab78cf4d5cba90882365d00150 - - default default] Successfully bumped revision number for resource 672f9531-5a70-4178-a63a-0d02d14a36cf (type: security_group_rules) to 0
2026-05-21 20:45:49.715 9 INFO neutron.db.ovn_revision_numbers_db [None req-b79978f4-5b09-4f89-aaae-b570acf7becc 61ab6293e2234a2a9de4281143ec31a0 b3f58bab78cf4d5cba90882365d00150 - - default default] Successfully bumped revision number for resource 78ee0870-d851-430e-a094-5080a91825f2 (type: security_group_rules) to 0
2026-05-21 20:45:49.742 9 INFO neutron.db.ovn_revision_numbers_db [None req-b79978f4-5b09-4f89-aaae-b570acf7becc 61ab6293e2234a2a9de4281143ec31a0 b3f58bab78cf4d5cba90882365d00150 - - default default] Successfully bumped revision number for resource ad464903-a41b-4378-80c5-8587a41b87ca (type: security_group_rules) to 0
2026-05-21 20:45:49.763 9 INFO neutron.db.ovn_revision_numbers_db [None req-b79978f4-5b09-4f89-aaae-b570acf7becc 61ab6293e2234a2a9de4281143ec31a0 b3f58bab78cf4d5cba90882365d00150 - - default default] Successfully bumped revision number for resource f1836d2b-0c5b-4717-ab16-c932959e5f3b (type: security_group_rules) to 0
2026-05-21 20:45:49.810 9 INFO neutron.api.wsgi [None req-b79978f4-5b09-4f89-aaae-b570acf7becc 61ab6293e2234a2a9de4281143ec31a0 b3f58bab78cf4d5cba90882365d00150 - - default default] 10.0.0.246 "GET /v2.0/security-groups?tenant_id=04bc655a9a2b48c2ba8eb1c5ce55d710&name=default HTTP/1.1" status: 200 len: 3120 time: 0.3277326
2026-05-21 20:45:50.046 10 INFO neutron.api.wsgi [None req-99c08eb6-f8d2-4cbf-9af8-131e58d5322e 61ab6293e2234a2a9de4281143ec31a0 b3f58bab78cf4d5cba90882365d00150 - - default default] 10.0.0.246 "DELETE /v2.0/security-groups/3315f46f-2b24-470e-8085-71c712e3cc9e HTTP/1.1" status: 204 len: 168 time: 0.2296245
2026-05-21 20:45:51.145 9 WARNING neutron_lib.context [None req-249a1773-c351-423d-8edd-6f084c94cb00 7da2644cd45e4a3799667671e2b46327 a2dc8ac819e34d38a099f8efc0d113e9 - - default default] Method 'is_advsvc' is deprecated since 2023.2 release (neutron-lib 3.8.0) and will be removed once support for the old RBAC API policies will be removed from Neutron. Please use method 'is_service_role' instead.
2026-05-21 20:45:51.321 9 INFO neutron.db.ovn_revision_numbers_db [None req-249a1773-c351-423d-8edd-6f084c94cb00 7da2644cd45e4a3799667671e2b46327 a2dc8ac819e34d38a099f8efc0d113e9 - - default default] Successfully bumped revision number for resource afdd8360-13fc-4410-9244-0f4bc7297068 (type: security_groups) to 1
2026-05-21 20:45:51.339 9 INFO neutron.db.ovn_revision_numbers_db [None req-249a1773-c351-423d-8edd-6f084c94cb00 7da2644cd45e4a3799667671e2b46327 a2dc8ac819e34d38a099f8efc0d113e9 - - default default] Successfully bumped revision number for resource 6400fea3-8ae9-444e-95f3-31fa74c44741 (type: security_group_rules) to 0
2026-05-21 20:45:51.354 9 INFO neutron.db.ovn_revision_numbers_db [None req-54826034-a00b-4eb1-a1dd-ce3ec8af9224 61ab6293e2234a2a9de4281143ec31a0 b3f58bab78cf4d5cba90882365d00150 - - default default] Successfully bumped revision number for resource 6ee91aa3-05a0-4278-8239-71a5580d9f31 (type: security_groups) to 1
2026-05-21 20:45:51.357 9 INFO neutron.db.ovn_revision_numbers_db [None req-249a1773-c351-423d-8edd-6f084c94cb00 7da2644cd45e4a3799667671e2b46327 a2dc8ac819e34d38a099f8efc0d113e9 - - default default] Successfully bumped revision number for resource 64c4710c-81d5-4140-8680-3e09ad897f68 (type: security_group_rules) to 0
2026-05-21 20:45:51.372 9 INFO neutron.db.ovn_revision_numbers_db [None req-54826034-a00b-4eb1-a1dd-ce3ec8af9224 61ab6293e2234a2a9de4281143ec31a0 b3f58bab78cf4d5cba90882365d00150 - - default default] Successfully bumped revision number for resource 46776a8d-306e-4985-911e-fc27be82b9f3 (type: security_group_rules) to 0
2026-05-21 20:45:51.373 9 INFO neutron.db.ovn_revision_numbers_db [None req-249a1773-c351-423d-8edd-6f084c94cb00 7da2644cd45e4a3799667671e2b46327 a2dc8ac819e34d38a099f8efc0d113e9 - - default default] Successfully bumped revision number for resource a5f8c6b4-c0d4-480f-a6fc-a6b408c56298 (type: security_group_rules) to 0
2026-05-21 20:45:51.389 9 INFO neutron.db.ovn_revision_numbers_db [None req-54826034-a00b-4eb1-a1dd-ce3ec8af9224 61ab6293e2234a2a9de4281143ec31a0 b3f58bab78cf4d5cba90882365d00150 - - default default] Successfully bumped revision number for resource 7d329abc-68ca-48b9-8d11-492b7003c455 (type: security_group_rules) to 0
2026-05-21 20:45:51.392 9 INFO neutron.db.ovn_revision_numbers_db [None req-249a1773-c351-423d-8edd-6f084c94cb00 7da2644cd45e4a3799667671e2b46327 a2dc8ac819e34d38a099f8efc0d113e9 - - default default] Successfully bumped revision number for resource a7230e1e-5242-4e0f-8a44-046c804fb167 (type: security_group_rules) to 0
2026-05-21 20:45:51.408 9 INFO neutron.db.ovn_revision_numbers_db [None req-54826034-a00b-4eb1-a1dd-ce3ec8af9224 61ab6293e2234a2a9de4281143ec31a0 b3f58bab78cf4d5cba90882365d00150 - - default default] Successfully bumped revision number for resource 989f2b19-4a09-4a6a-835b-d1fd75dc1b53 (type: security_group_rules) to 0
2026-05-21 20:45:51.424 9 INFO neutron.db.ovn_revision_numbers_db [None req-54826034-a00b-4eb1-a1dd-ce3ec8af9224 61ab6293e2234a2a9de4281143ec31a0 b3f58bab78cf4d5cba90882365d00150 - - default default] Successfully bumped revision number for resource a3779777-67ff-4014-897e-86cf1da343aa (type: security_group_rules) to 0
2026-05-21 20:45:51.460 9 INFO neutron.api.wsgi [None req-54826034-a00b-4eb1-a1dd-ce3ec8af9224 61ab6293e2234a2a9de4281143ec31a0 b3f58bab78cf4d5cba90882365d00150 - - default default] 10.0.0.246 "GET /v2.0/security-groups?tenant_id=3cd66d42eba244b4b6c157ea894393fd&name=default HTTP/1.1" status: 200 len: 3120 time: 0.3091555
2026-05-21 20:45:51.487 9 INFO neutron.db.segments_db [None req-249a1773-c351-423d-8edd-6f084c94cb00 7da2644cd45e4a3799667671e2b46327 a2dc8ac819e34d38a099f8efc0d113e9 - - default default] Added segment 0f57fd6c-0587-4ac1-84ef-997f07a2c90f of type geneve for network 44aedaf6-6c00-4a1b-9417-e2c9f1ab6b41
2026-05-21 20:45:51.645 9 INFO neutron.db.ovn_revision_numbers_db [None req-249a1773-c351-423d-8edd-6f084c94cb00 7da2644cd45e4a3799667671e2b46327 a2dc8ac819e34d38a099f8efc0d113e9 - - default default] Successfully bumped revision number for resource 44aedaf6-6c00-4a1b-9417-e2c9f1ab6b41 (type: networks) to 1
2026-05-21 20:45:51.744 9 INFO neutron.api.wsgi [None req-7a3f69f6-37a0-4c46-b7a3-de79a312dc41 61ab6293e2234a2a9de4281143ec31a0 b3f58bab78cf4d5cba90882365d00150 - - default default] 10.0.0.246 "DELETE /v2.0/security-groups/6ee91aa3-05a0-4278-8239-71a5580d9f31 HTTP/1.1" status: 204 len: 168 time: 0.2765045
2026-05-21 20:45:51.842 9 WARNING neutron.scheduler.dhcp_agent_scheduler [None req-249a1773-c351-423d-8edd-6f084c94cb00 7da2644cd45e4a3799667671e2b46327 a2dc8ac819e34d38a099f8efc0d113e9 - - default default] No more DHCP agents
2026-05-21 20:45:51.844 9 WARNING neutron.api.rpc.agentnotifiers.dhcp_rpc_agent_api [None req-249a1773-c351-423d-8edd-6f084c94cb00 7da2644cd45e4a3799667671e2b46327 a2dc8ac819e34d38a099f8efc0d113e9 - - default default] Unable to schedule network 44aedaf6-6c00-4a1b-9417-e2c9f1ab6b41: no agents available; will retry on subsequent port and subnet creation events.
2026-05-21 20:45:51.909 9 INFO neutron.db.ovn_revision_numbers_db [None req-249a1773-c351-423d-8edd-6f084c94cb00 7da2644cd45e4a3799667671e2b46327 a2dc8ac819e34d38a099f8efc0d113e9 - - default default] Successfully bumped revision number for resource 87df171a-1b3e-474c-a031-3e8bcecb6995 (type: ports) to 1
2026-05-21 20:45:51.948 9 INFO neutron.api.wsgi [None req-249a1773-c351-423d-8edd-6f084c94cb00 7da2644cd45e4a3799667671e2b46327 a2dc8ac819e34d38a099f8efc0d113e9 - - default default] 10.0.0.246 "POST /v2.0/networks HTTP/1.1" status: 201 len: 846 time: 0.9789951
2026-05-21 20:45:52.042 9 INFO neutron.db.ovn_revision_numbers_db [None req-d06fa08d-e5dd-4fff-bdcd-f023e9a2b6fc 61ab6293e2234a2a9de4281143ec31a0 b3f58bab78cf4d5cba90882365d00150 - - default default] Successfully bumped revision number for resource c9dad0c9-9d3b-4f01-879d-a28715e571dc (type: security_groups) to 1
2026-05-21 20:45:52.060 9 INFO neutron.db.ovn_revision_numbers_db [None req-d06fa08d-e5dd-4fff-bdcd-f023e9a2b6fc 61ab6293e2234a2a9de4281143ec31a0 b3f58bab78cf4d5cba90882365d00150 - - default default] Successfully bumped revision number for resource 1564f073-af03-4906-9ae9-c66e641dad42 (type: security_group_rules) to 0
2026-05-21 20:45:52.119 9 INFO neutron.db.ovn_revision_numbers_db [None req-d06fa08d-e5dd-4fff-bdcd-f023e9a2b6fc 61ab6293e2234a2a9de4281143ec31a0 b3f58bab78cf4d5cba90882365d00150 - - default default] Successfully bumped revision number for resource 3cb58e82-114a-49d0-b236-b5b3719d95d5 (type: security_group_rules) to 0
2026-05-21 20:45:52.135 9 INFO neutron.db.ovn_revision_numbers_db [None req-d06fa08d-e5dd-4fff-bdcd-f023e9a2b6fc 61ab6293e2234a2a9de4281143ec31a0 b3f58bab78cf4d5cba90882365d00150 - - default default] Successfully bumped revision number for resource 7c05f4b0-f9ff-40de-a1b1-f43a95ce0cbf (type: security_group_rules) to 0
2026-05-21 20:45:52.166 9 INFO neutron.db.ovn_revision_numbers_db [None req-d06fa08d-e5dd-4fff-bdcd-f023e9a2b6fc 61ab6293e2234a2a9de4281143ec31a0 b3f58bab78cf4d5cba90882365d00150 - - default default] Successfully bumped revision number for resource e1b2145c-473a-431b-939a-0b581cac1a47 (type: security_group_rules) to 0
2026-05-21 20:45:52.213 9 INFO neutron.api.wsgi [None req-d06fa08d-e5dd-4fff-bdcd-f023e9a2b6fc 61ab6293e2234a2a9de4281143ec31a0 b3f58bab78cf4d5cba90882365d00150 - - default default] 10.0.0.246 "GET /v2.0/security-groups?tenant_id=3507d5f58c4544ca8fc2f3941b19bf57&name=default HTTP/1.1" status: 200 len: 3120 time: 0.3004949
2026-05-21 20:45:52.512 9 WARNING neutron_lib.context [None req-fb5853f3-a1a2-4c46-97f7-d4d29d139ce9 7da2644cd45e4a3799667671e2b46327 a2dc8ac819e34d38a099f8efc0d113e9 - - default default] Method 'is_advsvc' is deprecated since 2023.2 release (neutron-lib 3.8.0) and will be removed once support for the old RBAC API policies will be removed from Neutron. Please use method 'is_service_role' instead.
2026-05-21 20:45:52.533 9 INFO neutron.api.wsgi [None req-124dde7d-b782-42a7-9bf5-26e3ac31bb40 61ab6293e2234a2a9de4281143ec31a0 b3f58bab78cf4d5cba90882365d00150 - - default default] 10.0.0.246 "DELETE /v2.0/security-groups/c9dad0c9-9d3b-4f01-879d-a28715e571dc HTTP/1.1" status: 204 len: 168 time: 0.3155277
2026-05-21 20:45:52.755 9 WARNING neutron.scheduler.dhcp_agent_scheduler [None req-fb5853f3-a1a2-4c46-97f7-d4d29d139ce9 7da2644cd45e4a3799667671e2b46327 a2dc8ac819e34d38a099f8efc0d113e9 - - default default] No more DHCP agents
2026-05-21 20:45:52.756 9 WARNING neutron.api.rpc.agentnotifiers.dhcp_rpc_agent_api [None req-fb5853f3-a1a2-4c46-97f7-d4d29d139ce9 7da2644cd45e4a3799667671e2b46327 a2dc8ac819e34d38a099f8efc0d113e9 - - default default] Unable to schedule network 44aedaf6-6c00-4a1b-9417-e2c9f1ab6b41: no agents available; will retry on subsequent port and subnet creation events.
2026-05-21 20:45:52.768 10 INFO neutron.db.ovn_revision_numbers_db [None req-ddac1eb0-a4ad-4d31-bb9e-0ad7d417ee66 61ab6293e2234a2a9de4281143ec31a0 b3f58bab78cf4d5cba90882365d00150 - - default default] Successfully bumped revision number for resource e7ea60ab-c8b2-4144-8b84-482842a22499 (type: security_groups) to 1
2026-05-21 20:45:52.789 10 INFO neutron.db.ovn_revision_numbers_db [None req-ddac1eb0-a4ad-4d31-bb9e-0ad7d417ee66 61ab6293e2234a2a9de4281143ec31a0 b3f58bab78cf4d5cba90882365d00150 - - default default] Successfully bumped revision number for resource 0200ea90-3095-4736-8878-41c131721a7d (type: security_group_rules) to 0
2026-05-21 20:45:52.802 9 INFO neutron.db.ovn_revision_numbers_db [None req-fb5853f3-a1a2-4c46-97f7-d4d29d139ce9 7da2644cd45e4a3799667671e2b46327 a2dc8ac819e34d38a099f8efc0d113e9 - - default default] Successfully bumped revision number for resource f05e4e23-5212-47a8-a408-7c919ab1d6fb (type: subnets) to 0
2026-05-21 20:45:52.804 10 INFO neutron.db.ovn_revision_numbers_db [None req-ddac1eb0-a4ad-4d31-bb9e-0ad7d417ee66 61ab6293e2234a2a9de4281143ec31a0 b3f58bab78cf4d5cba90882365d00150 - - default default] Successfully bumped revision number for resource 956e8bb1-ccb3-46ec-aa7a-791a785fe0a1 (type: security_group_rules) to 0
2026-05-21 20:45:52.816 10 INFO neutron.db.ovn_revision_numbers_db [None req-ddac1eb0-a4ad-4d31-bb9e-0ad7d417ee66 61ab6293e2234a2a9de4281143ec31a0 b3f58bab78cf4d5cba90882365d00150 - - default default] Successfully bumped revision number for resource ec8b8b63-759c-4f1f-af52-9e44075c8a94 (type: security_group_rules) to 0
2026-05-21 20:45:52.820 9 INFO neutron.api.wsgi [None req-fb5853f3-a1a2-4c46-97f7-d4d29d139ce9 7da2644cd45e4a3799667671e2b46327 a2dc8ac819e34d38a099f8efc0d113e9 - - default default] 10.0.0.246 "POST /v2.0/subnets HTTP/1.1" status: 201 len: 872 time: 0.3144860
2026-05-21 20:45:52.831 10 WARNING neutron_lib.context [None req-df77535a-bae7-4484-9f8d-5111807aef83 7da2644cd45e4a3799667671e2b46327 a2dc8ac819e34d38a099f8efc0d113e9 - - default default] Method 'is_advsvc' is deprecated since 2023.2 release (neutron-lib 3.8.0) and will be removed once support for the old RBAC API policies will be removed from Neutron. Please use method 'is_service_role' instead.
2026-05-21 20:45:52.835 10 INFO neutron.db.ovn_revision_numbers_db [None req-ddac1eb0-a4ad-4d31-bb9e-0ad7d417ee66 61ab6293e2234a2a9de4281143ec31a0 b3f58bab78cf4d5cba90882365d00150 - - default default] Successfully bumped revision number for resource ed448956-e5d3-44b1-98c8-2251924629bc (type: security_group_rules) to 0
2026-05-21 20:45:52.922 10 INFO neutron.api.wsgi [None req-ddac1eb0-a4ad-4d31-bb9e-0ad7d417ee66 61ab6293e2234a2a9de4281143ec31a0 b3f58bab78cf4d5cba90882365d00150 - - default default] 10.0.0.246 "GET /v2.0/security-groups?tenant_id=cddb04bfa4a94cd6a014cf7a6b4c9f12&name=default HTTP/1.1" status: 200 len: 3120 time: 0.6208570
2026-05-21 20:45:52.938 10 INFO neutron.db.segments_db [None req-df77535a-bae7-4484-9f8d-5111807aef83 7da2644cd45e4a3799667671e2b46327 a2dc8ac819e34d38a099f8efc0d113e9 - - default default] Added segment daace335-b85e-417f-b993-b8727b3f308f of type geneve for network 6e4954da-e011-44ba-ad2d-297fe1f3ba97
2026-05-21 20:45:53.218 10 INFO neutron.db.ovn_revision_numbers_db [None req-df77535a-bae7-4484-9f8d-5111807aef83 7da2644cd45e4a3799667671e2b46327 a2dc8ac819e34d38a099f8efc0d113e9 - - default default] Successfully bumped revision number for resource 6e4954da-e011-44ba-ad2d-297fe1f3ba97 (type: networks) to 1
2026-05-21 20:45:53.305 9 INFO neutron.api.wsgi [None req-90e75c44-bcef-436b-91ca-fdf23da82c4f 61ab6293e2234a2a9de4281143ec31a0 b3f58bab78cf4d5cba90882365d00150 - - default default] 10.0.0.246 "DELETE /v2.0/security-groups/e7ea60ab-c8b2-4144-8b84-482842a22499 HTTP/1.1" status: 204 len: 168 time: 0.3764203
2026-05-21 20:45:53.407 10 WARNING neutron.scheduler.dhcp_agent_scheduler [None req-df77535a-bae7-4484-9f8d-5111807aef83 7da2644cd45e4a3799667671e2b46327 a2dc8ac819e34d38a099f8efc0d113e9 - - default default] No more DHCP agents
2026-05-21 20:45:53.409 10 WARNING neutron.api.rpc.agentnotifiers.dhcp_rpc_agent_api [None req-df77535a-bae7-4484-9f8d-5111807aef83 7da2644cd45e4a3799667671e2b46327 a2dc8ac819e34d38a099f8efc0d113e9 - - default default] Unable to schedule network 6e4954da-e011-44ba-ad2d-297fe1f3ba97: no agents available; will retry on subsequent port and subnet creation events.
2026-05-21 20:45:53.474 10 INFO neutron.db.ovn_revision_numbers_db [None req-df77535a-bae7-4484-9f8d-5111807aef83 7da2644cd45e4a3799667671e2b46327 a2dc8ac819e34d38a099f8efc0d113e9 - - default default] Successfully bumped revision number for resource 5e71db19-c86e-4e96-9fae-5593b0389124 (type: ports) to 1
2026-05-21 20:45:53.511 10 INFO neutron.api.wsgi [None req-df77535a-bae7-4484-9f8d-5111807aef83 7da2644cd45e4a3799667671e2b46327 a2dc8ac819e34d38a099f8efc0d113e9 - - default default] 10.0.0.246 "POST /v2.0/networks HTTP/1.1" status: 201 len: 847 time: 0.6850619
2026-05-21 20:45:53.640 9 INFO neutron.db.ovn_revision_numbers_db [None req-42026040-ca6c-4173-82b9-e150c2a31d7c 61ab6293e2234a2a9de4281143ec31a0 b3f58bab78cf4d5cba90882365d00150 - - default default] Successfully bumped revision number for resource 05f0f4f0-095b-4600-a641-2259102b6bc3 (type: security_groups) to 1
2026-05-21 20:45:53.654 9 INFO neutron.db.ovn_revision_numbers_db [None req-42026040-ca6c-4173-82b9-e150c2a31d7c 61ab6293e2234a2a9de4281143ec31a0 b3f58bab78cf4d5cba90882365d00150 - - default default] Successfully bumped revision number for resource 2262417b-605d-42ee-8f14-ee04489ea5cc (type: security_group_rules) to 0
2026-05-21 20:45:53.669 9 INFO neutron.db.ovn_revision_numbers_db [None req-42026040-ca6c-4173-82b9-e150c2a31d7c 61ab6293e2234a2a9de4281143ec31a0 b3f58bab78cf4d5cba90882365d00150 - - default default] Successfully bumped revision number for resource 31fd4c6a-8c98-4585-9c6e-52834a1ee879 (type: security_group_rules) to 0
2026-05-21 20:45:53.692 9 INFO neutron.db.ovn_revision_numbers_db [None req-42026040-ca6c-4173-82b9-e150c2a31d7c 61ab6293e2234a2a9de4281143ec31a0 b3f58bab78cf4d5cba90882365d00150 - - default default] Successfully bumped revision number for resource aa63d781-dcc8-40da-af55-36593a2ba117 (type: security_group_rules) to 0
2026-05-21 20:45:53.722 9 INFO neutron.db.ovn_revision_numbers_db [None req-42026040-ca6c-4173-82b9-e150c2a31d7c 61ab6293e2234a2a9de4281143ec31a0 b3f58bab78cf4d5cba90882365d00150 - - default default] Successfully bumped revision number for resource cde17f65-5841-4050-af39-a545c54e6341 (type: security_group_rules) to 0
2026-05-21 20:45:53.728 10 INFO neutron.db.ovn_revision_numbers_db [None req-e396bdff-194a-4396-87d1-dcdca42682f6 7da2644cd45e4a3799667671e2b46327 a2dc8ac819e34d38a099f8efc0d113e9 - - default default] Successfully bumped revision number for resource 6e4954da-e011-44ba-ad2d-297fe1f3ba97 (type: networks) to 2
2026-05-21 20:45:53.735 10 INFO neutron.api.wsgi [None req-e396bdff-194a-4396-87d1-dcdca42682f6 7da2644cd45e4a3799667671e2b46327 a2dc8ac819e34d38a099f8efc0d113e9 - - default default] 10.0.0.246 "PUT /v2.0/networks/6e4954da-e011-44ba-ad2d-297fe1f3ba97 HTTP/1.1" status: 200 len: 792 time: 0.2176294
2026-05-21 20:45:53.748 10 WARNING neutron_lib.context [None req-404f7e24-ca69-4a50-8630-801350b56219 7da2644cd45e4a3799667671e2b46327 a2dc8ac819e34d38a099f8efc0d113e9 - - default default] Method 'is_advsvc' is deprecated since 2023.2 release (neutron-lib 3.8.0) and will be removed once support for the old RBAC API policies will be removed from Neutron. Please use method 'is_service_role' instead.
2026-05-21 20:45:53.766 9 INFO neutron.api.wsgi [None req-42026040-ca6c-4173-82b9-e150c2a31d7c 61ab6293e2234a2a9de4281143ec31a0 b3f58bab78cf4d5cba90882365d00150 - - default default] 10.0.0.246 "GET /v2.0/security-groups?tenant_id=44d7f9c218904f92807e2ba6e5a03641&name=default HTTP/1.1" status: 200 len: 3120 time: 0.2564392
2026-05-21 20:45:53.990 10 WARNING neutron.scheduler.dhcp_agent_scheduler [None req-404f7e24-ca69-4a50-8630-801350b56219 7da2644cd45e4a3799667671e2b46327 a2dc8ac819e34d38a099f8efc0d113e9 - - default default] No more DHCP agents
2026-05-21 20:45:53.991 10 WARNING neutron.api.rpc.agentnotifiers.dhcp_rpc_agent_api [None req-404f7e24-ca69-4a50-8630-801350b56219 7da2644cd45e4a3799667671e2b46327 a2dc8ac819e34d38a099f8efc0d113e9 - - default default] Unable to schedule network 6e4954da-e011-44ba-ad2d-297fe1f3ba97: no agents available; will retry on subsequent port and subnet creation events.
2026-05-21 20:45:54.013 9 INFO neutron.api.wsgi [None req-a1084d94-a5b7-4f56-b368-9d8e92745edb 61ab6293e2234a2a9de4281143ec31a0 b3f58bab78cf4d5cba90882365d00150 - - default default] 10.0.0.246 "DELETE /v2.0/security-groups/05f0f4f0-095b-4600-a641-2259102b6bc3 HTTP/1.1" status: 204 len: 168 time: 0.2414477
2026-05-21 20:45:54.021 10 INFO neutron.db.ovn_revision_numbers_db [None req-404f7e24-ca69-4a50-8630-801350b56219 7da2644cd45e4a3799667671e2b46327 a2dc8ac819e34d38a099f8efc0d113e9 - - default default] Successfully bumped revision number for resource 2f5e8e13-7ad1-4797-bb28-4075cd83bcbf (type: subnets) to 0
2026-05-21 20:45:54.040 10 INFO neutron.api.wsgi [None req-404f7e24-ca69-4a50-8630-801350b56219 7da2644cd45e4a3799667671e2b46327 a2dc8ac819e34d38a099f8efc0d113e9 - - default default] 10.0.0.246 "POST /v2.0/subnets HTTP/1.1" status: 201 len: 845 time: 0.2996764
2026-05-21 20:45:54.715 10 INFO neutron.db.ovn_revision_numbers_db [None req-964d3bcc-e6e5-4a3d-a660-ecc9d3e2b985 - - - - - -] Successfully bumped revision number for resource 5e71db19-c86e-4e96-9fae-5593b0389124 (type: ports) to 2
2026-05-21 20:45:54.756 10 INFO neutron.db.ovn_revision_numbers_db [None req-964d3bcc-e6e5-4a3d-a660-ecc9d3e2b985 - - - - - -] Successfully bumped revision number for resource 2f5e8e13-7ad1-4797-bb28-4075cd83bcbf (type: subnets) to 1
2026-05-21 20:45:54.761 10 INFO neutron.api.wsgi [None req-05fb37b7-4b15-401d-854c-e18522ad5153 7da2644cd45e4a3799667671e2b46327 a2dc8ac819e34d38a099f8efc0d113e9 - - default default] 10.0.0.246 "PUT /v2.0/subnets/2f5e8e13-7ad1-4797-bb28-4075cd83bcbf HTTP/1.1" status: 200 len: 850 time: 0.7138884
2026-05-21 20:45:55.244 10 INFO neutron.services.segments.plugin [-] Segment daace335-b85e-417f-b993-b8727b3f308f resource provider aggregate not found
2026-05-21 20:45:55.249 10 INFO neutron.services.segments.plugin [-] Segment daace335-b85e-417f-b993-b8727b3f308f resource provider aggregate not found
2026-05-21 20:45:55.260 10 INFO neutron.services.segments.plugin [-] Segment daace335-b85e-417f-b993-b8727b3f308f resource provider not found; error: Placement Client Error (4xx): {"errors": [{"status": 404, "title": "Not Found", "detail": "The resource could not be found.\n\n No resource provider with uuid daace335-b85e-417f-b993-b8727b3f308f found for delete ", "request_id": "req-fa768bb2-5617-43d8-aeaa-3355639603ef"}]}
2026-05-21 20:45:55.269 10 INFO neutron.services.segments.plugin [-] Segment daace335-b85e-417f-b993-b8727b3f308f resource provider not found; error: Placement Client Error (4xx): {"errors": [{"status": 404, "title": "Not Found", "detail": "The resource could not be found.\n\n No resource provider with uuid daace335-b85e-417f-b993-b8727b3f308f found for delete ", "request_id": "req-402806d7-48c8-49ba-b840-c8a1a778d3f4"}]}
2026-05-21 20:45:55.299 10 INFO neutron.api.wsgi [None req-518460f7-e71e-4453-921a-d43cdf244a4c 7da2644cd45e4a3799667671e2b46327 a2dc8ac819e34d38a099f8efc0d113e9 - - default default] 10.0.0.246 "DELETE /v2.0/networks/6e4954da-e011-44ba-ad2d-297fe1f3ba97 HTTP/1.1" status: 204 len: 168 time: 0.5321405
2026-05-21 20:45:55.323 10 INFO neutron.pecan_wsgi.hooks.translation [None req-30621c36-38b3-4959-a66f-9234e0e0be5c 7da2644cd45e4a3799667671e2b46327 a2dc8ac819e34d38a099f8efc0d113e9 - - default default] DELETE failed (client error): The resource could not be found.
2026-05-21 20:45:55.328 10 INFO neutron.api.wsgi [None req-30621c36-38b3-4959-a66f-9234e0e0be5c 7da2644cd45e4a3799667671e2b46327 a2dc8ac819e34d38a099f8efc0d113e9 - - default default] 10.0.0.246 "DELETE /v2.0/networks/6e4954da-e011-44ba-ad2d-297fe1f3ba97 HTTP/1.1" status: 404 len: 339 time: 0.0223503
2026-05-21 20:45:55.408 10 INFO neutron.api.wsgi [None req-fa4a1f4b-658e-4c2e-9703-a85e8fe232cd 7da2644cd45e4a3799667671e2b46327 a2dc8ac819e34d38a099f8efc0d113e9 - - default default] 10.0.0.246 "GET /v2.0/networks?router%3Aexternal=True HTTP/1.1" status: 200 len: 845 time: 0.0693479
2026-05-21 20:45:55.462 10 INFO neutron.api.wsgi [None req-de9a6d68-d0a7-4e9d-98a8-89c59f1114d7 7da2644cd45e4a3799667671e2b46327 a2dc8ac819e34d38a099f8efc0d113e9 - - default default] 10.0.0.246 "GET /v2.0/subnets?network_id=f875c99c-a46d-4763-9a04-9a5b002d17f0 HTTP/1.1" status: 200 len: 843 time: 0.0450983
2026-05-21 20:45:55.477 10 INFO neutron.api.wsgi [None req-27247591-ecef-47af-b887-ac86abfff33f 7da2644cd45e4a3799667671e2b46327 a2dc8ac819e34d38a099f8efc0d113e9 - - default default] 10.0.0.246 "GET /v2.0/extensions HTTP/1.1" status: 200 len: 19293 time: 0.0083237
2026-05-21 20:45:55.541 10 INFO neutron.api.wsgi [None req-de447f0f-725e-420f-8115-dd9ba79f0292 7da2644cd45e4a3799667671e2b46327 a2dc8ac819e34d38a099f8efc0d113e9 - - default default] 10.0.0.246 "GET /v2.0/networks HTTP/1.1" status: 200 len: 1507 time: 0.0571041
2026-05-21 20:45:55.587 10 INFO neutron.api.wsgi [None req-f75c86fb-20db-40f4-a0ee-32955854a338 7da2644cd45e4a3799667671e2b46327 a2dc8ac819e34d38a099f8efc0d113e9 - - default default] 10.0.0.246 "GET /v2.0/subnets HTTP/1.1" status: 200 len: 1507 time: 0.0406780
2026-05-21 20:45:55.644 10 INFO neutron.api.wsgi [None req-070447ba-6df1-4c3b-9a0f-25e80869a9ef 7da2644cd45e4a3799667671e2b46327 a2dc8ac819e34d38a099f8efc0d113e9 - - default default] 10.0.0.246 "GET /v2.0/networks/44aedaf6-6c00-4a1b-9417-e2c9f1ab6b41 HTTP/1.1" status: 200 len: 866 time: 0.0502956
2026-05-21 20:45:55.688 10 INFO neutron.api.wsgi [None req-472f1872-17c3-49bb-8853-1ab0e6342a3c 7da2644cd45e4a3799667671e2b46327 a2dc8ac819e34d38a099f8efc0d113e9 - - default default] 10.0.0.246 "GET /v2.0/subnets/f05e4e23-5212-47a8-a408-7c919ab1d6fb HTTP/1.1" status: 200 len: 867 time: 0.0370710
2026-05-21 20:45:55.712 9 INFO neutron.pecan_wsgi.hooks.translation [None req-f8169a4b-49c1-4ab2-8f23-e3034ef69161 7da2644cd45e4a3799667671e2b46327 a2dc8ac819e34d38a099f8efc0d113e9 - - default default] DELETE failed (client error): The resource could not be found.
2026-05-21 20:45:55.714 9 INFO neutron.api.wsgi [None req-f8169a4b-49c1-4ab2-8f23-e3034ef69161 7da2644cd45e4a3799667671e2b46327 a2dc8ac819e34d38a099f8efc0d113e9 - - default default] 10.0.0.246 "DELETE /v2.0/subnets/2f5e8e13-7ad1-4797-bb28-4075cd83bcbf HTTP/1.1" status: 404 len: 337 time: 0.0177536
2026-05-21 20:45:55.738 9 INFO neutron.pecan_wsgi.hooks.translation [None req-3d4a9f2a-e9c6-4ceb-a3e7-5b88a032e93e 7da2644cd45e4a3799667671e2b46327 a2dc8ac819e34d38a099f8efc0d113e9 - - default default] DELETE failed (client error): The resource could not be found.
2026-05-21 20:45:55.742 9 INFO neutron.api.wsgi [None req-3d4a9f2a-e9c6-4ceb-a3e7-5b88a032e93e 7da2644cd45e4a3799667671e2b46327 a2dc8ac819e34d38a099f8efc0d113e9 - - default default] 10.0.0.246 "DELETE /v2.0/networks/6e4954da-e011-44ba-ad2d-297fe1f3ba97 HTTP/1.1" status: 404 len: 339 time: 0.0167847
2026-05-21 20:45:55.910 9 INFO neutron.api.wsgi [None req-abfc2d27-bd6d-49bc-838a-1368816a8b3d 7da2644cd45e4a3799667671e2b46327 a2dc8ac819e34d38a099f8efc0d113e9 - - default default] 10.0.0.246 "DELETE /v2.0/subnets/f05e4e23-5212-47a8-a408-7c919ab1d6fb HTTP/1.1" status: 204 len: 168 time: 0.1612477
2026-05-21 20:45:56.353 9 INFO neutron.services.segments.plugin [-] Segment 0f57fd6c-0587-4ac1-84ef-997f07a2c90f resource provider aggregate not found
2026-05-21 20:45:56.360 9 INFO neutron.services.segments.plugin [-] Segment 0f57fd6c-0587-4ac1-84ef-997f07a2c90f resource provider aggregate not found
2026-05-21 20:45:56.381 9 INFO neutron.services.segments.plugin [-] Segment 0f57fd6c-0587-4ac1-84ef-997f07a2c90f resource provider not found; error: Placement Client Error (4xx): {"errors": [{"status": 404, "title": "Not Found", "detail": "The resource could not be found.\n\n No resource provider with uuid 0f57fd6c-0587-4ac1-84ef-997f07a2c90f found for delete ", "request_id": "req-600adbb7-cf2e-45a9-a8ce-716ae40609c9"}]}
2026-05-21 20:45:56.388 9 INFO neutron.services.segments.plugin [-] Segment 0f57fd6c-0587-4ac1-84ef-997f07a2c90f resource provider not found; error: Placement Client Error (4xx): {"errors": [{"status": 404, "title": "Not Found", "detail": "The resource could not be found.\n\n No resource provider with uuid 0f57fd6c-0587-4ac1-84ef-997f07a2c90f found for delete ", "request_id": "req-0c16ee27-607c-4ada-93ba-729043ce9098"}]}
2026-05-21 20:45:56.399 9 INFO neutron.api.wsgi [None req-f809e063-cdca-4f00-bcf3-1452e641b1ad 7da2644cd45e4a3799667671e2b46327 a2dc8ac819e34d38a099f8efc0d113e9 - - default default] 10.0.0.246 "DELETE /v2.0/networks/44aedaf6-6c00-4a1b-9417-e2c9f1ab6b41 HTTP/1.1" status: 204 len: 168 time: 0.4832745
2026-05-21 20:45:57.072 10 INFO neutron.db.ovn_revision_numbers_db [None req-ba97661c-0e8f-4beb-b241-d5fffc9f6a49 61ab6293e2234a2a9de4281143ec31a0 b3f58bab78cf4d5cba90882365d00150 - - default default] Successfully bumped revision number for resource 2e6edb33-0d57-4a00-8c27-02f644ffaaa9 (type: security_groups) to 1
2026-05-21 20:45:57.087 10 INFO neutron.db.ovn_revision_numbers_db [None req-ba97661c-0e8f-4beb-b241-d5fffc9f6a49 61ab6293e2234a2a9de4281143ec31a0 b3f58bab78cf4d5cba90882365d00150 - - default default] Successfully bumped revision number for resource 7e071f06-94f5-412a-9550-f22dcd3cae67 (type: security_group_rules) to 0
2026-05-21 20:45:57.102 10 INFO neutron.db.ovn_revision_numbers_db [None req-ba97661c-0e8f-4beb-b241-d5fffc9f6a49 61ab6293e2234a2a9de4281143ec31a0 b3f58bab78cf4d5cba90882365d00150 - - default default] Successfully bumped revision number for resource 80c1426e-3e19-4f93-badf-a832e4754d68 (type: security_group_rules) to 0
2026-05-21 20:45:57.117 10 INFO neutron.db.ovn_revision_numbers_db [None req-ba97661c-0e8f-4beb-b241-d5fffc9f6a49 61ab6293e2234a2a9de4281143ec31a0 b3f58bab78cf4d5cba90882365d00150 - - default default] Successfully bumped revision number for resource d94150ad-00dc-47bb-8e61-73f831479d6e (type: security_group_rules) to 0
2026-05-21 20:45:57.132 10 INFO neutron.db.ovn_revision_numbers_db [None req-ba97661c-0e8f-4beb-b241-d5fffc9f6a49 61ab6293e2234a2a9de4281143ec31a0 b3f58bab78cf4d5cba90882365d00150 - - default default] Successfully bumped revision number for resource e93db7be-e39d-42d5-a6b9-7f2689ee70d7 (type: security_group_rules) to 0
2026-05-21 20:45:57.183 10 INFO neutron.api.wsgi [None req-ba97661c-0e8f-4beb-b241-d5fffc9f6a49 61ab6293e2234a2a9de4281143ec31a0 b3f58bab78cf4d5cba90882365d00150 - - default default] 10.0.0.246 "GET /v2.0/security-groups?tenant_id=cc322a7741424c268c3d373aa5166104&name=default HTTP/1.1" status: 200 len: 3120 time: 0.4531412
2026-05-21 20:45:57.237 9 INFO neutron.api.wsgi [None req-d7ceeb63-7e58-4e0f-a000-10bc1342b549 61ab6293e2234a2a9de4281143ec31a0 b3f58bab78cf4d5cba90882365d00150 - - default default] 10.0.0.246 "GET /v2.0/security-groups?tenant_id=a2dc8ac819e34d38a099f8efc0d113e9&name=default HTTP/1.1" status: 200 len: 3120 time: 0.2687082
2026-05-21 20:45:57.438 10 INFO neutron.api.wsgi [None req-76d50f2e-a388-4c58-bd2c-87e9e30e0df3 61ab6293e2234a2a9de4281143ec31a0 b3f58bab78cf4d5cba90882365d00150 - - default default] 10.0.0.246 "DELETE /v2.0/security-groups/2e6edb33-0d57-4a00-8c27-02f644ffaaa9 HTTP/1.1" status: 204 len: 168 time: 0.2490048
2026-05-21 20:45:57.493 9 INFO neutron.api.wsgi [None req-189fbf54-7ee5-437f-9aa7-f84e4eaf0f7f 61ab6293e2234a2a9de4281143ec31a0 b3f58bab78cf4d5cba90882365d00150 - - default default] 10.0.0.246 "DELETE /v2.0/security-groups/afdd8360-13fc-4410-9244-0f4bc7297068 HTTP/1.1" status: 204 len: 168 time: 0.2498043
2026-05-21 20:45:58.372 10 INFO neutron.db.ovn_revision_numbers_db [None req-5ecb6706-1dd4-4fb1-ac0c-379e152bb706 61ab6293e2234a2a9de4281143ec31a0 b3f58bab78cf4d5cba90882365d00150 - - default default] Successfully bumped revision number for resource 8db9697a-ffba-4a5b-8ad4-4dd92b3d5ec8 (type: security_groups) to 1
2026-05-21 20:45:58.391 10 INFO neutron.db.ovn_revision_numbers_db [None req-5ecb6706-1dd4-4fb1-ac0c-379e152bb706 61ab6293e2234a2a9de4281143ec31a0 b3f58bab78cf4d5cba90882365d00150 - - default default] Successfully bumped revision number for resource 23e9fa2c-e2cf-4955-bbf9-879569ae6144 (type: security_group_rules) to 0
2026-05-21 20:45:58.408 10 INFO neutron.db.ovn_revision_numbers_db [None req-5ecb6706-1dd4-4fb1-ac0c-379e152bb706 61ab6293e2234a2a9de4281143ec31a0 b3f58bab78cf4d5cba90882365d00150 - - default default] Successfully bumped revision number for resource 848ffbba-07e0-4f2b-a9e6-b0f3b4d983b8 (type: security_group_rules) to 0
2026-05-21 20:45:58.425 10 INFO neutron.db.ovn_revision_numbers_db [None req-5ecb6706-1dd4-4fb1-ac0c-379e152bb706 61ab6293e2234a2a9de4281143ec31a0 b3f58bab78cf4d5cba90882365d00150 - - default default] Successfully bumped revision number for resource b39e4186-09d7-4700-bcc1-6fdeaad7a0a0 (type: security_group_rules) to 0
2026-05-21 20:45:58.441 10 INFO neutron.db.ovn_revision_numbers_db [None req-5ecb6706-1dd4-4fb1-ac0c-379e152bb706 61ab6293e2234a2a9de4281143ec31a0 b3f58bab78cf4d5cba90882365d00150 - - default default] Successfully bumped revision number for resource d276a86b-0b74-4c22-98b6-d147cf596eb0 (type: security_group_rules) to 0
2026-05-21 20:45:58.493 10 INFO neutron.api.wsgi [None req-5ecb6706-1dd4-4fb1-ac0c-379e152bb706 61ab6293e2234a2a9de4281143ec31a0 b3f58bab78cf4d5cba90882365d00150 - - default default] 10.0.0.246 "GET /v2.0/security-groups?tenant_id=10bbdbc1b85640f6bee09d57316cebe5&name=default HTTP/1.1" status: 200 len: 3120 time: 0.4001627
2026-05-21 20:45:58.757 10 INFO neutron.api.wsgi [None req-6ea479ed-e4a6-4de4-a419-40cfce374592 61ab6293e2234a2a9de4281143ec31a0 b3f58bab78cf4d5cba90882365d00150 - - default default] 10.0.0.246 "DELETE /v2.0/security-groups/8db9697a-ffba-4a5b-8ad4-4dd92b3d5ec8 HTTP/1.1" status: 204 len: 168 time: 0.2582862
2026-05-21 20:45:59.089 9 INFO neutron.db.ovn_revision_numbers_db [None req-3539ab49-31f0-4be1-bf12-5637e8ab4aca 61ab6293e2234a2a9de4281143ec31a0 b3f58bab78cf4d5cba90882365d00150 - - default default] Successfully bumped revision number for resource 16d5f507-3ff5-4e6e-ac93-a51effe40c36 (type: security_groups) to 1
2026-05-21 20:45:59.104 9 INFO neutron.db.ovn_revision_numbers_db [None req-3539ab49-31f0-4be1-bf12-5637e8ab4aca 61ab6293e2234a2a9de4281143ec31a0 b3f58bab78cf4d5cba90882365d00150 - - default default] Successfully bumped revision number for resource 06052995-344a-4dea-b575-cb649d42412b (type: security_group_rules) to 0
2026-05-21 20:45:59.118 9 INFO neutron.db.ovn_revision_numbers_db [None req-3539ab49-31f0-4be1-bf12-5637e8ab4aca 61ab6293e2234a2a9de4281143ec31a0 b3f58bab78cf4d5cba90882365d00150 - - default default] Successfully bumped revision number for resource 4d27fc54-5d5e-48a4-80c3-6b1b2ebcca61 (type: security_group_rules) to 0
2026-05-21 20:45:59.132 9 INFO neutron.db.ovn_revision_numbers_db [None req-3539ab49-31f0-4be1-bf12-5637e8ab4aca 61ab6293e2234a2a9de4281143ec31a0 b3f58bab78cf4d5cba90882365d00150 - - default default] Successfully bumped revision number for resource 520b0d58-2cdb-4d18-9d8e-8dce6b051d12 (type: security_group_rules) to 0
2026-05-21 20:45:59.144 9 INFO neutron.db.ovn_revision_numbers_db [None req-3539ab49-31f0-4be1-bf12-5637e8ab4aca 61ab6293e2234a2a9de4281143ec31a0 b3f58bab78cf4d5cba90882365d00150 - - default default] Successfully bumped revision number for resource e5bec38e-93bd-4c5e-8712-b23bb720f680 (type: security_group_rules) to 0
2026-05-21 20:45:59.182 9 INFO neutron.api.wsgi [None req-3539ab49-31f0-4be1-bf12-5637e8ab4aca 61ab6293e2234a2a9de4281143ec31a0 b3f58bab78cf4d5cba90882365d00150 - - default default] 10.0.0.246 "GET /v2.0/security-groups?tenant_id=e89f2f4adffb46c2ae0c77c78c78ccb7&name=default HTTP/1.1" status: 200 len: 3120 time: 0.2261136
2026-05-21 20:45:59.449 10 INFO neutron.api.wsgi [None req-ab5b7abf-6056-4e9a-a611-53798703dd3e 61ab6293e2234a2a9de4281143ec31a0 b3f58bab78cf4d5cba90882365d00150 - - default default] 10.0.0.246 "DELETE /v2.0/security-groups/16d5f507-3ff5-4e6e-ac93-a51effe40c36 HTTP/1.1" status: 204 len: 168 time: 0.2606556
2026-05-21 20:45:59.853 9 WARNING neutron_lib.context [None req-c3af7041-f108-4ee3-b42a-b209d122eb33 dc3787c16d084ba59aa9efd7807edb58 b2162badf0234b188e1cc9343b7664ec - - default default] Method 'is_advsvc' is deprecated since 2023.2 release (neutron-lib 3.8.0) and will be removed once support for the old RBAC API policies will be removed from Neutron. Please use method 'is_service_role' instead.
2026-05-21 20:46:00.013 9 INFO neutron.db.ovn_revision_numbers_db [None req-c3af7041-f108-4ee3-b42a-b209d122eb33 dc3787c16d084ba59aa9efd7807edb58 b2162badf0234b188e1cc9343b7664ec - - default default] Successfully bumped revision number for resource 6b4d9240-382c-4b21-b80e-75ddb7f72cc2 (type: security_groups) to 1
2026-05-21 20:46:00.033 9 INFO neutron.db.ovn_revision_numbers_db [None req-c3af7041-f108-4ee3-b42a-b209d122eb33 dc3787c16d084ba59aa9efd7807edb58 b2162badf0234b188e1cc9343b7664ec - - default default] Successfully bumped revision number for resource 01fc1890-fd6e-4206-8ee7-713de867499e (type: security_group_rules) to 0
2026-05-21 20:46:00.053 9 INFO neutron.db.ovn_revision_numbers_db [None req-c3af7041-f108-4ee3-b42a-b209d122eb33 dc3787c16d084ba59aa9efd7807edb58 b2162badf0234b188e1cc9343b7664ec - - default default] Successfully bumped revision number for resource 5b9073da-dc11-48ec-8759-6a89a1c43988 (type: security_group_rules) to 0
2026-05-21 20:46:00.072 9 INFO neutron.db.ovn_revision_numbers_db [None req-c3af7041-f108-4ee3-b42a-b209d122eb33 dc3787c16d084ba59aa9efd7807edb58 b2162badf0234b188e1cc9343b7664ec - - default default] Successfully bumped revision number for resource a71c1a25-acdb-40d2-a10b-61942edeb382 (type: security_group_rules) to 0
2026-05-21 20:46:00.087 9 INFO neutron.db.ovn_revision_numbers_db [None req-c3af7041-f108-4ee3-b42a-b209d122eb33 dc3787c16d084ba59aa9efd7807edb58 b2162badf0234b188e1cc9343b7664ec - - default default] Successfully bumped revision number for resource dabee7e7-2c09-4480-868f-37587fed7996 (type: security_group_rules) to 0
2026-05-21 20:46:00.164 9 INFO neutron.db.segments_db [None req-c3af7041-f108-4ee3-b42a-b209d122eb33 dc3787c16d084ba59aa9efd7807edb58 b2162badf0234b188e1cc9343b7664ec - - default default] Added segment c3563045-c218-47dd-9532-96c4ddbe22f7 of type geneve for network 1604fedb-7219-4b8f-8814-74a1a4b142bf
2026-05-21 20:46:00.318 9 INFO neutron.db.ovn_revision_numbers_db [None req-c3af7041-f108-4ee3-b42a-b209d122eb33 dc3787c16d084ba59aa9efd7807edb58 b2162badf0234b188e1cc9343b7664ec - - default default] Successfully bumped revision number for resource 1604fedb-7219-4b8f-8814-74a1a4b142bf (type: networks) to 1
2026-05-21 20:46:00.555 9 WARNING neutron.scheduler.dhcp_agent_scheduler [None req-c3af7041-f108-4ee3-b42a-b209d122eb33 dc3787c16d084ba59aa9efd7807edb58 b2162badf0234b188e1cc9343b7664ec - - default default] No more DHCP agents
2026-05-21 20:46:00.557 9 WARNING neutron.api.rpc.agentnotifiers.dhcp_rpc_agent_api [None req-c3af7041-f108-4ee3-b42a-b209d122eb33 dc3787c16d084ba59aa9efd7807edb58 b2162badf0234b188e1cc9343b7664ec - - default default] Unable to schedule network 1604fedb-7219-4b8f-8814-74a1a4b142bf: no agents available; will retry on subsequent port and subnet creation events.
