2026-05-21 20:47:04.212 10 WARNING neutron_lib.context [None req-c1623a82-de47-4edd-bae6-637a013d9384 42205a55d4d449f28c4a3ac1d5f704a0 ee2e3f10c8bc4681bc09bbf596769899 - - default default] Method 'is_advsvc' is deprecated since 2023.2 release (neutron-lib 3.8.0) and will be removed once support for the old RBAC API policies will be removed from Neutron. Please use method 'is_service_role' instead.
2026-05-21 20:47:04.303 10 INFO neutron.db.ovn_revision_numbers_db [None req-a0bdd490-f122-42bc-a9c3-78ac2ec0d18f 61ab6293e2234a2a9de4281143ec31a0 b3f58bab78cf4d5cba90882365d00150 - - default default] Successfully bumped revision number for resource 1e573466-3fc8-4f92-bc92-c44c61b4313f (type: ports) to 1
2026-05-21 20:47:04.316 9 INFO neutron.db.ovn_revision_numbers_db [None req-e5414dfc-587d-48b5-a78d-a3b0929e3d66 29afe15562f844209a0b58d2304dc641 c6ed6d0bf173424ea41ae4bc3f852900 - - default default] Successfully bumped revision number for resource b810ebd8-330e-4903-b1fa-48206871a1b5 (type: security_group_rules) to 0
2026-05-21 20:47:04.335 10 INFO neutron.api.wsgi [None req-c6cfba33-1892-4b67-bff3-797d8fd56ceb 61ab6293e2234a2a9de4281143ec31a0 b3f58bab78cf4d5cba90882365d00150 - - default default] 10.0.0.246 "DELETE /v2.0/security-groups/57807814-4df5-4fc5-a58b-272ab6ff1abf HTTP/1.1" status: 204 len: 168 time: 0.3297970
2026-05-21 20:47:04.353 9 INFO neutron.api.wsgi [None req-e5414dfc-587d-48b5-a78d-a3b0929e3d66 29afe15562f844209a0b58d2304dc641 c6ed6d0bf173424ea41ae4bc3f852900 - - default default] 10.0.0.246 "POST /v2.0/security-group-rules HTTP/1.1" status: 201 len: 796 time: 0.1765494
2026-05-21 20:47:04.365 9 WARNING neutron_lib.context [None req-355c1868-61e6-4031-b1f9-b9f84424c03a 29afe15562f844209a0b58d2304dc641 c6ed6d0bf173424ea41ae4bc3f852900 - - default default] Method 'is_advsvc' is deprecated since 2023.2 release (neutron-lib 3.8.0) and will be removed once support for the old RBAC API policies will be removed from Neutron. Please use method 'is_service_role' instead.
2026-05-21 20:47:04.385 10 WARNING neutron.scheduler.dhcp_agent_scheduler [None req-a0bdd490-f122-42bc-a9c3-78ac2ec0d18f 61ab6293e2234a2a9de4281143ec31a0 b3f58bab78cf4d5cba90882365d00150 - - default default] No more DHCP agents
2026-05-21 20:47:04.387 10 WARNING neutron.api.rpc.agentnotifiers.dhcp_rpc_agent_api [None req-a0bdd490-f122-42bc-a9c3-78ac2ec0d18f 61ab6293e2234a2a9de4281143ec31a0 b3f58bab78cf4d5cba90882365d00150 - - default default] Unable to schedule network f3347829-e85e-4496-b46b-fbe1575984f6: no agents available; will retry on subsequent port and subnet creation events.
2026-05-21 20:47:04.441 10 INFO neutron.db.ovn_revision_numbers_db [None req-c1623a82-de47-4edd-bae6-637a013d9384 42205a55d4d449f28c4a3ac1d5f704a0 ee2e3f10c8bc4681bc09bbf596769899 - - default default] Successfully bumped revision number for resource df87e2b6-4e8b-4c44-97bd-ec6a88586472 (type: security_groups) to 1
2026-05-21 20:47:04.467 10 INFO neutron.db.ovn_revision_numbers_db [None req-c1623a82-de47-4edd-bae6-637a013d9384 42205a55d4d449f28c4a3ac1d5f704a0 ee2e3f10c8bc4681bc09bbf596769899 - - default default] Successfully bumped revision number for resource 0505a473-f3eb-43c8-b4f6-56669af1e13a (type: security_group_rules) to 0
2026-05-21 20:47:04.488 10 INFO neutron.db.ovn_revision_numbers_db [None req-c1623a82-de47-4edd-bae6-637a013d9384 42205a55d4d449f28c4a3ac1d5f704a0 ee2e3f10c8bc4681bc09bbf596769899 - - default default] Successfully bumped revision number for resource 7e65d33a-ae3a-44a8-bdb6-3ede4cbc9d07 (type: security_group_rules) to 0
2026-05-21 20:47:04.507 10 INFO neutron.db.ovn_revision_numbers_db [None req-c1623a82-de47-4edd-bae6-637a013d9384 42205a55d4d449f28c4a3ac1d5f704a0 ee2e3f10c8bc4681bc09bbf596769899 - - default default] Successfully bumped revision number for resource d20fbc22-e75d-435b-ad68-31d67fe93bba (type: security_group_rules) to 0
2026-05-21 20:47:04.513 9 INFO neutron.db.ovn_revision_numbers_db [None req-355c1868-61e6-4031-b1f9-b9f84424c03a 29afe15562f844209a0b58d2304dc641 c6ed6d0bf173424ea41ae4bc3f852900 - - default default] Successfully bumped revision number for resource 54db7285-f0c5-4d48-b2c3-60a874dfc3a1 (type: security_group_rules) to 0
2026-05-21 20:47:04.531 10 INFO neutron.db.ovn_revision_numbers_db [None req-c1623a82-de47-4edd-bae6-637a013d9384 42205a55d4d449f28c4a3ac1d5f704a0 ee2e3f10c8bc4681bc09bbf596769899 - - default default] Successfully bumped revision number for resource fe9cea40-8a4d-47ca-9155-1148a0f12bc9 (type: security_group_rules) to 0
2026-05-21 20:47:04.554 9 INFO neutron.api.wsgi [None req-355c1868-61e6-4031-b1f9-b9f84424c03a 29afe15562f844209a0b58d2304dc641 c6ed6d0bf173424ea41ae4bc3f852900 - - default default] 10.0.0.246 "POST /v2.0/security-group-rules HTTP/1.1" status: 201 len: 795 time: 0.1937268
2026-05-21 20:47:04.565 9 WARNING neutron_lib.context [None req-4127c489-52ac-4eec-b1c8-115ab056b886 29afe15562f844209a0b58d2304dc641 c6ed6d0bf173424ea41ae4bc3f852900 - - default default] Method 'is_advsvc' is deprecated since 2023.2 release (neutron-lib 3.8.0) and will be removed once support for the old RBAC API policies will be removed from Neutron. Please use method 'is_service_role' instead.
2026-05-21 20:47:04.615 10 INFO neutron.db.segments_db [None req-c1623a82-de47-4edd-bae6-637a013d9384 42205a55d4d449f28c4a3ac1d5f704a0 ee2e3f10c8bc4681bc09bbf596769899 - - default default] Added segment 4e29b8ba-a0f8-411f-831d-26e544ad117b of type geneve for network f5dc8dc7-78b7-4305-8005-e9b20b1e87a0
2026-05-21 20:47:04.702 9 INFO neutron.db.ovn_revision_numbers_db [None req-4127c489-52ac-4eec-b1c8-115ab056b886 29afe15562f844209a0b58d2304dc641 c6ed6d0bf173424ea41ae4bc3f852900 - - default default] Successfully bumped revision number for resource 4eed76fd-7fd0-4793-b593-9c55da607045 (type: security_group_rules) to 0
2026-05-21 20:47:04.742 9 INFO neutron.api.wsgi [None req-4127c489-52ac-4eec-b1c8-115ab056b886 29afe15562f844209a0b58d2304dc641 c6ed6d0bf173424ea41ae4bc3f852900 - - default default] 10.0.0.246 "POST /v2.0/security-group-rules HTTP/1.1" status: 201 len: 801 time: 0.1812148
2026-05-21 20:47:04.755 9 WARNING neutron_lib.context [None req-84d773c4-5030-48c4-834a-8cf735618bba 29afe15562f844209a0b58d2304dc641 c6ed6d0bf173424ea41ae4bc3f852900 - - default default] Method 'is_advsvc' is deprecated since 2023.2 release (neutron-lib 3.8.0) and will be removed once support for the old RBAC API policies will be removed from Neutron. Please use method 'is_service_role' instead.
2026-05-21 20:47:04.762 10 INFO neutron.db.ovn_revision_numbers_db [None req-c1623a82-de47-4edd-bae6-637a013d9384 42205a55d4d449f28c4a3ac1d5f704a0 ee2e3f10c8bc4681bc09bbf596769899 - - default default] Successfully bumped revision number for resource f5dc8dc7-78b7-4305-8005-e9b20b1e87a0 (type: networks) to 1
2026-05-21 20:47:04.896 9 INFO neutron.db.ovn_revision_numbers_db [None req-84d773c4-5030-48c4-834a-8cf735618bba 29afe15562f844209a0b58d2304dc641 c6ed6d0bf173424ea41ae4bc3f852900 - - default default] Successfully bumped revision number for resource e9ac319d-022c-42ae-aa41-54643a607863 (type: security_group_rules) to 0
2026-05-21 20:47:04.932 9 INFO neutron.api.wsgi [None req-84d773c4-5030-48c4-834a-8cf735618bba 29afe15562f844209a0b58d2304dc641 c6ed6d0bf173424ea41ae4bc3f852900 - - default default] 10.0.0.246 "POST /v2.0/security-group-rules HTTP/1.1" status: 201 len: 800 time: 0.1817408
2026-05-21 20:47:04.944 9 WARNING neutron_lib.context [None req-861bf02e-1194-42d9-8dba-1f0b68c43088 29afe15562f844209a0b58d2304dc641 c6ed6d0bf173424ea41ae4bc3f852900 - - default default] Method 'is_advsvc' is deprecated since 2023.2 release (neutron-lib 3.8.0) and will be removed once support for the old RBAC API policies will be removed from Neutron. Please use method 'is_service_role' instead.
2026-05-21 20:47:04.973 9 INFO neutron.db.securitygroups_db [None req-861bf02e-1194-42d9-8dba-1f0b68c43088 29afe15562f844209a0b58d2304dc641 c6ed6d0bf173424ea41ae4bc3f852900 - - default default] Project c6ed6d0bf173424ea41ae4bc3f852900 added a security group rule with legacy IPv6 ICMP protocol name icmp, ipv6-icmp should be used instead. It was automatically converted.
2026-05-21 20:47:05.016 10 WARNING neutron.scheduler.dhcp_agent_scheduler [None req-c1623a82-de47-4edd-bae6-637a013d9384 42205a55d4d449f28c4a3ac1d5f704a0 ee2e3f10c8bc4681bc09bbf596769899 - - default default] No more DHCP agents
2026-05-21 20:47:05.018 10 WARNING neutron.api.rpc.agentnotifiers.dhcp_rpc_agent_api [None req-c1623a82-de47-4edd-bae6-637a013d9384 42205a55d4d449f28c4a3ac1d5f704a0 ee2e3f10c8bc4681bc09bbf596769899 - - default default] Unable to schedule network f5dc8dc7-78b7-4305-8005-e9b20b1e87a0: no agents available; will retry on subsequent port and subnet creation events.
2026-05-21 20:47:05.085 9 INFO neutron.db.ovn_revision_numbers_db [None req-861bf02e-1194-42d9-8dba-1f0b68c43088 29afe15562f844209a0b58d2304dc641 c6ed6d0bf173424ea41ae4bc3f852900 - - default default] Successfully bumped revision number for resource e683d1c8-d087-4da3-9d2a-0b1582e7aa54 (type: security_group_rules) to 0
2026-05-21 20:47:05.100 10 INFO neutron.db.ovn_revision_numbers_db [None req-a0bdd490-f122-42bc-a9c3-78ac2ec0d18f 61ab6293e2234a2a9de4281143ec31a0 b3f58bab78cf4d5cba90882365d00150 - - default default] Successfully bumped revision number for resource 1e573466-3fc8-4f92-bc92-c44c61b4313f (type: router_ports) to 1
2026-05-21 20:47:05.105 10 INFO neutron.api.wsgi [None req-a0bdd490-f122-42bc-a9c3-78ac2ec0d18f 61ab6293e2234a2a9de4281143ec31a0 b3f58bab78cf4d5cba90882365d00150 - - default default] 10.0.0.246 "PUT /v2.0/routers/bbdc57be-86e2-4ae2-ab60-208188aa051d/add_router_interface HTTP/1.1" status: 200 len: 503 time: 2.4754207
2026-05-21 20:47:05.111 9 INFO neutron.api.wsgi [None req-861bf02e-1194-42d9-8dba-1f0b68c43088 29afe15562f844209a0b58d2304dc641 c6ed6d0bf173424ea41ae4bc3f852900 - - default default] 10.0.0.246 "POST /v2.0/security-group-rules HTTP/1.1" status: 201 len: 806 time: 0.1720424
2026-05-21 20:47:05.116 10 INFO neutron.db.ovn_revision_numbers_db [None req-c1623a82-de47-4edd-bae6-637a013d9384 42205a55d4d449f28c4a3ac1d5f704a0 ee2e3f10c8bc4681bc09bbf596769899 - - default default] Successfully bumped revision number for resource 5575ec53-2e5b-4a37-948d-80e0c4d03227 (type: ports) to 1
2026-05-21 20:47:05.125 10 WARNING neutron_lib.context [None req-aa6ff360-6c81-448e-a588-65b3c458f7ad 29afe15562f844209a0b58d2304dc641 c6ed6d0bf173424ea41ae4bc3f852900 - - default default] Method 'is_advsvc' is deprecated since 2023.2 release (neutron-lib 3.8.0) and will be removed once support for the old RBAC API policies will be removed from Neutron. Please use method 'is_service_role' instead.
2026-05-21 20:47:05.158 10 INFO neutron.api.wsgi [None req-c1623a82-de47-4edd-bae6-637a013d9384 42205a55d4d449f28c4a3ac1d5f704a0 ee2e3f10c8bc4681bc09bbf596769899 - - default default] 10.0.0.246 "POST /v2.0/networks HTTP/1.1" status: 201 len: 830 time: 0.9900954
2026-05-21 20:47:05.171 9 WARNING neutron_lib.context [None req-97fa66a2-d03f-4681-908b-fb272723ca91 42205a55d4d449f28c4a3ac1d5f704a0 ee2e3f10c8bc4681bc09bbf596769899 - - default default] Method 'is_advsvc' is deprecated since 2023.2 release (neutron-lib 3.8.0) and will be removed once support for the old RBAC API policies will be removed from Neutron. Please use method 'is_service_role' instead.
2026-05-21 20:47:05.202 10 INFO neutron.db.securitygroups_db [None req-aa6ff360-6c81-448e-a588-65b3c458f7ad 29afe15562f844209a0b58d2304dc641 c6ed6d0bf173424ea41ae4bc3f852900 - - default default] Project c6ed6d0bf173424ea41ae4bc3f852900 added a security group rule with legacy IPv6 ICMP protocol name icmp, ipv6-icmp should be used instead. It was automatically converted.
2026-05-21 20:47:05.347 10 INFO neutron.db.ovn_revision_numbers_db [None req-aa6ff360-6c81-448e-a588-65b3c458f7ad 29afe15562f844209a0b58d2304dc641 c6ed6d0bf173424ea41ae4bc3f852900 - - default default] Successfully bumped revision number for resource 1463a46b-dfef-49d2-998c-b2e7b714ab99 (type: security_group_rules) to 0
2026-05-21 20:47:05.391 10 INFO neutron.api.wsgi [None req-aa6ff360-6c81-448e-a588-65b3c458f7ad 29afe15562f844209a0b58d2304dc641 c6ed6d0bf173424ea41ae4bc3f852900 - - default default] 10.0.0.246 "POST /v2.0/security-group-rules HTTP/1.1" status: 201 len: 805 time: 0.2724919
2026-05-21 20:47:05.428 9 WARNING neutron.scheduler.dhcp_agent_scheduler [None req-97fa66a2-d03f-4681-908b-fb272723ca91 42205a55d4d449f28c4a3ac1d5f704a0 ee2e3f10c8bc4681bc09bbf596769899 - - default default] No more DHCP agents
2026-05-21 20:47:05.430 9 WARNING neutron.api.rpc.agentnotifiers.dhcp_rpc_agent_api [None req-97fa66a2-d03f-4681-908b-fb272723ca91 42205a55d4d449f28c4a3ac1d5f704a0 ee2e3f10c8bc4681bc09bbf596769899 - - default default] Unable to schedule network f5dc8dc7-78b7-4305-8005-e9b20b1e87a0: no agents available; will retry on subsequent port and subnet creation events.
2026-05-21 20:47:05.523 9 INFO neutron.db.ovn_revision_numbers_db [None req-97fa66a2-d03f-4681-908b-fb272723ca91 42205a55d4d449f28c4a3ac1d5f704a0 ee2e3f10c8bc4681bc09bbf596769899 - - default default] Successfully bumped revision number for resource ef746d2f-83e5-4e0a-adef-0a7fd30ad71b (type: ports) to 1
2026-05-21 20:47:05.553 9 INFO neutron.api.wsgi [None req-97fa66a2-d03f-4681-908b-fb272723ca91 42205a55d4d449f28c4a3ac1d5f704a0 ee2e3f10c8bc4681bc09bbf596769899 - - default default] 10.0.0.246 "POST /v2.0/ports HTTP/1.1" status: 201 len: 942 time: 0.3858526 /var/lib/openstack/lib/python3.12/site-packages/pycadf/identifier.py:71: UserWarning: Invalid uuid: neutron. To ensure interoperability, identifiers should be a valid uuid. warnings.warn(('Invalid uuid: %s. To ensure interoperability, '
2026-05-21 20:47:05.566 9 WARNING neutron_lib.context [None req-ef320dc4-2021-4d19-80b0-59aa88d19662 42205a55d4d449f28c4a3ac1d5f704a0 ee2e3f10c8bc4681bc09bbf596769899 - - default default] Method 'is_advsvc' is deprecated since 2023.2 release (neutron-lib 3.8.0) and will be removed once support for the old RBAC API policies will be removed from Neutron. Please use method 'is_service_role' instead.
2026-05-21 20:47:05.847 9 INFO neutron.api.wsgi [None req-ef320dc4-2021-4d19-80b0-59aa88d19662 42205a55d4d449f28c4a3ac1d5f704a0 ee2e3f10c8bc4681bc09bbf596769899 - - default default] 10.0.0.246 "POST /v2.0/trunks HTTP/1.1" status: 201 len: 608 time: 0.2857485
2026-05-21 20:47:05.860 9 WARNING neutron_lib.context [None req-6c677ae4-72bf-4cdf-8871-c37a1a0b3a1a 42205a55d4d449f28c4a3ac1d5f704a0 ee2e3f10c8bc4681bc09bbf596769899 - - default default] Method 'is_advsvc' is deprecated since 2023.2 release (neutron-lib 3.8.0) and will be removed once support for the old RBAC API policies will be removed from Neutron. Please use method 'is_service_role' instead.
2026-05-21 20:47:05.950 9 INFO neutron.db.segments_db [None req-6c677ae4-72bf-4cdf-8871-c37a1a0b3a1a 42205a55d4d449f28c4a3ac1d5f704a0 ee2e3f10c8bc4681bc09bbf596769899 - - default default] Added segment acaec7ac-ccd8-4dee-bf6f-24da3c7e1978 of type geneve for network 9d0597b6-4136-4177-9132-a58d214b455b
2026-05-21 20:47:05.954 10 WARNING neutron.plugins.ml2.drivers.ovn.mech_driver.ovsdb.ovn_client [None req-ee6275b1-252d-43ad-b4c7-eceee93ce2d5 - - - - - -] No port found with ID c5f0665b-f6be-46f5-8083-7b510f570fa5: RuntimeError: No port found with ID c5f0665b-f6be-46f5-8083-7b510f570fa5
2026-05-21 20:47:05.954 10 INFO neutron.plugins.ml2.drivers.ovn.mech_driver.mech_driver [None req-ee6275b1-252d-43ad-b4c7-eceee93ce2d5 - - - - - -] OVN reports status up for port: 42d2284c-4059-4acf-8d80-71e221057c12
2026-05-21 20:47:05.962 10 INFO neutron.plugins.ml2.plugin [None req-ee6275b1-252d-43ad-b4c7-eceee93ce2d5 - - - - - -] Attempt 1 to provision port 42d2284c-4059-4acf-8d80-71e221057c12
2026-05-21 20:47:06.117 9 INFO neutron.db.ovn_revision_numbers_db [None req-6c677ae4-72bf-4cdf-8871-c37a1a0b3a1a 42205a55d4d449f28c4a3ac1d5f704a0 ee2e3f10c8bc4681bc09bbf596769899 - - default default] Successfully bumped revision number for resource 9d0597b6-4136-4177-9132-a58d214b455b (type: networks) to 1
2026-05-21 20:47:06.197 9 INFO neutron.api.wsgi [None req-4ab72a6b-6f77-4fb6-a5bd-62127b14f540 29afe15562f844209a0b58d2304dc641 c6ed6d0bf173424ea41ae4bc3f852900 - - default default] 10.0.0.246 "GET /v2.0/networks HTTP/1.1" status: 200 len: 1493 time: 0.3958824
2026-05-21 20:47:06.308 9 WARNING neutron.scheduler.dhcp_agent_scheduler [None req-6c677ae4-72bf-4cdf-8871-c37a1a0b3a1a 42205a55d4d449f28c4a3ac1d5f704a0 ee2e3f10c8bc4681bc09bbf596769899 - - default default] No more DHCP agents
2026-05-21 20:47:06.310 9 WARNING neutron.api.rpc.agentnotifiers.dhcp_rpc_agent_api [None req-6c677ae4-72bf-4cdf-8871-c37a1a0b3a1a 42205a55d4d449f28c4a3ac1d5f704a0 ee2e3f10c8bc4681bc09bbf596769899 - - default default] Unable to schedule network 9d0597b6-4136-4177-9132-a58d214b455b: no agents available; will retry on subsequent port and subnet creation events.
2026-05-21 20:47:06.335 9 INFO neutron.api.wsgi [req-b0131609-1284-4b81-96a1-ff01ff537916 req-83ffd9fe-e8b2-4452-86d2-f9943af56a24 29afe15562f844209a0b58d2304dc641 c6ed6d0bf173424ea41ae4bc3f852900 - - default default] 10.0.0.51 "GET /v2.0/security-groups?name=tempest-secgroup-smoke-59363367&fields=id&tenant_id=c6ed6d0bf173424ea41ae4bc3f852900 HTTP/1.1" status: 200 len: 267 time: 0.0431540
2026-05-21 20:47:06.398 9 INFO neutron.db.ovn_revision_numbers_db [None req-6c677ae4-72bf-4cdf-8871-c37a1a0b3a1a 42205a55d4d449f28c4a3ac1d5f704a0 ee2e3f10c8bc4681bc09bbf596769899 - - default default] Successfully bumped revision number for resource 9cca6dd8-5be8-4145-86b0-dd3b927f5267 (type: ports) to 1
2026-05-21 20:47:06.417 9 INFO neutron.api.wsgi [req-b0131609-1284-4b81-96a1-ff01ff537916 req-6ccbfb2c-35c4-450a-bb82-cb9610becb5d 29afe15562f844209a0b58d2304dc641 c6ed6d0bf173424ea41ae4bc3f852900 - - default default] 10.0.0.51 "GET /v2.0/networks?id=132d2eb9-80e2-4181-960c-b71d149157bc HTTP/1.1" status: 200 len: 860 time: 0.0760472
2026-05-21 20:47:06.433 9 INFO neutron.api.wsgi [None req-6c677ae4-72bf-4cdf-8871-c37a1a0b3a1a 42205a55d4d449f28c4a3ac1d5f704a0 ee2e3f10c8bc4681bc09bbf596769899 - - default default] 10.0.0.246 "POST /v2.0/networks HTTP/1.1" status: 201 len: 831 time: 0.5773880
2026-05-21 20:47:06.438 9 INFO neutron.api.wsgi [req-b0131609-1284-4b81-96a1-ff01ff537916 req-b81db4fa-bfae-4306-9963-da5387b41ce9 29afe15562f844209a0b58d2304dc641 c6ed6d0bf173424ea41ae4bc3f852900 - - default default] 10.0.0.51 "GET /v2.0/quotas/c6ed6d0bf173424ea41ae4bc3f852900 HTTP/1.1" status: 200 len: 491 time: 0.0148814
2026-05-21 20:47:06.445 10 WARNING neutron_lib.context [None req-e3a0f7eb-b507-40fb-81cb-767b9138239f 42205a55d4d449f28c4a3ac1d5f704a0 ee2e3f10c8bc4681bc09bbf596769899 - - default default] Method 'is_advsvc' is deprecated since 2023.2 release (neutron-lib 3.8.0) and will be removed once support for the old RBAC API policies will be removed from Neutron. Please use method 'is_service_role' instead.
2026-05-21 20:47:06.475 10 INFO neutron.db.ovn_revision_numbers_db [None req-ee6275b1-252d-43ad-b4c7-eceee93ce2d5 - - - - - -] Successfully bumped revision number for resource 42d2284c-4059-4acf-8d80-71e221057c12 (type: ports) to 2
2026-05-21 20:47:06.524 10 INFO neutron.db.ovn_revision_numbers_db [None req-60192ae7-f616-41d1-9313-fe5ad8721976 61ab6293e2234a2a9de4281143ec31a0 b3f58bab78cf4d5cba90882365d00150 - - default default] Successfully bumped revision number for resource 674a630b-2101-4e9d-bdb0-305fcdea6101 (type: security_groups) to 1
2026-05-21 20:47:06.530 9 INFO neutron.api.wsgi [req-b0131609-1284-4b81-96a1-ff01ff537916 req-1afe39ee-3899-45cb-a752-979febaae0fa 29afe15562f844209a0b58d2304dc641 c6ed6d0bf173424ea41ae4bc3f852900 - - default default] 10.0.0.51 "GET /v2.0/ports?tenant_id=c6ed6d0bf173424ea41ae4bc3f852900&fields=id HTTP/1.1" status: 200 len: 302 time: 0.0847363
2026-05-21 20:47:06.548 10 INFO neutron.db.ovn_revision_numbers_db [None req-60192ae7-f616-41d1-9313-fe5ad8721976 61ab6293e2234a2a9de4281143ec31a0 b3f58bab78cf4d5cba90882365d00150 - - default default] Successfully bumped revision number for resource 061ce874-186d-4115-8dd0-3f56767f8a32 (type: security_group_rules) to 0
2026-05-21 20:47:06.575 10 INFO neutron.db.ovn_revision_numbers_db [None req-60192ae7-f616-41d1-9313-fe5ad8721976 61ab6293e2234a2a9de4281143ec31a0 b3f58bab78cf4d5cba90882365d00150 - - default default] Successfully bumped revision number for resource 0d214598-f49e-4fd9-917f-4d4a24e1893b (type: security_group_rules) to 0
2026-05-21 20:47:06.586 9 INFO neutron.api.wsgi [req-b0131609-1284-4b81-96a1-ff01ff537916 req-8bc8a805-161c-4f7e-80c7-f60f9462d704 ed43b95edf94438e8c0f39cb43b9645c f729cf6bc5ef425a98d92696e4751bef - - 9a3d968ebfc1409faebfb5f1a7d96120 9a3d968ebfc1409faebfb5f1a7d96120] 10.0.0.51 "GET /v2.0/networks/132d2eb9-80e2-4181-960c-b71d149157bc?fields=segments HTTP/1.1" status: 200 len: 212 time: 0.0391695
2026-05-21 20:47:06.600 10 INFO neutron.db.ovn_revision_numbers_db [None req-60192ae7-f616-41d1-9313-fe5ad8721976 61ab6293e2234a2a9de4281143ec31a0 b3f58bab78cf4d5cba90882365d00150 - - default default] Successfully bumped revision number for resource 1164d706-d29e-417c-a76c-0cdc9469a158 (type: security_group_rules) to 0
2026-05-21 20:47:06.624 10 INFO neutron.db.ovn_revision_numbers_db [None req-60192ae7-f616-41d1-9313-fe5ad8721976 61ab6293e2234a2a9de4281143ec31a0 b3f58bab78cf4d5cba90882365d00150 - - default default] Successfully bumped revision number for resource dcc2a247-2249-45ee-970f-e9a4cde91860 (type: security_group_rules) to 0
2026-05-21 20:47:06.636 9 INFO neutron.api.wsgi [req-b0131609-1284-4b81-96a1-ff01ff537916 req-e47fb0a9-653a-4f96-b63d-cb5020220554 ed43b95edf94438e8c0f39cb43b9645c f729cf6bc5ef425a98d92696e4751bef - - 9a3d968ebfc1409faebfb5f1a7d96120 9a3d968ebfc1409faebfb5f1a7d96120] 10.0.0.51 "GET /v2.0/networks/132d2eb9-80e2-4181-960c-b71d149157bc?fields=provider%3Aphysical_network&fields=provider%3Anetwork_type HTTP/1.1" status: 200 len: 277 time: 0.0438924
2026-05-21 20:47:06.715 10 INFO neutron.db.segments_db [None req-60192ae7-f616-41d1-9313-fe5ad8721976 61ab6293e2234a2a9de4281143ec31a0 b3f58bab78cf4d5cba90882365d00150 - - default default] Added segment 59ca5c34-0947-4218-87c3-a5cc5580664d of type geneve for network 2cf519ea-052b-4b55-856a-84b95821e507 /var/lib/openstack/lib/python3.12/site-packages/pycadf/identifier.py:71: UserWarning: Invalid uuid: neutron. To ensure interoperability, identifiers should be a valid uuid. warnings.warn(('Invalid uuid: %s. To ensure interoperability, '
2026-05-21 20:47:06.794 10 INFO neutron.api.wsgi [req-45355497-b589-485e-bd29-6afb26e2c320 req-b9d0ecd9-8d95-4282-a315-01386f0109f5 29afe15562f844209a0b58d2304dc641 c6ed6d0bf173424ea41ae4bc3f852900 - - default default] 10.0.0.51 "GET /v2.0/ports?device_id=d9bb0252-b70a-432a-a10a-ca07ee395748 HTTP/1.1" status: 200 len: 210 time: 0.0251274
2026-05-21 20:47:06.813 10 WARNING neutron.scheduler.dhcp_agent_scheduler [None req-e3a0f7eb-b507-40fb-81cb-767b9138239f 42205a55d4d449f28c4a3ac1d5f704a0 ee2e3f10c8bc4681bc09bbf596769899 - - default default] No more DHCP agents
2026-05-21 20:47:06.816 10 WARNING neutron.api.rpc.agentnotifiers.dhcp_rpc_agent_api [None req-e3a0f7eb-b507-40fb-81cb-767b9138239f 42205a55d4d449f28c4a3ac1d5f704a0 ee2e3f10c8bc4681bc09bbf596769899 - - default default] Unable to schedule network 9d0597b6-4136-4177-9132-a58d214b455b: no agents available; will retry on subsequent port and subnet creation events.
2026-05-21 20:47:06.871 10 INFO neutron.db.ovn_revision_numbers_db [None req-60192ae7-f616-41d1-9313-fe5ad8721976 61ab6293e2234a2a9de4281143ec31a0 b3f58bab78cf4d5cba90882365d00150 - - default default] Successfully bumped revision number for resource 2cf519ea-052b-4b55-856a-84b95821e507 (type: networks) to 1
2026-05-21 20:47:06.903 10 INFO neutron.db.ovn_revision_numbers_db [None req-e3a0f7eb-b507-40fb-81cb-767b9138239f 42205a55d4d449f28c4a3ac1d5f704a0 ee2e3f10c8bc4681bc09bbf596769899 - - default default] Successfully bumped revision number for resource 8d73a542-c7cc-4e5b-8992-aecdfcca2b7b (type: ports) to 1
2026-05-21 20:47:06.940 10 INFO neutron.api.wsgi [None req-e3a0f7eb-b507-40fb-81cb-767b9138239f 42205a55d4d449f28c4a3ac1d5f704a0 ee2e3f10c8bc4681bc09bbf596769899 - - default default] 10.0.0.246 "POST /v2.0/ports HTTP/1.1" status: 201 len: 942 time: 0.4995785
2026-05-21 20:47:06.953 9 WARNING neutron_lib.context [None req-3afbc810-4d6f-4b2a-9744-d264e8b5f6a9 42205a55d4d449f28c4a3ac1d5f704a0 ee2e3f10c8bc4681bc09bbf596769899 - - default default] Method 'is_advsvc' is deprecated since 2023.2 release (neutron-lib 3.8.0) and will be removed once support for the old RBAC API policies will be removed from Neutron. Please use method 'is_service_role' instead.
2026-05-21 20:47:07.076 10 WARNING neutron.scheduler.dhcp_agent_scheduler [None req-60192ae7-f616-41d1-9313-fe5ad8721976 61ab6293e2234a2a9de4281143ec31a0 b3f58bab78cf4d5cba90882365d00150 - - default default] No more DHCP agents
2026-05-21 20:47:07.078 10 WARNING neutron.api.rpc.agentnotifiers.dhcp_rpc_agent_api [None req-60192ae7-f616-41d1-9313-fe5ad8721976 61ab6293e2234a2a9de4281143ec31a0 b3f58bab78cf4d5cba90882365d00150 - - default default] Unable to schedule network 2cf519ea-052b-4b55-856a-84b95821e507: no agents available; will retry on subsequent port and subnet creation events.
2026-05-21 20:47:07.121 9 INFO neutron.api.wsgi [None req-3afbc810-4d6f-4b2a-9744-d264e8b5f6a9 42205a55d4d449f28c4a3ac1d5f704a0 ee2e3f10c8bc4681bc09bbf596769899 - - default default] 10.0.0.246 "POST /v2.0/trunks HTTP/1.1" status: 201 len: 608 time: 0.1745586
2026-05-21 20:47:07.131 9 WARNING neutron_lib.context [None req-0ea19c14-491c-4519-b46c-17e34b129875 42205a55d4d449f28c4a3ac1d5f704a0 ee2e3f10c8bc4681bc09bbf596769899 - - default default] Method 'is_advsvc' is deprecated since 2023.2 release (neutron-lib 3.8.0) and will be removed once support for the old RBAC API policies will be removed from Neutron. Please use method 'is_service_role' instead.
2026-05-21 20:47:07.156 10 INFO neutron.db.ovn_revision_numbers_db [None req-60192ae7-f616-41d1-9313-fe5ad8721976 61ab6293e2234a2a9de4281143ec31a0 b3f58bab78cf4d5cba90882365d00150 - - default default] Successfully bumped revision number for resource 88075792-91d3-4986-b892-dbcefc0e1356 (type: ports) to 1
2026-05-21 20:47:07.181 10 INFO neutron.api.wsgi [None req-60192ae7-f616-41d1-9313-fe5ad8721976 61ab6293e2234a2a9de4281143ec31a0 b3f58bab78cf4d5cba90882365d00150 - - default default] 10.0.0.246 "POST /v2.0/networks HTTP/1.1" status: 201 len: 941 time: 0.8745930
2026-05-21 20:47:07.233 9 INFO neutron.db.segments_db [None req-0ea19c14-491c-4519-b46c-17e34b129875 42205a55d4d449f28c4a3ac1d5f704a0 ee2e3f10c8bc4681bc09bbf596769899 - - default default] Added segment d8da273f-4e10-4fcb-9ed4-967bce868fa5 of type geneve for network b05335a9-3aba-4f04-ada5-43cfaaa9c92f
2026-05-21 20:47:07.417 9 WARNING neutron.scheduler.dhcp_agent_scheduler [None req-d93c4864-2d24-48c1-a5f3-ac51c950a4f6 61ab6293e2234a2a9de4281143ec31a0 b3f58bab78cf4d5cba90882365d00150 - - default default] No more DHCP agents
2026-05-21 20:47:07.419 9 WARNING neutron.api.rpc.agentnotifiers.dhcp_rpc_agent_api [None req-d93c4864-2d24-48c1-a5f3-ac51c950a4f6 61ab6293e2234a2a9de4281143ec31a0 b3f58bab78cf4d5cba90882365d00150 - - default default] Unable to schedule network 2cf519ea-052b-4b55-856a-84b95821e507: no agents available; will retry on subsequent port and subnet creation events.
2026-05-21 20:47:07.438 9 INFO neutron.db.ovn_revision_numbers_db [None req-0ea19c14-491c-4519-b46c-17e34b129875 42205a55d4d449f28c4a3ac1d5f704a0 ee2e3f10c8bc4681bc09bbf596769899 - - default default] Successfully bumped revision number for resource b05335a9-3aba-4f04-ada5-43cfaaa9c92f (type: networks) to 1
2026-05-21 20:47:07.625 9 WARNING neutron.scheduler.dhcp_agent_scheduler [None req-0ea19c14-491c-4519-b46c-17e34b129875 42205a55d4d449f28c4a3ac1d5f704a0 ee2e3f10c8bc4681bc09bbf596769899 - - default default] No more DHCP agents
2026-05-21 20:47:07.627 9 WARNING neutron.api.rpc.agentnotifiers.dhcp_rpc_agent_api [None req-0ea19c14-491c-4519-b46c-17e34b129875 42205a55d4d449f28c4a3ac1d5f704a0 ee2e3f10c8bc4681bc09bbf596769899 - - default default] Unable to schedule network b05335a9-3aba-4f04-ada5-43cfaaa9c92f: no agents available; will retry on subsequent port and subnet creation events.
2026-05-21 20:47:07.702 9 INFO neutron.db.ovn_revision_numbers_db [None req-0ea19c14-491c-4519-b46c-17e34b129875 42205a55d4d449f28c4a3ac1d5f704a0 ee2e3f10c8bc4681bc09bbf596769899 - - default default] Successfully bumped revision number for resource 96c637dc-fc26-439e-8d6b-bf20ce6a7435 (type: ports) to 1
2026-05-21 20:47:07.728 9 INFO neutron.api.wsgi [None req-0ea19c14-491c-4519-b46c-17e34b129875 42205a55d4d449f28c4a3ac1d5f704a0 ee2e3f10c8bc4681bc09bbf596769899 - - default default] 10.0.0.246 "POST /v2.0/networks HTTP/1.1" status: 201 len: 830 time: 0.6009541 /var/lib/openstack/lib/python3.12/site-packages/pycadf/identifier.py:71: UserWarning: Invalid uuid: neutron. To ensure interoperability, identifiers should be a valid uuid. warnings.warn(('Invalid uuid: %s. To ensure interoperability, '
2026-05-21 20:47:07.742 10 WARNING neutron_lib.context [None req-a29e9b6e-bfb3-4c96-a161-df05feeb7d11 42205a55d4d449f28c4a3ac1d5f704a0 ee2e3f10c8bc4681bc09bbf596769899 - - default default] Method 'is_advsvc' is deprecated since 2023.2 release (neutron-lib 3.8.0) and will be removed once support for the old RBAC API policies will be removed from Neutron. Please use method 'is_service_role' instead.
2026-05-21 20:47:07.894 9 INFO neutron.api.wsgi [req-2a5f3be5-4031-4945-be97-2f1599a6d83b req-5258d598-8dea-4237-8f54-4e0c9e5a9c1f 29afe15562f844209a0b58d2304dc641 c6ed6d0bf173424ea41ae4bc3f852900 - - default default] 10.0.0.51 "GET /v2.0/ports?device_id=d9bb0252-b70a-432a-a10a-ca07ee395748 HTTP/1.1" status: 200 len: 210 time: 0.0252502
2026-05-21 20:47:07.938 9 INFO neutron.db.ovn_revision_numbers_db [None req-87b218db-75cc-462f-975c-6743c4c8f3c3 - - - - - -] Successfully bumped revision number for resource 88075792-91d3-4986-b892-dbcefc0e1356 (type: ports) to 2
2026-05-21 20:47:07.976 9 INFO neutron.db.ovn_revision_numbers_db [None req-87b218db-75cc-462f-975c-6743c4c8f3c3 - - - - - -] Successfully bumped revision number for resource 809bd00e-c93a-480e-bd02-8b846d294409 (type: subnets) to 0
2026-05-21 20:47:07.994 9 INFO neutron.api.wsgi [None req-d93c4864-2d24-48c1-a5f3-ac51c950a4f6 61ab6293e2234a2a9de4281143ec31a0 b3f58bab78cf4d5cba90882365d00150 - - default default] 10.0.0.246 "POST /v2.0/subnets HTTP/1.1" status: 201 len: 885 time: 0.8045919
2026-05-21 20:47:08.022 10 WARNING neutron.scheduler.dhcp_agent_scheduler [None req-a29e9b6e-bfb3-4c96-a161-df05feeb7d11 42205a55d4d449f28c4a3ac1d5f704a0 ee2e3f10c8bc4681bc09bbf596769899 - - default default] No more DHCP agents
2026-05-21 20:47:08.024 10 WARNING neutron.api.rpc.agentnotifiers.dhcp_rpc_agent_api [None req-a29e9b6e-bfb3-4c96-a161-df05feeb7d11 42205a55d4d449f28c4a3ac1d5f704a0 ee2e3f10c8bc4681bc09bbf596769899 - - default default] Unable to schedule network b05335a9-3aba-4f04-ada5-43cfaaa9c92f: no agents available; will retry on subsequent port and subnet creation events.
2026-05-21 20:47:08.114 10 INFO neutron.db.ovn_revision_numbers_db [None req-a29e9b6e-bfb3-4c96-a161-df05feeb7d11 42205a55d4d449f28c4a3ac1d5f704a0 ee2e3f10c8bc4681bc09bbf596769899 - - default default] Successfully bumped revision number for resource 309eb3ff-c259-4039-b5a1-f053c1bc8e62 (type: ports) to 1
2026-05-21 20:47:08.142 10 INFO neutron.api.wsgi [None req-a29e9b6e-bfb3-4c96-a161-df05feeb7d11 42205a55d4d449f28c4a3ac1d5f704a0 ee2e3f10c8bc4681bc09bbf596769899 - - default default] 10.0.0.246 "POST /v2.0/ports HTTP/1.1" status: 201 len: 942 time: 0.4072351 /var/lib/openstack/lib/python3.12/site-packages/pycadf/identifier.py:71: UserWarning: Invalid uuid: neutron. To ensure interoperability, identifiers should be a valid uuid. warnings.warn(('Invalid uuid: %s. To ensure interoperability, '
2026-05-21 20:47:08.154 10 WARNING neutron_lib.context [None req-88c5426a-e3c2-41b5-b65e-7f97e2f84bf7 42205a55d4d449f28c4a3ac1d5f704a0 ee2e3f10c8bc4681bc09bbf596769899 - - default default] Method 'is_advsvc' is deprecated since 2023.2 release (neutron-lib 3.8.0) and will be removed once support for the old RBAC API policies will be removed from Neutron. Please use method 'is_service_role' instead.
2026-05-21 20:47:08.488 10 INFO neutron.api.wsgi [None req-88c5426a-e3c2-41b5-b65e-7f97e2f84bf7 42205a55d4d449f28c4a3ac1d5f704a0 ee2e3f10c8bc4681bc09bbf596769899 - - default default] 10.0.0.246 "POST /v2.0/trunks HTTP/1.1" status: 201 len: 608 time: 0.3393824
2026-05-21 20:47:08.496 10 WARNING neutron_lib.context [None req-9fdd2c20-e580-4582-8d77-c8c94d4cc5b5 42205a55d4d449f28c4a3ac1d5f704a0 ee2e3f10c8bc4681bc09bbf596769899 - - default default] Method 'is_advsvc' is deprecated since 2023.2 release (neutron-lib 3.8.0) and will be removed once support for the old RBAC API policies will be removed from Neutron. Please use method 'is_service_role' instead.
2026-05-21 20:47:08.591 10 INFO neutron.db.segments_db [None req-9fdd2c20-e580-4582-8d77-c8c94d4cc5b5 42205a55d4d449f28c4a3ac1d5f704a0 ee2e3f10c8bc4681bc09bbf596769899 - - default default] Added segment 88e7d558-c684-4e8b-8129-f671a94f7aa9 of type geneve for network 5ed8d0b2-43a2-4383-a579-ce1fb79e30f0
2026-05-21 20:47:08.719 10 INFO neutron.db.ovn_revision_numbers_db [None req-9fdd2c20-e580-4582-8d77-c8c94d4cc5b5 42205a55d4d449f28c4a3ac1d5f704a0 ee2e3f10c8bc4681bc09bbf596769899 - - default default] Successfully bumped revision number for resource 5ed8d0b2-43a2-4383-a579-ce1fb79e30f0 (type: networks) to 1
2026-05-21 20:47:08.878 10 WARNING neutron.scheduler.dhcp_agent_scheduler [None req-9fdd2c20-e580-4582-8d77-c8c94d4cc5b5 42205a55d4d449f28c4a3ac1d5f704a0 ee2e3f10c8bc4681bc09bbf596769899 - - default default] No more DHCP agents
2026-05-21 20:47:08.879 10 WARNING neutron.api.rpc.agentnotifiers.dhcp_rpc_agent_api [None req-9fdd2c20-e580-4582-8d77-c8c94d4cc5b5 42205a55d4d449f28c4a3ac1d5f704a0 ee2e3f10c8bc4681bc09bbf596769899 - - default default] Unable to schedule network 5ed8d0b2-43a2-4383-a579-ce1fb79e30f0: no agents available; will retry on subsequent port and subnet creation events.
2026-05-21 20:47:08.882 9 WARNING neutron.scheduler.dhcp_agent_scheduler [None req-bbacff68-e419-4448-8441-bcfc5f6d5e53 61ab6293e2234a2a9de4281143ec31a0 b3f58bab78cf4d5cba90882365d00150 - - default default] No more DHCP agents
2026-05-21 20:47:08.884 9 WARNING neutron.api.rpc.agentnotifiers.dhcp_rpc_agent_api [None req-bbacff68-e419-4448-8441-bcfc5f6d5e53 61ab6293e2234a2a9de4281143ec31a0 b3f58bab78cf4d5cba90882365d00150 - - default default] Unable to schedule network f875c99c-a46d-4763-9a04-9a5b002d17f0: no agents available; will retry on subsequent port and subnet creation events.
2026-05-21 20:47:08.939 10 INFO neutron.db.ovn_revision_numbers_db [None req-9fdd2c20-e580-4582-8d77-c8c94d4cc5b5 42205a55d4d449f28c4a3ac1d5f704a0 ee2e3f10c8bc4681bc09bbf596769899 - - default default] Successfully bumped revision number for resource 4a112f7f-a1bf-4871-9984-402381c63571 (type: ports) to 1
2026-05-21 20:47:08.960 10 INFO neutron.api.wsgi [None req-9fdd2c20-e580-4582-8d77-c8c94d4cc5b5 42205a55d4d449f28c4a3ac1d5f704a0 ee2e3f10c8bc4681bc09bbf596769899 - - default default] 10.0.0.246 "POST /v2.0/networks HTTP/1.1" status: 201 len: 830 time: 0.4686906
2026-05-21 20:47:08.972 9 WARNING neutron_lib.context [None req-92b30e47-b117-47b7-9be4-eb4102804ceb 42205a55d4d449f28c4a3ac1d5f704a0 ee2e3f10c8bc4681bc09bbf596769899 - - default default] Method 'is_advsvc' is deprecated since 2023.2 release (neutron-lib 3.8.0) and will be removed once support for the old RBAC API policies will be removed from Neutron. Please use method 'is_service_role' instead.
2026-05-21 20:47:08.983 10 INFO neutron.api.wsgi [req-6ffc18f2-ab90-4a42-85c5-89b688942534 req-eea8f4a0-16db-4f7b-a63c-01c47ee982fa 29afe15562f844209a0b58d2304dc641 c6ed6d0bf173424ea41ae4bc3f852900 - - default default] 10.0.0.51 "GET /v2.0/ports?device_id=d9bb0252-b70a-432a-a10a-ca07ee395748 HTTP/1.1" status: 200 len: 210 time: 0.0177183
2026-05-21 20:47:09.048 9 INFO neutron.db.ovn_revision_numbers_db [None req-bbacff68-e419-4448-8441-bcfc5f6d5e53 61ab6293e2234a2a9de4281143ec31a0 b3f58bab78cf4d5cba90882365d00150 - - default default] Successfully bumped revision number for resource 74d931b1-0961-4c9a-b692-53981d058931 (type: ports) to 1
2026-05-21 20:47:09.328 9 WARNING neutron.scheduler.dhcp_agent_scheduler [None req-92b30e47-b117-47b7-9be4-eb4102804ceb 42205a55d4d449f28c4a3ac1d5f704a0 ee2e3f10c8bc4681bc09bbf596769899 - - default default] No more DHCP agents
2026-05-21 20:47:09.330 9 WARNING neutron.api.rpc.agentnotifiers.dhcp_rpc_agent_api [None req-92b30e47-b117-47b7-9be4-eb4102804ceb 42205a55d4d449f28c4a3ac1d5f704a0 ee2e3f10c8bc4681bc09bbf596769899 - - default default] Unable to schedule network 5ed8d0b2-43a2-4383-a579-ce1fb79e30f0: no agents available; will retry on subsequent port and subnet creation events.
2026-05-21 20:47:09.420 9 INFO neutron.db.ovn_revision_numbers_db [None req-92b30e47-b117-47b7-9be4-eb4102804ceb 42205a55d4d449f28c4a3ac1d5f704a0 ee2e3f10c8bc4681bc09bbf596769899 - - default default] Successfully bumped revision number for resource ae203893-65a7-4c8e-89ba-6acf56bb3530 (type: ports) to 1
2026-05-21 20:47:09.448 9 INFO neutron.api.wsgi [None req-92b30e47-b117-47b7-9be4-eb4102804ceb 42205a55d4d449f28c4a3ac1d5f704a0 ee2e3f10c8bc4681bc09bbf596769899 - - default default] 10.0.0.246 "POST /v2.0/ports HTTP/1.1" status: 201 len: 942 time: 0.4801753 /var/lib/openstack/lib/python3.12/site-packages/pycadf/identifier.py:71: UserWarning: Invalid uuid: neutron. To ensure interoperability, identifiers should be a valid uuid. warnings.warn(('Invalid uuid: %s. To ensure interoperability, '
2026-05-21 20:47:09.464 9 WARNING neutron_lib.context [None req-b08939c1-8e1b-427f-addb-54a4aee94f1e 42205a55d4d449f28c4a3ac1d5f704a0 ee2e3f10c8bc4681bc09bbf596769899 - - default default] Method 'is_advsvc' is deprecated since 2023.2 release (neutron-lib 3.8.0) and will be removed once support for the old RBAC API policies will be removed from Neutron. Please use method 'is_service_role' instead.
2026-05-21 20:47:09.707 9 INFO neutron.api.wsgi [None req-b08939c1-8e1b-427f-addb-54a4aee94f1e 42205a55d4d449f28c4a3ac1d5f704a0 ee2e3f10c8bc4681bc09bbf596769899 - - default default] 10.0.0.246 "POST /v2.0/trunks HTTP/1.1" status: 201 len: 608 time: 0.2504463
2026-05-21 20:47:09.719 9 WARNING neutron_lib.context [None req-98eb779f-d8c7-46ce-abca-bd702c9e3b18 42205a55d4d449f28c4a3ac1d5f704a0 ee2e3f10c8bc4681bc09bbf596769899 - - default default] Method 'is_advsvc' is deprecated since 2023.2 release (neutron-lib 3.8.0) and will be removed once support for the old RBAC API policies will be removed from Neutron. Please use method 'is_service_role' instead.
2026-05-21 20:47:09.821 9 INFO neutron.db.segments_db [None req-98eb779f-d8c7-46ce-abca-bd702c9e3b18 42205a55d4d449f28c4a3ac1d5f704a0 ee2e3f10c8bc4681bc09bbf596769899 - - default default] Added segment 2dbbd5da-c372-44a6-bcb4-0e301ca1d54e of type geneve for network bdf12b8a-cdc5-4d86-abe0-267c890c81e7
2026-05-21 20:47:09.822 10 INFO neutron.db.ovn_revision_numbers_db [None req-390f8a35-0425-4d53-942a-aeca6fa0cba1 61ab6293e2234a2a9de4281143ec31a0 b3f58bab78cf4d5cba90882365d00150 - - default default] Successfully bumped revision number for resource e77b6b4a-08d3-4616-a1f7-c519e36024b5 (type: security_groups) to 1
2026-05-21 20:47:09.838 10 INFO neutron.db.ovn_revision_numbers_db [None req-390f8a35-0425-4d53-942a-aeca6fa0cba1 61ab6293e2234a2a9de4281143ec31a0 b3f58bab78cf4d5cba90882365d00150 - - default default] Successfully bumped revision number for resource 058869f3-6a97-46c8-9348-a613d43c7254 (type: security_group_rules) to 0
2026-05-21 20:47:09.852 9 INFO neutron.plugins.ml2.drivers.ovn.mech_driver.ovsdb.commands [None req-43466711-3a5e-4c29-8517-2b60524c0b4c - - - - - -] Schedule LRP lrp-74d931b1-0961-4c9a-b692-53981d058931 on gateway e328b36e-ede4-4213-b9be-a4030302f503 with priority 1
2026-05-21 20:47:09.857 10 INFO neutron.db.ovn_revision_numbers_db [None req-390f8a35-0425-4d53-942a-aeca6fa0cba1 61ab6293e2234a2a9de4281143ec31a0 b3f58bab78cf4d5cba90882365d00150 - - default default] Successfully bumped revision number for resource 13b1c0ae-242d-4a18-8eb1-352fed2fdbf5 (type: security_group_rules) to 0
2026-05-21 20:47:09.866 9 INFO neutron.plugins.ml2.drivers.ovn.mech_driver.mech_driver [None req-007109e4-3707-4a4a-805b-dffaae123dff - - - - - -] OVN reports status up for port: 74d931b1-0961-4c9a-b692-53981d058931
2026-05-21 20:47:09.883 10 INFO neutron.db.ovn_revision_numbers_db [None req-390f8a35-0425-4d53-942a-aeca6fa0cba1 61ab6293e2234a2a9de4281143ec31a0 b3f58bab78cf4d5cba90882365d00150 - - default default] Successfully bumped revision number for resource 224cfc6e-65be-4667-b0f6-56b30a1e93b5 (type: security_group_rules) to 0
2026-05-21 20:47:09.903 9 INFO neutron.plugins.ml2.drivers.ovn.mech_driver.ovsdb.ovsdb_monitor [None req-c99ba703-fe37-47ad-8618-95abe47f2190 - - - - - -] Router 40ec8579-9697-4785-8a3a-db634751b306 is bound to host instance
2026-05-21 20:47:09.905 9 INFO neutron.plugins.ml2.plugin [None req-007109e4-3707-4a4a-805b-dffaae123dff - - - - - -] Attempt 1 to provision port 74d931b1-0961-4c9a-b692-53981d058931
2026-05-21 20:47:09.906 10 INFO neutron.db.ovn_revision_numbers_db [None req-390f8a35-0425-4d53-942a-aeca6fa0cba1 61ab6293e2234a2a9de4281143ec31a0 b3f58bab78cf4d5cba90882365d00150 - - default default] Successfully bumped revision number for resource c6a29368-0279-4920-98aa-489eef3e0b64 (type: security_group_rules) to 0
2026-05-21 20:47:09.943 9 INFO neutron.db.ovn_revision_numbers_db [None req-bbacff68-e419-4448-8441-bcfc5f6d5e53 61ab6293e2234a2a9de4281143ec31a0 b3f58bab78cf4d5cba90882365d00150 - - default default] Successfully bumped revision number for resource 74d931b1-0961-4c9a-b692-53981d058931 (type: router_ports) to 1
2026-05-21 20:47:09.944 10 INFO neutron.api.wsgi [None req-390f8a35-0425-4d53-942a-aeca6fa0cba1 61ab6293e2234a2a9de4281143ec31a0 b3f58bab78cf4d5cba90882365d00150 - - default default] 10.0.0.246 "GET /v2.0/security-groups?tenant_id=9d5c091b355f4bcc98d9fb5419f451e4&name=default HTTP/1.1" status: 200 len: 3120 time: 0.8579073
2026-05-21 20:47:10.092 9 INFO neutron.db.ovn_revision_numbers_db [None req-98eb779f-d8c7-46ce-abca-bd702c9e3b18 42205a55d4d449f28c4a3ac1d5f704a0 ee2e3f10c8bc4681bc09bbf596769899 - - default default] Successfully bumped revision number for resource bdf12b8a-cdc5-4d86-abe0-267c890c81e7 (type: networks) to 1
2026-05-21 20:47:10.099 9 INFO neutron.db.ovn_revision_numbers_db [None req-bbacff68-e419-4448-8441-bcfc5f6d5e53 61ab6293e2234a2a9de4281143ec31a0 b3f58bab78cf4d5cba90882365d00150 - - default default] Successfully bumped revision number for resource 40ec8579-9697-4785-8a3a-db634751b306 (type: routers) to 2
2026-05-21 20:47:10.121 9 INFO neutron.api.wsgi [req-cc6f900c-c863-4c99-882a-f0969f0f1657 req-841cdb0e-4bc7-489e-957b-d26e75b788ff 29afe15562f844209a0b58d2304dc641 c6ed6d0bf173424ea41ae4bc3f852900 - - default default] 10.0.0.51 "GET /v2.0/ports?device_id=d9bb0252-b70a-432a-a10a-ca07ee395748 HTTP/1.1" status: 200 len: 210 time: 0.0616066
2026-05-21 20:47:10.135 9 INFO neutron.api.wsgi [None req-bbacff68-e419-4448-8441-bcfc5f6d5e53 61ab6293e2234a2a9de4281143ec31a0 b3f58bab78cf4d5cba90882365d00150 - - default default] 10.0.0.246 "POST /v2.0/routers HTTP/1.1" status: 201 len: 1163 time: 2.1353686
2026-05-21 20:47:10.248 10 INFO neutron.api.wsgi [None req-4b8122c6-4c8b-4934-a1ee-06f660c14a3b 61ab6293e2234a2a9de4281143ec31a0 b3f58bab78cf4d5cba90882365d00150 - - default default] 10.0.0.246 "DELETE /v2.0/security-groups/e77b6b4a-08d3-4616-a1f7-c519e36024b5 HTTP/1.1" status: 204 len: 168 time: 0.2952392
2026-05-21 20:47:10.338 9 WARNING neutron.scheduler.dhcp_agent_scheduler [None req-98eb779f-d8c7-46ce-abca-bd702c9e3b18 42205a55d4d449f28c4a3ac1d5f704a0 ee2e3f10c8bc4681bc09bbf596769899 - - default default] No more DHCP agents
2026-05-21 20:47:10.340 9 WARNING neutron.api.rpc.agentnotifiers.dhcp_rpc_agent_api [None req-98eb779f-d8c7-46ce-abca-bd702c9e3b18 42205a55d4d449f28c4a3ac1d5f704a0 ee2e3f10c8bc4681bc09bbf596769899 - - default default] Unable to schedule network bdf12b8a-cdc5-4d86-abe0-267c890c81e7: no agents available; will retry on subsequent port and subnet creation events.
2026-05-21 20:47:10.443 9 INFO neutron.db.ovn_revision_numbers_db [None req-98eb779f-d8c7-46ce-abca-bd702c9e3b18 42205a55d4d449f28c4a3ac1d5f704a0 ee2e3f10c8bc4681bc09bbf596769899 - - default default] Successfully bumped revision number for resource e092e204-9409-480e-8017-4fec076c0777 (type: ports) to 1
2026-05-21 20:47:10.489 9 INFO neutron.api.wsgi [None req-98eb779f-d8c7-46ce-abca-bd702c9e3b18 42205a55d4d449f28c4a3ac1d5f704a0 ee2e3f10c8bc4681bc09bbf596769899 - - default default] 10.0.0.246 "POST /v2.0/networks HTTP/1.1" status: 201 len: 831 time: 0.7744670
2026-05-21 20:47:10.503 9 WARNING neutron_lib.context [None req-2b7eebd9-b052-4bc2-a41f-c9bb6e77397f 42205a55d4d449f28c4a3ac1d5f704a0 ee2e3f10c8bc4681bc09bbf596769899 - - default default] Method 'is_advsvc' is deprecated since 2023.2 release (neutron-lib 3.8.0) and will be removed once support for the old RBAC API policies will be removed from Neutron. Please use method 'is_service_role' instead.
2026-05-21 20:47:10.556 9 INFO neutron.db.ovn_revision_numbers_db [None req-616e449a-570f-491f-9ef9-8fd57e6ce8bd 61ab6293e2234a2a9de4281143ec31a0 b3f58bab78cf4d5cba90882365d00150 - - default default] Successfully bumped revision number for resource b1701a3e-247c-4025-a751-04f67a91961a (type: security_groups) to 1
2026-05-21 20:47:10.580 9 INFO neutron.db.ovn_revision_numbers_db [None req-616e449a-570f-491f-9ef9-8fd57e6ce8bd 61ab6293e2234a2a9de4281143ec31a0 b3f58bab78cf4d5cba90882365d00150 - - default default] Successfully bumped revision number for resource 25ddd859-b280-4b60-8901-23e5c57b25cf (type: security_group_rules) to 0
2026-05-21 20:47:10.615 9 INFO neutron.db.ovn_revision_numbers_db [None req-616e449a-570f-491f-9ef9-8fd57e6ce8bd 61ab6293e2234a2a9de4281143ec31a0 b3f58bab78cf4d5cba90882365d00150 - - default default] Successfully bumped revision number for resource aeefc3b0-bef4-4638-8d9d-5af441bf5f2d (type: security_group_rules) to 0
2026-05-21 20:47:10.635 9 INFO neutron.db.ovn_revision_numbers_db [None req-616e449a-570f-491f-9ef9-8fd57e6ce8bd 61ab6293e2234a2a9de4281143ec31a0 b3f58bab78cf4d5cba90882365d00150 - - default default] Successfully bumped revision number for resource b551c1a4-f6a4-4597-858f-9571f943fa3b (type: security_group_rules) to 0
2026-05-21 20:47:10.639 9 INFO neutron.db.ovn_revision_numbers_db [None req-89f43135-503f-4e3d-b255-085dc87e7a18 - - - - - -] Successfully bumped revision number for resource 74d931b1-0961-4c9a-b692-53981d058931 (type: ports) to 1
2026-05-21 20:47:10.652 10 WARNING neutron.scheduler.dhcp_agent_scheduler [None req-b9e76e87-0970-4364-84cf-83ec3924bdb0 61ab6293e2234a2a9de4281143ec31a0 b3f58bab78cf4d5cba90882365d00150 - - default default] No more DHCP agents
2026-05-21 20:47:10.653 9 INFO neutron.db.ovn_revision_numbers_db [None req-616e449a-570f-491f-9ef9-8fd57e6ce8bd 61ab6293e2234a2a9de4281143ec31a0 b3f58bab78cf4d5cba90882365d00150 - - default default] Successfully bumped revision number for resource dc847d83-dc09-43a9-87c9-27cd21a8ecef (type: security_group_rules) to 0
2026-05-21 20:47:10.654 10 WARNING neutron.api.rpc.agentnotifiers.dhcp_rpc_agent_api [None req-b9e76e87-0970-4364-84cf-83ec3924bdb0 61ab6293e2234a2a9de4281143ec31a0 b3f58bab78cf4d5cba90882365d00150 - - default default] Unable to schedule network 2cf519ea-052b-4b55-856a-84b95821e507: no agents available; will retry on subsequent port and subnet creation events.
2026-05-21 20:47:10.721 9 INFO neutron.api.wsgi [None req-616e449a-570f-491f-9ef9-8fd57e6ce8bd 61ab6293e2234a2a9de4281143ec31a0 b3f58bab78cf4d5cba90882365d00150 - - default default] 10.0.0.246 "GET /v2.0/security-groups?tenant_id=3186dcf25bf442c792cc3f46af4a069c&name=default HTTP/1.1" status: 200 len: 3120 time: 0.3662655
2026-05-21 20:47:10.812 10 INFO neutron.db.ovn_revision_numbers_db [None req-b9e76e87-0970-4364-84cf-83ec3924bdb0 61ab6293e2234a2a9de4281143ec31a0 b3f58bab78cf4d5cba90882365d00150 - - default default] Successfully bumped revision number for resource 84717877-2b71-4b60-9728-762cb10ea736 (type: ports) to 1
2026-05-21 20:47:10.829 9 WARNING neutron.scheduler.dhcp_agent_scheduler [None req-2b7eebd9-b052-4bc2-a41f-c9bb6e77397f 42205a55d4d449f28c4a3ac1d5f704a0 ee2e3f10c8bc4681bc09bbf596769899 - - default default] No more DHCP agents
2026-05-21 20:47:10.834 9 WARNING neutron.api.rpc.agentnotifiers.dhcp_rpc_agent_api [None req-2b7eebd9-b052-4bc2-a41f-c9bb6e77397f 42205a55d4d449f28c4a3ac1d5f704a0 ee2e3f10c8bc4681bc09bbf596769899 - - default default] Unable to schedule network bdf12b8a-cdc5-4d86-abe0-267c890c81e7: no agents available; will retry on subsequent port and subnet creation events.
2026-05-21 20:47:10.929 9 INFO neutron.db.ovn_revision_numbers_db [None req-2b7eebd9-b052-4bc2-a41f-c9bb6e77397f 42205a55d4d449f28c4a3ac1d5f704a0 ee2e3f10c8bc4681bc09bbf596769899 - - default default] Successfully bumped revision number for resource bad66d36-c0b0-4a48-969e-41b6d2b68e79 (type: ports) to 1
2026-05-21 20:47:10.958 9 INFO neutron.api.wsgi [None req-2b7eebd9-b052-4bc2-a41f-c9bb6e77397f 42205a55d4d449f28c4a3ac1d5f704a0 ee2e3f10c8bc4681bc09bbf596769899 - - default default] 10.0.0.246 "POST /v2.0/ports HTTP/1.1" status: 201 len: 942 time: 0.4593129
2026-05-21 20:47:10.969 10 WARNING neutron_lib.context [None req-e7c63389-317d-4282-b6fd-f0333b04b42b 42205a55d4d449f28c4a3ac1d5f704a0 ee2e3f10c8bc4681bc09bbf596769899 - - default default] Method 'is_advsvc' is deprecated since 2023.2 release (neutron-lib 3.8.0) and will be removed once support for the old RBAC API policies will be removed from Neutron. Please use method 'is_service_role' instead.
