2026-05-21 20:49:00.270 10 INFO neutron.db.ovn_revision_numbers_db [None req-aacafeb9-044d-470d-9013-8fc22cf8d7fe - - - - - -] Successfully bumped revision number for resource 4554441e-0aea-4c69-b733-62b9d5f6a276 (type: ports) to 2
2026-05-21 20:49:00.720 10 INFO neutron.db.ovn_revision_numbers_db [None req-9708caa3-a3d2-4c4c-b910-d9353caab8d4 - - - - - -] Successfully bumped revision number for resource 4554441e-0aea-4c69-b733-62b9d5f6a276 (type: router_ports) to 1
2026-05-21 20:49:00.844 9 INFO neutron.db.ovn_revision_numbers_db [None req-228a7d31-378b-4a17-9e3e-035b9bcc4d7d - - - - - -] Successfully bumped revision number for resource 213d959d-e66b-42e6-a926-6653f9f570e8 (type: ports) to 2
2026-05-21 20:49:00.850 10 INFO neutron.api.wsgi [None req-ff084d6d-2728-440c-8738-b248f830a43a 61ab6293e2234a2a9de4281143ec31a0 b3f58bab78cf4d5cba90882365d00150 - - default default] 10.0.0.174 "GET /v2.0/security-groups HTTP/1.1" status: 200 len: 20478 time: 0.1004748
2026-05-21 20:49:00.919 10 INFO neutron.api.wsgi [None req-7b0bc070-58f7-4d52-abfa-ccb3411c1ce9 61ab6293e2234a2a9de4281143ec31a0 b3f58bab78cf4d5cba90882365d00150 - - default default] 10.0.0.174 "GET /v2.0/subnets HTTP/1.1" status: 200 len: 4780 time: 0.0618684
2026-05-21 20:49:00.948 10 INFO neutron.db.ovn_revision_numbers_db [None req-56e26244-9194-444d-a36d-c746cd6d7361 61ab6293e2234a2a9de4281143ec31a0 b3f58bab78cf4d5cba90882365d00150 - - default default] Successfully bumped revision number for resource 50670b99-8385-4065-a629-109b1c528479 (type: security_groups) to 1
2026-05-21 20:49:00.972 10 INFO neutron.api.wsgi [None req-cf5b8271-04e5-4577-b44d-f488a46bba44 61ab6293e2234a2a9de4281143ec31a0 b3f58bab78cf4d5cba90882365d00150 - - default default] 10.0.0.174 "GET /v2.0/subnets HTTP/1.1" status: 200 len: 4780 time: 0.0484636
2026-05-21 20:49:00.975 10 INFO neutron.db.ovn_revision_numbers_db [None req-56e26244-9194-444d-a36d-c746cd6d7361 61ab6293e2234a2a9de4281143ec31a0 b3f58bab78cf4d5cba90882365d00150 - - default default] Successfully bumped revision number for resource 45c79c94-06d7-46d5-bd5d-2a970727e4cb (type: security_group_rules) to 0
2026-05-21 20:49:00.992 10 INFO neutron.api.wsgi [None req-c6092168-49a9-470a-9c16-a53c6c987d66 61ab6293e2234a2a9de4281143ec31a0 b3f58bab78cf4d5cba90882365d00150 - - default default] 10.0.0.174 "GET /v2.0/subnetpools HTTP/1.1" status: 200 len: 193 time: 0.0181479
2026-05-21 20:49:01.015 10 INFO neutron.db.ovn_revision_numbers_db [None req-56e26244-9194-444d-a36d-c746cd6d7361 61ab6293e2234a2a9de4281143ec31a0 b3f58bab78cf4d5cba90882365d00150 - - default default] Successfully bumped revision number for resource c224a007-267b-49ff-8b94-052df1d7d8e9 (type: security_group_rules) to 0
2026-05-21 20:49:01.058 10 INFO neutron.db.ovn_revision_numbers_db [None req-56e26244-9194-444d-a36d-c746cd6d7361 61ab6293e2234a2a9de4281143ec31a0 b3f58bab78cf4d5cba90882365d00150 - - default default] Successfully bumped revision number for resource c8318398-d04c-40b2-9a2c-ccb6469f6fb3 (type: security_group_rules) to 0
2026-05-21 20:49:01.122 10 INFO neutron.api.wsgi [None req-5a209091-3e4e-4cbf-b6ec-cc9a54cb1c3e 61ab6293e2234a2a9de4281143ec31a0 b3f58bab78cf4d5cba90882365d00150 - - default default] 10.0.0.174 "GET /v2.0/ports HTTP/1.1" status: 200 len: 22945 time: 0.1278579
2026-05-21 20:49:01.143 10 INFO neutron.db.ovn_revision_numbers_db [None req-56e26244-9194-444d-a36d-c746cd6d7361 61ab6293e2234a2a9de4281143ec31a0 b3f58bab78cf4d5cba90882365d00150 - - default default] Successfully bumped revision number for resource f333649b-8418-432d-8bc2-ecb5e4c86647 (type: security_group_rules) to 0
2026-05-21 20:49:01.193 10 WARNING neutron.scheduler.dhcp_agent_scheduler [None req-9708caa3-a3d2-4c4c-b910-d9353caab8d4 - - - - - -] No more DHCP agents
2026-05-21 20:49:01.197 10 WARNING neutron.api.rpc.agentnotifiers.dhcp_rpc_agent_api [None req-9708caa3-a3d2-4c4c-b910-d9353caab8d4 - - - - - -] Unable to schedule network 4efef1b1-8352-4b63-819e-6b20ddb92548: no agents available; will retry on subsequent port and subnet creation events.
2026-05-21 20:49:01.241 10 INFO neutron.api.wsgi [None req-56e26244-9194-444d-a36d-c746cd6d7361 61ab6293e2234a2a9de4281143ec31a0 b3f58bab78cf4d5cba90882365d00150 - - default default] 10.0.0.246 "GET /v2.0/security-groups?tenant_id=06f6c42855b64d4e9c61849df433eb89&name=default HTTP/1.1" status: 200 len: 3124 time: 0.6216648
2026-05-21 20:49:01.262 10 INFO neutron.api.wsgi [None req-228b90d1-dc05-4410-8b85-7c1e22c3cd3d 61ab6293e2234a2a9de4281143ec31a0 b3f58bab78cf4d5cba90882365d00150 - - default default] 10.0.0.174 "GET /v2.0/routers HTTP/1.1" status: 200 len: 3134 time: 0.1246464
2026-05-21 20:49:01.288 10 INFO neutron.api.wsgi [None req-edb01e37-f345-4d9c-83bd-864fc2b4e1fc 61ab6293e2234a2a9de4281143ec31a0 b3f58bab78cf4d5cba90882365d00150 - - default default] 10.0.0.174 "GET /v2.0/agents?binary=ovn-controller HTTP/1.1" status: 200 len: 591 time: 0.0239446
2026-05-21 20:49:01.338 10 INFO neutron.api.wsgi [None req-2c588473-140f-4eb5-b550-16d36770c76f 61ab6293e2234a2a9de4281143ec31a0 b3f58bab78cf4d5cba90882365d00150 - - default default] 10.0.0.174 "GET /v2.0/floatingips HTTP/1.1" status: 200 len: 193 time: 0.0461199
2026-05-21 20:49:01.360 10 INFO neutron.api.wsgi [None req-2c5fd0e3-5217-48c4-ab6b-9dbed6863a83 61ab6293e2234a2a9de4281143ec31a0 b3f58bab78cf4d5cba90882365d00150 - - default default] 10.0.0.174 "GET /v2.0/agents HTTP/1.1" status: 200 len: 1390 time: 0.0196178
2026-05-21 20:49:01.383 10 INFO neutron.api.wsgi [None req-c3333a4f-a036-4c5f-8cc1-eb429673d595 61ab6293e2234a2a9de4281143ec31a0 b3f58bab78cf4d5cba90882365d00150 - - default default] 10.0.0.174 "GET /v2.0/network-ip-availabilities HTTP/1.1" status: 200 len: 3382 time: 0.0205619
2026-05-21 20:49:01.847 10 INFO neutron.api.wsgi [None req-1f5fa1cb-4ad1-4bbf-b660-5f6275f9983f 61ab6293e2234a2a9de4281143ec31a0 b3f58bab78cf4d5cba90882365d00150 - - default default] 10.0.0.174 "GET /v2.0/networks HTTP/1.1" status: 200 len: 5988 time: 0.4593947
2026-05-21 20:49:01.859 10 INFO neutron.db.ovn_revision_numbers_db [None req-9708caa3-a3d2-4c4c-b910-d9353caab8d4 - - - - - -] Successfully bumped revision number for resource 3d69e17c-b605-40b0-9daa-dd4b04da1005 (type: ports) to 1
2026-05-21 20:49:02.011 10 INFO neutron.api.wsgi [None req-d6b0f0c2-7e88-4931-b012-c4eff70280fc 61ab6293e2234a2a9de4281143ec31a0 b3f58bab78cf4d5cba90882365d00150 - - default default] 10.0.0.246 "DELETE /v2.0/security-groups/50670b99-8385-4065-a629-109b1c528479 HTTP/1.1" status: 204 len: 168 time: 0.7627304
2026-05-21 20:49:02.119 10 INFO neutron.db.ovn_revision_numbers_db [None req-9708caa3-a3d2-4c4c-b910-d9353caab8d4 - - - - - -] Successfully bumped revision number for resource 3d69e17c-b605-40b0-9daa-dd4b04da1005 (type: ports) to 3
2026-05-21 20:49:02.193 12 ERROR oslo_messaging.rpc.server [None req-d3edf265-ceb8-4eb2-99d0-578e698fed7d a39cd93bc94e418bb838de89c7dc924c 3a988af3dd534066ba0ccb07cf66e902 - - default default] Exception during message handling: sqlalchemy.exc.PendingRollbackError: This Session's transaction has been rolled back due to a previous exception during flush. To begin a new transaction with this Session, first issue Session.rollback(). Original exception was: (pymysql.err.IntegrityError) (1062, "Duplicate entry '74d5cee1-7911-40e5-8ede-73188af6140d-03463113-7b0c-5cb0-89ff-55b' for key 'routervpnagentbindings.PRIMARY'") [SQL: INSERT INTO routervpnagentbindings (router_id, vpn_agent_id) VALUES (%(router_id)s, %(vpn_agent_id)s)] [parameters: {'router_id': '74d5cee1-7911-40e5-8ede-73188af6140d', 'vpn_agent_id': '03463113-7b0c-5cb0-89ff-55b78350932a'}] (Background on this error at: https://sqlalche.me/e/20/gkpj) (Background on this error at: https://sqlalche.me/e/20/7s2a)
2026-05-21 20:49:02.193 12 ERROR oslo_messaging.rpc.server
Traceback (most recent call last):
2026-05-21 20:49:02.193 12 ERROR oslo_messaging.rpc.server
File "/var/lib/openstack/lib/python3.12/site-packages/oslo_messaging/rpc/server.py", line 172, in _process_incoming
2026-05-21 20:49:02.193 12 ERROR oslo_messaging.rpc.server res = self.dispatcher.dispatch(message)
2026-05-21 20:49:02.193 12 ERROR oslo_messaging.rpc.server ^^^^^^^^^^^^^^^^^^^^^^^^^^^^^^^^^
2026-05-21 20:49:02.193 12 ERROR oslo_messaging.rpc.server
File "/var/lib/openstack/lib/python3.12/site-packages/oslo_messaging/rpc/dispatcher.py", line 309, in dispatch
2026-05-21 20:49:02.193 12 ERROR oslo_messaging.rpc.server return self._do_dispatch(endpoint, method, ctxt, args)
2026-05-21 20:49:02.193 12 ERROR oslo_messaging.rpc.server ^^^^^^^^^^^^^^^^^^^^^^^^^^^^^^^^^^^^^^^^^^^^^^^
2026-05-21 20:49:02.193 12 ERROR oslo_messaging.rpc.server
File "/var/lib/openstack/lib/python3.12/site-packages/oslo_messaging/rpc/dispatcher.py", line 229, in _do_dispatch
2026-05-21 20:49:02.193 12 ERROR oslo_messaging.rpc.server result = func(ctxt, **new_args)
2026-05-21 20:49:02.193 12 ERROR oslo_messaging.rpc.server ^^^^^^^^^^^^^^^^^^^^^^
2026-05-21 20:49:02.193 12 ERROR oslo_messaging.rpc.server
File "/var/lib/openstack/lib/python3.12/site-packages/oslo_db/sqlalchemy/enginefacade.py", line 998, in wrapper
2026-05-21 20:49:02.193 12 ERROR oslo_messaging.rpc.server return fn(*args, **kwargs)
2026-05-21 20:49:02.193 12 ERROR oslo_messaging.rpc.server ^^^^^^^^^^^^^^^^^^^
2026-05-21 20:49:02.193 12 ERROR oslo_messaging.rpc.server
File "/var/lib/openstack/lib/python3.12/site-packages/neutron_vpnaas/services/vpn/service_drivers/base_ipsec.py", line 80, in get_vpn_services_on_host
2026-05-21 20:49:02.193 12 ERROR oslo_messaging.rpc.server local_cidr_map = plugin._build_local_subnet_cidr_map(context)
2026-05-21 20:49:02.193 12 ERROR oslo_messaging.rpc.server ^^^^^^^^^^^^^^^^^^^^^^^^^^^^^^^^^^^^^^^^^^^^
2026-05-21 20:49:02.193 12 ERROR oslo_messaging.rpc.server
File "/var/lib/openstack/lib/python3.12/site-packages/neutron_vpnaas/db/vpn/vpn_db.py", line 731, in _build_local_subnet_cidr_map
2026-05-21 20:49:02.193 12 ERROR oslo_messaging.rpc.server return {sn.id: sn.cidr for sn in query.all()}
2026-05-21 20:49:02.193 12 ERROR oslo_messaging.rpc.server ^^^^^^^^^^^
2026-05-21 20:49:02.193 12 ERROR oslo_messaging.rpc.server
File "/var/lib/openstack/lib/python3.12/site-packages/sqlalchemy/orm/query.py", line 2673, in all
2026-05-21 20:49:02.193 12 ERROR oslo_messaging.rpc.server return self._iter().all() # type: ignore
2026-05-21 20:49:02.193 12 ERROR oslo_messaging.rpc.server ^^^^^^^^^^^^
2026-05-21 20:49:02.193 12 ERROR oslo_messaging.rpc.server
File "/var/lib/openstack/lib/python3.12/site-packages/sqlalchemy/orm/query.py", line 2827, in _iter
2026-05-21 20:49:02.193 12 ERROR oslo_messaging.rpc.server result: Union[ScalarResult[_T], Result[_T]] = self.session.execute(
2026-05-21 20:49:02.193 12 ERROR oslo_messaging.rpc.server ^^^^^^^^^^^^^^^^^^^^^
2026-05-21 20:49:02.193 12 ERROR oslo_messaging.rpc.server
File "/var/lib/openstack/lib/python3.12/site-packages/sqlalchemy/orm/session.py", line 2362, in execute
2026-05-21 20:49:02.193 12 ERROR oslo_messaging.rpc.server return self._execute_internal(
2026-05-21 20:49:02.193 12 ERROR oslo_messaging.rpc.server ^^^^^^^^^^^^^^^^^^^^^^^
2026-05-21 20:49:02.193 12 ERROR oslo_messaging.rpc.server
File "/var/lib/openstack/lib/python3.12/site-packages/sqlalchemy/orm/session.py", line 2237, in _execute_internal
2026-05-21 20:49:02.193 12 ERROR oslo_messaging.rpc.server conn = self._connection_for_bind(bind)
2026-05-21 20:49:02.193 12 ERROR oslo_messaging.rpc.server ^^^^^^^^^^^^^^^^^^^^^^^^^^^^^^^
2026-05-21 20:49:02.193 12 ERROR oslo_messaging.rpc.server
File "/var/lib/openstack/lib/python3.12/site-packages/sqlalchemy/orm/session.py", line 2106, in _connection_for_bind
2026-05-21 20:49:02.193 12 ERROR oslo_messaging.rpc.server return trans._connection_for_bind(engine, execution_options)
2026-05-21 20:49:02.193 12 ERROR oslo_messaging.rpc.server ^^^^^^^^^^^^^^^^^^^^^^^^^^^^^^^^^^^^^^^^^^^^^^^^^^^^^
2026-05-21 20:49:02.193 12 ERROR oslo_messaging.rpc.server File "", line 2, in _connection_for_bind
2026-05-21 20:49:02.193 12 ERROR oslo_messaging.rpc.server
File "/var/lib/openstack/lib/python3.12/site-packages/sqlalchemy/orm/state_changes.py", line 103, in _go
2026-05-21 20:49:02.193 12 ERROR oslo_messaging.rpc.server self._raise_for_prerequisite_state(fn.__name__, current_state)
2026-05-21 20:49:02.193 12 ERROR oslo_messaging.rpc.server
File "/var/lib/openstack/lib/python3.12/site-packages/sqlalchemy/orm/session.py", line 973, in _raise_for_prerequisite_state
2026-05-21 20:49:02.193 12 ERROR oslo_messaging.rpc.server raise sa_exc.PendingRollbackError(
2026-05-21 20:49:02.193 12 ERROR oslo_messaging.rpc.server sqlalchemy.exc.PendingRollbackError: This Session's transaction has been rolled back due to a previous exception during flush. To begin a new transaction with this Session, first issue Session.rollback(). Original exception was: (pymysql.err.IntegrityError) (1062, "Duplicate entry '74d5cee1-7911-40e5-8ede-73188af6140d-03463113-7b0c-5cb0-89ff-55b' for key 'routervpnagentbindings.PRIMARY'")
2026-05-21 20:49:02.193 12 ERROR oslo_messaging.rpc.server [SQL: INSERT INTO routervpnagentbindings (router_id, vpn_agent_id) VALUES (%(router_id)s, %(vpn_agent_id)s)]
2026-05-21 20:49:02.193 12 ERROR oslo_messaging.rpc.server [parameters: {'router_id': '74d5cee1-7911-40e5-8ede-73188af6140d', 'vpn_agent_id': '03463113-7b0c-5cb0-89ff-55b78350932a'}]
2026-05-21 20:49:02.193 12 ERROR oslo_messaging.rpc.server (Background on this error at: https://sqlalche.me/e/20/gkpj) (Background on this error at: https://sqlalche.me/e/20/7s2a)
2026-05-21 20:49:02.193 12 ERROR oslo_messaging.rpc.server
2026-05-21 20:49:02.286 9 INFO neutron.db.ovn_revision_numbers_db [None req-4c77ba4e-383f-4c6a-80da-94f1509c2e6e 61ab6293e2234a2a9de4281143ec31a0 b3f58bab78cf4d5cba90882365d00150 - - default default] Successfully bumped revision number for resource f2c1c45e-f0f3-40f8-9e05-7d528e5675dc (type: security_groups) to 1
2026-05-21 20:49:02.310 9 INFO neutron.db.ovn_revision_numbers_db [None req-4c77ba4e-383f-4c6a-80da-94f1509c2e6e 61ab6293e2234a2a9de4281143ec31a0 b3f58bab78cf4d5cba90882365d00150 - - default default] Successfully bumped revision number for resource 0490a746-0b7c-4720-a808-c07ae1063583 (type: security_group_rules) to 0
2026-05-21 20:49:02.332 9 INFO neutron.db.ovn_revision_numbers_db [None req-4c77ba4e-383f-4c6a-80da-94f1509c2e6e 61ab6293e2234a2a9de4281143ec31a0 b3f58bab78cf4d5cba90882365d00150 - - default default] Successfully bumped revision number for resource 3de295a4-de9f-48cc-b0f9-da0a130dd9ba (type: security_group_rules) to 0
2026-05-21 20:49:02.347 9 INFO neutron.db.ovn_revision_numbers_db [None req-4c77ba4e-383f-4c6a-80da-94f1509c2e6e 61ab6293e2234a2a9de4281143ec31a0 b3f58bab78cf4d5cba90882365d00150 - - default default] Successfully bumped revision number for resource bc29c296-e2f7-459f-add3-022433850ff4 (type: security_group_rules) to 0
2026-05-21 20:49:02.361 10 INFO neutron.api.wsgi [None req-65cd3dbf-ec5d-4cb4-9c66-0907bcbccea5 a39cd93bc94e418bb838de89c7dc924c 3a988af3dd534066ba0ccb07cf66e902 - - default default] 10.0.0.246 "POST /v2.0/vpn/vpnservices HTTP/1.1" status: 201 len: 658 time: 5.4307561
2026-05-21 20:49:02.365 9 INFO neutron.db.ovn_revision_numbers_db [None req-4c77ba4e-383f-4c6a-80da-94f1509c2e6e 61ab6293e2234a2a9de4281143ec31a0 b3f58bab78cf4d5cba90882365d00150 - - default default] Successfully bumped revision number for resource c7810861-d30a-4008-8e01-acf16e3844a7 (type: security_group_rules) to 0
2026-05-21 20:49:02.382 10 INFO neutron.api.wsgi [None req-50963894-3d6e-425d-aaf4-1d33834f1a2f a39cd93bc94e418bb838de89c7dc924c 3a988af3dd534066ba0ccb07cf66e902 - - default default] 10.0.0.246 "GET /v2.0/vpn/vpnservices HTTP/1.1" status: 200 len: 1502 time: 0.0155001
2026-05-21 20:49:02.408 9 INFO neutron.api.wsgi [None req-4c77ba4e-383f-4c6a-80da-94f1509c2e6e 61ab6293e2234a2a9de4281143ec31a0 b3f58bab78cf4d5cba90882365d00150 - - default default] 10.0.0.246 "GET /v2.0/security-groups?tenant_id=e87143d91b414743a68dcb3ef742c493&name=default HTTP/1.1" status: 200 len: 3124 time: 0.2873294
2026-05-21 20:49:02.650 9 INFO neutron.api.wsgi [None req-2df5238a-2b78-4567-8f82-14fa3c6de7fe 61ab6293e2234a2a9de4281143ec31a0 b3f58bab78cf4d5cba90882365d00150 - - default default] 10.0.0.246 "DELETE /v2.0/security-groups/f2c1c45e-f0f3-40f8-9e05-7d528e5675dc HTTP/1.1" status: 204 len: 168 time: 0.2341754
2026-05-21 20:49:02.972 9 INFO neutron.api.wsgi [-] 10.0.0.205 "GET / HTTP/1.1" status: 200 len: 246 time: 0.0041995
2026-05-21 20:49:02.976 9 INFO neutron.api.wsgi [-] 10.0.0.205 "GET / HTTP/1.1" status: 200 len: 246 time: 0.0029035
2026-05-21 20:49:03.165 9 WARNING neutron_lib.context [None req-34bc6d2f-fc17-4ac9-93d7-0fc5533520ff b5324194316541a3b8fef98ce1e7eb27 445da91a3cd1442b87d248303ece7873 - - default default] Method 'is_advsvc' is deprecated since 2023.2 release (neutron-lib 3.8.0) and will be removed once support for the old RBAC API policies will be removed from Neutron. Please use method 'is_service_role' instead.
2026-05-21 20:49:03.372 9 INFO neutron.db.ovn_revision_numbers_db [None req-34bc6d2f-fc17-4ac9-93d7-0fc5533520ff b5324194316541a3b8fef98ce1e7eb27 445da91a3cd1442b87d248303ece7873 - - default default] Successfully bumped revision number for resource 536d035b-513d-4038-acf5-4f64f0564c14 (type: security_groups) to 1
2026-05-21 20:49:03.407 9 INFO neutron.db.ovn_revision_numbers_db [None req-34bc6d2f-fc17-4ac9-93d7-0fc5533520ff b5324194316541a3b8fef98ce1e7eb27 445da91a3cd1442b87d248303ece7873 - - default default] Successfully bumped revision number for resource 04eadc4a-7583-488d-931a-130deffea8f7 (type: security_group_rules) to 0
2026-05-21 20:49:03.426 9 INFO neutron.db.ovn_revision_numbers_db [None req-34bc6d2f-fc17-4ac9-93d7-0fc5533520ff b5324194316541a3b8fef98ce1e7eb27 445da91a3cd1442b87d248303ece7873 - - default default] Successfully bumped revision number for resource 82a91152-dd41-46f0-a3fb-bc949c97a235 (type: security_group_rules) to 0
2026-05-21 20:49:03.443 9 INFO neutron.db.ovn_revision_numbers_db [None req-34bc6d2f-fc17-4ac9-93d7-0fc5533520ff b5324194316541a3b8fef98ce1e7eb27 445da91a3cd1442b87d248303ece7873 - - default default] Successfully bumped revision number for resource 87f5895b-094f-4b90-89d1-aad75f7e25b5 (type: security_group_rules) to 0
2026-05-21 20:49:03.459 9 INFO neutron.db.ovn_revision_numbers_db [None req-34bc6d2f-fc17-4ac9-93d7-0fc5533520ff b5324194316541a3b8fef98ce1e7eb27 445da91a3cd1442b87d248303ece7873 - - default default] Successfully bumped revision number for resource ead54626-723a-463b-9419-fa20e3ba4178 (type: security_group_rules) to 0
2026-05-21 20:49:03.552 9 INFO neutron.db.segments_db [None req-34bc6d2f-fc17-4ac9-93d7-0fc5533520ff b5324194316541a3b8fef98ce1e7eb27 445da91a3cd1442b87d248303ece7873 - - default default] Added segment 8e00fb26-d2b2-4c7d-b3ba-9e241862c884 of type geneve for network f43f5f35-d02b-4fa0-aba5-53d08e2ac2ed
2026-05-21 20:49:03.702 9 INFO neutron.db.ovn_revision_numbers_db [None req-34bc6d2f-fc17-4ac9-93d7-0fc5533520ff b5324194316541a3b8fef98ce1e7eb27 445da91a3cd1442b87d248303ece7873 - - default default] Successfully bumped revision number for resource f43f5f35-d02b-4fa0-aba5-53d08e2ac2ed (type: networks) to 1
2026-05-21 20:49:03.903 9 WARNING neutron.scheduler.dhcp_agent_scheduler [None req-34bc6d2f-fc17-4ac9-93d7-0fc5533520ff b5324194316541a3b8fef98ce1e7eb27 445da91a3cd1442b87d248303ece7873 - - default default] No more DHCP agents
2026-05-21 20:49:03.905 9 WARNING neutron.api.rpc.agentnotifiers.dhcp_rpc_agent_api [None req-34bc6d2f-fc17-4ac9-93d7-0fc5533520ff b5324194316541a3b8fef98ce1e7eb27 445da91a3cd1442b87d248303ece7873 - - default default] Unable to schedule network f43f5f35-d02b-4fa0-aba5-53d08e2ac2ed: no agents available; will retry on subsequent port and subnet creation events.
2026-05-21 20:49:03.979 9 INFO neutron.db.ovn_revision_numbers_db [None req-34bc6d2f-fc17-4ac9-93d7-0fc5533520ff b5324194316541a3b8fef98ce1e7eb27 445da91a3cd1442b87d248303ece7873 - - default default] Successfully bumped revision number for resource 2e71b421-3238-462d-b8e7-5981fc87df7a (type: ports) to 1
2026-05-21 20:49:04.006 9 INFO neutron.api.wsgi [None req-34bc6d2f-fc17-4ac9-93d7-0fc5533520ff b5324194316541a3b8fef98ce1e7eb27 445da91a3cd1442b87d248303ece7873 - - default default] 10.0.0.246 "POST /v2.0/networks HTTP/1.1" status: 201 len: 831 time: 1.0994647
2026-05-21 20:49:04.017 9 WARNING neutron_lib.context [None req-a22e527c-7deb-434f-abdc-3efbf5c52bda b5324194316541a3b8fef98ce1e7eb27 445da91a3cd1442b87d248303ece7873 - - default default] Method 'is_advsvc' is deprecated since 2023.2 release (neutron-lib 3.8.0) and will be removed once support for the old RBAC API policies will be removed from Neutron. Please use method 'is_service_role' instead.
2026-05-21 20:49:04.271 9 WARNING neutron.scheduler.dhcp_agent_scheduler [None req-a22e527c-7deb-434f-abdc-3efbf5c52bda b5324194316541a3b8fef98ce1e7eb27 445da91a3cd1442b87d248303ece7873 - - default default] No more DHCP agents
2026-05-21 20:49:04.273 9 WARNING neutron.api.rpc.agentnotifiers.dhcp_rpc_agent_api [None req-a22e527c-7deb-434f-abdc-3efbf5c52bda b5324194316541a3b8fef98ce1e7eb27 445da91a3cd1442b87d248303ece7873 - - default default] Unable to schedule network f43f5f35-d02b-4fa0-aba5-53d08e2ac2ed: no agents available; will retry on subsequent port and subnet creation events.
2026-05-21 20:49:04.349 9 INFO neutron.db.ovn_revision_numbers_db [None req-a22e527c-7deb-434f-abdc-3efbf5c52bda b5324194316541a3b8fef98ce1e7eb27 445da91a3cd1442b87d248303ece7873 - - default default] Successfully bumped revision number for resource cdbdca24-3b08-4a0e-bc53-6e0270e2bea3 (type: ports) to 1
2026-05-21 20:49:04.375 9 INFO neutron.api.wsgi [None req-a22e527c-7deb-434f-abdc-3efbf5c52bda b5324194316541a3b8fef98ce1e7eb27 445da91a3cd1442b87d248303ece7873 - - default default] 10.0.0.246 "POST /v2.0/ports HTTP/1.1" status: 201 len: 942 time: 0.3630495
2026-05-21 20:49:04.463 10 INFO neutron.api.wsgi [None req-2748cb4f-cb4b-4939-8f0e-823464cd2288 b5324194316541a3b8fef98ce1e7eb27 445da91a3cd1442b87d248303ece7873 - - default default] 10.0.0.246 "PUT /v2.0/ports/cdbdca24-3b08-4a0e-bc53-6e0270e2bea3/tags HTTP/1.1" status: 200 len: 218 time: 0.0799973
2026-05-21 20:49:04.548 10 INFO neutron.api.wsgi [None req-569c2705-4c34-40fa-a5de-eb027cb7b9dc b5324194316541a3b8fef98ce1e7eb27 445da91a3cd1442b87d248303ece7873 - - default default] 10.0.0.246 "GET /v2.0/ports/cdbdca24-3b08-4a0e-bc53-6e0270e2bea3/tags HTTP/1.1" status: 200 len: 218 time: 0.0784898 /var/lib/openstack/lib/python3.12/site-packages/pycadf/identifier.py:71: UserWarning: Invalid uuid: neutron. To ensure interoperability, identifiers should be a valid uuid. warnings.warn(('Invalid uuid: %s. To ensure interoperability, '
2026-05-21 20:49:04.600 9 INFO neutron.api.wsgi [None req-2ada061c-be40-4867-9c98-d61dc3327d7f b5324194316541a3b8fef98ce1e7eb27 445da91a3cd1442b87d248303ece7873 - - default default] 10.0.0.246 "PUT /v2.0/ports/cdbdca24-3b08-4a0e-bc53-6e0270e2bea3/tags/green HTTP/1.1" status: 201 len: 201 time: 0.0439124
2026-05-21 20:49:04.635 9 INFO neutron.api.wsgi [None req-d9480346-7522-4c45-ad22-91e2a9c49f5d b5324194316541a3b8fef98ce1e7eb27 445da91a3cd1442b87d248303ece7873 - - default default] 10.0.0.246 "GET /v2.0/ports/cdbdca24-3b08-4a0e-bc53-6e0270e2bea3/tags HTTP/1.1" status: 200 len: 227 time: 0.0310249
2026-05-21 20:49:04.680 9 INFO neutron.api.wsgi [None req-0d635a51-6b41-4a9d-85a2-ae1f1767dd9b b5324194316541a3b8fef98ce1e7eb27 445da91a3cd1442b87d248303ece7873 - - default default] 10.0.0.246 "PUT /v2.0/ports/cdbdca24-3b08-4a0e-bc53-6e0270e2bea3/tags/red HTTP/1.1" status: 201 len: 201 time: 0.0378742
2026-05-21 20:49:04.723 9 INFO neutron.api.wsgi [None req-286f48a8-5049-4a40-b07a-cd83fca8242a b5324194316541a3b8fef98ce1e7eb27 445da91a3cd1442b87d248303ece7873 - - default default] 10.0.0.246 "GET /v2.0/ports/cdbdca24-3b08-4a0e-bc53-6e0270e2bea3/tags HTTP/1.1" status: 200 len: 227 time: 0.0374196
2026-05-21 20:49:04.770 10 WARNING neutron.plugins.ml2.drivers.ovn.mech_driver.ovsdb.ovn_client [None req-cdd58dd3-d92f-41e0-af64-581816d8eb67 - - - - - -] No port found with ID 4554441e-0aea-4c69-b733-62b9d5f6a276: RuntimeError: No port found with ID 4554441e-0aea-4c69-b733-62b9d5f6a276
2026-05-21 20:49:04.782 9 INFO neutron.api.wsgi [None req-823de33a-2629-4718-8499-78fdf6031c30 b5324194316541a3b8fef98ce1e7eb27 445da91a3cd1442b87d248303ece7873 - - default default] 10.0.0.246 "PUT /v2.0/ports/cdbdca24-3b08-4a0e-bc53-6e0270e2bea3/tags/black.or.white HTTP/1.1" status: 201 len: 201 time: 0.0501122
2026-05-21 20:49:04.821 9 INFO neutron.api.wsgi [None req-feea8325-6464-4152-909b-dd6f761b5ce5 b5324194316541a3b8fef98ce1e7eb27 445da91a3cd1442b87d248303ece7873 - - default default] 10.0.0.246 "GET /v2.0/ports/cdbdca24-3b08-4a0e-bc53-6e0270e2bea3/tags HTTP/1.1" status: 200 len: 245 time: 0.0327275
2026-05-21 20:49:04.874 9 INFO neutron.api.wsgi [None req-899cdb5e-ea21-4474-b379-161671965a8e b5324194316541a3b8fef98ce1e7eb27 445da91a3cd1442b87d248303ece7873 - - default default] 10.0.0.246 "PUT /v2.0/ports/cdbdca24-3b08-4a0e-bc53-6e0270e2bea3/tags HTTP/1.1" status: 200 len: 230 time: 0.0481067
2026-05-21 20:49:04.920 9 INFO neutron.api.wsgi [None req-2c792e23-8418-47a0-afc6-c012d9a435dc b5324194316541a3b8fef98ce1e7eb27 445da91a3cd1442b87d248303ece7873 - - default default] 10.0.0.246 "GET /v2.0/ports/cdbdca24-3b08-4a0e-bc53-6e0270e2bea3/tags HTTP/1.1" status: 200 len: 230 time: 0.0397019
2026-05-21 20:49:04.947 10 INFO neutron.services.segments.plugin [-] Segment 4f4fdd40-1aed-40c4-b877-0e6553a5f6f9 resource provider aggregate not found
2026-05-21 20:49:04.953 10 INFO neutron.services.segments.plugin [-] Segment 4f4fdd40-1aed-40c4-b877-0e6553a5f6f9 resource provider aggregate not found
2026-05-21 20:49:04.965 9 INFO neutron.api.wsgi [None req-b53518f3-5867-45d4-9939-6b95b8dca941 b5324194316541a3b8fef98ce1e7eb27 445da91a3cd1442b87d248303ece7873 - - default default] 10.0.0.246 "GET /v2.0/ports/cdbdca24-3b08-4a0e-bc53-6e0270e2bea3/tags/red HTTP/1.1" status: 204 len: 168 time: 0.0393193
2026-05-21 20:49:04.973 10 INFO neutron.services.segments.plugin [-] Segment 4f4fdd40-1aed-40c4-b877-0e6553a5f6f9 resource provider not found; error: Placement Client Error (4xx): {"errors": [{"status": 404, "title": "Not Found", "detail": "The resource could not be found.\n\n No resource provider with uuid 4f4fdd40-1aed-40c4-b877-0e6553a5f6f9 found for delete ", "request_id": "req-30de1201-4763-400d-9b0f-0f457424dfff"}]}
2026-05-21 20:49:04.976 10 INFO neutron.services.segments.plugin [-] Segment 4f4fdd40-1aed-40c4-b877-0e6553a5f6f9 resource provider not found; error: Placement Client Error (4xx): {"errors": [{"status": 404, "title": "Not Found", "detail": "The resource could not be found.\n\n No resource provider with uuid 4f4fdd40-1aed-40c4-b877-0e6553a5f6f9 found for delete ", "request_id": "req-81f98ea4-b7f7-44ae-bc2d-9fe047ec6bf7"}]}
2026-05-21 20:49:05.003 10 INFO neutron.api.wsgi [None req-7dd34022-0219-426b-ac0b-853769054ecf a39cd93bc94e418bb838de89c7dc924c 3a988af3dd534066ba0ccb07cf66e902 - - default default] 10.0.0.246 "DELETE /v2.0/vpn/vpnservices/7c064ca1-fe67-4b7c-b403-529f8da0d895 HTTP/1.1" status: 204 len: 168 time: 2.6145194 /var/lib/openstack/lib/python3.12/site-packages/pycadf/identifier.py:71: UserWarning: Invalid uuid: neutron. To ensure interoperability, identifiers should be a valid uuid. warnings.warn(('Invalid uuid: %s. To ensure interoperability, '
2026-05-21 20:49:05.024 9 INFO neutron.api.v2.resource [None req-eec37123-85b9-4e26-ace9-77cd2cd5a33a b5324194316541a3b8fef98ce1e7eb27 445da91a3cd1442b87d248303ece7873 - - default default] show failed (client error): The resource could not be found.
2026-05-21 20:49:05.025 9 INFO neutron.api.wsgi [None req-eec37123-85b9-4e26-ace9-77cd2cd5a33a b5324194316541a3b8fef98ce1e7eb27 445da91a3cd1442b87d248303ece7873 - - default default] 10.0.0.246 "GET /v2.0/ports/cdbdca24-3b08-4a0e-bc53-6e0270e2bea3/tags/green HTTP/1.1" status: 404 len: 299 time: 0.0522189
2026-05-21 20:49:05.025 10 INFO neutron.api.wsgi [None req-95f93734-f62d-4f5b-809b-a338b82259d7 a39cd93bc94e418bb838de89c7dc924c 3a988af3dd534066ba0ccb07cf66e902 - - default default] 10.0.0.246 "GET /v2.0/vpn/vpnservices HTTP/1.1" status: 200 len: 1056 time: 0.0110421
2026-05-21 20:49:05.036 10 WARNING neutron_lib.context [None req-db8e6ce1-8cf4-4755-9afe-fa9822303ecf a39cd93bc94e418bb838de89c7dc924c 3a988af3dd534066ba0ccb07cf66e902 - - default default] Method 'is_advsvc' is deprecated since 2023.2 release (neutron-lib 3.8.0) and will be removed once support for the old RBAC API policies will be removed from Neutron. Please use method 'is_service_role' instead.
2026-05-21 20:49:05.078 9 INFO neutron.api.wsgi [None req-e739eb6e-345c-4823-9597-462687d138ee b5324194316541a3b8fef98ce1e7eb27 445da91a3cd1442b87d248303ece7873 - - default default] 10.0.0.246 "DELETE /v2.0/ports/cdbdca24-3b08-4a0e-bc53-6e0270e2bea3/tags/red HTTP/1.1" status: 204 len: 168 time: 0.0464945
2026-05-21 20:49:05.101 10 INFO neutron.api.v2.resource [None req-db8e6ce1-8cf4-4755-9afe-fa9822303ecf a39cd93bc94e418bb838de89c7dc924c 3a988af3dd534066ba0ccb07cf66e902 - - default default] create failed (client error): The server could not comply with the request since it is either malformed or otherwise incorrect.
2026-05-21 20:49:05.103 10 INFO neutron.api.wsgi [None req-db8e6ce1-8cf4-4755-9afe-fa9822303ecf a39cd93bc94e418bb838de89c7dc924c 3a988af3dd534066ba0ccb07cf66e902 - - default default] 10.0.0.246 "POST /v2.0/vpn/ipsec-site-connections HTTP/1.1" status: 400 len: 330 time: 0.0711091
2026-05-21 20:49:05.120 10 WARNING neutron_lib.context [None req-5c502b5a-e5b4-4637-98b6-038ee6613b22 a39cd93bc94e418bb838de89c7dc924c 3a988af3dd534066ba0ccb07cf66e902 - - default default] Method 'is_advsvc' is deprecated since 2023.2 release (neutron-lib 3.8.0) and will be removed once support for the old RBAC API policies will be removed from Neutron. Please use method 'is_service_role' instead.
2026-05-21 20:49:05.122 9 INFO neutron.api.wsgi [None req-facb48c0-a5b9-4a2a-826b-45a65d01dc9c b5324194316541a3b8fef98ce1e7eb27 445da91a3cd1442b87d248303ece7873 - - default default] 10.0.0.246 "GET /v2.0/ports/cdbdca24-3b08-4a0e-bc53-6e0270e2bea3/tags HTTP/1.1" status: 200 len: 223 time: 0.0380325
2026-05-21 20:49:05.161 9 INFO neutron.api.v2.resource [None req-5e89906d-6d8f-4dbc-972d-22d666547a58 b5324194316541a3b8fef98ce1e7eb27 445da91a3cd1442b87d248303ece7873 - - default default] delete failed (client error): The resource could not be found.
2026-05-21 20:49:05.162 9 INFO neutron.api.wsgi [None req-5e89906d-6d8f-4dbc-972d-22d666547a58 b5324194316541a3b8fef98ce1e7eb27 445da91a3cd1442b87d248303ece7873 - - default default] 10.0.0.246 "DELETE /v2.0/ports/cdbdca24-3b08-4a0e-bc53-6e0270e2bea3/tags/green HTTP/1.1" status: 404 len: 299 time: 0.0345433
2026-05-21 20:49:05.178 10 INFO neutron.api.v2.resource [None req-5c502b5a-e5b4-4637-98b6-038ee6613b22 a39cd93bc94e418bb838de89c7dc924c 3a988af3dd534066ba0ccb07cf66e902 - - default default] create failed (client error): The server could not comply with the request since it is either malformed or otherwise incorrect.
2026-05-21 20:49:05.181 10 INFO neutron.api.wsgi [None req-5c502b5a-e5b4-4637-98b6-038ee6613b22 a39cd93bc94e418bb838de89c7dc924c 3a988af3dd534066ba0ccb07cf66e902 - - default default] 10.0.0.246 "POST /v2.0/vpn/ipsec-site-connections HTTP/1.1" status: 400 len: 339 time: 0.0688601
2026-05-21 20:49:05.195 10 WARNING neutron.api.v2.base [None req-1aae077f-a7cb-40ff-9c30-47a76b0d1a14 a39cd93bc94e418bb838de89c7dc924c 3a988af3dd534066ba0ccb07cf66e902 - - default default] An exception happened while processing the request body. The exception message is [Invalid input for dpd. Reason: '59' is not a dictionary.].: webob.exc.HTTPBadRequest: Invalid input for dpd. Reason: '59' is not a dictionary.
2026-05-21 20:49:05.196 10 INFO neutron.api.v2.resource [None req-1aae077f-a7cb-40ff-9c30-47a76b0d1a14 a39cd93bc94e418bb838de89c7dc924c 3a988af3dd534066ba0ccb07cf66e902 - - default default] create failed (client error): Invalid input for dpd. Reason: '59' is not a dictionary.
2026-05-21 20:49:05.198 10 INFO neutron.api.wsgi [None req-1aae077f-a7cb-40ff-9c30-47a76b0d1a14 a39cd93bc94e418bb838de89c7dc924c 3a988af3dd534066ba0ccb07cf66e902 - - default default] 10.0.0.246 "POST /v2.0/vpn/ipsec-site-connections HTTP/1.1" status: 400 len: 332 time: 0.0083492
2026-05-21 20:49:05.213 10 WARNING neutron_lib.context [None req-cdebabd8-b0ca-44c0-b693-fbe6f8c3a7f9 a39cd93bc94e418bb838de89c7dc924c 3a988af3dd534066ba0ccb07cf66e902 - - default default] Method 'is_advsvc' is deprecated since 2023.2 release (neutron-lib 3.8.0) and will be removed once support for the old RBAC API policies will be removed from Neutron. Please use method 'is_service_role' instead.
2026-05-21 20:49:05.220 9 INFO neutron.api.wsgi [None req-cfd601dc-1e1b-4db8-be7b-9b41d081226a b5324194316541a3b8fef98ce1e7eb27 445da91a3cd1442b87d248303ece7873 - - default default] 10.0.0.246 "DELETE /v2.0/ports/cdbdca24-3b08-4a0e-bc53-6e0270e2bea3/tags HTTP/1.1" status: 204 len: 168 time: 0.0506992
2026-05-21 20:49:05.269 10 INFO neutron.api.wsgi [None req-cdebabd8-b0ca-44c0-b693-fbe6f8c3a7f9 a39cd93bc94e418bb838de89c7dc924c 3a988af3dd534066ba0ccb07cf66e902 - - default default] 10.0.0.246 "POST /v2.0/vpn/endpoint-groups HTTP/1.1" status: 201 len: 493 time: 0.0634499
2026-05-21 20:49:05.277 10 INFO neutron.api.wsgi [None req-4fcbc90f-032a-4418-871a-1ad1182d435f b5324194316541a3b8fef98ce1e7eb27 445da91a3cd1442b87d248303ece7873 - - default default] 10.0.0.246 "GET /v2.0/ports/cdbdca24-3b08-4a0e-bc53-6e0270e2bea3/tags HTTP/1.1" status: 200 len: 205 time: 0.0506785
2026-05-21 20:49:05.282 9 WARNING neutron_lib.context [None req-80993c15-3025-4274-8c23-6024eaa50150 a39cd93bc94e418bb838de89c7dc924c 3a988af3dd534066ba0ccb07cf66e902 - - default default] Method 'is_advsvc' is deprecated since 2023.2 release (neutron-lib 3.8.0) and will be removed once support for the old RBAC API policies will be removed from Neutron. Please use method 'is_service_role' instead.
2026-05-21 20:49:05.336 9 INFO neutron.api.v2.resource [None req-80993c15-3025-4274-8c23-6024eaa50150 a39cd93bc94e418bb838de89c7dc924c 3a988af3dd534066ba0ccb07cf66e902 - - default default] create failed (client error): The server could not comply with the request since it is either malformed or otherwise incorrect.
2026-05-21 20:49:05.339 9 INFO neutron.api.wsgi [None req-80993c15-3025-4274-8c23-6024eaa50150 a39cd93bc94e418bb838de89c7dc924c 3a988af3dd534066ba0ccb07cf66e902 - - default default] 10.0.0.246 "POST /v2.0/vpn/ipsec-site-connections HTTP/1.1" status: 400 len: 352 time: 0.0650287
2026-05-21 20:49:05.359 9 INFO neutron.api.wsgi [None req-ddda6cd9-8179-459a-af09-e40266cdd793 a39cd93bc94e418bb838de89c7dc924c 3a988af3dd534066ba0ccb07cf66e902 - - default default] 10.0.0.246 "GET /v2.0/vpn/endpoint-groups HTTP/1.1" status: 200 len: 1103 time: 0.0124543
2026-05-21 20:49:05.408 10 INFO neutron.api.wsgi [None req-78883d43-3076-4714-912f-44523b34a2a3 a39cd93bc94e418bb838de89c7dc924c 3a988af3dd534066ba0ccb07cf66e902 - - default default] 10.0.0.246 "DELETE /v2.0/vpn/endpoint-groups/30104260-14fd-4ae0-b3b1-76c5a31a2bd8 HTTP/1.1" status: 204 len: 168 time: 0.0431783
2026-05-21 20:49:05.424 10 INFO neutron.api.wsgi [None req-f3e87d9a-bcba-4c19-a800-4572bf189dcf a39cd93bc94e418bb838de89c7dc924c 3a988af3dd534066ba0ccb07cf66e902 - - default default] 10.0.0.246 "GET /v2.0/vpn/endpoint-groups HTTP/1.1" status: 200 len: 827 time: 0.0090504
2026-05-21 20:49:05.438 9 WARNING neutron_lib.context [None req-a214f1d3-360b-4793-9c49-fbf6fdd13b9e a39cd93bc94e418bb838de89c7dc924c 3a988af3dd534066ba0ccb07cf66e902 - - default default] Method 'is_advsvc' is deprecated since 2023.2 release (neutron-lib 3.8.0) and will be removed once support for the old RBAC API policies will be removed from Neutron. Please use method 'is_service_role' instead.
2026-05-21 20:49:05.508 9 INFO neutron.api.wsgi [None req-a214f1d3-360b-4793-9c49-fbf6fdd13b9e a39cd93bc94e418bb838de89c7dc924c 3a988af3dd534066ba0ccb07cf66e902 - - default default] 10.0.0.246 "POST /v2.0/vpn/endpoint-groups HTTP/1.1" status: 201 len: 501 time: 0.0746503
2026-05-21 20:49:05.524 9 WARNING neutron_lib.context [None req-562048b1-0bec-4728-9317-4788018c5485 a39cd93bc94e418bb838de89c7dc924c 3a988af3dd534066ba0ccb07cf66e902 - - default default] Method 'is_advsvc' is deprecated since 2023.2 release (neutron-lib 3.8.0) and will be removed once support for the old RBAC API policies will be removed from Neutron. Please use method 'is_service_role' instead.
2026-05-21 20:49:05.575 9 INFO neutron.api.v2.resource [None req-562048b1-0bec-4728-9317-4788018c5485 a39cd93bc94e418bb838de89c7dc924c 3a988af3dd534066ba0ccb07cf66e902 - - default default] create failed (client error): The server could not comply with the request since it is either malformed or otherwise incorrect.
2026-05-21 20:49:05.576 9 INFO neutron.api.wsgi [None req-562048b1-0bec-4728-9317-4788018c5485 a39cd93bc94e418bb838de89c7dc924c 3a988af3dd534066ba0ccb07cf66e902 - - default default] 10.0.0.246 "POST /v2.0/vpn/ipsec-site-connections HTTP/1.1" status: 400 len: 351 time: 0.0615494
2026-05-21 20:49:05.597 10 INFO neutron.api.wsgi [None req-4c98ceb3-829b-4c32-a8f9-ac38b147bae8 a39cd93bc94e418bb838de89c7dc924c 3a988af3dd534066ba0ccb07cf66e902 - - default default] 10.0.0.246 "GET /v2.0/vpn/endpoint-groups HTTP/1.1" status: 200 len: 1111 time: 0.0132356
2026-05-21 20:49:05.617 10 INFO neutron.api.wsgi [None req-357b3706-45b0-446a-8680-f385af86645d b5324194316541a3b8fef98ce1e7eb27 445da91a3cd1442b87d248303ece7873 - - default default] 10.0.0.246 "DELETE /v2.0/ports/cdbdca24-3b08-4a0e-bc53-6e0270e2bea3 HTTP/1.1" status: 204 len: 168 time: 0.3310721
2026-05-21 20:49:05.646 10 INFO neutron.api.wsgi [None req-fac280c4-108a-4808-8cda-21c9065350d4 a39cd93bc94e418bb838de89c7dc924c 3a988af3dd534066ba0ccb07cf66e902 - - default default] 10.0.0.246 "DELETE /v2.0/vpn/endpoint-groups/93ee8819-7999-4e32-9d87-cc69b24df9ce HTTP/1.1" status: 204 len: 168 time: 0.0400414
2026-05-21 20:49:05.660 10 INFO neutron.api.wsgi [None req-637e2f13-f4ad-43ee-a3c7-d3afb6651bb6 a39cd93bc94e418bb838de89c7dc924c 3a988af3dd534066ba0ccb07cf66e902 - - default default] 10.0.0.246 "GET /v2.0/vpn/endpoint-groups HTTP/1.1" status: 200 len: 827 time: 0.0092871
2026-05-21 20:49:05.675 9 WARNING neutron.api.v2.base [None req-c7f2c9d1-1422-4458-96a1-ac9ad6172d11 a39cd93bc94e418bb838de89c7dc924c 3a988af3dd534066ba0ccb07cf66e902 - - default default] An exception happened while processing the request body. The exception message is [Invalid input for peer_cidrs. Reason: '1.0.0.0/33' is not a valid IP subnet.].: webob.exc.HTTPBadRequest: Invalid input for peer_cidrs. Reason: '1.0.0.0/33' is not a valid IP subnet.
2026-05-21 20:49:05.677 9 INFO neutron.api.v2.resource [None req-c7f2c9d1-1422-4458-96a1-ac9ad6172d11 a39cd93bc94e418bb838de89c7dc924c 3a988af3dd534066ba0ccb07cf66e902 - - default default] create failed (client error): Invalid input for peer_cidrs. Reason: '1.0.0.0/33' is not a valid IP subnet.
2026-05-21 20:49:05.678 9 INFO neutron.api.wsgi [None req-c7f2c9d1-1422-4458-96a1-ac9ad6172d11 a39cd93bc94e418bb838de89c7dc924c 3a988af3dd534066ba0ccb07cf66e902 - - default default] 10.0.0.246 "POST /v2.0/vpn/ipsec-site-connections HTTP/1.1" status: 400 len: 352 time: 0.0107481
2026-05-21 20:49:05.692 9 WARNING neutron_lib.context [None req-94684b4d-fd22-426e-afe3-3d3b31be0c89 a39cd93bc94e418bb838de89c7dc924c 3a988af3dd534066ba0ccb07cf66e902 - - default default] Method 'is_advsvc' is deprecated since 2023.2 release (neutron-lib 3.8.0) and will be removed once support for the old RBAC API policies will be removed from Neutron. Please use method 'is_service_role' instead.
2026-05-21 20:49:05.776 9 WARNING neutron.plugins.ml2.drivers.ovn.mech_driver.ovsdb.ovn_client [None req-6ef761a7-a5d2-427a-a79a-7316aedaee79 - - - - - -] No hosting information found for port 213d959d-e66b-42e6-a926-6653f9f570e8: RuntimeError: No hosting information found for port 213d959d-e66b-42e6-a926-6653f9f570e8
2026-05-21 20:49:05.800 9 INFO neutron.db.segments_db [None req-94684b4d-fd22-426e-afe3-3d3b31be0c89 a39cd93bc94e418bb838de89c7dc924c 3a988af3dd534066ba0ccb07cf66e902 - - default default] Added segment 5e0eb643-f8e1-4eeb-90c4-9d9e2524ecf5 of type geneve for network 804a53cd-c08a-48d6-a7e5-7f9af45712c7
2026-05-21 20:49:05.912 9 INFO neutron.db.ovn_revision_numbers_db [None req-6ef761a7-a5d2-427a-a79a-7316aedaee79 - - - - - -] Successfully bumped revision number for resource 213d959d-e66b-42e6-a926-6653f9f570e8 (type: router_ports) to 2
2026-05-21 20:49:05.975 9 INFO neutron.db.ovn_revision_numbers_db [None req-94684b4d-fd22-426e-afe3-3d3b31be0c89 a39cd93bc94e418bb838de89c7dc924c 3a988af3dd534066ba0ccb07cf66e902 - - default default] Successfully bumped revision number for resource 804a53cd-c08a-48d6-a7e5-7f9af45712c7 (type: networks) to 1
2026-05-21 20:49:06.024 10 INFO neutron.api.wsgi [None req-1d492786-c707-4077-8bbc-1c3e20591cc7 b5324194316541a3b8fef98ce1e7eb27 445da91a3cd1442b87d248303ece7873 - - default default] 10.0.0.246 "DELETE /v2.0/networks/f43f5f35-d02b-4fa0-aba5-53d08e2ac2ed HTTP/1.1" status: 204 len: 168 time: 0.4006121
2026-05-21 20:49:06.172 9 WARNING neutron.scheduler.dhcp_agent_scheduler [None req-94684b4d-fd22-426e-afe3-3d3b31be0c89 a39cd93bc94e418bb838de89c7dc924c 3a988af3dd534066ba0ccb07cf66e902 - - default default] No more DHCP agents
2026-05-21 20:49:06.180 9 WARNING neutron.api.rpc.agentnotifiers.dhcp_rpc_agent_api [None req-94684b4d-fd22-426e-afe3-3d3b31be0c89 a39cd93bc94e418bb838de89c7dc924c 3a988af3dd534066ba0ccb07cf66e902 - - default default] Unable to schedule network 804a53cd-c08a-48d6-a7e5-7f9af45712c7: no agents available; will retry on subsequent port and subnet creation events.
2026-05-21 20:49:06.255 9 INFO neutron.db.ovn_revision_numbers_db [None req-94684b4d-fd22-426e-afe3-3d3b31be0c89 a39cd93bc94e418bb838de89c7dc924c 3a988af3dd534066ba0ccb07cf66e902 - - default default] Successfully bumped revision number for resource bb792511-ef2c-4098-a34f-4406fb7389a3 (type: ports) to 1
2026-05-21 20:49:06.279 9 INFO neutron.api.wsgi [None req-94684b4d-fd22-426e-afe3-3d3b31be0c89 a39cd93bc94e418bb838de89c7dc924c 3a988af3dd534066ba0ccb07cf66e902 - - default default] 10.0.0.246 "POST /v2.0/networks HTTP/1.1" status: 201 len: 830 time: 0.5916636
2026-05-21 20:49:06.292 9 WARNING neutron_lib.context [None req-71fe5e83-c13d-40d2-ab57-34521c7f0a3a a39cd93bc94e418bb838de89c7dc924c 3a988af3dd534066ba0ccb07cf66e902 - - default default] Method 'is_advsvc' is deprecated since 2023.2 release (neutron-lib 3.8.0) and will be removed once support for the old RBAC API policies will be removed from Neutron. Please use method 'is_service_role' instead.
2026-05-21 20:49:06.346 10 WARNING neutron_lib.context [None req-873c8bc4-5e4b-4aba-8344-c2c6a8d215ed f28adf732c7c480189c73502f46ef60a fea9b02e27254b7d99fe14d50a1516ce - - default default] Method 'is_advsvc' is deprecated since 2023.2 release (neutron-lib 3.8.0) and will be removed once support for the old RBAC API policies will be removed from Neutron. Please use method 'is_service_role' instead.
2026-05-21 20:49:06.509 10 INFO neutron.db.ovn_revision_numbers_db [None req-873c8bc4-5e4b-4aba-8344-c2c6a8d215ed f28adf732c7c480189c73502f46ef60a fea9b02e27254b7d99fe14d50a1516ce - - default default] Successfully bumped revision number for resource 139e3695-d31f-4388-8704-b13070db9376 (type: security_groups) to 1
2026-05-21 20:49:06.527 10 INFO neutron.db.ovn_revision_numbers_db [None req-873c8bc4-5e4b-4aba-8344-c2c6a8d215ed f28adf732c7c480189c73502f46ef60a fea9b02e27254b7d99fe14d50a1516ce - - default default] Successfully bumped revision number for resource 51df9653-e4cc-4169-9900-c0e1470544cc (type: security_group_rules) to 0
2026-05-21 20:49:06.527 9 WARNING neutron.scheduler.dhcp_agent_scheduler [None req-71fe5e83-c13d-40d2-ab57-34521c7f0a3a a39cd93bc94e418bb838de89c7dc924c 3a988af3dd534066ba0ccb07cf66e902 - - default default] No more DHCP agents
2026-05-21 20:49:06.528 9 WARNING neutron.api.rpc.agentnotifiers.dhcp_rpc_agent_api [None req-71fe5e83-c13d-40d2-ab57-34521c7f0a3a a39cd93bc94e418bb838de89c7dc924c 3a988af3dd534066ba0ccb07cf66e902 - - default default] Unable to schedule network 804a53cd-c08a-48d6-a7e5-7f9af45712c7: no agents available; will retry on subsequent port and subnet creation events.
2026-05-21 20:49:06.542 10 INFO neutron.db.ovn_revision_numbers_db [None req-873c8bc4-5e4b-4aba-8344-c2c6a8d215ed f28adf732c7c480189c73502f46ef60a fea9b02e27254b7d99fe14d50a1516ce - - default default] Successfully bumped revision number for resource 599eb68c-3187-498c-8904-e6b0a3bce6ec (type: security_group_rules) to 0
2026-05-21 20:49:06.558 10 INFO neutron.db.ovn_revision_numbers_db [None req-873c8bc4-5e4b-4aba-8344-c2c6a8d215ed f28adf732c7c480189c73502f46ef60a fea9b02e27254b7d99fe14d50a1516ce - - default default] Successfully bumped revision number for resource a3ec2feb-61c3-4fda-bfd4-8aec437f8df6 (type: security_group_rules) to 0
2026-05-21 20:49:06.573 10 INFO neutron.db.ovn_revision_numbers_db [None req-873c8bc4-5e4b-4aba-8344-c2c6a8d215ed f28adf732c7c480189c73502f46ef60a fea9b02e27254b7d99fe14d50a1516ce - - default default] Successfully bumped revision number for resource ba6ebf30-5d36-46ee-ba97-81b6e671f74f (type: security_group_rules) to 0
2026-05-21 20:49:06.654 10 INFO neutron.db.segments_db [None req-873c8bc4-5e4b-4aba-8344-c2c6a8d215ed f28adf732c7c480189c73502f46ef60a fea9b02e27254b7d99fe14d50a1516ce - - default default] Added segment fb58c509-1f6a-4559-b9f8-cc21812efd20 of type geneve for network 7ba7bc19-012d-486f-b4ac-f61cd992febc
2026-05-21 20:49:06.798 10 INFO neutron.db.ovn_revision_numbers_db [None req-873c8bc4-5e4b-4aba-8344-c2c6a8d215ed f28adf732c7c480189c73502f46ef60a fea9b02e27254b7d99fe14d50a1516ce - - default default] Successfully bumped revision number for resource 7ba7bc19-012d-486f-b4ac-f61cd992febc (type: networks) to 1
2026-05-21 20:49:06.970 10 WARNING neutron.scheduler.dhcp_agent_scheduler [None req-873c8bc4-5e4b-4aba-8344-c2c6a8d215ed f28adf732c7c480189c73502f46ef60a fea9b02e27254b7d99fe14d50a1516ce - - default default] No more DHCP agents
2026-05-21 20:49:06.971 10 WARNING neutron.api.rpc.agentnotifiers.dhcp_rpc_agent_api [None req-873c8bc4-5e4b-4aba-8344-c2c6a8d215ed f28adf732c7c480189c73502f46ef60a fea9b02e27254b7d99fe14d50a1516ce - - default default] Unable to schedule network 7ba7bc19-012d-486f-b4ac-f61cd992febc: no agents available; will retry on subsequent port and subnet creation events.
2026-05-21 20:49:06.984 9 INFO neutron.api.wsgi [None req-99d8898d-ebff-4444-a718-46f1e1d30dbc 61ab6293e2234a2a9de4281143ec31a0 b3f58bab78cf4d5cba90882365d00150 - - default default] 10.0.0.246 "GET /v2.0/security-groups?tenant_id=445da91a3cd1442b87d248303ece7873&name=default HTTP/1.1" status: 200 len: 3124 time: 0.2176728
2026-05-21 20:49:07.005 10 INFO neutron.services.segments.plugin [-] Segment 8e00fb26-d2b2-4c7d-b3ba-9e241862c884 resource provider aggregate not found
2026-05-21 20:49:07.012 10 INFO neutron.services.segments.plugin [-] Segment 8e00fb26-d2b2-4c7d-b3ba-9e241862c884 resource provider aggregate not found
2026-05-21 20:49:07.020 10 INFO neutron.services.segments.plugin [-] Segment 8e00fb26-d2b2-4c7d-b3ba-9e241862c884 resource provider not found; error: Placement Client Error (4xx): {"errors": [{"status": 404, "title": "Not Found", "detail": "The resource could not be found.\n\n No resource provider with uuid 8e00fb26-d2b2-4c7d-b3ba-9e241862c884 found for delete ", "request_id": "req-887534de-a609-4e35-8dd4-f4637a19de8e"}]}
2026-05-21 20:49:07.029 10 INFO neutron.services.segments.plugin [-] Segment 8e00fb26-d2b2-4c7d-b3ba-9e241862c884 resource provider not found; error: Placement Client Error (4xx): {"errors": [{"status": 404, "title": "Not Found", "detail": "The resource could not be found.\n\n No resource provider with uuid 8e00fb26-d2b2-4c7d-b3ba-9e241862c884 found for delete ", "request_id": "req-87691d84-d99d-4a32-9ee2-dd0807324eeb"}]}
2026-05-21 20:49:07.047 9 INFO neutron.db.ovn_revision_numbers_db [None req-b55264ef-08e3-4150-96c1-4c14e0e6e16c - - - - - -] Successfully bumped revision number for resource bb792511-ef2c-4098-a34f-4406fb7389a3 (type: ports) to 2
2026-05-21 20:49:07.077 9 INFO neutron.db.ovn_revision_numbers_db [None req-b55264ef-08e3-4150-96c1-4c14e0e6e16c - - - - - -] Successfully bumped revision number for resource 23af27b4-65f4-48cb-9834-0912c6963d27 (type: subnets) to 0
2026-05-21 20:49:07.080 10 INFO neutron.db.ovn_revision_numbers_db [None req-873c8bc4-5e4b-4aba-8344-c2c6a8d215ed f28adf732c7c480189c73502f46ef60a fea9b02e27254b7d99fe14d50a1516ce - - default default] Successfully bumped revision number for resource b30ec981-351a-48ae-8d1d-9d1722420862 (type: ports) to 1
2026-05-21 20:49:07.094 9 INFO neutron.api.wsgi [None req-71fe5e83-c13d-40d2-ab57-34521c7f0a3a a39cd93bc94e418bb838de89c7dc924c 3a988af3dd534066ba0ccb07cf66e902 - - default default] 10.0.0.246 "POST /v2.0/subnets HTTP/1.1" status: 201 len: 828 time: 0.8080313
2026-05-21 20:49:07.107 9 WARNING neutron_lib.context [None req-1681107e-1963-4fad-b0d6-d99f65c7f897 a39cd93bc94e418bb838de89c7dc924c 3a988af3dd534066ba0ccb07cf66e902 - - default default] Method 'is_advsvc' is deprecated since 2023.2 release (neutron-lib 3.8.0) and will be removed once support for the old RBAC API policies will be removed from Neutron. Please use method 'is_service_role' instead.
2026-05-21 20:49:07.107 10 INFO neutron.api.wsgi [None req-873c8bc4-5e4b-4aba-8344-c2c6a8d215ed f28adf732c7c480189c73502f46ef60a fea9b02e27254b7d99fe14d50a1516ce - - default default] 10.0.0.246 "POST /v2.0/networks HTTP/1.1" status: 201 len: 830 time: 1.0247343
