2026-05-21 20:44:16.175 10 WARNING neutron.plugins.ml2.drivers.ovn.mech_driver.ovsdb.ovn_client [None req-ff95c9b2-841d-4ba7-bda5-c5f4385bcc90 - - - - - -] No hosting information found for port 7c700aa4-47b3-474a-9945-073a3cb86357: RuntimeError: No hosting information found for port 7c700aa4-47b3-474a-9945-073a3cb86357
2026-05-21 20:44:16.192 9 WARNING neutron_lib.context [None req-0579c69b-de81-430d-b043-c5c36198e040 f750cf02294d40ddaa4c30cb69029e1c cc699f6a401d41938f20962bddd3e762 - - default default] Method 'is_advsvc' is deprecated since 2023.2 release (neutron-lib 3.8.0) and will be removed once support for the old RBAC API policies will be removed from Neutron. Please use method 'is_service_role' instead.
2026-05-21 20:44:16.309 10 INFO neutron.db.ovn_revision_numbers_db [None req-ff95c9b2-841d-4ba7-bda5-c5f4385bcc90 - - - - - -] Successfully bumped revision number for resource 7c700aa4-47b3-474a-9945-073a3cb86357 (type: router_ports) to 2
2026-05-21 20:44:16.373 10 INFO neutron.plugins.ml2.drivers.ovn.mech_driver.mech_driver [None req-ff95c9b2-841d-4ba7-bda5-c5f4385bcc90 - - - - - -] OVN reports status up for port: b3118f18-db40-46c6-874c-06a5dfda1046
2026-05-21 20:44:16.384 10 INFO neutron.plugins.ml2.plugin [None req-ff95c9b2-841d-4ba7-bda5-c5f4385bcc90 - - - - - -] Attempt 1 to provision port b3118f18-db40-46c6-874c-06a5dfda1046
2026-05-21 20:44:16.466 10 INFO neutron.plugins.ml2.drivers.ovn.mech_driver.mech_driver [None req-ff95c9b2-841d-4ba7-bda5-c5f4385bcc90 - - - - - -] OVN reports status up for port: 59627bc2-81af-4ac9-a622-d374467f4c05
2026-05-21 20:44:16.473 10 INFO neutron.plugins.ml2.plugin [None req-ff95c9b2-841d-4ba7-bda5-c5f4385bcc90 - - - - - -] Attempt 1 to provision port 59627bc2-81af-4ac9-a622-d374467f4c05
2026-05-21 20:44:16.570 10 INFO neutron.api.wsgi [req-3a76c34b-d46b-4c5d-8a0f-470326d65c26 req-f8f8cd99-3ead-4062-9d00-c8066d192bbc d00192698c6f4e31978205db2ee983c4 d4c2cae91b9f42b29e191d4cb3cc5ff6 - - default default] 10.0.0.51 "GET /v2.0/security-groups?name=tempest-securitygroup--1211560944&fields=id&tenant_id=d4c2cae91b9f42b29e191d4cb3cc5ff6 HTTP/1.1" status: 200 len: 267 time: 0.0573163
2026-05-21 20:44:16.589 9 WARNING neutron.scheduler.dhcp_agent_scheduler [None req-0579c69b-de81-430d-b043-c5c36198e040 f750cf02294d40ddaa4c30cb69029e1c cc699f6a401d41938f20962bddd3e762 - - default default] No more DHCP agents
2026-05-21 20:44:16.594 9 WARNING neutron.api.rpc.agentnotifiers.dhcp_rpc_agent_api [None req-0579c69b-de81-430d-b043-c5c36198e040 f750cf02294d40ddaa4c30cb69029e1c cc699f6a401d41938f20962bddd3e762 - - default default] Unable to schedule network f875c99c-a46d-4763-9a04-9a5b002d17f0: no agents available; will retry on subsequent port and subnet creation events.
2026-05-21 20:44:16.634 9 INFO neutron.api.wsgi [None req-b11899ef-ccaf-4d9c-b8a3-10f3be5f7e27 61ab6293e2234a2a9de4281143ec31a0 b3f58bab78cf4d5cba90882365d00150 - - default default] 10.0.0.246 "DELETE /v2.0/routers/2bac9017-15b2-4aa3-a159-149c01403a05 HTTP/1.1" status: 204 len: 168 time: 0.8572152
2026-05-21 20:44:16.706 10 INFO neutron.api.wsgi [req-3a76c34b-d46b-4c5d-8a0f-470326d65c26 req-13d5f5d9-5664-40dd-ba0d-983d9c4a1082 d00192698c6f4e31978205db2ee983c4 d4c2cae91b9f42b29e191d4cb3cc5ff6 - - default default] 10.0.0.51 "GET /v2.0/networks?id=ecc94b13-ebd5-4d21-a569-b5fb0f841596 HTTP/1.1" status: 200 len: 877 time: 0.1271529
2026-05-21 20:44:16.745 10 INFO neutron.api.wsgi [req-3a76c34b-d46b-4c5d-8a0f-470326d65c26 req-aaaacfdf-b7fa-426d-9f0a-2b77914dfc42 d00192698c6f4e31978205db2ee983c4 d4c2cae91b9f42b29e191d4cb3cc5ff6 - - default default] 10.0.0.51 "GET /v2.0/quotas/d4c2cae91b9f42b29e191d4cb3cc5ff6 HTTP/1.1" status: 200 len: 491 time: 0.0262208
2026-05-21 20:44:16.952 9 INFO neutron.api.wsgi [None req-0579c69b-de81-430d-b043-c5c36198e040 f750cf02294d40ddaa4c30cb69029e1c cc699f6a401d41938f20962bddd3e762 - - default default] 10.0.0.246 "POST /v2.0/floatingips HTTP/1.1" status: 201 len: 751 time: 0.7704418
2026-05-21 20:44:17.122 10 INFO neutron.api.wsgi [req-3a76c34b-d46b-4c5d-8a0f-470326d65c26 req-df7f8a8a-5a07-4fd5-b367-9b4b626d9c17 d00192698c6f4e31978205db2ee983c4 d4c2cae91b9f42b29e191d4cb3cc5ff6 - - default default] 10.0.0.51 "GET /v2.0/ports?tenant_id=d4c2cae91b9f42b29e191d4cb3cc5ff6&fields=id HTTP/1.1" status: 200 len: 302 time: 0.3628483
2026-05-21 20:44:17.248 10 INFO neutron.api.wsgi [None req-97d968a1-80ad-4bb5-8022-e3dc25ed9337 61ab6293e2234a2a9de4281143ec31a0 b3f58bab78cf4d5cba90882365d00150 - - default default] 10.0.0.246 "DELETE /v2.0/subnets/2002f61f-7554-4efa-9279-b9d25ed22a6e HTTP/1.1" status: 204 len: 168 time: 0.6051013
2026-05-21 20:44:17.394 10 INFO neutron.api.wsgi [None req-b49c34e8-ce3a-4ee5-91dc-b3184660995a 61ab6293e2234a2a9de4281143ec31a0 b3f58bab78cf4d5cba90882365d00150 - - default default] 10.0.0.246 "DELETE /v2.0/routers/b36c8c2c-3cc6-43b8-80bf-e5c21480eee7 HTTP/1.1" status: 204 len: 168 time: 1.3258853
2026-05-21 20:44:17.446 9 INFO neutron.api.wsgi [req-db0a1795-33b1-444f-8c4f-b45576773dc1 req-3b2032a1-ad27-40f9-8065-d17c511ac50c f750cf02294d40ddaa4c30cb69029e1c cc699f6a401d41938f20962bddd3e762 - - default default] 10.0.0.51 "GET /v2.0/security-groups?name=tempest-securitygroup--1771081864&fields=id&tenant_id=cc699f6a401d41938f20962bddd3e762 HTTP/1.1" status: 200 len: 267 time: 0.0613265
2026-05-21 20:44:17.532 9 INFO neutron.api.wsgi [req-db0a1795-33b1-444f-8c4f-b45576773dc1 req-e46658f9-0d77-4e25-98e4-b5d4935bf84d f750cf02294d40ddaa4c30cb69029e1c cc699f6a401d41938f20962bddd3e762 - - default default] 10.0.0.51 "GET /v2.0/networks?id=d1441ac9-8fc1-4589-892f-94ff9fcda47e HTTP/1.1" status: 200 len: 883 time: 0.0805314
2026-05-21 20:44:17.551 10 INFO neutron.api.wsgi [req-3a76c34b-d46b-4c5d-8a0f-470326d65c26 req-a0f33621-9fc9-47f4-bc5c-11cbfff6cdf8 ed43b95edf94438e8c0f39cb43b9645c f729cf6bc5ef425a98d92696e4751bef - - 9a3d968ebfc1409faebfb5f1a7d96120 9a3d968ebfc1409faebfb5f1a7d96120] 10.0.0.51 "GET /v2.0/extensions HTTP/1.1" status: 200 len: 19298 time: 0.0634778
2026-05-21 20:44:17.551 9 INFO neutron.api.wsgi [req-db0a1795-33b1-444f-8c4f-b45576773dc1 req-9f092a3b-c538-4f7d-a31e-e0bc6564c6fa f750cf02294d40ddaa4c30cb69029e1c cc699f6a401d41938f20962bddd3e762 - - default default] 10.0.0.51 "GET /v2.0/quotas/cc699f6a401d41938f20962bddd3e762 HTTP/1.1" status: 200 len: 491 time: 0.0120173
2026-05-21 20:44:17.572 10 INFO neutron.db.ovn_revision_numbers_db [None req-ff95c9b2-841d-4ba7-bda5-c5f4385bcc90 - - - - - -] Successfully bumped revision number for resource 59627bc2-81af-4ac9-a622-d374467f4c05 (type: ports) to 2
2026-05-21 20:44:17.630 10 INFO neutron.api.wsgi [None req-32913b46-4517-4ca8-9e83-9f3aa8a091e0 61ab6293e2234a2a9de4281143ec31a0 b3f58bab78cf4d5cba90882365d00150 - - default default] 10.0.0.246 "DELETE /v2.0/subnets/d310785f-10cc-426e-8d03-97b57002e0ce HTTP/1.1" status: 204 len: 168 time: 0.2303090
2026-05-21 20:44:17.635 10 INFO neutron.api.wsgi [req-3a76c34b-d46b-4c5d-8a0f-470326d65c26 req-79ee0616-9a6d-47d1-8514-8b5b31e4f8a7 ed43b95edf94438e8c0f39cb43b9645c f729cf6bc5ef425a98d92696e4751bef - - 9a3d968ebfc1409faebfb5f1a7d96120 9a3d968ebfc1409faebfb5f1a7d96120] 10.0.0.51 "GET /v2.0/networks/ecc94b13-ebd5-4d21-a569-b5fb0f841596?fields=segments HTTP/1.1" status: 200 len: 212 time: 0.0745916
2026-05-21 20:44:17.683 9 INFO neutron.api.wsgi [req-db0a1795-33b1-444f-8c4f-b45576773dc1 req-911ca85c-1913-4eb3-8bd7-dfeb909f9d2b f750cf02294d40ddaa4c30cb69029e1c cc699f6a401d41938f20962bddd3e762 - - default default] 10.0.0.51 "GET /v2.0/ports?tenant_id=cc699f6a401d41938f20962bddd3e762&fields=id HTTP/1.1" status: 200 len: 302 time: 0.1223104
2026-05-21 20:44:17.708 10 INFO neutron.api.wsgi [req-3a76c34b-d46b-4c5d-8a0f-470326d65c26 req-48971a22-e0c1-43f1-bc93-df2c33f4bb31 ed43b95edf94438e8c0f39cb43b9645c f729cf6bc5ef425a98d92696e4751bef - - 9a3d968ebfc1409faebfb5f1a7d96120 9a3d968ebfc1409faebfb5f1a7d96120] 10.0.0.51 "GET /v2.0/networks/ecc94b13-ebd5-4d21-a569-b5fb0f841596?fields=provider%3Aphysical_network&fields=provider%3Anetwork_type HTTP/1.1" status: 200 len: 277 time: 0.0615885
2026-05-21 20:44:17.888 9 INFO neutron.api.wsgi [None req-5eb6c6c2-d54b-478b-823e-7251ec9c8f7c 61ab6293e2234a2a9de4281143ec31a0 b3f58bab78cf4d5cba90882365d00150 - - default default] 10.0.0.246 "DELETE /v2.0/networks/61bf5038-ab40-4741-8cc1-f49984c93714 HTTP/1.1" status: 204 len: 168 time: 0.6338322
2026-05-21 20:44:17.969 9 INFO neutron.api.wsgi [-] 10.0.0.205 "GET / HTTP/1.1" status: 200 len: 246 time: 0.0019374
2026-05-21 20:44:17.971 10 INFO neutron.api.wsgi [-] 10.0.0.205 "GET / HTTP/1.1" status: 200 len: 246 time: 0.0026486
2026-05-21 20:44:18.176 10 INFO neutron.api.wsgi [req-068bfee1-dc5c-41d3-9fca-47d6c4ad75bf req-dce040ae-f61d-4096-bd5f-06455ea3907e d00192698c6f4e31978205db2ee983c4 d4c2cae91b9f42b29e191d4cb3cc5ff6 - - default default] 10.0.0.51 "GET /v2.0/ports?device_id=6d1236a3-15b0-49c9-8075-fec8fdcbd3f4 HTTP/1.1" status: 200 len: 210 time: 0.0689704
2026-05-21 20:44:18.364 9 INFO neutron.api.wsgi [None req-432195c9-8523-4d20-bf2d-edc497b35ac4 61ab6293e2234a2a9de4281143ec31a0 b3f58bab78cf4d5cba90882365d00150 - - default default] 10.0.0.246 "GET /v2.0/security-groups?tenant_id=e9a43e6c63694ae6b8ca74cc1558ba4c&name=default HTTP/1.1" status: 200 len: 3116 time: 0.2827973
2026-05-21 20:44:18.384 9 INFO neutron.api.wsgi [req-db0a1795-33b1-444f-8c4f-b45576773dc1 req-34a04871-9e80-4a17-b821-e053b1ce7499 ed43b95edf94438e8c0f39cb43b9645c f729cf6bc5ef425a98d92696e4751bef - - 9a3d968ebfc1409faebfb5f1a7d96120 9a3d968ebfc1409faebfb5f1a7d96120] 10.0.0.51 "GET /v2.0/extensions HTTP/1.1" status: 200 len: 19298 time: 0.1077962
2026-05-21 20:44:18.404 9 INFO neutron.services.segments.plugin [-] Segment 7236997b-59c6-4a58-9770-d6878c44b8c3 resource provider aggregate not found
2026-05-21 20:44:18.407 9 INFO neutron.services.segments.plugin [-] Segment 7236997b-59c6-4a58-9770-d6878c44b8c3 resource provider aggregate not found
2026-05-21 20:44:18.430 9 INFO neutron.services.segments.plugin [-] Segment 7236997b-59c6-4a58-9770-d6878c44b8c3 resource provider not found; error: Placement Client Error (4xx): {"errors": [{"status": 404, "title": "Not Found", "detail": "The resource could not be found.\n\n No resource provider with uuid 7236997b-59c6-4a58-9770-d6878c44b8c3 found for delete ", "request_id": "req-d40d5665-41c4-4db5-8de9-8559ae541867"}]}
2026-05-21 20:44:18.432 9 INFO neutron.services.segments.plugin [-] Segment 7236997b-59c6-4a58-9770-d6878c44b8c3 resource provider not found; error: Placement Client Error (4xx): {"errors": [{"status": 404, "title": "Not Found", "detail": "The resource could not be found.\n\n No resource provider with uuid 7236997b-59c6-4a58-9770-d6878c44b8c3 found for delete ", "request_id": "req-a88d5f85-b085-47ff-a247-0e6f15051b3e"}]}
2026-05-21 20:44:18.444 9 INFO neutron.api.wsgi [req-db0a1795-33b1-444f-8c4f-b45576773dc1 req-c4b436fc-1056-444d-ab65-457775aec54b ed43b95edf94438e8c0f39cb43b9645c f729cf6bc5ef425a98d92696e4751bef - - 9a3d968ebfc1409faebfb5f1a7d96120 9a3d968ebfc1409faebfb5f1a7d96120] 10.0.0.51 "GET /v2.0/networks/d1441ac9-8fc1-4589-892f-94ff9fcda47e?fields=segments HTTP/1.1" status: 200 len: 212 time: 0.0540788
2026-05-21 20:44:18.475 9 INFO neutron.api.wsgi [None req-cf9365e6-d5a0-45d8-93a4-5465da52a999 61ab6293e2234a2a9de4281143ec31a0 b3f58bab78cf4d5cba90882365d00150 - - default default] 10.0.0.246 "DELETE /v2.0/networks/ace967ba-5a5d-4629-b4e1-be3ca84838df HTTP/1.1" status: 204 len: 168 time: 0.8371201
2026-05-21 20:44:18.506 9 INFO neutron.api.wsgi [req-db0a1795-33b1-444f-8c4f-b45576773dc1 req-cf0204cc-cc82-4152-ae09-bdd8860ed72a ed43b95edf94438e8c0f39cb43b9645c f729cf6bc5ef425a98d92696e4751bef - - 9a3d968ebfc1409faebfb5f1a7d96120 9a3d968ebfc1409faebfb5f1a7d96120] 10.0.0.51 "GET /v2.0/networks/d1441ac9-8fc1-4589-892f-94ff9fcda47e?fields=provider%3Aphysical_network&fields=provider%3Anetwork_type HTTP/1.1" status: 200 len: 277 time: 0.0527239
2026-05-21 20:44:18.673 10 INFO neutron.api.wsgi [None req-4077e12b-aabb-4155-b3e5-ab525e23b507 61ab6293e2234a2a9de4281143ec31a0 b3f58bab78cf4d5cba90882365d00150 - - default default] 10.0.0.246 "DELETE /v2.0/security-groups/3069a23a-54cb-4e7e-a7f7-260fee1cedac HTTP/1.1" status: 204 len: 168 time: 0.3008883
2026-05-21 20:44:18.736 10 INFO neutron.api.wsgi [req-648c743a-5d7c-40eb-8cdb-ce7654ca8c55 req-1d99fce3-fed8-4048-a222-4756cee4a871 f750cf02294d40ddaa4c30cb69029e1c cc699f6a401d41938f20962bddd3e762 - - default default] 10.0.0.51 "GET /v2.0/ports?device_id=24b2e873-1b36-4078-8fd0-4471b508faa4 HTTP/1.1" status: 200 len: 210 time: 0.0173512
2026-05-21 20:44:18.744 9 INFO neutron.api.wsgi [None req-5d68ecda-0167-4a0d-ac1a-63c3d4f752fa 61ab6293e2234a2a9de4281143ec31a0 b3f58bab78cf4d5cba90882365d00150 - - default default] 10.0.0.246 "GET /v2.0/security-groups?tenant_id=6305bb5325c24f1891b3751cd4f93c6e&name=default HTTP/1.1" status: 200 len: 3116 time: 0.0379283
2026-05-21 20:44:18.987 9 INFO neutron.api.wsgi [None req-83797f42-713d-4eb8-9d07-0a6afcbe89df 61ab6293e2234a2a9de4281143ec31a0 b3f58bab78cf4d5cba90882365d00150 - - default default] 10.0.0.246 "DELETE /v2.0/security-groups/b2761c36-2b0f-4ec4-b0f0-12b21fc067dd HTTP/1.1" status: 204 len: 168 time: 0.2386725
2026-05-21 20:44:19.322 9 INFO neutron.api.wsgi [req-894c5610-d3c7-409c-b5cc-af37da42f9f1 req-733456c2-08fb-4f5f-900e-b44ba6e7cec8 d00192698c6f4e31978205db2ee983c4 d4c2cae91b9f42b29e191d4cb3cc5ff6 - - default default] 10.0.0.51 "GET /v2.0/ports?device_id=6d1236a3-15b0-49c9-8075-fec8fdcbd3f4 HTTP/1.1" status: 200 len: 210 time: 0.0353737
2026-05-21 20:44:19.857 10 INFO neutron.api.wsgi [req-f09de0e2-0373-4f63-a8e4-2b8be828ea4e req-3b00e50d-79ef-403a-b6ca-bfe292c07d84 f750cf02294d40ddaa4c30cb69029e1c cc699f6a401d41938f20962bddd3e762 - - default default] 10.0.0.51 "GET /v2.0/ports?device_id=24b2e873-1b36-4078-8fd0-4471b508faa4 HTTP/1.1" status: 200 len: 210 time: 0.0300658
2026-05-21 20:44:20.450 9 INFO neutron.api.wsgi [req-24e95c3f-65d0-4e75-a2f3-8264675237ac req-0cf416be-2048-47cb-aeb6-ca48fdc5a13b d00192698c6f4e31978205db2ee983c4 d4c2cae91b9f42b29e191d4cb3cc5ff6 - - default default] 10.0.0.51 "GET /v2.0/ports?device_id=6d1236a3-15b0-49c9-8075-fec8fdcbd3f4 HTTP/1.1" status: 200 len: 210 time: 0.0397351
2026-05-21 20:44:20.453 9 INFO neutron.services.segments.plugin [-] Segment 0adfaab7-9752-4a89-9b43-5eb17023fd1b resource provider aggregate not found
2026-05-21 20:44:20.458 9 INFO neutron.services.segments.plugin [-] Segment 0adfaab7-9752-4a89-9b43-5eb17023fd1b resource provider aggregate not found
2026-05-21 20:44:20.468 9 INFO neutron.services.segments.plugin [-] Segment 0adfaab7-9752-4a89-9b43-5eb17023fd1b resource provider not found; error: Placement Client Error (4xx): {"errors": [{"status": 404, "title": "Not Found", "detail": "The resource could not be found.\n\n No resource provider with uuid 0adfaab7-9752-4a89-9b43-5eb17023fd1b found for delete ", "request_id": "req-12a327ee-5dd0-4233-9c72-8643f892ea58"}]}
2026-05-21 20:44:20.473 9 INFO neutron.services.segments.plugin [-] Segment 0adfaab7-9752-4a89-9b43-5eb17023fd1b resource provider not found; error: Placement Client Error (4xx): {"errors": [{"status": 404, "title": "Not Found", "detail": "The resource could not be found.\n\n No resource provider with uuid 0adfaab7-9752-4a89-9b43-5eb17023fd1b found for delete ", "request_id": "req-9b105234-3202-434f-be3b-83ba998e0a4d"}]}
2026-05-21 20:44:20.900 10 INFO neutron.db.ovn_revision_numbers_db [None req-1864c82c-0e01-4b90-9b8f-e08c74201c8c 61ab6293e2234a2a9de4281143ec31a0 b3f58bab78cf4d5cba90882365d00150 - - default default] Successfully bumped revision number for resource ce175ead-edb3-485a-8b06-c4689b4113dd (type: security_groups) to 1
2026-05-21 20:44:20.925 10 INFO neutron.db.ovn_revision_numbers_db [None req-1864c82c-0e01-4b90-9b8f-e08c74201c8c 61ab6293e2234a2a9de4281143ec31a0 b3f58bab78cf4d5cba90882365d00150 - - default default] Successfully bumped revision number for resource 4ca219e5-0372-4ff8-92a7-1e6e5b325e1e (type: security_group_rules) to 0
2026-05-21 20:44:20.964 10 INFO neutron.api.wsgi [req-f6612fdc-b5a6-4eac-86d3-d4104348c878 req-f14577dd-f655-44cb-a36a-74f120bcbe14 f750cf02294d40ddaa4c30cb69029e1c cc699f6a401d41938f20962bddd3e762 - - default default] 10.0.0.51 "GET /v2.0/ports?device_id=24b2e873-1b36-4078-8fd0-4471b508faa4 HTTP/1.1" status: 200 len: 210 time: 0.0360644
2026-05-21 20:44:20.967 10 INFO neutron.db.ovn_revision_numbers_db [None req-1864c82c-0e01-4b90-9b8f-e08c74201c8c 61ab6293e2234a2a9de4281143ec31a0 b3f58bab78cf4d5cba90882365d00150 - - default default] Successfully bumped revision number for resource 9e350d58-3f7b-4bcb-be02-55a855994ce6 (type: security_group_rules) to 0
2026-05-21 20:44:20.990 10 INFO neutron.db.ovn_revision_numbers_db [None req-1864c82c-0e01-4b90-9b8f-e08c74201c8c 61ab6293e2234a2a9de4281143ec31a0 b3f58bab78cf4d5cba90882365d00150 - - default default] Successfully bumped revision number for resource bd1adf91-fb11-42af-b226-20fcda246b99 (type: security_group_rules) to 0
2026-05-21 20:44:21.018 10 INFO neutron.db.ovn_revision_numbers_db [None req-1864c82c-0e01-4b90-9b8f-e08c74201c8c 61ab6293e2234a2a9de4281143ec31a0 b3f58bab78cf4d5cba90882365d00150 - - default default] Successfully bumped revision number for resource f1c6f8e5-1a65-4d5f-b366-d08636ac71c2 (type: security_group_rules) to 0
2026-05-21 20:44:21.060 10 INFO neutron.db.ovn_revision_numbers_db [None req-aa82da90-708d-48c2-b3b9-1a09b8ca9be0 61ab6293e2234a2a9de4281143ec31a0 b3f58bab78cf4d5cba90882365d00150 - - default default] Successfully bumped revision number for resource 62c77309-5f09-4844-af28-88a67e3e918a (type: security_groups) to 1
2026-05-21 20:44:21.077 10 INFO neutron.db.ovn_revision_numbers_db [None req-aa82da90-708d-48c2-b3b9-1a09b8ca9be0 61ab6293e2234a2a9de4281143ec31a0 b3f58bab78cf4d5cba90882365d00150 - - default default] Successfully bumped revision number for resource 0542fba9-8249-4f88-a59b-77f788c3fa98 (type: security_group_rules) to 0
2026-05-21 20:44:21.106 10 INFO neutron.db.ovn_revision_numbers_db [None req-aa82da90-708d-48c2-b3b9-1a09b8ca9be0 61ab6293e2234a2a9de4281143ec31a0 b3f58bab78cf4d5cba90882365d00150 - - default default] Successfully bumped revision number for resource 7e370014-1873-4685-a4d4-47c877de8517 (type: security_group_rules) to 0
2026-05-21 20:44:21.112 10 INFO neutron.db.segments_db [None req-1864c82c-0e01-4b90-9b8f-e08c74201c8c 61ab6293e2234a2a9de4281143ec31a0 b3f58bab78cf4d5cba90882365d00150 - - default default] Added segment 34c50186-ddaf-436b-8b62-d9d4dfbb0e19 of type geneve for network c377e7b7-0f47-46d2-b3c5-eafa01718de5
2026-05-21 20:44:21.137 10 INFO neutron.db.ovn_revision_numbers_db [None req-aa82da90-708d-48c2-b3b9-1a09b8ca9be0 61ab6293e2234a2a9de4281143ec31a0 b3f58bab78cf4d5cba90882365d00150 - - default default] Successfully bumped revision number for resource a274d289-45cc-4a2c-8571-a636f7bccea0 (type: security_group_rules) to 0
2026-05-21 20:44:21.175 10 INFO neutron.db.ovn_revision_numbers_db [None req-aa82da90-708d-48c2-b3b9-1a09b8ca9be0 61ab6293e2234a2a9de4281143ec31a0 b3f58bab78cf4d5cba90882365d00150 - - default default] Successfully bumped revision number for resource c466adf1-34d8-4a48-a597-41d736750794 (type: security_group_rules) to 0
2026-05-21 20:44:21.279 10 INFO neutron.db.segments_db [None req-aa82da90-708d-48c2-b3b9-1a09b8ca9be0 61ab6293e2234a2a9de4281143ec31a0 b3f58bab78cf4d5cba90882365d00150 - - default default] Added segment 08139569-e358-4387-8f57-af2b428a02a3 of type geneve for network e09e9ec9-84c8-44ea-ad33-fdb95c0a4433
2026-05-21 20:44:21.298 10 INFO neutron.db.ovn_revision_numbers_db [None req-1864c82c-0e01-4b90-9b8f-e08c74201c8c 61ab6293e2234a2a9de4281143ec31a0 b3f58bab78cf4d5cba90882365d00150 - - default default] Successfully bumped revision number for resource c377e7b7-0f47-46d2-b3c5-eafa01718de5 (type: networks) to 1
2026-05-21 20:44:21.463 10 INFO neutron.db.ovn_revision_numbers_db [None req-aa82da90-708d-48c2-b3b9-1a09b8ca9be0 61ab6293e2234a2a9de4281143ec31a0 b3f58bab78cf4d5cba90882365d00150 - - default default] Successfully bumped revision number for resource e09e9ec9-84c8-44ea-ad33-fdb95c0a4433 (type: networks) to 1
2026-05-21 20:44:21.560 10 WARNING neutron.scheduler.dhcp_agent_scheduler [None req-1864c82c-0e01-4b90-9b8f-e08c74201c8c 61ab6293e2234a2a9de4281143ec31a0 b3f58bab78cf4d5cba90882365d00150 - - default default] No more DHCP agents
2026-05-21 20:44:21.568 10 WARNING neutron.api.rpc.agentnotifiers.dhcp_rpc_agent_api [None req-1864c82c-0e01-4b90-9b8f-e08c74201c8c 61ab6293e2234a2a9de4281143ec31a0 b3f58bab78cf4d5cba90882365d00150 - - default default] Unable to schedule network c377e7b7-0f47-46d2-b3c5-eafa01718de5: no agents available; will retry on subsequent port and subnet creation events.
2026-05-21 20:44:21.579 10 INFO neutron.api.wsgi [req-0ab74859-7413-435e-a796-9d69596ba2b8 req-d6820785-ba6a-44eb-b32d-b39f88276e19 d00192698c6f4e31978205db2ee983c4 d4c2cae91b9f42b29e191d4cb3cc5ff6 - - default default] 10.0.0.51 "GET /v2.0/ports?device_id=6d1236a3-15b0-49c9-8075-fec8fdcbd3f4 HTTP/1.1" status: 200 len: 210 time: 0.0237863
2026-05-21 20:44:21.682 10 INFO neutron.db.ovn_revision_numbers_db [None req-1864c82c-0e01-4b90-9b8f-e08c74201c8c 61ab6293e2234a2a9de4281143ec31a0 b3f58bab78cf4d5cba90882365d00150 - - default default] Successfully bumped revision number for resource d56a6862-0953-4565-ba9f-3aaefcd1bb7d (type: ports) to 1
2026-05-21 20:44:21.699 10 WARNING neutron.scheduler.dhcp_agent_scheduler [None req-aa82da90-708d-48c2-b3b9-1a09b8ca9be0 61ab6293e2234a2a9de4281143ec31a0 b3f58bab78cf4d5cba90882365d00150 - - default default] No more DHCP agents
2026-05-21 20:44:21.701 10 WARNING neutron.api.rpc.agentnotifiers.dhcp_rpc_agent_api [None req-aa82da90-708d-48c2-b3b9-1a09b8ca9be0 61ab6293e2234a2a9de4281143ec31a0 b3f58bab78cf4d5cba90882365d00150 - - default default] Unable to schedule network e09e9ec9-84c8-44ea-ad33-fdb95c0a4433: no agents available; will retry on subsequent port and subnet creation events.
2026-05-21 20:44:21.707 10 INFO neutron.api.wsgi [None req-1864c82c-0e01-4b90-9b8f-e08c74201c8c 61ab6293e2234a2a9de4281143ec31a0 b3f58bab78cf4d5cba90882365d00150 - - default default] 10.0.0.246 "POST /v2.0/networks HTTP/1.1" status: 201 len: 946 time: 1.1768799
2026-05-21 20:44:21.808 10 INFO neutron.db.ovn_revision_numbers_db [None req-aa82da90-708d-48c2-b3b9-1a09b8ca9be0 61ab6293e2234a2a9de4281143ec31a0 b3f58bab78cf4d5cba90882365d00150 - - default default] Successfully bumped revision number for resource 4a4f7b25-1b45-4008-95b6-4bcd36c0d2a2 (type: ports) to 1
2026-05-21 20:44:21.840 10 INFO neutron.api.wsgi [None req-aa82da90-708d-48c2-b3b9-1a09b8ca9be0 61ab6293e2234a2a9de4281143ec31a0 b3f58bab78cf4d5cba90882365d00150 - - default default] 10.0.0.246 "POST /v2.0/networks HTTP/1.1" status: 201 len: 946 time: 1.0460353
2026-05-21 20:44:21.907 10 WARNING neutron.scheduler.dhcp_agent_scheduler [None req-cb6fa043-93c0-41ac-a2f7-30f160cd49cc 61ab6293e2234a2a9de4281143ec31a0 b3f58bab78cf4d5cba90882365d00150 - - default default] No more DHCP agents
2026-05-21 20:44:21.909 10 WARNING neutron.api.rpc.agentnotifiers.dhcp_rpc_agent_api [None req-cb6fa043-93c0-41ac-a2f7-30f160cd49cc 61ab6293e2234a2a9de4281143ec31a0 b3f58bab78cf4d5cba90882365d00150 - - default default] Unable to schedule network c377e7b7-0f47-46d2-b3c5-eafa01718de5: no agents available; will retry on subsequent port and subnet creation events.
2026-05-21 20:44:22.061 9 INFO neutron.api.wsgi [req-092ea8f0-2218-4ccd-9fa6-0ea518c27866 req-37218c23-60d7-4cc8-ac65-6fda93812ea8 f750cf02294d40ddaa4c30cb69029e1c cc699f6a401d41938f20962bddd3e762 - - default default] 10.0.0.51 "GET /v2.0/ports?device_id=24b2e873-1b36-4078-8fd0-4471b508faa4 HTTP/1.1" status: 200 len: 210 time: 0.0344312
2026-05-21 20:44:22.064 9 WARNING neutron.scheduler.dhcp_agent_scheduler [None req-0e6a5103-b2e4-453f-8494-8d71eec08698 61ab6293e2234a2a9de4281143ec31a0 b3f58bab78cf4d5cba90882365d00150 - - default default] No more DHCP agents
2026-05-21 20:44:22.066 9 WARNING neutron.api.rpc.agentnotifiers.dhcp_rpc_agent_api [None req-0e6a5103-b2e4-453f-8494-8d71eec08698 61ab6293e2234a2a9de4281143ec31a0 b3f58bab78cf4d5cba90882365d00150 - - default default] Unable to schedule network e09e9ec9-84c8-44ea-ad33-fdb95c0a4433: no agents available; will retry on subsequent port and subnet creation events.
2026-05-21 20:44:22.394 10 INFO neutron.db.ovn_revision_numbers_db [None req-3515b84a-6818-423f-a51a-49ee9fe01342 - - - - - -] Successfully bumped revision number for resource d56a6862-0953-4565-ba9f-3aaefcd1bb7d (type: ports) to 2
2026-05-21 20:44:22.434 10 INFO neutron.db.ovn_revision_numbers_db [None req-3515b84a-6818-423f-a51a-49ee9fe01342 - - - - - -] Successfully bumped revision number for resource d36975f4-7d43-472a-8ea1-ec65f83ec981 (type: subnets) to 0
2026-05-21 20:44:22.457 10 INFO neutron.api.wsgi [None req-cb6fa043-93c0-41ac-a2f7-30f160cd49cc 61ab6293e2234a2a9de4281143ec31a0 b3f58bab78cf4d5cba90882365d00150 - - default default] 10.0.0.246 "POST /v2.0/subnets HTTP/1.1" status: 201 len: 890 time: 0.7439604
2026-05-21 20:44:22.627 9 INFO neutron.db.ovn_revision_numbers_db [None req-a29a58da-678f-4673-a5c1-436ddd6f780f - - - - - -] Successfully bumped revision number for resource 4a4f7b25-1b45-4008-95b6-4bcd36c0d2a2 (type: ports) to 2
2026-05-21 20:44:22.670 9 INFO neutron.db.ovn_revision_numbers_db [None req-a29a58da-678f-4673-a5c1-436ddd6f780f - - - - - -] Successfully bumped revision number for resource ee17e228-fb43-44f7-bffb-9a64ad2bab5b (type: subnets) to 0
2026-05-21 20:44:22.689 10 INFO neutron.api.wsgi [req-d9f2d096-6588-4ccf-8603-336fd7ef5914 req-11132e2d-6437-40a3-9ee7-5be7830a5df0 d00192698c6f4e31978205db2ee983c4 d4c2cae91b9f42b29e191d4cb3cc5ff6 - - default default] 10.0.0.51 "GET /v2.0/ports?device_id=6d1236a3-15b0-49c9-8075-fec8fdcbd3f4 HTTP/1.1" status: 200 len: 210 time: 0.0283644
2026-05-21 20:44:22.691 9 INFO neutron.api.wsgi [None req-0e6a5103-b2e4-453f-8494-8d71eec08698 61ab6293e2234a2a9de4281143ec31a0 b3f58bab78cf4d5cba90882365d00150 - - default default] 10.0.0.246 "POST /v2.0/subnets HTTP/1.1" status: 201 len: 890 time: 0.8424890
2026-05-21 20:44:22.964 10 WARNING neutron.scheduler.dhcp_agent_scheduler [None req-bf582ff0-a0f9-4e69-b790-d59c229f94d5 61ab6293e2234a2a9de4281143ec31a0 b3f58bab78cf4d5cba90882365d00150 - - default default] No more DHCP agents
2026-05-21 20:44:22.968 10 WARNING neutron.api.rpc.agentnotifiers.dhcp_rpc_agent_api [None req-bf582ff0-a0f9-4e69-b790-d59c229f94d5 61ab6293e2234a2a9de4281143ec31a0 b3f58bab78cf4d5cba90882365d00150 - - default default] Unable to schedule network f875c99c-a46d-4763-9a04-9a5b002d17f0: no agents available; will retry on subsequent port and subnet creation events.
2026-05-21 20:44:23.106 10 INFO neutron.db.ovn_revision_numbers_db [None req-bf582ff0-a0f9-4e69-b790-d59c229f94d5 61ab6293e2234a2a9de4281143ec31a0 b3f58bab78cf4d5cba90882365d00150 - - default default] Successfully bumped revision number for resource be9450ec-3795-4fd7-8344-7165fe66d92d (type: ports) to 1
2026-05-21 20:44:23.166 9 INFO neutron.api.wsgi [req-3a76c34b-d46b-4c5d-8a0f-470326d65c26 req-56886b97-214a-4040-bbf8-e38c2e36be65 d00192698c6f4e31978205db2ee983c4 d4c2cae91b9f42b29e191d4cb3cc5ff6 - - default default] 199.19.213.150 "GET /v2.0/networks?id=ecc94b13-ebd5-4d21-a569-b5fb0f841596 HTTP/1.1" status: 200 len: 877 time: 0.1164958
2026-05-21 20:44:23.172 9 INFO neutron.api.wsgi [req-7eea731e-eca4-4f48-b173-6a1c92f876fd req-80f7e8f6-2b2a-474e-9b66-b89c45323f31 f750cf02294d40ddaa4c30cb69029e1c cc699f6a401d41938f20962bddd3e762 - - default default] 10.0.0.51 "GET /v2.0/ports?device_id=24b2e873-1b36-4078-8fd0-4471b508faa4 HTTP/1.1" status: 200 len: 210 time: 0.0215223
2026-05-21 20:44:23.204 10 WARNING neutron.plugins.ml2.drivers.ovn.mech_driver.ovsdb.ovn_client [None req-095f5465-958f-433e-a860-612beb3ba8ca - - - - - -] No hosting information found for port 59627bc2-81af-4ac9-a622-d374467f4c05: RuntimeError: No hosting information found for port 59627bc2-81af-4ac9-a622-d374467f4c05
2026-05-21 20:44:23.266 9 INFO neutron.api.wsgi [req-3a76c34b-d46b-4c5d-8a0f-470326d65c26 req-1e918702-c9b6-47a4-bd6b-4b456af8af19 d00192698c6f4e31978205db2ee983c4 d4c2cae91b9f42b29e191d4cb3cc5ff6 - - default default] 199.19.213.150 "GET /v2.0/security-groups?fields=id&fields=name&tenant_id=d4c2cae91b9f42b29e191d4cb3cc5ff6 HTTP/1.1" status: 200 len: 380 time: 0.0732830
2026-05-21 20:44:23.278 9 WARNING neutron_lib.context [req-3a76c34b-d46b-4c5d-8a0f-470326d65c26 req-7ef62e9c-4c1e-4d81-a963-51492a58b0d0 d00192698c6f4e31978205db2ee983c4 d4c2cae91b9f42b29e191d4cb3cc5ff6 - - default default] Method 'is_advsvc' is deprecated since 2023.2 release (neutron-lib 3.8.0) and will be removed once support for the old RBAC API policies will be removed from Neutron. Please use method 'is_service_role' instead.
2026-05-21 20:44:23.301 9 WARNING neutron.scheduler.dhcp_agent_scheduler [None req-37d7a18a-60f7-4f2a-983c-3d08fdf6c6c8 61ab6293e2234a2a9de4281143ec31a0 b3f58bab78cf4d5cba90882365d00150 - - default default] No more DHCP agents
2026-05-21 20:44:23.304 9 WARNING neutron.api.rpc.agentnotifiers.dhcp_rpc_agent_api [None req-37d7a18a-60f7-4f2a-983c-3d08fdf6c6c8 61ab6293e2234a2a9de4281143ec31a0 b3f58bab78cf4d5cba90882365d00150 - - default default] Unable to schedule network f875c99c-a46d-4763-9a04-9a5b002d17f0: no agents available; will retry on subsequent port and subnet creation events.
2026-05-21 20:44:23.309 10 INFO neutron.db.ovn_revision_numbers_db [None req-095f5465-958f-433e-a860-612beb3ba8ca - - - - - -] Successfully bumped revision number for resource 59627bc2-81af-4ac9-a622-d374467f4c05 (type: router_ports) to 2
2026-05-21 20:44:23.532 9 INFO neutron.db.ovn_revision_numbers_db [None req-37d7a18a-60f7-4f2a-983c-3d08fdf6c6c8 61ab6293e2234a2a9de4281143ec31a0 b3f58bab78cf4d5cba90882365d00150 - - default default] Successfully bumped revision number for resource 44fa1101-09fa-44e6-b45e-5a726a16e813 (type: ports) to 1
2026-05-21 20:44:23.751 9 WARNING neutron.scheduler.dhcp_agent_scheduler [req-3a76c34b-d46b-4c5d-8a0f-470326d65c26 req-7ef62e9c-4c1e-4d81-a963-51492a58b0d0 d00192698c6f4e31978205db2ee983c4 d4c2cae91b9f42b29e191d4cb3cc5ff6 - - default default] No more DHCP agents
2026-05-21 20:44:23.753 9 WARNING neutron.api.rpc.agentnotifiers.dhcp_rpc_agent_api [req-3a76c34b-d46b-4c5d-8a0f-470326d65c26 req-7ef62e9c-4c1e-4d81-a963-51492a58b0d0 d00192698c6f4e31978205db2ee983c4 d4c2cae91b9f42b29e191d4cb3cc5ff6 - - default default] Unable to schedule network ecc94b13-ebd5-4d21-a569-b5fb0f841596: no agents available; will retry on subsequent port and subnet creation events.
2026-05-21 20:44:23.883 10 INFO neutron.plugins.ml2.drivers.ovn.mech_driver.ovsdb.commands [None req-8f826c7a-4283-4d34-b90d-c01631c63b81 - - - - - -] Schedule LRP lrp-be9450ec-3795-4fd7-8344-7165fe66d92d on gateway e328b36e-ede4-4213-b9be-a4030302f503 with priority 1
2026-05-21 20:44:23.888 10 INFO neutron.api.wsgi [req-6dc3ef18-9299-4a96-a5ff-d35a113b1f68 req-dfd9d571-8452-46f6-8af7-2350657a2cd7 d00192698c6f4e31978205db2ee983c4 d4c2cae91b9f42b29e191d4cb3cc5ff6 - - default default] 10.0.0.51 "GET /v2.0/ports?device_id=6d1236a3-15b0-49c9-8075-fec8fdcbd3f4 HTTP/1.1" status: 200 len: 1156 time: 0.0965979
2026-05-21 20:44:23.903 10 INFO neutron.plugins.ml2.drivers.ovn.mech_driver.mech_driver [None req-095f5465-958f-433e-a860-612beb3ba8ca - - - - - -] OVN reports status up for port: be9450ec-3795-4fd7-8344-7165fe66d92d
2026-05-21 20:44:23.916 9 INFO neutron.plugins.ml2.drivers.ovn.mech_driver.ovsdb.ovsdb_monitor [None req-403e7f8e-28b9-43fd-b209-cfc0b28d286d - - - - - -] Router 777b4945-4390-4f78-8bfe-ffc26caa5ee1 is bound to host instance
2026-05-21 20:44:23.941 10 INFO neutron.plugins.ml2.plugin [None req-095f5465-958f-433e-a860-612beb3ba8ca - - - - - -] Attempt 1 to provision port be9450ec-3795-4fd7-8344-7165fe66d92d
2026-05-21 20:44:23.970 10 INFO neutron.db.ovn_revision_numbers_db [None req-bf582ff0-a0f9-4e69-b790-d59c229f94d5 61ab6293e2234a2a9de4281143ec31a0 b3f58bab78cf4d5cba90882365d00150 - - default default] Successfully bumped revision number for resource be9450ec-3795-4fd7-8344-7165fe66d92d (type: router_ports) to 1
2026-05-21 20:44:23.986 10 INFO neutron.api.wsgi [req-6dc3ef18-9299-4a96-a5ff-d35a113b1f68 req-51881bcb-2e53-41c4-9920-5960f5293749 d00192698c6f4e31978205db2ee983c4 d4c2cae91b9f42b29e191d4cb3cc5ff6 - - default default] 10.0.0.51 "GET /v2.0/security-groups?id=2a80312d-e612-4228-89fb-af2fafe3689a&fields=id&fields=name HTTP/1.1" status: 200 len: 313 time: 0.0816154
2026-05-21 20:44:24.008 9 INFO neutron.db.ovn_revision_numbers_db [req-3a76c34b-d46b-4c5d-8a0f-470326d65c26 req-7ef62e9c-4c1e-4d81-a963-51492a58b0d0 d00192698c6f4e31978205db2ee983c4 d4c2cae91b9f42b29e191d4cb3cc5ff6 - - default default] Successfully bumped revision number for resource 03db762b-c694-494a-a21b-81d3a1fcdf9e (type: ports) to 1
2026-05-21 20:44:24.069 9 INFO neutron.api.wsgi [req-3a76c34b-d46b-4c5d-8a0f-470326d65c26 req-7ef62e9c-4c1e-4d81-a963-51492a58b0d0 d00192698c6f4e31978205db2ee983c4 d4c2cae91b9f42b29e191d4cb3cc5ff6 - - default default] 199.19.213.150 "POST /v2.0/ports HTTP/1.1" status: 201 len: 1158 time: 0.7991512
2026-05-21 20:44:24.070 10 INFO neutron.db.ovn_revision_numbers_db [None req-bf582ff0-a0f9-4e69-b790-d59c229f94d5 61ab6293e2234a2a9de4281143ec31a0 b3f58bab78cf4d5cba90882365d00150 - - default default] Successfully bumped revision number for resource 777b4945-4390-4f78-8bfe-ffc26caa5ee1 (type: routers) to 2 /var/lib/openstack/lib/python3.12/site-packages/pycadf/identifier.py:71: UserWarning: Invalid uuid: neutron. To ensure interoperability, identifiers should be a valid uuid. warnings.warn(('Invalid uuid: %s. To ensure interoperability, '
2026-05-21 20:44:24.086 9 INFO neutron.api.wsgi [req-3a76c34b-d46b-4c5d-8a0f-470326d65c26 req-c171ca09-eae2-4baf-8e3c-3221f403477f d00192698c6f4e31978205db2ee983c4 d4c2cae91b9f42b29e191d4cb3cc5ff6 - - default default] 199.19.213.150 "GET /v2.0/extensions HTTP/1.1" status: 200 len: 19298 time: 0.0091877
2026-05-21 20:44:24.090 10 INFO neutron.api.wsgi [None req-bf582ff0-a0f9-4e69-b790-d59c229f94d5 61ab6293e2234a2a9de4281143ec31a0 b3f58bab78cf4d5cba90882365d00150 - - default default] 10.0.0.246 "POST /v2.0/routers HTTP/1.1" status: 201 len: 1168 time: 1.6266148
2026-05-21 20:44:24.281 9 INFO neutron.api.wsgi [req-227a89fb-6a7e-417e-94b3-b37509e77182 req-c9c38721-a5ee-420a-96ca-b3a8cf3c8b32 f750cf02294d40ddaa4c30cb69029e1c cc699f6a401d41938f20962bddd3e762 - - default default] 10.0.0.51 "GET /v2.0/ports?device_id=24b2e873-1b36-4078-8fd0-4471b508faa4 HTTP/1.1" status: 200 len: 210 time: 0.0350246
2026-05-21 20:44:24.408 9 INFO neutron.plugins.ml2.drivers.ovn.mech_driver.ovsdb.commands [None req-43466711-3a5e-4c29-8517-2b60524c0b4c - - - - - -] Schedule LRP lrp-44fa1101-09fa-44e6-b45e-5a726a16e813 on gateway e328b36e-ede4-4213-b9be-a4030302f503 with priority 1
2026-05-21 20:44:24.469 9 INFO neutron.db.ovn_revision_numbers_db [None req-37d7a18a-60f7-4f2a-983c-3d08fdf6c6c8 61ab6293e2234a2a9de4281143ec31a0 b3f58bab78cf4d5cba90882365d00150 - - default default] Successfully bumped revision number for resource 44fa1101-09fa-44e6-b45e-5a726a16e813 (type: router_ports) to 1
2026-05-21 20:44:24.634 9 INFO neutron.db.ovn_revision_numbers_db [None req-37d7a18a-60f7-4f2a-983c-3d08fdf6c6c8 61ab6293e2234a2a9de4281143ec31a0 b3f58bab78cf4d5cba90882365d00150 - - default default] Successfully bumped revision number for resource 46e98284-af15-40d1-b17d-06b662f9e474 (type: routers) to 2
2026-05-21 20:44:24.658 9 INFO neutron.api.wsgi [None req-37d7a18a-60f7-4f2a-983c-3d08fdf6c6c8 61ab6293e2234a2a9de4281143ec31a0 b3f58bab78cf4d5cba90882365d00150 - - default default] 10.0.0.246 "POST /v2.0/routers HTTP/1.1" status: 201 len: 1168 time: 1.9555311
2026-05-21 20:44:24.928 10 WARNING neutron.scheduler.dhcp_agent_scheduler [None req-3b16930a-b0a3-4483-a878-5c50c03ca5ec 61ab6293e2234a2a9de4281143ec31a0 b3f58bab78cf4d5cba90882365d00150 - - default default] No more DHCP agents
2026-05-21 20:44:24.930 10 WARNING neutron.api.rpc.agentnotifiers.dhcp_rpc_agent_api [None req-3b16930a-b0a3-4483-a878-5c50c03ca5ec 61ab6293e2234a2a9de4281143ec31a0 b3f58bab78cf4d5cba90882365d00150 - - default default] Unable to schedule network c377e7b7-0f47-46d2-b3c5-eafa01718de5: no agents available; will retry on subsequent port and subnet creation events.
2026-05-21 20:44:24.934 10 INFO neutron.api.wsgi [req-db0a1795-33b1-444f-8c4f-b45576773dc1 req-ed7faa8b-8ad4-4a9b-99fc-4075ab6987d4 f750cf02294d40ddaa4c30cb69029e1c cc699f6a401d41938f20962bddd3e762 - - default default] 199.19.213.150 "GET /v2.0/networks?id=d1441ac9-8fc1-4589-892f-94ff9fcda47e HTTP/1.1" status: 200 len: 883 time: 0.0516324
2026-05-21 20:44:24.937 9 INFO neutron.db.ovn_revision_numbers_db [None req-581a41aa-7908-4ccc-88d6-3d13d59b252f - - - - - -] Successfully bumped revision number for resource be9450ec-3795-4fd7-8344-7165fe66d92d (type: ports) to 1
2026-05-21 20:44:24.992 10 INFO neutron.api.wsgi [req-db0a1795-33b1-444f-8c4f-b45576773dc1 req-8e039295-3c88-43e4-beb0-bfd273fb6f49 f750cf02294d40ddaa4c30cb69029e1c cc699f6a401d41938f20962bddd3e762 - - default default] 199.19.213.150 "GET /v2.0/security-groups?fields=id&fields=name&tenant_id=cc699f6a401d41938f20962bddd3e762 HTTP/1.1" status: 200 len: 380 time: 0.0484471
2026-05-21 20:44:25.005 10 WARNING neutron_lib.context [req-db0a1795-33b1-444f-8c4f-b45576773dc1 req-e6de481f-67c7-4a53-b5b4-1fff99622461 f750cf02294d40ddaa4c30cb69029e1c cc699f6a401d41938f20962bddd3e762 - - default default] Method 'is_advsvc' is deprecated since 2023.2 release (neutron-lib 3.8.0) and will be removed once support for the old RBAC API policies will be removed from Neutron. Please use method 'is_service_role' instead.
2026-05-21 20:44:25.119 10 INFO neutron.api.wsgi [req-629d6b57-2ae3-4830-8456-e3b6d4e84a70 req-864b112c-14a3-4f04-958a-38cb5698470a d00192698c6f4e31978205db2ee983c4 d4c2cae91b9f42b29e191d4cb3cc5ff6 - - default default] 10.0.0.51 "GET /v2.0/ports?device_id=6d1236a3-15b0-49c9-8075-fec8fdcbd3f4 HTTP/1.1" status: 200 len: 1156 time: 0.0652251
2026-05-21 20:44:25.123 10 INFO neutron.db.ovn_revision_numbers_db [None req-3b16930a-b0a3-4483-a878-5c50c03ca5ec 61ab6293e2234a2a9de4281143ec31a0 b3f58bab78cf4d5cba90882365d00150 - - default default] Successfully bumped revision number for resource b2c120d5-4385-4055-9427-b468d7654326 (type: ports) to 1
2026-05-21 20:44:25.242 10 INFO neutron.api.wsgi [req-629d6b57-2ae3-4830-8456-e3b6d4e84a70 req-33d54029-b9d6-4e65-859c-4699ac03203f d00192698c6f4e31978205db2ee983c4 d4c2cae91b9f42b29e191d4cb3cc5ff6 - - default default] 10.0.0.51 "GET /v2.0/security-groups?id=2a80312d-e612-4228-89fb-af2fafe3689a&fields=id&fields=name HTTP/1.1" status: 200 len: 313 time: 0.1161799 /var/lib/openstack/lib/python3.12/site-packages/pycadf/identifier.py:71: UserWarning: Invalid uuid: neutron. To ensure interoperability, identifiers should be a valid uuid. warnings.warn(('Invalid uuid: %s. To ensure interoperability, '
2026-05-21 20:44:25.440 9 INFO neutron.api.wsgi [req-d3a50596-87d2-483e-b4ec-43e53f3f5459 req-b28e77e4-bbbc-4b93-8590-b5c807fd8d59 f750cf02294d40ddaa4c30cb69029e1c cc699f6a401d41938f20962bddd3e762 - - default default] 10.0.0.51 "GET /v2.0/ports?device_id=24b2e873-1b36-4078-8fd0-4471b508faa4 HTTP/1.1" status: 200 len: 210 time: 0.0539851
2026-05-21 20:44:25.448 9 INFO neutron.db.ovn_revision_numbers_db [req-3a76c34b-d46b-4c5d-8a0f-470326d65c26 req-3bc41b07-6dd3-4d03-a03c-0be7567e6ff4 ed43b95edf94438e8c0f39cb43b9645c f729cf6bc5ef425a98d92696e4751bef - - 9a3d968ebfc1409faebfb5f1a7d96120 9a3d968ebfc1409faebfb5f1a7d96120] Successfully bumped revision number for resource 03db762b-c694-494a-a21b-81d3a1fcdf9e (type: ports) to 2
2026-05-21 20:44:25.515 9 INFO neutron.db.ovn_revision_numbers_db [None req-581a41aa-7908-4ccc-88d6-3d13d59b252f - - - - - -] Successfully bumped revision number for resource be9450ec-3795-4fd7-8344-7165fe66d92d (type: ports) to 4
2026-05-21 20:44:25.519 10 WARNING neutron.scheduler.dhcp_agent_scheduler [req-db0a1795-33b1-444f-8c4f-b45576773dc1 req-e6de481f-67c7-4a53-b5b4-1fff99622461 f750cf02294d40ddaa4c30cb69029e1c cc699f6a401d41938f20962bddd3e762 - - default default] No more DHCP agents
2026-05-21 20:44:25.522 10 WARNING neutron.api.rpc.agentnotifiers.dhcp_rpc_agent_api [req-db0a1795-33b1-444f-8c4f-b45576773dc1 req-e6de481f-67c7-4a53-b5b4-1fff99622461 f750cf02294d40ddaa4c30cb69029e1c cc699f6a401d41938f20962bddd3e762 - - default default] Unable to schedule network d1441ac9-8fc1-4589-892f-94ff9fcda47e: no agents available; will retry on subsequent port and subnet creation events.
2026-05-21 20:44:25.669 10 INFO neutron.db.ovn_revision_numbers_db [req-db0a1795-33b1-444f-8c4f-b45576773dc1 req-e6de481f-67c7-4a53-b5b4-1fff99622461 f750cf02294d40ddaa4c30cb69029e1c cc699f6a401d41938f20962bddd3e762 - - default default] Successfully bumped revision number for resource 0084f032-6b8b-45c4-86b1-1337889c284d (type: ports) to 1
2026-05-21 20:44:25.710 10 INFO neutron.api.wsgi [req-db0a1795-33b1-444f-8c4f-b45576773dc1 req-e6de481f-67c7-4a53-b5b4-1fff99622461 f750cf02294d40ddaa4c30cb69029e1c cc699f6a401d41938f20962bddd3e762 - - default default] 199.19.213.150 "POST /v2.0/ports HTTP/1.1" status: 201 len: 1158 time: 0.7132378 /var/lib/openstack/lib/python3.12/site-packages/pycadf/identifier.py:71: UserWarning: Invalid uuid: neutron. To ensure interoperability, identifiers should be a valid uuid. warnings.warn(('Invalid uuid: %s. To ensure interoperability, '
2026-05-21 20:44:25.741 9 WARNING neutron.scheduler.dhcp_agent_scheduler [None req-98987b51-4d2e-45c3-a99f-8a9ecbb5eff9 61ab6293e2234a2a9de4281143ec31a0 b3f58bab78cf4d5cba90882365d00150 - - default default] No more DHCP agents
2026-05-21 20:44:25.745 9 WARNING neutron.api.rpc.agentnotifiers.dhcp_rpc_agent_api [None req-98987b51-4d2e-45c3-a99f-8a9ecbb5eff9 61ab6293e2234a2a9de4281143ec31a0 b3f58bab78cf4d5cba90882365d00150 - - default default] Unable to schedule network e09e9ec9-84c8-44ea-ad33-fdb95c0a4433: no agents available; will retry on subsequent port and subnet creation events.
2026-05-21 20:44:25.899 9 INFO neutron.db.ovn_revision_numbers_db [req-3a76c34b-d46b-4c5d-8a0f-470326d65c26 req-3bc41b07-6dd3-4d03-a03c-0be7567e6ff4 ed43b95edf94438e8c0f39cb43b9645c f729cf6bc5ef425a98d92696e4751bef - - 9a3d968ebfc1409faebfb5f1a7d96120 9a3d968ebfc1409faebfb5f1a7d96120] Successfully bumped revision number for resource 03db762b-c694-494a-a21b-81d3a1fcdf9e (type: ports) to 4
2026-05-21 20:44:25.941 9 INFO neutron.api.wsgi [req-3a76c34b-d46b-4c5d-8a0f-470326d65c26 req-3bc41b07-6dd3-4d03-a03c-0be7567e6ff4 ed43b95edf94438e8c0f39cb43b9645c f729cf6bc5ef425a98d92696e4751bef - - 9a3d968ebfc1409faebfb5f1a7d96120 9a3d968ebfc1409faebfb5f1a7d96120] 199.19.213.150 "PUT /v2.0/ports/03db762b-c694-494a-a21b-81d3a1fcdf9e HTTP/1.1" status: 200 len: 1404 time: 1.5307281
2026-05-21 20:44:25.981 9 INFO neutron.db.ovn_revision_numbers_db [None req-98987b51-4d2e-45c3-a99f-8a9ecbb5eff9 61ab6293e2234a2a9de4281143ec31a0 b3f58bab78cf4d5cba90882365d00150 - - default default] Successfully bumped revision number for resource 0bc0b438-b141-456a-babe-bb635bdcf26b (type: ports) to 1
2026-05-21 20:44:26.092 9 INFO neutron.db.ovn_revision_numbers_db [None req-581a41aa-7908-4ccc-88d6-3d13d59b252f - - - - - -] Successfully bumped revision number for resource be9450ec-3795-4fd7-8344-7165fe66d92d (type: ports) to 5
2026-05-21 20:44:26.116 10 INFO neutron.db.ovn_revision_numbers_db [None req-3b16930a-b0a3-4483-a878-5c50c03ca5ec 61ab6293e2234a2a9de4281143ec31a0 b3f58bab78cf4d5cba90882365d00150 - - default default] Successfully bumped revision number for resource b2c120d5-4385-4055-9427-b468d7654326 (type: ports) to 1
2026-05-21 20:44:26.203 10 WARNING neutron.scheduler.dhcp_agent_scheduler [None req-3b16930a-b0a3-4483-a878-5c50c03ca5ec 61ab6293e2234a2a9de4281143ec31a0 b3f58bab78cf4d5cba90882365d00150 - - default default] No more DHCP agents
2026-05-21 20:44:26.206 10 WARNING neutron.api.rpc.agentnotifiers.dhcp_rpc_agent_api [None req-3b16930a-b0a3-4483-a878-5c50c03ca5ec 61ab6293e2234a2a9de4281143ec31a0 b3f58bab78cf4d5cba90882365d00150 - - default default] Unable to schedule network c377e7b7-0f47-46d2-b3c5-eafa01718de5: no agents available; will retry on subsequent port and subnet creation events.
2026-05-21 20:44:26.239 9 INFO neutron.plugins.ml2.drivers.ovn.mech_driver.ovsdb.ovsdb_monitor [None req-581a41aa-7908-4ccc-88d6-3d13d59b252f - - - - - -] Router 46e98284-af15-40d1-b17d-06b662f9e474 is bound to host instance
2026-05-21 20:44:26.312 10 INFO neutron.db.ovn_revision_numbers_db [req-db0a1795-33b1-444f-8c4f-b45576773dc1 req-8e573f6a-bee1-4716-8700-1c75cf4643dd ed43b95edf94438e8c0f39cb43b9645c f729cf6bc5ef425a98d92696e4751bef - - 9a3d968ebfc1409faebfb5f1a7d96120 9a3d968ebfc1409faebfb5f1a7d96120] Successfully bumped revision number for resource 0084f032-6b8b-45c4-86b1-1337889c284d (type: ports) to 2 /var/lib/openstack/lib/python3.12/site-packages/pycadf/identifier.py:71: UserWarning: Invalid uuid: neutron. To ensure interoperability, identifiers should be a valid uuid. warnings.warn(('Invalid uuid: %s. To ensure interoperability, '
2026-05-21 20:44:26.396 10 INFO neutron.api.wsgi [req-7cf96043-4707-4e0d-8f46-684855a8a86a req-335280c5-bea6-48ee-aac1-eebeb1a47ec6 d00192698c6f4e31978205db2ee983c4 d4c2cae91b9f42b29e191d4cb3cc5ff6 - - default default] 10.0.0.51 "GET /v2.0/ports?device_id=6d1236a3-15b0-49c9-8075-fec8fdcbd3f4 HTTP/1.1" status: 200 len: 1168 time: 0.0561314
2026-05-21 20:44:26.481 10 INFO neutron.api.wsgi [req-7cf96043-4707-4e0d-8f46-684855a8a86a req-a35589f5-8c1f-4cb8-a050-2bf37ee8fc05 d00192698c6f4e31978205db2ee983c4 d4c2cae91b9f42b29e191d4cb3cc5ff6 - - default default] 10.0.0.51 "GET /v2.0/security-groups?id=2a80312d-e612-4228-89fb-af2fafe3689a&fields=id&fields=name HTTP/1.1" status: 200 len: 313 time: 0.0778685
2026-05-21 20:44:26.486 10 INFO neutron.plugins.ml2.drivers.ovn.mech_driver.mech_driver [None req-095f5465-958f-433e-a860-612beb3ba8ca - - - - - -] OVN reports status up for port: 44fa1101-09fa-44e6-b45e-5a726a16e813
2026-05-21 20:44:26.499 10 INFO neutron.plugins.ml2.plugin [None req-095f5465-958f-433e-a860-612beb3ba8ca - - - - - -] Attempt 1 to provision port 44fa1101-09fa-44e6-b45e-5a726a16e813
2026-05-21 20:44:26.503 9 INFO neutron.notifiers.nova [-] Nova event matching ['req-3bc07c45-5f2b-4e3e-ae6a-51f80b15894e'] response: {'name': 'network-changed', 'server_uuid': '6d1236a3-15b0-49c9-8075-fec8fdcbd3f4', 'tag': '03db762b-c694-494a-a21b-81d3a1fcdf9e', 'status': 'completed', 'code': 200}
2026-05-21 20:44:26.708 10 INFO neutron.api.wsgi [req-912de8b0-208f-48cb-ac4c-fe29339b0aaa req-6e000d00-7d00-4f1d-83c7-2f94c416cb83 f750cf02294d40ddaa4c30cb69029e1c cc699f6a401d41938f20962bddd3e762 - - default default] 10.0.0.51 "GET /v2.0/ports?device_id=24b2e873-1b36-4078-8fd0-4471b508faa4 HTTP/1.1" status: 200 len: 1168 time: 0.1738651 /var/lib/openstack/lib/python3.12/site-packages/pycadf/identifier.py:71: UserWarning: Invalid uuid: neutron. To ensure interoperability, identifiers should be a valid uuid. warnings.warn(('Invalid uuid: %s. To ensure interoperability, '
2026-05-21 20:44:26.787 10 INFO neutron.api.wsgi [req-912de8b0-208f-48cb-ac4c-fe29339b0aaa req-58b84ea8-2c70-4ad2-a7b7-9ed518c838d3 f750cf02294d40ddaa4c30cb69029e1c cc699f6a401d41938f20962bddd3e762 - - default default] 10.0.0.51 "GET /v2.0/security-groups?id=1ab1b59d-d437-4e84-baa2-7a9641312e0b&fields=id&fields=name HTTP/1.1" status: 200 len: 313 time: 0.0737846
2026-05-21 20:44:26.810 10 INFO neutron.db.ovn_revision_numbers_db [req-db0a1795-33b1-444f-8c4f-b45576773dc1 req-8e573f6a-bee1-4716-8700-1c75cf4643dd ed43b95edf94438e8c0f39cb43b9645c f729cf6bc5ef425a98d92696e4751bef - - 9a3d968ebfc1409faebfb5f1a7d96120 9a3d968ebfc1409faebfb5f1a7d96120] Successfully bumped revision number for resource 0084f032-6b8b-45c4-86b1-1337889c284d (type: ports) to 4
2026-05-21 20:44:26.846 10 INFO neutron.api.wsgi [req-db0a1795-33b1-444f-8c4f-b45576773dc1 req-8e573f6a-bee1-4716-8700-1c75cf4643dd ed43b95edf94438e8c0f39cb43b9645c f729cf6bc5ef425a98d92696e4751bef - - 9a3d968ebfc1409faebfb5f1a7d96120 9a3d968ebfc1409faebfb5f1a7d96120] 199.19.213.150 "PUT /v2.0/ports/0084f032-6b8b-45c4-86b1-1337889c284d HTTP/1.1" status: 200 len: 1404 time: 1.1285987
2026-05-21 20:44:26.911 9 INFO neutron.plugins.ml2.drivers.ovn.mech_driver.mech_driver [None req-ed56ebad-4da3-4cb8-a5bb-6fc5e9100eab - - - - - -] OVN reports status up for port: 0bc0b438-b141-456a-babe-bb635bdcf26b
2026-05-21 20:44:26.928 9 INFO neutron.plugins.ml2.plugin [None req-ed56ebad-4da3-4cb8-a5bb-6fc5e9100eab - - - - - -] Attempt 1 to provision port 0bc0b438-b141-456a-babe-bb635bdcf26b
2026-05-21 20:44:26.951 9 INFO neutron.db.ovn_revision_numbers_db [None req-98987b51-4d2e-45c3-a99f-8a9ecbb5eff9 61ab6293e2234a2a9de4281143ec31a0 b3f58bab78cf4d5cba90882365d00150 - - default default] Successfully bumped revision number for resource 0bc0b438-b141-456a-babe-bb635bdcf26b (type: ports) to 1
2026-05-21 20:44:27.016 9 INFO neutron.db.ovn_revision_numbers_db [None req-66d33b44-d31f-42af-92a5-88f6ca76de18 - - - - - -] Successfully bumped revision number for resource 44fa1101-09fa-44e6-b45e-5a726a16e813 (type: ports) to 1
2026-05-21 20:44:27.032 10 INFO neutron.api.wsgi [req-3a76c34b-d46b-4c5d-8a0f-470326d65c26 req-b31ea809-7866-404f-ae3d-c83729a9982e ed43b95edf94438e8c0f39cb43b9645c f729cf6bc5ef425a98d92696e4751bef - - 9a3d968ebfc1409faebfb5f1a7d96120 9a3d968ebfc1409faebfb5f1a7d96120] 199.19.213.150 "GET /v2.0/ports?tenant_id=d4c2cae91b9f42b29e191d4cb3cc5ff6&device_id=6d1236a3-15b0-49c9-8075-fec8fdcbd3f4 HTTP/1.1" status: 200 len: 1407 time: 0.0697188
2026-05-21 20:44:27.073 9 WARNING neutron.scheduler.dhcp_agent_scheduler [None req-98987b51-4d2e-45c3-a99f-8a9ecbb5eff9 61ab6293e2234a2a9de4281143ec31a0 b3f58bab78cf4d5cba90882365d00150 - - default default] No more DHCP agents
