2026-05-21 20:46:47.049 10 INFO neutron.api.wsgi [None req-21f8fb6c-2ad1-4859-b271-e182b65336d6 8094e2fd6cb1423d8b61269bfdf0e07b 90b514427db94196966fa1f64ca6dfb2 - - default default] 10.0.0.246 "DELETE /v2.0/security-groups/423e5b3f-b2f0-4aea-8cbc-af6df6dae8a9 HTTP/1.1" status: 204 len: 168 time: 0.1370411
2026-05-21 20:46:47.121 9 INFO neutron.api.wsgi [None req-9849d09f-0deb-41c3-9b10-55475bcb586d 5a8ef5a226504997ac2d16b8f899ff4e a354f96285b74de28bd461d608274186 - - default default] 10.0.0.246 "DELETE /v2.0/security-group-rules/3c38291b-4bb7-4fc1-8c81-220d385e9051 HTTP/1.1" status: 204 len: 168 time: 0.1792111
2026-05-21 20:46:47.187 10 INFO neutron.api.wsgi [None req-22fde9c4-580e-43e8-90bf-10d51ec38288 5a8ef5a226504997ac2d16b8f899ff4e a354f96285b74de28bd461d608274186 - - default default] 10.0.0.246 "GET /v2.0/security-group-rules HTTP/1.1" status: 200 len: 3755 time: 0.0597384
2026-05-21 20:46:47.196 9 INFO neutron.services.segments.plugin [-] Segment 793126d9-fa39-4118-945d-da218048d123 resource provider aggregate not found
2026-05-21 20:46:47.202 9 INFO neutron.services.segments.plugin [-] Segment 793126d9-fa39-4118-945d-da218048d123 resource provider aggregate not found
2026-05-21 20:46:47.213 9 INFO neutron.services.segments.plugin [-] Segment 793126d9-fa39-4118-945d-da218048d123 resource provider not found; error: Placement Client Error (4xx): {"errors": [{"status": 404, "title": "Not Found", "detail": "The resource could not be found.\n\n No resource provider with uuid 793126d9-fa39-4118-945d-da218048d123 found for delete ", "request_id": "req-6ccc02b8-a810-4e01-ab51-eb6c0c8b2125"}]}
2026-05-21 20:46:47.222 9 INFO neutron.services.segments.plugin [-] Segment 793126d9-fa39-4118-945d-da218048d123 resource provider not found; error: Placement Client Error (4xx): {"errors": [{"status": 404, "title": "Not Found", "detail": "The resource could not be found.\n\n No resource provider with uuid 793126d9-fa39-4118-945d-da218048d123 found for delete ", "request_id": "req-15afdc54-1688-4f0c-b1ff-2a507db880e0"}]}
2026-05-21 20:46:47.244 9 INFO neutron.api.wsgi [None req-de4572dd-69d8-47d7-9f9b-33f048e3d132 914bd085bdc74d9abfb7224a641eeef2 1dd425f15d8d4e8786aeb3393bf0fc1d - - default default] 10.0.0.246 "DELETE /v2.0/networks/c2bc4508-ba2c-45a1-9c96-01ba21de0d70 HTTP/1.1" status: 204 len: 168 time: 0.4818053
2026-05-21 20:46:47.320 10 INFO neutron.api.wsgi [None req-6246c7e4-762f-4927-bb62-822c62665f33 5a8ef5a226504997ac2d16b8f899ff4e a354f96285b74de28bd461d608274186 - - default default] 10.0.0.246 "DELETE /v2.0/security-groups/ef0c6d1b-315f-4f74-a01a-39d98a13ce40 HTTP/1.1" status: 204 len: 168 time: 0.1275260
2026-05-21 20:46:47.362 9 INFO neutron.api.wsgi [None req-18cfeff1-d355-4555-93c8-9ef3f2a54084 5a8ef5a226504997ac2d16b8f899ff4e a354f96285b74de28bd461d608274186 - - default default] 10.0.0.246 "GET /v2.0/security-groups HTTP/1.1" status: 200 len: 3120 time: 0.0346477
2026-05-21 20:46:47.413 9 INFO neutron.api.wsgi [None req-f193fe40-3a19-4213-9f17-0c6fb61e593b 5a8ef5a226504997ac2d16b8f899ff4e a354f96285b74de28bd461d608274186 - - default default] 10.0.0.246 "GET /v2.0/security-groups HTTP/1.1" status: 200 len: 3120 time: 0.0444903
2026-05-21 20:46:47.971 9 INFO neutron.api.wsgi [-] 10.0.0.205 "GET / HTTP/1.1" status: 200 len: 246 time: 0.0025814
2026-05-21 20:46:47.972 10 INFO neutron.api.wsgi [-] 10.0.0.205 "GET / HTTP/1.1" status: 200 len: 246 time: 0.0033212
2026-05-21 20:46:48.031 10 INFO neutron.services.segments.plugin [-] Segment ad7acc27-ea0b-4463-9010-a37e7fc59da6 resource provider aggregate not found
2026-05-21 20:46:48.035 10 INFO neutron.services.segments.plugin [-] Segment ad7acc27-ea0b-4463-9010-a37e7fc59da6 resource provider aggregate not found
2026-05-21 20:46:48.041 10 INFO neutron.services.segments.plugin [-] Segment ad7acc27-ea0b-4463-9010-a37e7fc59da6 resource provider not found; error: Placement Client Error (4xx): {"errors": [{"status": 404, "title": "Not Found", "detail": "The resource could not be found.\n\n No resource provider with uuid ad7acc27-ea0b-4463-9010-a37e7fc59da6 found for delete ", "request_id": "req-3c82d2ab-8d1a-49a6-b4dc-0e5d561ef062"}]}
2026-05-21 20:46:48.048 10 INFO neutron.services.segments.plugin [-] Segment ad7acc27-ea0b-4463-9010-a37e7fc59da6 resource provider not found; error: Placement Client Error (4xx): {"errors": [{"status": 404, "title": "Not Found", "detail": "The resource could not be found.\n\n No resource provider with uuid ad7acc27-ea0b-4463-9010-a37e7fc59da6 found for delete ", "request_id": "req-71e0b9ca-15ad-46cb-a943-66d0e398b89d"}]}
2026-05-21 20:46:48.077 10 INFO neutron.api.wsgi [None req-a720e51a-3643-445c-9bd8-04ccfa3e2e8f 914bd085bdc74d9abfb7224a641eeef2 1dd425f15d8d4e8786aeb3393bf0fc1d - - default default] 10.0.0.246 "DELETE /v2.0/networks/8288296e-b8f1-492c-a014-948be35238b8 HTTP/1.1" status: 204 len: 168 time: 0.8267467
2026-05-21 20:46:48.093 10 WARNING neutron_lib.context [None req-741fd885-fd06-4da7-8c6f-f9b48a757e21 914bd085bdc74d9abfb7224a641eeef2 1dd425f15d8d4e8786aeb3393bf0fc1d - - default default] Method 'is_advsvc' is deprecated since 2023.2 release (neutron-lib 3.8.0) and will be removed once support for the old RBAC API policies will be removed from Neutron. Please use method 'is_service_role' instead.
2026-05-21 20:46:48.213 10 INFO neutron.db.segments_db [None req-741fd885-fd06-4da7-8c6f-f9b48a757e21 914bd085bdc74d9abfb7224a641eeef2 1dd425f15d8d4e8786aeb3393bf0fc1d - - default default] Added segment e57110d8-b547-4d04-93f0-9d1832d3b039 of type geneve for network 00a54d52-9038-4000-8d69-3e7718fe706d
2026-05-21 20:46:48.267 9 INFO neutron.api.wsgi [None req-144a3bc2-119d-4b53-ba2d-30eb633aec04 61ab6293e2234a2a9de4281143ec31a0 b3f58bab78cf4d5cba90882365d00150 - - default default] 10.0.0.246 "GET /v2.0/security-groups?tenant_id=a354f96285b74de28bd461d608274186&name=default HTTP/1.1" status: 200 len: 3120 time: 0.2867568
2026-05-21 20:46:48.369 9 INFO neutron.api.wsgi [None req-45b548bf-ab2f-477c-981c-ca5d187a914e 61ab6293e2234a2a9de4281143ec31a0 b3f58bab78cf4d5cba90882365d00150 - - default default] 10.0.0.246 "GET /v2.0/security-groups?tenant_id=90b514427db94196966fa1f64ca6dfb2&name=default HTTP/1.1" status: 200 len: 3120 time: 0.2285650
2026-05-21 20:46:48.388 10 INFO neutron.db.ovn_revision_numbers_db [None req-741fd885-fd06-4da7-8c6f-f9b48a757e21 914bd085bdc74d9abfb7224a641eeef2 1dd425f15d8d4e8786aeb3393bf0fc1d - - default default] Successfully bumped revision number for resource 00a54d52-9038-4000-8d69-3e7718fe706d (type: networks) to 1
2026-05-21 20:46:48.595 9 INFO neutron.api.wsgi [None req-30f1de21-a3d7-4af9-82ee-2fe6e5b2578d 61ab6293e2234a2a9de4281143ec31a0 b3f58bab78cf4d5cba90882365d00150 - - default default] 10.0.0.246 "DELETE /v2.0/security-groups/a1918cdc-8c70-4c7d-9d91-7865162a8df3 HTTP/1.1" status: 204 len: 168 time: 0.2199512
2026-05-21 20:46:48.615 10 INFO neutron.api.wsgi [None req-35da5096-d83f-42b9-b65f-c6b820cd3547 61ab6293e2234a2a9de4281143ec31a0 b3f58bab78cf4d5cba90882365d00150 - - default default] 10.0.0.246 "DELETE /v2.0/security-groups/793dc434-f22a-4aad-89dc-9de710ca04b6 HTTP/1.1" status: 204 len: 168 time: 0.3400769
2026-05-21 20:46:48.641 10 WARNING neutron.scheduler.dhcp_agent_scheduler [None req-741fd885-fd06-4da7-8c6f-f9b48a757e21 914bd085bdc74d9abfb7224a641eeef2 1dd425f15d8d4e8786aeb3393bf0fc1d - - default default] No more DHCP agents
2026-05-21 20:46:48.643 10 WARNING neutron.api.rpc.agentnotifiers.dhcp_rpc_agent_api [None req-741fd885-fd06-4da7-8c6f-f9b48a757e21 914bd085bdc74d9abfb7224a641eeef2 1dd425f15d8d4e8786aeb3393bf0fc1d - - default default] Unable to schedule network 00a54d52-9038-4000-8d69-3e7718fe706d: no agents available; will retry on subsequent port and subnet creation events.
2026-05-21 20:46:48.732 10 INFO neutron.db.ovn_revision_numbers_db [None req-741fd885-fd06-4da7-8c6f-f9b48a757e21 914bd085bdc74d9abfb7224a641eeef2 1dd425f15d8d4e8786aeb3393bf0fc1d - - default default] Successfully bumped revision number for resource 8a9dcef5-84ea-4941-a3a3-dd0cbb54e713 (type: ports) to 1
2026-05-21 20:46:48.759 10 INFO neutron.api.wsgi [None req-741fd885-fd06-4da7-8c6f-f9b48a757e21 914bd085bdc74d9abfb7224a641eeef2 1dd425f15d8d4e8786aeb3393bf0fc1d - - default default] 10.0.0.246 "POST /v2.0/networks HTTP/1.1" status: 201 len: 828 time: 0.6728969
2026-05-21 20:46:48.772 9 WARNING neutron_lib.context [None req-98efaf83-8140-473f-bfed-d59eaa98d85b 914bd085bdc74d9abfb7224a641eeef2 1dd425f15d8d4e8786aeb3393bf0fc1d - - default default] Method 'is_advsvc' is deprecated since 2023.2 release (neutron-lib 3.8.0) and will be removed once support for the old RBAC API policies will be removed from Neutron. Please use method 'is_service_role' instead.
2026-05-21 20:46:48.857 10 INFO neutron.db.ovn_revision_numbers_db [None req-db662f3c-42bf-4964-923e-2e5920b38667 61ab6293e2234a2a9de4281143ec31a0 b3f58bab78cf4d5cba90882365d00150 - - default default] Successfully bumped revision number for resource 96601db2-ab85-429a-b68b-464eb8bb2948 (type: security_groups) to 1
2026-05-21 20:46:48.875 10 INFO neutron.db.ovn_revision_numbers_db [None req-db662f3c-42bf-4964-923e-2e5920b38667 61ab6293e2234a2a9de4281143ec31a0 b3f58bab78cf4d5cba90882365d00150 - - default default] Successfully bumped revision number for resource 291eb07e-999e-433d-8b69-7cf74001dede (type: security_group_rules) to 0
2026-05-21 20:46:48.904 10 INFO neutron.db.ovn_revision_numbers_db [None req-db662f3c-42bf-4964-923e-2e5920b38667 61ab6293e2234a2a9de4281143ec31a0 b3f58bab78cf4d5cba90882365d00150 - - default default] Successfully bumped revision number for resource c6442093-05ba-43a2-8c8d-22dd1293e5b8 (type: security_group_rules) to 0
2026-05-21 20:46:48.920 10 INFO neutron.db.ovn_revision_numbers_db [None req-db662f3c-42bf-4964-923e-2e5920b38667 61ab6293e2234a2a9de4281143ec31a0 b3f58bab78cf4d5cba90882365d00150 - - default default] Successfully bumped revision number for resource d2e7cce5-5ffa-4ff6-a508-d19d60960cd4 (type: security_group_rules) to 0
2026-05-21 20:46:48.936 10 INFO neutron.db.ovn_revision_numbers_db [None req-db662f3c-42bf-4964-923e-2e5920b38667 61ab6293e2234a2a9de4281143ec31a0 b3f58bab78cf4d5cba90882365d00150 - - default default] Successfully bumped revision number for resource f7303f00-bc12-4527-8353-bbe9b6294383 (type: security_group_rules) to 0
2026-05-21 20:46:48.985 10 INFO neutron.api.wsgi [None req-db662f3c-42bf-4964-923e-2e5920b38667 61ab6293e2234a2a9de4281143ec31a0 b3f58bab78cf4d5cba90882365d00150 - - default default] 10.0.0.246 "GET /v2.0/security-groups?tenant_id=51fed7873e484fab826c2fb4ae7c36fc&name=default HTTP/1.1" status: 200 len: 3120 time: 0.2601423
2026-05-21 20:46:49.026 9 WARNING neutron.scheduler.dhcp_agent_scheduler [None req-98efaf83-8140-473f-bfed-d59eaa98d85b 914bd085bdc74d9abfb7224a641eeef2 1dd425f15d8d4e8786aeb3393bf0fc1d - - default default] No more DHCP agents
2026-05-21 20:46:49.027 9 WARNING neutron.api.rpc.agentnotifiers.dhcp_rpc_agent_api [None req-98efaf83-8140-473f-bfed-d59eaa98d85b 914bd085bdc74d9abfb7224a641eeef2 1dd425f15d8d4e8786aeb3393bf0fc1d - - default default] Unable to schedule network 00a54d52-9038-4000-8d69-3e7718fe706d: no agents available; will retry on subsequent port and subnet creation events.
2026-05-21 20:46:49.173 10 WARNING neutron.plugins.ml2.drivers.ovn.mech_driver.ovsdb.ovn_client [None req-ee6275b1-252d-43ad-b4c7-eceee93ce2d5 - - - - - -] No port found with ID 3dae68ce-6679-4c76-b0bb-056a7dc654a6: RuntimeError: No port found with ID 3dae68ce-6679-4c76-b0bb-056a7dc654a6
2026-05-21 20:46:49.221 10 INFO neutron.api.wsgi [None req-5ea017b1-3439-4f03-ae88-fbb8bbe1a618 61ab6293e2234a2a9de4281143ec31a0 b3f58bab78cf4d5cba90882365d00150 - - default default] 10.0.0.246 "DELETE /v2.0/security-groups/96601db2-ab85-429a-b68b-464eb8bb2948 HTTP/1.1" status: 204 len: 168 time: 0.2302384
2026-05-21 20:46:49.481 10 INFO neutron.db.ovn_revision_numbers_db [None req-15722dbe-1001-4446-a540-57f45901c0b3 61ab6293e2234a2a9de4281143ec31a0 b3f58bab78cf4d5cba90882365d00150 - - default default] Successfully bumped revision number for resource 61ec7255-61c2-43a4-8dfe-de567640ebc0 (type: security_groups) to 1
2026-05-21 20:46:49.512 10 INFO neutron.db.ovn_revision_numbers_db [None req-15722dbe-1001-4446-a540-57f45901c0b3 61ab6293e2234a2a9de4281143ec31a0 b3f58bab78cf4d5cba90882365d00150 - - default default] Successfully bumped revision number for resource 26801021-5d7d-4c05-83e4-21d2f8153bf5 (type: security_group_rules) to 0
2026-05-21 20:46:49.529 9 INFO neutron.db.ovn_revision_numbers_db [None req-45b91da1-738b-44cc-ae81-d275361ece7d - - - - - -] Successfully bumped revision number for resource 8a9dcef5-84ea-4941-a3a3-dd0cbb54e713 (type: ports) to 2
2026-05-21 20:46:49.534 10 INFO neutron.db.ovn_revision_numbers_db [None req-15722dbe-1001-4446-a540-57f45901c0b3 61ab6293e2234a2a9de4281143ec31a0 b3f58bab78cf4d5cba90882365d00150 - - default default] Successfully bumped revision number for resource 325305a9-49da-4bb2-98ac-e1362930c0c9 (type: security_group_rules) to 0
2026-05-21 20:46:49.554 10 INFO neutron.db.ovn_revision_numbers_db [None req-15722dbe-1001-4446-a540-57f45901c0b3 61ab6293e2234a2a9de4281143ec31a0 b3f58bab78cf4d5cba90882365d00150 - - default default] Successfully bumped revision number for resource 7b603023-5f67-43b0-b123-cbc3b3cadc22 (type: security_group_rules) to 0
2026-05-21 20:46:49.569 9 INFO neutron.db.ovn_revision_numbers_db [None req-45b91da1-738b-44cc-ae81-d275361ece7d - - - - - -] Successfully bumped revision number for resource 6eb704d9-fd16-43cc-9c42-45642165ea73 (type: subnets) to 0
2026-05-21 20:46:49.574 10 INFO neutron.db.ovn_revision_numbers_db [None req-15722dbe-1001-4446-a540-57f45901c0b3 61ab6293e2234a2a9de4281143ec31a0 b3f58bab78cf4d5cba90882365d00150 - - default default] Successfully bumped revision number for resource f3bf05e6-74d5-48d5-aca2-597cc15dfe8f (type: security_group_rules) to 0
2026-05-21 20:46:49.593 9 INFO neutron.api.wsgi [None req-98efaf83-8140-473f-bfed-d59eaa98d85b 914bd085bdc74d9abfb7224a641eeef2 1dd425f15d8d4e8786aeb3393bf0fc1d - - default default] 10.0.0.246 "POST /v2.0/subnets HTTP/1.1" status: 201 len: 825 time: 0.8284848
2026-05-21 20:46:49.602 9 WARNING neutron_lib.context [None req-0d07aa61-b499-4953-be8c-73ba848c632c 914bd085bdc74d9abfb7224a641eeef2 1dd425f15d8d4e8786aeb3393bf0fc1d - - default default] Method 'is_advsvc' is deprecated since 2023.2 release (neutron-lib 3.8.0) and will be removed once support for the old RBAC API policies will be removed from Neutron. Please use method 'is_service_role' instead.
2026-05-21 20:46:49.622 10 INFO neutron.api.wsgi [None req-15722dbe-1001-4446-a540-57f45901c0b3 61ab6293e2234a2a9de4281143ec31a0 b3f58bab78cf4d5cba90882365d00150 - - default default] 10.0.0.246 "GET /v2.0/security-groups?tenant_id=a935e7dded6d43ebb324aedcf42fc5e5&name=default HTTP/1.1" status: 200 len: 3120 time: 0.2514775
2026-05-21 20:46:49.737 9 INFO neutron.db.ovn_revision_numbers_db [None req-0d07aa61-b499-4953-be8c-73ba848c632c 914bd085bdc74d9abfb7224a641eeef2 1dd425f15d8d4e8786aeb3393bf0fc1d - - default default] Successfully bumped revision number for resource dc25ab69-24fb-4fe0-b002-167532e543af (type: routers) to 1
2026-05-21 20:46:49.760 9 INFO neutron.api.wsgi [None req-0d07aa61-b499-4953-be8c-73ba848c632c 914bd085bdc74d9abfb7224a641eeef2 1dd425f15d8d4e8786aeb3393bf0fc1d - - default default] 10.0.0.246 "POST /v2.0/routers HTTP/1.1" status: 201 len: 801 time: 0.1616645
2026-05-21 20:46:49.776 10 WARNING neutron_lib.context [None req-b0c091d1-a6af-48ec-94db-4e47918b411d 914bd085bdc74d9abfb7224a641eeef2 1dd425f15d8d4e8786aeb3393bf0fc1d - - default default] Method 'is_advsvc' is deprecated since 2023.2 release (neutron-lib 3.8.0) and will be removed once support for the old RBAC API policies will be removed from Neutron. Please use method 'is_service_role' instead.
2026-05-21 20:46:49.892 10 INFO neutron.api.wsgi [None req-2d3f9931-d451-4d06-a58f-9a4b982d7243 61ab6293e2234a2a9de4281143ec31a0 b3f58bab78cf4d5cba90882365d00150 - - default default] 10.0.0.246 "DELETE /v2.0/security-groups/61ec7255-61c2-43a4-8dfe-de567640ebc0 HTTP/1.1" status: 204 len: 168 time: 0.2641149
2026-05-21 20:46:50.181 10 WARNING neutron.scheduler.dhcp_agent_scheduler [None req-b0c091d1-a6af-48ec-94db-4e47918b411d 914bd085bdc74d9abfb7224a641eeef2 1dd425f15d8d4e8786aeb3393bf0fc1d - - default default] No more DHCP agents
2026-05-21 20:46:50.182 10 WARNING neutron.api.rpc.agentnotifiers.dhcp_rpc_agent_api [None req-b0c091d1-a6af-48ec-94db-4e47918b411d 914bd085bdc74d9abfb7224a641eeef2 1dd425f15d8d4e8786aeb3393bf0fc1d - - default default] Unable to schedule network 00a54d52-9038-4000-8d69-3e7718fe706d: no agents available; will retry on subsequent port and subnet creation events.
2026-05-21 20:46:50.314 10 INFO neutron.db.ovn_revision_numbers_db [None req-b0c091d1-a6af-48ec-94db-4e47918b411d 914bd085bdc74d9abfb7224a641eeef2 1dd425f15d8d4e8786aeb3393bf0fc1d - - default default] Successfully bumped revision number for resource c01ed93d-934e-45a2-aa93-b9fd51ec9b59 (type: ports) to 1
2026-05-21 20:46:50.343 10 INFO neutron.api.wsgi [None req-b0c091d1-a6af-48ec-94db-4e47918b411d 914bd085bdc74d9abfb7224a641eeef2 1dd425f15d8d4e8786aeb3393bf0fc1d - - default default] 10.0.0.246 "POST /v2.0/ports HTTP/1.1" status: 201 len: 1146 time: 0.5762763 /var/lib/openstack/lib/python3.12/site-packages/pycadf/identifier.py:71: UserWarning: Invalid uuid: neutron. To ensure interoperability, identifiers should be a valid uuid. warnings.warn(('Invalid uuid: %s. To ensure interoperability, '
2026-05-21 20:46:50.629 9 WARNING neutron_lib.context [None req-7a53af2b-4ab7-4fde-8390-9b643b1315e7 2dd026cb5ad34b3981b62501dddce9f7 b6085d5d519b4c269b7aeb8a5d5d9976 - - default default] Method 'is_advsvc' is deprecated since 2023.2 release (neutron-lib 3.8.0) and will be removed once support for the old RBAC API policies will be removed from Neutron. Please use method 'is_service_role' instead.
2026-05-21 20:46:50.699 9 INFO neutron.api.wsgi [None req-7a53af2b-4ab7-4fde-8390-9b643b1315e7 2dd026cb5ad34b3981b62501dddce9f7 b6085d5d519b4c269b7aeb8a5d5d9976 - - default default] 10.0.0.246 "POST /v2.0/subnetpools HTTP/1.1" status: 201 len: 747 time: 0.1663120
2026-05-21 20:46:50.739 9 INFO neutron.api.wsgi [None req-bb15cf55-b4d4-4e2f-b609-c59469f90117 2dd026cb5ad34b3981b62501dddce9f7 b6085d5d519b4c269b7aeb8a5d5d9976 - - default default] 10.0.0.246 "GET /v2.0/subnetpools/b59e7cd1-4162-47f4-bf2b-7d81d67d412a HTTP/1.1" status: 200 len: 742 time: 0.0323787
2026-05-21 20:46:50.815 9 INFO neutron.api.wsgi [None req-ec2d3348-11aa-439b-8784-a2d0164e7cb2 2dd026cb5ad34b3981b62501dddce9f7 b6085d5d519b4c269b7aeb8a5d5d9976 - - default default] 10.0.0.246 "PUT /v2.0/subnetpools/b59e7cd1-4162-47f4-bf2b-7d81d67d412a HTTP/1.1" status: 200 len: 694 time: 0.0700798
2026-05-21 20:46:50.893 9 INFO neutron.api.wsgi [None req-e60a1547-b33b-4666-9bd0-e819bcdcee45 2dd026cb5ad34b3981b62501dddce9f7 b6085d5d519b4c269b7aeb8a5d5d9976 - - default default] 10.0.0.246 "DELETE /v2.0/subnetpools/b59e7cd1-4162-47f4-bf2b-7d81d67d412a HTTP/1.1" status: 204 len: 168 time: 0.0712588 /var/lib/openstack/lib/python3.12/site-packages/pycadf/identifier.py:71: UserWarning: Invalid uuid: neutron. To ensure interoperability, identifiers should be a valid uuid. warnings.warn(('Invalid uuid: %s. To ensure interoperability, '
2026-05-21 20:46:50.926 10 INFO neutron.api.v2.resource [None req-45d017db-c2d9-47f7-83c7-38241a638d52 2dd026cb5ad34b3981b62501dddce9f7 b6085d5d519b4c269b7aeb8a5d5d9976 - - default default] show failed (client error): The resource could not be found.
2026-05-21 20:46:50.928 10 INFO neutron.api.wsgi [None req-45d017db-c2d9-47f7-83c7-38241a638d52 2dd026cb5ad34b3981b62501dddce9f7 b6085d5d519b4c269b7aeb8a5d5d9976 - - default default] 10.0.0.246 "GET /v2.0/subnetpools/b59e7cd1-4162-47f4-bf2b-7d81d67d412a HTTP/1.1" status: 404 len: 346 time: 0.0280712
2026-05-21 20:46:50.947 9 INFO neutron.api.v2.resource [None req-85b54e32-4147-4395-aaa4-0723d6d0c365 2dd026cb5ad34b3981b62501dddce9f7 b6085d5d519b4c269b7aeb8a5d5d9976 - - default default] delete failed (client error): The resource could not be found.
2026-05-21 20:46:50.949 9 INFO neutron.api.wsgi [None req-85b54e32-4147-4395-aaa4-0723d6d0c365 2dd026cb5ad34b3981b62501dddce9f7 b6085d5d519b4c269b7aeb8a5d5d9976 - - default default] 10.0.0.246 "DELETE /v2.0/subnetpools/b59e7cd1-4162-47f4-bf2b-7d81d67d412a HTTP/1.1" status: 404 len: 346 time: 0.0118227
2026-05-21 20:46:50.954 9 INFO neutron.plugins.ml2.drivers.ovn.mech_driver.mech_driver [None req-04273eb3-bdf4-4d47-ae57-4f882cd287ba - - - - - -] OVN reports status up for port: c01ed93d-934e-45a2-aa93-b9fd51ec9b59
2026-05-21 20:46:50.967 9 INFO neutron.plugins.ml2.plugin [None req-04273eb3-bdf4-4d47-ae57-4f882cd287ba - - - - - -] Attempt 1 to provision port c01ed93d-934e-45a2-aa93-b9fd51ec9b59
2026-05-21 20:46:50.987 10 INFO neutron.db.ovn_revision_numbers_db [None req-54641cbb-51ec-497d-afec-9b07c52a1e9b 914bd085bdc74d9abfb7224a641eeef2 1dd425f15d8d4e8786aeb3393bf0fc1d - - default default] Successfully bumped revision number for resource c01ed93d-934e-45a2-aa93-b9fd51ec9b59 (type: ports) to 2
2026-05-21 20:46:51.342 9 INFO neutron.db.ovn_revision_numbers_db [None req-04273eb3-bdf4-4d47-ae57-4f882cd287ba - - - - - -] Successfully bumped revision number for resource c01ed93d-934e-45a2-aa93-b9fd51ec9b59 (type: ports) to 3
2026-05-21 20:46:51.636 10 INFO neutron.db.ovn_revision_numbers_db [None req-54641cbb-51ec-497d-afec-9b07c52a1e9b 914bd085bdc74d9abfb7224a641eeef2 1dd425f15d8d4e8786aeb3393bf0fc1d - - default default] Successfully bumped revision number for resource c01ed93d-934e-45a2-aa93-b9fd51ec9b59 (type: ports) to 3
2026-05-21 20:46:51.702 10 WARNING neutron.scheduler.dhcp_agent_scheduler [None req-54641cbb-51ec-497d-afec-9b07c52a1e9b 914bd085bdc74d9abfb7224a641eeef2 1dd425f15d8d4e8786aeb3393bf0fc1d - - default default] No more DHCP agents
2026-05-21 20:46:51.707 10 WARNING neutron.api.rpc.agentnotifiers.dhcp_rpc_agent_api [None req-54641cbb-51ec-497d-afec-9b07c52a1e9b 914bd085bdc74d9abfb7224a641eeef2 1dd425f15d8d4e8786aeb3393bf0fc1d - - default default] Unable to schedule network 00a54d52-9038-4000-8d69-3e7718fe706d: no agents available; will retry on subsequent port and subnet creation events. /var/lib/openstack/lib/python3.12/site-packages/pycadf/identifier.py:71: UserWarning: Invalid uuid: neutron. To ensure interoperability, identifiers should be a valid uuid. warnings.warn(('Invalid uuid: %s. To ensure interoperability, '
2026-05-21 20:46:51.904 10 INFO neutron.db.ovn_revision_numbers_db [None req-54641cbb-51ec-497d-afec-9b07c52a1e9b 914bd085bdc74d9abfb7224a641eeef2 1dd425f15d8d4e8786aeb3393bf0fc1d - - default default] Successfully bumped revision number for resource c01ed93d-934e-45a2-aa93-b9fd51ec9b59 (type: router_ports) to 3
2026-05-21 20:46:51.905 10 INFO neutron.db.ovn_revision_numbers_db [None req-d3d58f83-1b22-40e5-9661-cf8c2bbe9f11 61ab6293e2234a2a9de4281143ec31a0 b3f58bab78cf4d5cba90882365d00150 - - default default] Successfully bumped revision number for resource 4d65a89c-b4e3-4843-bc6f-092878ef9e6d (type: security_groups) to 1
2026-05-21 20:46:51.911 10 INFO neutron.api.wsgi [None req-54641cbb-51ec-497d-afec-9b07c52a1e9b 914bd085bdc74d9abfb7224a641eeef2 1dd425f15d8d4e8786aeb3393bf0fc1d - - default default] 10.0.0.246 "PUT /v2.0/routers/dc25ab69-24fb-4fe0-b002-167532e543af/add_router_interface HTTP/1.1" status: 200 len: 503 time: 1.5500834
2026-05-21 20:46:51.950 10 INFO neutron.db.ovn_revision_numbers_db [None req-d3d58f83-1b22-40e5-9661-cf8c2bbe9f11 61ab6293e2234a2a9de4281143ec31a0 b3f58bab78cf4d5cba90882365d00150 - - default default] Successfully bumped revision number for resource 06785d5e-7019-4453-aca9-3c1f2ef912f6 (type: security_group_rules) to 0
2026-05-21 20:46:51.963 10 INFO neutron.db.ovn_revision_numbers_db [None req-d3d58f83-1b22-40e5-9661-cf8c2bbe9f11 61ab6293e2234a2a9de4281143ec31a0 b3f58bab78cf4d5cba90882365d00150 - - default default] Successfully bumped revision number for resource 363b9e2d-6a20-43d8-890c-06f824c08948 (type: security_group_rules) to 0
2026-05-21 20:46:52.004 10 INFO neutron.db.ovn_revision_numbers_db [None req-d3d58f83-1b22-40e5-9661-cf8c2bbe9f11 61ab6293e2234a2a9de4281143ec31a0 b3f58bab78cf4d5cba90882365d00150 - - default default] Successfully bumped revision number for resource 749f5863-8506-48fb-bdc1-be25cbf98cae (type: security_group_rules) to 0
2026-05-21 20:46:52.023 10 INFO neutron.db.ovn_revision_numbers_db [None req-d3d58f83-1b22-40e5-9661-cf8c2bbe9f11 61ab6293e2234a2a9de4281143ec31a0 b3f58bab78cf4d5cba90882365d00150 - - default default] Successfully bumped revision number for resource b4c3c636-4590-4e62-8f6d-19a71e3a9625 (type: security_group_rules) to 0
2026-05-21 20:46:52.041 10 INFO neutron.api.wsgi [None req-429de455-41ae-41eb-b197-93502dc370bf 914bd085bdc74d9abfb7224a641eeef2 1dd425f15d8d4e8786aeb3393bf0fc1d - - default default] 10.0.0.246 "GET /v2.0/ports/c01ed93d-934e-45a2-aa93-b9fd51ec9b59 HTTP/1.1" status: 200 len: 1204 time: 0.1219926 /var/lib/openstack/lib/python3.12/site-packages/pycadf/identifier.py:71: UserWarning: Invalid uuid: neutron. To ensure interoperability, identifiers should be a valid uuid. warnings.warn(('Invalid uuid: %s. To ensure interoperability, '
2026-05-21 20:46:52.085 10 INFO neutron.api.wsgi [None req-d3d58f83-1b22-40e5-9661-cf8c2bbe9f11 61ab6293e2234a2a9de4281143ec31a0 b3f58bab78cf4d5cba90882365d00150 - - default default] 10.0.0.246 "GET /v2.0/security-groups?tenant_id=b6085d5d519b4c269b7aeb8a5d5d9976&name=default HTTP/1.1" status: 200 len: 3120 time: 0.6068139
2026-05-21 20:46:52.365 10 INFO neutron.api.wsgi [None req-5b5e4c8c-903c-4ece-a4a5-c5199ee4e97d 61ab6293e2234a2a9de4281143ec31a0 b3f58bab78cf4d5cba90882365d00150 - - default default] 10.0.0.246 "DELETE /v2.0/security-groups/4d65a89c-b4e3-4843-bc6f-092878ef9e6d HTTP/1.1" status: 204 len: 168 time: 0.2674088
2026-05-21 20:46:52.574 10 INFO neutron.db.ovn_revision_numbers_db [None req-57aecd42-d3e1-4e7f-a8e1-4af58a13842c 61ab6293e2234a2a9de4281143ec31a0 b3f58bab78cf4d5cba90882365d00150 - - default default] Successfully bumped revision number for resource 24c6aba7-804b-40cf-8c93-775971292d6d (type: security_groups) to 1
2026-05-21 20:46:52.588 10 INFO neutron.db.ovn_revision_numbers_db [None req-57aecd42-d3e1-4e7f-a8e1-4af58a13842c 61ab6293e2234a2a9de4281143ec31a0 b3f58bab78cf4d5cba90882365d00150 - - default default] Successfully bumped revision number for resource 3d2300d3-3323-4008-a4a5-dc8908da2bd0 (type: security_group_rules) to 0
2026-05-21 20:46:52.599 10 INFO neutron.db.ovn_revision_numbers_db [None req-57aecd42-d3e1-4e7f-a8e1-4af58a13842c 61ab6293e2234a2a9de4281143ec31a0 b3f58bab78cf4d5cba90882365d00150 - - default default] Successfully bumped revision number for resource 40072964-c929-4dde-9040-621d43b8a6ea (type: security_group_rules) to 0
2026-05-21 20:46:52.617 10 INFO neutron.db.ovn_revision_numbers_db [None req-57aecd42-d3e1-4e7f-a8e1-4af58a13842c 61ab6293e2234a2a9de4281143ec31a0 b3f58bab78cf4d5cba90882365d00150 - - default default] Successfully bumped revision number for resource 5a2313ab-6de0-491e-b774-d1c9ae9ceabd (type: security_group_rules) to 0
2026-05-21 20:46:52.635 10 INFO neutron.db.ovn_revision_numbers_db [None req-57aecd42-d3e1-4e7f-a8e1-4af58a13842c 61ab6293e2234a2a9de4281143ec31a0 b3f58bab78cf4d5cba90882365d00150 - - default default] Successfully bumped revision number for resource a6d7cf7f-7b3d-4482-958e-385f7eae175b (type: security_group_rules) to 0
2026-05-21 20:46:52.678 10 INFO neutron.api.wsgi [None req-57aecd42-d3e1-4e7f-a8e1-4af58a13842c 61ab6293e2234a2a9de4281143ec31a0 b3f58bab78cf4d5cba90882365d00150 - - default default] 10.0.0.246 "GET /v2.0/security-groups?tenant_id=58fabb478bb24503b598217eddfe9a23&name=default HTTP/1.1" status: 200 len: 3120 time: 0.4596131 /var/lib/openstack/lib/python3.12/site-packages/pycadf/identifier.py:71: UserWarning: Invalid uuid: neutron. To ensure interoperability, identifiers should be a valid uuid. warnings.warn(('Invalid uuid: %s. To ensure interoperability, '
2026-05-21 20:46:52.873 9 INFO neutron.api.wsgi [None req-00728ac6-6b53-4241-9855-5f0d23d18868 914bd085bdc74d9abfb7224a641eeef2 1dd425f15d8d4e8786aeb3393bf0fc1d - - default default] 10.0.0.246 "PUT /v2.0/routers/dc25ab69-24fb-4fe0-b002-167532e543af/remove_router_interface HTTP/1.1" status: 200 len: 503 time: 0.8234677
2026-05-21 20:46:52.941 10 INFO neutron.api.v2.resource [None req-0511f7c5-2fe0-462a-a9f4-bceee8ddd783 914bd085bdc74d9abfb7224a641eeef2 1dd425f15d8d4e8786aeb3393bf0fc1d - - default default] remove_router_interface failed (client error): The resource could not be found.
2026-05-21 20:46:52.942 10 INFO neutron.api.wsgi [None req-0511f7c5-2fe0-462a-a9f4-bceee8ddd783 914bd085bdc74d9abfb7224a641eeef2 1dd425f15d8d4e8786aeb3393bf0fc1d - - default default] 10.0.0.246 "PUT /v2.0/routers/dc25ab69-24fb-4fe0-b002-167532e543af/remove_router_interface HTTP/1.1" status: 404 len: 398 time: 0.0589912
2026-05-21 20:46:52.982 10 INFO neutron.api.wsgi [None req-c0b3262a-b39d-435c-89d3-65176b711279 914bd085bdc74d9abfb7224a641eeef2 1dd425f15d8d4e8786aeb3393bf0fc1d - - default default] 10.0.0.246 "GET /v2.0/ports?device_id=dc25ab69-24fb-4fe0-b002-167532e543af HTTP/1.1" status: 200 len: 205 time: 0.0292926
2026-05-21 20:46:53.017 9 INFO neutron.api.wsgi [None req-faddc271-e5ca-433c-98dc-7ce6f534e218 61ab6293e2234a2a9de4281143ec31a0 b3f58bab78cf4d5cba90882365d00150 - - default default] 10.0.0.246 "DELETE /v2.0/security-groups/24c6aba7-804b-40cf-8c93-775971292d6d HTTP/1.1" status: 204 len: 168 time: 0.3342254
2026-05-21 20:46:53.197 10 INFO neutron.api.wsgi [None req-f60b1702-6218-4a4b-ab98-19d4da162369 914bd085bdc74d9abfb7224a641eeef2 1dd425f15d8d4e8786aeb3393bf0fc1d - - default default] 10.0.0.246 "DELETE /v2.0/routers/dc25ab69-24fb-4fe0-b002-167532e543af HTTP/1.1" status: 204 len: 168 time: 0.2107215
2026-05-21 20:46:53.418 10 INFO neutron.api.wsgi [None req-b884975d-ae66-4f91-ba93-77c5dceee59e 914bd085bdc74d9abfb7224a641eeef2 1dd425f15d8d4e8786aeb3393bf0fc1d - - default default] 10.0.0.246 "DELETE /v2.0/subnets/6eb704d9-fd16-43cc-9c42-45642165ea73 HTTP/1.1" status: 204 len: 168 time: 0.2133331
2026-05-21 20:46:53.752 10 INFO neutron.services.segments.plugin [-] Segment e57110d8-b547-4d04-93f0-9d1832d3b039 resource provider aggregate not found
2026-05-21 20:46:53.757 10 INFO neutron.services.segments.plugin [-] Segment e57110d8-b547-4d04-93f0-9d1832d3b039 resource provider aggregate not found
2026-05-21 20:46:53.774 10 INFO neutron.services.segments.plugin [-] Segment e57110d8-b547-4d04-93f0-9d1832d3b039 resource provider not found; error: Placement Client Error (4xx): {"errors": [{"status": 404, "title": "Not Found", "detail": "The resource could not be found.\n\n No resource provider with uuid e57110d8-b547-4d04-93f0-9d1832d3b039 found for delete ", "request_id": "req-e85ba3d7-620a-4475-bb82-f51d826819cb"}]}
2026-05-21 20:46:53.776 10 INFO neutron.services.segments.plugin [-] Segment e57110d8-b547-4d04-93f0-9d1832d3b039 resource provider not found; error: Placement Client Error (4xx): {"errors": [{"status": 404, "title": "Not Found", "detail": "The resource could not be found.\n\n No resource provider with uuid e57110d8-b547-4d04-93f0-9d1832d3b039 found for delete ", "request_id": "req-1f82781c-c7e8-4084-8781-15cd641f67dc"}]}
2026-05-21 20:46:53.793 10 INFO neutron.api.wsgi [None req-f46b8cd2-0e5e-4cbe-a110-518115c6b38d 914bd085bdc74d9abfb7224a641eeef2 1dd425f15d8d4e8786aeb3393bf0fc1d - - default default] 10.0.0.246 "DELETE /v2.0/networks/00a54d52-9038-4000-8d69-3e7718fe706d HTTP/1.1" status: 204 len: 168 time: 0.3695135
2026-05-21 20:46:53.806 10 WARNING neutron_lib.context [None req-92fea2b8-2e93-41cc-ace3-8661e5cecfe5 914bd085bdc74d9abfb7224a641eeef2 1dd425f15d8d4e8786aeb3393bf0fc1d - - default default] Method 'is_advsvc' is deprecated since 2023.2 release (neutron-lib 3.8.0) and will be removed once support for the old RBAC API policies will be removed from Neutron. Please use method 'is_service_role' instead.
2026-05-21 20:46:53.898 10 INFO neutron.db.segments_db [None req-92fea2b8-2e93-41cc-ace3-8661e5cecfe5 914bd085bdc74d9abfb7224a641eeef2 1dd425f15d8d4e8786aeb3393bf0fc1d - - default default] Added segment cf1869f1-f8fb-4023-ab7f-6c12c1aae054 of type geneve for network bece5594-2cbb-4d64-b9a9-acbcba37e3d6
2026-05-21 20:46:54.061 10 INFO neutron.db.ovn_revision_numbers_db [None req-92fea2b8-2e93-41cc-ace3-8661e5cecfe5 914bd085bdc74d9abfb7224a641eeef2 1dd425f15d8d4e8786aeb3393bf0fc1d - - default default] Successfully bumped revision number for resource bece5594-2cbb-4d64-b9a9-acbcba37e3d6 (type: networks) to 1
2026-05-21 20:46:54.275 10 WARNING neutron.scheduler.dhcp_agent_scheduler [None req-92fea2b8-2e93-41cc-ace3-8661e5cecfe5 914bd085bdc74d9abfb7224a641eeef2 1dd425f15d8d4e8786aeb3393bf0fc1d - - default default] No more DHCP agents
2026-05-21 20:46:54.282 10 WARNING neutron.api.rpc.agentnotifiers.dhcp_rpc_agent_api [None req-92fea2b8-2e93-41cc-ace3-8661e5cecfe5 914bd085bdc74d9abfb7224a641eeef2 1dd425f15d8d4e8786aeb3393bf0fc1d - - default default] Unable to schedule network bece5594-2cbb-4d64-b9a9-acbcba37e3d6: no agents available; will retry on subsequent port and subnet creation events.
2026-05-21 20:46:54.368 10 INFO neutron.db.ovn_revision_numbers_db [None req-92fea2b8-2e93-41cc-ace3-8661e5cecfe5 914bd085bdc74d9abfb7224a641eeef2 1dd425f15d8d4e8786aeb3393bf0fc1d - - default default] Successfully bumped revision number for resource 0349a9a5-9619-4374-9830-3951f6b74edc (type: ports) to 1
2026-05-21 20:46:54.390 10 INFO neutron.api.wsgi [None req-92fea2b8-2e93-41cc-ace3-8661e5cecfe5 914bd085bdc74d9abfb7224a641eeef2 1dd425f15d8d4e8786aeb3393bf0fc1d - - default default] 10.0.0.246 "POST /v2.0/networks HTTP/1.1" status: 201 len: 829 time: 0.5881739 /var/lib/openstack/lib/python3.12/site-packages/pycadf/identifier.py:71: UserWarning: Invalid uuid: neutron. To ensure interoperability, identifiers should be a valid uuid. warnings.warn(('Invalid uuid: %s. To ensure interoperability, '
2026-05-21 20:46:54.403 10 INFO neutron.api.wsgi [-] 10.0.0.246 "GET / HTTP/1.1" status: 200 len: 279 time: 0.0021811
2026-05-21 20:46:54.404 9 WARNING neutron_lib.context [None req-b6d3a083-35bc-4978-9b18-bfce752e7f61 914bd085bdc74d9abfb7224a641eeef2 1dd425f15d8d4e8786aeb3393bf0fc1d - - default default] Method 'is_advsvc' is deprecated since 2023.2 release (neutron-lib 3.8.0) and will be removed once support for the old RBAC API policies will be removed from Neutron. Please use method 'is_service_role' instead.
2026-05-21 20:46:54.571 10 INFO neutron.api.wsgi [None req-e1dd5c30-5a7d-4143-b7df-fab96cce6c93 41f982dab1724b9aaf3b870befcabce8 dbb52f1d2fbd43fabf15a5bacc43f0aa - - default default] 10.0.0.246 "GET /v2.0/ HTTP/1.1" status: 200 len: 826 time: 0.1604118
2026-05-21 20:46:54.576 10 WARNING neutron_lib.context [None req-32be9b44-07b2-47c6-bac5-38d18d8696cf a42d4c8b116a48d1b0e852957df9f9f0 54e8fbd52e0943d5b674d4e32bd0660c - - default default] Method 'is_advsvc' is deprecated since 2023.2 release (neutron-lib 3.8.0) and will be removed once support for the old RBAC API policies will be removed from Neutron. Please use method 'is_service_role' instead.
2026-05-21 20:46:54.636 10 INFO neutron.api.wsgi [None req-32be9b44-07b2-47c6-bac5-38d18d8696cf a42d4c8b116a48d1b0e852957df9f9f0 54e8fbd52e0943d5b674d4e32bd0660c - - default default] 10.0.0.246 "POST /v2.0/subnetpools HTTP/1.1" status: 201 len: 715 time: 0.1003594
2026-05-21 20:46:54.646 10 WARNING neutron_lib.context [None req-7d7b36f9-51c1-4097-83d2-d7ef756ce3f5 a42d4c8b116a48d1b0e852957df9f9f0 54e8fbd52e0943d5b674d4e32bd0660c - - default default] Method 'is_advsvc' is deprecated since 2023.2 release (neutron-lib 3.8.0) and will be removed once support for the old RBAC API policies will be removed from Neutron. Please use method 'is_service_role' instead.
2026-05-21 20:46:54.661 9 WARNING neutron.scheduler.dhcp_agent_scheduler [None req-b6d3a083-35bc-4978-9b18-bfce752e7f61 914bd085bdc74d9abfb7224a641eeef2 1dd425f15d8d4e8786aeb3393bf0fc1d - - default default] No more DHCP agents
2026-05-21 20:46:54.664 9 WARNING neutron.api.rpc.agentnotifiers.dhcp_rpc_agent_api [None req-b6d3a083-35bc-4978-9b18-bfce752e7f61 914bd085bdc74d9abfb7224a641eeef2 1dd425f15d8d4e8786aeb3393bf0fc1d - - default default] Unable to schedule network bece5594-2cbb-4d64-b9a9-acbcba37e3d6: no agents available; will retry on subsequent port and subnet creation events.
2026-05-21 20:46:54.707 10 INFO neutron.api.wsgi [None req-7d7b36f9-51c1-4097-83d2-d7ef756ce3f5 a42d4c8b116a48d1b0e852957df9f9f0 54e8fbd52e0943d5b674d4e32bd0660c - - default default] 10.0.0.246 "POST /v2.0/subnetpools HTTP/1.1" status: 201 len: 715 time: 0.0665019
2026-05-21 20:46:54.718 10 WARNING neutron_lib.context [None req-5075e2cd-709b-42d8-9c54-ce6bae101ec1 a42d4c8b116a48d1b0e852957df9f9f0 54e8fbd52e0943d5b674d4e32bd0660c - - default default] Method 'is_advsvc' is deprecated since 2023.2 release (neutron-lib 3.8.0) and will be removed once support for the old RBAC API policies will be removed from Neutron. Please use method 'is_service_role' instead.
2026-05-21 20:46:54.786 10 INFO neutron.api.wsgi [None req-5075e2cd-709b-42d8-9c54-ce6bae101ec1 a42d4c8b116a48d1b0e852957df9f9f0 54e8fbd52e0943d5b674d4e32bd0660c - - default default] 10.0.0.246 "POST /v2.0/subnetpools HTTP/1.1" status: 201 len: 715 time: 0.0721962
2026-05-21 20:46:54.796 10 WARNING neutron_lib.context [None req-52f5eade-a7f1-4524-bb44-08d9ec8715ef a42d4c8b116a48d1b0e852957df9f9f0 54e8fbd52e0943d5b674d4e32bd0660c - - default default] Method 'is_advsvc' is deprecated since 2023.2 release (neutron-lib 3.8.0) and will be removed once support for the old RBAC API policies will be removed from Neutron. Please use method 'is_service_role' instead.
2026-05-21 20:46:54.854 10 INFO neutron.api.wsgi [None req-52f5eade-a7f1-4524-bb44-08d9ec8715ef a42d4c8b116a48d1b0e852957df9f9f0 54e8fbd52e0943d5b674d4e32bd0660c - - default default] 10.0.0.246 "POST /v2.0/subnetpools HTTP/1.1" status: 201 len: 715 time: 0.0632071
2026-05-21 20:46:54.867 10 WARNING neutron_lib.context [None req-b06a2b72-48a9-4a16-80c3-132604404bed a42d4c8b116a48d1b0e852957df9f9f0 54e8fbd52e0943d5b674d4e32bd0660c - - default default] Method 'is_advsvc' is deprecated since 2023.2 release (neutron-lib 3.8.0) and will be removed once support for the old RBAC API policies will be removed from Neutron. Please use method 'is_service_role' instead.
2026-05-21 20:46:54.932 10 INFO neutron.api.wsgi [None req-b06a2b72-48a9-4a16-80c3-132604404bed a42d4c8b116a48d1b0e852957df9f9f0 54e8fbd52e0943d5b674d4e32bd0660c - - default default] 10.0.0.246 "POST /v2.0/subnetpools HTTP/1.1" status: 201 len: 715 time: 0.0729356
2026-05-21 20:46:54.990 9 INFO neutron.api.wsgi [None req-d63947ec-01e6-4875-b72e-88131ade49b4 a42d4c8b116a48d1b0e852957df9f9f0 54e8fbd52e0943d5b674d4e32bd0660c - - default default] 10.0.0.246 "PUT /v2.0/subnetpools/51e6237e-d2eb-4fc5-a8bd-8aee1794ec2e/tags HTTP/1.1" status: 200 len: 210 time: 0.0514598
2026-05-21 20:46:55.032 9 INFO neutron.api.wsgi [None req-dd11bb21-4a4d-4c09-b5ec-92367f603ad9 a42d4c8b116a48d1b0e852957df9f9f0 54e8fbd52e0943d5b674d4e32bd0660c - - default default] 10.0.0.246 "PUT /v2.0/subnetpools/a03ffff0-fd9d-4860-ade9-9b2b87db11b5/tags HTTP/1.1" status: 200 len: 218 time: 0.0373354
2026-05-21 20:46:55.087 10 INFO neutron.api.wsgi [None req-60b8247a-52ca-4cff-99a9-036d1be62343 a42d4c8b116a48d1b0e852957df9f9f0 54e8fbd52e0943d5b674d4e32bd0660c - - default default] 10.0.0.246 "PUT /v2.0/subnetpools/00f26947-7550-4e23-8aa6-f5fa90e9c2d1/tags HTTP/1.1" status: 200 len: 227 time: 0.0493324
2026-05-21 20:46:55.135 9 INFO neutron.api.wsgi [None req-53b94dc1-dd78-4ba8-833e-c1da3f15bc5f a42d4c8b116a48d1b0e852957df9f9f0 54e8fbd52e0943d5b674d4e32bd0660c - - default default] 10.0.0.246 "PUT /v2.0/subnetpools/246c2d96-52d2-40c8-8f57-ff1f5eb4f785/tags HTTP/1.1" status: 200 len: 212 time: 0.0426130
2026-05-21 20:46:55.171 10 INFO neutron.api.wsgi [None req-a8d1ecd4-b40e-4368-ad09-f41d32f03ee6 a42d4c8b116a48d1b0e852957df9f9f0 54e8fbd52e0943d5b674d4e32bd0660c - - default default] 10.0.0.246 "GET /v2.0/subnetpools?tags=red HTTP/1.1" status: 200 len: 1758 time: 0.0236509
2026-05-21 20:46:55.208 9 INFO neutron.api.wsgi [None req-624186eb-c2fd-4aa2-93a4-75b6831aba7e a42d4c8b116a48d1b0e852957df9f9f0 54e8fbd52e0943d5b674d4e32bd0660c - - default default] 10.0.0.246 "GET /v2.0/subnetpools?tags=red%2Cblue HTTP/1.1" status: 200 len: 1251 time: 0.0319879
2026-05-21 20:46:55.234 10 INFO neutron.api.wsgi [None req-d8b52695-39dd-4860-9b7c-b635a78c133e a42d4c8b116a48d1b0e852957df9f9f0 54e8fbd52e0943d5b674d4e32bd0660c - - default default] 10.0.0.246 "GET /v2.0/subnetpools?tags-any=blue HTTP/1.1" status: 200 len: 1251 time: 0.0203969
2026-05-21 20:46:55.238 9 INFO neutron.db.ovn_revision_numbers_db [None req-c8798a7b-736f-4608-9fed-3e36812cb98c - - - - - -] Successfully bumped revision number for resource 0349a9a5-9619-4374-9830-3951f6b74edc (type: ports) to 2
2026-05-21 20:46:55.259 10 INFO neutron.api.wsgi [None req-208ee271-6252-4adb-8942-dd955239954a a42d4c8b116a48d1b0e852957df9f9f0 54e8fbd52e0943d5b674d4e32bd0660c - - default default] 10.0.0.246 "GET /v2.0/subnetpools?tags-any=red%2Cblue HTTP/1.1" status: 200 len: 1758 time: 0.0212417
2026-05-21 20:46:55.284 9 INFO neutron.db.ovn_revision_numbers_db [None req-c8798a7b-736f-4608-9fed-3e36812cb98c - - - - - -] Successfully bumped revision number for resource e5dfda6c-35d1-4551-9c59-62181348d466 (type: subnets) to 0
2026-05-21 20:46:55.292 9 INFO neutron.api.wsgi [None req-0d87fe59-ea8d-48c8-8039-3b8f2c2c9b18 a42d4c8b116a48d1b0e852957df9f9f0 54e8fbd52e0943d5b674d4e32bd0660c - - default default] 10.0.0.246 "GET /v2.0/subnetpools?not-tags=red HTTP/1.1" status: 200 len: 1223 time: 0.0276864
2026-05-21 20:46:55.306 9 INFO neutron.api.wsgi [None req-b6d3a083-35bc-4978-9b18-bfce752e7f61 914bd085bdc74d9abfb7224a641eeef2 1dd425f15d8d4e8786aeb3393bf0fc1d - - default default] 10.0.0.246 "POST /v2.0/subnets HTTP/1.1" status: 201 len: 825 time: 0.9091434
2026-05-21 20:46:55.318 9 WARNING neutron_lib.context [None req-191ddf14-2de1-4744-9a68-b77212e1f042 914bd085bdc74d9abfb7224a641eeef2 1dd425f15d8d4e8786aeb3393bf0fc1d - - default default] Method 'is_advsvc' is deprecated since 2023.2 release (neutron-lib 3.8.0) and will be removed once support for the old RBAC API policies will be removed from Neutron. Please use method 'is_service_role' instead.
2026-05-21 20:46:55.333 10 INFO neutron.api.wsgi [None req-65cd21a4-e510-411b-9f7e-6f8b70cd0a97 a42d4c8b116a48d1b0e852957df9f9f0 54e8fbd52e0943d5b674d4e32bd0660c - - default default] 10.0.0.246 "GET /v2.0/subnetpools?not-tags=red%2Cblue HTTP/1.1" status: 200 len: 1730 time: 0.0352051
2026-05-21 20:46:55.371 10 INFO neutron.api.wsgi [None req-603ad9a8-5738-4f51-8805-6599d3a5b19a a42d4c8b116a48d1b0e852957df9f9f0 54e8fbd52e0943d5b674d4e32bd0660c - - default default] 10.0.0.246 "GET /v2.0/subnetpools?not-tags-any=blue HTTP/1.1" status: 200 len: 1730 time: 0.0319114
2026-05-21 20:46:55.396 10 INFO neutron.api.wsgi [None req-e13fed91-5d7c-4746-9157-b1c43b28ef62 a42d4c8b116a48d1b0e852957df9f9f0 54e8fbd52e0943d5b674d4e32bd0660c - - default default] 10.0.0.246 "GET /v2.0/subnetpools?not-tags-any=red%2Cblue HTTP/1.1" status: 200 len: 1223 time: 0.0188763
2026-05-21 20:46:55.478 9 INFO neutron.db.ovn_revision_numbers_db [None req-191ddf14-2de1-4744-9a68-b77212e1f042 914bd085bdc74d9abfb7224a641eeef2 1dd425f15d8d4e8786aeb3393bf0fc1d - - default default] Successfully bumped revision number for resource ecc11cbd-93e7-4c9a-b626-981da7700bb9 (type: routers) to 1
2026-05-21 20:46:55.484 10 INFO neutron.db.ovn_revision_numbers_db [None req-b6a431f5-bdc4-4936-8039-43931bcf2399 61ab6293e2234a2a9de4281143ec31a0 b3f58bab78cf4d5cba90882365d00150 - - default default] Successfully bumped revision number for resource 7641e435-ef3e-4265-8035-032375725a6d (type: security_groups) to 1
2026-05-21 20:46:55.505 9 INFO neutron.api.wsgi [None req-191ddf14-2de1-4744-9a68-b77212e1f042 914bd085bdc74d9abfb7224a641eeef2 1dd425f15d8d4e8786aeb3393bf0fc1d - - default default] 10.0.0.246 "POST /v2.0/routers HTTP/1.1" status: 201 len: 802 time: 0.1941783
2026-05-21 20:46:55.506 10 INFO neutron.api.wsgi [None req-bc3c169f-261a-4e02-95d2-d1ea9f7114ae a42d4c8b116a48d1b0e852957df9f9f0 54e8fbd52e0943d5b674d4e32bd0660c - - default default] 10.0.0.246 "DELETE /v2.0/subnetpools/51e6237e-d2eb-4fc5-a8bd-8aee1794ec2e HTTP/1.1" status: 204 len: 168 time: 0.1035743
2026-05-21 20:46:55.507 10 INFO neutron.db.ovn_revision_numbers_db [None req-b6a431f5-bdc4-4936-8039-43931bcf2399 61ab6293e2234a2a9de4281143ec31a0 b3f58bab78cf4d5cba90882365d00150 - - default default] Successfully bumped revision number for resource 0989c8b7-321f-4347-85bf-42f1e6fe9082 (type: security_group_rules) to 0
2026-05-21 20:46:55.529 10 INFO neutron.db.ovn_revision_numbers_db [None req-b6a431f5-bdc4-4936-8039-43931bcf2399 61ab6293e2234a2a9de4281143ec31a0 b3f58bab78cf4d5cba90882365d00150 - - default default] Successfully bumped revision number for resource 1491142a-5872-4c73-aba2-785a2c15cfb6 (type: security_group_rules) to 0
2026-05-21 20:46:55.559 10 INFO neutron.db.ovn_revision_numbers_db [None req-b6a431f5-bdc4-4936-8039-43931bcf2399 61ab6293e2234a2a9de4281143ec31a0 b3f58bab78cf4d5cba90882365d00150 - - default default] Successfully bumped revision number for resource 29772417-8773-46cb-a698-7553c7acc1f2 (type: security_group_rules) to 0
2026-05-21 20:46:55.576 10 INFO neutron.db.ovn_revision_numbers_db [None req-b6a431f5-bdc4-4936-8039-43931bcf2399 61ab6293e2234a2a9de4281143ec31a0 b3f58bab78cf4d5cba90882365d00150 - - default default] Successfully bumped revision number for resource b12ce4cc-44bb-4f42-ba0f-19b6c72e5a6f (type: security_group_rules) to 0
2026-05-21 20:46:55.631 10 INFO neutron.api.wsgi [None req-b6a431f5-bdc4-4936-8039-43931bcf2399 61ab6293e2234a2a9de4281143ec31a0 b3f58bab78cf4d5cba90882365d00150 - - default default] 10.0.0.246 "GET /v2.0/security-groups?tenant_id=dbb52f1d2fbd43fabf15a5bacc43f0aa&name=default HTTP/1.1" status: 200 len: 3120 time: 0.5661848
2026-05-21 20:46:55.632 9 INFO neutron.api.wsgi [None req-aae47c07-4a88-477d-b85b-47d89775584d a42d4c8b116a48d1b0e852957df9f9f0 54e8fbd52e0943d5b674d4e32bd0660c - - default default] 10.0.0.246 "DELETE /v2.0/subnetpools/a03ffff0-fd9d-4860-ade9-9b2b87db11b5 HTTP/1.1" status: 204 len: 168 time: 0.1149812
2026-05-21 20:46:55.717 10 INFO neutron.api.wsgi [None req-99c6427a-ca99-4891-83d8-891ab75ad0cf a42d4c8b116a48d1b0e852957df9f9f0 54e8fbd52e0943d5b674d4e32bd0660c - - default default] 10.0.0.246 "DELETE /v2.0/subnetpools/00f26947-7550-4e23-8aa6-f5fa90e9c2d1 HTTP/1.1" status: 204 len: 168 time: 0.0784881
2026-05-21 20:46:55.780 10 INFO neutron.api.wsgi [None req-7d6832a1-69c9-4204-a4a1-5e1fd655348c a42d4c8b116a48d1b0e852957df9f9f0 54e8fbd52e0943d5b674d4e32bd0660c - - default default] 10.0.0.246 "DELETE /v2.0/subnetpools/246c2d96-52d2-40c8-8f57-ff1f5eb4f785 HTTP/1.1" status: 204 len: 168 time: 0.0553594
2026-05-21 20:46:55.885 9 INFO neutron.api.wsgi [None req-be2d9bd4-b475-4510-9c15-111b1ee4aaa8 a42d4c8b116a48d1b0e852957df9f9f0 54e8fbd52e0943d5b674d4e32bd0660c - - default default] 10.0.0.246 "DELETE /v2.0/subnetpools/0f36cc72-3bc9-4bfc-a7d8-321effd57859 HTTP/1.1" status: 204 len: 168 time: 0.0990822
2026-05-21 20:46:55.920 10 INFO neutron.api.wsgi [None req-b481058c-c27f-442e-93e5-10549b02122a 61ab6293e2234a2a9de4281143ec31a0 b3f58bab78cf4d5cba90882365d00150 - - default default] 10.0.0.246 "DELETE /v2.0/security-groups/7641e435-ef3e-4265-8035-032375725a6d HTTP/1.1" status: 204 len: 168 time: 0.2808363
2026-05-21 20:46:56.014 9 WARNING neutron.scheduler.dhcp_agent_scheduler [None req-a3e7735c-0223-4658-a937-ff3f5bc1404f 914bd085bdc74d9abfb7224a641eeef2 1dd425f15d8d4e8786aeb3393bf0fc1d - - default default] No more DHCP agents
2026-05-21 20:46:56.016 9 WARNING neutron.api.rpc.agentnotifiers.dhcp_rpc_agent_api [None req-a3e7735c-0223-4658-a937-ff3f5bc1404f 914bd085bdc74d9abfb7224a641eeef2 1dd425f15d8d4e8786aeb3393bf0fc1d - - default default] Unable to schedule network bece5594-2cbb-4d64-b9a9-acbcba37e3d6: no agents available; will retry on subsequent port and subnet creation events.
2026-05-21 20:46:56.215 9 INFO neutron.db.ovn_revision_numbers_db [None req-a3e7735c-0223-4658-a937-ff3f5bc1404f 914bd085bdc74d9abfb7224a641eeef2 1dd425f15d8d4e8786aeb3393bf0fc1d - - default default] Successfully bumped revision number for resource 5718e790-f70d-4cf6-a76a-3addf0a7cbf3 (type: ports) to 1
2026-05-21 20:46:56.423 9 WARNING neutron.plugins.ml2.drivers.ovn.mech_driver.ovsdb.ovn_client [None req-a5411453-759c-4085-8830-125a8fafdccf - - - - - -] No port found with ID c01ed93d-934e-45a2-aa93-b9fd51ec9b59: RuntimeError: No port found with ID c01ed93d-934e-45a2-aa93-b9fd51ec9b59
2026-05-21 20:46:56.666 10 WARNING neutron_lib.context [None req-c55b9945-cfe7-4594-987f-9776868c832d 29afe15562f844209a0b58d2304dc641 c6ed6d0bf173424ea41ae4bc3f852900 - - default default] Method 'is_advsvc' is deprecated since 2023.2 release (neutron-lib 3.8.0) and will be removed once support for the old RBAC API policies will be removed from Neutron. Please use method 'is_service_role' instead.
2026-05-21 20:46:56.698 9 INFO neutron.plugins.ml2.drivers.ovn.mech_driver.mech_driver [None req-a5411453-759c-4085-8830-125a8fafdccf - - - - - -] OVN reports status up for port: 5718e790-f70d-4cf6-a76a-3addf0a7cbf3
2026-05-21 20:46:56.713 9 INFO neutron.plugins.ml2.plugin [None req-a5411453-759c-4085-8830-125a8fafdccf - - - - - -] Attempt 1 to provision port 5718e790-f70d-4cf6-a76a-3addf0a7cbf3
2026-05-21 20:46:56.730 9 INFO neutron.db.ovn_revision_numbers_db [None req-a3e7735c-0223-4658-a937-ff3f5bc1404f 914bd085bdc74d9abfb7224a641eeef2 1dd425f15d8d4e8786aeb3393bf0fc1d - - default default] Successfully bumped revision number for resource 5718e790-f70d-4cf6-a76a-3addf0a7cbf3 (type: ports) to 1
