Apr 16 17:49:51.462696 np0000166760 systemd[1]: Starting devstack@n-api-meta.service - Devstack devstack@n-api-meta.service...
Apr 16 17:49:51.471610 np0000166760 devstack@n-api-meta.service[109558]: [uWSGI] getting INI configuration from /etc/nova/nova-metadata-uwsgi.ini
Apr 16 17:49:51.472247 np0000166760 devstack@n-api-meta.service[109558]: open("./http_plugin.so"): No such file or directory [core/utils.c line 3709]
Apr 16 17:49:51.472247 np0000166760 devstack@n-api-meta.service[109558]: !!! UNABLE to load uWSGI plugin: ./http_plugin.so: cannot open shared object file: No such file or directory !!!
Apr 16 17:49:51.472247 np0000166760 devstack@n-api-meta.service[109558]: open("./python3_plugin.so"): No such file or directory [core/utils.c line 3709]
Apr 16 17:49:51.472247 np0000166760 devstack@n-api-meta.service[109558]: !!! UNABLE to load uWSGI plugin: ./python3_plugin.so: cannot open shared object file: No such file or directory !!!
Apr 16 17:49:51.472247 np0000166760 devstack@n-api-meta.service[109558]: *** Starting uWSGI 2.0.31 (64bit) on [Thu Apr 16 17:49:51 2026] ***
Apr 16 17:49:51.472247 np0000166760 devstack@n-api-meta.service[109558]: compiled with version: 13.3.0 on 16 April 2026 17:39:16
Apr 16 17:49:51.472247 np0000166760 devstack@n-api-meta.service[109558]: os: Linux-6.8.0-110-generic #110-Ubuntu SMP PREEMPT_DYNAMIC Thu Mar 19 15:09:20 UTC 2026
Apr 16 17:49:51.472247 np0000166760 devstack@n-api-meta.service[109558]: nodename: np0000166760
Apr 16 17:49:51.472247 np0000166760 devstack@n-api-meta.service[109558]: machine: x86_64
Apr 16 17:49:51.472247 np0000166760 devstack@n-api-meta.service[109558]: clock source: unix
Apr 16 17:49:51.472247 np0000166760 devstack@n-api-meta.service[109558]: pcre jit disabled
Apr 16 17:49:51.472247 np0000166760 devstack@n-api-meta.service[109558]: detected number of CPU cores: 16
Apr 16 17:49:51.472247 np0000166760 devstack@n-api-meta.service[109558]: current working directory: /
Apr 16 17:49:51.472247 np0000166760 devstack@n-api-meta.service[109558]: detected binary path: /opt/stack/data/venv/bin/uwsgi
Apr 16 17:49:51.472247 np0000166760 devstack@n-api-meta.service[109558]: your processes number limit is 256917
Apr 16 17:49:51.472247 np0000166760 devstack@n-api-meta.service[109558]: your memory page size is 4096 bytes
Apr 16 17:49:51.472247 np0000166760 devstack@n-api-meta.service[109558]: detected max file descriptor number: 2048
Apr 16 17:49:51.472247 np0000166760 devstack@n-api-meta.service[109558]: lock engine: pthread robust mutexes
Apr 16 17:49:51.472247 np0000166760 devstack@n-api-meta.service[109558]: thunder lock: enabled
Apr 16 17:49:51.473233 np0000166760 devstack@n-api-meta.service[109558]: uWSGI http bound on 0.0.0.0:8775 fd 5
Apr 16 17:49:51.473233 np0000166760 devstack@n-api-meta.service[109558]: uwsgi socket 0 bound to TCP address 127.0.0.1:42659 (port auto-assigned) fd 4
Apr 16 17:49:51.473233 np0000166760 devstack@n-api-meta.service[109558]: Python version: 3.12.3 (main, Mar 3 2026, 12:15:18) [GCC 13.3.0]
Apr 16 17:49:51.473233 np0000166760 devstack@n-api-meta.service[109558]: PEP 405 virtualenv detected: /opt/stack/data/venv
Apr 16 17:49:51.473233 np0000166760 devstack@n-api-meta.service[109558]: Set PythonHome to /opt/stack/data/venv
Apr 16 17:49:51.510616 np0000166760 devstack@n-api-meta.service[109558]: Python main interpreter initialized at 0x717d1e2a3668
Apr 16 17:49:51.510616 np0000166760 devstack@n-api-meta.service[109558]: python threads support enabled
Apr 16 17:49:51.510616 np0000166760 devstack@n-api-meta.service[109558]: your server socket listen backlog is limited to 100 connections
Apr 16 17:49:51.510616 np0000166760 devstack@n-api-meta.service[109558]: your mercy for graceful operations on workers is 80 seconds
Apr 16 17:49:51.511112 np0000166760 devstack@n-api-meta.service[109558]: mapped 671795 bytes (656 KB) for 4 cores
Apr 16 17:49:51.511258 np0000166760 devstack@n-api-meta.service[109558]: *** Operational MODE: preforking ***
Apr 16 17:49:51.511478 np0000166760 devstack@n-api-meta.service[109558]: *** uWSGI is running in multiple interpreter mode ***
Apr 16 17:49:51.511478 np0000166760 devstack@n-api-meta.service[109558]: spawned uWSGI master process (pid: 109558)
Apr 16 17:49:51.511766 np0000166760 systemd[1]: Started devstack@n-api-meta.service - Devstack devstack@n-api-meta.service.
Apr 16 17:49:51.512131 np0000166760 devstack@n-api-meta.service[109558]: spawned uWSGI worker 1 (pid: 109559, cores: 1)
Apr 16 17:49:51.512617 np0000166760 devstack@n-api-meta.service[109558]: spawned uWSGI worker 2 (pid: 109560, cores: 1)
Apr 16 17:49:51.513037 np0000166760 devstack@n-api-meta.service[109558]: spawned uWSGI worker 3 (pid: 109561, cores: 1)
Apr 16 17:49:51.513623 np0000166760 devstack@n-api-meta.service[109558]: spawned uWSGI worker 4 (pid: 109562, cores: 1)
Apr 16 17:49:51.514229 np0000166760 devstack@n-api-meta.service[109558]: spawned uWSGI http 1 (pid: 109563)
Apr 16 17:49:51.514229 np0000166760 devstack@n-api-meta.service[109558]: running "unix_signal:15 gracefully_kill_them_all" (master-start)...
Apr 16 17:49:51.823992 np0000166760 devstack@n-api-meta.service[109559]: /opt/stack/data/venv/lib/python3.12/site-packages/oslo_concurrency/lockutils.py:41: EventletDeprecationWarning:
Apr 16 17:49:51.823992 np0000166760 devstack@n-api-meta.service[109559]: Eventlet is deprecated. It is currently being maintained in bugfix mode, and
Apr 16 17:49:51.823992 np0000166760 devstack@n-api-meta.service[109559]: we strongly recommend against using it for new projects.
Apr 16 17:49:51.823992 np0000166760 devstack@n-api-meta.service[109559]: If you are already using Eventlet, we recommend migrating to a different
Apr 16 17:49:51.823992 np0000166760 devstack@n-api-meta.service[109559]: framework. For more detail see
Apr 16 17:49:51.823992 np0000166760 devstack@n-api-meta.service[109559]: https://eventlet.readthedocs.io/en/latest/asyncio/migration.html
Apr 16 17:49:51.823992 np0000166760 devstack@n-api-meta.service[109559]: import eventlet
Apr 16 17:49:51.830474 np0000166760 devstack@n-api-meta.service[109562]: /opt/stack/data/venv/lib/python3.12/site-packages/oslo_concurrency/lockutils.py:41: EventletDeprecationWarning:
Apr 16 17:49:51.830474 np0000166760 devstack@n-api-meta.service[109562]: Eventlet is deprecated. It is currently being maintained in bugfix mode, and
Apr 16 17:49:51.830474 np0000166760 devstack@n-api-meta.service[109562]: we strongly recommend against using it for new projects.
Apr 16 17:49:51.830474 np0000166760 devstack@n-api-meta.service[109562]: If you are already using Eventlet, we recommend migrating to a different
Apr 16 17:49:51.830474 np0000166760 devstack@n-api-meta.service[109562]: framework. For more detail see
Apr 16 17:49:51.830474 np0000166760 devstack@n-api-meta.service[109562]: https://eventlet.readthedocs.io/en/latest/asyncio/migration.html
Apr 16 17:49:51.830474 np0000166760 devstack@n-api-meta.service[109562]: import eventlet
Apr 16 17:49:51.850912 np0000166760 devstack@n-api-meta.service[109561]: /opt/stack/data/venv/lib/python3.12/site-packages/oslo_concurrency/lockutils.py:41: EventletDeprecationWarning:
Apr 16 17:49:51.850912 np0000166760 devstack@n-api-meta.service[109561]: Eventlet is deprecated. It is currently being maintained in bugfix mode, and
Apr 16 17:49:51.850912 np0000166760 devstack@n-api-meta.service[109561]: we strongly recommend against using it for new projects.
Apr 16 17:49:51.850912 np0000166760 devstack@n-api-meta.service[109561]: If you are already using Eventlet, we recommend migrating to a different
Apr 16 17:49:51.850912 np0000166760 devstack@n-api-meta.service[109561]: framework. For more detail see
Apr 16 17:49:51.850912 np0000166760 devstack@n-api-meta.service[109561]: https://eventlet.readthedocs.io/en/latest/asyncio/migration.html
Apr 16 17:49:51.850912 np0000166760 devstack@n-api-meta.service[109561]: import eventlet
Apr 16 17:49:51.871404 np0000166760 devstack@n-api-meta.service[109559]: Service is starting with native threading. This is currently experimental. Do not use it in production without first testing it in pre-production.
Apr 16 17:49:51.878889 np0000166760 devstack@n-api-meta.service[109560]: /opt/stack/data/venv/lib/python3.12/site-packages/oslo_concurrency/lockutils.py:41: EventletDeprecationWarning:
Apr 16 17:49:51.878889 np0000166760 devstack@n-api-meta.service[109560]: Eventlet is deprecated. It is currently being maintained in bugfix mode, and
Apr 16 17:49:51.878889 np0000166760 devstack@n-api-meta.service[109560]: we strongly recommend against using it for new projects.
Apr 16 17:49:51.878889 np0000166760 devstack@n-api-meta.service[109560]: If you are already using Eventlet, we recommend migrating to a different
Apr 16 17:49:51.878889 np0000166760 devstack@n-api-meta.service[109560]: framework. For more detail see
Apr 16 17:49:51.878889 np0000166760 devstack@n-api-meta.service[109560]: https://eventlet.readthedocs.io/en/latest/asyncio/migration.html
Apr 16 17:49:51.878889 np0000166760 devstack@n-api-meta.service[109560]: import eventlet
Apr 16 17:49:51.879810 np0000166760 devstack@n-api-meta.service[109562]: Service is starting with native threading. This is currently experimental. Do not use it in production without first testing it in pre-production.
Apr 16 17:49:51.904643 np0000166760 devstack@n-api-meta.service[109561]: Service is starting with native threading. This is currently experimental. Do not use it in production without first testing it in pre-production.
Apr 16 17:49:51.937157 np0000166760 devstack@n-api-meta.service[109560]: Service is starting with native threading. This is currently experimental. Do not use it in production without first testing it in pre-production.
Apr 16 17:49:53.267712 np0000166760 devstack@n-api-meta.service[109559]: INFO dbcounter [None req-ebbb44c3-eed1-4c43-a56e-97a90b6d8366 None None] Registered counter for database nova_api
Apr 16 17:49:53.285101 np0000166760 devstack@n-api-meta.service[109559]: DEBUG oslo_db.sqlalchemy.engines [None req-ebbb44c3-eed1-4c43-a56e-97a90b6d8366 None None] MySQL server mode set to STRICT_TRANS_TABLES,STRICT_ALL_TABLES,NO_ZERO_IN_DATE,NO_ZERO_DATE,ERROR_FOR_DIVISION_BY_ZERO,TRADITIONAL,NO_ENGINE_SUBSTITUTION {{(pid=109559) _check_effective_sql_mode /opt/stack/data/venv/lib/python3.12/site-packages/oslo_db/sqlalchemy/engines.py:325}}
Apr 16 17:49:53.318275 np0000166760 devstack@n-api-meta.service[109559]: DEBUG dbcounter [-] [109559] Writer thread running {{(pid=109559) stat_writer /opt/stack/data/venv/lib/python3.12/site-packages/dbcounter.py:102}}
Apr 16 17:49:53.320790 np0000166760 devstack@n-api-meta.service[109559]: DEBUG nova.context [None req-ebbb44c3-eed1-4c43-a56e-97a90b6d8366 None None] Found 2 cells: 00000000-0000-0000-0000-000000000000(cell0),2e52860e-56da-4ce4-a2d4-cb58bc0601c0(cell1) {{(pid=109559) load_cells /opt/stack/nova/nova/context.py:509}}
Apr 16 17:49:53.321106 np0000166760 devstack@n-api-meta.service[109559]: INFO nova.utils [None req-ebbb44c3-eed1-4c43-a56e-97a90b6d8366 None None] The cell worker thread pool MainProcess.cell_worker is initialized
Apr 16 17:49:53.323751 np0000166760 devstack@n-api-meta.service[109559]: DEBUG oslo_concurrency.lockutils [None req-ebbb44c3-eed1-4c43-a56e-97a90b6d8366 None None] Acquiring lock "00000000-0000-0000-0000-000000000000" by "nova.context.set_target_cell..get_or_set_cached_cell_and_set_connections" {{(pid=109559) inner /opt/stack/data/venv/lib/python3.12/site-packages/oslo_concurrency/lockutils.py:506}}
Apr 16 17:49:53.323969 np0000166760 devstack@n-api-meta.service[109559]: DEBUG oslo_concurrency.lockutils [None req-ebbb44c3-eed1-4c43-a56e-97a90b6d8366 None None] Lock "00000000-0000-0000-0000-000000000000" acquired by "nova.context.set_target_cell..get_or_set_cached_cell_and_set_connections" :: waited 0.000s {{(pid=109559) inner /opt/stack/data/venv/lib/python3.12/site-packages/oslo_concurrency/lockutils.py:519}}
Apr 16 17:49:53.324484 np0000166760 devstack@n-api-meta.service[109559]: DEBUG oslo_concurrency.lockutils [None req-ebbb44c3-eed1-4c43-a56e-97a90b6d8366 None None] Lock "00000000-0000-0000-0000-000000000000" "released" by "nova.context.set_target_cell..get_or_set_cached_cell_and_set_connections" :: held 0.001s {{(pid=109559) inner /opt/stack/data/venv/lib/python3.12/site-packages/oslo_concurrency/lockutils.py:538}}
Apr 16 17:49:53.325394 np0000166760 devstack@n-api-meta.service[109559]: DEBUG oslo_concurrency.lockutils [None req-ebbb44c3-eed1-4c43-a56e-97a90b6d8366 None None] Acquiring lock "2e52860e-56da-4ce4-a2d4-cb58bc0601c0" by "nova.context.set_target_cell..get_or_set_cached_cell_and_set_connections" {{(pid=109559) inner /opt/stack/data/venv/lib/python3.12/site-packages/oslo_concurrency/lockutils.py:506}}
Apr 16 17:49:53.325644 np0000166760 devstack@n-api-meta.service[109559]: DEBUG oslo_concurrency.lockutils [None req-ebbb44c3-eed1-4c43-a56e-97a90b6d8366 None None] Lock "2e52860e-56da-4ce4-a2d4-cb58bc0601c0" acquired by "nova.context.set_target_cell..get_or_set_cached_cell_and_set_connections" :: waited 0.000s {{(pid=109559) inner /opt/stack/data/venv/lib/python3.12/site-packages/oslo_concurrency/lockutils.py:519}}
Apr 16 17:49:53.326833 np0000166760 devstack@n-api-meta.service[109559]: DEBUG oslo_concurrency.lockutils [None req-ebbb44c3-eed1-4c43-a56e-97a90b6d8366 None None] Lock "2e52860e-56da-4ce4-a2d4-cb58bc0601c0" "released" by "nova.context.set_target_cell..get_or_set_cached_cell_and_set_connections" :: held 0.001s {{(pid=109559) inner /opt/stack/data/venv/lib/python3.12/site-packages/oslo_concurrency/lockutils.py:538}}
Apr 16 17:49:53.330270 np0000166760 devstack@n-api-meta.service[109559]: INFO dbcounter [None req-ebbb44c3-eed1-4c43-a56e-97a90b6d8366 None None] Registered counter for database nova_cell0
Apr 16 17:49:53.336350 np0000166760 devstack@n-api-meta.service[109559]: INFO dbcounter [None req-ebbb44c3-eed1-4c43-a56e-97a90b6d8366 None None] Registered counter for database nova_cell1
Apr 16 17:49:53.345922 np0000166760 devstack@n-api-meta.service[109559]: DEBUG oslo_db.sqlalchemy.engines [None req-ebbb44c3-eed1-4c43-a56e-97a90b6d8366 None None] MySQL server mode set to STRICT_TRANS_TABLES,STRICT_ALL_TABLES,NO_ZERO_IN_DATE,NO_ZERO_DATE,ERROR_FOR_DIVISION_BY_ZERO,TRADITIONAL,NO_ENGINE_SUBSTITUTION {{(pid=109559) _check_effective_sql_mode /opt/stack/data/venv/lib/python3.12/site-packages/oslo_db/sqlalchemy/engines.py:325}}
Apr 16 17:49:53.347999 np0000166760 devstack@n-api-meta.service[109561]: INFO dbcounter [None req-f992b207-d102-49f0-b354-9701307187e2 None None] Registered counter for database nova_api
Apr 16 17:49:53.351885 np0000166760 devstack@n-api-meta.service[109559]: DEBUG oslo_db.sqlalchemy.engines [None req-ebbb44c3-eed1-4c43-a56e-97a90b6d8366 None None] MySQL server mode set to STRICT_TRANS_TABLES,STRICT_ALL_TABLES,NO_ZERO_IN_DATE,NO_ZERO_DATE,ERROR_FOR_DIVISION_BY_ZERO,TRADITIONAL,NO_ENGINE_SUBSTITUTION {{(pid=109559) _check_effective_sql_mode /opt/stack/data/venv/lib/python3.12/site-packages/oslo_db/sqlalchemy/engines.py:325}}
Apr 16 17:49:53.363725 np0000166760 devstack@n-api-meta.service[109561]: DEBUG oslo_db.sqlalchemy.engines [None req-f992b207-d102-49f0-b354-9701307187e2 None None] MySQL server mode set to STRICT_TRANS_TABLES,STRICT_ALL_TABLES,NO_ZERO_IN_DATE,NO_ZERO_DATE,ERROR_FOR_DIVISION_BY_ZERO,TRADITIONAL,NO_ENGINE_SUBSTITUTION {{(pid=109561) _check_effective_sql_mode /opt/stack/data/venv/lib/python3.12/site-packages/oslo_db/sqlalchemy/engines.py:325}}
Apr 16 17:49:53.363899 np0000166760 devstack@n-api-meta.service[109560]: INFO dbcounter [None req-dcfaf1b4-0fe1-45e0-98e2-e279cee9e219 None None] Registered counter for database nova_api
Apr 16 17:49:53.382368 np0000166760 devstack@n-api-meta.service[109560]: DEBUG oslo_db.sqlalchemy.engines [None req-dcfaf1b4-0fe1-45e0-98e2-e279cee9e219 None None] MySQL server mode set to STRICT_TRANS_TABLES,STRICT_ALL_TABLES,NO_ZERO_IN_DATE,NO_ZERO_DATE,ERROR_FOR_DIVISION_BY_ZERO,TRADITIONAL,NO_ENGINE_SUBSTITUTION {{(pid=109560) _check_effective_sql_mode /opt/stack/data/venv/lib/python3.12/site-packages/oslo_db/sqlalchemy/engines.py:325}}
Apr 16 17:49:53.388462 np0000166760 devstack@n-api-meta.service[109562]: INFO dbcounter [None req-80075ae7-7df4-443e-960d-e88d539977dd None None] Registered counter for database nova_api
Apr 16 17:49:53.393210 np0000166760 devstack@n-api-meta.service[109561]: DEBUG dbcounter [-] [109561] Writer thread running {{(pid=109561) stat_writer /opt/stack/data/venv/lib/python3.12/site-packages/dbcounter.py:102}}
Apr 16 17:49:53.395520 np0000166760 devstack@n-api-meta.service[109561]: DEBUG nova.context [None req-f992b207-d102-49f0-b354-9701307187e2 None None] Found 2 cells: 00000000-0000-0000-0000-000000000000(cell0),2e52860e-56da-4ce4-a2d4-cb58bc0601c0(cell1) {{(pid=109561) load_cells /opt/stack/nova/nova/context.py:509}}
Apr 16 17:49:53.395735 np0000166760 devstack@n-api-meta.service[109561]: INFO nova.utils [None req-f992b207-d102-49f0-b354-9701307187e2 None None] The cell worker thread pool MainProcess.cell_worker is initialized
Apr 16 17:49:53.397445 np0000166760 devstack@n-api-meta.service[109561]: DEBUG oslo_concurrency.lockutils [None req-f992b207-d102-49f0-b354-9701307187e2 None None] Acquiring lock "00000000-0000-0000-0000-000000000000" by "nova.context.set_target_cell..get_or_set_cached_cell_and_set_connections" {{(pid=109561) inner /opt/stack/data/venv/lib/python3.12/site-packages/oslo_concurrency/lockutils.py:506}}
Apr 16 17:49:53.397597 np0000166760 devstack@n-api-meta.service[109561]: DEBUG oslo_concurrency.lockutils [None req-f992b207-d102-49f0-b354-9701307187e2 None None] Lock "00000000-0000-0000-0000-000000000000" acquired by "nova.context.set_target_cell..get_or_set_cached_cell_and_set_connections" :: waited 0.000s {{(pid=109561) inner /opt/stack/data/venv/lib/python3.12/site-packages/oslo_concurrency/lockutils.py:519}}
Apr 16 17:49:53.398181 np0000166760 devstack@n-api-meta.service[109561]: DEBUG oslo_concurrency.lockutils [None req-f992b207-d102-49f0-b354-9701307187e2 None None] Lock "00000000-0000-0000-0000-000000000000" "released" by "nova.context.set_target_cell..get_or_set_cached_cell_and_set_connections" :: held 0.000s {{(pid=109561) inner /opt/stack/data/venv/lib/python3.12/site-packages/oslo_concurrency/lockutils.py:538}}
Apr 16 17:49:53.398652 np0000166760 devstack@n-api-meta.service[109561]: DEBUG oslo_concurrency.lockutils [None req-f992b207-d102-49f0-b354-9701307187e2 None None] Acquiring lock "2e52860e-56da-4ce4-a2d4-cb58bc0601c0" by "nova.context.set_target_cell..get_or_set_cached_cell_and_set_connections" {{(pid=109561) inner /opt/stack/data/venv/lib/python3.12/site-packages/oslo_concurrency/lockutils.py:506}}
Apr 16 17:49:53.398791 np0000166760 devstack@n-api-meta.service[109561]: DEBUG oslo_concurrency.lockutils [None req-f992b207-d102-49f0-b354-9701307187e2 None None] Lock "2e52860e-56da-4ce4-a2d4-cb58bc0601c0" acquired by "nova.context.set_target_cell..get_or_set_cached_cell_and_set_connections" :: waited 0.000s {{(pid=109561) inner /opt/stack/data/venv/lib/python3.12/site-packages/oslo_concurrency/lockutils.py:519}}
Apr 16 17:49:53.399613 np0000166760 devstack@n-api-meta.service[109561]: DEBUG oslo_concurrency.lockutils [None req-f992b207-d102-49f0-b354-9701307187e2 None None] Lock "2e52860e-56da-4ce4-a2d4-cb58bc0601c0" "released" by "nova.context.set_target_cell..get_or_set_cached_cell_and_set_connections" :: held 0.001s {{(pid=109561) inner /opt/stack/data/venv/lib/python3.12/site-packages/oslo_concurrency/lockutils.py:538}}
Apr 16 17:49:53.402329 np0000166760 devstack@n-api-meta.service[109561]: INFO dbcounter [None req-f992b207-d102-49f0-b354-9701307187e2 None None] Registered counter for database nova_cell0
Apr 16 17:49:53.407059 np0000166760 devstack@n-api-meta.service[109562]: DEBUG oslo_db.sqlalchemy.engines [None req-80075ae7-7df4-443e-960d-e88d539977dd None None] MySQL server mode set to STRICT_TRANS_TABLES,STRICT_ALL_TABLES,NO_ZERO_IN_DATE,NO_ZERO_DATE,ERROR_FOR_DIVISION_BY_ZERO,TRADITIONAL,NO_ENGINE_SUBSTITUTION {{(pid=109562) _check_effective_sql_mode /opt/stack/data/venv/lib/python3.12/site-packages/oslo_db/sqlalchemy/engines.py:325}}
Apr 16 17:49:53.407176 np0000166760 devstack@n-api-meta.service[109561]: INFO dbcounter [None req-f992b207-d102-49f0-b354-9701307187e2 None None] Registered counter for database nova_cell1
Apr 16 17:49:53.417986 np0000166760 devstack@n-api-meta.service[109561]: DEBUG oslo_db.sqlalchemy.engines [None req-f992b207-d102-49f0-b354-9701307187e2 None None] MySQL server mode set to STRICT_TRANS_TABLES,STRICT_ALL_TABLES,NO_ZERO_IN_DATE,NO_ZERO_DATE,ERROR_FOR_DIVISION_BY_ZERO,TRADITIONAL,NO_ENGINE_SUBSTITUTION {{(pid=109561) _check_effective_sql_mode /opt/stack/data/venv/lib/python3.12/site-packages/oslo_db/sqlalchemy/engines.py:325}}
Apr 16 17:49:53.418689 np0000166760 devstack@n-api-meta.service[109560]: DEBUG dbcounter [-] [109560] Writer thread running {{(pid=109560) stat_writer /opt/stack/data/venv/lib/python3.12/site-packages/dbcounter.py:102}}
Apr 16 17:49:53.421712 np0000166760 devstack@n-api-meta.service[109560]: DEBUG nova.context [None req-dcfaf1b4-0fe1-45e0-98e2-e279cee9e219 None None] Found 2 cells: 00000000-0000-0000-0000-000000000000(cell0),2e52860e-56da-4ce4-a2d4-cb58bc0601c0(cell1) {{(pid=109560) load_cells /opt/stack/nova/nova/context.py:509}}
Apr 16 17:49:53.422020 np0000166760 devstack@n-api-meta.service[109560]: INFO nova.utils [None req-dcfaf1b4-0fe1-45e0-98e2-e279cee9e219 None None] The cell worker thread pool MainProcess.cell_worker is initialized
Apr 16 17:49:53.424509 np0000166760 devstack@n-api-meta.service[109560]: DEBUG oslo_concurrency.lockutils [None req-dcfaf1b4-0fe1-45e0-98e2-e279cee9e219 None None] Acquiring lock "00000000-0000-0000-0000-000000000000" by "nova.context.set_target_cell..get_or_set_cached_cell_and_set_connections" {{(pid=109560) inner /opt/stack/data/venv/lib/python3.12/site-packages/oslo_concurrency/lockutils.py:506}}
Apr 16 17:49:53.424728 np0000166760 devstack@n-api-meta.service[109560]: DEBUG oslo_concurrency.lockutils [None req-dcfaf1b4-0fe1-45e0-98e2-e279cee9e219 None None] Lock "00000000-0000-0000-0000-000000000000" acquired by "nova.context.set_target_cell..get_or_set_cached_cell_and_set_connections" :: waited 0.000s {{(pid=109560) inner /opt/stack/data/venv/lib/python3.12/site-packages/oslo_concurrency/lockutils.py:519}}
Apr 16 17:49:53.425246 np0000166760 devstack@n-api-meta.service[109560]: DEBUG oslo_concurrency.lockutils [None req-dcfaf1b4-0fe1-45e0-98e2-e279cee9e219 None None] Lock "00000000-0000-0000-0000-000000000000" "released" by "nova.context.set_target_cell..get_or_set_cached_cell_and_set_connections" :: held 0.000s {{(pid=109560) inner /opt/stack/data/venv/lib/python3.12/site-packages/oslo_concurrency/lockutils.py:538}}
Apr 16 17:49:53.426416 np0000166760 devstack@n-api-meta.service[109560]: DEBUG oslo_concurrency.lockutils [None req-dcfaf1b4-0fe1-45e0-98e2-e279cee9e219 None None] Acquiring lock "2e52860e-56da-4ce4-a2d4-cb58bc0601c0" by "nova.context.set_target_cell..get_or_set_cached_cell_and_set_connections" {{(pid=109560) inner /opt/stack/data/venv/lib/python3.12/site-packages/oslo_concurrency/lockutils.py:506}}
Apr 16 17:49:53.426644 np0000166760 devstack@n-api-meta.service[109560]: DEBUG oslo_concurrency.lockutils [None req-dcfaf1b4-0fe1-45e0-98e2-e279cee9e219 None None] Lock "2e52860e-56da-4ce4-a2d4-cb58bc0601c0" acquired by "nova.context.set_target_cell..get_or_set_cached_cell_and_set_connections" :: waited 0.000s {{(pid=109560) inner /opt/stack/data/venv/lib/python3.12/site-packages/oslo_concurrency/lockutils.py:519}}
Apr 16 17:49:53.427849 np0000166760 devstack@n-api-meta.service[109560]: DEBUG oslo_concurrency.lockutils [None req-dcfaf1b4-0fe1-45e0-98e2-e279cee9e219 None None] Lock "2e52860e-56da-4ce4-a2d4-cb58bc0601c0" "released" by "nova.context.set_target_cell..get_or_set_cached_cell_and_set_connections" :: held 0.001s {{(pid=109560) inner /opt/stack/data/venv/lib/python3.12/site-packages/oslo_concurrency/lockutils.py:538}}
Apr 16 17:49:53.428251 np0000166760 devstack@n-api-meta.service[109561]: DEBUG oslo_db.sqlalchemy.engines [None req-f992b207-d102-49f0-b354-9701307187e2 None None] MySQL server mode set to STRICT_TRANS_TABLES,STRICT_ALL_TABLES,NO_ZERO_IN_DATE,NO_ZERO_DATE,ERROR_FOR_DIVISION_BY_ZERO,TRADITIONAL,NO_ENGINE_SUBSTITUTION {{(pid=109561) _check_effective_sql_mode /opt/stack/data/venv/lib/python3.12/site-packages/oslo_db/sqlalchemy/engines.py:325}}
Apr 16 17:49:53.431562 np0000166760 devstack@n-api-meta.service[109560]: INFO dbcounter [None req-dcfaf1b4-0fe1-45e0-98e2-e279cee9e219 None None] Registered counter for database nova_cell0
Apr 16 17:49:53.437175 np0000166760 devstack@n-api-meta.service[109560]: INFO dbcounter [None req-dcfaf1b4-0fe1-45e0-98e2-e279cee9e219 None None] Registered counter for database nova_cell1
Apr 16 17:49:53.442286 np0000166760 devstack@n-api-meta.service[109562]: DEBUG dbcounter [-] [109562] Writer thread running {{(pid=109562) stat_writer /opt/stack/data/venv/lib/python3.12/site-packages/dbcounter.py:102}}
Apr 16 17:49:53.445770 np0000166760 devstack@n-api-meta.service[109562]: DEBUG nova.context [None req-80075ae7-7df4-443e-960d-e88d539977dd None None] Found 2 cells: 00000000-0000-0000-0000-000000000000(cell0),2e52860e-56da-4ce4-a2d4-cb58bc0601c0(cell1) {{(pid=109562) load_cells /opt/stack/nova/nova/context.py:509}}
Apr 16 17:49:53.446167 np0000166760 devstack@n-api-meta.service[109562]: INFO nova.utils [None req-80075ae7-7df4-443e-960d-e88d539977dd None None] The cell worker thread pool MainProcess.cell_worker is initialized
Apr 16 17:49:53.448579 np0000166760 devstack@n-api-meta.service[109562]: DEBUG oslo_concurrency.lockutils [None req-80075ae7-7df4-443e-960d-e88d539977dd None None] Acquiring lock "00000000-0000-0000-0000-000000000000" by "nova.context.set_target_cell..get_or_set_cached_cell_and_set_connections" {{(pid=109562) inner /opt/stack/data/venv/lib/python3.12/site-packages/oslo_concurrency/lockutils.py:506}}
Apr 16 17:49:53.448792 np0000166760 devstack@n-api-meta.service[109562]: DEBUG oslo_concurrency.lockutils [None req-80075ae7-7df4-443e-960d-e88d539977dd None None] Lock "00000000-0000-0000-0000-000000000000" acquired by "nova.context.set_target_cell..get_or_set_cached_cell_and_set_connections" :: waited 0.000s {{(pid=109562) inner /opt/stack/data/venv/lib/python3.12/site-packages/oslo_concurrency/lockutils.py:519}}
Apr 16 17:49:53.449298 np0000166760 devstack@n-api-meta.service[109562]: DEBUG oslo_concurrency.lockutils [None req-80075ae7-7df4-443e-960d-e88d539977dd None None] Lock "00000000-0000-0000-0000-000000000000" "released" by "nova.context.set_target_cell..get_or_set_cached_cell_and_set_connections" :: held 0.000s {{(pid=109562) inner /opt/stack/data/venv/lib/python3.12/site-packages/oslo_concurrency/lockutils.py:538}}
Apr 16 17:49:53.450049 np0000166760 devstack@n-api-meta.service[109560]: DEBUG oslo_db.sqlalchemy.engines [None req-dcfaf1b4-0fe1-45e0-98e2-e279cee9e219 None None] MySQL server mode set to STRICT_TRANS_TABLES,STRICT_ALL_TABLES,NO_ZERO_IN_DATE,NO_ZERO_DATE,ERROR_FOR_DIVISION_BY_ZERO,TRADITIONAL,NO_ENGINE_SUBSTITUTION {{(pid=109560) _check_effective_sql_mode /opt/stack/data/venv/lib/python3.12/site-packages/oslo_db/sqlalchemy/engines.py:325}}
Apr 16 17:49:53.450206 np0000166760 devstack@n-api-meta.service[109562]: DEBUG oslo_concurrency.lockutils [None req-80075ae7-7df4-443e-960d-e88d539977dd None None] Acquiring lock "2e52860e-56da-4ce4-a2d4-cb58bc0601c0" by "nova.context.set_target_cell..get_or_set_cached_cell_and_set_connections" {{(pid=109562) inner /opt/stack/data/venv/lib/python3.12/site-packages/oslo_concurrency/lockutils.py:506}}
Apr 16 17:49:53.450422 np0000166760 devstack@n-api-meta.service[109562]: DEBUG oslo_concurrency.lockutils [None req-80075ae7-7df4-443e-960d-e88d539977dd None None] Lock "2e52860e-56da-4ce4-a2d4-cb58bc0601c0" acquired by "nova.context.set_target_cell..get_or_set_cached_cell_and_set_connections" :: waited 0.000s {{(pid=109562) inner /opt/stack/data/venv/lib/python3.12/site-packages/oslo_concurrency/lockutils.py:519}}
Apr 16 17:49:53.451778 np0000166760 devstack@n-api-meta.service[109562]: DEBUG oslo_concurrency.lockutils [None req-80075ae7-7df4-443e-960d-e88d539977dd None None] Lock "2e52860e-56da-4ce4-a2d4-cb58bc0601c0" "released" by "nova.context.set_target_cell..get_or_set_cached_cell_and_set_connections" :: held 0.001s {{(pid=109562) inner /opt/stack/data/venv/lib/python3.12/site-packages/oslo_concurrency/lockutils.py:538}}
Apr 16 17:49:53.452878 np0000166760 devstack@n-api-meta.service[109559]: DEBUG dbcounter [-] [109559] Writer thread running {{(pid=109559) stat_writer /opt/stack/data/venv/lib/python3.12/site-packages/dbcounter.py:102}}
Apr 16 17:49:53.455861 np0000166760 devstack@n-api-meta.service[109562]: INFO dbcounter [None req-80075ae7-7df4-443e-960d-e88d539977dd None None] Registered counter for database nova_cell0
Apr 16 17:49:53.455917 np0000166760 devstack@n-api-meta.service[109560]: DEBUG oslo_db.sqlalchemy.engines [None req-dcfaf1b4-0fe1-45e0-98e2-e279cee9e219 None None] MySQL server mode set to STRICT_TRANS_TABLES,STRICT_ALL_TABLES,NO_ZERO_IN_DATE,NO_ZERO_DATE,ERROR_FOR_DIVISION_BY_ZERO,TRADITIONAL,NO_ENGINE_SUBSTITUTION {{(pid=109560) _check_effective_sql_mode /opt/stack/data/venv/lib/python3.12/site-packages/oslo_db/sqlalchemy/engines.py:325}}
Apr 16 17:49:53.458448 np0000166760 devstack@n-api-meta.service[109559]: DEBUG dbcounter [-] [109559] Writer thread running {{(pid=109559) stat_writer /opt/stack/data/venv/lib/python3.12/site-packages/dbcounter.py:102}}
Apr 16 17:49:53.461283 np0000166760 devstack@n-api-meta.service[109562]: INFO dbcounter [None req-80075ae7-7df4-443e-960d-e88d539977dd None None] Registered counter for database nova_cell1
Apr 16 17:49:53.463958 np0000166760 devstack@n-api-meta.service[109559]: INFO dbcounter [None req-ebbb44c3-eed1-4c43-a56e-97a90b6d8366 None None] Registered counter for database nova_cell0
Apr 16 17:49:53.471871 np0000166760 devstack@n-api-meta.service[109562]: DEBUG oslo_db.sqlalchemy.engines [None req-80075ae7-7df4-443e-960d-e88d539977dd None None] MySQL server mode set to STRICT_TRANS_TABLES,STRICT_ALL_TABLES,NO_ZERO_IN_DATE,NO_ZERO_DATE,ERROR_FOR_DIVISION_BY_ZERO,TRADITIONAL,NO_ENGINE_SUBSTITUTION {{(pid=109562) _check_effective_sql_mode /opt/stack/data/venv/lib/python3.12/site-packages/oslo_db/sqlalchemy/engines.py:325}}
Apr 16 17:49:53.483283 np0000166760 devstack@n-api-meta.service[109559]: DEBUG oslo_db.sqlalchemy.engines [None req-ebbb44c3-eed1-4c43-a56e-97a90b6d8366 None None] MySQL server mode set to STRICT_TRANS_TABLES,STRICT_ALL_TABLES,NO_ZERO_IN_DATE,NO_ZERO_DATE,ERROR_FOR_DIVISION_BY_ZERO,TRADITIONAL,NO_ENGINE_SUBSTITUTION {{(pid=109559) _check_effective_sql_mode /opt/stack/data/venv/lib/python3.12/site-packages/oslo_db/sqlalchemy/engines.py:325}}
Apr 16 17:49:53.484446 np0000166760 devstack@n-api-meta.service[109562]: DEBUG oslo_db.sqlalchemy.engines [None req-80075ae7-7df4-443e-960d-e88d539977dd None None] MySQL server mode set to STRICT_TRANS_TABLES,STRICT_ALL_TABLES,NO_ZERO_IN_DATE,NO_ZERO_DATE,ERROR_FOR_DIVISION_BY_ZERO,TRADITIONAL,NO_ENGINE_SUBSTITUTION {{(pid=109562) _check_effective_sql_mode /opt/stack/data/venv/lib/python3.12/site-packages/oslo_db/sqlalchemy/engines.py:325}}
Apr 16 17:49:53.493176 np0000166760 devstack@n-api-meta.service[109559]: DEBUG dbcounter [-] [109559] Writer thread running {{(pid=109559) stat_writer /opt/stack/data/venv/lib/python3.12/site-packages/dbcounter.py:102}}
Apr 16 17:49:53.512431 np0000166760 devstack@n-api-meta.service[109561]: DEBUG dbcounter [-] [109561] Writer thread running {{(pid=109561) stat_writer /opt/stack/data/venv/lib/python3.12/site-packages/dbcounter.py:102}}
Apr 16 17:49:53.517740 np0000166760 devstack@n-api-meta.service[109561]: DEBUG dbcounter [-] [109561] Writer thread running {{(pid=109561) stat_writer /opt/stack/data/venv/lib/python3.12/site-packages/dbcounter.py:102}}
Apr 16 17:49:53.521195 np0000166760 devstack@n-api-meta.service[109561]: INFO dbcounter [None req-f992b207-d102-49f0-b354-9701307187e2 None None] Registered counter for database nova_cell0
Apr 16 17:49:53.531976 np0000166760 devstack@n-api-meta.service[109561]: DEBUG oslo_db.sqlalchemy.engines [None req-f992b207-d102-49f0-b354-9701307187e2 None None] MySQL server mode set to STRICT_TRANS_TABLES,STRICT_ALL_TABLES,NO_ZERO_IN_DATE,NO_ZERO_DATE,ERROR_FOR_DIVISION_BY_ZERO,TRADITIONAL,NO_ENGINE_SUBSTITUTION {{(pid=109561) _check_effective_sql_mode /opt/stack/data/venv/lib/python3.12/site-packages/oslo_db/sqlalchemy/engines.py:325}}
Apr 16 17:49:53.532361 np0000166760 devstack@n-api-meta.service[109559]: WARNING nova.api.metadata.handler [None req-ebbb44c3-eed1-4c43-a56e-97a90b6d8366 None None] metadata_proxy_shared_secret is not configured, the metadata information returned by the proxy cannot be trusted
Apr 16 17:49:53.534668 np0000166760 devstack@n-api-meta.service[109559]: DEBUG nova.api.openstack.wsgi_app [None req-ebbb44c3-eed1-4c43-a56e-97a90b6d8366 None None] ******************************************************************************** {{(pid=109559) log_opt_values /opt/stack/data/venv/lib/python3.12/site-packages/oslo_config/cfg.py:2979}}
Apr 16 17:49:53.534758 np0000166760 devstack@n-api-meta.service[109559]: DEBUG nova.api.openstack.wsgi_app [None req-ebbb44c3-eed1-4c43-a56e-97a90b6d8366 None None] Configuration options gathered from: {{(pid=109559) log_opt_values /opt/stack/data/venv/lib/python3.12/site-packages/oslo_config/cfg.py:2980}}
Apr 16 17:49:53.534881 np0000166760 devstack@n-api-meta.service[109559]: DEBUG nova.api.openstack.wsgi_app [None req-ebbb44c3-eed1-4c43-a56e-97a90b6d8366 None None] command line args: [] {{(pid=109559) log_opt_values /opt/stack/data/venv/lib/python3.12/site-packages/oslo_config/cfg.py:2981}}
Apr 16 17:49:53.535030 np0000166760 devstack@n-api-meta.service[109559]: DEBUG nova.api.openstack.wsgi_app [None req-ebbb44c3-eed1-4c43-a56e-97a90b6d8366 None None] config files: ['/etc/nova/api-paste.ini', '/etc/nova/nova.conf'] {{(pid=109559) log_opt_values /opt/stack/data/venv/lib/python3.12/site-packages/oslo_config/cfg.py:2982}}
Apr 16 17:49:53.535128 np0000166760 devstack@n-api-meta.service[109559]: DEBUG nova.api.openstack.wsgi_app [None req-ebbb44c3-eed1-4c43-a56e-97a90b6d8366 None None] ================================================================================ {{(pid=109559) log_opt_values /opt/stack/data/venv/lib/python3.12/site-packages/oslo_config/cfg.py:2987}}
Apr 16 17:49:53.535314 np0000166760 devstack@n-api-meta.service[109559]: DEBUG nova.api.openstack.wsgi_app [None req-ebbb44c3-eed1-4c43-a56e-97a90b6d8366 None None] allow_resize_to_same_host = True {{(pid=109559) log_opt_values /opt/stack/data/venv/lib/python3.12/site-packages/oslo_config/cfg.py:2995}}
Apr 16 17:49:53.535434 np0000166760 devstack@n-api-meta.service[109559]: DEBUG nova.api.openstack.wsgi_app [None req-ebbb44c3-eed1-4c43-a56e-97a90b6d8366 None None] arq_binding_timeout = 300 {{(pid=109559) log_opt_values /opt/stack/data/venv/lib/python3.12/site-packages/oslo_config/cfg.py:2995}}
Apr 16 17:49:53.535576 np0000166760 devstack@n-api-meta.service[109559]: DEBUG nova.api.openstack.wsgi_app [None req-ebbb44c3-eed1-4c43-a56e-97a90b6d8366 None None] block_device_allocate_retries = 60 {{(pid=109559) log_opt_values /opt/stack/data/venv/lib/python3.12/site-packages/oslo_config/cfg.py:2995}}
Apr 16 17:49:53.535692 np0000166760 devstack@n-api-meta.service[109559]: DEBUG nova.api.openstack.wsgi_app [None req-ebbb44c3-eed1-4c43-a56e-97a90b6d8366 None None] block_device_allocate_retries_interval = 3 {{(pid=109559) log_opt_values /opt/stack/data/venv/lib/python3.12/site-packages/oslo_config/cfg.py:2995}}
Apr 16 17:49:53.535826 np0000166760 devstack@n-api-meta.service[109559]: DEBUG nova.api.openstack.wsgi_app [None req-ebbb44c3-eed1-4c43-a56e-97a90b6d8366 None None] cell_worker_thread_pool_size = 5 {{(pid=109559) log_opt_values /opt/stack/data/venv/lib/python3.12/site-packages/oslo_config/cfg.py:2995}}
Apr 16 17:49:53.535964 np0000166760 devstack@n-api-meta.service[109559]: DEBUG nova.api.openstack.wsgi_app [None req-ebbb44c3-eed1-4c43-a56e-97a90b6d8366 None None] cert = self.pem {{(pid=109559) log_opt_values /opt/stack/data/venv/lib/python3.12/site-packages/oslo_config/cfg.py:2995}}
Apr 16 17:49:53.536097 np0000166760 devstack@n-api-meta.service[109559]: DEBUG nova.api.openstack.wsgi_app [None req-ebbb44c3-eed1-4c43-a56e-97a90b6d8366 None None] compute_driver = libvirt.LibvirtDriver {{(pid=109559) log_opt_values /opt/stack/data/venv/lib/python3.12/site-packages/oslo_config/cfg.py:2995}}
Apr 16 17:49:53.536244 np0000166760 devstack@n-api-meta.service[109559]: DEBUG nova.api.openstack.wsgi_app [None req-ebbb44c3-eed1-4c43-a56e-97a90b6d8366 None None] compute_monitors = [] {{(pid=109559) log_opt_values /opt/stack/data/venv/lib/python3.12/site-packages/oslo_config/cfg.py:2995}}
Apr 16 17:49:53.536374 np0000166760 devstack@n-api-meta.service[109559]: DEBUG nova.api.openstack.wsgi_app [None req-ebbb44c3-eed1-4c43-a56e-97a90b6d8366 None None] config_dir = [] {{(pid=109559) log_opt_values /opt/stack/data/venv/lib/python3.12/site-packages/oslo_config/cfg.py:2995}}
Apr 16 17:49:53.536509 np0000166760 devstack@n-api-meta.service[109559]: DEBUG nova.api.openstack.wsgi_app [None req-ebbb44c3-eed1-4c43-a56e-97a90b6d8366 None None] config_drive_format = iso9660 {{(pid=109559) log_opt_values /opt/stack/data/venv/lib/python3.12/site-packages/oslo_config/cfg.py:2995}}
Apr 16 17:49:53.536614 np0000166760 devstack@n-api-meta.service[109559]: DEBUG nova.api.openstack.wsgi_app [None req-ebbb44c3-eed1-4c43-a56e-97a90b6d8366 None None] config_file = ['/etc/nova/api-paste.ini', '/etc/nova/nova.conf'] {{(pid=109559) log_opt_values /opt/stack/data/venv/lib/python3.12/site-packages/oslo_config/cfg.py:2995}}
Apr 16 17:49:53.536745 np0000166760 devstack@n-api-meta.service[109559]: DEBUG nova.api.openstack.wsgi_app [None req-ebbb44c3-eed1-4c43-a56e-97a90b6d8366 None None] config_source = [] {{(pid=109559) log_opt_values /opt/stack/data/venv/lib/python3.12/site-packages/oslo_config/cfg.py:2995}}
Apr 16 17:49:53.536877 np0000166760 devstack@n-api-meta.service[109559]: DEBUG nova.api.openstack.wsgi_app [None req-ebbb44c3-eed1-4c43-a56e-97a90b6d8366 None None] console_host = np0000166760 {{(pid=109559) log_opt_values /opt/stack/data/venv/lib/python3.12/site-packages/oslo_config/cfg.py:2995}}
Apr 16 17:49:53.537008 np0000166760 devstack@n-api-meta.service[109559]: DEBUG nova.api.openstack.wsgi_app [None req-ebbb44c3-eed1-4c43-a56e-97a90b6d8366 None None] control_exchange = nova {{(pid=109559) log_opt_values /opt/stack/data/venv/lib/python3.12/site-packages/oslo_config/cfg.py:2995}}
Apr 16 17:49:53.537150 np0000166760 devstack@n-api-meta.service[109559]: DEBUG nova.api.openstack.wsgi_app [None req-ebbb44c3-eed1-4c43-a56e-97a90b6d8366 None None] cpu_allocation_ratio = None {{(pid=109559) log_opt_values /opt/stack/data/venv/lib/python3.12/site-packages/oslo_config/cfg.py:2995}}
Apr 16 17:49:53.537277 np0000166760 devstack@n-api-meta.service[109559]: DEBUG nova.api.openstack.wsgi_app [None req-ebbb44c3-eed1-4c43-a56e-97a90b6d8366 None None] daemon = False {{(pid=109559) log_opt_values /opt/stack/data/venv/lib/python3.12/site-packages/oslo_config/cfg.py:2995}}
Apr 16 17:49:53.537407 np0000166760 devstack@n-api-meta.service[109559]: DEBUG nova.api.openstack.wsgi_app [None req-ebbb44c3-eed1-4c43-a56e-97a90b6d8366 None None] debug = True {{(pid=109559) log_opt_values /opt/stack/data/venv/lib/python3.12/site-packages/oslo_config/cfg.py:2995}}
Apr 16 17:49:53.537532 np0000166760 devstack@n-api-meta.service[109559]: DEBUG nova.api.openstack.wsgi_app [None req-ebbb44c3-eed1-4c43-a56e-97a90b6d8366 None None] default_access_ip_network_name = None {{(pid=109559) log_opt_values /opt/stack/data/venv/lib/python3.12/site-packages/oslo_config/cfg.py:2995}}
Apr 16 17:49:53.537664 np0000166760 devstack@n-api-meta.service[109559]: DEBUG nova.api.openstack.wsgi_app [None req-ebbb44c3-eed1-4c43-a56e-97a90b6d8366 None None] default_availability_zone = nova {{(pid=109559) log_opt_values /opt/stack/data/venv/lib/python3.12/site-packages/oslo_config/cfg.py:2995}}
Apr 16 17:49:53.537792 np0000166760 devstack@n-api-meta.service[109559]: DEBUG nova.api.openstack.wsgi_app [None req-ebbb44c3-eed1-4c43-a56e-97a90b6d8366 None None] default_ephemeral_format = ext4 {{(pid=109559) log_opt_values /opt/stack/data/venv/lib/python3.12/site-packages/oslo_config/cfg.py:2995}}
Apr 16 17:49:53.537919 np0000166760 devstack@n-api-meta.service[109559]: DEBUG nova.api.openstack.wsgi_app [None req-ebbb44c3-eed1-4c43-a56e-97a90b6d8366 None None] default_green_pool_size = 1000 {{(pid=109559) log_opt_values /opt/stack/data/venv/lib/python3.12/site-packages/oslo_config/cfg.py:2995}}
Apr 16 17:49:53.538145 np0000166760 devstack@n-api-meta.service[109559]: DEBUG nova.api.openstack.wsgi_app [None req-ebbb44c3-eed1-4c43-a56e-97a90b6d8366 None None] default_log_levels = ['amqp=WARN', 'boto=WARN', 'sqlalchemy=WARN', 'suds=INFO', 'oslo.messaging=INFO', 'oslo_messaging=INFO', 'iso8601=WARN', 'requests.packages.urllib3.connectionpool=WARN', 'urllib3.connectionpool=WARN', 'websocket=WARN', 'requests.packages.urllib3.util.retry=WARN', 'urllib3.util.retry=WARN', 'keystonemiddleware=WARN', 'routes.middleware=WARN', 'stevedore=WARN', 'taskflow=WARN', 'keystoneauth=WARN', 'oslo.cache=INFO', 'oslo_policy=INFO', 'dogpile.core.dogpile=INFO', 'glanceclient=WARN', 'oslo.privsep.daemon=INFO'] {{(pid=109559) log_opt_values /opt/stack/data/venv/lib/python3.12/site-packages/oslo_config/cfg.py:2995}}
Apr 16 17:49:53.538257 np0000166760 devstack@n-api-meta.service[109561]: DEBUG dbcounter [-] [109561] Writer thread running {{(pid=109561) stat_writer /opt/stack/data/venv/lib/python3.12/site-packages/dbcounter.py:102}}
Apr 16 17:49:53.538337 np0000166760 devstack@n-api-meta.service[109559]: DEBUG nova.api.openstack.wsgi_app [None req-ebbb44c3-eed1-4c43-a56e-97a90b6d8366 None None] default_schedule_zone = None {{(pid=109559) log_opt_values /opt/stack/data/venv/lib/python3.12/site-packages/oslo_config/cfg.py:2995}}
Apr 16 17:49:53.538400 np0000166760 devstack@n-api-meta.service[109559]: DEBUG nova.api.openstack.wsgi_app [None req-ebbb44c3-eed1-4c43-a56e-97a90b6d8366 None None] default_thread_pool_size = 10 {{(pid=109559) log_opt_values /opt/stack/data/venv/lib/python3.12/site-packages/oslo_config/cfg.py:2995}}
Apr 16 17:49:53.538524 np0000166760 devstack@n-api-meta.service[109559]: DEBUG nova.api.openstack.wsgi_app [None req-ebbb44c3-eed1-4c43-a56e-97a90b6d8366 None None] disk_allocation_ratio = None {{(pid=109559) log_opt_values /opt/stack/data/venv/lib/python3.12/site-packages/oslo_config/cfg.py:2995}}
Apr 16 17:49:53.538653 np0000166760 devstack@n-api-meta.service[109559]: DEBUG nova.api.openstack.wsgi_app [None req-ebbb44c3-eed1-4c43-a56e-97a90b6d8366 None None] enable_new_services = True {{(pid=109559) log_opt_values /opt/stack/data/venv/lib/python3.12/site-packages/oslo_config/cfg.py:2995}}
Apr 16 17:49:53.538784 np0000166760 devstack@n-api-meta.service[109559]: DEBUG nova.api.openstack.wsgi_app [None req-ebbb44c3-eed1-4c43-a56e-97a90b6d8366 None None] flat_injected = False {{(pid=109559) log_opt_values /opt/stack/data/venv/lib/python3.12/site-packages/oslo_config/cfg.py:2995}}
Apr 16 17:49:53.538912 np0000166760 devstack@n-api-meta.service[109559]: DEBUG nova.api.openstack.wsgi_app [None req-ebbb44c3-eed1-4c43-a56e-97a90b6d8366 None None] force_config_drive = False {{(pid=109559) log_opt_values /opt/stack/data/venv/lib/python3.12/site-packages/oslo_config/cfg.py:2995}}
Apr 16 17:49:53.539040 np0000166760 devstack@n-api-meta.service[109559]: DEBUG nova.api.openstack.wsgi_app [None req-ebbb44c3-eed1-4c43-a56e-97a90b6d8366 None None] force_raw_images = True {{(pid=109559) log_opt_values /opt/stack/data/venv/lib/python3.12/site-packages/oslo_config/cfg.py:2995}}
Apr 16 17:49:53.539195 np0000166760 devstack@n-api-meta.service[109559]: DEBUG nova.api.openstack.wsgi_app [None req-ebbb44c3-eed1-4c43-a56e-97a90b6d8366 None None] graceful_shutdown_timeout = 5 {{(pid=109559) log_opt_values /opt/stack/data/venv/lib/python3.12/site-packages/oslo_config/cfg.py:2995}}
Apr 16 17:49:53.539325 np0000166760 devstack@n-api-meta.service[109559]: DEBUG nova.api.openstack.wsgi_app [None req-ebbb44c3-eed1-4c43-a56e-97a90b6d8366 None None] heal_instance_info_cache_interval = -1 {{(pid=109559) log_opt_values /opt/stack/data/venv/lib/python3.12/site-packages/oslo_config/cfg.py:2995}}
Apr 16 17:49:53.539495 np0000166760 devstack@n-api-meta.service[109559]: DEBUG nova.api.openstack.wsgi_app [None req-ebbb44c3-eed1-4c43-a56e-97a90b6d8366 None None] host = np0000166760 {{(pid=109559) log_opt_values /opt/stack/data/venv/lib/python3.12/site-packages/oslo_config/cfg.py:2995}}
Apr 16 17:49:53.539628 np0000166760 devstack@n-api-meta.service[109559]: DEBUG nova.api.openstack.wsgi_app [None req-ebbb44c3-eed1-4c43-a56e-97a90b6d8366 None None] initial_cpu_allocation_ratio = 4.0 {{(pid=109559) log_opt_values /opt/stack/data/venv/lib/python3.12/site-packages/oslo_config/cfg.py:2995}}
Apr 16 17:49:53.539756 np0000166760 devstack@n-api-meta.service[109559]: DEBUG nova.api.openstack.wsgi_app [None req-ebbb44c3-eed1-4c43-a56e-97a90b6d8366 None None] initial_disk_allocation_ratio = 1.0 {{(pid=109559) log_opt_values /opt/stack/data/venv/lib/python3.12/site-packages/oslo_config/cfg.py:2995}}
Apr 16 17:49:53.539925 np0000166760 devstack@n-api-meta.service[109559]: DEBUG nova.api.openstack.wsgi_app [None req-ebbb44c3-eed1-4c43-a56e-97a90b6d8366 None None] initial_ram_allocation_ratio = 1.0 {{(pid=109559) log_opt_values /opt/stack/data/venv/lib/python3.12/site-packages/oslo_config/cfg.py:2995}}
Apr 16 17:49:53.540129 np0000166760 devstack@n-api-meta.service[109559]: DEBUG nova.api.openstack.wsgi_app [None req-ebbb44c3-eed1-4c43-a56e-97a90b6d8366 None None] injected_network_template = /opt/stack/nova/nova/virt/interfaces.template {{(pid=109559) log_opt_values /opt/stack/data/venv/lib/python3.12/site-packages/oslo_config/cfg.py:2995}}
Apr 16 17:49:53.540260 np0000166760 devstack@n-api-meta.service[109559]: DEBUG nova.api.openstack.wsgi_app [None req-ebbb44c3-eed1-4c43-a56e-97a90b6d8366 None None] instance_build_timeout = 0 {{(pid=109559) log_opt_values /opt/stack/data/venv/lib/python3.12/site-packages/oslo_config/cfg.py:2995}}
Apr 16 17:49:53.540387 np0000166760 devstack@n-api-meta.service[109559]: DEBUG nova.api.openstack.wsgi_app [None req-ebbb44c3-eed1-4c43-a56e-97a90b6d8366 None None] instance_delete_interval = 300 {{(pid=109559) log_opt_values /opt/stack/data/venv/lib/python3.12/site-packages/oslo_config/cfg.py:2995}}
Apr 16 17:49:53.540524 np0000166760 devstack@n-api-meta.service[109559]: DEBUG nova.api.openstack.wsgi_app [None req-ebbb44c3-eed1-4c43-a56e-97a90b6d8366 None None] instance_format = [instance: %(uuid)s] {{(pid=109559) log_opt_values /opt/stack/data/venv/lib/python3.12/site-packages/oslo_config/cfg.py:2995}}
Apr 16 17:49:53.540658 np0000166760 devstack@n-api-meta.service[109559]: DEBUG nova.api.openstack.wsgi_app [None req-ebbb44c3-eed1-4c43-a56e-97a90b6d8366 None None] instance_name_template = instance-%08x {{(pid=109559) log_opt_values /opt/stack/data/venv/lib/python3.12/site-packages/oslo_config/cfg.py:2995}}
Apr 16 17:49:53.540781 np0000166760 devstack@n-api-meta.service[109559]: DEBUG nova.api.openstack.wsgi_app [None req-ebbb44c3-eed1-4c43-a56e-97a90b6d8366 None None] instance_usage_audit = False {{(pid=109559) log_opt_values /opt/stack/data/venv/lib/python3.12/site-packages/oslo_config/cfg.py:2995}}
Apr 16 17:49:53.540917 np0000166760 devstack@n-api-meta.service[109559]: DEBUG nova.api.openstack.wsgi_app [None req-ebbb44c3-eed1-4c43-a56e-97a90b6d8366 None None] instance_usage_audit_period = month {{(pid=109559) log_opt_values /opt/stack/data/venv/lib/python3.12/site-packages/oslo_config/cfg.py:2995}}
Apr 16 17:49:53.541046 np0000166760 devstack@n-api-meta.service[109559]: DEBUG nova.api.openstack.wsgi_app [None req-ebbb44c3-eed1-4c43-a56e-97a90b6d8366 None None] instance_uuid_format = [instance: %(uuid)s] {{(pid=109559) log_opt_values /opt/stack/data/venv/lib/python3.12/site-packages/oslo_config/cfg.py:2995}}
Apr 16 17:49:53.541192 np0000166760 devstack@n-api-meta.service[109559]: DEBUG nova.api.openstack.wsgi_app [None req-ebbb44c3-eed1-4c43-a56e-97a90b6d8366 None None] instances_path = /opt/stack/data/nova/instances {{(pid=109559) log_opt_values /opt/stack/data/venv/lib/python3.12/site-packages/oslo_config/cfg.py:2995}}
Apr 16 17:49:53.541321 np0000166760 devstack@n-api-meta.service[109559]: DEBUG nova.api.openstack.wsgi_app [None req-ebbb44c3-eed1-4c43-a56e-97a90b6d8366 None None] internal_service_availability_zone = internal {{(pid=109559) log_opt_values /opt/stack/data/venv/lib/python3.12/site-packages/oslo_config/cfg.py:2995}}
Apr 16 17:49:53.541447 np0000166760 devstack@n-api-meta.service[109559]: DEBUG nova.api.openstack.wsgi_app [None req-ebbb44c3-eed1-4c43-a56e-97a90b6d8366 None None] key = None {{(pid=109559) log_opt_values /opt/stack/data/venv/lib/python3.12/site-packages/oslo_config/cfg.py:2995}}
Apr 16 17:49:53.541570 np0000166760 devstack@n-api-meta.service[109559]: DEBUG nova.api.openstack.wsgi_app [None req-ebbb44c3-eed1-4c43-a56e-97a90b6d8366 None None] live_migration_retry_count = 30 {{(pid=109559) log_opt_values /opt/stack/data/venv/lib/python3.12/site-packages/oslo_config/cfg.py:2995}}
Apr 16 17:49:53.541704 np0000166760 devstack@n-api-meta.service[109559]: DEBUG nova.api.openstack.wsgi_app [None req-ebbb44c3-eed1-4c43-a56e-97a90b6d8366 None None] log_color = False {{(pid=109559) log_opt_values /opt/stack/data/venv/lib/python3.12/site-packages/oslo_config/cfg.py:2995}}
