Apr 16 17:49:51.969039 np0000166760 nova-scheduler[109694]: DEBUG cotyledon.oslo_config_glue [-] vnc.server_proxyclient_address = 127.0.0.1 {{(pid=109694) log_opt_values /opt/stack/data/venv/lib/python3.12/site-packages/oslo_config/cfg.py:3006}}
Apr 16 17:49:51.969039 np0000166760 nova-scheduler[109694]: DEBUG cotyledon.oslo_config_glue [-] vnc.vencrypt_ca_certs = None {{(pid=109694) log_opt_values /opt/stack/data/venv/lib/python3.12/site-packages/oslo_config/cfg.py:3006}}
Apr 16 17:49:51.969039 np0000166760 nova-scheduler[109694]: DEBUG cotyledon.oslo_config_glue [-] vnc.vencrypt_client_cert = None {{(pid=109694) log_opt_values /opt/stack/data/venv/lib/python3.12/site-packages/oslo_config/cfg.py:3006}}
Apr 16 17:49:51.969039 np0000166760 nova-scheduler[109694]: DEBUG cotyledon.oslo_config_glue [-] vnc.vencrypt_client_key = None {{(pid=109694) log_opt_values /opt/stack/data/venv/lib/python3.12/site-packages/oslo_config/cfg.py:3006}}
Apr 16 17:49:51.969039 np0000166760 nova-scheduler[109694]: DEBUG cotyledon.oslo_config_glue [-] workarounds.disable_compute_service_check_for_ffu = False {{(pid=109694) log_opt_values /opt/stack/data/venv/lib/python3.12/site-packages/oslo_config/cfg.py:3006}}
Apr 16 17:49:51.969039 np0000166760 nova-scheduler[109694]: DEBUG cotyledon.oslo_config_glue [-] workarounds.disable_deep_image_inspection = False {{(pid=109694) log_opt_values /opt/stack/data/venv/lib/python3.12/site-packages/oslo_config/cfg.py:3006}}
Apr 16 17:49:51.969039 np0000166760 nova-scheduler[109694]: DEBUG cotyledon.oslo_config_glue [-] workarounds.disable_fallback_pcpu_query = False {{(pid=109694) log_opt_values /opt/stack/data/venv/lib/python3.12/site-packages/oslo_config/cfg.py:3006}}
Apr 16 17:49:51.969039 np0000166760 nova-scheduler[109694]: DEBUG cotyledon.oslo_config_glue [-] workarounds.disable_group_policy_check_upcall = False {{(pid=109694) log_opt_values /opt/stack/data/venv/lib/python3.12/site-packages/oslo_config/cfg.py:3006}}
Apr 16 17:49:51.969039 np0000166760 nova-scheduler[109694]: DEBUG cotyledon.oslo_config_glue [-] workarounds.disable_libvirt_livesnapshot = False {{(pid=109694) log_opt_values /opt/stack/data/venv/lib/python3.12/site-packages/oslo_config/cfg.py:3006}}
Apr 16 17:49:51.969256 np0000166760 nova-scheduler[109694]: DEBUG cotyledon.oslo_config_glue [-] workarounds.disable_rootwrap = False {{(pid=109694) log_opt_values /opt/stack/data/venv/lib/python3.12/site-packages/oslo_config/cfg.py:3006}}
Apr 16 17:49:51.969256 np0000166760 nova-scheduler[109694]: DEBUG cotyledon.oslo_config_glue [-] workarounds.enable_numa_live_migration = False {{(pid=109694) log_opt_values /opt/stack/data/venv/lib/python3.12/site-packages/oslo_config/cfg.py:3006}}
Apr 16 17:49:51.969256 np0000166760 nova-scheduler[109694]: DEBUG cotyledon.oslo_config_glue [-] workarounds.enable_qemu_monitor_announce_self = False {{(pid=109694) log_opt_values /opt/stack/data/venv/lib/python3.12/site-packages/oslo_config/cfg.py:3006}}
Apr 16 17:49:51.969256 np0000166760 nova-scheduler[109694]: DEBUG cotyledon.oslo_config_glue [-] workarounds.ensure_libvirt_rbd_instance_dir_cleanup = False {{(pid=109694) log_opt_values /opt/stack/data/venv/lib/python3.12/site-packages/oslo_config/cfg.py:3006}}
Apr 16 17:49:51.969256 np0000166760 nova-scheduler[109694]: DEBUG cotyledon.oslo_config_glue [-] workarounds.handle_virt_lifecycle_events = True {{(pid=109694) log_opt_values /opt/stack/data/venv/lib/python3.12/site-packages/oslo_config/cfg.py:3006}}
Apr 16 17:49:51.969256 np0000166760 nova-scheduler[109694]: DEBUG cotyledon.oslo_config_glue [-] workarounds.libvirt_disable_apic = False {{(pid=109694) log_opt_values /opt/stack/data/venv/lib/python3.12/site-packages/oslo_config/cfg.py:3006}}
Apr 16 17:49:51.969256 np0000166760 nova-scheduler[109694]: DEBUG cotyledon.oslo_config_glue [-] workarounds.never_download_image_if_on_rbd = False {{(pid=109694) log_opt_values /opt/stack/data/venv/lib/python3.12/site-packages/oslo_config/cfg.py:3006}}
Apr 16 17:49:51.969256 np0000166760 nova-scheduler[109694]: DEBUG cotyledon.oslo_config_glue [-] workarounds.qemu_monitor_announce_self_count = 3 {{(pid=109694) log_opt_values /opt/stack/data/venv/lib/python3.12/site-packages/oslo_config/cfg.py:3006}}
Apr 16 17:49:51.969256 np0000166760 nova-scheduler[109694]: DEBUG cotyledon.oslo_config_glue [-] workarounds.qemu_monitor_announce_self_interval = 1 {{(pid=109694) log_opt_values /opt/stack/data/venv/lib/python3.12/site-packages/oslo_config/cfg.py:3006}}
Apr 16 17:49:51.969454 np0000166760 nova-scheduler[109694]: DEBUG cotyledon.oslo_config_glue [-] workarounds.reserve_disk_resource_for_image_cache = False {{(pid=109694) log_opt_values /opt/stack/data/venv/lib/python3.12/site-packages/oslo_config/cfg.py:3006}}
Apr 16 17:49:51.969454 np0000166760 nova-scheduler[109694]: DEBUG cotyledon.oslo_config_glue [-] workarounds.skip_cpu_compare_at_startup = False {{(pid=109694) log_opt_values /opt/stack/data/venv/lib/python3.12/site-packages/oslo_config/cfg.py:3006}}
Apr 16 17:49:51.969454 np0000166760 nova-scheduler[109694]: DEBUG cotyledon.oslo_config_glue [-] workarounds.skip_cpu_compare_on_dest = False {{(pid=109694) log_opt_values /opt/stack/data/venv/lib/python3.12/site-packages/oslo_config/cfg.py:3006}}
Apr 16 17:49:51.969454 np0000166760 nova-scheduler[109694]: DEBUG cotyledon.oslo_config_glue [-] workarounds.skip_hypervisor_version_check_on_lm = False {{(pid=109694) log_opt_values /opt/stack/data/venv/lib/python3.12/site-packages/oslo_config/cfg.py:3006}}
Apr 16 17:49:51.969454 np0000166760 nova-scheduler[109694]: DEBUG cotyledon.oslo_config_glue [-] workarounds.skip_reserve_in_use_ironic_nodes = False {{(pid=109694) log_opt_values /opt/stack/data/venv/lib/python3.12/site-packages/oslo_config/cfg.py:3006}}
Apr 16 17:49:51.969454 np0000166760 nova-scheduler[109694]: DEBUG cotyledon.oslo_config_glue [-] workarounds.unified_limits_count_pcpu_as_vcpu = False {{(pid=109694) log_opt_values /opt/stack/data/venv/lib/python3.12/site-packages/oslo_config/cfg.py:3006}}
Apr 16 17:49:51.969454 np0000166760 nova-scheduler[109694]: DEBUG cotyledon.oslo_config_glue [-] workarounds.wait_for_vif_plugged_event_during_hard_reboot = [] {{(pid=109694) log_opt_values /opt/stack/data/venv/lib/python3.12/site-packages/oslo_config/cfg.py:3006}}
Apr 16 17:49:51.969454 np0000166760 nova-scheduler[109694]: DEBUG cotyledon.oslo_config_glue [-] wsgi.api_paste_config = /etc/nova/api-paste.ini {{(pid=109694) log_opt_values /opt/stack/data/venv/lib/python3.12/site-packages/oslo_config/cfg.py:3006}}
Apr 16 17:49:51.969625 np0000166760 nova-scheduler[109694]: DEBUG cotyledon.oslo_config_glue [-] wsgi.secure_proxy_ssl_header = None {{(pid=109694) log_opt_values /opt/stack/data/venv/lib/python3.12/site-packages/oslo_config/cfg.py:3006}}
Apr 16 17:49:51.969625 np0000166760 nova-scheduler[109694]: DEBUG cotyledon.oslo_config_glue [-] zvm.ca_file = None {{(pid=109694) log_opt_values /opt/stack/data/venv/lib/python3.12/site-packages/oslo_config/cfg.py:3006}}
Apr 16 17:49:51.969625 np0000166760 nova-scheduler[109694]: DEBUG cotyledon.oslo_config_glue [-] zvm.cloud_connector_url = None {{(pid=109694) log_opt_values /opt/stack/data/venv/lib/python3.12/site-packages/oslo_config/cfg.py:3006}}
Apr 16 17:49:51.969625 np0000166760 nova-scheduler[109694]: DEBUG cotyledon.oslo_config_glue [-] zvm.image_tmp_path = /opt/stack/data/nova/images {{(pid=109694) log_opt_values /opt/stack/data/venv/lib/python3.12/site-packages/oslo_config/cfg.py:3006}}
Apr 16 17:49:51.969625 np0000166760 nova-scheduler[109694]: DEBUG cotyledon.oslo_config_glue [-] zvm.reachable_timeout = 300 {{(pid=109694) log_opt_values /opt/stack/data/venv/lib/python3.12/site-packages/oslo_config/cfg.py:3006}}
Apr 16 17:49:51.969625 np0000166760 nova-scheduler[109694]: DEBUG cotyledon.oslo_config_glue [-] oslo_versionedobjects.fatal_exception_format_errors = False {{(pid=109694) log_opt_values /opt/stack/data/venv/lib/python3.12/site-packages/oslo_config/cfg.py:3006}}
Apr 16 17:49:51.969625 np0000166760 nova-scheduler[109694]: DEBUG cotyledon.oslo_config_glue [-] oslo_middleware.http_basic_auth_user_file = /etc/htpasswd {{(pid=109694) log_opt_values /opt/stack/data/venv/lib/python3.12/site-packages/oslo_config/cfg.py:3006}}
Apr 16 17:49:51.969625 np0000166760 nova-scheduler[109694]: DEBUG cotyledon.oslo_config_glue [-] oslo_messaging_metrics.metrics_buffer_size = 1000 {{(pid=109694) log_opt_values /opt/stack/data/venv/lib/python3.12/site-packages/oslo_config/cfg.py:3006}}
Apr 16 17:49:51.969625 np0000166760 nova-scheduler[109694]: DEBUG cotyledon.oslo_config_glue [-] oslo_messaging_metrics.metrics_enabled = False {{(pid=109694) log_opt_values /opt/stack/data/venv/lib/python3.12/site-packages/oslo_config/cfg.py:3006}}
Apr 16 17:49:51.969820 np0000166760 nova-scheduler[109694]: DEBUG cotyledon.oslo_config_glue [-] oslo_messaging_metrics.metrics_process_name = {{(pid=109694) log_opt_values /opt/stack/data/venv/lib/python3.12/site-packages/oslo_config/cfg.py:3006}}
Apr 16 17:49:51.969820 np0000166760 nova-scheduler[109694]: DEBUG cotyledon.oslo_config_glue [-] oslo_messaging_metrics.metrics_socket_file = /var/tmp/metrics_collector.sock {{(pid=109694) log_opt_values /opt/stack/data/venv/lib/python3.12/site-packages/oslo_config/cfg.py:3006}}
Apr 16 17:49:51.969820 np0000166760 nova-scheduler[109694]: DEBUG cotyledon.oslo_config_glue [-] oslo_messaging_metrics.metrics_thread_stop_timeout = 10 {{(pid=109694) log_opt_values /opt/stack/data/venv/lib/python3.12/site-packages/oslo_config/cfg.py:3006}}
Apr 16 17:49:51.969820 np0000166760 nova-scheduler[109694]: DEBUG cotyledon.oslo_config_glue [-] profiler.connection_string = messaging:// {{(pid=109694) log_opt_values /opt/stack/data/venv/lib/python3.12/site-packages/oslo_config/cfg.py:3006}}
Apr 16 17:49:51.969820 np0000166760 nova-scheduler[109694]: DEBUG cotyledon.oslo_config_glue [-] profiler.enabled = False {{(pid=109694) log_opt_values /opt/stack/data/venv/lib/python3.12/site-packages/oslo_config/cfg.py:3006}}
Apr 16 17:49:51.969820 np0000166760 nova-scheduler[109694]: DEBUG cotyledon.oslo_config_glue [-] profiler.es_doc_type = notification {{(pid=109694) log_opt_values /opt/stack/data/venv/lib/python3.12/site-packages/oslo_config/cfg.py:3006}}
Apr 16 17:49:51.969820 np0000166760 nova-scheduler[109694]: DEBUG cotyledon.oslo_config_glue [-] profiler.es_scroll_size = 10000 {{(pid=109694) log_opt_values /opt/stack/data/venv/lib/python3.12/site-packages/oslo_config/cfg.py:3006}}
Apr 16 17:49:51.969820 np0000166760 nova-scheduler[109694]: DEBUG cotyledon.oslo_config_glue [-] profiler.es_scroll_time = 2m {{(pid=109694) log_opt_values /opt/stack/data/venv/lib/python3.12/site-packages/oslo_config/cfg.py:3006}}
Apr 16 17:49:51.969820 np0000166760 nova-scheduler[109694]: DEBUG cotyledon.oslo_config_glue [-] profiler.filter_error_trace = False {{(pid=109694) log_opt_values /opt/stack/data/venv/lib/python3.12/site-packages/oslo_config/cfg.py:3006}}
Apr 16 17:49:51.970019 np0000166760 nova-scheduler[109694]: DEBUG cotyledon.oslo_config_glue [-] profiler.hmac_keys = **** {{(pid=109694) log_opt_values /opt/stack/data/venv/lib/python3.12/site-packages/oslo_config/cfg.py:3006}}
Apr 16 17:49:51.970019 np0000166760 nova-scheduler[109694]: DEBUG cotyledon.oslo_config_glue [-] profiler.sentinel_service_name = mymaster {{(pid=109694) log_opt_values /opt/stack/data/venv/lib/python3.12/site-packages/oslo_config/cfg.py:3006}}
Apr 16 17:49:51.970019 np0000166760 nova-scheduler[109694]: DEBUG cotyledon.oslo_config_glue [-] profiler.socket_timeout = 0.1 {{(pid=109694) log_opt_values /opt/stack/data/venv/lib/python3.12/site-packages/oslo_config/cfg.py:3006}}
Apr 16 17:49:51.970019 np0000166760 nova-scheduler[109694]: DEBUG cotyledon.oslo_config_glue [-] profiler.trace_requests = False {{(pid=109694) log_opt_values /opt/stack/data/venv/lib/python3.12/site-packages/oslo_config/cfg.py:3006}}
Apr 16 17:49:51.970019 np0000166760 nova-scheduler[109694]: DEBUG cotyledon.oslo_config_glue [-] profiler.trace_sqlalchemy = False {{(pid=109694) log_opt_values /opt/stack/data/venv/lib/python3.12/site-packages/oslo_config/cfg.py:3006}}
Apr 16 17:49:51.970019 np0000166760 nova-scheduler[109694]: DEBUG cotyledon.oslo_config_glue [-] profiler_jaeger.process_tags = {} {{(pid=109694) log_opt_values /opt/stack/data/venv/lib/python3.12/site-packages/oslo_config/cfg.py:3006}}
Apr 16 17:49:51.970019 np0000166760 nova-scheduler[109694]: DEBUG cotyledon.oslo_config_glue [-] profiler_jaeger.service_name_prefix = None {{(pid=109694) log_opt_values /opt/stack/data/venv/lib/python3.12/site-packages/oslo_config/cfg.py:3006}}
Apr 16 17:49:51.970019 np0000166760 nova-scheduler[109694]: DEBUG cotyledon.oslo_config_glue [-] profiler_otlp.service_name_prefix = None {{(pid=109694) log_opt_values /opt/stack/data/venv/lib/python3.12/site-packages/oslo_config/cfg.py:3006}}
Apr 16 17:49:51.970019 np0000166760 nova-scheduler[109694]: DEBUG cotyledon.oslo_config_glue [-] oslo_messaging_rabbit.amqp_auto_delete = False {{(pid=109694) log_opt_values /opt/stack/data/venv/lib/python3.12/site-packages/oslo_config/cfg.py:3006}}
Apr 16 17:49:51.970257 np0000166760 nova-scheduler[109694]: DEBUG cotyledon.oslo_config_glue [-] oslo_messaging_rabbit.amqp_durable_queues = False {{(pid=109694) log_opt_values /opt/stack/data/venv/lib/python3.12/site-packages/oslo_config/cfg.py:3006}}
Apr 16 17:49:51.970257 np0000166760 nova-scheduler[109694]: DEBUG cotyledon.oslo_config_glue [-] oslo_messaging_rabbit.conn_pool_min_size = 2 {{(pid=109694) log_opt_values /opt/stack/data/venv/lib/python3.12/site-packages/oslo_config/cfg.py:3006}}
Apr 16 17:49:51.970257 np0000166760 nova-scheduler[109694]: DEBUG cotyledon.oslo_config_glue [-] oslo_messaging_rabbit.conn_pool_ttl = 1200 {{(pid=109694) log_opt_values /opt/stack/data/venv/lib/python3.12/site-packages/oslo_config/cfg.py:3006}}
Apr 16 17:49:51.970257 np0000166760 nova-scheduler[109694]: DEBUG cotyledon.oslo_config_glue [-] oslo_messaging_rabbit.direct_mandatory_flag = True {{(pid=109694) log_opt_values /opt/stack/data/venv/lib/python3.12/site-packages/oslo_config/cfg.py:3006}}
Apr 16 17:49:51.970257 np0000166760 nova-scheduler[109694]: DEBUG cotyledon.oslo_config_glue [-] oslo_messaging_rabbit.enable_cancel_on_failover = False {{(pid=109694) log_opt_values /opt/stack/data/venv/lib/python3.12/site-packages/oslo_config/cfg.py:3006}}
Apr 16 17:49:51.970257 np0000166760 nova-scheduler[109694]: DEBUG cotyledon.oslo_config_glue [-] oslo_messaging_rabbit.heartbeat_in_pthread = False {{(pid=109694) log_opt_values /opt/stack/data/venv/lib/python3.12/site-packages/oslo_config/cfg.py:3006}}
Apr 16 17:49:51.970257 np0000166760 nova-scheduler[109694]: DEBUG cotyledon.oslo_config_glue [-] oslo_messaging_rabbit.heartbeat_rate = 3 {{(pid=109694) log_opt_values /opt/stack/data/venv/lib/python3.12/site-packages/oslo_config/cfg.py:3006}}
Apr 16 17:49:51.970257 np0000166760 nova-scheduler[109694]: DEBUG cotyledon.oslo_config_glue [-] oslo_messaging_rabbit.heartbeat_timeout_threshold = 60 {{(pid=109694) log_opt_values /opt/stack/data/venv/lib/python3.12/site-packages/oslo_config/cfg.py:3006}}
Apr 16 17:49:51.970257 np0000166760 nova-scheduler[109694]: DEBUG cotyledon.oslo_config_glue [-] oslo_messaging_rabbit.hostname = np0000166760 {{(pid=109694) log_opt_values /opt/stack/data/venv/lib/python3.12/site-packages/oslo_config/cfg.py:3006}}
Apr 16 17:49:51.970480 np0000166760 nova-scheduler[109694]: DEBUG cotyledon.oslo_config_glue [-] oslo_messaging_rabbit.kombu_compression = None {{(pid=109694) log_opt_values /opt/stack/data/venv/lib/python3.12/site-packages/oslo_config/cfg.py:3006}}
Apr 16 17:49:51.970480 np0000166760 nova-scheduler[109694]: DEBUG cotyledon.oslo_config_glue [-] oslo_messaging_rabbit.kombu_failover_strategy = round-robin {{(pid=109694) log_opt_values /opt/stack/data/venv/lib/python3.12/site-packages/oslo_config/cfg.py:3006}}
Apr 16 17:49:51.970480 np0000166760 nova-scheduler[109694]: DEBUG cotyledon.oslo_config_glue [-] oslo_messaging_rabbit.kombu_missing_consumer_retry_timeout = 60 {{(pid=109694) log_opt_values /opt/stack/data/venv/lib/python3.12/site-packages/oslo_config/cfg.py:3006}}
Apr 16 17:49:51.970480 np0000166760 nova-scheduler[109694]: DEBUG cotyledon.oslo_config_glue [-] oslo_messaging_rabbit.kombu_reconnect_delay = 1.0 {{(pid=109694) log_opt_values /opt/stack/data/venv/lib/python3.12/site-packages/oslo_config/cfg.py:3006}}
Apr 16 17:49:51.970480 np0000166760 nova-scheduler[109694]: DEBUG cotyledon.oslo_config_glue [-] oslo_messaging_rabbit.kombu_reconnect_splay = 0.0 {{(pid=109694) log_opt_values /opt/stack/data/venv/lib/python3.12/site-packages/oslo_config/cfg.py:3006}}
Apr 16 17:49:51.970480 np0000166760 nova-scheduler[109694]: DEBUG cotyledon.oslo_config_glue [-] oslo_messaging_rabbit.processname = nova-scheduler {{(pid=109694) log_opt_values /opt/stack/data/venv/lib/python3.12/site-packages/oslo_config/cfg.py:3006}}
Apr 16 17:49:51.970480 np0000166760 nova-scheduler[109694]: DEBUG cotyledon.oslo_config_glue [-] oslo_messaging_rabbit.rabbit_ha_queues = False {{(pid=109694) log_opt_values /opt/stack/data/venv/lib/python3.12/site-packages/oslo_config/cfg.py:3006}}
Apr 16 17:49:51.970480 np0000166760 nova-scheduler[109694]: DEBUG cotyledon.oslo_config_glue [-] oslo_messaging_rabbit.rabbit_interval_max = 30 {{(pid=109694) log_opt_values /opt/stack/data/venv/lib/python3.12/site-packages/oslo_config/cfg.py:3006}}
Apr 16 17:49:51.970656 np0000166760 nova-scheduler[109694]: DEBUG cotyledon.oslo_config_glue [-] oslo_messaging_rabbit.rabbit_login_method = AMQPLAIN {{(pid=109694) log_opt_values /opt/stack/data/venv/lib/python3.12/site-packages/oslo_config/cfg.py:3006}}
Apr 16 17:49:51.970656 np0000166760 nova-scheduler[109694]: DEBUG cotyledon.oslo_config_glue [-] oslo_messaging_rabbit.rabbit_qos_prefetch_count = 0 {{(pid=109694) log_opt_values /opt/stack/data/venv/lib/python3.12/site-packages/oslo_config/cfg.py:3006}}
Apr 16 17:49:51.970656 np0000166760 nova-scheduler[109694]: DEBUG cotyledon.oslo_config_glue [-] oslo_messaging_rabbit.rabbit_quorum_delivery_limit = 0 {{(pid=109694) log_opt_values /opt/stack/data/venv/lib/python3.12/site-packages/oslo_config/cfg.py:3006}}
Apr 16 17:49:51.970656 np0000166760 nova-scheduler[109694]: DEBUG cotyledon.oslo_config_glue [-] oslo_messaging_rabbit.rabbit_quorum_max_memory_bytes = 0 {{(pid=109694) log_opt_values /opt/stack/data/venv/lib/python3.12/site-packages/oslo_config/cfg.py:3006}}
Apr 16 17:49:51.970656 np0000166760 nova-scheduler[109694]: DEBUG cotyledon.oslo_config_glue [-] oslo_messaging_rabbit.rabbit_quorum_max_memory_length = 0 {{(pid=109694) log_opt_values /opt/stack/data/venv/lib/python3.12/site-packages/oslo_config/cfg.py:3006}}
Apr 16 17:49:51.970656 np0000166760 nova-scheduler[109694]: DEBUG cotyledon.oslo_config_glue [-] oslo_messaging_rabbit.rabbit_quorum_queue = False {{(pid=109694) log_opt_values /opt/stack/data/venv/lib/python3.12/site-packages/oslo_config/cfg.py:3006}}
Apr 16 17:49:51.970656 np0000166760 nova-scheduler[109694]: DEBUG cotyledon.oslo_config_glue [-] oslo_messaging_rabbit.rabbit_retry_backoff = 2 {{(pid=109694) log_opt_values /opt/stack/data/venv/lib/python3.12/site-packages/oslo_config/cfg.py:3006}}
Apr 16 17:49:51.970656 np0000166760 nova-scheduler[109694]: DEBUG cotyledon.oslo_config_glue [-] oslo_messaging_rabbit.rabbit_retry_interval = 1 {{(pid=109694) log_opt_values /opt/stack/data/venv/lib/python3.12/site-packages/oslo_config/cfg.py:3006}}
Apr 16 17:49:51.970831 np0000166760 nova-scheduler[109694]: DEBUG cotyledon.oslo_config_glue [-] oslo_messaging_rabbit.rabbit_stream_fanout = False {{(pid=109694) log_opt_values /opt/stack/data/venv/lib/python3.12/site-packages/oslo_config/cfg.py:3006}}
Apr 16 17:49:51.970831 np0000166760 nova-scheduler[109694]: DEBUG cotyledon.oslo_config_glue [-] oslo_messaging_rabbit.rabbit_transient_queues_ttl = 1800 {{(pid=109694) log_opt_values /opt/stack/data/venv/lib/python3.12/site-packages/oslo_config/cfg.py:3006}}
Apr 16 17:49:51.970831 np0000166760 nova-scheduler[109694]: DEBUG cotyledon.oslo_config_glue [-] oslo_messaging_rabbit.rabbit_transient_quorum_queue = False {{(pid=109694) log_opt_values /opt/stack/data/venv/lib/python3.12/site-packages/oslo_config/cfg.py:3006}}
Apr 16 17:49:51.970831 np0000166760 nova-scheduler[109694]: DEBUG cotyledon.oslo_config_glue [-] oslo_messaging_rabbit.rpc_conn_pool_size = 30 {{(pid=109694) log_opt_values /opt/stack/data/venv/lib/python3.12/site-packages/oslo_config/cfg.py:3006}}
Apr 16 17:49:51.970831 np0000166760 nova-scheduler[109694]: DEBUG cotyledon.oslo_config_glue [-] oslo_messaging_rabbit.ssl = False {{(pid=109694) log_opt_values /opt/stack/data/venv/lib/python3.12/site-packages/oslo_config/cfg.py:3006}}
Apr 16 17:49:51.970831 np0000166760 nova-scheduler[109694]: DEBUG cotyledon.oslo_config_glue [-] oslo_messaging_rabbit.ssl_ca_file = {{(pid=109694) log_opt_values /opt/stack/data/venv/lib/python3.12/site-packages/oslo_config/cfg.py:3006}}
Apr 16 17:49:51.970831 np0000166760 nova-scheduler[109694]: DEBUG cotyledon.oslo_config_glue [-] oslo_messaging_rabbit.ssl_cert_file = {{(pid=109694) log_opt_values /opt/stack/data/venv/lib/python3.12/site-packages/oslo_config/cfg.py:3006}}
Apr 16 17:49:51.970831 np0000166760 nova-scheduler[109694]: DEBUG cotyledon.oslo_config_glue [-] oslo_messaging_rabbit.ssl_enforce_fips_mode = False {{(pid=109694) log_opt_values /opt/stack/data/venv/lib/python3.12/site-packages/oslo_config/cfg.py:3006}}
Apr 16 17:49:51.970831 np0000166760 nova-scheduler[109694]: DEBUG cotyledon.oslo_config_glue [-] oslo_messaging_rabbit.ssl_key_file = {{(pid=109694) log_opt_values /opt/stack/data/venv/lib/python3.12/site-packages/oslo_config/cfg.py:3006}}
Apr 16 17:49:51.971026 np0000166760 nova-scheduler[109694]: DEBUG cotyledon.oslo_config_glue [-] oslo_messaging_rabbit.ssl_version = {{(pid=109694) log_opt_values /opt/stack/data/venv/lib/python3.12/site-packages/oslo_config/cfg.py:3006}}
Apr 16 17:49:51.971026 np0000166760 nova-scheduler[109694]: DEBUG cotyledon.oslo_config_glue [-] oslo_messaging_rabbit.use_queue_manager = False {{(pid=109694) log_opt_values /opt/stack/data/venv/lib/python3.12/site-packages/oslo_config/cfg.py:3006}}
Apr 16 17:49:51.971026 np0000166760 nova-scheduler[109694]: DEBUG cotyledon.oslo_config_glue [-] oslo_messaging_notifications.driver = ['messagingv2'] {{(pid=109694) log_opt_values /opt/stack/data/venv/lib/python3.12/site-packages/oslo_config/cfg.py:3006}}
Apr 16 17:49:51.971026 np0000166760 nova-scheduler[109694]: DEBUG cotyledon.oslo_config_glue [-] oslo_messaging_notifications.retry = -1 {{(pid=109694) log_opt_values /opt/stack/data/venv/lib/python3.12/site-packages/oslo_config/cfg.py:3006}}
Apr 16 17:49:51.971026 np0000166760 nova-scheduler[109694]: DEBUG cotyledon.oslo_config_glue [-] oslo_messaging_notifications.topics = ['notifications'] {{(pid=109694) log_opt_values /opt/stack/data/venv/lib/python3.12/site-packages/oslo_config/cfg.py:3006}}
Apr 16 17:49:51.971026 np0000166760 nova-scheduler[109694]: DEBUG cotyledon.oslo_config_glue [-] oslo_messaging_notifications.transport_url = **** {{(pid=109694) log_opt_values /opt/stack/data/venv/lib/python3.12/site-packages/oslo_config/cfg.py:3006}}
Apr 16 17:49:51.971026 np0000166760 nova-scheduler[109694]: DEBUG cotyledon.oslo_config_glue [-] oslo_limit.auth_section = None {{(pid=109694) log_opt_values /opt/stack/data/venv/lib/python3.12/site-packages/oslo_config/cfg.py:3006}}
Apr 16 17:49:51.971026 np0000166760 nova-scheduler[109694]: DEBUG cotyledon.oslo_config_glue [-] oslo_limit.auth_type = None {{(pid=109694) log_opt_values /opt/stack/data/venv/lib/python3.12/site-packages/oslo_config/cfg.py:3006}}
Apr 16 17:49:51.971026 np0000166760 nova-scheduler[109694]: DEBUG cotyledon.oslo_config_glue [-] oslo_limit.cafile = None {{(pid=109694) log_opt_values /opt/stack/data/venv/lib/python3.12/site-packages/oslo_config/cfg.py:3006}}
Apr 16 17:49:51.971243 np0000166760 nova-scheduler[109694]: DEBUG cotyledon.oslo_config_glue [-] oslo_limit.certfile = None {{(pid=109694) log_opt_values /opt/stack/data/venv/lib/python3.12/site-packages/oslo_config/cfg.py:3006}}
Apr 16 17:49:51.971243 np0000166760 nova-scheduler[109694]: DEBUG cotyledon.oslo_config_glue [-] oslo_limit.collect_timing = False {{(pid=109694) log_opt_values /opt/stack/data/venv/lib/python3.12/site-packages/oslo_config/cfg.py:3006}}
Apr 16 17:49:51.971243 np0000166760 nova-scheduler[109694]: DEBUG cotyledon.oslo_config_glue [-] oslo_limit.connect_retries = None {{(pid=109694) log_opt_values /opt/stack/data/venv/lib/python3.12/site-packages/oslo_config/cfg.py:3006}}
Apr 16 17:49:51.971243 np0000166760 nova-scheduler[109694]: DEBUG cotyledon.oslo_config_glue [-] oslo_limit.connect_retry_delay = None {{(pid=109694) log_opt_values /opt/stack/data/venv/lib/python3.12/site-packages/oslo_config/cfg.py:3006}}
Apr 16 17:49:51.971243 np0000166760 nova-scheduler[109694]: DEBUG cotyledon.oslo_config_glue [-] oslo_limit.endpoint_id = None {{(pid=109694) log_opt_values /opt/stack/data/venv/lib/python3.12/site-packages/oslo_config/cfg.py:3006}}
Apr 16 17:49:51.971243 np0000166760 nova-scheduler[109694]: DEBUG cotyledon.oslo_config_glue [-] oslo_limit.endpoint_interface = public {{(pid=109694) log_opt_values /opt/stack/data/venv/lib/python3.12/site-packages/oslo_config/cfg.py:3006}}
Apr 16 17:49:51.971243 np0000166760 nova-scheduler[109694]: DEBUG cotyledon.oslo_config_glue [-] oslo_limit.endpoint_override = None {{(pid=109694) log_opt_values /opt/stack/data/venv/lib/python3.12/site-packages/oslo_config/cfg.py:3006}}
Apr 16 17:49:51.971243 np0000166760 nova-scheduler[109694]: DEBUG cotyledon.oslo_config_glue [-] oslo_limit.endpoint_region_name = None {{(pid=109694) log_opt_values /opt/stack/data/venv/lib/python3.12/site-packages/oslo_config/cfg.py:3006}}
Apr 16 17:49:51.971243 np0000166760 nova-scheduler[109694]: DEBUG cotyledon.oslo_config_glue [-] oslo_limit.endpoint_service_name = None {{(pid=109694) log_opt_values /opt/stack/data/venv/lib/python3.12/site-packages/oslo_config/cfg.py:3006}}
Apr 16 17:49:51.971442 np0000166760 nova-scheduler[109694]: DEBUG cotyledon.oslo_config_glue [-] oslo_limit.endpoint_service_type = None {{(pid=109694) log_opt_values /opt/stack/data/venv/lib/python3.12/site-packages/oslo_config/cfg.py:3006}}
Apr 16 17:49:51.971442 np0000166760 nova-scheduler[109694]: DEBUG cotyledon.oslo_config_glue [-] oslo_limit.insecure = False {{(pid=109694) log_opt_values /opt/stack/data/venv/lib/python3.12/site-packages/oslo_config/cfg.py:3006}}
Apr 16 17:49:51.971442 np0000166760 nova-scheduler[109694]: DEBUG cotyledon.oslo_config_glue [-] oslo_limit.keyfile = None {{(pid=109694) log_opt_values /opt/stack/data/venv/lib/python3.12/site-packages/oslo_config/cfg.py:3006}}
Apr 16 17:49:51.971442 np0000166760 nova-scheduler[109694]: DEBUG cotyledon.oslo_config_glue [-] oslo_limit.max_version = None {{(pid=109694) log_opt_values /opt/stack/data/venv/lib/python3.12/site-packages/oslo_config/cfg.py:3006}}
Apr 16 17:49:51.971442 np0000166760 nova-scheduler[109694]: DEBUG cotyledon.oslo_config_glue [-] oslo_limit.min_version = None {{(pid=109694) log_opt_values /opt/stack/data/venv/lib/python3.12/site-packages/oslo_config/cfg.py:3006}}
Apr 16 17:49:51.971442 np0000166760 nova-scheduler[109694]: DEBUG cotyledon.oslo_config_glue [-] oslo_limit.region_name = None {{(pid=109694) log_opt_values /opt/stack/data/venv/lib/python3.12/site-packages/oslo_config/cfg.py:3006}}
Apr 16 17:49:51.971442 np0000166760 nova-scheduler[109694]: DEBUG cotyledon.oslo_config_glue [-] oslo_limit.retriable_status_codes = None {{(pid=109694) log_opt_values /opt/stack/data/venv/lib/python3.12/site-packages/oslo_config/cfg.py:3006}}
Apr 16 17:49:51.971442 np0000166760 nova-scheduler[109694]: DEBUG cotyledon.oslo_config_glue [-] oslo_limit.service_name = None {{(pid=109694) log_opt_values /opt/stack/data/venv/lib/python3.12/site-packages/oslo_config/cfg.py:3006}}
Apr 16 17:49:51.971442 np0000166760 nova-scheduler[109694]: DEBUG cotyledon.oslo_config_glue [-] oslo_limit.service_type = None {{(pid=109694) log_opt_values /opt/stack/data/venv/lib/python3.12/site-packages/oslo_config/cfg.py:3006}}
Apr 16 17:49:51.971639 np0000166760 nova-scheduler[109694]: DEBUG cotyledon.oslo_config_glue [-] oslo_limit.split_loggers = False {{(pid=109694) log_opt_values /opt/stack/data/venv/lib/python3.12/site-packages/oslo_config/cfg.py:3006}}
Apr 16 17:49:51.971639 np0000166760 nova-scheduler[109694]: DEBUG cotyledon.oslo_config_glue [-] oslo_limit.status_code_retries = None {{(pid=109694) log_opt_values /opt/stack/data/venv/lib/python3.12/site-packages/oslo_config/cfg.py:3006}}
Apr 16 17:49:51.971639 np0000166760 nova-scheduler[109694]: DEBUG cotyledon.oslo_config_glue [-] oslo_limit.status_code_retry_delay = None {{(pid=109694) log_opt_values /opt/stack/data/venv/lib/python3.12/site-packages/oslo_config/cfg.py:3006}}
Apr 16 17:49:51.971639 np0000166760 nova-scheduler[109694]: DEBUG cotyledon.oslo_config_glue [-] oslo_limit.timeout = None {{(pid=109694) log_opt_values /opt/stack/data/venv/lib/python3.12/site-packages/oslo_config/cfg.py:3006}}
Apr 16 17:49:51.971639 np0000166760 nova-scheduler[109694]: DEBUG cotyledon.oslo_config_glue [-] oslo_limit.valid_interfaces = None {{(pid=109694) log_opt_values /opt/stack/data/venv/lib/python3.12/site-packages/oslo_config/cfg.py:3006}}
Apr 16 17:49:51.971639 np0000166760 nova-scheduler[109694]: DEBUG cotyledon.oslo_config_glue [-] oslo_limit.version = None {{(pid=109694) log_opt_values /opt/stack/data/venv/lib/python3.12/site-packages/oslo_config/cfg.py:3006}}
Apr 16 17:49:51.971639 np0000166760 nova-scheduler[109694]: DEBUG cotyledon.oslo_config_glue [-] oslo_reports.file_event_handler = None {{(pid=109694) log_opt_values /opt/stack/data/venv/lib/python3.12/site-packages/oslo_config/cfg.py:3006}}
Apr 16 17:49:51.971639 np0000166760 nova-scheduler[109694]: DEBUG cotyledon.oslo_config_glue [-] oslo_reports.file_event_handler_interval = 1 {{(pid=109694) log_opt_values /opt/stack/data/venv/lib/python3.12/site-packages/oslo_config/cfg.py:3006}}
Apr 16 17:49:51.971639 np0000166760 nova-scheduler[109694]: DEBUG cotyledon.oslo_config_glue [-] oslo_reports.log_dir = None {{(pid=109694) log_opt_values /opt/stack/data/venv/lib/python3.12/site-packages/oslo_config/cfg.py:3006}}
Apr 16 17:49:51.971834 np0000166760 nova-scheduler[109694]: DEBUG cotyledon.oslo_config_glue [-] ******************************************************************************** {{(pid=109694) log_opt_values /opt/stack/data/venv/lib/python3.12/site-packages/oslo_config/cfg.py:3013}}
Apr 16 17:49:51.971834 np0000166760 nova-scheduler[109694]: DEBUG cotyledon._service_worker [-] Run service ServiceWrapper(3) [109694] {{(pid=109694) wait_forever /opt/stack/data/venv/lib/python3.12/site-packages/cotyledon/_service_worker.py:218}}
Apr 16 17:49:51.971834 np0000166760 nova-scheduler[109694]: INFO nova.service [-] Starting scheduler node (version 33.1.0)
Apr 16 17:49:51.971900 np0000166760 nova-scheduler[109677]: DEBUG oslo_db.sqlalchemy.engines [None req-0f9df8b4-8cce-44d6-b600-9866dc7848d7 None None] MySQL server mode set to STRICT_TRANS_TABLES,STRICT_ALL_TABLES,NO_ZERO_IN_DATE,NO_ZERO_DATE,ERROR_FOR_DIVISION_BY_ZERO,TRADITIONAL,NO_ENGINE_SUBSTITUTION {{(pid=109677) _check_effective_sql_mode /opt/stack/data/venv/lib/python3.12/site-packages/oslo_db/sqlalchemy/engines.py:325}}
Apr 16 17:49:51.971927 np0000166760 nova-scheduler[109694]: INFO dbcounter [None req-09cd9888-2ead-45b3-ae4e-7371c2b60a02 None None] Registered counter for database nova_cell0
Apr 16 17:49:51.971951 np0000166760 nova-scheduler[109683]: DEBUG oslo_db.sqlalchemy.engines [None req-9ab858ef-d7f9-498c-bdfd-abbea9408382 None None] MySQL server mode set to STRICT_TRANS_TABLES,STRICT_ALL_TABLES,NO_ZERO_IN_DATE,NO_ZERO_DATE,ERROR_FOR_DIVISION_BY_ZERO,TRADITIONAL,NO_ENGINE_SUBSTITUTION {{(pid=109683) _check_effective_sql_mode /opt/stack/data/venv/lib/python3.12/site-packages/oslo_db/sqlalchemy/engines.py:325}}
Apr 16 17:49:51.971982 np0000166760 nova-scheduler[109670]: DEBUG nova.service [None req-3d3d705f-28a6-4e4a-993b-62688e48b70b None None] Creating RPC server for service: nova-scheduler on topic: scheduler {{(pid=109670) start /opt/stack/nova/nova/service.py:195}}
Apr 16 17:49:51.972009 np0000166760 nova-scheduler[109677]: DEBUG dbcounter [-] [109677] Writer thread running {{(pid=109677) stat_writer /opt/stack/data/venv/lib/python3.12/site-packages/dbcounter.py:102}}
Apr 16 17:49:51.972034 np0000166760 nova-scheduler[109694]: DEBUG oslo_db.sqlalchemy.engines [None req-09cd9888-2ead-45b3-ae4e-7371c2b60a02 None None] MySQL server mode set to STRICT_TRANS_TABLES,STRICT_ALL_TABLES,NO_ZERO_IN_DATE,NO_ZERO_DATE,ERROR_FOR_DIVISION_BY_ZERO,TRADITIONAL,NO_ENGINE_SUBSTITUTION {{(pid=109694) _check_effective_sql_mode /opt/stack/data/venv/lib/python3.12/site-packages/oslo_db/sqlalchemy/engines.py:325}}
Apr 16 17:49:51.972060 np0000166760 nova-scheduler[109677]: DEBUG nova.service [None req-0f9df8b4-8cce-44d6-b600-9866dc7848d7 None None] Creating RPC server for service: nova-scheduler on topic: scheduler {{(pid=109677) start /opt/stack/nova/nova/service.py:195}}
Apr 16 17:49:51.972101 np0000166760 nova-scheduler[109683]: DEBUG dbcounter [-] [109683] Writer thread running {{(pid=109683) stat_writer /opt/stack/data/venv/lib/python3.12/site-packages/dbcounter.py:102}}
Apr 16 17:49:51.974101 np0000166760 nova-scheduler[109683]: DEBUG nova.service [None req-9ab858ef-d7f9-498c-bdfd-abbea9408382 None None] Creating RPC server for service: nova-scheduler on topic: scheduler {{(pid=109683) start /opt/stack/nova/nova/service.py:195}}
Apr 16 17:49:51.978363 np0000166760 nova-scheduler[109694]: DEBUG dbcounter [-] [109694] Writer thread running {{(pid=109694) stat_writer /opt/stack/data/venv/lib/python3.12/site-packages/dbcounter.py:102}}
Apr 16 17:49:51.981528 np0000166760 nova-scheduler[109694]: DEBUG nova.service [None req-09cd9888-2ead-45b3-ae4e-7371c2b60a02 None None] Creating RPC server for service: nova-scheduler on topic: scheduler {{(pid=109694) start /opt/stack/nova/nova/service.py:195}}
Apr 16 17:49:51.995230 np0000166760 nova-scheduler[109683]: DEBUG nova.service [None req-9ab858ef-d7f9-498c-bdfd-abbea9408382 None None] Join ServiceGroup membership for this service scheduler {{(pid=109683) start /opt/stack/nova/nova/service.py:221}}
Apr 16 17:49:51.995515 np0000166760 nova-scheduler[109683]: DEBUG nova.servicegroup.drivers.db [None req-9ab858ef-d7f9-498c-bdfd-abbea9408382 None None] DB_Driver: join new ServiceGroup member np0000166760 to the scheduler group, service = {{(pid=109683) join /opt/stack/nova/nova/servicegroup/drivers/db.py:44}}
Apr 16 17:49:51.996073 np0000166760 nova-scheduler[109670]: DEBUG nova.service [None req-3d3d705f-28a6-4e4a-993b-62688e48b70b None None] Join ServiceGroup membership for this service scheduler {{(pid=109670) start /opt/stack/nova/nova/service.py:221}}
Apr 16 17:49:51.996352 np0000166760 nova-scheduler[109670]: DEBUG nova.servicegroup.drivers.db [None req-3d3d705f-28a6-4e4a-993b-62688e48b70b None None] DB_Driver: join new ServiceGroup member np0000166760 to the scheduler group, service = {{(pid=109670) join /opt/stack/nova/nova/servicegroup/drivers/db.py:44}}
Apr 16 17:49:51.999108 np0000166760 nova-scheduler[109677]: DEBUG nova.service [None req-0f9df8b4-8cce-44d6-b600-9866dc7848d7 None None] Join ServiceGroup membership for this service scheduler {{(pid=109677) start /opt/stack/nova/nova/service.py:221}}
Apr 16 17:49:51.999805 np0000166760 nova-scheduler[109677]: DEBUG nova.servicegroup.drivers.db [None req-0f9df8b4-8cce-44d6-b600-9866dc7848d7 None None] DB_Driver: join new ServiceGroup member np0000166760 to the scheduler group, service = {{(pid=109677) join /opt/stack/nova/nova/servicegroup/drivers/db.py:44}}
Apr 16 17:49:52.002256 np0000166760 nova-scheduler[109694]: DEBUG nova.service [None req-09cd9888-2ead-45b3-ae4e-7371c2b60a02 None None] Join ServiceGroup membership for this service scheduler {{(pid=109694) start /opt/stack/nova/nova/service.py:221}}
Apr 16 17:49:52.002256 np0000166760 nova-scheduler[109694]: DEBUG nova.servicegroup.drivers.db [None req-09cd9888-2ead-45b3-ae4e-7371c2b60a02 None None] DB_Driver: join new ServiceGroup member np0000166760 to the scheduler group, service = {{(pid=109694) join /opt/stack/nova/nova/servicegroup/drivers/db.py:44}}
Apr 16 17:49:57.022184 np0000166760 nova-scheduler[109670]: DEBUG oslo.service.backend._threading.loopingcall [-] Fixed interval looping call 'nova.servicegroup.drivers.db.DbDriver._report_state' sleeping for 119.98 seconds {{(pid=109670) _run_loop /opt/stack/data/venv/lib/python3.12/site-packages/oslo_service/backend/_threading/loopingcall.py:125}}
Apr 16 17:49:57.022761 np0000166760 nova-scheduler[109683]: DEBUG oslo.service.backend._threading.loopingcall [-] Fixed interval looping call 'nova.servicegroup.drivers.db.DbDriver._report_state' sleeping for 119.97 seconds {{(pid=109683) _run_loop /opt/stack/data/venv/lib/python3.12/site-packages/oslo_service/backend/_threading/loopingcall.py:125}}
Apr 16 17:49:57.023013 np0000166760 nova-scheduler[109677]: DEBUG oslo.service.backend._threading.loopingcall [-] Fixed interval looping call 'nova.servicegroup.drivers.db.DbDriver._report_state' sleeping for 119.98 seconds {{(pid=109677) _run_loop /opt/stack/data/venv/lib/python3.12/site-packages/oslo_service/backend/_threading/loopingcall.py:125}}
Apr 16 17:49:57.026784 np0000166760 nova-scheduler[109694]: DEBUG oslo.service.backend._threading.loopingcall [-] Fixed interval looping call 'nova.servicegroup.drivers.db.DbDriver._report_state' sleeping for 119.98 seconds {{(pid=109694) _run_loop /opt/stack/data/venv/lib/python3.12/site-packages/oslo_service/backend/_threading/loopingcall.py:125}}
Apr 16 17:50:00.611129 np0000166760 nova-scheduler[108949]: DEBUG dbcounter [-] [108949] Writing DB stats nova_api:SELECT=3 {{(pid=108949) stat_writer /opt/stack/data/venv/lib/python3.12/site-packages/dbcounter.py:115}}
Apr 16 17:50:00.711704 np0000166760 nova-scheduler[108949]: DEBUG dbcounter [-] [108949] Writing DB stats nova_cell0:SELECT=1 {{(pid=108949) stat_writer /opt/stack/data/venv/lib/python3.12/site-packages/dbcounter.py:115}}
Apr 16 17:50:00.714726 np0000166760 nova-scheduler[108949]: DEBUG dbcounter [-] [108949] Writing DB stats nova_cell1:SELECT=1 {{(pid=108949) stat_writer /opt/stack/data/venv/lib/python3.12/site-packages/dbcounter.py:115}}
Apr 16 17:50:06.003352 np0000166760 nova-scheduler[109670]: DEBUG oslo.service.backend._threading.loopingcall [None req-3c4dc9d9-6d7e-4aa7-9e82-86cda8403945 None None] Dynamic interval looping call 'nova.service.Service.periodic_tasks' sleeping for 60.00 seconds {{(pid=109670) _run_loop /opt/stack/data/venv/lib/python3.12/site-packages/oslo_service/backend/_threading/loopingcall.py:125}}
Apr 16 17:50:07.014893 np0000166760 nova-scheduler[109670]: DEBUG dbcounter [-] [109670] Writing DB stats nova_cell0:SELECT=4,nova_cell0:INSERT=1,nova_cell0:UPDATE=1 {{(pid=109670) stat_writer /opt/stack/data/venv/lib/python3.12/site-packages/dbcounter.py:115}}
Apr 16 17:50:07.015422 np0000166760 nova-scheduler[109683]: DEBUG dbcounter [-] [109683] Writing DB stats nova_cell0:SELECT=3,nova_cell0:UPDATE=1 {{(pid=109683) stat_writer /opt/stack/data/venv/lib/python3.12/site-packages/dbcounter.py:115}}
Apr 16 17:50:07.018888 np0000166760 nova-scheduler[109677]: DEBUG dbcounter [-] [109677] Writing DB stats nova_cell0:SELECT=3,nova_cell0:UPDATE=1 {{(pid=109677) stat_writer /opt/stack/data/venv/lib/python3.12/site-packages/dbcounter.py:115}}
Apr 16 17:50:07.025722 np0000166760 nova-scheduler[109694]: DEBUG dbcounter [-] [109694] Writing DB stats nova_cell0:SELECT=3,nova_cell0:UPDATE=1 {{(pid=109694) stat_writer /opt/stack/data/venv/lib/python3.12/site-packages/dbcounter.py:115}}
Apr 16 17:50:17.003279 np0000166760 nova-scheduler[109677]: DEBUG oslo.service.backend._threading.loopingcall [None req-37b1dbff-c3b1-4feb-ab03-86c38a7b7ee4 None None] Dynamic interval looping call 'nova.service.Service.periodic_tasks' sleeping for 60.00 seconds {{(pid=109677) _run_loop /opt/stack/data/venv/lib/python3.12/site-packages/oslo_service/backend/_threading/loopingcall.py:125}}
Apr 16 17:50:23.998295 np0000166760 nova-scheduler[109683]: DEBUG oslo.service.backend._threading.loopingcall [None req-a3d5bbad-10d7-4208-a371-790dc872a072 None None] Dynamic interval looping call 'nova.service.Service.periodic_tasks' sleeping for 60.00 seconds {{(pid=109683) _run_loop /opt/stack/data/venv/lib/python3.12/site-packages/oslo_service/backend/_threading/loopingcall.py:125}}
Apr 16 17:50:42.004846 np0000166760 nova-scheduler[109694]: DEBUG oslo.service.backend._threading.loopingcall [None req-0e054cd9-598c-4381-9e3f-fe71d147b7f4 None None] Dynamic interval looping call 'nova.service.Service.periodic_tasks' sleeping for 60.00 seconds {{(pid=109694) _run_loop /opt/stack/data/venv/lib/python3.12/site-packages/oslo_service/backend/_threading/loopingcall.py:125}}
Apr 16 17:51:06.002778 np0000166760 nova-scheduler[109670]: DEBUG oslo.service.backend._threading.loopingcall [None req-3c4dc9d9-6d7e-4aa7-9e82-86cda8403945 None None] Dynamic interval looping call 'nova.service.Service.periodic_tasks' sleeping for 60.00 seconds {{(pid=109670) _run_loop /opt/stack/data/venv/lib/python3.12/site-packages/oslo_service/backend/_threading/loopingcall.py:125}}
Apr 16 17:51:17.003943 np0000166760 nova-scheduler[109677]: DEBUG oslo.service.backend._threading.loopingcall [None req-37b1dbff-c3b1-4feb-ab03-86c38a7b7ee4 None None] Dynamic interval looping call 'nova.service.Service.periodic_tasks' sleeping for 60.00 seconds {{(pid=109677) _run_loop /opt/stack/data/venv/lib/python3.12/site-packages/oslo_service/backend/_threading/loopingcall.py:125}}
Apr 16 17:51:23.999302 np0000166760 nova-scheduler[109683]: DEBUG oslo.service.backend._threading.loopingcall [None req-a3d5bbad-10d7-4208-a371-790dc872a072 None None] Dynamic interval looping call 'nova.service.Service.periodic_tasks' sleeping for 60.00 seconds {{(pid=109683) _run_loop /opt/stack/data/venv/lib/python3.12/site-packages/oslo_service/backend/_threading/loopingcall.py:125}}
Apr 16 17:51:42.005756 np0000166760 nova-scheduler[109694]: DEBUG oslo.service.backend._threading.loopingcall [None req-0e054cd9-598c-4381-9e3f-fe71d147b7f4 None None] Dynamic interval looping call 'nova.service.Service.periodic_tasks' sleeping for 60.00 seconds {{(pid=109694) _run_loop /opt/stack/data/venv/lib/python3.12/site-packages/oslo_service/backend/_threading/loopingcall.py:125}}
Apr 16 17:51:57.007946 np0000166760 nova-scheduler[109683]: DEBUG oslo.service.backend._threading.loopingcall [-] Fixed interval looping call 'nova.servicegroup.drivers.db.DbDriver._report_state' sleeping for 119.99 seconds {{(pid=109683) _run_loop /opt/stack/data/venv/lib/python3.12/site-packages/oslo_service/backend/_threading/loopingcall.py:125}}
Apr 16 17:51:57.008937 np0000166760 nova-scheduler[109670]: DEBUG oslo.service.backend._threading.loopingcall [-] Fixed interval looping call 'nova.servicegroup.drivers.db.DbDriver._report_state' sleeping for 119.99 seconds {{(pid=109670) _run_loop /opt/stack/data/venv/lib/python3.12/site-packages/oslo_service/backend/_threading/loopingcall.py:125}}
Apr 16 17:51:57.009918 np0000166760 nova-scheduler[109677]: DEBUG oslo.service.backend._threading.loopingcall [-] Fixed interval looping call 'nova.servicegroup.drivers.db.DbDriver._report_state' sleeping for 119.99 seconds {{(pid=109677) _run_loop /opt/stack/data/venv/lib/python3.12/site-packages/oslo_service/backend/_threading/loopingcall.py:125}}
Apr 16 17:51:57.012032 np0000166760 nova-scheduler[109694]: DEBUG oslo.service.backend._threading.loopingcall [-] Fixed interval looping call 'nova.servicegroup.drivers.db.DbDriver._report_state' sleeping for 120.00 seconds {{(pid=109694) _run_loop /opt/stack/data/venv/lib/python3.12/site-packages/oslo_service/backend/_threading/loopingcall.py:125}}
Apr 16 17:52:06.003592 np0000166760 nova-scheduler[109670]: DEBUG oslo.service.backend._threading.loopingcall [None req-3c4dc9d9-6d7e-4aa7-9e82-86cda8403945 None None] Dynamic interval looping call 'nova.service.Service.periodic_tasks' sleeping for 60.00 seconds {{(pid=109670) _run_loop /opt/stack/data/venv/lib/python3.12/site-packages/oslo_service/backend/_threading/loopingcall.py:125}}
Apr 16 17:52:06.999663 np0000166760 nova-scheduler[109683]: DEBUG dbcounter [-] [109683] Writing DB stats nova_cell0:SELECT=1,nova_cell0:UPDATE=1 {{(pid=109683) stat_writer /opt/stack/data/venv/lib/python3.12/site-packages/dbcounter.py:115}}
Apr 16 17:52:07.007228 np0000166760 nova-scheduler[109677]: DEBUG dbcounter [-] [109677] Writing DB stats nova_cell0:SELECT=1 {{(pid=109677) stat_writer /opt/stack/data/venv/lib/python3.12/site-packages/dbcounter.py:115}}
Apr 16 17:52:07.007904 np0000166760 nova-scheduler[109670]: DEBUG dbcounter [-] [109670] Writing DB stats nova_cell0:SELECT=1,nova_cell0:UPDATE=1 {{(pid=109670) stat_writer /opt/stack/data/venv/lib/python3.12/site-packages/dbcounter.py:115}}
Apr 16 17:52:07.010157 np0000166760 nova-scheduler[109694]: DEBUG dbcounter [-] [109694] Writing DB stats nova_cell0:SELECT=1 {{(pid=109694) stat_writer /opt/stack/data/venv/lib/python3.12/site-packages/dbcounter.py:115}}
Apr 16 17:52:17.004860 np0000166760 nova-scheduler[109677]: DEBUG oslo.service.backend._threading.loopingcall [None req-37b1dbff-c3b1-4feb-ab03-86c38a7b7ee4 None None] Dynamic interval looping call 'nova.service.Service.periodic_tasks' sleeping for 60.00 seconds {{(pid=109677) _run_loop /opt/stack/data/venv/lib/python3.12/site-packages/oslo_service/backend/_threading/loopingcall.py:125}}
Apr 16 17:52:24.000021 np0000166760 nova-scheduler[109683]: DEBUG oslo.service.backend._threading.loopingcall [None req-a3d5bbad-10d7-4208-a371-790dc872a072 None None] Dynamic interval looping call 'nova.service.Service.periodic_tasks' sleeping for 60.00 seconds {{(pid=109683) _run_loop /opt/stack/data/venv/lib/python3.12/site-packages/oslo_service/backend/_threading/loopingcall.py:125}}
Apr 16 17:52:42.006511 np0000166760 nova-scheduler[109694]: DEBUG oslo.service.backend._threading.loopingcall [None req-0e054cd9-598c-4381-9e3f-fe71d147b7f4 None None] Dynamic interval looping call 'nova.service.Service.periodic_tasks' sleeping for 60.00 seconds {{(pid=109694) _run_loop /opt/stack/data/venv/lib/python3.12/site-packages/oslo_service/backend/_threading/loopingcall.py:125}}
Apr 16 17:53:06.004359 np0000166760 nova-scheduler[109670]: DEBUG oslo.service.backend._threading.loopingcall [None req-3c4dc9d9-6d7e-4aa7-9e82-86cda8403945 None None] Dynamic interval looping call 'nova.service.Service.periodic_tasks' sleeping for 60.00 seconds {{(pid=109670) _run_loop /opt/stack/data/venv/lib/python3.12/site-packages/oslo_service/backend/_threading/loopingcall.py:125}}
Apr 16 17:53:17.005586 np0000166760 nova-scheduler[109677]: DEBUG oslo.service.backend._threading.loopingcall [None req-37b1dbff-c3b1-4feb-ab03-86c38a7b7ee4 None None] Dynamic interval looping call 'nova.service.Service.periodic_tasks' sleeping for 60.00 seconds {{(pid=109677) _run_loop /opt/stack/data/venv/lib/python3.12/site-packages/oslo_service/backend/_threading/loopingcall.py:125}}
Apr 16 17:53:24.000755 np0000166760 nova-scheduler[109683]: DEBUG oslo.service.backend._threading.loopingcall [None req-a3d5bbad-10d7-4208-a371-790dc872a072 None None] Dynamic interval looping call 'nova.service.Service.periodic_tasks' sleeping for 60.00 seconds {{(pid=109683) _run_loop /opt/stack/data/venv/lib/python3.12/site-packages/oslo_service/backend/_threading/loopingcall.py:125}}
Apr 16 17:53:42.007262 np0000166760 nova-scheduler[109694]: DEBUG oslo.service.backend._threading.loopingcall [None req-0e054cd9-598c-4381-9e3f-fe71d147b7f4 None None] Dynamic interval looping call 'nova.service.Service.periodic_tasks' sleeping for 60.00 seconds {{(pid=109694) _run_loop /opt/stack/data/venv/lib/python3.12/site-packages/oslo_service/backend/_threading/loopingcall.py:125}}
Apr 16 17:53:57.012106 np0000166760 nova-scheduler[109670]: DEBUG oslo.service.backend._threading.loopingcall [-] Fixed interval looping call 'nova.servicegroup.drivers.db.DbDriver._report_state' sleeping for 119.99 seconds {{(pid=109670) _run_loop /opt/stack/data/venv/lib/python3.12/site-packages/oslo_service/backend/_threading/loopingcall.py:125}}
Apr 16 17:53:57.013123 np0000166760 nova-scheduler[109677]: DEBUG oslo.service.backend._threading.loopingcall [-] Fixed interval looping call 'nova.servicegroup.drivers.db.DbDriver._report_state' sleeping for 119.99 seconds {{(pid=109677) _run_loop /opt/stack/data/venv/lib/python3.12/site-packages/oslo_service/backend/_threading/loopingcall.py:125}}
Apr 16 17:53:57.013781 np0000166760 nova-scheduler[109683]: DEBUG oslo.service.backend._threading.loopingcall [-] Fixed interval looping call 'nova.servicegroup.drivers.db.DbDriver._report_state' sleeping for 119.98 seconds {{(pid=109683) _run_loop /opt/stack/data/venv/lib/python3.12/site-packages/oslo_service/backend/_threading/loopingcall.py:125}}
Apr 16 17:53:57.016412 np0000166760 nova-scheduler[109694]: DEBUG oslo.service.backend._threading.loopingcall [-] Fixed interval looping call 'nova.servicegroup.drivers.db.DbDriver._report_state' sleeping for 120.00 seconds {{(pid=109694) _run_loop /opt/stack/data/venv/lib/python3.12/site-packages/oslo_service/backend/_threading/loopingcall.py:125}}
Apr 16 17:54:04.756776 np0000166760 nova-scheduler[109683]: DEBUG nova.scheduler.manager [None req-41faf444-23a7-409f-b470-e34f46ba1bf4 demo demo] Starting to schedule for instances: ['bf5ad992-ea51-4628-a8b6-c860ce4f36eb'] {{(pid=109683) select_destinations /opt/stack/nova/nova/scheduler/manager.py:210}}
