Apr 16 17:49:21.437377 np0000166760 devstack@neutron-api.service[104480]: DEBUG neutron_lib.callbacks.manager [None req-9a2664e8-78c3-4303-930f-61d09a02cccb None None] Subscribe: port after_update 55550000, False {{(pid=104480) subscribe /opt/stack/data/venv/lib/python3.12/site-packages/neutron_lib/callbacks/manager.py:52}}
Apr 16 17:49:21.437462 np0000166760 devstack@neutron-api.service[104479]: DEBUG neutron.api.extensions [None req-6bb4af0a-0e17-48c3-926b-b6967ee05833 None None] Loading extension file: ip_allocation.py {{(pid=104479) _load_all_extensions_from_path /opt/stack/neutron/neutron/api/extensions.py:449}}
Apr 16 17:49:21.437577 np0000166760 devstack@neutron-api.service[104481]: INFO neutron.api.extensions [None req-af5416ef-7a1b-424d-993c-f6ae7310173c None None] Loaded extension: port-mac-address-regenerate
Apr 16 17:49:21.437636 np0000166760 devstack@neutron-api.service[104480]: DEBUG neutron_lib.callbacks.manager [None req-9a2664e8-78c3-4303-930f-61d09a02cccb None None] Subscribe: > port precommit_delete 55550000, False {{(pid=104480) subscribe /opt/stack/data/venv/lib/python3.12/site-packages/neutron_lib/callbacks/manager.py:52}}
Apr 16 17:49:21.437730 np0000166760 devstack@neutron-api.service[104481]: DEBUG neutron.api.extensions [None req-af5416ef-7a1b-424d-993c-f6ae7310173c None None] Loading extension file: port_numa_affinity_policy.py {{(pid=104481) _load_all_extensions_from_path /opt/stack/neutron/neutron/api/extensions.py:449}}
Apr 16 17:49:21.437812 np0000166760 devstack@neutron-api.service[104480]: DEBUG neutron_lib.callbacks.manager [None req-9a2664e8-78c3-4303-930f-61d09a02cccb None None] Subscribe: port before_update 55550000, False {{(pid=104480) subscribe /opt/stack/data/venv/lib/python3.12/site-packages/neutron_lib/callbacks/manager.py:52}}
Apr 16 17:49:21.437929 np0000166760 devstack@neutron-api.service[104479]: DEBUG neutron.api.extensions [None req-6bb4af0a-0e17-48c3-926b-b6967ee05833 None None] Ext name="IP Allocation" alias="ip_allocation" description="IP allocation extension." updated="2016-06-10T23:00:00-00:00" {{(pid=104479) _check_extension /opt/stack/neutron/neutron/api/extensions.py:415}}
Apr 16 17:49:21.438053 np0000166760 devstack@neutron-api.service[104481]: DEBUG neutron.api.extensions [None req-af5416ef-7a1b-424d-993c-f6ae7310173c None None] Ext name="Port NUMA affinity policy" alias="port-numa-affinity-policy" description="Expose the port NUMA affinity policy" updated="2020-07-08T10:00:00-00:00" {{(pid=104481) _check_extension /opt/stack/neutron/neutron/api/extensions.py:415}}
Apr 16 17:49:21.438212 np0000166760 devstack@neutron-api.service[104480]: DEBUG neutron_lib.callbacks.manager [None req-9a2664e8-78c3-4303-930f-61d09a02cccb None None] Subscribe: port before_delete 55550000, False {{(pid=104480) subscribe /opt/stack/data/venv/lib/python3.12/site-packages/neutron_lib/callbacks/manager.py:52}}
Apr 16 17:49:21.438350 np0000166760 devstack@neutron-api.service[104479]: INFO neutron.api.extensions [None req-6bb4af0a-0e17-48c3-926b-b6967ee05833 None None] Extension ip_allocation not supported by any of loaded plugins
Apr 16 17:49:21.438429 np0000166760 devstack@neutron-api.service[104481]: INFO neutron.api.extensions [None req-af5416ef-7a1b-424d-993c-f6ae7310173c None None] Loaded extension: port-numa-affinity-policy
Apr 16 17:49:21.438555 np0000166760 devstack@neutron-api.service[104479]: DEBUG neutron.api.extensions [None req-6bb4af0a-0e17-48c3-926b-b6967ee05833 None None] Loading extension file: ip_substring_port_filtering.py {{(pid=104479) _load_all_extensions_from_path /opt/stack/neutron/neutron/api/extensions.py:449}}
Apr 16 17:49:21.438687 np0000166760 devstack@neutron-api.service[104481]: DEBUG neutron.api.extensions [None req-af5416ef-7a1b-424d-993c-f6ae7310173c None None] Loading extension file: port_numa_affinity_policy_socket.py {{(pid=104481) _load_all_extensions_from_path /opt/stack/neutron/neutron/api/extensions.py:449}}
Apr 16 17:49:21.438812 np0000166760 devstack@neutron-api.service[104480]: DEBUG neutron_lib.callbacks.manager [None req-9a2664e8-78c3-4303-930f-61d09a02cccb None None] Subscribe: > router precommit_create 55550000, False {{(pid=104480) subscribe /opt/stack/data/venv/lib/python3.12/site-packages/neutron_lib/callbacks/manager.py:52}}
Apr 16 17:49:21.438924 np0000166760 devstack@neutron-api.service[104479]: DEBUG neutron.api.extensions [None req-6bb4af0a-0e17-48c3-926b-b6967ee05833 None None] Ext name="IP address substring filtering" alias="ip-substring-filtering" description="Provides IP address substring filtering when listing ports" updated="2017-11-28T09:00:00-00:00" {{(pid=104479) _check_extension /opt/stack/neutron/neutron/api/extensions.py:415}}
Apr 16 17:49:21.439056 np0000166760 devstack@neutron-api.service[104481]: DEBUG neutron.api.extensions [None req-af5416ef-7a1b-424d-993c-f6ae7310173c None None] Ext name="Port NUMA affinity policy "socket"" alias="port-numa-affinity-policy-socket" description="Adds "socket" to the supported port NUMA affinity policies" updated="2024-02-09T10:00:00-00:00" {{(pid=104481) _check_extension /opt/stack/neutron/neutron/api/extensions.py:415}}
Apr 16 17:49:21.439185 np0000166760 devstack@neutron-api.service[104480]: DEBUG neutron_lib.callbacks.manager [None req-9a2664e8-78c3-4303-930f-61d09a02cccb None None] Subscribe: > router precommit_create 55550000, False {{(pid=104480) subscribe /opt/stack/data/venv/lib/python3.12/site-packages/neutron_lib/callbacks/manager.py:52}}
Apr 16 17:49:21.439393 np0000166760 devstack@neutron-api.service[104479]: INFO neutron.api.extensions [None req-6bb4af0a-0e17-48c3-926b-b6967ee05833 None None] Extension ip-substring-filtering not supported by any of loaded plugins
Apr 16 17:49:21.439602 np0000166760 devstack@neutron-api.service[104481]: INFO neutron.api.extensions [None req-af5416ef-7a1b-424d-993c-f6ae7310173c None None] Loaded extension: port-numa-affinity-policy-socket
Apr 16 17:49:21.439808 np0000166760 devstack@neutron-api.service[104480]: DEBUG neutron_lib.callbacks.manager [None req-9a2664e8-78c3-4303-930f-61d09a02cccb None None] Subscribe: > router precommit_update 55550000, False {{(pid=104480) subscribe /opt/stack/data/venv/lib/python3.12/site-packages/neutron_lib/callbacks/manager.py:52}}
Apr 16 17:49:21.439964 np0000166760 devstack@neutron-api.service[104479]: DEBUG neutron.api.extensions [None req-6bb4af0a-0e17-48c3-926b-b6967ee05833 None None] Loading extension file: l2_adjacency.py {{(pid=104479) _load_all_extensions_from_path /opt/stack/neutron/neutron/api/extensions.py:449}}
Apr 16 17:49:21.440203 np0000166760 devstack@neutron-api.service[104481]: DEBUG neutron.api.extensions [None req-af5416ef-7a1b-424d-993c-f6ae7310173c None None] Loading extension file: port_resource_request.py {{(pid=104481) _load_all_extensions_from_path /opt/stack/neutron/neutron/api/extensions.py:449}}
Apr 16 17:49:21.440406 np0000166760 devstack@neutron-api.service[104480]: DEBUG neutron_lib.callbacks.manager [None req-9a2664e8-78c3-4303-930f-61d09a02cccb None None] Subscribe: subnet after_update 55550000, False {{(pid=104480) subscribe /opt/stack/data/venv/lib/python3.12/site-packages/neutron_lib/callbacks/manager.py:52}}
Apr 16 17:49:21.440606 np0000166760 devstack@neutron-api.service[104479]: DEBUG neutron.api.extensions [None req-6bb4af0a-0e17-48c3-926b-b6967ee05833 None None] Ext name="L2 Adjacency" alias="l2_adjacency" description="Display L2 Adjacency for Neutron Networks." updated="2016-04-12T16:00:00-00:00" {{(pid=104479) _check_extension /opt/stack/neutron/neutron/api/extensions.py:415}}
Apr 16 17:49:21.440947 np0000166760 devstack@neutron-api.service[104481]: DEBUG neutron.api.extensions [None req-af5416ef-7a1b-424d-993c-f6ae7310173c None None] Ext name="Port Resource Request" alias="port-resource-request" description="Expose resource request to Port" updated="2018-05-08T10:00:00-00:00" {{(pid=104481) _check_extension /opt/stack/neutron/neutron/api/extensions.py:415}}
Apr 16 17:49:21.441176 np0000166760 devstack@neutron-api.service[104479]: INFO neutron.api.extensions [None req-6bb4af0a-0e17-48c3-926b-b6967ee05833 None None] Extension l2_adjacency not supported by any of loaded plugins
Apr 16 17:49:21.441300 np0000166760 devstack@neutron-api.service[104481]: INFO neutron.api.extensions [None req-af5416ef-7a1b-424d-993c-f6ae7310173c None None] Extension port-resource-request not supported by any of loaded plugins
Apr 16 17:49:21.441380 np0000166760 devstack@neutron-api.service[104479]: DEBUG neutron.api.extensions [None req-6bb4af0a-0e17-48c3-926b-b6967ee05833 None None] Loading extension file: l3.py {{(pid=104479) _load_all_extensions_from_path /opt/stack/neutron/neutron/api/extensions.py:449}}
Apr 16 17:49:21.441438 np0000166760 devstack@neutron-api.service[104481]: DEBUG neutron.api.extensions [None req-af5416ef-7a1b-424d-993c-f6ae7310173c None None] Loading extension file: port_resource_request_groups.py {{(pid=104481) _load_all_extensions_from_path /opt/stack/neutron/neutron/api/extensions.py:449}}
Apr 16 17:49:21.441438 np0000166760 devstack@neutron-api.service[104481]: DEBUG neutron.api.extensions [None req-af5416ef-7a1b-424d-993c-f6ae7310173c None None] Ext name="Port Resource Request Groups" alias="port-resource-request-groups" description="Support requesting multiple groups of resources and traits from the same RP subtree in resource_request" updated="2021-08-02T10:00:00-00:00" {{(pid=104481) _check_extension /opt/stack/neutron/neutron/api/extensions.py:415}}
Apr 16 17:49:21.441564 np0000166760 devstack@neutron-api.service[104479]: DEBUG neutron.api.extensions [None req-6bb4af0a-0e17-48c3-926b-b6967ee05833 None None] Ext name="Neutron L3 Router" alias="router" description="Router abstraction for basic L3 forwarding between L2 Neutron networks and access to external networks via a NAT gateway." updated="2012-07-20T10:00:00-00:00" {{(pid=104479) _check_extension /opt/stack/neutron/neutron/api/extensions.py:415}}
Apr 16 17:49:21.441629 np0000166760 devstack@neutron-api.service[104481]: INFO neutron.api.extensions [None req-af5416ef-7a1b-424d-993c-f6ae7310173c None None] Extension port-resource-request-groups not supported by any of loaded plugins
Apr 16 17:49:21.441629 np0000166760 devstack@neutron-api.service[104481]: DEBUG neutron.api.extensions [None req-af5416ef-7a1b-424d-993c-f6ae7310173c None None] Loading extension file: port_trusted_vif.py {{(pid=104481) _load_all_extensions_from_path /opt/stack/neutron/neutron/api/extensions.py:449}}
Apr 16 17:49:21.441797 np0000166760 devstack@neutron-api.service[104479]: INFO neutron.api.extensions [None req-6bb4af0a-0e17-48c3-926b-b6967ee05833 None None] Loaded extension: router
Apr 16 17:49:21.441797 np0000166760 devstack@neutron-api.service[104479]: DEBUG neutron.api.extensions [None req-6bb4af0a-0e17-48c3-926b-b6967ee05833 None None] Loading extension file: l3_conntrack_helper.py {{(pid=104479) _load_all_extensions_from_path /opt/stack/neutron/neutron/api/extensions.py:449}}
Apr 16 17:49:21.441881 np0000166760 devstack@neutron-api.service[104481]: DEBUG neutron.api.extensions [None req-af5416ef-7a1b-424d-993c-f6ae7310173c None None] Ext name="Port trusted vif" alias="port-trusted-vif" description="Expose port 'trusted' attribute in the API" updated="2024-07-10T10:00:00-00:00" {{(pid=104481) _check_extension /opt/stack/neutron/neutron/api/extensions.py:415}}
Apr 16 17:49:21.441934 np0000166760 devstack@neutron-api.service[104480]: DEBUG neutron.quota.resource_registry [None req-9a2664e8-78c3-4303-930f-61d09a02cccb None None] Tracking information for resource: router configured {{(pid=104480) set_tracked_resource /opt/stack/neutron/neutron/quota/resource_registry.py:203}}
Apr 16 17:49:21.441934 np0000166760 devstack@neutron-api.service[104480]: DEBUG neutron.quota.resource_registry [None req-9a2664e8-78c3-4303-930f-61d09a02cccb None None] Tracking information for resource: floatingip configured {{(pid=104480) set_tracked_resource /opt/stack/neutron/neutron/quota/resource_registry.py:203}}
Apr 16 17:49:21.442022 np0000166760 devstack@neutron-api.service[104481]: INFO neutron.api.extensions [None req-af5416ef-7a1b-424d-993c-f6ae7310173c None None] Extension port-trusted-vif not supported by any of loaded plugins
Apr 16 17:49:21.442022 np0000166760 devstack@neutron-api.service[104481]: DEBUG neutron.api.extensions [None req-af5416ef-7a1b-424d-993c-f6ae7310173c None None] Loading extension file: portbindings.py {{(pid=104481) _load_all_extensions_from_path /opt/stack/neutron/neutron/api/extensions.py:449}}
Apr 16 17:49:21.442186 np0000166760 devstack@neutron-api.service[104480]: INFO neutron.services.ovn_l3.plugin [None req-9a2664e8-78c3-4303-930f-61d09a02cccb None None] Starting OVNL3RouterPlugin
Apr 16 17:49:21.442242 np0000166760 devstack@neutron-api.service[104481]: DEBUG neutron.api.extensions [None req-af5416ef-7a1b-424d-993c-f6ae7310173c None None] Ext name="Port Binding" alias="binding" description="Expose port bindings of a virtual port to external application" updated="2014-02-03T10:00:00-00:00" {{(pid=104481) _check_extension /opt/stack/neutron/neutron/api/extensions.py:415}}
Apr 16 17:49:21.442356 np0000166760 devstack@neutron-api.service[104479]: DEBUG neutron.api.extensions [None req-6bb4af0a-0e17-48c3-926b-b6967ee05833 None None] Ext name="L3 Conntrack helper" alias="l3-conntrack-helper" description="Allow adding CT target rules for conntrack helper" updated="2019-04-04T10:00:00-00:00" {{(pid=104479) _check_extension /opt/stack/neutron/neutron/api/extensions.py:415}}
Apr 16 17:49:21.442443 np0000166760 devstack@neutron-api.service[104481]: INFO neutron.api.extensions [None req-af5416ef-7a1b-424d-993c-f6ae7310173c None None] Loaded extension: binding
Apr 16 17:49:21.442550 np0000166760 devstack@neutron-api.service[104480]: DEBUG neutron_lib.callbacks.manager [None req-9a2664e8-78c3-4303-930f-61d09a02cccb None None] Subscribe: > port_forwarding_plugin after_init 55550000, False {{(pid=104480) subscribe /opt/stack/data/venv/lib/python3.12/site-packages/neutron_lib/callbacks/manager.py:52}}
Apr 16 17:49:21.442644 np0000166760 devstack@neutron-api.service[104479]: INFO neutron.api.extensions [None req-6bb4af0a-0e17-48c3-926b-b6967ee05833 None None] Extension l3-conntrack-helper not supported by any of loaded plugins
Apr 16 17:49:21.442879 np0000166760 devstack@neutron-api.service[104481]: DEBUG neutron.api.extensions [None req-af5416ef-7a1b-424d-993c-f6ae7310173c None None] Loading extension file: portbindings_extended.py {{(pid=104481) _load_all_extensions_from_path /opt/stack/neutron/neutron/api/extensions.py:449}}
Apr 16 17:49:21.442986 np0000166760 devstack@neutron-api.service[104479]: DEBUG neutron.api.extensions [None req-6bb4af0a-0e17-48c3-926b-b6967ee05833 None None] Loading extension file: l3_enable_default_route_bfd.py {{(pid=104479) _load_all_extensions_from_path /opt/stack/neutron/neutron/api/extensions.py:449}}
Apr 16 17:49:21.443162 np0000166760 devstack@neutron-api.service[104480]: DEBUG neutron_lib.callbacks.manager [None req-9a2664e8-78c3-4303-930f-61d09a02cccb None None] Subscribe: > router before_create 55550100, False {{(pid=104480) subscribe /opt/stack/data/venv/lib/python3.12/site-packages/neutron_lib/callbacks/manager.py:52}}
Apr 16 17:49:21.443252 np0000166760 devstack@neutron-api.service[104481]: DEBUG neutron.api.extensions [None req-af5416ef-7a1b-424d-993c-f6ae7310173c None None] Ext name="Port Bindings Extended" alias="binding-extended" description="Expose port bindings of a virtual port to external application" updated="2017-07-17T10:00:00-00:00" {{(pid=104481) _check_extension /opt/stack/neutron/neutron/api/extensions.py:415}}
Apr 16 17:49:21.443418 np0000166760 devstack@neutron-api.service[104479]: DEBUG neutron.api.extensions [None req-6bb4af0a-0e17-48c3-926b-b6967ee05833 None None] Ext name="Enable Default Route BFD" alias="enable-default-route-bfd" description="Enables configurable BFD behavior for default routes" updated="2023-02-27T00:00:00-00:00" {{(pid=104479) _check_extension /opt/stack/neutron/neutron/api/extensions.py:415}}
Apr 16 17:49:21.443507 np0000166760 devstack@neutron-api.service[104480]: DEBUG neutron_lib.callbacks.manager [None req-9a2664e8-78c3-4303-930f-61d09a02cccb None None] Subscribe: > router precommit_delete 55550100, False {{(pid=104480) subscribe /opt/stack/data/venv/lib/python3.12/site-packages/neutron_lib/callbacks/manager.py:52}}
Apr 16 17:49:21.443645 np0000166760 devstack@neutron-api.service[104481]: INFO neutron.api.extensions [None req-af5416ef-7a1b-424d-993c-f6ae7310173c None None] Loaded extension: binding-extended
Apr 16 17:49:21.443729 np0000166760 devstack@neutron-api.service[104479]: INFO neutron.api.extensions [None req-6bb4af0a-0e17-48c3-926b-b6967ee05833 None None] Loaded extension: enable-default-route-bfd
Apr 16 17:49:21.443814 np0000166760 devstack@neutron-api.service[104481]: DEBUG neutron.api.extensions [None req-af5416ef-7a1b-424d-993c-f6ae7310173c None None] Loading extension file: portsecurity.py {{(pid=104481) _load_all_extensions_from_path /opt/stack/neutron/neutron/api/extensions.py:449}}
Apr 16 17:49:21.443905 np0000166760 devstack@neutron-api.service[104480]: DEBUG neutron_lib.callbacks.manager [None req-9a2664e8-78c3-4303-930f-61d09a02cccb None None] Subscribe: > router precommit_create 55550100, False {{(pid=104480) subscribe /opt/stack/data/venv/lib/python3.12/site-packages/neutron_lib/callbacks/manager.py:52}}
Apr 16 17:49:21.444066 np0000166760 devstack@neutron-api.service[104479]: DEBUG neutron.api.extensions [None req-6bb4af0a-0e17-48c3-926b-b6967ee05833 None None] Loading extension file: l3_enable_default_route_ecmp.py {{(pid=104479) _load_all_extensions_from_path /opt/stack/neutron/neutron/api/extensions.py:449}}
Apr 16 17:49:21.444205 np0000166760 devstack@neutron-api.service[104480]: DEBUG neutron_lib.callbacks.manager [None req-9a2664e8-78c3-4303-930f-61d09a02cccb None None] Subscribe: > router precommit_update 55550100, False {{(pid=104480) subscribe /opt/stack/data/venv/lib/python3.12/site-packages/neutron_lib/callbacks/manager.py:52}}
Apr 16 17:49:21.444341 np0000166760 devstack@neutron-api.service[104481]: DEBUG neutron.api.extensions [None req-af5416ef-7a1b-424d-993c-f6ae7310173c None None] Ext name="Port Security" alias="port-security" description="Provides port security" updated="2012-07-23T10:00:00-00:00" {{(pid=104481) _check_extension /opt/stack/neutron/neutron/api/extensions.py:415}}
Apr 16 17:49:21.444443 np0000166760 devstack@neutron-api.service[104479]: DEBUG neutron.api.extensions [None req-6bb4af0a-0e17-48c3-926b-b6967ee05833 None None] Ext name="Enable Default Route ECMP" alias="enable-default-route-ecmp" description="Enables configurable ECMP behavior for default routes" updated="2023-02-27T00:00:00-00:00" {{(pid=104479) _check_extension /opt/stack/neutron/neutron/api/extensions.py:415}}
Apr 16 17:49:21.445011 np0000166760 devstack@neutron-api.service[104481]: INFO neutron.api.extensions [None req-af5416ef-7a1b-424d-993c-f6ae7310173c None None] Loaded extension: port-security
Apr 16 17:49:21.445132 np0000166760 devstack@neutron-api.service[104479]: INFO neutron.api.extensions [None req-6bb4af0a-0e17-48c3-926b-b6967ee05833 None None] Loaded extension: enable-default-route-ecmp
Apr 16 17:49:21.445254 np0000166760 devstack@neutron-api.service[104481]: DEBUG neutron.api.extensions [None req-af5416ef-7a1b-424d-993c-f6ae7310173c None None] Loading extension file: project_id.py {{(pid=104481) _load_all_extensions_from_path /opt/stack/neutron/neutron/api/extensions.py:449}}
Apr 16 17:49:21.445371 np0000166760 devstack@neutron-api.service[104479]: DEBUG neutron.api.extensions [None req-6bb4af0a-0e17-48c3-926b-b6967ee05833 None None] Loading extension file: l3_ext_gw_mode.py {{(pid=104479) _load_all_extensions_from_path /opt/stack/neutron/neutron/api/extensions.py:449}}
Apr 16 17:49:21.445450 np0000166760 devstack@neutron-api.service[104481]: DEBUG neutron.api.extensions [None req-af5416ef-7a1b-424d-993c-f6ae7310173c None None] Ext name="project_id field enabled" alias="project-id" description="Extension that indicates that project_id field is enabled." updated="2016-09-09T09:09:09-09:09" {{(pid=104481) _check_extension /opt/stack/neutron/neutron/api/extensions.py:415}}
Apr 16 17:49:21.445541 np0000166760 devstack@neutron-api.service[104479]: DEBUG neutron.api.extensions [None req-6bb4af0a-0e17-48c3-926b-b6967ee05833 None None] Ext name="Neutron L3 Configurable external gateway mode" alias="ext-gw-mode" description="Extension of the router abstraction for specifying whether SNAT should occur on the external gateway" updated="2013-03-28T10:00:00-00:00" {{(pid=104479) _check_extension /opt/stack/neutron/neutron/api/extensions.py:415}}
Apr 16 17:49:21.445677 np0000166760 devstack@neutron-api.service[104481]: INFO neutron.api.extensions [None req-af5416ef-7a1b-424d-993c-f6ae7310173c None None] Loaded extension: project-id
Apr 16 17:49:21.445677 np0000166760 devstack@neutron-api.service[104481]: DEBUG neutron.api.extensions [None req-af5416ef-7a1b-424d-993c-f6ae7310173c None None] Loading extension file: providernet.py {{(pid=104481) _load_all_extensions_from_path /opt/stack/neutron/neutron/api/extensions.py:449}}
Apr 16 17:49:21.445802 np0000166760 devstack@neutron-api.service[104479]: INFO neutron.api.extensions [None req-6bb4af0a-0e17-48c3-926b-b6967ee05833 None None] Loaded extension: ext-gw-mode
Apr 16 17:49:21.445802 np0000166760 devstack@neutron-api.service[104479]: DEBUG neutron.api.extensions [None req-6bb4af0a-0e17-48c3-926b-b6967ee05833 None None] Loading extension file: l3_ext_ha_mode.py {{(pid=104479) _load_all_extensions_from_path /opt/stack/neutron/neutron/api/extensions.py:449}}
Apr 16 17:49:21.445886 np0000166760 devstack@neutron-api.service[104481]: DEBUG neutron.api.extensions [None req-af5416ef-7a1b-424d-993c-f6ae7310173c None None] Ext name="Provider Network" alias="provider" description="Expose mapping of virtual networks to physical networks" updated="2012-09-07T10:00:00-00:00" {{(pid=104481) _check_extension /opt/stack/neutron/neutron/api/extensions.py:415}}
Apr 16 17:49:21.446039 np0000166760 devstack@neutron-api.service[104479]: DEBUG neutron.api.extensions [None req-6bb4af0a-0e17-48c3-926b-b6967ee05833 None None] Ext name="HA Router extension" alias="l3-ha" description="Adds HA capability to routers." updated="2014-04-26T00:00:00-00:00" {{(pid=104479) _check_extension /opt/stack/neutron/neutron/api/extensions.py:415}}
Apr 16 17:49:21.446187 np0000166760 devstack@neutron-api.service[104481]: INFO neutron.api.extensions [None req-af5416ef-7a1b-424d-993c-f6ae7310173c None None] Loaded extension: provider
Apr 16 17:49:21.446187 np0000166760 devstack@neutron-api.service[104481]: DEBUG neutron.api.extensions [None req-af5416ef-7a1b-424d-993c-f6ae7310173c None None] Loading extension file: qinq.py {{(pid=104481) _load_all_extensions_from_path /opt/stack/neutron/neutron/api/extensions.py:449}}
Apr 16 17:49:21.446376 np0000166760 devstack@neutron-api.service[104479]: INFO neutron.api.extensions [None req-6bb4af0a-0e17-48c3-926b-b6967ee05833 None None] Loaded extension: l3-ha
Apr 16 17:49:21.446376 np0000166760 devstack@neutron-api.service[104479]: DEBUG neutron.api.extensions [None req-6bb4af0a-0e17-48c3-926b-b6967ee05833 None None] Loading extension file: l3_ext_ndp_proxy.py {{(pid=104479) _load_all_extensions_from_path /opt/stack/neutron/neutron/api/extensions.py:449}}
Apr 16 17:49:21.446616 np0000166760 devstack@neutron-api.service[104481]: DEBUG neutron.api.extensions [None req-af5416ef-7a1b-424d-993c-f6ae7310173c None None] Ext name="QinQ networks" alias="qinq" description="Expose network 'qinq' attribute in the API. This allows to configure network to allow vlan in vlan configuration using 0x8a88 ethertype (QinQ)." updated="2024-12-02T10:00:00-00:00" {{(pid=104481) _check_extension /opt/stack/neutron/neutron/api/extensions.py:415}}
Apr 16 17:49:21.446745 np0000166760 devstack@neutron-api.service[104479]: DEBUG neutron.api.extensions [None req-6bb4af0a-0e17-48c3-926b-b6967ee05833 None None] Ext name="Router support to enable NDP proxy" alias="l3-ext-ndp-proxy" description="Router extension to enable ndp proxy" updated="2020-08-25T00:00:00-00:00" {{(pid=104479) _check_extension /opt/stack/neutron/neutron/api/extensions.py:415}}
Apr 16 17:49:21.446891 np0000166760 devstack@neutron-api.service[104481]: INFO neutron.api.extensions [None req-af5416ef-7a1b-424d-993c-f6ae7310173c None None] Loaded extension: qinq
Apr 16 17:49:21.446891 np0000166760 devstack@neutron-api.service[104481]: DEBUG neutron.api.extensions [None req-af5416ef-7a1b-424d-993c-f6ae7310173c None None] Loading extension file: qos.py {{(pid=104481) _load_all_extensions_from_path /opt/stack/neutron/neutron/api/extensions.py:449}}
Apr 16 17:49:21.447004 np0000166760 devstack@neutron-api.service[104479]: INFO neutron.api.extensions [None req-6bb4af0a-0e17-48c3-926b-b6967ee05833 None None] Extension l3-ext-ndp-proxy not supported by any of loaded plugins
Apr 16 17:49:21.447004 np0000166760 devstack@neutron-api.service[104479]: DEBUG neutron.api.extensions [None req-6bb4af0a-0e17-48c3-926b-b6967ee05833 None None] Loading extension file: l3_extra_gws.py {{(pid=104479) _load_all_extensions_from_path /opt/stack/neutron/neutron/api/extensions.py:449}}
Apr 16 17:49:21.447004 np0000166760 devstack@neutron-api.service[104479]: DEBUG neutron.api.extensions [None req-6bb4af0a-0e17-48c3-926b-b6967ee05833 None None] Ext name="Neutron L3 External Gateway Multihoming" alias="external-gateway-multihoming" description="Allow multiple external gateway ports per router" updated="2023-01-18T00:00:00-00:00" {{(pid=104479) _check_extension /opt/stack/neutron/neutron/api/extensions.py:415}}
Apr 16 17:49:21.447004 np0000166760 devstack@neutron-api.service[104479]: INFO neutron.api.extensions [None req-6bb4af0a-0e17-48c3-926b-b6967ee05833 None None] Loaded extension: external-gateway-multihoming
Apr 16 17:49:21.447004 np0000166760 devstack@neutron-api.service[104479]: DEBUG neutron.api.extensions [None req-6bb4af0a-0e17-48c3-926b-b6967ee05833 None None] Loading extension file: l3_flavors.py {{(pid=104479) _load_all_extensions_from_path /opt/stack/neutron/neutron/api/extensions.py:449}}
Apr 16 17:49:21.447004 np0000166760 devstack@neutron-api.service[104479]: DEBUG neutron.api.extensions [None req-6bb4af0a-0e17-48c3-926b-b6967ee05833 None None] Ext name="Router Flavor Extension" alias="l3-flavors" description="Flavor support for routers." updated="2016-05-17T00:00:00-00:00" {{(pid=104479) _check_extension /opt/stack/neutron/neutron/api/extensions.py:415}}
Apr 16 17:49:21.447313 np0000166760 devstack@neutron-api.service[104481]: DEBUG neutron.api.extensions [None req-af5416ef-7a1b-424d-993c-f6ae7310173c None None] Ext name="Quality of Service" alias="qos" description="The Quality of Service extension." updated="2015-06-08T10:00:00-00:00" {{(pid=104481) _check_extension /opt/stack/neutron/neutron/api/extensions.py:415}}
Apr 16 17:49:21.447396 np0000166760 devstack@neutron-api.service[104479]: INFO neutron.api.extensions [None req-6bb4af0a-0e17-48c3-926b-b6967ee05833 None None] Loaded extension: l3-flavors
Apr 16 17:49:21.447531 np0000166760 devstack@neutron-api.service[104481]: INFO neutron.api.extensions [None req-af5416ef-7a1b-424d-993c-f6ae7310173c None None] Extension qos not supported by any of loaded plugins
Apr 16 17:49:21.447614 np0000166760 devstack@neutron-api.service[104479]: DEBUG neutron.api.extensions [None req-6bb4af0a-0e17-48c3-926b-b6967ee05833 None None] Loading extension file: l3_ndp_proxy.py {{(pid=104479) _load_all_extensions_from_path /opt/stack/neutron/neutron/api/extensions.py:449}}
Apr 16 17:49:21.447804 np0000166760 devstack@neutron-api.service[104481]: DEBUG neutron.api.extensions [None req-af5416ef-7a1b-424d-993c-f6ae7310173c None None] Loading extension file: qos_bw_limit_direction.py {{(pid=104481) _load_all_extensions_from_path /opt/stack/neutron/neutron/api/extensions.py:449}}
Apr 16 17:49:21.447952 np0000166760 devstack@neutron-api.service[104479]: DEBUG neutron.api.extensions [None req-6bb4af0a-0e17-48c3-926b-b6967ee05833 None None] Ext name="name" alias="l3-ndp-proxy" description="description" updated="2021-06-29T10:00:00-00:00" {{(pid=104479) _check_extension /opt/stack/neutron/neutron/api/extensions.py:415}}
Apr 16 17:49:21.448108 np0000166760 devstack@neutron-api.service[104481]: DEBUG neutron.api.extensions [None req-af5416ef-7a1b-424d-993c-f6ae7310173c None None] Ext name="Direction for QoS bandwidth limit rule" alias="qos-bw-limit-direction" description="Allow to configure QoS bandwidth limit rule with specific direction: ingress or egress" updated="2017-04-10T10:00:00-00:00" {{(pid=104481) _check_extension /opt/stack/neutron/neutron/api/extensions.py:415}}
Apr 16 17:49:21.448108 np0000166760 devstack@neutron-api.service[104481]: INFO neutron.api.extensions [None req-af5416ef-7a1b-424d-993c-f6ae7310173c None None] Extension qos-bw-limit-direction not supported by any of loaded plugins
Apr 16 17:49:21.448243 np0000166760 devstack@neutron-api.service[104479]: INFO neutron.api.extensions [None req-6bb4af0a-0e17-48c3-926b-b6967ee05833 None None] Extension l3-ndp-proxy not supported by any of loaded plugins
Apr 16 17:49:21.448357 np0000166760 devstack@neutron-api.service[104481]: DEBUG neutron.api.extensions [None req-af5416ef-7a1b-424d-993c-f6ae7310173c None None] Loading extension file: qos_bw_minimum_ingress.py {{(pid=104481) _load_all_extensions_from_path /opt/stack/neutron/neutron/api/extensions.py:449}}
Apr 16 17:49:21.448448 np0000166760 devstack@neutron-api.service[104479]: DEBUG neutron.api.extensions [None req-6bb4af0a-0e17-48c3-926b-b6967ee05833 None None] Loading extension file: l3_port_ip_change_not_allowed.py {{(pid=104479) _load_all_extensions_from_path /opt/stack/neutron/neutron/api/extensions.py:449}}
Apr 16 17:49:21.448658 np0000166760 devstack@neutron-api.service[104481]: DEBUG neutron.api.extensions [None req-af5416ef-7a1b-424d-993c-f6ae7310173c None None] Ext name="Ingress direction for QoS minimum bandwidth rule" alias="qos-bw-minimum-ingress" description="Allow to configure QoS minumum bandwidth rule with ingress direction." updated="2018-07-09T10:00:00-00:00" {{(pid=104481) _check_extension /opt/stack/neutron/neutron/api/extensions.py:415}}
Apr 16 17:49:21.448746 np0000166760 devstack@neutron-api.service[104479]: DEBUG neutron.api.extensions [None req-6bb4af0a-0e17-48c3-926b-b6967ee05833 None None] Ext name="Prevent L3 router ports IP address change extension" alias="l3-port-ip-change-not-allowed" description="Prevent change of IP address for some L3 router ports" updated="2018-10-09T10:00:00-00:00" {{(pid=104479) _check_extension /opt/stack/neutron/neutron/api/extensions.py:415}}
Apr 16 17:49:21.448829 np0000166760 devstack@neutron-api.service[104480]: DEBUG neutron.services.provider_configuration [None req-9a2664e8-78c3-4303-930f-61d09a02cccb None None] Service providers = [] {{(pid=104480) parse_service_provider_opt /opt/stack/neutron/neutron/services/provider_configuration.py:170}}
Apr 16 17:49:21.448918 np0000166760 devstack@neutron-api.service[104481]: INFO neutron.api.extensions [None req-af5416ef-7a1b-424d-993c-f6ae7310173c None None] Extension qos-bw-minimum-ingress not supported by any of loaded plugins
Apr 16 17:49:21.449017 np0000166760 devstack@neutron-api.service[104479]: INFO neutron.api.extensions [None req-6bb4af0a-0e17-48c3-926b-b6967ee05833 None None] Extension l3-port-ip-change-not-allowed not supported by any of loaded plugins
Apr 16 17:49:21.449509 np0000166760 devstack@neutron-api.service[104480]: DEBUG neutron.db.servicetype_db [None req-9a2664e8-78c3-4303-930f-61d09a02cccb None None] Adding provider configuration for service L3_ROUTER_NAT {{(pid=104480) add_provider_configuration /opt/stack/neutron/neutron/db/servicetype_db.py:42}}
Apr 16 17:49:21.449706 np0000166760 devstack@neutron-api.service[104481]: DEBUG neutron.api.extensions [None req-af5416ef-7a1b-424d-993c-f6ae7310173c None None] Loading extension file: qos_default.py {{(pid=104481) _load_all_extensions_from_path /opt/stack/neutron/neutron/api/extensions.py:449}}
Apr 16 17:49:21.449824 np0000166760 devstack@neutron-api.service[104479]: DEBUG neutron.api.extensions [None req-6bb4af0a-0e17-48c3-926b-b6967ee05833 None None] Loading extension file: l3agentscheduler.py {{(pid=104479) _load_all_extensions_from_path /opt/stack/neutron/neutron/api/extensions.py:449}}
Apr 16 17:49:21.449930 np0000166760 devstack@neutron-api.service[104481]: DEBUG neutron.api.extensions [None req-af5416ef-7a1b-424d-993c-f6ae7310173c None None] Ext name="QoS default policy" alias="qos-default" description="Expose the QoS default policy per project" updated="2017-041-06T10:00:00-00:00" {{(pid=104481) _check_extension /opt/stack/neutron/neutron/api/extensions.py:415}}
Apr 16 17:49:21.449930 np0000166760 devstack@neutron-api.service[104481]: INFO neutron.api.extensions [None req-af5416ef-7a1b-424d-993c-f6ae7310173c None None] Extension qos-default not supported by any of loaded plugins
Apr 16 17:49:21.449930 np0000166760 devstack@neutron-api.service[104481]: DEBUG neutron.api.extensions [None req-af5416ef-7a1b-424d-993c-f6ae7310173c None None] Loading extension file: qos_fip.py {{(pid=104481) _load_all_extensions_from_path /opt/stack/neutron/neutron/api/extensions.py:449}}
Apr 16 17:49:21.450112 np0000166760 devstack@neutron-api.service[104479]: DEBUG neutron.api.extensions [None req-6bb4af0a-0e17-48c3-926b-b6967ee05833 None None] Ext name="L3 Agent Scheduler" alias="l3_agent_scheduler" description="Schedule routers among l3 agents" updated="2013-02-07T10:00:00-00:00" {{(pid=104479) _check_extension /opt/stack/neutron/neutron/api/extensions.py:415}}
Apr 16 17:49:21.450242 np0000166760 devstack@neutron-api.service[104481]: DEBUG neutron.api.extensions [None req-af5416ef-7a1b-424d-993c-f6ae7310173c None None] Ext name="Floating IP QoS" alias="qos-fip" description="The floating IP Quality of Service extension" updated="2017-07-20T00:00:00-00:00" {{(pid=104481) _check_extension /opt/stack/neutron/neutron/api/extensions.py:415}}
Apr 16 17:49:21.450304 np0000166760 devstack@neutron-api.service[104479]: INFO neutron.api.extensions [None req-6bb4af0a-0e17-48c3-926b-b6967ee05833 None None] Extension l3_agent_scheduler not supported by any of loaded plugins
Apr 16 17:49:21.450387 np0000166760 devstack@neutron-api.service[104481]: INFO neutron.api.extensions [None req-af5416ef-7a1b-424d-993c-f6ae7310173c None None] Extension qos-fip not supported by any of loaded plugins
Apr 16 17:49:21.450442 np0000166760 devstack@neutron-api.service[104479]: DEBUG neutron.api.extensions [None req-6bb4af0a-0e17-48c3-926b-b6967ee05833 None None] Loading extension file: local_ip.py {{(pid=104479) _load_all_extensions_from_path /opt/stack/neutron/neutron/api/extensions.py:449}}
Apr 16 17:49:21.450518 np0000166760 devstack@neutron-api.service[104481]: DEBUG neutron.api.extensions [None req-af5416ef-7a1b-424d-993c-f6ae7310173c None None] Loading extension file: qos_fip_network_policy.py {{(pid=104481) _load_all_extensions_from_path /opt/stack/neutron/neutron/api/extensions.py:449}}
Apr 16 17:49:21.450518 np0000166760 devstack@neutron-api.service[104481]: DEBUG neutron.api.extensions [None req-af5416ef-7a1b-424d-993c-f6ae7310173c None None] Ext name="QoS floating IP network policy ID" alias="qos-fip-network-policy" description="Adds a the QoS network ID to the floating IP definition" updated="2021-11-15T10:00:00-00:00" {{(pid=104481) _check_extension /opt/stack/neutron/neutron/api/extensions.py:415}}
Apr 16 17:49:21.450655 np0000166760 devstack@neutron-api.service[104479]: DEBUG neutron.api.extensions [None req-6bb4af0a-0e17-48c3-926b-b6967ee05833 None None] Ext name="Local IP" alias="local_ip" description="Support Node Local Virtual IP" updated="2021-07-26T10:00:00-00:00" {{(pid=104479) _check_extension /opt/stack/neutron/neutron/api/extensions.py:415}}
Apr 16 17:49:21.450765 np0000166760 devstack@neutron-api.service[104480]: DEBUG neutron_lib.callbacks.manager [None req-9a2664e8-78c3-4303-930f-61d09a02cccb None None] Subscribe: > router precommit_create 55549900, False {{(pid=104480) subscribe /opt/stack/data/venv/lib/python3.12/site-packages/neutron_lib/callbacks/manager.py:52}}
Apr 16 17:49:21.450862 np0000166760 devstack@neutron-api.service[104481]: INFO neutron.api.extensions [None req-af5416ef-7a1b-424d-993c-f6ae7310173c None None] Extension qos-fip-network-policy not supported by any of loaded plugins
Apr 16 17:49:21.450936 np0000166760 devstack@neutron-api.service[104479]: INFO neutron.api.extensions [None req-6bb4af0a-0e17-48c3-926b-b6967ee05833 None None] Extension local_ip not supported by any of loaded plugins
Apr 16 17:49:21.450989 np0000166760 devstack@neutron-api.service[104481]: DEBUG neutron.api.extensions [None req-af5416ef-7a1b-424d-993c-f6ae7310173c None None] Loading extension file: qos_gateway_ip.py {{(pid=104481) _load_all_extensions_from_path /opt/stack/neutron/neutron/api/extensions.py:449}}
Apr 16 17:49:21.451050 np0000166760 devstack@neutron-api.service[104480]: DEBUG neutron_lib.callbacks.manager [None req-9a2664e8-78c3-4303-930f-61d09a02cccb None None] Subscribe: > router_interface after_create 55550000, False {{(pid=104480) subscribe /opt/stack/data/venv/lib/python3.12/site-packages/neutron_lib/callbacks/manager.py:52}}
Apr 16 17:49:21.451178 np0000166760 devstack@neutron-api.service[104479]: DEBUG neutron.api.extensions [None req-6bb4af0a-0e17-48c3-926b-b6967ee05833 None None] Loading extension file: logging.py {{(pid=104479) _load_all_extensions_from_path /opt/stack/neutron/neutron/api/extensions.py:449}}
Apr 16 17:49:21.451233 np0000166760 devstack@neutron-api.service[104480]: DEBUG neutron_lib.callbacks.manager [None req-9a2664e8-78c3-4303-930f-61d09a02cccb None None] Subscribe: > floatingip after_create 55550000, False {{(pid=104480) subscribe /opt/stack/data/venv/lib/python3.12/site-packages/neutron_lib/callbacks/manager.py:52}}
Apr 16 17:49:21.451414 np0000166760 devstack@neutron-api.service[104481]: DEBUG neutron.api.extensions [None req-af5416ef-7a1b-424d-993c-f6ae7310173c None None] Ext name="Router gateway IP QoS" alias="qos-gateway-ip" description="The Router gateway IP Quality of Service extension" updated="2018-02-24T00:00:00-00:00" {{(pid=104481) _check_extension /opt/stack/neutron/neutron/api/extensions.py:415}}
Apr 16 17:49:21.451500 np0000166760 devstack@neutron-api.service[104480]: DEBUG neutron_lib.callbacks.manager [None req-9a2664e8-78c3-4303-930f-61d09a02cccb None None] Subscribe: > floatingip precommit_create 55550000, False {{(pid=104480) subscribe /opt/stack/data/venv/lib/python3.12/site-packages/neutron_lib/callbacks/manager.py:52}}
Apr 16 17:49:21.451500 np0000166760 devstack@neutron-api.service[104480]: DEBUG neutron_lib.callbacks.manager [None req-9a2664e8-78c3-4303-930f-61d09a02cccb None None] Subscribe: > floatingip precommit_update 55550000, False {{(pid=104480) subscribe /opt/stack/data/venv/lib/python3.12/site-packages/neutron_lib/callbacks/manager.py:52}}
Apr 16 17:49:21.451586 np0000166760 devstack@neutron-api.service[104479]: DEBUG neutron.api.extensions [None req-6bb4af0a-0e17-48c3-926b-b6967ee05833 None None] Ext name="Logging API Extension" alias="logging" description="Provides a logging API for resources such as security group and firewall." updated="2017-01-01T10:00:00-00:00" {{(pid=104479) _check_extension /opt/stack/neutron/neutron/api/extensions.py:415}}
Apr 16 17:49:21.451663 np0000166760 devstack@neutron-api.service[104481]: INFO neutron.api.extensions [None req-af5416ef-7a1b-424d-993c-f6ae7310173c None None] Extension qos-gateway-ip not supported by any of loaded plugins
Apr 16 17:49:21.451755 np0000166760 devstack@neutron-api.service[104480]: DEBUG neutron_lib.callbacks.manager [None req-9a2664e8-78c3-4303-930f-61d09a02cccb None None] Subscribe: > floatingip after_delete 55550000, False {{(pid=104480) subscribe /opt/stack/data/venv/lib/python3.12/site-packages/neutron_lib/callbacks/manager.py:52}}
Apr 16 17:49:21.451822 np0000166760 devstack@neutron-api.service[104481]: DEBUG neutron.api.extensions [None req-af5416ef-7a1b-424d-993c-f6ae7310173c None None] Loading extension file: qos_port_network_policy.py {{(pid=104481) _load_all_extensions_from_path /opt/stack/neutron/neutron/api/extensions.py:449}}
Apr 16 17:49:21.451911 np0000166760 devstack@neutron-api.service[104479]: INFO neutron.api.extensions [None req-6bb4af0a-0e17-48c3-926b-b6967ee05833 None None] Extension logging not supported by any of loaded plugins
Apr 16 17:49:21.452126 np0000166760 devstack@neutron-api.service[104480]: DEBUG neutron_lib.callbacks.manager [None req-9a2664e8-78c3-4303-930f-61d09a02cccb None None] Subscribe: > floatingip after_status_update 55550000, False {{(pid=104480) subscribe /opt/stack/data/venv/lib/python3.12/site-packages/neutron_lib/callbacks/manager.py:52}}
Apr 16 17:49:21.452192 np0000166760 devstack@neutron-api.service[104479]: DEBUG neutron.api.extensions [None req-6bb4af0a-0e17-48c3-926b-b6967ee05833 None None] Loading extension file: metering.py {{(pid=104479) _load_all_extensions_from_path /opt/stack/neutron/neutron/api/extensions.py:449}}
Apr 16 17:49:21.452462 np0000166760 devstack@neutron-api.service[104480]: DEBUG neutron_lib.callbacks.manager [None req-9a2664e8-78c3-4303-930f-61d09a02cccb None None] Subscribe: > floatingip after_update 55550000, False {{(pid=104480) subscribe /opt/stack/data/venv/lib/python3.12/site-packages/neutron_lib/callbacks/manager.py:52}}
Apr 16 17:49:21.452667 np0000166760 devstack@neutron-api.service[104481]: DEBUG neutron.api.extensions [None req-af5416ef-7a1b-424d-993c-f6ae7310173c None None] Ext name="QoS port network policy ID" alias="qos-port-network-policy" description="Adds a the QoS network ID to the port definition" updated="2019-11-01T10:00:00-00:00" {{(pid=104481) _check_extension /opt/stack/neutron/neutron/api/extensions.py:415}}
Apr 16 17:49:21.452760 np0000166760 devstack@neutron-api.service[104480]: DEBUG neutron_lib.callbacks.manager [None req-9a2664e8-78c3-4303-930f-61d09a02cccb None None] Subscribe: > port_forwarding after_create 55550000, False {{(pid=104480) subscribe /opt/stack/data/venv/lib/python3.12/site-packages/neutron_lib/callbacks/manager.py:52}}
Apr 16 17:49:21.452760 np0000166760 devstack@neutron-api.service[104480]: DEBUG neutron_lib.callbacks.manager [None req-9a2664e8-78c3-4303-930f-61d09a02cccb None None] Subscribe: > router_interface after_delete 55550000, False {{(pid=104480) subscribe /opt/stack/data/venv/lib/python3.12/site-packages/neutron_lib/callbacks/manager.py:52}}
Apr 16 17:49:21.452901 np0000166760 devstack@neutron-api.service[104481]: INFO neutron.api.extensions [None req-af5416ef-7a1b-424d-993c-f6ae7310173c None None] Extension qos-port-network-policy not supported by any of loaded plugins
Apr 16 17:49:21.452961 np0000166760 devstack@neutron-api.service[104480]: DEBUG neutron_lib.callbacks.manager [None req-9a2664e8-78c3-4303-930f-61d09a02cccb None None] Subscribe: > router after_create 55550000, False {{(pid=104480) subscribe /opt/stack/data/venv/lib/python3.12/site-packages/neutron_lib/callbacks/manager.py:52}}
Apr 16 17:49:21.453099 np0000166760 devstack@neutron-api.service[104481]: DEBUG neutron.api.extensions [None req-af5416ef-7a1b-424d-993c-f6ae7310173c None None] Loading extension file: qos_pps_minimum_rule.py {{(pid=104481) _load_all_extensions_from_path /opt/stack/neutron/neutron/api/extensions.py:449}}
Apr 16 17:49:21.453184 np0000166760 devstack@neutron-api.service[104480]: DEBUG neutron_lib.callbacks.manager [None req-9a2664e8-78c3-4303-930f-61d09a02cccb None None] Subscribe: > router precommit_create 55550000, False {{(pid=104480) subscribe /opt/stack/data/venv/lib/python3.12/site-packages/neutron_lib/callbacks/manager.py:52}}
Apr 16 17:49:21.453184 np0000166760 devstack@neutron-api.service[104480]: DEBUG neutron_lib.callbacks.manager [None req-9a2664e8-78c3-4303-930f-61d09a02cccb None None] Subscribe: > router after_delete 55550000, False {{(pid=104480) subscribe /opt/stack/data/venv/lib/python3.12/site-packages/neutron_lib/callbacks/manager.py:52}}
Apr 16 17:49:21.453299 np0000166760 devstack@neutron-api.service[104481]: DEBUG neutron.api.extensions [None req-af5416ef-7a1b-424d-993c-f6ae7310173c None None] Ext name="QoS minimum packet rate rule" alias="qos-pps-minimum" description="Allow to configure QoS minimum packet rate rule." updated="2021-07-14T10:00:00-00:00" {{(pid=104481) _check_extension /opt/stack/neutron/neutron/api/extensions.py:415}}
Apr 16 17:49:21.453360 np0000166760 devstack@neutron-api.service[104480]: DEBUG neutron_lib.callbacks.manager [None req-9a2664e8-78c3-4303-930f-61d09a02cccb None None] Subscribe: > router after_update 55550000, False {{(pid=104480) subscribe /opt/stack/data/venv/lib/python3.12/site-packages/neutron_lib/callbacks/manager.py:52}}
Apr 16 17:49:21.453360 np0000166760 devstack@neutron-api.service[104480]: DEBUG neutron.services.service_base [None req-9a2664e8-78c3-4303-930f-61d09a02cccb None None] Loaded 'neutron.services.ovn_l3.service_providers.ovn.OvnDriver' provider for service L3_ROUTER_NAT {{(pid=104480) load_drivers /opt/stack/neutron/neutron/services/service_base.py:49}}
Apr 16 17:49:21.453474 np0000166760 devstack@neutron-api.service[104481]: INFO neutron.api.extensions [None req-af5416ef-7a1b-424d-993c-f6ae7310173c None None] Extension qos-pps-minimum not supported by any of loaded plugins
Apr 16 17:49:21.453555 np0000166760 devstack@neutron-api.service[104480]: DEBUG neutron_lib.callbacks.manager [None req-9a2664e8-78c3-4303-930f-61d09a02cccb None None] Subscribe: > process after_init 55550001, True {{(pid=104480) subscribe /opt/stack/data/venv/lib/python3.12/site-packages/neutron_lib/callbacks/manager.py:52}}
Apr 16 17:49:21.453611 np0000166760 devstack@neutron-api.service[104481]: DEBUG neutron.api.extensions [None req-af5416ef-7a1b-424d-993c-f6ae7310173c None None] Loading extension file: qos_pps_minimum_rule_alias.py {{(pid=104481) _load_all_extensions_from_path /opt/stack/neutron/neutron/api/extensions.py:449}}
Apr 16 17:49:21.453662 np0000166760 devstack@neutron-api.service[104480]: DEBUG neutron.manager [None req-9a2664e8-78c3-4303-930f-61d09a02cccb None None] Successfully loaded L3_ROUTER_NAT plugin. Description: L3 Router Service Plugin for basic L3 forwarding using OVN {{(pid=104480) _create_and_add_service_plugin /opt/stack/neutron/neutron/manager.py:239}}
Apr 16 17:49:21.453662 np0000166760 devstack@neutron-api.service[104480]: INFO neutron.manager [None req-9a2664e8-78c3-4303-930f-61d09a02cccb None None] Loading Plugin: auto_allocate
Apr 16 17:49:21.453810 np0000166760 devstack@neutron-api.service[104481]: DEBUG neutron.api.extensions [None req-af5416ef-7a1b-424d-993c-f6ae7310173c None None] Ext name="QoS minimum packet rate rule alias" alias="qos-pps-minimum-rule-alias" description="API to enable GET, PUT and DELETE operations on QoS minimum packet rate rule without specifying policy ID" updated="2021-10-22T10:00:00-00:00" {{(pid=104481) _check_extension /opt/stack/neutron/neutron/api/extensions.py:415}}
Apr 16 17:49:21.453869 np0000166760 devstack@neutron-api.service[104479]: DEBUG neutron.api.extensions [None req-6bb4af0a-0e17-48c3-926b-b6967ee05833 None None] Ext name="Neutron Metering" alias="metering" description="Neutron Metering extension." updated="2013-06-12T10:00:00-00:00" {{(pid=104479) _check_extension /opt/stack/neutron/neutron/api/extensions.py:415}}
Apr 16 17:49:21.453922 np0000166760 devstack@neutron-api.service[104481]: INFO neutron.api.extensions [None req-af5416ef-7a1b-424d-993c-f6ae7310173c None None] Extension qos-pps-minimum-rule-alias not supported by any of loaded plugins
Apr 16 17:49:21.453982 np0000166760 devstack@neutron-api.service[104479]: INFO neutron.api.extensions [None req-6bb4af0a-0e17-48c3-926b-b6967ee05833 None None] Extension metering not supported by any of loaded plugins
Apr 16 17:49:21.454054 np0000166760 devstack@neutron-api.service[104481]: DEBUG neutron.api.extensions [None req-af5416ef-7a1b-424d-993c-f6ae7310173c None None] Loading extension file: qos_pps_rule.py {{(pid=104481) _load_all_extensions_from_path /opt/stack/neutron/neutron/api/extensions.py:449}}
Apr 16 17:49:21.454138 np0000166760 devstack@neutron-api.service[104479]: DEBUG neutron.api.extensions [None req-6bb4af0a-0e17-48c3-926b-b6967ee05833 None None] Loading extension file: metering_source_and_destination_fields.py {{(pid=104479) _load_all_extensions_from_path /opt/stack/neutron/neutron/api/extensions.py:449}}
Apr 16 17:49:21.454192 np0000166760 devstack@neutron-api.service[104481]: DEBUG neutron.api.extensions [None req-af5416ef-7a1b-424d-993c-f6ae7310173c None None] Ext name="QoS Rule Type Packet per Second Extension" alias="qos-pps" description="Add QoS Rule Type Packet per Second" updated="2021-05-12T10:00:00-00:00" {{(pid=104481) _check_extension /opt/stack/neutron/neutron/api/extensions.py:415}}
Apr 16 17:49:21.454254 np0000166760 devstack@neutron-api.service[104479]: DEBUG neutron.api.extensions [None req-6bb4af0a-0e17-48c3-926b-b6967ee05833 None None] Ext name="Neutron Metering with source and destination filtering" alias="metering_source_and_destination_fields" description="Neutron Metering extension that enables the use of source and destination IP prefixes to create metering label rules." updated="2020-08-21T08:12:00-00:00" {{(pid=104479) _check_extension /opt/stack/neutron/neutron/api/extensions.py:415}}
Apr 16 17:49:21.454401 np0000166760 devstack@neutron-api.service[104481]: INFO neutron.api.extensions [None req-af5416ef-7a1b-424d-993c-f6ae7310173c None None] Extension qos-pps not supported by any of loaded plugins
