Apr 16 17:49:17.759807 np0000166760 devstack@neutron-api.service[104478]: DEBUG neutron_lib.callbacks.manager [-] Subscribe: > port before_response 55550000, False {{(pid=104478) subscribe /opt/stack/data/venv/lib/python3.12/site-packages/neutron_lib/callbacks/manager.py:52}}
Apr 16 17:49:17.815672 np0000166760 devstack@neutron-api.service[104479]: INFO neutron.plugins.ml2.managers [-] Initializing driver for type 'flat'
Apr 16 17:49:17.815819 np0000166760 devstack@neutron-api.service[104481]: INFO neutron.plugins.ml2.managers [-] Initializing driver for type 'flat'
Apr 16 17:49:17.815883 np0000166760 devstack@neutron-api.service[104479]: INFO neutron.plugins.ml2.drivers.type_flat [-] ML2 FlatTypeDriver initialization complete
Apr 16 17:49:17.815937 np0000166760 devstack@neutron-api.service[104481]: INFO neutron.plugins.ml2.drivers.type_flat [-] ML2 FlatTypeDriver initialization complete
Apr 16 17:49:17.815989 np0000166760 devstack@neutron-api.service[104479]: INFO neutron.plugins.ml2.managers [-] Initializing driver for type 'geneve'
Apr 16 17:49:17.816042 np0000166760 devstack@neutron-api.service[104481]: INFO neutron.plugins.ml2.managers [-] Initializing driver for type 'geneve'
Apr 16 17:49:17.816146 np0000166760 devstack@neutron-api.service[104478]: INFO neutron.plugins.ml2.managers [-] Initializing driver for type 'flat'
Apr 16 17:49:17.816209 np0000166760 devstack@neutron-api.service[104479]: INFO neutron.plugins.ml2.drivers.type_tunnel [-] geneve ID ranges: [(1, 65536)]
Apr 16 17:49:17.816262 np0000166760 devstack@neutron-api.service[104481]: INFO neutron.plugins.ml2.drivers.type_tunnel [-] geneve ID ranges: [(1, 65536)]
Apr 16 17:49:17.816313 np0000166760 devstack@neutron-api.service[104478]: INFO neutron.plugins.ml2.drivers.type_flat [-] ML2 FlatTypeDriver initialization complete
Apr 16 17:49:17.816364 np0000166760 devstack@neutron-api.service[104480]: INFO neutron.plugins.ml2.managers [-] Initializing driver for type 'flat'
Apr 16 17:49:17.816419 np0000166760 devstack@neutron-api.service[104478]: INFO neutron.plugins.ml2.managers [-] Initializing driver for type 'geneve'
Apr 16 17:49:17.816471 np0000166760 devstack@neutron-api.service[104480]: INFO neutron.plugins.ml2.drivers.type_flat [-] ML2 FlatTypeDriver initialization complete
Apr 16 17:49:17.816471 np0000166760 devstack@neutron-api.service[104480]: INFO neutron.plugins.ml2.managers [-] Initializing driver for type 'geneve'
Apr 16 17:49:17.816584 np0000166760 devstack@neutron-api.service[104478]: INFO neutron.plugins.ml2.drivers.type_tunnel [-] geneve ID ranges: [(1, 65536)]
Apr 16 17:49:17.816668 np0000166760 devstack@neutron-api.service[104480]: INFO neutron.plugins.ml2.drivers.type_tunnel [-] geneve ID ranges: [(1, 65536)]
Apr 16 17:49:17.875231 np0000166760 devstack@neutron-api.service[104478]: INFO dbcounter [None req-335b3eeb-7ae4-4a47-af1a-30af8023ffdf None None] Registered counter for database neutron
Apr 16 17:49:17.876058 np0000166760 devstack@neutron-api.service[104479]: INFO dbcounter [None req-6bb4af0a-0e17-48c3-926b-b6967ee05833 None None] Registered counter for database neutron
Apr 16 17:49:17.877544 np0000166760 devstack@neutron-api.service[104481]: INFO dbcounter [None req-af5416ef-7a1b-424d-993c-f6ae7310173c None None] Registered counter for database neutron
Apr 16 17:49:17.881962 np0000166760 devstack@neutron-api.service[104480]: INFO dbcounter [None req-9a2664e8-78c3-4303-930f-61d09a02cccb None None] Registered counter for database neutron
Apr 16 17:49:17.894057 np0000166760 devstack@neutron-api.service[104478]: DEBUG oslo_db.sqlalchemy.engines [None req-335b3eeb-7ae4-4a47-af1a-30af8023ffdf None None] MySQL server mode set to STRICT_TRANS_TABLES,STRICT_ALL_TABLES,NO_ZERO_IN_DATE,NO_ZERO_DATE,ERROR_FOR_DIVISION_BY_ZERO,TRADITIONAL,NO_ENGINE_SUBSTITUTION {{(pid=104478) _check_effective_sql_mode /opt/stack/data/venv/lib/python3.12/site-packages/oslo_db/sqlalchemy/engines.py:325}}
Apr 16 17:49:17.898435 np0000166760 devstack@neutron-api.service[104481]: DEBUG oslo_db.sqlalchemy.engines [None req-af5416ef-7a1b-424d-993c-f6ae7310173c None None] MySQL server mode set to STRICT_TRANS_TABLES,STRICT_ALL_TABLES,NO_ZERO_IN_DATE,NO_ZERO_DATE,ERROR_FOR_DIVISION_BY_ZERO,TRADITIONAL,NO_ENGINE_SUBSTITUTION {{(pid=104481) _check_effective_sql_mode /opt/stack/data/venv/lib/python3.12/site-packages/oslo_db/sqlalchemy/engines.py:325}}
Apr 16 17:49:17.902180 np0000166760 devstack@neutron-api.service[104479]: DEBUG oslo_db.sqlalchemy.engines [None req-6bb4af0a-0e17-48c3-926b-b6967ee05833 None None] MySQL server mode set to STRICT_TRANS_TABLES,STRICT_ALL_TABLES,NO_ZERO_IN_DATE,NO_ZERO_DATE,ERROR_FOR_DIVISION_BY_ZERO,TRADITIONAL,NO_ENGINE_SUBSTITUTION {{(pid=104479) _check_effective_sql_mode /opt/stack/data/venv/lib/python3.12/site-packages/oslo_db/sqlalchemy/engines.py:325}}
Apr 16 17:49:17.907353 np0000166760 devstack@neutron-api.service[104480]: DEBUG oslo_db.sqlalchemy.engines [None req-9a2664e8-78c3-4303-930f-61d09a02cccb None None] MySQL server mode set to STRICT_TRANS_TABLES,STRICT_ALL_TABLES,NO_ZERO_IN_DATE,NO_ZERO_DATE,ERROR_FOR_DIVISION_BY_ZERO,TRADITIONAL,NO_ENGINE_SUBSTITUTION {{(pid=104480) _check_effective_sql_mode /opt/stack/data/venv/lib/python3.12/site-packages/oslo_db/sqlalchemy/engines.py:325}}
Apr 16 17:49:18.357500 np0000166760 devstack@neutron-api.service[104478]: DEBUG dbcounter [-] [104478] Writer thread running {{(pid=104478) stat_writer /opt/stack/data/venv/lib/python3.12/site-packages/dbcounter.py:102}}
Apr 16 17:49:18.366943 np0000166760 devstack@neutron-api.service[104481]: DEBUG dbcounter [-] [104481] Writer thread running {{(pid=104481) stat_writer /opt/stack/data/venv/lib/python3.12/site-packages/dbcounter.py:102}}
Apr 16 17:49:18.373105 np0000166760 devstack@neutron-api.service[104480]: DEBUG dbcounter [-] [104480] Writer thread running {{(pid=104480) stat_writer /opt/stack/data/venv/lib/python3.12/site-packages/dbcounter.py:102}}
Apr 16 17:49:18.375466 np0000166760 devstack@neutron-api.service[104479]: DEBUG dbcounter [-] [104479] Writer thread running {{(pid=104479) stat_writer /opt/stack/data/venv/lib/python3.12/site-packages/dbcounter.py:102}}
Apr 16 17:49:20.344434 np0000166760 devstack@neutron-api.service[104478]: INFO neutron.plugins.ml2.managers [None req-335b3eeb-7ae4-4a47-af1a-30af8023ffdf None None] Initializing driver for type 'local'
Apr 16 17:49:20.345379 np0000166760 devstack@neutron-api.service[104478]: INFO neutron.plugins.ml2.managers [None req-335b3eeb-7ae4-4a47-af1a-30af8023ffdf None None] Initializing driver for type 'vlan'
Apr 16 17:49:20.346276 np0000166760 devstack@neutron-api.service[104479]: DEBUG neutron_lib.db.api [None req-6bb4af0a-0e17-48c3-926b-b6967ee05833 None None] Retry wrapper got retriable exception: (pymysql.err.IntegrityError) (1062, "Duplicate entry '1' for key 'ml2_geneve_allocations.PRIMARY'")
Apr 16 17:49:20.346276 np0000166760 devstack@neutron-api.service[104479]: [SQL: INSERT INTO ml2_geneve_allocations (geneve_vni, allocated) VALUES (%(geneve_vni)s, %(allocated)s)]
Apr 16 17:49:20.346276 np0000166760 devstack@neutron-api.service[104479]: [parameters: [{'geneve_vni': 1, 'allocated': 0}, {'geneve_vni': 2, 'allocated': 0}, {'geneve_vni': 3, 'allocated': 0}, {'geneve_vni': 4, 'allocated': 0}, {'geneve_vni': 5, 'allocated': 0}, {'geneve_vni': 6, 'allocated': 0}, {'geneve_vni': 7, 'allocated': 0}, {'geneve_vni': 8, 'allocated': 0} ... displaying 10 of 100 total bound parameter sets ... {'geneve_vni': 99, 'allocated': 0}, {'geneve_vni': 100, 'allocated': 0}]]
Apr 16 17:49:20.346276 np0000166760 devstack@neutron-api.service[104479]: (Background on this error at: https://sqlalche.me/e/20/gkpj) {{(pid=104479) wrapped /opt/stack/data/venv/lib/python3.12/site-packages/neutron_lib/db/api.py:185}}
Apr 16 17:49:20.346648 np0000166760 devstack@neutron-api.service[104481]: DEBUG neutron_lib.db.api [None req-af5416ef-7a1b-424d-993c-f6ae7310173c None None] Retry wrapper got retriable exception: (pymysql.err.IntegrityError) (1062, "Duplicate entry '1' for key 'ml2_geneve_allocations.PRIMARY'")
Apr 16 17:49:20.346648 np0000166760 devstack@neutron-api.service[104481]: [SQL: INSERT INTO ml2_geneve_allocations (geneve_vni, allocated) VALUES (%(geneve_vni)s, %(allocated)s)]
Apr 16 17:49:20.346648 np0000166760 devstack@neutron-api.service[104481]: [parameters: [{'geneve_vni': 1, 'allocated': 0}, {'geneve_vni': 2, 'allocated': 0}, {'geneve_vni': 3, 'allocated': 0}, {'geneve_vni': 4, 'allocated': 0}, {'geneve_vni': 5, 'allocated': 0}, {'geneve_vni': 6, 'allocated': 0}, {'geneve_vni': 7, 'allocated': 0}, {'geneve_vni': 8, 'allocated': 0} ... displaying 10 of 100 total bound parameter sets ... {'geneve_vni': 99, 'allocated': 0}, {'geneve_vni': 100, 'allocated': 0}]]
Apr 16 17:49:20.346648 np0000166760 devstack@neutron-api.service[104481]: (Background on this error at: https://sqlalche.me/e/20/gkpj) {{(pid=104481) wrapped /opt/stack/data/venv/lib/python3.12/site-packages/neutron_lib/db/api.py:185}}
Apr 16 17:49:20.346999 np0000166760 devstack@neutron-api.service[104479]: DEBUG oslo_db.api [None req-6bb4af0a-0e17-48c3-926b-b6967ee05833 None None] Performing DB retry for function neutron.plugins.ml2.drivers.type_tunnel._TunnelTypeDriverBase._sync_allocations {{(pid=104479) wrapper /opt/stack/data/venv/lib/python3.12/site-packages/oslo_db/api.py:155}}
Apr 16 17:49:20.347035 np0000166760 devstack@neutron-api.service[104480]: DEBUG neutron_lib.db.api [None req-9a2664e8-78c3-4303-930f-61d09a02cccb None None] Retry wrapper got retriable exception: (pymysql.err.IntegrityError) (1062, "Duplicate entry '1' for key 'ml2_geneve_allocations.PRIMARY'")
Apr 16 17:49:20.347035 np0000166760 devstack@neutron-api.service[104480]: [SQL: INSERT INTO ml2_geneve_allocations (geneve_vni, allocated) VALUES (%(geneve_vni)s, %(allocated)s)]
Apr 16 17:49:20.347035 np0000166760 devstack@neutron-api.service[104480]: [parameters: [{'geneve_vni': 1, 'allocated': 0}, {'geneve_vni': 2, 'allocated': 0}, {'geneve_vni': 3, 'allocated': 0}, {'geneve_vni': 4, 'allocated': 0}, {'geneve_vni': 5, 'allocated': 0}, {'geneve_vni': 6, 'allocated': 0}, {'geneve_vni': 7, 'allocated': 0}, {'geneve_vni': 8, 'allocated': 0} ... displaying 10 of 100 total bound parameter sets ... {'geneve_vni': 99, 'allocated': 0}, {'geneve_vni': 100, 'allocated': 0}]]
Apr 16 17:49:20.347035 np0000166760 devstack@neutron-api.service[104480]: (Background on this error at: https://sqlalche.me/e/20/gkpj) {{(pid=104480) wrapped /opt/stack/data/venv/lib/python3.12/site-packages/neutron_lib/db/api.py:185}}
Apr 16 17:49:20.347374 np0000166760 devstack@neutron-api.service[104481]: DEBUG oslo_db.api [None req-af5416ef-7a1b-424d-993c-f6ae7310173c None None] Performing DB retry for function neutron.plugins.ml2.drivers.type_tunnel._TunnelTypeDriverBase._sync_allocations {{(pid=104481) wrapper /opt/stack/data/venv/lib/python3.12/site-packages/oslo_db/api.py:155}}
Apr 16 17:49:20.347417 np0000166760 devstack@neutron-api.service[104480]: DEBUG oslo_db.api [None req-9a2664e8-78c3-4303-930f-61d09a02cccb None None] Performing DB retry for function neutron.plugins.ml2.drivers.type_tunnel._TunnelTypeDriverBase._sync_allocations {{(pid=104480) wrapper /opt/stack/data/venv/lib/python3.12/site-packages/oslo_db/api.py:155}}
Apr 16 17:49:20.485024 np0000166760 devstack@neutron-api.service[104478]: INFO neutron.plugins.ml2.drivers.type_vlan [None req-335b3eeb-7ae4-4a47-af1a-30af8023ffdf None None] VlanTypeDriver initialization complete
Apr 16 17:49:20.485257 np0000166760 devstack@neutron-api.service[104478]: INFO neutron.plugins.ml2.managers [None req-335b3eeb-7ae4-4a47-af1a-30af8023ffdf None None] Initializing extension driver 'port_security'
Apr 16 17:49:20.485398 np0000166760 devstack@neutron-api.service[104478]: INFO neutron.plugins.ml2.extensions.port_security [None req-335b3eeb-7ae4-4a47-af1a-30af8023ffdf None None] PortSecurityExtensionDriver initialization complete
Apr 16 17:49:20.485515 np0000166760 devstack@neutron-api.service[104478]: INFO neutron.plugins.ml2.managers [None req-335b3eeb-7ae4-4a47-af1a-30af8023ffdf None None] Initializing extension driver 'qos'
Apr 16 17:49:20.485634 np0000166760 devstack@neutron-api.service[104478]: DEBUG neutron.plugins.ml2.extensions.qos [None req-335b3eeb-7ae4-4a47-af1a-30af8023ffdf None None] QosExtensionDriver initialization complete {{(pid=104478) initialize /opt/stack/neutron/neutron/plugins/ml2/extensions/qos.py:31}}
Apr 16 17:49:20.485806 np0000166760 devstack@neutron-api.service[104478]: INFO neutron.plugins.ml2.managers [None req-335b3eeb-7ae4-4a47-af1a-30af8023ffdf None None] Initializing mechanism driver 'ovn'
Apr 16 17:49:20.485993 np0000166760 devstack@neutron-api.service[104478]: INFO neutron.plugins.ml2.drivers.ovn.mech_driver.mech_driver [None req-335b3eeb-7ae4-4a47-af1a-30af8023ffdf None None] Starting OVNMechanismDriver
Apr 16 17:49:20.487951 np0000166760 devstack@neutron-api.service[104478]: DEBUG neutron_lib.callbacks.manager [None req-335b3eeb-7ae4-4a47-af1a-30af8023ffdf None None] Subscribe: > process before_spawn 55550000, False {{(pid=104478) subscribe /opt/stack/data/venv/lib/python3.12/site-packages/neutron_lib/callbacks/manager.py:52}}
Apr 16 17:49:20.488159 np0000166760 devstack@neutron-api.service[104478]: DEBUG neutron_lib.callbacks.manager [None req-335b3eeb-7ae4-4a47-af1a-30af8023ffdf None None] Subscribe: > process after_init 55550000, True {{(pid=104478) subscribe /opt/stack/data/venv/lib/python3.12/site-packages/neutron_lib/callbacks/manager.py:52}}
Apr 16 17:49:20.488275 np0000166760 devstack@neutron-api.service[104478]: DEBUG neutron_lib.callbacks.manager [None req-335b3eeb-7ae4-4a47-af1a-30af8023ffdf None None] Subscribe: > segment after_create 55550000, False {{(pid=104478) subscribe /opt/stack/data/venv/lib/python3.12/site-packages/neutron_lib/callbacks/manager.py:52}}
Apr 16 17:49:20.488429 np0000166760 devstack@neutron-api.service[104478]: DEBUG neutron_lib.callbacks.manager [None req-335b3eeb-7ae4-4a47-af1a-30af8023ffdf None None] Subscribe: > segment after_create 55550000, False {{(pid=104478) subscribe /opt/stack/data/venv/lib/python3.12/site-packages/neutron_lib/callbacks/manager.py:52}}
Apr 16 17:49:20.488562 np0000166760 devstack@neutron-api.service[104478]: DEBUG neutron_lib.callbacks.manager [None req-335b3eeb-7ae4-4a47-af1a-30af8023ffdf None None] Subscribe: > segment after_delete 55550000, False {{(pid=104478) subscribe /opt/stack/data/venv/lib/python3.12/site-packages/neutron_lib/callbacks/manager.py:52}}
Apr 16 17:49:20.488732 np0000166760 devstack@neutron-api.service[104478]: DEBUG neutron_lib.callbacks.manager [None req-335b3eeb-7ae4-4a47-af1a-30af8023ffdf None None] Subscribe: > allowed_address_pair before_create 55550000, False {{(pid=104478) subscribe /opt/stack/data/venv/lib/python3.12/site-packages/neutron_lib/callbacks/manager.py:52}}
Apr 16 17:49:20.488881 np0000166760 devstack@neutron-api.service[104478]: DEBUG neutron_lib.callbacks.manager [None req-335b3eeb-7ae4-4a47-af1a-30af8023ffdf None None] Subscribe: > security_group precommit_create 55550000, False {{(pid=104478) subscribe /opt/stack/data/venv/lib/python3.12/site-packages/neutron_lib/callbacks/manager.py:52}}
Apr 16 17:49:20.489021 np0000166760 devstack@neutron-api.service[104478]: DEBUG neutron_lib.callbacks.manager [None req-335b3eeb-7ae4-4a47-af1a-30af8023ffdf None None] Subscribe: > security_group after_update 55550000, False {{(pid=104478) subscribe /opt/stack/data/venv/lib/python3.12/site-packages/neutron_lib/callbacks/manager.py:52}}
Apr 16 17:49:20.489197 np0000166760 devstack@neutron-api.service[104478]: DEBUG neutron_lib.callbacks.manager [None req-335b3eeb-7ae4-4a47-af1a-30af8023ffdf None None] Subscribe: > security_group after_create 55550000, False {{(pid=104478) subscribe /opt/stack/data/venv/lib/python3.12/site-packages/neutron_lib/callbacks/manager.py:52}}
Apr 16 17:49:20.489344 np0000166760 devstack@neutron-api.service[104478]: DEBUG neutron_lib.callbacks.manager [None req-335b3eeb-7ae4-4a47-af1a-30af8023ffdf None None] Subscribe: > security_group precommit_delete 55550000, False {{(pid=104478) subscribe /opt/stack/data/venv/lib/python3.12/site-packages/neutron_lib/callbacks/manager.py:52}}
Apr 16 17:49:20.489487 np0000166760 devstack@neutron-api.service[104478]: DEBUG neutron_lib.callbacks.manager [None req-335b3eeb-7ae4-4a47-af1a-30af8023ffdf None None] Subscribe: > security_group after_delete 55550000, False {{(pid=104478) subscribe /opt/stack/data/venv/lib/python3.12/site-packages/neutron_lib/callbacks/manager.py:52}}
Apr 16 17:49:20.489628 np0000166760 devstack@neutron-api.service[104478]: DEBUG neutron_lib.callbacks.manager [None req-335b3eeb-7ae4-4a47-af1a-30af8023ffdf None None] Subscribe: > security_group_rule precommit_create 55550000, False {{(pid=104478) subscribe /opt/stack/data/venv/lib/python3.12/site-packages/neutron_lib/callbacks/manager.py:52}}
Apr 16 17:49:20.489773 np0000166760 devstack@neutron-api.service[104478]: DEBUG neutron_lib.callbacks.manager [None req-335b3eeb-7ae4-4a47-af1a-30af8023ffdf None None] Subscribe: > security_group_rule after_create 55550000, False {{(pid=104478) subscribe /opt/stack/data/venv/lib/python3.12/site-packages/neutron_lib/callbacks/manager.py:52}}
Apr 16 17:49:20.490485 np0000166760 devstack@neutron-api.service[104478]: DEBUG neutron_lib.callbacks.manager [None req-335b3eeb-7ae4-4a47-af1a-30af8023ffdf None None] Subscribe: > security_group_rule before_delete 55550000, False {{(pid=104478) subscribe /opt/stack/data/venv/lib/python3.12/site-packages/neutron_lib/callbacks/manager.py:52}}
Apr 16 17:49:20.490485 np0000166760 devstack@neutron-api.service[104478]: DEBUG neutron_lib.callbacks.manager [None req-335b3eeb-7ae4-4a47-af1a-30af8023ffdf None None] Subscribe: > address_group after_create 55550000, False {{(pid=104478) subscribe /opt/stack/data/venv/lib/python3.12/site-packages/neutron_lib/callbacks/manager.py:52}}
Apr 16 17:49:20.490485 np0000166760 devstack@neutron-api.service[104478]: DEBUG neutron_lib.callbacks.manager [None req-335b3eeb-7ae4-4a47-af1a-30af8023ffdf None None] Subscribe: > address_group after_update 55550000, False {{(pid=104478) subscribe /opt/stack/data/venv/lib/python3.12/site-packages/neutron_lib/callbacks/manager.py:52}}
Apr 16 17:49:20.490485 np0000166760 devstack@neutron-api.service[104478]: DEBUG neutron_lib.callbacks.manager [None req-335b3eeb-7ae4-4a47-af1a-30af8023ffdf None None] Subscribe: > address_group after_delete 55550000, False {{(pid=104478) subscribe /opt/stack/data/venv/lib/python3.12/site-packages/neutron_lib/callbacks/manager.py:52}}
Apr 16 17:49:20.490649 np0000166760 devstack@neutron-api.service[104478]: DEBUG neutron_lib.callbacks.manager [None req-335b3eeb-7ae4-4a47-af1a-30af8023ffdf None None] Subscribe: > qos_plugin after_init 55550000, False {{(pid=104478) subscribe /opt/stack/data/venv/lib/python3.12/site-packages/neutron_lib/callbacks/manager.py:52}}
Apr 16 17:49:20.490854 np0000166760 devstack@neutron-api.service[104478]: DEBUG neutron_lib.callbacks.manager [None req-335b3eeb-7ae4-4a47-af1a-30af8023ffdf None None] Subscribe: > trunk_plugin after_init 55550000, False {{(pid=104478) subscribe /opt/stack/data/venv/lib/python3.12/site-packages/neutron_lib/callbacks/manager.py:52}}
Apr 16 17:49:20.491154 np0000166760 devstack@neutron-api.service[104478]: DEBUG neutron_lib.callbacks.manager [None req-335b3eeb-7ae4-4a47-af1a-30af8023ffdf None None] Subscribe: > logging-plugin after_init 55550000, False {{(pid=104478) subscribe /opt/stack/data/venv/lib/python3.12/site-packages/neutron_lib/callbacks/manager.py:52}}
Apr 16 17:49:20.492777 np0000166760 devstack@neutron-api.service[104478]: INFO neutron.services.logapi.drivers.ovn.driver [None req-335b3eeb-7ae4-4a47-af1a-30af8023ffdf None None] OVN logging driver registered
Apr 16 17:49:20.497234 np0000166760 devstack@neutron-api.service[104478]: DEBUG neutron.plugins.ml2.plugin [None req-335b3eeb-7ae4-4a47-af1a-30af8023ffdf None None] neutron.plugins.ml2.plugin.Ml2Plugin method _start_rpc_notifiers called with arguments () {} {{(pid=104478) wrapper /opt/stack/data/venv/lib/python3.12/site-packages/oslo_log/helpers.py:77}}
Apr 16 17:49:20.497491 np0000166760 devstack@neutron-api.service[104478]: DEBUG neutron_lib.callbacks.manager [None req-335b3eeb-7ae4-4a47-af1a-30af8023ffdf None None] Subscribe: > port after_create 55550000, False {{(pid=104478) subscribe /opt/stack/data/venv/lib/python3.12/site-packages/neutron_lib/callbacks/manager.py:52}}
Apr 16 17:49:20.497696 np0000166760 devstack@neutron-api.service[104478]: DEBUG neutron_lib.callbacks.manager [None req-335b3eeb-7ae4-4a47-af1a-30af8023ffdf None None] Subscribe: > port after_update 55550000, False {{(pid=104478) subscribe /opt/stack/data/venv/lib/python3.12/site-packages/neutron_lib/callbacks/manager.py:52}}
Apr 16 17:49:20.497696 np0000166760 devstack@neutron-api.service[104478]: DEBUG neutron_lib.callbacks.manager [None req-335b3eeb-7ae4-4a47-af1a-30af8023ffdf None None] Subscribe: > port after_delete 55550000, False {{(pid=104478) subscribe /opt/stack/data/venv/lib/python3.12/site-packages/neutron_lib/callbacks/manager.py:52}}
Apr 16 17:49:20.497871 np0000166760 devstack@neutron-api.service[104478]: DEBUG neutron_lib.callbacks.manager [None req-335b3eeb-7ae4-4a47-af1a-30af8023ffdf None None] Subscribe: > subnet after_create 55550000, False {{(pid=104478) subscribe /opt/stack/data/venv/lib/python3.12/site-packages/neutron_lib/callbacks/manager.py:52}}
Apr 16 17:49:20.497912 np0000166760 devstack@neutron-api.service[104478]: DEBUG neutron_lib.callbacks.manager [None req-335b3eeb-7ae4-4a47-af1a-30af8023ffdf None None] Subscribe: > subnet after_update 55550000, False {{(pid=104478) subscribe /opt/stack/data/venv/lib/python3.12/site-packages/neutron_lib/callbacks/manager.py:52}}
Apr 16 17:49:20.498118 np0000166760 devstack@neutron-api.service[104478]: DEBUG neutron_lib.callbacks.manager [None req-335b3eeb-7ae4-4a47-af1a-30af8023ffdf None None] Subscribe: > subnet after_delete 55550000, False {{(pid=104478) subscribe /opt/stack/data/venv/lib/python3.12/site-packages/neutron_lib/callbacks/manager.py:52}}
Apr 16 17:49:20.498118 np0000166760 devstack@neutron-api.service[104478]: DEBUG neutron_lib.callbacks.manager [None req-335b3eeb-7ae4-4a47-af1a-30af8023ffdf None None] Subscribe: > network after_create 55550000, False {{(pid=104478) subscribe /opt/stack/data/venv/lib/python3.12/site-packages/neutron_lib/callbacks/manager.py:52}}
Apr 16 17:49:20.498397 np0000166760 devstack@neutron-api.service[104478]: DEBUG neutron_lib.callbacks.manager [None req-335b3eeb-7ae4-4a47-af1a-30af8023ffdf None None] Subscribe: > network after_update 55550000, False {{(pid=104478) subscribe /opt/stack/data/venv/lib/python3.12/site-packages/neutron_lib/callbacks/manager.py:52}}
Apr 16 17:49:20.498397 np0000166760 devstack@neutron-api.service[104478]: DEBUG neutron_lib.callbacks.manager [None req-335b3eeb-7ae4-4a47-af1a-30af8023ffdf None None] Subscribe: > network after_delete 55550000, False {{(pid=104478) subscribe /opt/stack/data/venv/lib/python3.12/site-packages/neutron_lib/callbacks/manager.py:52}}
Apr 16 17:49:20.498397 np0000166760 devstack@neutron-api.service[104478]: DEBUG neutron_lib.callbacks.manager [None req-335b3eeb-7ae4-4a47-af1a-30af8023ffdf None None] Subscribe: > security_group after_create 55550000, False {{(pid=104478) subscribe /opt/stack/data/venv/lib/python3.12/site-packages/neutron_lib/callbacks/manager.py:52}}
Apr 16 17:49:20.498632 np0000166760 devstack@neutron-api.service[104478]: DEBUG neutron_lib.callbacks.manager [None req-335b3eeb-7ae4-4a47-af1a-30af8023ffdf None None] Subscribe: > security_group after_update 55550000, False {{(pid=104478) subscribe /opt/stack/data/venv/lib/python3.12/site-packages/neutron_lib/callbacks/manager.py:52}}
Apr 16 17:49:20.498632 np0000166760 devstack@neutron-api.service[104478]: DEBUG neutron_lib.callbacks.manager [None req-335b3eeb-7ae4-4a47-af1a-30af8023ffdf None None] Subscribe: > security_group after_delete 55550000, False {{(pid=104478) subscribe /opt/stack/data/venv/lib/python3.12/site-packages/neutron_lib/callbacks/manager.py:52}}
Apr 16 17:49:20.498778 np0000166760 devstack@neutron-api.service[104478]: DEBUG neutron_lib.callbacks.manager [None req-335b3eeb-7ae4-4a47-af1a-30af8023ffdf None None] Subscribe: > security_group_rule after_create 55550000, False {{(pid=104478) subscribe /opt/stack/data/venv/lib/python3.12/site-packages/neutron_lib/callbacks/manager.py:52}}
Apr 16 17:49:20.498778 np0000166760 devstack@neutron-api.service[104478]: DEBUG neutron_lib.callbacks.manager [None req-335b3eeb-7ae4-4a47-af1a-30af8023ffdf None None] Subscribe: > security_group_rule after_update 55550000, False {{(pid=104478) subscribe /opt/stack/data/venv/lib/python3.12/site-packages/neutron_lib/callbacks/manager.py:52}}
Apr 16 17:49:20.498987 np0000166760 devstack@neutron-api.service[104478]: DEBUG neutron_lib.callbacks.manager [None req-335b3eeb-7ae4-4a47-af1a-30af8023ffdf None None] Subscribe: > security_group_rule after_delete 55550000, False {{(pid=104478) subscribe /opt/stack/data/venv/lib/python3.12/site-packages/neutron_lib/callbacks/manager.py:52}}
Apr 16 17:49:20.498987 np0000166760 devstack@neutron-api.service[104478]: DEBUG neutron_lib.callbacks.manager [None req-335b3eeb-7ae4-4a47-af1a-30af8023ffdf None None] Subscribe: > address_group after_create 55550000, False {{(pid=104478) subscribe /opt/stack/data/venv/lib/python3.12/site-packages/neutron_lib/callbacks/manager.py:52}}
Apr 16 17:49:20.499250 np0000166760 devstack@neutron-api.service[104478]: DEBUG neutron_lib.callbacks.manager [None req-335b3eeb-7ae4-4a47-af1a-30af8023ffdf None None] Subscribe: > address_group after_update 55550000, False {{(pid=104478) subscribe /opt/stack/data/venv/lib/python3.12/site-packages/neutron_lib/callbacks/manager.py:52}}
Apr 16 17:49:20.499250 np0000166760 devstack@neutron-api.service[104478]: DEBUG neutron_lib.callbacks.manager [None req-335b3eeb-7ae4-4a47-af1a-30af8023ffdf None None] Subscribe: > address_group after_delete 55550000, False {{(pid=104478) subscribe /opt/stack/data/venv/lib/python3.12/site-packages/neutron_lib/callbacks/manager.py:52}}
Apr 16 17:49:20.499250 np0000166760 devstack@neutron-api.service[104478]: DEBUG neutron.plugins.ml2.ovo_rpc [None req-335b3eeb-7ae4-4a47-af1a-30af8023ffdf None None] ML2 OVO RPC backend initialized. {{(pid=104478) __init__ /opt/stack/neutron/neutron/plugins/ml2/ovo_rpc.py:117}}
Apr 16 17:49:20.500017 np0000166760 devstack@neutron-api.service[104478]: INFO neutron.quota [None req-335b3eeb-7ae4-4a47-af1a-30af8023ffdf None None] Loaded quota_driver: .
Apr 16 17:49:20.500208 np0000166760 devstack@neutron-api.service[104478]: INFO neutron.plugins.ml2.plugin [None req-335b3eeb-7ae4-4a47-af1a-30af8023ffdf None None] Modular L2 Plugin initialization complete
Apr 16 17:49:20.500336 np0000166760 devstack@neutron-api.service[104478]: DEBUG neutron.manager [None req-335b3eeb-7ae4-4a47-af1a-30af8023ffdf None None] Loading services supported by the core plugin {{(pid=104478) _load_services_from_core_plugin /opt/stack/neutron/neutron/manager.py:170}}
Apr 16 17:49:20.500442 np0000166760 devstack@neutron-api.service[104478]: INFO neutron.plugins.ml2.managers [None req-335b3eeb-7ae4-4a47-af1a-30af8023ffdf None None] Got port-security extension from driver 'port_security'
Apr 16 17:49:20.500734 np0000166760 devstack@neutron-api.service[104478]: DEBUG neutron.manager [None req-335b3eeb-7ae4-4a47-af1a-30af8023ffdf None None] Loading service plugins: ['ovn-router', 'auto_allocate', 'tag', 'timestamp', 'network_ip_availability', 'flavors', 'revisions'] {{(pid=104478) _load_service_plugins /opt/stack/neutron/neutron/manager.py:195}}
Apr 16 17:49:20.500824 np0000166760 devstack@neutron-api.service[104478]: INFO neutron.manager [None req-335b3eeb-7ae4-4a47-af1a-30af8023ffdf None None] Loading Plugin: ovn-router
Apr 16 17:49:20.536015 np0000166760 devstack@neutron-api.service[104478]: DEBUG neutron_lib.callbacks.manager [None req-335b3eeb-7ae4-4a47-af1a-30af8023ffdf None None] Subscribe: > router before_delete 55550000, False {{(pid=104478) subscribe /opt/stack/data/venv/lib/python3.12/site-packages/neutron_lib/callbacks/manager.py:52}}
Apr 16 17:49:20.536206 np0000166760 devstack@neutron-api.service[104478]: DEBUG neutron_lib.callbacks.manager [None req-335b3eeb-7ae4-4a47-af1a-30af8023ffdf None None] Subscribe: port after_update 55550000, False {{(pid=104478) subscribe /opt/stack/data/venv/lib/python3.12/site-packages/neutron_lib/callbacks/manager.py:52}}
Apr 16 17:49:20.536320 np0000166760 devstack@neutron-api.service[104478]: DEBUG neutron_lib.callbacks.manager [None req-335b3eeb-7ae4-4a47-af1a-30af8023ffdf None None] Subscribe: port after_delete 55550000, False {{(pid=104478) subscribe /opt/stack/data/venv/lib/python3.12/site-packages/neutron_lib/callbacks/manager.py:52}}
Apr 16 17:49:20.536320 np0000166760 devstack@neutron-api.service[104478]: DEBUG neutron_lib.callbacks.manager [None req-335b3eeb-7ae4-4a47-af1a-30af8023ffdf None None] Subscribe: subnet after_update 55550000, False {{(pid=104478) subscribe /opt/stack/data/venv/lib/python3.12/site-packages/neutron_lib/callbacks/manager.py:52}}
Apr 16 17:49:20.536454 np0000166760 devstack@neutron-api.service[104478]: DEBUG neutron_lib.callbacks.manager [None req-335b3eeb-7ae4-4a47-af1a-30af8023ffdf None None] Subscribe: subnetpool_address_scope after_update 55550000, False {{(pid=104478) subscribe /opt/stack/data/venv/lib/python3.12/site-packages/neutron_lib/callbacks/manager.py:52}}
Apr 16 17:49:20.536535 np0000166760 devstack@neutron-api.service[104478]: DEBUG neutron_lib.callbacks.manager [None req-335b3eeb-7ae4-4a47-af1a-30af8023ffdf None None] Subscribe: port before_update 55550000, False {{(pid=104478) subscribe /opt/stack/data/venv/lib/python3.12/site-packages/neutron_lib/callbacks/manager.py:52}}
Apr 16 17:49:20.538513 np0000166760 devstack@neutron-api.service[104478]: DEBUG neutron_lib.callbacks.manager [None req-335b3eeb-7ae4-4a47-af1a-30af8023ffdf None None] Subscribe: port after_update 55550000, False {{(pid=104478) subscribe /opt/stack/data/venv/lib/python3.12/site-packages/neutron_lib/callbacks/manager.py:52}}
Apr 16 17:49:20.538513 np0000166760 devstack@neutron-api.service[104478]: DEBUG neutron_lib.callbacks.manager [None req-335b3eeb-7ae4-4a47-af1a-30af8023ffdf None None] Subscribe: > port precommit_delete 55550000, False {{(pid=104478) subscribe /opt/stack/data/venv/lib/python3.12/site-packages/neutron_lib/callbacks/manager.py:52}}
Apr 16 17:49:20.538513 np0000166760 devstack@neutron-api.service[104478]: DEBUG neutron_lib.callbacks.manager [None req-335b3eeb-7ae4-4a47-af1a-30af8023ffdf None None] Subscribe: port before_update 55550000, False {{(pid=104478) subscribe /opt/stack/data/venv/lib/python3.12/site-packages/neutron_lib/callbacks/manager.py:52}}
Apr 16 17:49:20.538513 np0000166760 devstack@neutron-api.service[104478]: DEBUG neutron_lib.callbacks.manager [None req-335b3eeb-7ae4-4a47-af1a-30af8023ffdf None None] Subscribe: port before_delete 55550000, False {{(pid=104478) subscribe /opt/stack/data/venv/lib/python3.12/site-packages/neutron_lib/callbacks/manager.py:52}}
Apr 16 17:49:20.538513 np0000166760 devstack@neutron-api.service[104478]: DEBUG neutron_lib.callbacks.manager [None req-335b3eeb-7ae4-4a47-af1a-30af8023ffdf None None] Subscribe: > router precommit_create 55550000, False {{(pid=104478) subscribe /opt/stack/data/venv/lib/python3.12/site-packages/neutron_lib/callbacks/manager.py:52}}
Apr 16 17:49:20.538924 np0000166760 devstack@neutron-api.service[104478]: DEBUG neutron_lib.callbacks.manager [None req-335b3eeb-7ae4-4a47-af1a-30af8023ffdf None None] Subscribe: > router precommit_create 55550000, False {{(pid=104478) subscribe /opt/stack/data/venv/lib/python3.12/site-packages/neutron_lib/callbacks/manager.py:52}}
Apr 16 17:49:20.538924 np0000166760 devstack@neutron-api.service[104478]: DEBUG neutron_lib.callbacks.manager [None req-335b3eeb-7ae4-4a47-af1a-30af8023ffdf None None] Subscribe: > router precommit_update 55550000, False {{(pid=104478) subscribe /opt/stack/data/venv/lib/python3.12/site-packages/neutron_lib/callbacks/manager.py:52}}
Apr 16 17:49:20.538924 np0000166760 devstack@neutron-api.service[104478]: DEBUG neutron_lib.callbacks.manager [None req-335b3eeb-7ae4-4a47-af1a-30af8023ffdf None None] Subscribe: subnet after_update 55550000, False {{(pid=104478) subscribe /opt/stack/data/venv/lib/python3.12/site-packages/neutron_lib/callbacks/manager.py:52}}
Apr 16 17:49:20.538924 np0000166760 devstack@neutron-api.service[104478]: DEBUG neutron.quota.resource_registry [None req-335b3eeb-7ae4-4a47-af1a-30af8023ffdf None None] Tracking information for resource: router configured {{(pid=104478) set_tracked_resource /opt/stack/neutron/neutron/quota/resource_registry.py:203}}
Apr 16 17:49:20.538924 np0000166760 devstack@neutron-api.service[104478]: DEBUG neutron.quota.resource_registry [None req-335b3eeb-7ae4-4a47-af1a-30af8023ffdf None None] Tracking information for resource: floatingip configured {{(pid=104478) set_tracked_resource /opt/stack/neutron/neutron/quota/resource_registry.py:203}}
Apr 16 17:49:20.538924 np0000166760 devstack@neutron-api.service[104478]: INFO neutron.services.ovn_l3.plugin [None req-335b3eeb-7ae4-4a47-af1a-30af8023ffdf None None] Starting OVNL3RouterPlugin
Apr 16 17:49:20.539388 np0000166760 devstack@neutron-api.service[104478]: DEBUG neutron_lib.callbacks.manager [None req-335b3eeb-7ae4-4a47-af1a-30af8023ffdf None None] Subscribe: > port_forwarding_plugin after_init 55550000, False {{(pid=104478) subscribe /opt/stack/data/venv/lib/python3.12/site-packages/neutron_lib/callbacks/manager.py:52}}
Apr 16 17:49:20.539388 np0000166760 devstack@neutron-api.service[104478]: DEBUG neutron_lib.callbacks.manager [None req-335b3eeb-7ae4-4a47-af1a-30af8023ffdf None None] Subscribe: > router before_create 55550100, False {{(pid=104478) subscribe /opt/stack/data/venv/lib/python3.12/site-packages/neutron_lib/callbacks/manager.py:52}}
Apr 16 17:49:20.539388 np0000166760 devstack@neutron-api.service[104478]: DEBUG neutron_lib.callbacks.manager [None req-335b3eeb-7ae4-4a47-af1a-30af8023ffdf None None] Subscribe: > router precommit_delete 55550100, False {{(pid=104478) subscribe /opt/stack/data/venv/lib/python3.12/site-packages/neutron_lib/callbacks/manager.py:52}}
Apr 16 17:49:20.539388 np0000166760 devstack@neutron-api.service[104478]: DEBUG neutron_lib.callbacks.manager [None req-335b3eeb-7ae4-4a47-af1a-30af8023ffdf None None] Subscribe: > router precommit_create 55550100, False {{(pid=104478) subscribe /opt/stack/data/venv/lib/python3.12/site-packages/neutron_lib/callbacks/manager.py:52}}
Apr 16 17:49:20.540159 np0000166760 devstack@neutron-api.service[104478]: DEBUG neutron_lib.callbacks.manager [None req-335b3eeb-7ae4-4a47-af1a-30af8023ffdf None None] Subscribe: > router precommit_update 55550100, False {{(pid=104478) subscribe /opt/stack/data/venv/lib/python3.12/site-packages/neutron_lib/callbacks/manager.py:52}}
Apr 16 17:49:20.543922 np0000166760 devstack@neutron-api.service[104478]: DEBUG neutron.services.provider_configuration [None req-335b3eeb-7ae4-4a47-af1a-30af8023ffdf None None] Service providers = [] {{(pid=104478) parse_service_provider_opt /opt/stack/neutron/neutron/services/provider_configuration.py:170}}
Apr 16 17:49:20.543922 np0000166760 devstack@neutron-api.service[104478]: DEBUG neutron.db.servicetype_db [None req-335b3eeb-7ae4-4a47-af1a-30af8023ffdf None None] Adding provider configuration for service L3_ROUTER_NAT {{(pid=104478) add_provider_configuration /opt/stack/neutron/neutron/db/servicetype_db.py:42}}
Apr 16 17:49:20.550348 np0000166760 devstack@neutron-api.service[104478]: DEBUG neutron_lib.callbacks.manager [None req-335b3eeb-7ae4-4a47-af1a-30af8023ffdf None None] Subscribe: > router precommit_create 55549900, False {{(pid=104478) subscribe /opt/stack/data/venv/lib/python3.12/site-packages/neutron_lib/callbacks/manager.py:52}}
Apr 16 17:49:20.550538 np0000166760 devstack@neutron-api.service[104478]: DEBUG neutron_lib.callbacks.manager [None req-335b3eeb-7ae4-4a47-af1a-30af8023ffdf None None] Subscribe: > router_interface after_create 55550000, False {{(pid=104478) subscribe /opt/stack/data/venv/lib/python3.12/site-packages/neutron_lib/callbacks/manager.py:52}}
Apr 16 17:49:20.550656 np0000166760 devstack@neutron-api.service[104478]: DEBUG neutron_lib.callbacks.manager [None req-335b3eeb-7ae4-4a47-af1a-30af8023ffdf None None] Subscribe: > floatingip after_create 55550000, False {{(pid=104478) subscribe /opt/stack/data/venv/lib/python3.12/site-packages/neutron_lib/callbacks/manager.py:52}}
Apr 16 17:49:20.550874 np0000166760 devstack@neutron-api.service[104478]: DEBUG neutron_lib.callbacks.manager [None req-335b3eeb-7ae4-4a47-af1a-30af8023ffdf None None] Subscribe: > floatingip precommit_create 55550000, False {{(pid=104478) subscribe /opt/stack/data/venv/lib/python3.12/site-packages/neutron_lib/callbacks/manager.py:52}}
Apr 16 17:49:20.551015 np0000166760 devstack@neutron-api.service[104478]: DEBUG neutron_lib.callbacks.manager [None req-335b3eeb-7ae4-4a47-af1a-30af8023ffdf None None] Subscribe: > floatingip precommit_update 55550000, False {{(pid=104478) subscribe /opt/stack/data/venv/lib/python3.12/site-packages/neutron_lib/callbacks/manager.py:52}}
Apr 16 17:49:20.551015 np0000166760 devstack@neutron-api.service[104478]: DEBUG neutron_lib.callbacks.manager [None req-335b3eeb-7ae4-4a47-af1a-30af8023ffdf None None] Subscribe: > floatingip after_delete 55550000, False {{(pid=104478) subscribe /opt/stack/data/venv/lib/python3.12/site-packages/neutron_lib/callbacks/manager.py:52}}
Apr 16 17:49:20.551252 np0000166760 devstack@neutron-api.service[104478]: DEBUG neutron_lib.callbacks.manager [None req-335b3eeb-7ae4-4a47-af1a-30af8023ffdf None None] Subscribe: > floatingip after_status_update 55550000, False {{(pid=104478) subscribe /opt/stack/data/venv/lib/python3.12/site-packages/neutron_lib/callbacks/manager.py:52}}
Apr 16 17:49:20.551252 np0000166760 devstack@neutron-api.service[104478]: DEBUG neutron_lib.callbacks.manager [None req-335b3eeb-7ae4-4a47-af1a-30af8023ffdf None None] Subscribe: > floatingip after_update 55550000, False {{(pid=104478) subscribe /opt/stack/data/venv/lib/python3.12/site-packages/neutron_lib/callbacks/manager.py:52}}
Apr 16 17:49:20.551336 np0000166760 devstack@neutron-api.service[104478]: DEBUG neutron_lib.callbacks.manager [None req-335b3eeb-7ae4-4a47-af1a-30af8023ffdf None None] Subscribe: > port_forwarding after_create 55550000, False {{(pid=104478) subscribe /opt/stack/data/venv/lib/python3.12/site-packages/neutron_lib/callbacks/manager.py:52}}
Apr 16 17:49:20.551530 np0000166760 devstack@neutron-api.service[104478]: DEBUG neutron_lib.callbacks.manager [None req-335b3eeb-7ae4-4a47-af1a-30af8023ffdf None None] Subscribe: > router_interface after_delete 55550000, False {{(pid=104478) subscribe /opt/stack/data/venv/lib/python3.12/site-packages/neutron_lib/callbacks/manager.py:52}}
Apr 16 17:49:20.551530 np0000166760 devstack@neutron-api.service[104478]: DEBUG neutron_lib.callbacks.manager [None req-335b3eeb-7ae4-4a47-af1a-30af8023ffdf None None] Subscribe: > router after_create 55550000, False {{(pid=104478) subscribe /opt/stack/data/venv/lib/python3.12/site-packages/neutron_lib/callbacks/manager.py:52}}
Apr 16 17:49:20.551631 np0000166760 devstack@neutron-api.service[104478]: DEBUG neutron_lib.callbacks.manager [None req-335b3eeb-7ae4-4a47-af1a-30af8023ffdf None None] Subscribe: > router precommit_create 55550000, False {{(pid=104478) subscribe /opt/stack/data/venv/lib/python3.12/site-packages/neutron_lib/callbacks/manager.py:52}}
Apr 16 17:49:20.551905 np0000166760 devstack@neutron-api.service[104478]: DEBUG neutron_lib.callbacks.manager [None req-335b3eeb-7ae4-4a47-af1a-30af8023ffdf None None] Subscribe: > router after_delete 55550000, False {{(pid=104478) subscribe /opt/stack/data/venv/lib/python3.12/site-packages/neutron_lib/callbacks/manager.py:52}}
Apr 16 17:49:20.551905 np0000166760 devstack@neutron-api.service[104478]: DEBUG neutron_lib.callbacks.manager [None req-335b3eeb-7ae4-4a47-af1a-30af8023ffdf None None] Subscribe: > router after_update 55550000, False {{(pid=104478) subscribe /opt/stack/data/venv/lib/python3.12/site-packages/neutron_lib/callbacks/manager.py:52}}
Apr 16 17:49:20.552175 np0000166760 devstack@neutron-api.service[104478]: DEBUG neutron.services.service_base [None req-335b3eeb-7ae4-4a47-af1a-30af8023ffdf None None] Loaded 'neutron.services.ovn_l3.service_providers.ovn.OvnDriver' provider for service L3_ROUTER_NAT {{(pid=104478) load_drivers /opt/stack/neutron/neutron/services/service_base.py:49}}
Apr 16 17:49:20.552175 np0000166760 devstack@neutron-api.service[104478]: DEBUG neutron_lib.callbacks.manager [None req-335b3eeb-7ae4-4a47-af1a-30af8023ffdf None None] Subscribe: > process after_init 55550001, True {{(pid=104478) subscribe /opt/stack/data/venv/lib/python3.12/site-packages/neutron_lib/callbacks/manager.py:52}}
Apr 16 17:49:20.552401 np0000166760 devstack@neutron-api.service[104478]: DEBUG neutron.manager [None req-335b3eeb-7ae4-4a47-af1a-30af8023ffdf None None] Successfully loaded L3_ROUTER_NAT plugin. Description: L3 Router Service Plugin for basic L3 forwarding using OVN {{(pid=104478) _create_and_add_service_plugin /opt/stack/neutron/neutron/manager.py:239}}
Apr 16 17:49:20.552401 np0000166760 devstack@neutron-api.service[104478]: INFO neutron.manager [None req-335b3eeb-7ae4-4a47-af1a-30af8023ffdf None None] Loading Plugin: auto_allocate
Apr 16 17:49:20.557035 np0000166760 devstack@neutron-api.service[104478]: DEBUG neutron_lib.callbacks.manager [None req-335b3eeb-7ae4-4a47-af1a-30af8023ffdf None None] Subscribe: network precommit_update 55550000, False {{(pid=104478) subscribe /opt/stack/data/venv/lib/python3.12/site-packages/neutron_lib/callbacks/manager.py:52}}
Apr 16 17:49:20.557186 np0000166760 devstack@neutron-api.service[104478]: DEBUG neutron_lib.callbacks.manager [None req-335b3eeb-7ae4-4a47-af1a-30af8023ffdf None None] Subscribe: network precommit_create 55550000, False {{(pid=104478) subscribe /opt/stack/data/venv/lib/python3.12/site-packages/neutron_lib/callbacks/manager.py:52}}
Apr 16 17:49:20.557415 np0000166760 devstack@neutron-api.service[104478]: DEBUG neutron.manager [None req-335b3eeb-7ae4-4a47-af1a-30af8023ffdf None None] Successfully loaded auto-allocated-topology plugin. Description: Auto Allocated Topology - aka get me a network. {{(pid=104478) _create_and_add_service_plugin /opt/stack/neutron/neutron/manager.py:239}}
Apr 16 17:49:20.557505 np0000166760 devstack@neutron-api.service[104478]: INFO neutron.manager [None req-335b3eeb-7ae4-4a47-af1a-30af8023ffdf None None] Loading Plugin: tag
Apr 16 17:49:20.565411 np0000166760 devstack@neutron-api.service[104478]: DEBUG neutron.manager [None req-335b3eeb-7ae4-4a47-af1a-30af8023ffdf None None] Successfully loaded TAG plugin. Description: Tag support {{(pid=104478) _create_and_add_service_plugin /opt/stack/neutron/neutron/manager.py:239}}
Apr 16 17:49:20.565489 np0000166760 devstack@neutron-api.service[104478]: INFO neutron.manager [None req-335b3eeb-7ae4-4a47-af1a-30af8023ffdf None None] Loading Plugin: timestamp
Apr 16 17:49:20.568039 np0000166760 devstack@neutron-api.service[104478]: DEBUG neutron.manager [None req-335b3eeb-7ae4-4a47-af1a-30af8023ffdf None None] Successfully loaded timestamp plugin. Description: Adds timestamps to Neutron resources with standard attributes {{(pid=104478) _create_and_add_service_plugin /opt/stack/neutron/neutron/manager.py:239}}
Apr 16 17:49:20.568184 np0000166760 devstack@neutron-api.service[104478]: INFO neutron.manager [None req-335b3eeb-7ae4-4a47-af1a-30af8023ffdf None None] Loading Plugin: network_ip_availability
Apr 16 17:49:20.573339 np0000166760 devstack@neutron-api.service[104478]: DEBUG neutron.manager [None req-335b3eeb-7ae4-4a47-af1a-30af8023ffdf None None] Successfully loaded network-ip-availability plugin. Description: Provides IP availability data for each network and subnet. {{(pid=104478) _create_and_add_service_plugin /opt/stack/neutron/neutron/manager.py:239}}
Apr 16 17:49:20.573444 np0000166760 devstack@neutron-api.service[104478]: INFO neutron.manager [None req-335b3eeb-7ae4-4a47-af1a-30af8023ffdf None None] Loading Plugin: flavors
Apr 16 17:49:20.576839 np0000166760 devstack@neutron-api.service[104478]: DEBUG neutron.manager [None req-335b3eeb-7ae4-4a47-af1a-30af8023ffdf None None] Successfully loaded FLAVORS plugin. Description: Neutron Flavors and Service Profiles manager plugin {{(pid=104478) _create_and_add_service_plugin /opt/stack/neutron/neutron/manager.py:239}}
Apr 16 17:49:20.576942 np0000166760 devstack@neutron-api.service[104478]: INFO neutron.manager [None req-335b3eeb-7ae4-4a47-af1a-30af8023ffdf None None] Loading Plugin: revisions
Apr 16 17:49:20.580533 np0000166760 devstack@neutron-api.service[104478]: DEBUG neutron.manager [None req-335b3eeb-7ae4-4a47-af1a-30af8023ffdf None None] Successfully loaded revision_plugin plugin. Description: Adds revision numbers to resources. {{(pid=104478) _create_and_add_service_plugin /opt/stack/neutron/neutron/manager.py:239}}
Apr 16 17:49:20.580669 np0000166760 devstack@neutron-api.service[104478]: DEBUG oslo_concurrency.lockutils [None req-335b3eeb-7ae4-4a47-af1a-30af8023ffdf None None] Lock "manager" "released" by "neutron.manager.NeutronManager._create_instance" :: held 3.672s {{(pid=104478) inner /opt/stack/data/venv/lib/python3.12/site-packages/oslo_concurrency/lockutils.py:538}}
Apr 16 17:49:20.580952 np0000166760 devstack@neutron-api.service[104478]: DEBUG neutron.api.extensions [None req-335b3eeb-7ae4-4a47-af1a-30af8023ffdf None None] get_extension_paths = OrderedDict({'/opt/stack/neutron/neutron/extensions': 1}) {{(pid=104478) get_extensions_path /opt/stack/neutron/neutron/api/extensions.py:640}}
Apr 16 17:49:20.581116 np0000166760 devstack@neutron-api.service[104478]: INFO neutron.api.extensions [None req-335b3eeb-7ae4-4a47-af1a-30af8023ffdf None None] Initializing extension manager.
Apr 16 17:49:20.581392 np0000166760 devstack@neutron-api.service[104478]: DEBUG neutron.api.extensions [None req-335b3eeb-7ae4-4a47-af1a-30af8023ffdf None None] Loading extension file: __init__.py {{(pid=104478) _load_all_extensions_from_path /opt/stack/neutron/neutron/api/extensions.py:449}}
Apr 16 17:49:20.581624 np0000166760 devstack@neutron-api.service[104478]: DEBUG neutron.api.extensions [None req-335b3eeb-7ae4-4a47-af1a-30af8023ffdf None None] Loading extension file: __pycache__ {{(pid=104478) _load_all_extensions_from_path /opt/stack/neutron/neutron/api/extensions.py:449}}
Apr 16 17:49:20.581762 np0000166760 devstack@neutron-api.service[104478]: DEBUG neutron.api.extensions [None req-335b3eeb-7ae4-4a47-af1a-30af8023ffdf None None] Loading extension file: address_group.py {{(pid=104478) _load_all_extensions_from_path /opt/stack/neutron/neutron/api/extensions.py:449}}
Apr 16 17:49:20.582202 np0000166760 devstack@neutron-api.service[104478]: DEBUG neutron.api.extensions [None req-335b3eeb-7ae4-4a47-af1a-30af8023ffdf None None] Ext name="Address group" alias="address-group" description="Support address group" updated="2020-07-15T10:00:00-00:00" {{(pid=104478) _check_extension /opt/stack/neutron/neutron/api/extensions.py:415}}
Apr 16 17:49:20.582444 np0000166760 devstack@neutron-api.service[104478]: INFO neutron.api.extensions [None req-335b3eeb-7ae4-4a47-af1a-30af8023ffdf None None] Loaded extension: address-group
Apr 16 17:49:20.582527 np0000166760 devstack@neutron-api.service[104478]: DEBUG neutron.api.extensions [None req-335b3eeb-7ae4-4a47-af1a-30af8023ffdf None None] Loading extension file: address_scope.py {{(pid=104478) _load_all_extensions_from_path /opt/stack/neutron/neutron/api/extensions.py:449}}
Apr 16 17:49:20.582844 np0000166760 devstack@neutron-api.service[104478]: DEBUG neutron.api.extensions [None req-335b3eeb-7ae4-4a47-af1a-30af8023ffdf None None] Ext name="Address scope" alias="address-scope" description="Address scopes extension." updated="2015-07-26T10:00:00-00:00" {{(pid=104478) _check_extension /opt/stack/neutron/neutron/api/extensions.py:415}}
Apr 16 17:49:20.583020 np0000166760 devstack@neutron-api.service[104478]: INFO neutron.api.extensions [None req-335b3eeb-7ae4-4a47-af1a-30af8023ffdf None None] Loaded extension: address-scope
Apr 16 17:49:20.583126 np0000166760 devstack@neutron-api.service[104478]: DEBUG neutron.api.extensions [None req-335b3eeb-7ae4-4a47-af1a-30af8023ffdf None None] Loading extension file: admin_state_down_before_update.py {{(pid=104478) _load_all_extensions_from_path /opt/stack/neutron/neutron/api/extensions.py:449}}
Apr 16 17:49:20.583602 np0000166760 devstack@neutron-api.service[104478]: DEBUG neutron.api.extensions [None req-335b3eeb-7ae4-4a47-af1a-30af8023ffdf None None] Ext name="Enforce Router's Admin State Down Before Update Extension" alias="router-admin-state-down-before-update" description="Ensure that the admin state of a router is DOWN (admin_state_up=False) before updating the distributed attribute" updated="2019-07-02T15:56:00" {{(pid=104478) _check_extension /opt/stack/neutron/neutron/api/extensions.py:415}}
Apr 16 17:49:20.583792 np0000166760 devstack@neutron-api.service[104478]: INFO neutron.api.extensions [None req-335b3eeb-7ae4-4a47-af1a-30af8023ffdf None None] Extension router-admin-state-down-before-update not supported by any of loaded plugins
Apr 16 17:49:20.583878 np0000166760 devstack@neutron-api.service[104478]: DEBUG neutron.api.extensions [None req-335b3eeb-7ae4-4a47-af1a-30af8023ffdf None None] Loading extension file: agent.py {{(pid=104478) _load_all_extensions_from_path /opt/stack/neutron/neutron/api/extensions.py:449}}
