+ COMMAND=start + start + exec neutron-rpc-server --config-file /etc/neutron/neutron.conf --config-file /etc/neutron/plugins/ml2/ml2_conf.ini /var/lib/openstack/lib/python3.10/site-packages/munch/__init__.py:24: UserWarning: pkg_resources is deprecated as an API. See https://setuptools.pypa.io/en/latest/pkg_resources.html. The pkg_resources package is slated for removal as early as 2025-11-30. Refrain from using this package or pin to Setuptools<81. import pkg_resources
2026-08-26 01:06:17.689 1 INFO neutron.common.config [-] Logging enabled!
2026-08-26 01:06:17.689 1 INFO neutron.common.config [-] /var/lib/openstack/bin/neutron-rpc-server version 21.2.26.dev5
2026-08-26 01:06:17.690 1 INFO neutron.server.rpc_eventlet [-] Eventlet based AMQP RPC server starting...
2026-08-26 01:06:17.690 1 INFO neutron.manager [-] Loading core plugin: ml2
2026-08-26 01:06:18.426 1 INFO neutron.plugins.ml2.managers [-] Configured type driver names: ['flat', 'gre', 'vlan', 'vxlan']
2026-08-26 01:06:18.428 1 INFO neutron.plugins.ml2.drivers.type_flat [-] Arbitrary flat physical_network names allowed
2026-08-26 01:06:18.431 1 INFO neutron.plugins.ml2.drivers.type_vlan [-] Network VLAN ranges: OrderedDict([('external', [(1, 4094)])])
2026-08-26 01:06:18.432 1 INFO neutron.plugins.ml2.managers [-] Loaded type driver names: ['flat', 'gre', 'vlan', 'vxlan']
2026-08-26 01:06:18.432 1 INFO neutron.plugins.ml2.managers [-] Registered types: dict_keys(['flat', 'gre', 'vlan', 'vxlan'])
2026-08-26 01:06:18.432 1 INFO neutron.plugins.ml2.managers [-] Tenant network_types: ['vxlan']
2026-08-26 01:06:18.432 1 INFO neutron.plugins.ml2.managers [-] Configured extension driver names: ['dns_domain_ports', 'port_security', 'qos']
2026-08-26 01:06:18.437 1 INFO neutron.plugins.ml2.managers [-] Loaded extension driver names: ['dns_domain_ports', 'port_security', 'qos']
2026-08-26 01:06:18.437 1 INFO neutron.plugins.ml2.managers [-] Registered extension drivers: ['dns_domain_ports', 'port_security', 'qos']
2026-08-26 01:06:18.437 1 INFO neutron.plugins.ml2.managers [-] Configured mechanism driver names: ['openvswitch', 'l2population']
2026-08-26 01:06:18.455 1 INFO neutron.plugins.ml2.drivers.mech_agent [-] Open vSwitch agent's supported_vnic_types: ['normal', 'direct', 'smart-nic', 'vdpa']
2026-08-26 01:06:18.456 1 INFO neutron.plugins.ml2.managers [-] Loaded mechanism driver names: ['openvswitch', 'l2population']
2026-08-26 01:06:18.456 1 INFO neutron.plugins.ml2.managers [-] Registered mechanism drivers: ['openvswitch', 'l2population']
2026-08-26 01:06:18.485 1 INFO neutron.plugins.ml2.managers [-] Initializing driver for type 'flat'
2026-08-26 01:06:18.485 1 INFO neutron.plugins.ml2.drivers.type_flat [-] ML2 FlatTypeDriver initialization complete
2026-08-26 01:06:18.485 1 INFO neutron.plugins.ml2.managers [-] Initializing driver for type 'gre'
2026-08-26 01:06:18.485 1 INFO neutron.plugins.ml2.drivers.type_tunnel [-] gre ID ranges: [(1, 1000)]
2026-08-26 01:06:18.735 1 INFO neutron.plugins.ml2.managers [None req-49a142d9-02e0-470a-9369-806d5c37db4b - - - - - -] Initializing driver for type 'vlan'
2026-08-26 01:06:19.027 1 INFO neutron.plugins.ml2.drivers.type_vlan [None req-49a142d9-02e0-470a-9369-806d5c37db4b - - - - - -] VlanTypeDriver initialization complete
2026-08-26 01:06:19.027 1 INFO neutron.plugins.ml2.managers [None req-49a142d9-02e0-470a-9369-806d5c37db4b - - - - - -] Initializing driver for type 'vxlan'
2026-08-26 01:06:19.028 1 INFO neutron.plugins.ml2.drivers.type_tunnel [None req-49a142d9-02e0-470a-9369-806d5c37db4b - - - - - -] vxlan ID ranges: [(1, 1000)]
2026-08-26 01:06:19.087 1 INFO neutron.plugins.ml2.managers [None req-49a142d9-02e0-470a-9369-806d5c37db4b - - - - - -] Initializing extension driver 'dns_domain_ports'
2026-08-26 01:06:19.087 1 INFO neutron.plugins.ml2.extensions.dns_integration [None req-49a142d9-02e0-470a-9369-806d5c37db4b - - - - - -] DNSDomainPortsExtensionDriver initialization complete
2026-08-26 01:06:19.088 1 INFO neutron.plugins.ml2.managers [None req-49a142d9-02e0-470a-9369-806d5c37db4b - - - - - -] Initializing extension driver 'port_security'
2026-08-26 01:06:19.088 1 INFO neutron.plugins.ml2.extensions.port_security [None req-49a142d9-02e0-470a-9369-806d5c37db4b - - - - - -] PortSecurityExtensionDriver initialization complete
2026-08-26 01:06:19.088 1 INFO neutron.plugins.ml2.managers [None req-49a142d9-02e0-470a-9369-806d5c37db4b - - - - - -] Initializing extension driver 'qos'
2026-08-26 01:06:19.088 1 INFO neutron.plugins.ml2.managers [None req-49a142d9-02e0-470a-9369-806d5c37db4b - - - - - -] Initializing mechanism driver 'openvswitch'
2026-08-26 01:06:19.088 1 INFO neutron.plugins.ml2.managers [None req-49a142d9-02e0-470a-9369-806d5c37db4b - - - - - -] Initializing mechanism driver 'l2population'
2026-08-26 01:06:19.099 1 INFO neutron.quota [None req-80552199-7b40-442a-a9ed-2721896365b7 - - - - - -] Loaded quota_driver: .
2026-08-26 01:06:19.099 1 INFO neutron.plugins.ml2.plugin [None req-80552199-7b40-442a-a9ed-2721896365b7 - - - - - -] Modular L2 Plugin initialization complete
2026-08-26 01:06:19.099 1 INFO neutron.plugins.ml2.managers [None req-80552199-7b40-442a-a9ed-2721896365b7 - - - - - -] Got dns-integration extension from driver 'dns_domain_ports'
2026-08-26 01:06:19.099 1 INFO neutron.plugins.ml2.managers [None req-80552199-7b40-442a-a9ed-2721896365b7 - - - - - -] Got dns-domain-ports extension from driver 'dns_domain_ports'
2026-08-26 01:06:19.100 1 INFO neutron.plugins.ml2.managers [None req-80552199-7b40-442a-a9ed-2721896365b7 - - - - - -] Got port-security extension from driver 'port_security'
2026-08-26 01:06:19.100 1 INFO neutron.extensions.vlantransparent [None req-80552199-7b40-442a-a9ed-2721896365b7 - - - - - -] Disabled vlantransparent extension.
2026-08-26 01:06:19.100 1 INFO neutron.manager [None req-80552199-7b40-442a-a9ed-2721896365b7 - - - - - -] Loading Plugin: qos
2026-08-26 01:06:19.109 1 INFO neutron.manager [None req-80552199-7b40-442a-a9ed-2721896365b7 - - - - - -] Loading Plugin: router
2026-08-26 01:06:19.141 1 INFO neutron.services.service_base [None req-80552199-7b40-442a-a9ed-2721896365b7 - - - - - -] Default provider is not specified for service type L3_ROUTER_NAT
2026-08-26 01:06:19.141 1 INFO neutron.manager [None req-80552199-7b40-442a-a9ed-2721896365b7 - - - - - -] Loading Plugin: segments
2026-08-26 01:06:19.202 1 INFO neutron.manager [None req-80552199-7b40-442a-a9ed-2721896365b7 - - - - - -] Loading Plugin: trunk
2026-08-26 01:06:19.255 1 INFO neutron.manager [None req-80552199-7b40-442a-a9ed-2721896365b7 - - - - - -] Loading Plugin: vpnaas
2026-08-26 01:06:19.287 1 WARNING stevedore.named [None req-80552199-7b40-442a-a9ed-2721896365b7 - - - - - -] Could not load neutron_vpnaas.services.vpn.service_drivers.ipsec.IPsecVPNDriver
2026-08-26 01:06:19.343 1 INFO neutron_vpnaas.services.vpn.plugin [None req-80552199-7b40-442a-a9ed-2721896365b7 - - - - - -] VPN plugin using service drivers: dict_keys(['strongswan']), default: strongswan
2026-08-26 01:06:19.343 1 INFO neutron.common.utils [None req-80552199-7b40-442a-a9ed-2721896365b7 - - - - - -] Disable filter validation extension by service plugin VPNDriverPlugin.
2026-08-26 01:06:19.343 1 INFO neutron.manager [None req-80552199-7b40-442a-a9ed-2721896365b7 - - - - - -] Loading Plugin: auto_allocate
2026-08-26 01:06:19.347 1 INFO neutron.manager [None req-80552199-7b40-442a-a9ed-2721896365b7 - - - - - -] Loading Plugin: tag
2026-08-26 01:06:19.352 1 INFO neutron.manager [None req-80552199-7b40-442a-a9ed-2721896365b7 - - - - - -] Loading Plugin: timestamp
2026-08-26 01:06:19.354 1 INFO neutron.manager [None req-80552199-7b40-442a-a9ed-2721896365b7 - - - - - -] Loading Plugin: network_ip_availability
2026-08-26 01:06:19.357 1 INFO neutron.manager [None req-80552199-7b40-442a-a9ed-2721896365b7 - - - - - -] Loading Plugin: flavors
2026-08-26 01:06:19.359 1 INFO neutron.manager [None req-80552199-7b40-442a-a9ed-2721896365b7 - - - - - -] Loading Plugin: revisions
2026-08-26 01:06:19.362 1 INFO neutron.api.extensions [None req-80552199-7b40-442a-a9ed-2721896365b7 - - - - - -] Initializing extension manager.
2026-08-26 01:06:19.363 1 INFO neutron.api.extensions [None req-80552199-7b40-442a-a9ed-2721896365b7 - - - - - -] Loaded extension: address-group
2026-08-26 01:06:19.364 1 INFO neutron.api.extensions [None req-80552199-7b40-442a-a9ed-2721896365b7 - - - - - -] Loaded extension: address-scope
2026-08-26 01:06:19.364 1 INFO neutron.api.extensions [None req-80552199-7b40-442a-a9ed-2721896365b7 - - - - - -] Loaded extension: router-admin-state-down-before-update
2026-08-26 01:06:19.365 1 INFO neutron.api.extensions [None req-80552199-7b40-442a-a9ed-2721896365b7 - - - - - -] Loaded extension: agent
2026-08-26 01:06:19.365 1 INFO neutron.api.extensions [None req-80552199-7b40-442a-a9ed-2721896365b7 - - - - - -] Loaded extension: agent-resources-synced
2026-08-26 01:06:19.366 1 INFO neutron.api.extensions [None req-80552199-7b40-442a-a9ed-2721896365b7 - - - - - -] Loaded extension: allowed-address-pairs
2026-08-26 01:06:19.367 1 INFO neutron.api.extensions [None req-80552199-7b40-442a-a9ed-2721896365b7 - - - - - -] Loaded extension: auto-allocated-topology
2026-08-26 01:06:19.368 1 INFO neutron.api.extensions [None req-80552199-7b40-442a-a9ed-2721896365b7 - - - - - -] Loaded extension: availability_zone
2026-08-26 01:06:19.368 1 INFO neutron.api.extensions [None req-80552199-7b40-442a-a9ed-2721896365b7 - - - - - -] Loaded extension: availability_zone_filter
2026-08-26 01:06:19.369 1 INFO neutron.api.extensions [None req-80552199-7b40-442a-a9ed-2721896365b7 - - - - - -] Extension data-plane-status not supported by any of loaded plugins
2026-08-26 01:06:19.369 1 INFO neutron.api.extensions [None req-80552199-7b40-442a-a9ed-2721896365b7 - - - - - -] Loaded extension: default-subnetpools
2026-08-26 01:06:19.370 1 INFO neutron.api.extensions [None req-80552199-7b40-442a-a9ed-2721896365b7 - - - - - -] Loaded extension: dhcp_agent_scheduler
2026-08-26 01:06:19.371 1 INFO neutron.api.extensions [None req-80552199-7b40-442a-a9ed-2721896365b7 - - - - - -] Loaded extension: dns-integration
2026-08-26 01:06:19.371 1 INFO neutron.api.extensions [None req-80552199-7b40-442a-a9ed-2721896365b7 - - - - - -] Loaded extension: dns-domain-ports
2026-08-26 01:06:19.372 1 INFO neutron.api.extensions [None req-80552199-7b40-442a-a9ed-2721896365b7 - - - - - -] Extension dns-integration-domain-keywords not supported by any of loaded plugins
2026-08-26 01:06:19.372 1 INFO neutron.api.extensions [None req-80552199-7b40-442a-a9ed-2721896365b7 - - - - - -] Loaded extension: dvr
2026-08-26 01:06:19.373 1 INFO neutron.api.extensions [None req-80552199-7b40-442a-a9ed-2721896365b7 - - - - - -] Extension ecmp_routes not supported by any of loaded plugins
2026-08-26 01:06:19.374 1 INFO neutron.api.extensions [None req-80552199-7b40-442a-a9ed-2721896365b7 - - - - - -] Loaded extension: empty-string-filtering
2026-08-26 01:06:19.374 1 INFO neutron.api.extensions [None req-80552199-7b40-442a-a9ed-2721896365b7 - - - - - -] Extension expose-l3-conntrack-helper not supported by any of loaded plugins
2026-08-26 01:06:19.375 1 INFO neutron.api.extensions [None req-80552199-7b40-442a-a9ed-2721896365b7 - - - - - -] Extension expose-port-forwarding-in-fip not supported by any of loaded plugins
2026-08-26 01:06:19.375 1 INFO neutron.api.extensions [None req-80552199-7b40-442a-a9ed-2721896365b7 - - - - - -] Loaded extension: external-net
2026-08-26 01:06:19.376 1 INFO neutron.api.extensions [None req-80552199-7b40-442a-a9ed-2721896365b7 - - - - - -] Loaded extension: extra_dhcp_opt
2026-08-26 01:06:19.376 1 INFO neutron.api.extensions [None req-80552199-7b40-442a-a9ed-2721896365b7 - - - - - -] Loaded extension: extraroute
2026-08-26 01:06:19.377 1 INFO neutron.api.extensions [None req-80552199-7b40-442a-a9ed-2721896365b7 - - - - - -] Loaded extension: extraroute-atomic
2026-08-26 01:06:19.377 1 INFO neutron.api.extensions [None req-80552199-7b40-442a-a9ed-2721896365b7 - - - - - -] Extension filter-validation not supported by any of loaded plugins
2026-08-26 01:06:19.378 1 INFO neutron.api.extensions [None req-80552199-7b40-442a-a9ed-2721896365b7 - - - - - -] Extension floating-ip-port-forwarding-description not supported by any of loaded plugins
2026-08-26 01:06:19.378 1 INFO neutron.api.extensions [None req-80552199-7b40-442a-a9ed-2721896365b7 - - - - - -] Loaded extension: floating-ip-port-forwarding-detail
2026-08-26 01:06:19.379 1 INFO neutron.api.extensions [None req-80552199-7b40-442a-a9ed-2721896365b7 - - - - - -] Extension floating-ip-port-forwarding-port-ranges not supported by any of loaded plugins
2026-08-26 01:06:19.379 1 INFO neutron.api.extensions [None req-80552199-7b40-442a-a9ed-2721896365b7 - - - - - -] Loaded extension: fip-port-details
2026-08-26 01:06:19.380 1 INFO neutron.api.extensions [None req-80552199-7b40-442a-a9ed-2721896365b7 - - - - - -] Loaded extension: flavors
2026-08-26 01:06:19.381 1 INFO neutron.api.extensions [None req-80552199-7b40-442a-a9ed-2721896365b7 - - - - - -] Extension floating-ip-port-forwarding not supported by any of loaded plugins
2026-08-26 01:06:19.382 1 INFO neutron.api.extensions [None req-80552199-7b40-442a-a9ed-2721896365b7 - - - - - -] Loaded extension: floatingip-pools
2026-08-26 01:06:19.382 1 INFO neutron.api.extensions [None req-80552199-7b40-442a-a9ed-2721896365b7 - - - - - -] Loaded extension: ip_allocation
2026-08-26 01:06:19.383 1 INFO neutron.api.extensions [None req-80552199-7b40-442a-a9ed-2721896365b7 - - - - - -] Loaded extension: ip-substring-filtering
2026-08-26 01:06:19.383 1 INFO neutron.api.extensions [None req-80552199-7b40-442a-a9ed-2721896365b7 - - - - - -] Loaded extension: l2_adjacency
2026-08-26 01:06:19.384 1 INFO neutron.api.extensions [None req-80552199-7b40-442a-a9ed-2721896365b7 - - - - - -] Loaded extension: router
2026-08-26 01:06:19.385 1 INFO neutron.api.extensions [None req-80552199-7b40-442a-a9ed-2721896365b7 - - - - - -] Extension l3-conntrack-helper not supported by any of loaded plugins
2026-08-26 01:06:19.386 1 INFO neutron.api.extensions [None req-80552199-7b40-442a-a9ed-2721896365b7 - - - - - -] Loaded extension: ext-gw-mode
2026-08-26 01:06:19.386 1 INFO neutron.api.extensions [None req-80552199-7b40-442a-a9ed-2721896365b7 - - - - - -] Loaded extension: l3-ha
2026-08-26 01:06:19.387 1 INFO neutron.api.extensions [None req-80552199-7b40-442a-a9ed-2721896365b7 - - - - - -] Extension l3-ext-ndp-proxy not supported by any of loaded plugins
2026-08-26 01:06:19.387 1 INFO neutron.api.extensions [None req-80552199-7b40-442a-a9ed-2721896365b7 - - - - - -] Loaded extension: l3-flavors
2026-08-26 01:06:19.388 1 INFO neutron.api.extensions [None req-80552199-7b40-442a-a9ed-2721896365b7 - - - - - -] Extension l3-ndp-proxy not supported by any of loaded plugins
2026-08-26 01:06:19.389 1 INFO neutron.api.extensions [None req-80552199-7b40-442a-a9ed-2721896365b7 - - - - - -] Loaded extension: l3-port-ip-change-not-allowed
2026-08-26 01:06:19.390 1 INFO neutron.api.extensions [None req-80552199-7b40-442a-a9ed-2721896365b7 - - - - - -] Loaded extension: l3_agent_scheduler
2026-08-26 01:06:19.391 1 INFO neutron.api.extensions [None req-80552199-7b40-442a-a9ed-2721896365b7 - - - - - -] Extension local_ip not supported by any of loaded plugins
2026-08-26 01:06:19.392 1 INFO neutron.api.extensions [None req-80552199-7b40-442a-a9ed-2721896365b7 - - - - - -] Extension logging not supported by any of loaded plugins
2026-08-26 01:06:19.395 1 INFO neutron.api.extensions [None req-80552199-7b40-442a-a9ed-2721896365b7 - - - - - -] Extension metering not supported by any of loaded plugins
2026-08-26 01:06:19.396 1 INFO neutron.api.extensions [None req-80552199-7b40-442a-a9ed-2721896365b7 - - - - - -] Extension metering_source_and_destination_fields not supported by any of loaded plugins
2026-08-26 01:06:19.396 1 INFO neutron.api.extensions [None req-80552199-7b40-442a-a9ed-2721896365b7 - - - - - -] Loaded extension: multi-provider
2026-08-26 01:06:19.397 1 INFO neutron.api.extensions [None req-80552199-7b40-442a-a9ed-2721896365b7 - - - - - -] Loaded extension: net-mtu
2026-08-26 01:06:19.398 1 INFO neutron.api.extensions [None req-80552199-7b40-442a-a9ed-2721896365b7 - - - - - -] Loaded extension: net-mtu-writable
2026-08-26 01:06:19.398 1 INFO neutron.api.extensions [None req-80552199-7b40-442a-a9ed-2721896365b7 - - - - - -] Loaded extension: network_availability_zone
2026-08-26 01:06:19.399 1 INFO neutron.api.extensions [None req-80552199-7b40-442a-a9ed-2721896365b7 - - - - - -] Loaded extension: network-ip-availability
2026-08-26 01:06:19.403 1 INFO neutron.api.extensions [None req-80552199-7b40-442a-a9ed-2721896365b7 - - - - - -] Extension network-segment-range not supported by any of loaded plugins
2026-08-26 01:06:19.404 1 INFO neutron.api.extensions [None req-80552199-7b40-442a-a9ed-2721896365b7 - - - - - -] Loaded extension: pagination
2026-08-26 01:06:19.405 1 INFO neutron.api.extensions [None req-80552199-7b40-442a-a9ed-2721896365b7 - - - - - -] Loaded extension: port-device-profile
2026-08-26 01:06:19.406 1 INFO neutron.api.extensions [None req-80552199-7b40-442a-a9ed-2721896365b7 - - - - - -] Loaded extension: port-mac-override
2026-08-26 01:06:19.408 1 INFO neutron.api.extensions [None req-80552199-7b40-442a-a9ed-2721896365b7 - - - - - -] Loaded extension: port-mac-address-regenerate
2026-08-26 01:06:19.409 1 INFO neutron.api.extensions [None req-80552199-7b40-442a-a9ed-2721896365b7 - - - - - -] Loaded extension: port-numa-affinity-policy
2026-08-26 01:06:19.409 1 INFO neutron.api.extensions [None req-80552199-7b40-442a-a9ed-2721896365b7 - - - - - -] Loaded extension: port-resource-request
2026-08-26 01:06:19.410 1 INFO neutron.api.extensions [None req-80552199-7b40-442a-a9ed-2721896365b7 - - - - - -] Loaded extension: port-resource-request-groups
2026-08-26 01:06:19.410 1 INFO neutron.api.extensions [None req-80552199-7b40-442a-a9ed-2721896365b7 - - - - - -] Loaded extension: binding
2026-08-26 01:06:19.411 1 INFO neutron.api.extensions [None req-80552199-7b40-442a-a9ed-2721896365b7 - - - - - -] Loaded extension: binding-extended
2026-08-26 01:06:19.412 1 INFO neutron.api.extensions [None req-80552199-7b40-442a-a9ed-2721896365b7 - - - - - -] Loaded extension: port-security
2026-08-26 01:06:19.412 1 INFO neutron.api.extensions [None req-80552199-7b40-442a-a9ed-2721896365b7 - - - - - -] Loaded extension: project-id
2026-08-26 01:06:19.413 1 INFO neutron.api.extensions [None req-80552199-7b40-442a-a9ed-2721896365b7 - - - - - -] Loaded extension: provider
2026-08-26 01:06:19.415 1 INFO neutron.api.extensions [None req-80552199-7b40-442a-a9ed-2721896365b7 - - - - - -] Loaded extension: qos
2026-08-26 01:06:19.416 1 INFO neutron.api.extensions [None req-80552199-7b40-442a-a9ed-2721896365b7 - - - - - -] Loaded extension: qos-bw-limit-direction
2026-08-26 01:06:19.416 1 INFO neutron.api.extensions [None req-80552199-7b40-442a-a9ed-2721896365b7 - - - - - -] Loaded extension: qos-bw-minimum-ingress
2026-08-26 01:06:19.417 1 INFO neutron.api.extensions [None req-80552199-7b40-442a-a9ed-2721896365b7 - - - - - -] Loaded extension: qos-default
2026-08-26 01:06:19.417 1 INFO neutron.api.extensions [None req-80552199-7b40-442a-a9ed-2721896365b7 - - - - - -] Loaded extension: qos-fip
2026-08-26 01:06:19.418 1 INFO neutron.api.extensions [None req-80552199-7b40-442a-a9ed-2721896365b7 - - - - - -] Extension qos-fip-network-policy not supported by any of loaded plugins
2026-08-26 01:06:19.418 1 INFO neutron.api.extensions [None req-80552199-7b40-442a-a9ed-2721896365b7 - - - - - -] Loaded extension: qos-gateway-ip
2026-08-26 01:06:19.419 1 INFO neutron.api.extensions [None req-80552199-7b40-442a-a9ed-2721896365b7 - - - - - -] Loaded extension: qos-port-network-policy
2026-08-26 01:06:19.419 1 INFO neutron.api.extensions [None req-80552199-7b40-442a-a9ed-2721896365b7 - - - - - -] Loaded extension: qos-pps-minimum
2026-08-26 01:06:19.420 1 INFO neutron.api.extensions [None req-80552199-7b40-442a-a9ed-2721896365b7 - - - - - -] Loaded extension: qos-pps-minimum-rule-alias
2026-08-26 01:06:19.420 1 INFO neutron.api.extensions [None req-80552199-7b40-442a-a9ed-2721896365b7 - - - - - -] Loaded extension: qos-pps
2026-08-26 01:06:19.421 1 INFO neutron.api.extensions [None req-80552199-7b40-442a-a9ed-2721896365b7 - - - - - -] Loaded extension: qos-rule-type-details
2026-08-26 01:06:19.421 1 INFO neutron.api.extensions [None req-80552199-7b40-442a-a9ed-2721896365b7 - - - - - -] Loaded extension: qos-rule-type-filter
2026-08-26 01:06:19.422 1 INFO neutron.api.extensions [None req-80552199-7b40-442a-a9ed-2721896365b7 - - - - - -] Loaded extension: qos-rules-alias
2026-08-26 01:06:19.422 1 INFO neutron.api.extensions [None req-80552199-7b40-442a-a9ed-2721896365b7 - - - - - -] Loaded extension: quota-check-limit
2026-08-26 01:06:19.424 1 INFO neutron.api.extensions [None req-80552199-7b40-442a-a9ed-2721896365b7 - - - - - -] Loaded extension: quotas
2026-08-26 01:06:19.427 1 INFO neutron.api.extensions [None req-80552199-7b40-442a-a9ed-2721896365b7 - - - - - -] Loaded extension: quota_details
2026-08-26 01:06:19.428 1 INFO neutron.api.extensions [None req-80552199-7b40-442a-a9ed-2721896365b7 - - - - - -] Loaded extension: rbac-policies
2026-08-26 01:06:19.428 1 INFO neutron.api.extensions [None req-80552199-7b40-442a-a9ed-2721896365b7 - - - - - -] Loaded extension: rbac-address-group
2026-08-26 01:06:19.429 1 INFO neutron.api.extensions [None req-80552199-7b40-442a-a9ed-2721896365b7 - - - - - -] Loaded extension: rbac-address-scope
2026-08-26 01:06:19.429 1 INFO neutron.api.extensions [None req-80552199-7b40-442a-a9ed-2721896365b7 - - - - - -] Loaded extension: rbac-security-groups
2026-08-26 01:06:19.430 1 INFO neutron.api.extensions [None req-80552199-7b40-442a-a9ed-2721896365b7 - - - - - -] Loaded extension: rbac-subnetpool
2026-08-26 01:06:19.430 1 INFO neutron.api.extensions [None req-80552199-7b40-442a-a9ed-2721896365b7 - - - - - -] Loaded extension: revision-if-match
2026-08-26 01:06:19.431 1 INFO neutron.api.extensions [None req-80552199-7b40-442a-a9ed-2721896365b7 - - - - - -] Loaded extension: standard-attr-revisions
2026-08-26 01:06:19.431 1 INFO neutron.api.extensions [None req-80552199-7b40-442a-a9ed-2721896365b7 - - - - - -] Loaded extension: router_availability_zone
2026-08-26 01:06:19.432 1 INFO neutron.api.extensions [None req-80552199-7b40-442a-a9ed-2721896365b7 - - - - - -] Extension router-service-type not supported by any of loaded plugins
2026-08-26 01:06:19.432 1 INFO neutron.api.extensions [None req-80552199-7b40-442a-a9ed-2721896365b7 - - - - - -] Loaded extension: security-groups-normalized-cidr
2026-08-26 01:06:19.433 1 INFO neutron.api.extensions [None req-80552199-7b40-442a-a9ed-2721896365b7 - - - - - -] Loaded extension: port-security-groups-filtering
2026-08-26 01:06:19.433 1 INFO neutron.api.extensions [None req-80552199-7b40-442a-a9ed-2721896365b7 - - - - - -] Loaded extension: security-groups-remote-address-group
2026-08-26 01:06:19.434 1 INFO neutron.api.extensions [None req-80552199-7b40-442a-a9ed-2721896365b7 - - - - - -] Loaded extension: security-groups-shared-filtering
2026-08-26 01:06:19.440 1 INFO neutron.api.extensions [None req-80552199-7b40-442a-a9ed-2721896365b7 - - - - - -] Loaded extension: security-group
2026-08-26 01:06:19.441 1 INFO neutron.api.extensions [None req-80552199-7b40-442a-a9ed-2721896365b7 - - - - - -] Loaded extension: segment
2026-08-26 01:06:19.441 1 INFO neutron.api.extensions [None req-80552199-7b40-442a-a9ed-2721896365b7 - - - - - -] Loaded extension: segments-peer-subnet-host-routes
2026-08-26 01:06:19.442 1 INFO neutron.api.extensions [None req-80552199-7b40-442a-a9ed-2721896365b7 - - - - - -] Loaded extension: service-type
2026-08-26 01:06:19.442 1 INFO neutron.api.extensions [None req-80552199-7b40-442a-a9ed-2721896365b7 - - - - - -] Loaded extension: sorting
2026-08-26 01:06:19.443 1 INFO neutron.api.extensions [None req-80552199-7b40-442a-a9ed-2721896365b7 - - - - - -] Loaded extension: standard-attr-segment
2026-08-26 01:06:19.444 1 INFO neutron.api.extensions [None req-80552199-7b40-442a-a9ed-2721896365b7 - - - - - -] Loaded extension: standard-attr-description
2026-08-26 01:06:19.444 1 INFO neutron.api.extensions [None req-80552199-7b40-442a-a9ed-2721896365b7 - - - - - -] Loaded extension: stateful-security-group
2026-08-26 01:06:19.444 1 WARNING neutron.api.extensions [None req-80552199-7b40-442a-a9ed-2721896365b7 - - - - - -] Did not find expected name "Stdattrs_common" in /var/lib/openstack/lib/python3.10/site-packages/neutron/extensions/stdattrs_common.py
2026-08-26 01:06:19.445 1 INFO neutron.api.extensions [None req-80552199-7b40-442a-a9ed-2721896365b7 - - - - - -] Extension subnet-dns-publish-fixed-ip not supported by any of loaded plugins
2026-08-26 01:06:19.445 1 INFO neutron.api.extensions [None req-80552199-7b40-442a-a9ed-2721896365b7 - - - - - -] Loaded extension: subnet_onboard
2026-08-26 01:06:19.446 1 INFO neutron.api.extensions [None req-80552199-7b40-442a-a9ed-2721896365b7 - - - - - -] Loaded extension: subnet-segmentid-writable
2026-08-26 01:06:19.446 1 INFO neutron.api.extensions [None req-80552199-7b40-442a-a9ed-2721896365b7 - - - - - -] Loaded extension: subnet-service-types
2026-08-26 01:06:19.447 1 INFO neutron.api.extensions [None req-80552199-7b40-442a-a9ed-2721896365b7 - - - - - -] Loaded extension: subnet_allocation
2026-08-26 01:06:19.448 1 INFO neutron.api.extensions [None req-80552199-7b40-442a-a9ed-2721896365b7 - - - - - -] Loaded extension: subnetpool-prefix-ops
2026-08-26 01:06:19.448 1 INFO neutron.api.extensions [None req-80552199-7b40-442a-a9ed-2721896365b7 - - - - - -] Extension tag-ports-during-bulk-creation not supported by any of loaded plugins
2026-08-26 01:06:19.450 1 INFO neutron.api.extensions [None req-80552199-7b40-442a-a9ed-2721896365b7 - - - - - -] Loaded extension: standard-attr-tag
2026-08-26 01:06:19.453 1 INFO neutron.api.extensions [None req-80552199-7b40-442a-a9ed-2721896365b7 - - - - - -] Loaded extension: standard-attr-timestamp
2026-08-26 01:06:19.454 1 INFO neutron.api.extensions [None req-80552199-7b40-442a-a9ed-2721896365b7 - - - - - -] Loaded extension: trunk
2026-08-26 01:06:19.455 1 INFO neutron.api.extensions [None req-80552199-7b40-442a-a9ed-2721896365b7 - - - - - -] Loaded extension: trunk-details
2026-08-26 01:06:19.456 1 INFO neutron.api.extensions [None req-80552199-7b40-442a-a9ed-2721896365b7 - - - - - -] Extension uplink-status-propagation not supported by any of loaded plugins
2026-08-26 01:06:19.457 1 INFO neutron.api.extensions [None req-80552199-7b40-442a-a9ed-2721896365b7 - - - - - -] Extension vlan-transparent not supported by any of loaded plugins
2026-08-26 01:06:19.458 1 INFO neutron.api.extensions [None req-80552199-7b40-442a-a9ed-2721896365b7 - - - - - -] Loaded extension: vpn-endpoint-groups
2026-08-26 01:06:19.459 1 INFO neutron.api.extensions [None req-80552199-7b40-442a-a9ed-2721896365b7 - - - - - -] Loaded extension: vpn-flavors
2026-08-26 01:06:19.461 1 INFO neutron.api.extensions [None req-80552199-7b40-442a-a9ed-2721896365b7 - - - - - -] Loaded extension: vpnaas
2026-08-26 01:06:19.466 1 INFO oslo_service.service [None req-80552199-7b40-442a-a9ed-2721896365b7 - - - - - -] Starting 2 workers
2026-08-26 01:06:19.477 1 INFO oslo_service.service [None req-80552199-7b40-442a-a9ed-2721896365b7 - - - - - -] Starting 1 workers
2026-08-26 01:06:52.166 9 INFO neutron.db.l3_hamode_db [None req-4588a43d-eedd-4479-bcc8-2a501793a591 - - - - - -] Number of active agents lower than max_l3_agents_per_router. L3 agents available: 1
2026-08-26 01:06:59.698 9 INFO neutron.plugins.ml2.plugin [None req-e8870f5d-03f1-4c0f-aed6-01ff59cecb07 - - - - - -] Attempt 1 to provision port 27f2f3e3-0e26-4f10-9ce8-6e28688e1433
2026-08-26 01:07:00.712 9 INFO neutron.plugins.ml2.plugin [None req-7ad40879-90b2-4884-9d06-b84b6bcd4596 - - - - - -] Attempt 1 to provision port 27f2f3e3-0e26-4f10-9ce8-6e28688e1433
2026-08-26 01:07:01.084 10 INFO neutron.plugins.ml2.plugin [None req-010bbdd3-14ad-4ced-b376-10d60a62e60d - - - - - -] Attempt 1 to provision port 27f2f3e3-0e26-4f10-9ce8-6e28688e1433
2026-08-26 01:07:01.615 9 INFO neutron.plugins.ml2.plugin [None req-e8870f5d-03f1-4c0f-aed6-01ff59cecb07 - - - - - -] Attempt 1 to provision port 27f2f3e3-0e26-4f10-9ce8-6e28688e1433
2026-08-26 01:13:49.919 9 INFO neutron.plugins.ml2.plugin [None req-e8870f5d-03f1-4c0f-aed6-01ff59cecb07 - - - - - -] Attempt 1 to provision port 3d02c192-62e9-4444-8239-aef8375e9603
2026-08-26 01:13:50.733 9 INFO neutron.plugins.ml2.plugin [None req-e67792d3-b1df-4689-81bc-e9907bb7f8a2 - - - - - -] Attempt 1 to provision port 3d02c192-62e9-4444-8239-aef8375e9603
2026-08-26 01:13:51.006 10 INFO neutron.plugins.ml2.plugin [None req-fa33a42a-b5c6-4fe3-ab6a-61bb757de41f - - - - - -] Attempt 1 to provision port 3d02c192-62e9-4444-8239-aef8375e9603
2026-08-26 01:13:51.901 9 INFO neutron.plugins.ml2.plugin [None req-e8870f5d-03f1-4c0f-aed6-01ff59cecb07 - - - - - -] Attempt 1 to provision port 3d02c192-62e9-4444-8239-aef8375e9603
2026-08-26 01:13:56.006 10 INFO neutron.plugins.ml2.plugin [None req-187fd484-574d-4ef6-8c7f-2a34a484b6c6 - - - - - -] Attempt 1 to provision port b717baf2-5c15-4d0e-a460-c87e2ff992e6
2026-08-26 01:18:10.187 10 INFO neutron.plugins.ml2.plugin [None req-e8870f5d-03f1-4c0f-aed6-01ff59cecb07 - - - - - -] Attempt 1 to provision port b717baf2-5c15-4d0e-a460-c87e2ff992e6
2026-08-26 01:18:12.087 9 INFO neutron.plugins.ml2.plugin [None req-e8870f5d-03f1-4c0f-aed6-01ff59cecb07 - - - - - -] Attempt 1 to provision port b717baf2-5c15-4d0e-a460-c87e2ff992e6
2026-08-26 01:28:28.471 10 INFO neutron.plugins.ml2.plugin [None req-e8870f5d-03f1-4c0f-aed6-01ff59cecb07 - - - - - -] Attempt 1 to provision port 66970c5b-d6bb-47c1-8be5-6467b6167e5e
2026-08-26 01:28:30.471 9 INFO neutron.plugins.ml2.plugin [None req-e8870f5d-03f1-4c0f-aed6-01ff59cecb07 - - - - - -] Attempt 1 to provision port 66970c5b-d6bb-47c1-8be5-6467b6167e5e
2026-08-26 01:45:05.149 9 INFO neutron.plugins.ml2.plugin [None req-e8870f5d-03f1-4c0f-aed6-01ff59cecb07 - - - - - -] Attempt 1 to provision port 1f6b1ee7-4028-41f0-a021-d7524342ac73
2026-08-26 01:45:05.899 10 INFO neutron.plugins.ml2.plugin [None req-3b02fd71-b461-4465-a626-daca922c1f3a - - - - - -] Attempt 1 to provision port e17cff48-4688-4d13-8e95-0792f14a8ae1
2026-08-26 01:45:06.350 9 INFO neutron.plugins.ml2.plugin [None req-f8399a68-adf8-4591-8fff-c2a626d9b9bf - - - - - -] Attempt 1 to provision port b16e1233-c6e0-4403-bc28-68760d2ead1b
2026-08-26 01:45:06.517 9 INFO neutron.plugins.ml2.plugin [None req-526d8b33-e28e-429d-a33e-cd54428838e2 - - - - - -] Attempt 1 to provision port 1f6b1ee7-4028-41f0-a021-d7524342ac73
2026-08-26 01:45:06.928 9 INFO neutron.plugins.ml2.plugin [None req-eb153ec0-a8ba-43d6-ac29-635061de0646 - - - - - -] Attempt 1 to provision port a7f0c22b-9327-4c37-b038-d525e981cc5d
2026-08-26 01:45:07.183 9 INFO neutron.plugins.ml2.plugin [None req-eb153ec0-a8ba-43d6-ac29-635061de0646 - - - - - -] Attempt 1 to provision port 1f6b1ee7-4028-41f0-a021-d7524342ac73
2026-08-26 01:45:07.198 10 INFO neutron.plugins.ml2.plugin [None req-e8870f5d-03f1-4c0f-aed6-01ff59cecb07 - - - - - -] Attempt 1 to provision port a7f0c22b-9327-4c37-b038-d525e981cc5d
2026-08-26 01:45:07.367 9 INFO neutron.plugins.ml2.plugin [None req-4cf4f1c9-0cf3-4f9f-b08e-a9238aff4dcf - - - - - -] Attempt 1 to provision port a7f0c22b-9327-4c37-b038-d525e981cc5d
2026-08-26 01:45:07.794 10 INFO neutron.plugins.ml2.plugin [None req-e8870f5d-03f1-4c0f-aed6-01ff59cecb07 - - - - - -] Attempt 1 to provision port 1f6b1ee7-4028-41f0-a021-d7524342ac73
2026-08-26 01:45:08.354 10 INFO neutron.plugins.ml2.plugin [None req-e8870f5d-03f1-4c0f-aed6-01ff59cecb07 - - - - - -] Attempt 1 to provision port 7fd05096-47e6-4dfd-bb2a-fb306ad4e0fe
2026-08-26 01:45:08.365 9 INFO neutron.plugins.ml2.plugin [None req-fcb4c27c-cc21-4820-b36e-9a371bbf57d1 - - - - - -] Attempt 1 to provision port 7fd05096-47e6-4dfd-bb2a-fb306ad4e0fe
2026-08-26 01:45:09.109 10 INFO neutron.plugins.ml2.plugin [None req-e8870f5d-03f1-4c0f-aed6-01ff59cecb07 - - - - - -] Attempt 1 to provision port a7f0c22b-9327-4c37-b038-d525e981cc5d
2026-08-26 01:45:09.265 9 INFO neutron.plugins.ml2.plugin [None req-c02ddcfa-ed0b-4ced-8a0e-c8ea54bdf34c - - - - - -] Attempt 1 to provision port b586b741-0747-4e7e-8a86-1d6f43bd5e21
2026-08-26 01:45:09.289 9 INFO neutron.plugins.ml2.plugin [None req-c02ddcfa-ed0b-4ced-8a0e-c8ea54bdf34c - - - - - -] Attempt 1 to provision port 7fd05096-47e6-4dfd-bb2a-fb306ad4e0fe
2026-08-26 01:45:09.348 9 INFO neutron.plugins.ml2.plugin [None req-c02ddcfa-ed0b-4ced-8a0e-c8ea54bdf34c - - - - - -] Attempt 1 to provision port 8ce61fec-7e61-4575-bd48-2c24c730dd02
2026-08-26 01:45:09.416 10 INFO neutron.plugins.ml2.plugin [None req-e8870f5d-03f1-4c0f-aed6-01ff59cecb07 - - - - - -] Attempt 1 to provision port 7fd05096-47e6-4dfd-bb2a-fb306ad4e0fe
2026-08-26 01:45:09.591 10 INFO neutron.plugins.ml2.plugin [None req-2d8cd632-c811-4c9d-81e4-4e79dc75f1c8 - - - - - -] Attempt 1 to provision port b586b741-0747-4e7e-8a86-1d6f43bd5e21
2026-08-26 01:45:10.335 9 INFO neutron.plugins.ml2.plugin [None req-31e26ccf-d004-47f2-ae7c-fed4e782eba9 - - - - - -] Attempt 1 to provision port a59c572a-c664-42e3-8dd4-2c7a5fb5ff65
2026-08-26 01:45:11.080 9 INFO neutron.plugins.ml2.plugin [None req-02d983b1-e888-49bb-8ef0-f2d1b83e6630 - - - - - -] Attempt 1 to provision port a59c572a-c664-42e3-8dd4-2c7a5fb5ff65
2026-08-26 01:45:11.835 10 INFO neutron.plugins.ml2.plugin [None req-4bc11c6c-eaf9-4812-b8f1-73f617feb965 - - - - - -] Attempt 1 to provision port 85d11c52-9f45-40fa-a8d8-da3f33940e3f
2026-08-26 01:45:12.605 10 INFO neutron.plugins.ml2.plugin [None req-910af448-dec9-4a28-9b2f-416db0a2a30c - - - - - -] Attempt 1 to provision port 85d11c52-9f45-40fa-a8d8-da3f33940e3f
2026-08-26 01:45:13.139 9 INFO neutron.plugins.ml2.plugin [None req-e8870f5d-03f1-4c0f-aed6-01ff59cecb07 - - - - - -] Attempt 1 to provision port 2b60ad1a-7a37-4b18-bff1-301c3f9497b8
2026-08-26 01:45:13.267 10 INFO neutron.plugins.ml2.plugin [None req-5f63431d-bc84-433a-b0bc-8f6f9f59990a - - - - - -] Attempt 1 to provision port 009d381a-ec00-47fd-a1c9-cc4dea603f44
2026-08-26 01:45:14.822 10 INFO neutron.plugins.ml2.plugin [None req-ad0b681c-3368-4bd7-a3cd-0f3dd827802b - - - - - -] Attempt 1 to provision port 2b60ad1a-7a37-4b18-bff1-301c3f9497b8
2026-08-26 01:45:15.172 9 INFO neutron.plugins.ml2.plugin [None req-e8870f5d-03f1-4c0f-aed6-01ff59cecb07 - - - - - -] Attempt 1 to provision port 2b60ad1a-7a37-4b18-bff1-301c3f9497b8
2026-08-26 01:45:15.240 10 INFO neutron.plugins.ml2.plugin [None req-fbee929a-4a3b-494b-87d7-35c7b17797c5 - - - - - -] Attempt 1 to provision port 2b60ad1a-7a37-4b18-bff1-301c3f9497b8
2026-08-26 01:45:15.555 9 INFO neutron.plugins.ml2.plugin [None req-faf4f707-7116-4d77-b3df-7f5b2d045b3a - - - - - -] Attempt 1 to provision port a588d84f-0886-4035-9a84-142965dbce92
2026-08-26 01:45:16.137 9 INFO neutron.plugins.ml2.plugin [None req-4add5320-45b7-48e5-a7f9-c932d08e58b9 - - - - - -] Attempt 1 to provision port a588d84f-0886-4035-9a84-142965dbce92
2026-08-26 01:45:17.164 10 INFO neutron.plugins.ml2.plugin [None req-e8870f5d-03f1-4c0f-aed6-01ff59cecb07 - - - - - -] Attempt 1 to provision port ee394b9f-3ad5-4a16-8dc5-ede3cc1163ae
2026-08-26 01:45:17.761 10 INFO neutron.plugins.ml2.plugin [None req-e8870f5d-03f1-4c0f-aed6-01ff59cecb07 - - - - - -] Attempt 1 to provision port fec399ad-bb66-4ecb-926c-f37cd5c08f9d
2026-08-26 01:45:18.257 10 INFO neutron.plugins.ml2.plugin [None req-e8870f5d-03f1-4c0f-aed6-01ff59cecb07 - - - - - -] Attempt 1 to provision port 43a62d18-6100-4568-a19b-aaf70d52da10
2026-08-26 01:45:18.702 10 INFO neutron.plugins.ml2.plugin [None req-e8870f5d-03f1-4c0f-aed6-01ff59cecb07 - - - - - -] Attempt 1 to provision port f54a6636-ca13-483e-b96c-f8fc51e0262f
2026-08-26 01:45:19.267 9 INFO neutron.plugins.ml2.plugin [None req-e8870f5d-03f1-4c0f-aed6-01ff59cecb07 - - - - - -] Attempt 1 to provision port ee394b9f-3ad5-4a16-8dc5-ede3cc1163ae
2026-08-26 01:45:19.594 9 INFO neutron.plugins.ml2.plugin [None req-e8870f5d-03f1-4c0f-aed6-01ff59cecb07 - - - - - -] Attempt 1 to provision port f54a6636-ca13-483e-b96c-f8fc51e0262f
2026-08-26 01:45:20.026 9 INFO neutron.plugins.ml2.plugin [None req-e8870f5d-03f1-4c0f-aed6-01ff59cecb07 - - - - - -] Attempt 1 to provision port fec399ad-bb66-4ecb-926c-f37cd5c08f9d
2026-08-26 01:45:20.360 9 INFO neutron.plugins.ml2.plugin [None req-e8870f5d-03f1-4c0f-aed6-01ff59cecb07 - - - - - -] Attempt 1 to provision port 43a62d18-6100-4568-a19b-aaf70d52da10
2026-08-26 01:45:22.338 10 INFO neutron.plugins.ml2.plugin [None req-16174514-7133-4e35-ab81-60c93bf916a3 - - - - - -] Attempt 1 to provision port bf3973e7-51e1-45ca-a3b0-f18e931f6fda /var/lib/openstack/lib/python3.10/site-packages/oslo_db/sqlalchemy/enginefacade.py:676: SAWarning: DELETE statement on table 'portsecuritybindings' expected to delete 1 row(s); 0 were matched. Please set confirm_deleted_rows=False within the mapper configuration to prevent this warning. self.session.flush() /var/lib/openstack/lib/python3.10/site-packages/oslo_db/sqlalchemy/enginefacade.py:676: SAWarning: DELETE statement on table 'ml2_port_bindings' expected to delete 1 row(s); 0 were matched. Please set confirm_deleted_rows=False within the mapper configuration to prevent this warning. self.session.flush() /var/lib/openstack/lib/python3.10/site-packages/oslo_db/sqlalchemy/enginefacade.py:676: SAWarning: DELETE statement on table 'ml2_port_binding_levels' expected to delete 1 row(s); 0 were matched. Please set confirm_deleted_rows=False within the mapper configuration to prevent this warning. self.session.flush() /var/lib/openstack/lib/python3.10/site-packages/oslo_db/sqlalchemy/enginefacade.py:676: SAWarning: DELETE statement on table 'ports' expected to delete 1 row(s); 0 were matched. Please set confirm_deleted_rows=False within the mapper configuration to prevent this warning. self.session.flush()
2026-08-26 01:45:27.522 10 INFO neutron.plugins.ml2.plugin [None req-e8870f5d-03f1-4c0f-aed6-01ff59cecb07 - - - - - -] Attempt 1 to provision port bf3973e7-51e1-45ca-a3b0-f18e931f6fda
2026-08-26 01:45:28.591 9 INFO neutron.plugins.ml2.plugin [None req-36d0094a-ab93-448a-ab43-50594d0c50b4 - - - - - -] Attempt 1 to provision port 83bf8a71-183b-47bc-a864-3c13526cb190
2026-08-26 01:45:29.415 9 INFO neutron.plugins.ml2.plugin [None req-44f5498e-e501-402e-a17c-1acd10cf9e35 - - - - - -] Attempt 1 to provision port 4e0e2383-807e-4a1d-97e1-9974299c4bc0
2026-08-26 01:45:29.417 10 INFO neutron.plugins.ml2.plugin [None req-e8870f5d-03f1-4c0f-aed6-01ff59cecb07 - - - - - -] Attempt 1 to provision port 6324e8a7-0647-42f7-b3c2-20e4fccb9e42
2026-08-26 01:45:29.869 9 INFO neutron.plugins.ml2.plugin [None req-2356fe5f-eddd-47b1-85d9-38c261995516 - - - - - -] Attempt 1 to provision port 6700cb58-e116-40c7-9f0c-657eae1aaff3
2026-08-26 01:45:30.061 10 INFO neutron.plugins.ml2.plugin [None req-e8870f5d-03f1-4c0f-aed6-01ff59cecb07 - - - - - -] Attempt 1 to provision port bf3973e7-51e1-45ca-a3b0-f18e931f6fda
2026-08-26 01:45:30.279 10 INFO neutron.plugins.ml2.plugin [None req-7c46ccf4-61d6-4cae-9a79-c1c5cb66b68e - - - - - -] Attempt 1 to provision port 6700cb58-e116-40c7-9f0c-657eae1aaff3
2026-08-26 01:45:30.343 10 INFO neutron.plugins.ml2.plugin [None req-e8870f5d-03f1-4c0f-aed6-01ff59cecb07 - - - - - -] Attempt 1 to provision port 6700cb58-e116-40c7-9f0c-657eae1aaff3
2026-08-26 01:45:30.602 10 INFO neutron.plugins.ml2.plugin [None req-ddc5153c-386d-40aa-9c8e-0e66d3444f81 - - - - - -] Attempt 1 to provision port 6324e8a7-0647-42f7-b3c2-20e4fccb9e42
2026-08-26 01:45:30.988 9 INFO neutron.plugins.ml2.plugin [None req-e9a7fbf0-cbe0-40a5-b4ef-dfc165739bd4 - - - - - -] Attempt 1 to provision port 6324e8a7-0647-42f7-b3c2-20e4fccb9e42
2026-08-26 01:45:31.086 10 INFO neutron.notifiers.nova [-] Nova event matching ['req-d4212450-682e-40d2-8702-fd8cfdb6da4e'] response: {'server_uuid': 'a888de82-4b5d-43e2-9444-41ea9976fb9c', 'name': 'network-vif-plugged', 'status': 'completed', 'tag': 'bf3973e7-51e1-45ca-a3b0-f18e931f6fda', 'code': 200}
2026-08-26 01:45:31.574 10 INFO neutron.plugins.ml2.plugin [None req-e8870f5d-03f1-4c0f-aed6-01ff59cecb07 - - - - - -] Attempt 1 to provision port 6324e8a7-0647-42f7-b3c2-20e4fccb9e42
2026-08-26 01:45:31.903 9 INFO neutron.plugins.ml2.plugin [None req-865ce537-16cf-49e9-b0e1-40f6f4ce067c - - - - - -] Attempt 1 to provision port 81a752ce-2864-41cc-90cc-5f72e0a5356d
2026-08-26 01:45:32.091 10 INFO neutron.plugins.ml2.plugin [None req-bfb48019-a44a-4bf2-ba0f-3f8b2de0fc83 - - - - - -] Attempt 1 to provision port 2b812308-14cb-4df1-a813-1bbc5343134f
2026-08-26 01:45:32.094 10 INFO neutron.plugins.ml2.plugin [None req-e8870f5d-03f1-4c0f-aed6-01ff59cecb07 - - - - - -] Attempt 1 to provision port 6700cb58-e116-40c7-9f0c-657eae1aaff3
2026-08-26 01:45:32.670 9 INFO neutron.plugins.ml2.plugin [None req-6f69e557-4ca9-4334-b832-c508bc018754 - - - - - -] Attempt 1 to provision port 81a752ce-2864-41cc-90cc-5f72e0a5356d
2026-08-26 01:45:32.844 10 INFO neutron.plugins.ml2.plugin [None req-e841984a-baaa-467f-a447-c67fc65fd89e - - - - - -] Attempt 1 to provision port 6d7ae7e6-81b7-4488-9624-2ba84acde43e
2026-08-26 01:45:33.610 9 INFO neutron.plugins.ml2.plugin [None req-032e619e-d941-4fa3-88bd-407549df40d7 - - - - - -] Attempt 1 to provision port 6d7ae7e6-81b7-4488-9624-2ba84acde43e
2026-08-26 01:45:35.381 9 INFO neutron.plugins.ml2.plugin [None req-e8870f5d-03f1-4c0f-aed6-01ff59cecb07 - - - - - -] Attempt 1 to provision port 2b812308-14cb-4df1-a813-1bbc5343134f
2026-08-26 01:45:35.991 9 INFO neutron.plugins.ml2.plugin [None req-e8870f5d-03f1-4c0f-aed6-01ff59cecb07 - - - - - -] Attempt 1 to provision port 7766139f-75fa-4da4-b002-bda3c2da2f0e
2026-08-26 01:45:36.468 9 INFO neutron.notifiers.nova [-] Nova event matching ['req-3f616418-a8d8-4e79-b5ee-c2442149f7f2'] response: {'server_uuid': 'bbdb7b8d-cccb-4a79-80da-997a676f7144', 'name': 'network-vif-plugged', 'status': 'completed', 'tag': '2b812308-14cb-4df1-a813-1bbc5343134f', 'code': 200}
2026-08-26 01:45:36.872 9 INFO neutron.plugins.ml2.plugin [None req-e8870f5d-03f1-4c0f-aed6-01ff59cecb07 - - - - - -] Attempt 1 to provision port 99fcb647-1c4f-4d77-9c10-cb4a619d655b
2026-08-26 01:45:38.111 9 INFO neutron.plugins.ml2.plugin [None req-e8870f5d-03f1-4c0f-aed6-01ff59cecb07 - - - - - -] Attempt 1 to provision port 2b812308-14cb-4df1-a813-1bbc5343134f
2026-08-26 01:45:38.496 9 INFO neutron.plugins.ml2.plugin [None req-e8870f5d-03f1-4c0f-aed6-01ff59cecb07 - - - - - -] Attempt 1 to provision port 99fcb647-1c4f-4d77-9c10-cb4a619d655b
2026-08-26 01:45:38.944 10 INFO neutron.plugins.ml2.plugin [None req-28f3d9cc-8e53-462b-be67-cc09c6fb816e - - - - - -] Attempt 1 to provision port 76eadc25-b461-4ee7-94b6-9181ba2c16e1
2026-08-26 01:45:39.077 9 INFO neutron.plugins.ml2.plugin [None req-e8870f5d-03f1-4c0f-aed6-01ff59cecb07 - - - - - -] Attempt 1 to provision port 7766139f-75fa-4da4-b002-bda3c2da2f0e
2026-08-26 01:45:40.654 10 INFO neutron.plugins.ml2.plugin [None req-a10a670d-1c2a-4a6a-82d4-a11e34d9e9c2 - - - - - -] Attempt 1 to provision port 900d4c5a-c24a-48e3-8c27-d18b9f018fce
2026-08-26 01:45:42.338 9 INFO neutron.plugins.ml2.plugin [None req-e8870f5d-03f1-4c0f-aed6-01ff59cecb07 - - - - - -] Attempt 1 to provision port 8ce61fec-7e61-4575-bd48-2c24c730dd02
2026-08-26 01:45:43.124 9 INFO neutron.plugins.ml2.plugin [None req-e8870f5d-03f1-4c0f-aed6-01ff59cecb07 - - - - - -] Attempt 1 to provision port 76eadc25-b461-4ee7-94b6-9181ba2c16e1
2026-08-26 01:45:43.291 9 INFO neutron.notifiers.nova [-] Nova event matching ['req-c75c8ec4-4260-4784-b6e6-624874b5baf2'] response: {'server_uuid': 'b4daeb59-244f-43f9-a596-4f84ed1527b2', 'name': 'network-vif-plugged', 'status': 'completed', 'tag': '76eadc25-b461-4ee7-94b6-9181ba2c16e1', 'code': 200}
2026-08-26 01:45:43.747 9 INFO neutron.plugins.ml2.plugin [None req-e8870f5d-03f1-4c0f-aed6-01ff59cecb07 - - - - - -] Attempt 1 to provision port 85d11c52-9f45-40fa-a8d8-da3f33940e3f /var/lib/openstack/lib/python3.10/site-packages/oslo_db/sqlalchemy/enginefacade.py:676: SAWarning: DELETE statement on table 'portsecuritybindings' expected to delete 1 row(s); 0 were matched. Please set confirm_deleted_rows=False within the mapper configuration to prevent this warning. self.session.flush() /var/lib/openstack/lib/python3.10/site-packages/oslo_db/sqlalchemy/enginefacade.py:676: SAWarning: DELETE statement on table 'ml2_port_bindings' expected to delete 1 row(s); 0 were matched. Please set confirm_deleted_rows=False within the mapper configuration to prevent this warning. self.session.flush() /var/lib/openstack/lib/python3.10/site-packages/oslo_db/sqlalchemy/enginefacade.py:676: SAWarning: DELETE statement on table 'ml2_port_binding_levels' expected to delete 1 row(s); 0 were matched. Please set confirm_deleted_rows=False within the mapper configuration to prevent this warning. self.session.flush() /var/lib/openstack/lib/python3.10/site-packages/oslo_db/sqlalchemy/enginefacade.py:676: SAWarning: DELETE statement on table 'ports' expected to delete 1 row(s); 0 were matched. Please set confirm_deleted_rows=False within the mapper configuration to prevent this warning. self.session.flush()
2026-08-26 01:45:44.777 10 INFO neutron.plugins.ml2.plugin [None req-e8870f5d-03f1-4c0f-aed6-01ff59cecb07 - - - - - -] Attempt 1 to provision port 85d11c52-9f45-40fa-a8d8-da3f33940e3f
2026-08-26 01:45:45.111 10 INFO neutron.plugins.ml2.plugin [None req-e8870f5d-03f1-4c0f-aed6-01ff59cecb07 - - - - - -] Attempt 1 to provision port 900d4c5a-c24a-48e3-8c27-d18b9f018fce
2026-08-26 01:45:45.240 10 INFO neutron.notifiers.nova [-] Nova event matching ['req-3dacd629-b348-4ed0-bde4-5bbe1c0b4048'] response: {'server_uuid': 'd3c25010-7258-4c03-865e-a474a9fec6b4', 'name': 'network-vif-plugged', 'status': 'completed', 'tag': '900d4c5a-c24a-48e3-8c27-d18b9f018fce', 'code': 200}
2026-08-26 01:45:45.777 10 INFO neutron.plugins.ml2.plugin [None req-e8870f5d-03f1-4c0f-aed6-01ff59cecb07 - - - - - -] Attempt 1 to provision port 8ce61fec-7e61-4575-bd48-2c24c730dd02
2026-08-26 01:45:46.088 10 INFO neutron.plugins.ml2.plugin [None req-e8870f5d-03f1-4c0f-aed6-01ff59cecb07 - - - - - -] Attempt 1 to provision port 76eadc25-b461-4ee7-94b6-9181ba2c16e1
2026-08-26 01:45:47.228 9 INFO neutron.plugins.ml2.plugin [None req-e8870f5d-03f1-4c0f-aed6-01ff59cecb07 - - - - - -] Attempt 1 to provision port 900d4c5a-c24a-48e3-8c27-d18b9f018fce /var/lib/openstack/lib/python3.10/site-packages/oslo_db/sqlalchemy/enginefacade.py:676: SAWarning: DELETE statement on table 'portsecuritybindings' expected to delete 1 row(s); 0 were matched. Please set confirm_deleted_rows=False within the mapper configuration to prevent this warning. self.session.flush() /var/lib/openstack/lib/python3.10/site-packages/oslo_db/sqlalchemy/enginefacade.py:676: SAWarning: DELETE statement on table 'ml2_port_bindings' expected to delete 1 row(s); 0 were matched. Please set confirm_deleted_rows=False within the mapper configuration to prevent this warning. self.session.flush() /var/lib/openstack/lib/python3.10/site-packages/oslo_db/sqlalchemy/enginefacade.py:676: SAWarning: DELETE statement on table 'ml2_port_binding_levels' expected to delete 1 row(s); 0 were matched. Please set confirm_deleted_rows=False within the mapper configuration to prevent this warning. self.session.flush() /var/lib/openstack/lib/python3.10/site-packages/oslo_db/sqlalchemy/enginefacade.py:676: SAWarning: DELETE statement on table 'ports' expected to delete 1 row(s); 0 were matched. Please set confirm_deleted_rows=False within the mapper configuration to prevent this warning. self.session.flush()
2026-08-26 01:45:49.410 9 INFO neutron.plugins.ml2.plugin [None req-8367060a-c58d-458c-b18b-bae18c6efa2d - - - - - -] Attempt 1 to provision port 64dd0f48-8a64-4067-aaa7-88e432b00bd0
2026-08-26 01:45:51.369 10 INFO neutron.plugins.ml2.plugin [None req-e8870f5d-03f1-4c0f-aed6-01ff59cecb07 - - - - - -] Attempt 1 to provision port f930cbf8-362e-41f5-8bdf-63b55aca4fdf
2026-08-26 01:45:51.595 10 INFO neutron.plugins.ml2.plugin [None req-98715589-e0c3-492e-bb29-d6dcd5d8a8c7 - - - - - -] Attempt 1 to provision port f930cbf8-362e-41f5-8bdf-63b55aca4fdf
2026-08-26 01:45:51.790 9 INFO neutron.plugins.ml2.plugin [None req-aa380dcc-e761-436b-8d24-26f9b67ec217 - - - - - -] Attempt 1 to provision port f930cbf8-362e-41f5-8bdf-63b55aca4fdf
2026-08-26 01:45:52.397 9 INFO neutron.plugins.ml2.plugin [None req-4a37b65e-617a-4cec-8bab-a94e1a1b3a03 - - - - - -] Attempt 1 to provision port a84336dc-349f-4c24-bfd3-6b06e1362d74
2026-08-26 01:45:53.046 9 INFO neutron.plugins.ml2.plugin [None req-e8870f5d-03f1-4c0f-aed6-01ff59cecb07 - - - - - -] Attempt 1 to provision port f930cbf8-362e-41f5-8bdf-63b55aca4fdf
2026-08-26 01:45:53.116 10 INFO neutron.plugins.ml2.plugin [None req-13dcecbe-637c-4257-afde-deea430f59ed - - - - - -] Attempt 1 to provision port a84336dc-349f-4c24-bfd3-6b06e1362d74
2026-08-26 01:45:53.379 9 INFO neutron.plugins.ml2.plugin [None req-e8870f5d-03f1-4c0f-aed6-01ff59cecb07 - - - - - -] Attempt 1 to provision port 5139d1d6-17a9-4218-b4e9-464f1053c9ac
2026-08-26 01:45:54.580 9 INFO neutron.plugins.ml2.plugin [None req-e1267ba8-cc9f-4b23-a591-7562b2d80a98 - - - - - -] Attempt 1 to provision port 65ceea9f-f940-49ad-b2fe-e9fc509f9287
2026-08-26 01:45:55.052 10 INFO neutron.plugins.ml2.plugin [None req-e8870f5d-03f1-4c0f-aed6-01ff59cecb07 - - - - - -] Attempt 1 to provision port a78bfb49-2623-4001-a6a5-2441d156613e
2026-08-26 01:45:55.504 10 INFO neutron.plugins.ml2.plugin [None req-e8870f5d-03f1-4c0f-aed6-01ff59cecb07 - - - - - -] Attempt 1 to provision port 5139d1d6-17a9-4218-b4e9-464f1053c9ac
